185.231.154.128 - - [15/Apr/2026:06:36:50 +0200] "POST /wp-comments-post.php HTTP/1.0" 500 3590 "https://www.mykam.ru/2006/07/10/20/#comment-309194" "Mozilla/5.0 (Windows NT 10.0; Win64; x64) AppleWebKit/537.36 (KHTML, like Gecko) Chrome/130.0.0.0 Safari/537.36"
95.216.2.94 - - [15/Apr/2026:06:41:41 +0200] "POST /wp-cron.php?doing_wp_cron=1776228101.7844150066375732421875 HTTP/1.1" 500 4060 "-" "WordPress/6.4.8; https://www.mykam.ru"
170.106.187.106 - - [15/Apr/2026:06:41:41 +0200] "GET /wp-json/oembed/1.0/embed?url=https%3A%2F%2Fwww.mykam.ru%2F2009%2F05%2F17%2F212%2F&format=xml HTTP/1.1" 200 5551 "-" "Mozilla/5.0 (iPhone; CPU iPhone OS 13_2_3 like Mac OS X) AppleWebKit/605.1.15 (KHTML, like Gecko) Version/13.0.3 Mobile/15E148 Safari/604.1"
95.216.2.94 - - [15/Apr/2026:06:46:22 +0200] "POST /wp-cron.php?doing_wp_cron=1776228381.9620749950408935546875 HTTP/1.1" 500 185 "-" "WordPress/6.4.8; https://www.mykam.ru"
216.244.66.231 - - [15/Apr/2026:06:46:21 +0200] "GET /2008/08/11/104/ HTTP/1.1" 200 33203 "-" "Mozilla/5.0 (compatible; DotBot/1.2; +https://opensiteexplorer.org/dotbot; help@moz.com)"
209.141.52.183 - - [15/Apr/2026:06:47:17 +0200] "GET /wp-login.php HTTP/1.1" 301 4257 "-" "Mozilla/5.0 (Windows NT 10.0; Win64; x64) AppleWebKit/537.36 (KHTML, like Gecko) Chrome/134.0.0.0 Safari/537.36"
209.141.52.183 - - [15/Apr/2026:06:47:18 +0200] "GET /wp-login.php HTTP/1.1" 302 4310 "-" "Mozilla/5.0 (Windows NT 10.0; Win64; x64) AppleWebKit/537.36 (KHTML, like Gecko) Chrome/134.0.0.0 Safari/537.36"
209.141.52.183 - - [15/Apr/2026:06:47:18 +0200] "GET /wp-login.php HTTP/1.1" 302 510 "-" "Mozilla/5.0 (Windows NT 10.0; Win64; x64) AppleWebKit/537.36 (KHTML, like Gecko) Chrome/134.0.0.0 Safari/537.36"
209.141.52.183 - - [15/Apr/2026:06:47:18 +0200] "GET /wp-login.php HTTP/1.1" 302 510 "-" "Mozilla/5.0 (Windows NT 10.0; Win64; x64) AppleWebKit/537.36 (KHTML, like Gecko) Chrome/134.0.0.0 Safari/537.36"
209.141.52.183 - - [15/Apr/2026:06:47:19 +0200] "GET /wp-login.php HTTP/1.1" 302 510 "-" "Mozilla/5.0 (Windows NT 10.0; Win64; x64) AppleWebKit/537.36 (KHTML, like Gecko) Chrome/134.0.0.0 Safari/537.36"
209.141.52.183 - - [15/Apr/2026:06:47:19 +0200] "GET /wp-login.php HTTP/1.1" 302 510 "-" "Mozilla/5.0 (Windows NT 10.0; Win64; x64) AppleWebKit/537.36 (KHTML, like Gecko) Chrome/134.0.0.0 Safari/537.36"
209.141.52.183 - - [15/Apr/2026:06:47:19 +0200] "GET /wp-login.php HTTP/1.1" 302 510 "-" "Mozilla/5.0 (Windows NT 10.0; Win64; x64) AppleWebKit/537.36 (KHTML, like Gecko) Chrome/134.0.0.0 Safari/537.36"
209.141.52.183 - - [15/Apr/2026:06:47:20 +0200] "GET /wp-login.php HTTP/1.1" 302 510 "-" "Mozilla/5.0 (Windows NT 10.0; Win64; x64) AppleWebKit/537.36 (KHTML, like Gecko) Chrome/134.0.0.0 Safari/537.36"
209.141.52.183 - - [15/Apr/2026:06:47:20 +0200] "GET /wp-login.php HTTP/1.1" 302 510 "-" "Mozilla/5.0 (Windows NT 10.0; Win64; x64) AppleWebKit/537.36 (KHTML, like Gecko) Chrome/134.0.0.0 Safari/537.36"
209.141.52.183 - - [15/Apr/2026:06:47:20 +0200] "GET /wp-login.php HTTP/1.1" 302 510 "-" "Mozilla/5.0 (Windows NT 10.0; Win64; x64) AppleWebKit/537.36 (KHTML, like Gecko) Chrome/134.0.0.0 Safari/537.36"
209.141.52.183 - - [15/Apr/2026:06:47:20 +0200] "GET /wp-login.php HTTP/1.1" 302 510 "-" "Mozilla/5.0 (Windows NT 10.0; Win64; x64) AppleWebKit/537.36 (KHTML, like Gecko) Chrome/134.0.0.0 Safari/537.36"
209.141.52.183 - - [15/Apr/2026:06:47:21 +0200] "GET /wp-login.php HTTP/1.1" 302 510 "-" "Mozilla/5.0 (Windows NT 10.0; Win64; x64) AppleWebKit/537.36 (KHTML, like Gecko) Chrome/134.0.0.0 Safari/537.36"
209.141.52.183 - - [15/Apr/2026:06:47:21 +0200] "GET /wp-login.php HTTP/1.1" 302 510 "-" "Mozilla/5.0 (Windows NT 10.0; Win64; x64) AppleWebKit/537.36 (KHTML, like Gecko) Chrome/134.0.0.0 Safari/537.36"
209.141.52.183 - - [15/Apr/2026:06:47:21 +0200] "GET /wp-login.php HTTP/1.1" 302 510 "-" "Mozilla/5.0 (Windows NT 10.0; Win64; x64) AppleWebKit/537.36 (KHTML, like Gecko) Chrome/134.0.0.0 Safari/537.36"
95.216.2.94 - - [15/Apr/2026:06:47:22 +0200] "POST /wp-cron.php?doing_wp_cron=1776228442.2181420326232910156250 HTTP/1.1" 500 4060 "-" "WordPress/6.4.8; https://www.mykam.ru"
209.141.52.183 - - [15/Apr/2026:06:47:22 +0200] "GET /wp-login.php HTTP/1.1" 302 510 "-" "Mozilla/5.0 (Windows NT 10.0; Win64; x64) AppleWebKit/537.36 (KHTML, like Gecko) Chrome/134.0.0.0 Safari/537.36"
209.141.52.183 - - [15/Apr/2026:06:47:22 +0200] "GET /wp-login.php HTTP/1.1" 302 510 "-" "Mozilla/5.0 (Windows NT 10.0; Win64; x64) AppleWebKit/537.36 (KHTML, like Gecko) Chrome/134.0.0.0 Safari/537.36"
209.141.52.183 - - [15/Apr/2026:06:47:22 +0200] "GET /wp-login.php HTTP/1.1" 302 510 "-" "Mozilla/5.0 (Windows NT 10.0; Win64; x64) AppleWebKit/537.36 (KHTML, like Gecko) Chrome/134.0.0.0 Safari/537.36"
209.141.52.183 - - [15/Apr/2026:06:47:23 +0200] "GET /wp-login.php HTTP/1.1" 302 510 "-" "Mozilla/5.0 (Windows NT 10.0; Win64; x64) AppleWebKit/537.36 (KHTML, like Gecko) Chrome/134.0.0.0 Safari/537.36"
209.141.52.183 - - [15/Apr/2026:06:47:24 +0200] "GET /wp-login.php HTTP/1.1" 302 510 "-" "Mozilla/5.0 (Windows NT 10.0; Win64; x64) AppleWebKit/537.36 (KHTML, like Gecko) Chrome/134.0.0.0 Safari/537.36"
209.141.52.183 - - [15/Apr/2026:06:47:24 +0200] "GET /wp-login.php HTTP/1.1" 302 510 "-" "Mozilla/5.0 (Windows NT 10.0; Win64; x64) AppleWebKit/537.36 (KHTML, like Gecko) Chrome/134.0.0.0 Safari/537.36"
209.141.52.183 - - [15/Apr/2026:06:47:24 +0200] "GET /wp-login.php HTTP/1.1" 302 510 "-" "Mozilla/5.0 (Windows NT 10.0; Win64; x64) AppleWebKit/537.36 (KHTML, like Gecko) Chrome/134.0.0.0 Safari/537.36"
209.141.52.183 - - [15/Apr/2026:06:47:25 +0200] "GET /wp-login.php HTTP/1.1" 302 510 "-" "Mozilla/5.0 (Windows NT 10.0; Win64; x64) AppleWebKit/537.36 (KHTML, like Gecko) Chrome/134.0.0.0 Safari/537.36"
209.141.52.183 - - [15/Apr/2026:06:47:25 +0200] "GET /wp-login.php HTTP/1.1" 302 510 "-" "Mozilla/5.0 (Windows NT 10.0; Win64; x64) AppleWebKit/537.36 (KHTML, like Gecko) Chrome/134.0.0.0 Safari/537.36"
209.141.52.183 - - [15/Apr/2026:06:47:25 +0200] "GET /wp-login.php HTTP/1.1" 302 510 "-" "Mozilla/5.0 (Windows NT 10.0; Win64; x64) AppleWebKit/537.36 (KHTML, like Gecko) Chrome/134.0.0.0 Safari/537.36"
209.141.52.183 - - [15/Apr/2026:06:47:25 +0200] "GET /wp-login.php HTTP/1.1" 302 510 "-" "Mozilla/5.0 (Windows NT 10.0; Win64; x64) AppleWebKit/537.36 (KHTML, like Gecko) Chrome/134.0.0.0 Safari/537.36"
209.141.52.183 - - [15/Apr/2026:06:47:26 +0200] "GET /wp-login.php HTTP/1.1" 302 510 "-" "Mozilla/5.0 (Windows NT 10.0; Win64; x64) AppleWebKit/537.36 (KHTML, like Gecko) Chrome/134.0.0.0 Safari/537.36"
209.141.52.183 - - [15/Apr/2026:06:47:26 +0200] "GET /wp-login.php HTTP/1.1" 302 510 "-" "Mozilla/5.0 (Windows NT 10.0; Win64; x64) AppleWebKit/537.36 (KHTML, like Gecko) Chrome/134.0.0.0 Safari/537.36"
209.141.52.183 - - [15/Apr/2026:06:47:26 +0200] "GET /wp-login.php HTTP/1.1" 302 510 "-" "Mozilla/5.0 (Windows NT 10.0; Win64; x64) AppleWebKit/537.36 (KHTML, like Gecko) Chrome/134.0.0.0 Safari/537.36"
209.141.52.183 - - [15/Apr/2026:06:47:27 +0200] "GET /wp-login.php HTTP/1.1" 302 510 "-" "Mozilla/5.0 (Windows NT 10.0; Win64; x64) AppleWebKit/537.36 (KHTML, like Gecko) Chrome/134.0.0.0 Safari/537.36"
209.141.52.183 - - [15/Apr/2026:06:47:27 +0200] "GET /wp-login.php HTTP/1.1" 302 510 "-" "Mozilla/5.0 (Windows NT 10.0; Win64; x64) AppleWebKit/537.36 (KHTML, like Gecko) Chrome/134.0.0.0 Safari/537.36"
209.141.52.183 - - [15/Apr/2026:06:47:27 +0200] "GET /wp-login.php HTTP/1.1" 302 510 "-" "Mozilla/5.0 (Windows NT 10.0; Win64; x64) AppleWebKit/537.36 (KHTML, like Gecko) Chrome/134.0.0.0 Safari/537.36"
43.164.197.209 - - [15/Apr/2026:06:48:16 +0200] "GET /2008/02/21/96/ HTTP/1.1" 200 9342 "-" "Mozilla/5.0 (iPhone; CPU iPhone OS 13_2_3 like Mac OS X) AppleWebKit/605.1.15 (KHTML, like Gecko) Version/13.0.3 Mobile/15E148 Safari/604.1"
95.216.2.94 - - [15/Apr/2026:06:50:15 +0200] "POST /wp-cron.php?doing_wp_cron=1776228615.7850570678710937500000 HTTP/1.1" 500 4060 "-" "WordPress/6.4.8; https://www.mykam.ru"
50.19.79.213 - - [15/Apr/2026:06:50:15 +0200] "GET /category/communications/ HTTP/1.1" 200 11710 "-" "Mozilla/5.0 AppleWebKit/537.36 (KHTML, like Gecko; compatible; Amazonbot/0.1; +https://developer.amazon.com/support/amazonbot) Chrome/119.0.6045.214 Safari/537.36"
95.216.2.94 - - [15/Apr/2026:06:52:53 +0200] "POST /wp-cron.php?doing_wp_cron=1776228773.3309719562530517578125 HTTP/1.1" 500 185 "-" "WordPress/6.4.8; https://www.mykam.ru"
185.255.126.20 - - [15/Apr/2026:06:52:53 +0200] "GET /2009/06/30/219/ HTTP/1.0" 301 298 "http://mykam.ru/2009/06/30/219/" "Mozilla/5.0 (Windows NT 10.0; Win64; x64) AppleWebKit/537.36 (KHTML, like Gecko) Chrome/131.0.0.0 Safari/537.36 Avast/131.0.0.0"
185.255.126.33 - - [15/Apr/2026:06:52:53 +0200] "GET /2009/06/30/219/ HTTP/1.0" 200 30160 "http://www.mykam.ru/2009/06/30/219/" "Mozilla/5.0 (Windows NT 10.0; Win64; x64) AppleWebKit/537.36 (KHTML, like Gecko) Chrome/131.0.0.0 Safari/537.36 Avast/131.0.0.0"
185.255.126.10 - - [15/Apr/2026:06:52:54 +0200] "POST /wp-comments-post.php HTTP/1.0" 500 3590 "http://www.mykam.ru/2009/06/30/219/" "Mozilla/5.0 (Windows NT 10.0; Win64; x64) AppleWebKit/537.36 (KHTML, like Gecko) Chrome/131.0.0.0 Safari/537.36 Avast/131.0.0.0"
43.166.131.228 - - [15/Apr/2026:06:54:11 +0200] "GET /xmlrpc.php?rsd HTTP/1.1" 500 4013 "-" "Mozilla/5.0 (iPhone; CPU iPhone OS 13_2_3 like Mac OS X) AppleWebKit/605.1.15 (KHTML, like Gecko) Version/13.0.3 Mobile/15E148 Safari/604.1"
95.216.2.94 - - [15/Apr/2026:06:55:46 +0200] "POST /wp-cron.php?doing_wp_cron=1776228946.0027630329132080078125 HTTP/1.1" 500 185 "-" "WordPress/6.4.8; https://www.mykam.ru"
152.228.220.143 - - [15/Apr/2026:06:55:45 +0200] "GET /category/nature/feed/ HTTP/1.1" 200 4095 "-" "Mozilla/5.0 (X11; Linux i686) AppleWebKit/537.36 (KHTML, like Gecko) Chrome/30.0.1599.66 Safari/537.36"
109.172.91.206 - - [15/Apr/2026:06:55:50 +0200] "GET /2009/06/30/219/ HTTP/1.0" 200 33699 "https://www.mykam.ru/2009/06/30/219/" "Mozilla/5.0 (Windows NT 10.0; Win64; x64) AppleWebKit/537.36 (KHTML, like Gecko) Chrome/130.0.0.0 Safari/537.36 CCleaner/130.0.0.0"
109.172.91.206 - - [15/Apr/2026:06:55:51 +0200] "POST /wp-comments-post.php HTTP/1.0" 500 3590 "https://www.mykam.ru/2009/06/30/219/" "Mozilla/5.0 (Windows NT 10.0; Win64; x64) AppleWebKit/537.36 (KHTML, like Gecko) Chrome/130.0.0.0 Safari/537.36 CCleaner/130.0.0.0"
95.216.2.94 - - [15/Apr/2026:06:58:14 +0200] "POST /wp-cron.php?doing_wp_cron=1776229094.5941081047058105468750 HTTP/1.1" 500 185 "-" "WordPress/6.4.8; https://www.mykam.ru"
94.154.35.236 - - [15/Apr/2026:06:58:14 +0200] "HEAD /bkp.7z HTTP/1.1" 301 319 "-" "Mozilla/5.0 (Windows NT 10.0; Win64; x64) AppleWebKit/537.36 (KHTML, like Gecko) Chrome/101.0.4951.67 Safari/537.36"
94.154.35.236 - - [15/Apr/2026:06:58:14 +0200] "HEAD /bkp.7z HTTP/1.1" 404 312 "-" "Mozilla/5.0 (Windows NT 10.0; Win64; x64) AppleWebKit/537.36 (KHTML, like Gecko) Chrome/101.0.4951.67 Safari/537.36"
43.166.247.82 - - [15/Apr/2026:06:58:56 +0200] "GET /2008/02/21/96/ HTTP/1.1" 200 9342 "-" "Mozilla/5.0 (iPhone; CPU iPhone OS 13_2_3 like Mac OS X) AppleWebKit/605.1.15 (KHTML, like Gecko) Version/13.0.3 Mobile/15E148 Safari/604.1"
95.216.2.94 - - [15/Apr/2026:07:02:57 +0200] "POST /wp-cron.php?doing_wp_cron=1776229377.2641398906707763671875 HTTP/1.1" 500 4060 "-" "WordPress/6.4.8; https://www.mykam.ru"
49.51.195.195 - - [15/Apr/2026:07:02:57 +0200] "GET /2008/08/27/203/ HTTP/1.1" 200 12157 "-" "Mozilla/5.0 (iPhone; CPU iPhone OS 13_2_3 like Mac OS X) AppleWebKit/605.1.15 (KHTML, like Gecko) Version/13.0.3 Mobile/15E148 Safari/604.1"
51.68.111.242 - - [15/Apr/2026:07:04:08 +0200] "GET /robots.txt HTTP/1.1" 200 4296 "-" "Mozilla/5.0 (compatible; MJ12bot/v2.0.5; http://mj12bot.com/)"
95.216.2.94 - - [15/Apr/2026:07:04:08 +0200] "POST /wp-cron.php?doing_wp_cron=1776229448.9526898860931396484375 HTTP/1.1" 500 4060 "-" "WordPress/6.4.8; https://www.mykam.ru"
51.68.111.242 - - [15/Apr/2026:07:04:08 +0200] "GET / HTTP/1.1" 200 11681 "-" "Mozilla/5.0 (compatible; MJ12bot/v2.0.5; http://mj12bot.com/)"
95.216.2.94 - - [15/Apr/2026:07:05:32 +0200] "POST /wp-cron.php?doing_wp_cron=1776229532.7239298820495605468750 HTTP/1.1" 500 4060 "-" "WordPress/6.4.8; https://www.mykam.ru"
178.20.44.140 - - [15/Apr/2026:07:05:32 +0200] "GET /2006/07/10/20/ HTTP/1.0" 200 37376 "https://www.mykam.ru/2006/07/10/20/#comment-309194" "Mozilla/5.0 (Windows NT 10.0; Win64; x64) AppleWebKit/537.36 (KHTML, like Gecko) Chrome/130.0.0.0 Safari/537.36 CCleaner/130.0.0.0"
178.20.44.140 - - [15/Apr/2026:07:05:32 +0200] "POST /wp-comments-post.php HTTP/1.0" 500 3590 "https://www.mykam.ru/2006/07/10/20/#comment-309194" "Mozilla/5.0 (Windows NT 10.0; Win64; x64) AppleWebKit/537.36 (KHTML, like Gecko) Chrome/130.0.0.0 Safari/537.36 CCleaner/130.0.0.0"
95.216.2.94 - - [15/Apr/2026:07:07:36 +0200] "POST /wp-cron.php?doing_wp_cron=1776229656.4023220539093017578125 HTTP/1.1" 500 185 "-" "WordPress/6.4.8; https://www.mykam.ru"
43.166.253.94 - - [15/Apr/2026:07:07:36 +0200] "GET /2008/02/21/96/ HTTP/1.1" 200 9341 "-" "Mozilla/5.0 (iPhone; CPU iPhone OS 13_2_3 like Mac OS X) AppleWebKit/605.1.15 (KHTML, like Gecko) Version/13.0.3 Mobile/15E148 Safari/604.1"
95.216.2.94 - - [15/Apr/2026:07:09:39 +0200] "POST /wp-cron.php?doing_wp_cron=1776229779.4561030864715576171875 HTTP/1.1" 500 4060 "-" "WordPress/6.4.8; https://www.mykam.ru"
52.207.47.227 - - [15/Apr/2026:07:09:39 +0200] "GET /2008/08/27/207/ HTTP/1.1" 200 11792 "-" "Mozilla/5.0 AppleWebKit/537.36 (KHTML, like Gecko; compatible; Amazonbot/0.1; +https://developer.amazon.com/support/amazonbot) Chrome/119.0.6045.214 Safari/537.36"
20.78.172.67 - - [15/Apr/2026:07:09:42 +0200] "GET /admin.php HTTP/1.1" 404 23627 "-" "Mozilla/5.0 (Windows NT 10.0; Win64; x64) AppleWebKit/537.36 (KHTML, like Gecko) Chrome/120.0.0.0 Safari/537.36"
20.78.172.67 - - [15/Apr/2026:07:09:43 +0200] "GET /inputs.php HTTP/1.1" 404 19842 "-" "Mozilla/5.0 (Windows NT 10.0; Win64; x64) AppleWebKit/537.36 (KHTML, like Gecko) Chrome/120.0.0.0 Safari/537.36"
20.78.172.67 - - [15/Apr/2026:07:09:43 +0200] "GET /file.php HTTP/1.1" 404 19842 "-" "Mozilla/5.0 (Windows NT 10.0; Win64; x64) AppleWebKit/537.36 (KHTML, like Gecko) Chrome/120.0.0.0 Safari/537.36"
20.78.172.67 - - [15/Apr/2026:07:09:43 +0200] "GET /goods.php HTTP/1.1" 404 19842 "-" "Mozilla/5.0 (Windows NT 10.0; Win64; x64) AppleWebKit/537.36 (KHTML, like Gecko) Chrome/120.0.0.0 Safari/537.36"
20.78.172.67 - - [15/Apr/2026:07:09:44 +0200] "GET /ms-edit.php HTTP/1.1" 404 19842 "-" "Mozilla/5.0 (Windows NT 10.0; Win64; x64) AppleWebKit/537.36 (KHTML, like Gecko) Chrome/120.0.0.0 Safari/537.36"
20.78.172.67 - - [15/Apr/2026:07:09:44 +0200] "GET /simple.php HTTP/1.1" 404 19842 "-" "Mozilla/5.0 (Windows NT 10.0; Win64; x64) AppleWebKit/537.36 (KHTML, like Gecko) Chrome/120.0.0.0 Safari/537.36"
20.78.172.67 - - [15/Apr/2026:07:09:45 +0200] "GET /bgymj.php HTTP/1.1" 404 19842 "-" "Mozilla/5.0 (Windows NT 10.0; Win64; x64) AppleWebKit/537.36 (KHTML, like Gecko) Chrome/120.0.0.0 Safari/537.36"
20.78.172.67 - - [15/Apr/2026:07:09:45 +0200] "GET /wp-content/plugins/twenty/login.php HTTP/1.1" 404 19842 "-" "Mozilla/5.0 (Windows NT 10.0; Win64; x64) AppleWebKit/537.36 (KHTML, like Gecko) Chrome/120.0.0.0 Safari/537.36"
20.78.172.67 - - [15/Apr/2026:07:09:45 +0200] "GET /404.php HTTP/1.1" 404 19842 "-" "Mozilla/5.0 (Windows NT 10.0; Win64; x64) AppleWebKit/537.36 (KHTML, like Gecko) Chrome/120.0.0.0 Safari/537.36"
20.78.172.67 - - [15/Apr/2026:07:09:46 +0200] "GET /file3.php HTTP/1.1" 404 19842 "-" "Mozilla/5.0 (Windows NT 10.0; Win64; x64) AppleWebKit/537.36 (KHTML, like Gecko) Chrome/120.0.0.0 Safari/537.36"
20.78.172.67 - - [15/Apr/2026:07:09:46 +0200] "GET /wp-mail.php HTTP/1.1" 500 261 "-" "Mozilla/5.0 (Windows NT 10.0; Win64; x64) AppleWebKit/537.36 (KHTML, like Gecko) Chrome/120.0.0.0 Safari/537.36"
20.78.172.67 - - [15/Apr/2026:07:09:47 +0200] "GET /about.php HTTP/1.1" 404 20391 "-" "Mozilla/5.0 (Windows NT 10.0; Win64; x64) AppleWebKit/537.36 (KHTML, like Gecko) Chrome/120.0.0.0 Safari/537.36"
20.78.172.67 - - [15/Apr/2026:07:09:48 +0200] "GET /wp.php HTTP/1.1" 404 19842 "-" "Mozilla/5.0 (Windows NT 10.0; Win64; x64) AppleWebKit/537.36 (KHTML, like Gecko) Chrome/120.0.0.0 Safari/537.36"
20.78.172.67 - - [15/Apr/2026:07:09:48 +0200] "GET /.dj/index.php HTTP/1.1" 301 457 "-" "Mozilla/5.0 (Windows NT 10.0; Win64; x64) AppleWebKit/537.36 (KHTML, like Gecko) Chrome/120.0.0.0 Safari/537.36"
20.78.172.67 - - [15/Apr/2026:07:09:48 +0200] "GET /adminfuns.php HTTP/1.1" 404 19842 "-" "Mozilla/5.0 (Windows NT 10.0; Win64; x64) AppleWebKit/537.36 (KHTML, like Gecko) Chrome/120.0.0.0 Safari/537.36"
20.78.172.67 - - [15/Apr/2026:07:09:49 +0200] "GET /php8.php HTTP/1.1" 404 19842 "-" "Mozilla/5.0 (Windows NT 10.0; Win64; x64) AppleWebKit/537.36 (KHTML, like Gecko) Chrome/120.0.0.0 Safari/537.36"
20.78.172.67 - - [15/Apr/2026:07:09:49 +0200] "GET /classwithtostring.php HTTP/1.1" 404 19842 "-" "Mozilla/5.0 (Windows NT 10.0; Win64; x64) AppleWebKit/537.36 (KHTML, like Gecko) Chrome/120.0.0.0 Safari/537.36"
20.78.172.67 - - [15/Apr/2026:07:09:50 +0200] "GET /info.php HTTP/1.1" 404 19842 "-" "Mozilla/5.0 (Windows NT 10.0; Win64; x64) AppleWebKit/537.36 (KHTML, like Gecko) Chrome/120.0.0.0 Safari/537.36"
20.78.172.67 - - [15/Apr/2026:07:09:50 +0200] "GET /ioxi-o.php HTTP/1.1" 404 19842 "-" "Mozilla/5.0 (Windows NT 10.0; Win64; x64) AppleWebKit/537.36 (KHTML, like Gecko) Chrome/120.0.0.0 Safari/537.36"
20.78.172.67 - - [15/Apr/2026:07:09:50 +0200] "GET /011i.php HTTP/1.1" 404 19842 "-" "Mozilla/5.0 (Windows NT 10.0; Win64; x64) AppleWebKit/537.36 (KHTML, like Gecko) Chrome/120.0.0.0 Safari/537.36"
20.78.172.67 - - [15/Apr/2026:07:09:51 +0200] "GET /edit.php HTTP/1.1" 404 19842 "-" "Mozilla/5.0 (Windows NT 10.0; Win64; x64) AppleWebKit/537.36 (KHTML, like Gecko) Chrome/120.0.0.0 Safari/537.36"
20.78.172.67 - - [15/Apr/2026:07:09:51 +0200] "GET /sid3.php HTTP/1.1" 404 19842 "-" "Mozilla/5.0 (Windows NT 10.0; Win64; x64) AppleWebKit/537.36 (KHTML, like Gecko) Chrome/120.0.0.0 Safari/537.36"
20.78.172.67 - - [15/Apr/2026:07:09:52 +0200] "GET /load.php HTTP/1.1" 404 19842 "-" "Mozilla/5.0 (Windows NT 10.0; Win64; x64) AppleWebKit/537.36 (KHTML, like Gecko) Chrome/120.0.0.0 Safari/537.36"
20.78.172.67 - - [15/Apr/2026:07:09:52 +0200] "GET /166.php HTTP/1.1" 404 19842 "-" "Mozilla/5.0 (Windows NT 10.0; Win64; x64) AppleWebKit/537.36 (KHTML, like Gecko) Chrome/120.0.0.0 Safari/537.36"
20.78.172.67 - - [15/Apr/2026:07:09:52 +0200] "GET /wp-mail.php HTTP/1.1" 500 261 "-" "Mozilla/5.0 (Windows NT 10.0; Win64; x64) AppleWebKit/537.36 (KHTML, like Gecko) Chrome/120.0.0.0 Safari/537.36"
20.78.172.67 - - [15/Apr/2026:07:09:53 +0200] "GET /leaf.php HTTP/1.1" 404 20391 "-" "Mozilla/5.0 (Windows NT 10.0; Win64; x64) AppleWebKit/537.36 (KHTML, like Gecko) Chrome/120.0.0.0 Safari/537.36"
20.78.172.67 - - [15/Apr/2026:07:09:54 +0200] "GET /grsiuk.php HTTP/1.1" 404 19842 "-" "Mozilla/5.0 (Windows NT 10.0; Win64; x64) AppleWebKit/537.36 (KHTML, like Gecko) Chrome/120.0.0.0 Safari/537.36"
20.78.172.67 - - [15/Apr/2026:07:09:54 +0200] "GET /8.php HTTP/1.1" 404 19842 "-" "Mozilla/5.0 (Windows NT 10.0; Win64; x64) AppleWebKit/537.36 (KHTML, like Gecko) Chrome/120.0.0.0 Safari/537.36"
20.78.172.67 - - [15/Apr/2026:07:09:55 +0200] "GET /fs.php HTTP/1.1" 404 19842 "-" "Mozilla/5.0 (Windows NT 10.0; Win64; x64) AppleWebKit/537.36 (KHTML, like Gecko) Chrome/120.0.0.0 Safari/537.36"
20.78.172.67 - - [15/Apr/2026:07:09:55 +0200] "GET /ws38.php HTTP/1.1" 404 19842 "-" "Mozilla/5.0 (Windows NT 10.0; Win64; x64) AppleWebKit/537.36 (KHTML, like Gecko) Chrome/120.0.0.0 Safari/537.36"
20.78.172.67 - - [15/Apr/2026:07:09:56 +0200] "GET /a7.php HTTP/1.1" 404 19842 "-" "Mozilla/5.0 (Windows NT 10.0; Win64; x64) AppleWebKit/537.36 (KHTML, like Gecko) Chrome/120.0.0.0 Safari/537.36"
20.78.172.67 - - [15/Apr/2026:07:09:56 +0200] "GET /classsmtps.php HTTP/1.1" 404 19842 "-" "Mozilla/5.0 (Windows NT 10.0; Win64; x64) AppleWebKit/537.36 (KHTML, like Gecko) Chrome/120.0.0.0 Safari/537.36"
20.78.172.67 - - [15/Apr/2026:07:09:57 +0200] "GET /amax.php HTTP/1.1" 404 19842 "-" "Mozilla/5.0 (Windows NT 10.0; Win64; x64) AppleWebKit/537.36 (KHTML, like Gecko) Chrome/120.0.0.0 Safari/537.36"
20.78.172.67 - - [15/Apr/2026:07:09:57 +0200] "GET /CDX1.php HTTP/1.1" 404 19842 "-" "Mozilla/5.0 (Windows NT 10.0; Win64; x64) AppleWebKit/537.36 (KHTML, like Gecko) Chrome/120.0.0.0 Safari/537.36"
20.78.172.67 - - [15/Apr/2026:07:09:58 +0200] "GET /rip.php HTTP/1.1" 404 19842 "-" "Mozilla/5.0 (Windows NT 10.0; Win64; x64) AppleWebKit/537.36 (KHTML, like Gecko) Chrome/120.0.0.0 Safari/537.36"
20.78.172.67 - - [15/Apr/2026:07:09:58 +0200] "GET /1.php HTTP/1.1" 404 19842 "-" "Mozilla/5.0 (Windows NT 10.0; Win64; x64) AppleWebKit/537.36 (KHTML, like Gecko) Chrome/120.0.0.0 Safari/537.36"
20.78.172.67 - - [15/Apr/2026:07:09:58 +0200] "GET /chosen.php HTTP/1.1" 404 19842 "-" "Mozilla/5.0 (Windows NT 10.0; Win64; x64) AppleWebKit/537.36 (KHTML, like Gecko) Chrome/120.0.0.0 Safari/537.36"
20.78.172.67 - - [15/Apr/2026:07:09:59 +0200] "GET /css.php HTTP/1.1" 404 19842 "-" "Mozilla/5.0 (Windows NT 10.0; Win64; x64) AppleWebKit/537.36 (KHTML, like Gecko) Chrome/120.0.0.0 Safari/537.36"
20.78.172.67 - - [15/Apr/2026:07:09:59 +0200] "GET /php.php HTTP/1.1" 404 19842 "-" "Mozilla/5.0 (Windows NT 10.0; Win64; x64) AppleWebKit/537.36 (KHTML, like Gecko) Chrome/120.0.0.0 Safari/537.36"
20.78.172.67 - - [15/Apr/2026:07:10:00 +0200] "GET /wp-Blogs.php HTTP/1.1" 404 19842 "-" "Mozilla/5.0 (Windows NT 10.0; Win64; x64) AppleWebKit/537.36 (KHTML, like Gecko) Chrome/120.0.0.0 Safari/537.36"
20.78.172.67 - - [15/Apr/2026:07:10:00 +0200] "GET /wp-content/index.php HTTP/1.1" 200 278 "-" "Mozilla/5.0 (Windows NT 10.0; Win64; x64) AppleWebKit/537.36 (KHTML, like Gecko) Chrome/120.0.0.0 Safari/537.36"
20.78.172.67 - - [15/Apr/2026:07:10:00 +0200] "GET /wp-content/plugins/beteng88/ws83.php HTTP/1.1" 404 19842 "-" "Mozilla/5.0 (Windows NT 10.0; Win64; x64) AppleWebKit/537.36 (KHTML, like Gecko) Chrome/120.0.0.0 Safari/537.36"
20.78.172.67 - - [15/Apr/2026:07:10:01 +0200] "GET /ws83.php HTTP/1.1" 404 19842 "-" "Mozilla/5.0 (Windows NT 10.0; Win64; x64) AppleWebKit/537.36 (KHTML, like Gecko) Chrome/120.0.0.0 Safari/537.36"
20.78.172.67 - - [15/Apr/2026:07:10:01 +0200] "GET /file61.php HTTP/1.1" 404 19842 "-" "Mozilla/5.0 (Windows NT 10.0; Win64; x64) AppleWebKit/537.36 (KHTML, like Gecko) Chrome/120.0.0.0 Safari/537.36"
20.78.172.67 - - [15/Apr/2026:07:10:01 +0200] "GET /sadcut1.php HTTP/1.1" 404 19842 "-" "Mozilla/5.0 (Windows NT 10.0; Win64; x64) AppleWebKit/537.36 (KHTML, like Gecko) Chrome/120.0.0.0 Safari/537.36"
20.78.172.67 - - [15/Apr/2026:07:10:02 +0200] "GET /y.php HTTP/1.1" 404 19842 "-" "Mozilla/5.0 (Windows NT 10.0; Win64; x64) AppleWebKit/537.36 (KHTML, like Gecko) Chrome/120.0.0.0 Safari/537.36"
20.78.172.67 - - [15/Apr/2026:07:10:02 +0200] "GET /akcc.php HTTP/1.1" 404 19842 "-" "Mozilla/5.0 (Windows NT 10.0; Win64; x64) AppleWebKit/537.36 (KHTML, like Gecko) Chrome/120.0.0.0 Safari/537.36"
20.78.172.67 - - [15/Apr/2026:07:10:03 +0200] "GET /wp-admin/user/12.php HTTP/1.1" 404 19842 "-" "Mozilla/5.0 (Windows NT 10.0; Win64; x64) AppleWebKit/537.36 (KHTML, like Gecko) Chrome/120.0.0.0 Safari/537.36"
20.78.172.67 - - [15/Apr/2026:07:10:03 +0200] "GET /index/function.php HTTP/1.1" 404 19842 "-" "Mozilla/5.0 (Windows NT 10.0; Win64; x64) AppleWebKit/537.36 (KHTML, like Gecko) Chrome/120.0.0.0 Safari/537.36"
20.78.172.67 - - [15/Apr/2026:07:10:04 +0200] "GET /term.php HTTP/1.1" 404 19842 "-" "Mozilla/5.0 (Windows NT 10.0; Win64; x64) AppleWebKit/537.36 (KHTML, like Gecko) Chrome/120.0.0.0 Safari/537.36"
20.78.172.67 - - [15/Apr/2026:07:10:04 +0200] "GET /666.php HTTP/1.1" 404 19842 "-" "Mozilla/5.0 (Windows NT 10.0; Win64; x64) AppleWebKit/537.36 (KHTML, like Gecko) Chrome/120.0.0.0 Safari/537.36"
20.78.172.67 - - [15/Apr/2026:07:10:04 +0200] "GET /7.php HTTP/1.1" 404 19842 "-" "Mozilla/5.0 (Windows NT 10.0; Win64; x64) AppleWebKit/537.36 (KHTML, like Gecko) Chrome/120.0.0.0 Safari/537.36"
20.78.172.67 - - [15/Apr/2026:07:10:05 +0200] "GET /wp-config-sample.php HTTP/1.1" 500 261 "-" "Mozilla/5.0 (Windows NT 10.0; Win64; x64) AppleWebKit/537.36 (KHTML, like Gecko) Chrome/120.0.0.0 Safari/537.36"
20.78.172.67 - - [15/Apr/2026:07:10:06 +0200] "GET /log.php HTTP/1.1" 404 20391 "-" "Mozilla/5.0 (Windows NT 10.0; Win64; x64) AppleWebKit/537.36 (KHTML, like Gecko) Chrome/120.0.0.0 Safari/537.36"
20.78.172.67 - - [15/Apr/2026:07:10:06 +0200] "GET /a5.php HTTP/1.1" 404 19842 "-" "Mozilla/5.0 (Windows NT 10.0; Win64; x64) AppleWebKit/537.36 (KHTML, like Gecko) Chrome/120.0.0.0 Safari/537.36"
20.78.172.67 - - [15/Apr/2026:07:10:07 +0200] "GET /aa.php HTTP/1.1" 404 19842 "-" "Mozilla/5.0 (Windows NT 10.0; Win64; x64) AppleWebKit/537.36 (KHTML, like Gecko) Chrome/120.0.0.0 Safari/537.36"
20.78.172.67 - - [15/Apr/2026:07:10:07 +0200] "GET /bolt.php HTTP/1.1" 404 19842 "-" "Mozilla/5.0 (Windows NT 10.0; Win64; x64) AppleWebKit/537.36 (KHTML, like Gecko) Chrome/120.0.0.0 Safari/537.36"
20.78.172.67 - - [15/Apr/2026:07:10:07 +0200] "GET /x.php HTTP/1.1" 404 19842 "-" "Mozilla/5.0 (Windows NT 10.0; Win64; x64) AppleWebKit/537.36 (KHTML, like Gecko) Chrome/120.0.0.0 Safari/537.36"
20.78.172.67 - - [15/Apr/2026:07:10:08 +0200] "GET /jga.php HTTP/1.1" 404 19842 "-" "Mozilla/5.0 (Windows NT 10.0; Win64; x64) AppleWebKit/537.36 (KHTML, like Gecko) Chrome/120.0.0.0 Safari/537.36"
20.78.172.67 - - [15/Apr/2026:07:10:08 +0200] "GET /k.php HTTP/1.1" 404 19842 "-" "Mozilla/5.0 (Windows NT 10.0; Win64; x64) AppleWebKit/537.36 (KHTML, like Gecko) Chrome/120.0.0.0 Safari/537.36"
20.78.172.67 - - [15/Apr/2026:07:10:09 +0200] "GET /vx.php HTTP/1.1" 404 19842 "-" "Mozilla/5.0 (Windows NT 10.0; Win64; x64) AppleWebKit/537.36 (KHTML, like Gecko) Chrome/120.0.0.0 Safari/537.36"
20.78.172.67 - - [15/Apr/2026:07:10:09 +0200] "GET /ws77.php HTTP/1.1" 404 19842 "-" "Mozilla/5.0 (Windows NT 10.0; Win64; x64) AppleWebKit/537.36 (KHTML, like Gecko) Chrome/120.0.0.0 Safari/537.36"
20.78.172.67 - - [15/Apr/2026:07:10:09 +0200] "GET /2.php HTTP/1.1" 404 19842 "-" "Mozilla/5.0 (Windows NT 10.0; Win64; x64) AppleWebKit/537.36 (KHTML, like Gecko) Chrome/120.0.0.0 Safari/537.36"
20.78.172.67 - - [15/Apr/2026:07:10:10 +0200] "GET /abcd.php HTTP/1.1" 404 19842 "-" "Mozilla/5.0 (Windows NT 10.0; Win64; x64) AppleWebKit/537.36 (KHTML, like Gecko) Chrome/120.0.0.0 Safari/537.36"
20.78.172.67 - - [15/Apr/2026:07:10:10 +0200] "GET /wp-content/plugins/admin.php HTTP/1.1" 404 19842 "-" "Mozilla/5.0 (Windows NT 10.0; Win64; x64) AppleWebKit/537.36 (KHTML, like Gecko) Chrome/120.0.0.0 Safari/537.36"
20.78.172.67 - - [15/Apr/2026:07:10:11 +0200] "GET /asd.php HTTP/1.1" 404 19842 "-" "Mozilla/5.0 (Windows NT 10.0; Win64; x64) AppleWebKit/537.36 (KHTML, like Gecko) Chrome/120.0.0.0 Safari/537.36"
20.78.172.67 - - [15/Apr/2026:07:10:11 +0200] "GET /default.php HTTP/1.1" 404 19842 "-" "Mozilla/5.0 (Windows NT 10.0; Win64; x64) AppleWebKit/537.36 (KHTML, like Gecko) Chrome/120.0.0.0 Safari/537.36"
20.78.172.67 - - [15/Apr/2026:07:10:11 +0200] "GET /gettest.php HTTP/1.1" 404 19842 "-" "Mozilla/5.0 (Windows NT 10.0; Win64; x64) AppleWebKit/537.36 (KHTML, like Gecko) Chrome/120.0.0.0 Safari/537.36"
20.78.172.67 - - [15/Apr/2026:07:10:12 +0200] "GET /install.php HTTP/1.1" 404 19842 "-" "Mozilla/5.0 (Windows NT 10.0; Win64; x64) AppleWebKit/537.36 (KHTML, like Gecko) Chrome/120.0.0.0 Safari/537.36"
20.78.172.67 - - [15/Apr/2026:07:10:12 +0200] "GET /tfm.php HTTP/1.1" 404 19842 "-" "Mozilla/5.0 (Windows NT 10.0; Win64; x64) AppleWebKit/537.36 (KHTML, like Gecko) Chrome/120.0.0.0 Safari/537.36"
20.78.172.67 - - [15/Apr/2026:07:10:12 +0200] "GET /ws81.php HTTP/1.1" 404 19842 "-" "Mozilla/5.0 (Windows NT 10.0; Win64; x64) AppleWebKit/537.36 (KHTML, like Gecko) Chrome/120.0.0.0 Safari/537.36"
20.78.172.67 - - [15/Apr/2026:07:10:13 +0200] "GET /222.php HTTP/1.1" 404 19842 "-" "Mozilla/5.0 (Windows NT 10.0; Win64; x64) AppleWebKit/537.36 (KHTML, like Gecko) Chrome/120.0.0.0 Safari/537.36"
20.78.172.67 - - [15/Apr/2026:07:10:13 +0200] "GET /t.php HTTP/1.1" 404 19842 "-" "Mozilla/5.0 (Windows NT 10.0; Win64; x64) AppleWebKit/537.36 (KHTML, like Gecko) Chrome/120.0.0.0 Safari/537.36"
20.78.172.67 - - [15/Apr/2026:07:10:14 +0200] "GET /wp-admin/maint/index.php HTTP/1.1" 301 468 "-" "Mozilla/5.0 (Windows NT 10.0; Win64; x64) AppleWebKit/537.36 (KHTML, like Gecko) Chrome/120.0.0.0 Safari/537.36"
20.78.172.67 - - [15/Apr/2026:07:10:14 +0200] "GET /6xBAm3vODE05BSzkJZRAws.php HTTP/1.1" 404 19842 "-" "Mozilla/5.0 (Windows NT 10.0; Win64; x64) AppleWebKit/537.36 (KHTML, like Gecko) Chrome/120.0.0.0 Safari/537.36"
20.78.172.67 - - [15/Apr/2026:07:10:14 +0200] "GET /a.php HTTP/1.1" 404 19842 "-" "Mozilla/5.0 (Windows NT 10.0; Win64; x64) AppleWebKit/537.36 (KHTML, like Gecko) Chrome/120.0.0.0 Safari/537.36"
20.78.172.67 - - [15/Apr/2026:07:10:15 +0200] "GET /a1.php HTTP/1.1" 404 19842 "-" "Mozilla/5.0 (Windows NT 10.0; Win64; x64) AppleWebKit/537.36 (KHTML, like Gecko) Chrome/120.0.0.0 Safari/537.36"
20.78.172.67 - - [15/Apr/2026:07:10:15 +0200] "GET /onclickfuns.php HTTP/1.1" 404 19842 "-" "Mozilla/5.0 (Windows NT 10.0; Win64; x64) AppleWebKit/537.36 (KHTML, like Gecko) Chrome/120.0.0.0 Safari/537.36"
20.78.172.67 - - [15/Apr/2026:07:10:16 +0200] "GET /w.php HTTP/1.1" 404 19842 "-" "Mozilla/5.0 (Windows NT 10.0; Win64; x64) AppleWebKit/537.36 (KHTML, like Gecko) Chrome/120.0.0.0 Safari/537.36"
20.78.172.67 - - [15/Apr/2026:07:10:16 +0200] "GET /wp-admin/maint/about.php HTTP/1.1" 404 19842 "-" "Mozilla/5.0 (Windows NT 10.0; Win64; x64) AppleWebKit/537.36 (KHTML, like Gecko) Chrome/120.0.0.0 Safari/537.36"
20.78.172.67 - - [15/Apr/2026:07:10:16 +0200] "GET /wp-content/plugins/index.php HTTP/1.1" 200 278 "-" "Mozilla/5.0 (Windows NT 10.0; Win64; x64) AppleWebKit/537.36 (KHTML, like Gecko) Chrome/120.0.0.0 Safari/537.36"
20.78.172.67 - - [15/Apr/2026:07:10:17 +0200] "GET /wp-good.php HTTP/1.1" 404 19842 "-" "Mozilla/5.0 (Windows NT 10.0; Win64; x64) AppleWebKit/537.36 (KHTML, like Gecko) Chrome/120.0.0.0 Safari/537.36"
20.78.172.67 - - [15/Apr/2026:07:10:17 +0200] "GET /.info.php HTTP/1.1" 404 19842 "-" "Mozilla/5.0 (Windows NT 10.0; Win64; x64) AppleWebKit/537.36 (KHTML, like Gecko) Chrome/120.0.0.0 Safari/537.36"
20.78.172.67 - - [15/Apr/2026:07:10:17 +0200] "GET /config.php HTTP/1.1" 404 19842 "-" "Mozilla/5.0 (Windows NT 10.0; Win64; x64) AppleWebKit/537.36 (KHTML, like Gecko) Chrome/120.0.0.0 Safari/537.36"
20.78.172.67 - - [15/Apr/2026:07:10:18 +0200] "GET /item.php HTTP/1.1" 404 19842 "-" "Mozilla/5.0 (Windows NT 10.0; Win64; x64) AppleWebKit/537.36 (KHTML, like Gecko) Chrome/120.0.0.0 Safari/537.36"
20.78.172.67 - - [15/Apr/2026:07:10:18 +0200] "GET /m.php HTTP/1.1" 404 19842 "-" "Mozilla/5.0 (Windows NT 10.0; Win64; x64) AppleWebKit/537.36 (KHTML, like Gecko) Chrome/120.0.0.0 Safari/537.36"
20.78.172.67 - - [15/Apr/2026:07:10:19 +0200] "GET /rh.php HTTP/1.1" 404 19842 "-" "Mozilla/5.0 (Windows NT 10.0; Win64; x64) AppleWebKit/537.36 (KHTML, like Gecko) Chrome/120.0.0.0 Safari/537.36"
95.216.2.94 - - [15/Apr/2026:07:11:34 +0200] "POST /wp-cron.php?doing_wp_cron=1776229894.3531489372253417968750 HTTP/1.1" 500 4060 "-" "WordPress/6.4.8; https://www.mykam.ru"
43.135.135.57 - - [15/Apr/2026:07:11:34 +0200] "GET /2008/08/25/208/trackback/ HTTP/1.1" 500 4862 "-" "Mozilla/5.0 (iPhone; CPU iPhone OS 13_2_3 like Mac OS X) AppleWebKit/605.1.15 (KHTML, like Gecko) Version/13.0.3 Mobile/15E148 Safari/604.1"
44.209.89.189 - - [15/Apr/2026:07:11:43 +0200] "GET /2008/08/24/196/ HTTP/1.1" 200 20692 "-" "Mozilla/5.0 AppleWebKit/537.36 (KHTML, like Gecko; compatible; Amazonbot/0.1; +https://developer.amazon.com/support/amazonbot) Chrome/119.0.6045.214 Safari/537.36"
216.73.216.82 - - [15/Apr/2026:07:14:48 +0200] "GET /robots.txt HTTP/1.1" 200 4287 "-" "Mozilla/5.0 AppleWebKit/537.36 (KHTML, like Gecko; compatible; ClaudeBot/1.0; +claudebot@anthropic.com)"
95.216.2.94 - - [15/Apr/2026:07:14:49 +0200] "POST /wp-cron.php?doing_wp_cron=1776230089.0721709728240966796875 HTTP/1.1" 500 4060 "-" "WordPress/6.4.8; https://www.mykam.ru"
216.73.216.82 - - [15/Apr/2026:07:14:48 +0200] "GET / HTTP/1.1" 200 11626 "-" "Mozilla/5.0 AppleWebKit/537.36 (KHTML, like Gecko; compatible; ClaudeBot/1.0; +claudebot@anthropic.com)"
66.249.66.38 - - [15/Apr/2026:07:15:07 +0200] "GET /2008/08/25/208/ HTTP/1.1" 200 13171 "-" "Mozilla/5.0 (Linux; Android 6.0.1; Nexus 5X Build/MMB29P) AppleWebKit/537.36 (KHTML, like Gecko) Chrome/146.0.7680.177 Mobile Safari/537.36 (compatible; Googlebot/2.1; +http://www.google.com/bot.html)"
95.216.2.94 - - [15/Apr/2026:07:18:01 +0200] "POST /wp-cron.php?doing_wp_cron=1776230280.9513370990753173828125 HTTP/1.1" 500 4060 "-" "WordPress/6.4.8; https://www.mykam.ru"
209.141.52.183 - - [15/Apr/2026:07:18:00 +0200] "GET /wp-login.php HTTP/1.1" 302 4310 "-" "Mozilla/5.0 (Windows NT 10.0; Win64; x64) AppleWebKit/537.36 (KHTML, like Gecko) Chrome/134.0.0.0 Safari/537.36"
209.141.52.183 - - [15/Apr/2026:07:18:01 +0200] "GET /wp-login.php HTTP/1.1" 302 510 "-" "Mozilla/5.0 (Windows NT 10.0; Win64; x64) AppleWebKit/537.36 (KHTML, like Gecko) Chrome/134.0.0.0 Safari/537.36"
209.141.52.183 - - [15/Apr/2026:07:18:01 +0200] "GET /wp-login.php HTTP/1.1" 302 510 "-" "Mozilla/5.0 (Windows NT 10.0; Win64; x64) AppleWebKit/537.36 (KHTML, like Gecko) Chrome/134.0.0.0 Safari/537.36"
209.141.52.183 - - [15/Apr/2026:07:18:02 +0200] "GET /wp-login.php HTTP/1.1" 302 510 "-" "Mozilla/5.0 (Windows NT 10.0; Win64; x64) AppleWebKit/537.36 (KHTML, like Gecko) Chrome/134.0.0.0 Safari/537.36"
209.141.52.183 - - [15/Apr/2026:07:18:02 +0200] "GET /wp-login.php HTTP/1.1" 302 510 "-" "Mozilla/5.0 (Windows NT 10.0; Win64; x64) AppleWebKit/537.36 (KHTML, like Gecko) Chrome/134.0.0.0 Safari/537.36"
209.141.52.183 - - [15/Apr/2026:07:18:02 +0200] "GET /wp-login.php HTTP/1.1" 302 510 "-" "Mozilla/5.0 (Windows NT 10.0; Win64; x64) AppleWebKit/537.36 (KHTML, like Gecko) Chrome/134.0.0.0 Safari/537.36"
209.141.52.183 - - [15/Apr/2026:07:18:02 +0200] "GET /wp-login.php HTTP/1.1" 302 510 "-" "Mozilla/5.0 (Windows NT 10.0; Win64; x64) AppleWebKit/537.36 (KHTML, like Gecko) Chrome/134.0.0.0 Safari/537.36"
209.141.52.183 - - [15/Apr/2026:07:18:03 +0200] "GET /wp-login.php HTTP/1.1" 302 510 "-" "Mozilla/5.0 (Windows NT 10.0; Win64; x64) AppleWebKit/537.36 (KHTML, like Gecko) Chrome/134.0.0.0 Safari/537.36"
209.141.52.183 - - [15/Apr/2026:07:18:03 +0200] "GET /wp-login.php HTTP/1.1" 302 510 "-" "Mozilla/5.0 (Windows NT 10.0; Win64; x64) AppleWebKit/537.36 (KHTML, like Gecko) Chrome/134.0.0.0 Safari/537.36"
209.141.52.183 - - [15/Apr/2026:07:18:03 +0200] "GET /wp-login.php HTTP/1.1" 302 510 "-" "Mozilla/5.0 (Windows NT 10.0; Win64; x64) AppleWebKit/537.36 (KHTML, like Gecko) Chrome/134.0.0.0 Safari/537.36"
209.141.52.183 - - [15/Apr/2026:07:18:04 +0200] "GET /wp-login.php HTTP/1.1" 302 510 "-" "Mozilla/5.0 (Windows NT 10.0; Win64; x64) AppleWebKit/537.36 (KHTML, like Gecko) Chrome/134.0.0.0 Safari/537.36"
209.141.52.183 - - [15/Apr/2026:07:18:04 +0200] "GET /wp-login.php HTTP/1.1" 302 510 "-" "Mozilla/5.0 (Windows NT 10.0; Win64; x64) AppleWebKit/537.36 (KHTML, like Gecko) Chrome/134.0.0.0 Safari/537.36"
209.141.52.183 - - [15/Apr/2026:07:18:04 +0200] "GET /wp-login.php HTTP/1.1" 302 510 "-" "Mozilla/5.0 (Windows NT 10.0; Win64; x64) AppleWebKit/537.36 (KHTML, like Gecko) Chrome/134.0.0.0 Safari/537.36"
209.141.52.183 - - [15/Apr/2026:07:18:05 +0200] "GET /wp-login.php HTTP/1.1" 302 510 "-" "Mozilla/5.0 (Windows NT 10.0; Win64; x64) AppleWebKit/537.36 (KHTML, like Gecko) Chrome/134.0.0.0 Safari/537.36"
209.141.52.183 - - [15/Apr/2026:07:18:05 +0200] "GET /wp-login.php HTTP/1.1" 302 510 "-" "Mozilla/5.0 (Windows NT 10.0; Win64; x64) AppleWebKit/537.36 (KHTML, like Gecko) Chrome/134.0.0.0 Safari/537.36"
209.141.52.183 - - [15/Apr/2026:07:18:05 +0200] "GET /wp-login.php HTTP/1.1" 302 510 "-" "Mozilla/5.0 (Windows NT 10.0; Win64; x64) AppleWebKit/537.36 (KHTML, like Gecko) Chrome/134.0.0.0 Safari/537.36"
209.141.52.183 - - [15/Apr/2026:07:18:05 +0200] "GET /wp-login.php HTTP/1.1" 302 510 "-" "Mozilla/5.0 (Windows NT 10.0; Win64; x64) AppleWebKit/537.36 (KHTML, like Gecko) Chrome/134.0.0.0 Safari/537.36"
209.141.52.183 - - [15/Apr/2026:07:18:06 +0200] "GET /wp-login.php HTTP/1.1" 302 510 "-" "Mozilla/5.0 (Windows NT 10.0; Win64; x64) AppleWebKit/537.36 (KHTML, like Gecko) Chrome/134.0.0.0 Safari/537.36"
209.141.52.183 - - [15/Apr/2026:07:18:06 +0200] "GET /wp-login.php HTTP/1.1" 302 510 "-" "Mozilla/5.0 (Windows NT 10.0; Win64; x64) AppleWebKit/537.36 (KHTML, like Gecko) Chrome/134.0.0.0 Safari/537.36"
209.141.52.183 - - [15/Apr/2026:07:18:07 +0200] "GET /wp-login.php HTTP/1.1" 302 510 "-" "Mozilla/5.0 (Windows NT 10.0; Win64; x64) AppleWebKit/537.36 (KHTML, like Gecko) Chrome/134.0.0.0 Safari/537.36"
209.141.52.183 - - [15/Apr/2026:07:18:08 +0200] "GET /wp-login.php HTTP/1.1" 302 510 "-" "Mozilla/5.0 (Windows NT 10.0; Win64; x64) AppleWebKit/537.36 (KHTML, like Gecko) Chrome/134.0.0.0 Safari/537.36"
209.141.52.183 - - [15/Apr/2026:07:18:08 +0200] "GET /wp-login.php HTTP/1.1" 302 510 "-" "Mozilla/5.0 (Windows NT 10.0; Win64; x64) AppleWebKit/537.36 (KHTML, like Gecko) Chrome/134.0.0.0 Safari/537.36"
209.141.52.183 - - [15/Apr/2026:07:18:08 +0200] "GET /wp-login.php HTTP/1.1" 302 510 "-" "Mozilla/5.0 (Windows NT 10.0; Win64; x64) AppleWebKit/537.36 (KHTML, like Gecko) Chrome/134.0.0.0 Safari/537.36"
209.141.52.183 - - [15/Apr/2026:07:18:09 +0200] "GET /wp-login.php HTTP/1.1" 302 510 "-" "Mozilla/5.0 (Windows NT 10.0; Win64; x64) AppleWebKit/537.36 (KHTML, like Gecko) Chrome/134.0.0.0 Safari/537.36"
209.141.52.183 - - [15/Apr/2026:07:18:09 +0200] "GET /wp-login.php HTTP/1.1" 302 510 "-" "Mozilla/5.0 (Windows NT 10.0; Win64; x64) AppleWebKit/537.36 (KHTML, like Gecko) Chrome/134.0.0.0 Safari/537.36"
209.141.52.183 - - [15/Apr/2026:07:18:09 +0200] "GET /wp-login.php HTTP/1.1" 302 510 "-" "Mozilla/5.0 (Windows NT 10.0; Win64; x64) AppleWebKit/537.36 (KHTML, like Gecko) Chrome/134.0.0.0 Safari/537.36"
209.141.52.183 - - [15/Apr/2026:07:18:09 +0200] "GET /wp-login.php HTTP/1.1" 302 510 "-" "Mozilla/5.0 (Windows NT 10.0; Win64; x64) AppleWebKit/537.36 (KHTML, like Gecko) Chrome/134.0.0.0 Safari/537.36"
209.141.52.183 - - [15/Apr/2026:07:18:10 +0200] "GET /wp-login.php HTTP/1.1" 302 510 "-" "Mozilla/5.0 (Windows NT 10.0; Win64; x64) AppleWebKit/537.36 (KHTML, like Gecko) Chrome/134.0.0.0 Safari/537.36"
209.141.52.183 - - [15/Apr/2026:07:18:10 +0200] "GET /wp-login.php HTTP/1.1" 302 510 "-" "Mozilla/5.0 (Windows NT 10.0; Win64; x64) AppleWebKit/537.36 (KHTML, like Gecko) Chrome/134.0.0.0 Safari/537.36"
209.141.52.183 - - [15/Apr/2026:07:18:10 +0200] "GET /wp-login.php HTTP/1.1" 302 510 "-" "Mozilla/5.0 (Windows NT 10.0; Win64; x64) AppleWebKit/537.36 (KHTML, like Gecko) Chrome/134.0.0.0 Safari/537.36"
209.141.52.183 - - [15/Apr/2026:07:18:11 +0200] "GET /wp-login.php HTTP/1.1" 302 510 "-" "Mozilla/5.0 (Windows NT 10.0; Win64; x64) AppleWebKit/537.36 (KHTML, like Gecko) Chrome/134.0.0.0 Safari/537.36"
95.216.2.94 - - [15/Apr/2026:07:21:39 +0200] "POST /wp-cron.php?doing_wp_cron=1776230499.5986208915710449218750 HTTP/1.1" 500 4060 "-" "WordPress/6.4.8; https://www.mykam.ru"
124.156.179.141 - - [15/Apr/2026:07:21:39 +0200] "GET /2008/02/21/96/ HTTP/1.1" 200 13230 "-" "Mozilla/5.0 (iPhone; CPU iPhone OS 13_2_3 like Mac OS X) AppleWebKit/605.1.15 (KHTML, like Gecko) Version/13.0.3 Mobile/15E148 Safari/604.1"
216.73.216.82 - - [15/Apr/2026:07:21:41 +0200] "GET / HTTP/1.1" 200 15425 "-" "Mozilla/5.0 AppleWebKit/537.36 (KHTML, like Gecko; compatible; ClaudeBot/1.0; +claudebot@anthropic.com)"
95.216.2.94 - - [15/Apr/2026:07:25:15 +0200] "POST /wp-cron.php?doing_wp_cron=1776230715.0260720252990722656250 HTTP/1.1" 500 185 "-" "WordPress/6.4.8; https://www.mykam.ru"
94.154.35.236 - - [15/Apr/2026:07:25:14 +0200] "HEAD /catalog.tar.gz HTTP/1.1" 301 327 "-" "Mozilla/5.0 (Windows NT 10.0; Win64; x64) AppleWebKit/537.36 (KHTML, like Gecko) Chrome/101.0.4951.67 Safari/537.36"
94.154.35.236 - - [15/Apr/2026:07:25:15 +0200] "HEAD /catalog.tar.gz HTTP/1.1" 404 312 "-" "Mozilla/5.0 (Windows NT 10.0; Win64; x64) AppleWebKit/537.36 (KHTML, like Gecko) Chrome/101.0.4951.67 Safari/537.36"
205.210.31.111 - - [15/Apr/2026:07:25:38 +0200] "GET / HTTP/1.1" 301 4049 "-" "Hello from Palo Alto Networks, find out more about our scans in https://docs-cortex.paloaltonetworks.com/r/1/Cortex-Xpanse/Scanning-activity"
216.73.216.82 - - [15/Apr/2026:07:26:07 +0200] "GET /goods.php HTTP/1.1" 404 23586 "-" "Mozilla/5.0 AppleWebKit/537.36 (KHTML, like Gecko; compatible; ClaudeBot/1.0; +claudebot@anthropic.com)"
95.216.2.94 - - [15/Apr/2026:07:28:26 +0200] "POST /wp-cron.php?doing_wp_cron=1776230906.4465761184692382812500 HTTP/1.1" 500 4060 "-" "WordPress/6.4.8; https://www.mykam.ru"
89.110.116.195 - - [15/Apr/2026:07:28:26 +0200] "GET /2008/08/27/207/ HTTP/1.0" 200 29844 "https://www.mykam.ru/2008/08/27/207/" "Mozilla/5.0 (Windows NT 10.0; Win64; x64) AppleWebKit/537.36 (KHTML, like Gecko) Chrome/131.0.0.0 Safari/537.36"
89.110.116.195 - - [15/Apr/2026:07:28:26 +0200] "POST /wp-comments-post.php HTTP/1.0" 500 3590 "https://www.mykam.ru/2008/08/27/207/" "Mozilla/5.0 (Windows NT 10.0; Win64; x64) AppleWebKit/537.36 (KHTML, like Gecko) Chrome/131.0.0.0 Safari/537.36"
149.202.84.95 - - [15/Apr/2026:07:28:46 +0200] "GET / HTTP/1.1" 301 276 "-" "Mozilla/5.0 (X11; Ubuntu; Linux x86_64; rv:148.0) Gecko/20100101 Firefox/148.0"
149.202.84.95 - - [15/Apr/2026:07:28:47 +0200] "GET / HTTP/1.1" 200 11547 "http://MYKAM.RU" "Mozilla/5.0 (X11; Ubuntu; Linux x86_64; rv:148.0) Gecko/20100101 Firefox/148.0"
149.202.84.95 - - [15/Apr/2026:07:28:49 +0200] "GET /wp-login.php?action=register HTTP/1.1" 404 19692 "http://www.mykam.ru/" "Mozilla/5.0 (Windows NT 6.3; Win64; x64) AppleWebKit/537.36 (KHTML, like Gecko) Chrome/103.0.0.0 Safari/537.36"
149.202.84.95 - - [15/Apr/2026:07:28:49 +0200] "GET /wp-login.php?action=register HTTP/1.1" 404 19692 "http://www.mykam.ru/wp-login.php?action=register" "Mozilla/5.0 (Windows NT 6.3; Win64; x64) AppleWebKit/537.36 (KHTML, like Gecko) Chrome/103.0.0.0 Safari/537.36"
149.202.84.95 - - [15/Apr/2026:07:28:50 +0200] "GET / HTTP/1.1" 301 276 "http://MYKAM.RU" "PHP/5.{3|2}.{1|2|3|4|5|6|7|8|9|0}{1|2|3|4|5|6|7|8|9|0}"
149.202.84.95 - - [15/Apr/2026:07:28:50 +0200] "GET / HTTP/1.1" 200 11547 "http://MYKAM.RU" "PHP/5.{3|2}.{1|2|3|4|5|6|7|8|9|0}{1|2|3|4|5|6|7|8|9|0}"
149.202.84.95 - - [15/Apr/2026:07:28:50 +0200] "POST /trackback/ HTTP/1.1" 404 19692 "http://wiki.votesmart.org/MaricruzjoBeelerpl" "PHP/5.3.61"
95.216.2.94 - - [15/Apr/2026:07:32:20 +0200] "POST /wp-cron.php?doing_wp_cron=1776231140.3803451061248779296875 HTTP/1.1" 500 4060 "-" "WordPress/6.4.8; https://www.mykam.ru"
190.92.231.189 - - [15/Apr/2026:07:32:20 +0200] "GET /2006/07/19/33/ HTTP/1.1" 200 13218 "-" "Mozilla/5.0 (Macintosh; Intel Mac OS X 10_15_7) AppleWebKit/537.36 (KHTML, like Gecko) Chrome/142.0.0.0 Safari/537.36"
190.92.231.189 - - [15/Apr/2026:07:32:21 +0200] "GET /wp-content/themes/dilectio/style.css HTTP/1.1" 200 4430 "https://www.mykam.ru/2006/07/19/33/" "Mozilla/5.0 (Macintosh; Intel Mac OS X 10_15_7) AppleWebKit/537.36 (KHTML, like Gecko) Chrome/142.0.0.0 Safari/537.36"
190.92.231.189 - - [15/Apr/2026:07:32:21 +0200] "GET /wp-includes/css/dist/block-library/style.min.css?ver=6.4.8 HTTP/1.1" 200 14982 "https://www.mykam.ru/2006/07/19/33/" "Mozilla/5.0 (Macintosh; Intel Mac OS X 10_15_7) AppleWebKit/537.36 (KHTML, like Gecko) Chrome/142.0.0.0 Safari/537.36"
190.92.231.189 - - [15/Apr/2026:07:32:22 +0200] "GET /wp-content/plugins/shutter-reloaded/shutter-reloaded.css?ver=2.4 HTTP/1.1" 200 1883 "https://www.mykam.ru/2006/07/19/33/" "Mozilla/5.0 (Macintosh; Intel Mac OS X 10_15_7) AppleWebKit/537.36 (KHTML, like Gecko) Chrome/142.0.0.0 Safari/537.36"
190.92.231.189 - - [15/Apr/2026:07:32:22 +0200] "GET /wp-content/themes/dilectio/javascript/imghover.js HTTP/1.1" 200 4367 "https://www.mykam.ru/2006/07/19/33/" "Mozilla/5.0 (Macintosh; Intel Mac OS X 10_15_7) AppleWebKit/537.36 (KHTML, like Gecko) Chrome/142.0.0.0 Safari/537.36"
190.92.231.189 - - [15/Apr/2026:07:32:22 +0200] "GET /wp-content/themes/dilectio/javascript/tabs.js HTTP/1.1" 200 1439 "https://www.mykam.ru/2006/07/19/33/" "Mozilla/5.0 (Macintosh; Intel Mac OS X 10_15_7) AppleWebKit/537.36 (KHTML, like Gecko) Chrome/142.0.0.0 Safari/537.36"
43.164.196.57 - - [15/Apr/2026:07:32:22 +0200] "GET /wp-json/wp/v2/posts/96 HTTP/1.1" 200 20281 "-" "Mozilla/5.0 (iPhone; CPU iPhone OS 13_2_3 like Mac OS X) AppleWebKit/605.1.15 (KHTML, like Gecko) Version/13.0.3 Mobile/15E148 Safari/604.1"
159.89.55.245 - - [15/Apr/2026:07:32:49 +0200] "GET /.git/config HTTP/1.1" 301 380 "-" "Mozilla/5.0 (X11; Linux x86_64) AppleWebKit/537.36 (KHTML, like Gecko) Chrome/81.0.4044.129 Safari/537.36"
159.89.55.245 - - [15/Apr/2026:07:32:57 +0200] "GET /.git/config HTTP/1.1" 301 4256 "-" "Mozilla/5.0 (X11; Linux x86_64) AppleWebKit/537.36 (KHTML, like Gecko) Chrome/81.0.4044.129 Safari/537.36"
114.119.133.158 - - [15/Apr/2026:07:38:13 +0200] "GET /robots.txt HTTP/1.1" 200 431 "-" "Mozilla/5.0 (compatible;PetalBot;+https://webmaster.petalsearch.com/site/petalbot)"
95.216.2.94 - - [15/Apr/2026:07:39:02 +0200] "POST /wp-cron.php?doing_wp_cron=1776231542.4298119544982910156250 HTTP/1.1" 500 185 "-" "WordPress/6.4.8; https://www.mykam.ru"
45.92.1.25 - - [15/Apr/2026:07:39:02 +0200] "GET /txets.php HTTP/1.1" 404 19692 "-" "Mozilla/5.0 (Windows NT 10.0; Win64; x64) AppleWebKit/537.36 (KHTML, like Gecko) Chrome/91.0.4472.124 Safari/537.36"
45.92.1.25 - - [15/Apr/2026:07:39:02 +0200] "GET /wp-content/txets.php HTTP/1.1" 404 19692 "-" "Mozilla/5.0 (Windows NT 10.0; Win64; x64) AppleWebKit/537.36 (KHTML, like Gecko) Chrome/91.0.4472.124 Safari/537.36"
45.92.1.25 - - [15/Apr/2026:07:39:02 +0200] "GET /wp-includes/widgets/txets.php HTTP/1.1" 404 19692 "-" "Mozilla/5.0 (Windows NT 10.0; Win64; x64) AppleWebKit/537.36 (KHTML, like Gecko) Chrome/91.0.4472.124 Safari/537.36"
45.92.1.25 - - [15/Apr/2026:07:39:02 +0200] "GET /wp-includes/rest-api/txets.php HTTP/1.1" 404 19692 "-" "Mozilla/5.0 (Windows NT 10.0; Win64; x64) AppleWebKit/537.36 (KHTML, like Gecko) Chrome/91.0.4472.124 Safari/537.36"
45.92.1.25 - - [15/Apr/2026:07:39:03 +0200] "GET /wp-includes/blocks/post-template/txets.php HTTP/1.1" 404 19692 "-" "Mozilla/5.0 (Windows NT 10.0; Win64; x64) AppleWebKit/537.36 (KHTML, like Gecko) Chrome/91.0.4472.124 Safari/537.36"
45.92.1.25 - - [15/Apr/2026:07:39:03 +0200] "GET /wp-admin/txets.php HTTP/1.1" 404 19692 "-" "Mozilla/5.0 (Windows NT 10.0; Win64; x64) AppleWebKit/537.36 (KHTML, like Gecko) Chrome/91.0.4472.124 Safari/537.36"
45.92.1.25 - - [15/Apr/2026:07:39:03 +0200] "GET /wp-includes/txets.php HTTP/1.1" 404 19692 "-" "Mozilla/5.0 (Windows NT 10.0; Win64; x64) AppleWebKit/537.36 (KHTML, like Gecko) Chrome/91.0.4472.124 Safari/537.36"
45.92.1.25 - - [15/Apr/2026:07:39:03 +0200] "GET /schallfuns.php HTTP/1.1" 404 19692 "-" "Mozilla/5.0 (Windows NT 10.0; Win64; x64) AppleWebKit/537.36 (KHTML, like Gecko) Chrome/91.0.4472.124 Safari/537.36"
45.92.1.25 - - [15/Apr/2026:07:39:04 +0200] "GET /postnews.php HTTP/1.1" 404 19692 "-" "Mozilla/5.0 (Windows NT 10.0; Win64; x64) AppleWebKit/537.36 (KHTML, like Gecko) Chrome/91.0.4472.124 Safari/537.36"
95.216.2.94 - - [15/Apr/2026:07:40:33 +0200] "POST /wp-cron.php?doing_wp_cron=1776231632.9964549541473388671875 HTTP/1.1" 500 4060 "-" "WordPress/6.4.8; https://www.mykam.ru"
216.73.216.82 - - [15/Apr/2026:07:40:32 +0200] "GET / HTTP/1.1" 200 15425 "-" "Mozilla/5.0 AppleWebKit/537.36 (KHTML, like Gecko; compatible; ClaudeBot/1.0; +claudebot@anthropic.com)"
43.157.150.69 - - [15/Apr/2026:07:41:08 +0200] "GET /author/admin/ HTTP/1.1" 200 10505 "-" "Mozilla/5.0 (iPhone; CPU iPhone OS 13_2_3 like Mac OS X) AppleWebKit/605.1.15 (KHTML, like Gecko) Version/13.0.3 Mobile/15E148 Safari/604.1"
95.216.2.94 - - [15/Apr/2026:07:42:49 +0200] "POST /wp-cron.php?doing_wp_cron=1776231769.3194530010223388671875 HTTP/1.1" 500 185 "-" "WordPress/6.4.8; https://www.mykam.ru"
69.30.215.34 - - [15/Apr/2026:07:42:49 +0200] "GET /wp-content/x549148/edit.php HTTP/1.1" 301 396 "http://mykam.ru/wp-content/x549148/edit.php" "Mozilla/5.0 (Windows NT 10.0; Win64; x64) AppleWebKit/537.36 (KHTML, like Gecko) Chrome/58.0.3029.110 Safari/537.3"
69.30.215.34 - - [15/Apr/2026:07:43:23 +0200] "GET /wp-content/x549148/edit.php HTTP/1.1" 404 19692 "http://mykam.ru/wp-content/x549148/edit.php" "Mozilla/5.0 (Windows NT 10.0; Win64; x64) AppleWebKit/537.36 (KHTML, like Gecko) Chrome/58.0.3029.110 Safari/537.3"
95.216.2.94 - - [15/Apr/2026:07:43:49 +0200] "POST /wp-cron.php?doing_wp_cron=1776231829.9445869922637939453125 HTTP/1.1" 500 4060 "-" "WordPress/6.4.8; https://www.mykam.ru"
193.37.32.217 - - [15/Apr/2026:07:43:49 +0200] "GET / HTTP/1.1" 200 49939 "-" "Go-http-client/1.1"
193.37.32.186 - - [15/Apr/2026:07:43:50 +0200] "GET /inputs.php HTTP/1.1" 404 19636 "-" "Go-http-client/1.1"
193.37.32.186 - - [15/Apr/2026:07:43:51 +0200] "GET /admin.php HTTP/1.1" 404 19636 "-" "Go-http-client/1.1"
193.37.32.186 - - [15/Apr/2026:07:43:51 +0200] "GET /wp-content/plugins/enhanced-text-widget/analyst/src/403.php HTTP/1.1" 404 19636 "-" "Go-http-client/1.1"
193.37.32.186 - - [15/Apr/2026:07:43:51 +0200] "GET /wp-content/ HTTP/1.1" 200 147 "-" "Go-http-client/1.1"
193.37.32.186 - - [15/Apr/2026:07:43:52 +0200] "GET /wp-content/users.php HTTP/1.1" 404 19636 "-" "Go-http-client/1.1"
193.37.32.186 - - [15/Apr/2026:07:43:52 +0200] "GET /.well-known/core.php HTTP/1.1" 404 19636 "-" "Go-http-client/1.1"
193.37.32.186 - - [15/Apr/2026:07:43:53 +0200] "GET /3PJcpMFsD8B.php HTTP/1.1" 404 19636 "-" "Go-http-client/1.1"
193.37.32.186 - - [15/Apr/2026:07:43:53 +0200] "GET /goods.php HTTP/1.1" 404 19636 "-" "Go-http-client/1.1"
193.37.32.186 - - [15/Apr/2026:07:43:54 +0200] "GET /filemanager.php HTTP/1.1" 404 19636 "-" "Go-http-client/1.1"
