209.141.43.33 - - [15/Apr/2026:02:39:30 +0200] "GET /wp-login.php HTTP/1.1" 302 510 "-" "Mozilla/5.0 (Windows NT 10.0; Win64; x64) AppleWebKit/537.36 (KHTML, like Gecko) Chrome/134.0.0.0 Safari/537.36"
209.141.43.33 - - [15/Apr/2026:02:39:31 +0200] "GET /wp-login.php HTTP/1.1" 302 510 "-" "Mozilla/5.0 (Windows NT 10.0; Win64; x64) AppleWebKit/537.36 (KHTML, like Gecko) Chrome/134.0.0.0 Safari/537.36"
209.141.43.33 - - [15/Apr/2026:02:39:36 +0200] "GET /wp-login.php HTTP/1.1" 302 510 "-" "Mozilla/5.0 (Windows NT 10.0; Win64; x64) AppleWebKit/537.36 (KHTML, like Gecko) Chrome/134.0.0.0 Safari/537.36"
209.141.43.33 - - [15/Apr/2026:02:39:36 +0200] "GET /wp-login.php HTTP/1.1" 302 510 "-" "Mozilla/5.0 (Windows NT 10.0; Win64; x64) AppleWebKit/537.36 (KHTML, like Gecko) Chrome/134.0.0.0 Safari/537.36"
209.141.43.33 - - [15/Apr/2026:02:39:37 +0200] "GET /wp-login.php HTTP/1.1" 302 510 "-" "Mozilla/5.0 (Windows NT 10.0; Win64; x64) AppleWebKit/537.36 (KHTML, like Gecko) Chrome/134.0.0.0 Safari/537.36"
209.141.43.33 - - [15/Apr/2026:02:39:42 +0200] "GET /wp-login.php HTTP/1.1" 302 510 "-" "Mozilla/5.0 (Windows NT 10.0; Win64; x64) AppleWebKit/537.36 (KHTML, like Gecko) Chrome/134.0.0.0 Safari/537.36"
205.185.115.18 - - [15/Apr/2026:02:40:04 +0200] "GET /wp-login.php HTTP/1.1" 302 4310 "-" "Mozilla/5.0 (Windows NT 10.0; Win64; x64) AppleWebKit/537.36 (KHTML, like Gecko) Chrome/134.0.0.0 Safari/537.36"
205.185.115.18 - - [15/Apr/2026:02:40:04 +0200] "GET /wp-login.php HTTP/1.1" 302 510 "-" "Mozilla/5.0 (Windows NT 10.0; Win64; x64) AppleWebKit/537.36 (KHTML, like Gecko) Chrome/134.0.0.0 Safari/537.36"
205.185.115.18 - - [15/Apr/2026:02:40:05 +0200] "GET /wp-login.php HTTP/1.1" 302 510 "-" "Mozilla/5.0 (Windows NT 10.0; Win64; x64) AppleWebKit/537.36 (KHTML, like Gecko) Chrome/134.0.0.0 Safari/537.36"
205.185.115.18 - - [15/Apr/2026:02:40:05 +0200] "GET /wp-login.php HTTP/1.1" 302 510 "-" "Mozilla/5.0 (Windows NT 10.0; Win64; x64) AppleWebKit/537.36 (KHTML, like Gecko) Chrome/134.0.0.0 Safari/537.36"
205.185.115.18 - - [15/Apr/2026:02:40:06 +0200] "GET /wp-login.php HTTP/1.1" 302 510 "-" "Mozilla/5.0 (Windows NT 10.0; Win64; x64) AppleWebKit/537.36 (KHTML, like Gecko) Chrome/134.0.0.0 Safari/537.36"
205.185.115.18 - - [15/Apr/2026:02:40:06 +0200] "GET /wp-login.php HTTP/1.1" 302 510 "-" "Mozilla/5.0 (Windows NT 10.0; Win64; x64) AppleWebKit/537.36 (KHTML, like Gecko) Chrome/134.0.0.0 Safari/537.36"
205.185.115.18 - - [15/Apr/2026:02:40:07 +0200] "GET /wp-login.php HTTP/1.1" 302 510 "-" "Mozilla/5.0 (Windows NT 10.0; Win64; x64) AppleWebKit/537.36 (KHTML, like Gecko) Chrome/134.0.0.0 Safari/537.36"
205.185.115.18 - - [15/Apr/2026:02:40:07 +0200] "GET /wp-login.php HTTP/1.1" 302 510 "-" "Mozilla/5.0 (Windows NT 10.0; Win64; x64) AppleWebKit/537.36 (KHTML, like Gecko) Chrome/134.0.0.0 Safari/537.36"
205.185.115.18 - - [15/Apr/2026:02:40:08 +0200] "GET /wp-login.php HTTP/1.1" 302 510 "-" "Mozilla/5.0 (Windows NT 10.0; Win64; x64) AppleWebKit/537.36 (KHTML, like Gecko) Chrome/134.0.0.0 Safari/537.36"
205.185.115.18 - - [15/Apr/2026:02:40:08 +0200] "GET /wp-login.php HTTP/1.1" 302 510 "-" "Mozilla/5.0 (Windows NT 10.0; Win64; x64) AppleWebKit/537.36 (KHTML, like Gecko) Chrome/134.0.0.0 Safari/537.36"
205.185.115.18 - - [15/Apr/2026:02:40:09 +0200] "GET /wp-login.php HTTP/1.1" 302 510 "-" "Mozilla/5.0 (Windows NT 10.0; Win64; x64) AppleWebKit/537.36 (KHTML, like Gecko) Chrome/134.0.0.0 Safari/537.36"
205.185.115.18 - - [15/Apr/2026:02:40:09 +0200] "GET /wp-login.php HTTP/1.1" 302 510 "-" "Mozilla/5.0 (Windows NT 10.0; Win64; x64) AppleWebKit/537.36 (KHTML, like Gecko) Chrome/134.0.0.0 Safari/537.36"
205.185.115.18 - - [15/Apr/2026:02:40:10 +0200] "GET /wp-login.php HTTP/1.1" 302 510 "-" "Mozilla/5.0 (Windows NT 10.0; Win64; x64) AppleWebKit/537.36 (KHTML, like Gecko) Chrome/134.0.0.0 Safari/537.36"
205.185.115.18 - - [15/Apr/2026:02:40:10 +0200] "GET /wp-login.php HTTP/1.1" 302 510 "-" "Mozilla/5.0 (Windows NT 10.0; Win64; x64) AppleWebKit/537.36 (KHTML, like Gecko) Chrome/134.0.0.0 Safari/537.36"
205.185.115.18 - - [15/Apr/2026:02:40:11 +0200] "GET /wp-login.php HTTP/1.1" 302 510 "-" "Mozilla/5.0 (Windows NT 10.0; Win64; x64) AppleWebKit/537.36 (KHTML, like Gecko) Chrome/134.0.0.0 Safari/537.36"
205.185.115.18 - - [15/Apr/2026:02:40:11 +0200] "GET /wp-login.php HTTP/1.1" 302 510 "-" "Mozilla/5.0 (Windows NT 10.0; Win64; x64) AppleWebKit/537.36 (KHTML, like Gecko) Chrome/134.0.0.0 Safari/537.36"
95.216.2.94 - - [15/Apr/2026:02:40:12 +0200] "POST /wp-cron.php?doing_wp_cron=1776213612.6665689945220947265625 HTTP/1.1" 500 4060 "-" "WordPress/6.4.8; https://www.mykam.ru"
205.185.115.18 - - [15/Apr/2026:02:40:12 +0200] "GET /wp-login.php HTTP/1.1" 302 510 "-" "Mozilla/5.0 (Windows NT 10.0; Win64; x64) AppleWebKit/537.36 (KHTML, like Gecko) Chrome/134.0.0.0 Safari/537.36"
205.185.115.18 - - [15/Apr/2026:02:40:13 +0200] "GET /wp-login.php HTTP/1.1" 302 510 "-" "Mozilla/5.0 (Windows NT 10.0; Win64; x64) AppleWebKit/537.36 (KHTML, like Gecko) Chrome/134.0.0.0 Safari/537.36"
205.185.115.18 - - [15/Apr/2026:02:40:13 +0200] "GET /wp-login.php HTTP/1.1" 302 510 "-" "Mozilla/5.0 (Windows NT 10.0; Win64; x64) AppleWebKit/537.36 (KHTML, like Gecko) Chrome/134.0.0.0 Safari/537.36"
205.185.115.18 - - [15/Apr/2026:02:40:14 +0200] "GET /wp-login.php HTTP/1.1" 302 510 "-" "Mozilla/5.0 (Windows NT 10.0; Win64; x64) AppleWebKit/537.36 (KHTML, like Gecko) Chrome/134.0.0.0 Safari/537.36"
205.185.115.18 - - [15/Apr/2026:02:40:14 +0200] "GET /wp-login.php HTTP/1.1" 302 510 "-" "Mozilla/5.0 (Windows NT 10.0; Win64; x64) AppleWebKit/537.36 (KHTML, like Gecko) Chrome/134.0.0.0 Safari/537.36"
205.185.115.18 - - [15/Apr/2026:02:40:15 +0200] "GET /wp-login.php HTTP/1.1" 302 510 "-" "Mozilla/5.0 (Windows NT 10.0; Win64; x64) AppleWebKit/537.36 (KHTML, like Gecko) Chrome/134.0.0.0 Safari/537.36"
205.185.115.18 - - [15/Apr/2026:02:40:15 +0200] "GET /wp-login.php HTTP/1.1" 302 510 "-" "Mozilla/5.0 (Windows NT 10.0; Win64; x64) AppleWebKit/537.36 (KHTML, like Gecko) Chrome/134.0.0.0 Safari/537.36"
205.185.115.18 - - [15/Apr/2026:02:40:16 +0200] "GET /wp-login.php HTTP/1.1" 302 510 "-" "Mozilla/5.0 (Windows NT 10.0; Win64; x64) AppleWebKit/537.36 (KHTML, like Gecko) Chrome/134.0.0.0 Safari/537.36"
205.185.115.18 - - [15/Apr/2026:02:40:16 +0200] "GET /wp-login.php HTTP/1.1" 302 510 "-" "Mozilla/5.0 (Windows NT 10.0; Win64; x64) AppleWebKit/537.36 (KHTML, like Gecko) Chrome/134.0.0.0 Safari/537.36"
205.185.115.18 - - [15/Apr/2026:02:40:17 +0200] "GET /wp-login.php HTTP/1.1" 302 510 "-" "Mozilla/5.0 (Windows NT 10.0; Win64; x64) AppleWebKit/537.36 (KHTML, like Gecko) Chrome/134.0.0.0 Safari/537.36"
205.185.115.18 - - [15/Apr/2026:02:40:17 +0200] "GET /wp-login.php HTTP/1.1" 302 510 "-" "Mozilla/5.0 (Windows NT 10.0; Win64; x64) AppleWebKit/537.36 (KHTML, like Gecko) Chrome/134.0.0.0 Safari/537.36"
205.185.115.18 - - [15/Apr/2026:02:40:18 +0200] "GET /wp-login.php HTTP/1.1" 302 510 "-" "Mozilla/5.0 (Windows NT 10.0; Win64; x64) AppleWebKit/537.36 (KHTML, like Gecko) Chrome/134.0.0.0 Safari/537.36"
205.185.115.18 - - [15/Apr/2026:02:40:18 +0200] "GET /wp-login.php HTTP/1.1" 302 510 "-" "Mozilla/5.0 (Windows NT 10.0; Win64; x64) AppleWebKit/537.36 (KHTML, like Gecko) Chrome/134.0.0.0 Safari/537.36"
205.185.115.18 - - [15/Apr/2026:02:40:19 +0200] "GET /wp-login.php HTTP/1.1" 302 510 "-" "Mozilla/5.0 (Windows NT 10.0; Win64; x64) AppleWebKit/537.36 (KHTML, like Gecko) Chrome/134.0.0.0 Safari/537.36"
205.185.115.18 - - [15/Apr/2026:02:40:19 +0200] "GET /wp-login.php HTTP/1.1" 302 510 "-" "Mozilla/5.0 (Windows NT 10.0; Win64; x64) AppleWebKit/537.36 (KHTML, like Gecko) Chrome/134.0.0.0 Safari/537.36"
95.216.2.94 - - [15/Apr/2026:02:41:54 +0200] "POST /wp-cron.php?doing_wp_cron=1776213714.5634589195251464843750 HTTP/1.1" 500 4060 "-" "WordPress/6.4.8; https://www.mykam.ru"
45.12.3.135 - - [15/Apr/2026:02:41:54 +0200] "GET //images/images/cache.php HTTP/1.1" 301 4221 "-" "Mozilla/5.0 (Windows NT 10.0; Win64; x64; rv:81.0) Gecko/20100101 Firefox/81.0"
45.12.3.135 - - [15/Apr/2026:02:41:54 +0200] "GET /images/images/cache.php HTTP/1.1" 404 19787 "-" "Mozilla/5.0 (Windows NT 10.0; Win64; x64; rv:81.0) Gecko/20100101 Firefox/81.0"
95.216.2.94 - - [15/Apr/2026:02:43:35 +0200] "POST /wp-cron.php?doing_wp_cron=1776213815.7429840564727783203125 HTTP/1.1" 500 4060 "-" "WordPress/6.4.8; https://www.mykam.ru"
216.73.216.82 - - [15/Apr/2026:02:43:35 +0200] "GET /goods.php HTTP/1.1" 404 23586 "-" "Mozilla/5.0 AppleWebKit/537.36 (KHTML, like Gecko; compatible; ClaudeBot/1.0; +claudebot@anthropic.com)"
95.216.2.94 - - [15/Apr/2026:02:46:48 +0200] "POST /wp-cron.php?doing_wp_cron=1776214008.5450160503387451171875 HTTP/1.1" 500 4060 "-" "WordPress/6.4.8; https://www.mykam.ru"
141.98.11.17 - - [15/Apr/2026:02:46:48 +0200] "GET /wp-login.php HTTP/1.1" 301 4257 "-" "Mozilla/5.0 (Windows NT 10.0; Win64; x64; rv:121.0) Gecko/20100101 Firefox/121.0"
141.98.11.17 - - [15/Apr/2026:02:46:49 +0200] "GET /wp-login.php HTTP/1.1" 302 4310 "-" "Mozilla/5.0 (Windows NT 10.0; Win64; x64; rv:121.0) Gecko/20100101 Firefox/121.0"
141.98.11.17 - - [15/Apr/2026:02:46:50 +0200] "GET /wp-login.php HTTP/1.1" 302 510 "-" "Mozilla/5.0 (Windows NT 10.0; Win64; x64; rv:121.0) Gecko/20100101 Firefox/121.0"
141.98.11.17 - - [15/Apr/2026:02:46:50 +0200] "GET /wp-login.php HTTP/1.1" 302 510 "-" "Mozilla/5.0 (Windows NT 10.0; Win64; x64; rv:121.0) Gecko/20100101 Firefox/121.0"
141.98.11.17 - - [15/Apr/2026:02:46:51 +0200] "GET /wp-login.php HTTP/1.1" 302 510 "-" "Mozilla/5.0 (Windows NT 10.0; Win64; x64; rv:121.0) Gecko/20100101 Firefox/121.0"
141.98.11.17 - - [15/Apr/2026:02:46:51 +0200] "GET /wp-login.php HTTP/1.1" 302 510 "-" "Mozilla/5.0 (Windows NT 10.0; Win64; x64; rv:121.0) Gecko/20100101 Firefox/121.0"
141.98.11.17 - - [15/Apr/2026:02:46:51 +0200] "GET /wp-login.php HTTP/1.1" 302 510 "-" "Mozilla/5.0 (Windows NT 10.0; Win64; x64; rv:121.0) Gecko/20100101 Firefox/121.0"
141.98.11.17 - - [15/Apr/2026:02:46:52 +0200] "GET /wp-login.php HTTP/1.1" 302 510 "-" "Mozilla/5.0 (Windows NT 10.0; Win64; x64; rv:121.0) Gecko/20100101 Firefox/121.0"
141.98.11.17 - - [15/Apr/2026:02:46:52 +0200] "GET /wp-admin/ HTTP/1.1" 302 503 "-" "Mozilla/5.0 (Windows NT 10.0; Win64; x64; rv:121.0) Gecko/20100101 Firefox/121.0"
141.98.11.17 - - [15/Apr/2026:02:46:53 +0200] "GET /wp-login.php?redirect_to=https%3A%2F%2Fmykam.ru%2Fwp-admin%2F&reauth=1 HTTP/1.1" 404 19842 "-" "Mozilla/5.0 (Windows NT 10.0; Win64; x64; rv:121.0) Gecko/20100101 Firefox/121.0"
141.98.11.17 - - [15/Apr/2026:02:46:53 +0200] "GET /login HTTP/1.1" 301 450 "-" "Mozilla/5.0 (Windows NT 10.0; Win64; x64; rv:121.0) Gecko/20100101 Firefox/121.0"
141.98.11.17 - - [15/Apr/2026:02:46:54 +0200] "GET /login HTTP/1.1" 302 510 "-" "Mozilla/5.0 (Windows NT 10.0; Win64; x64; rv:121.0) Gecko/20100101 Firefox/121.0"
141.98.11.17 - - [15/Apr/2026:02:46:54 +0200] "GET /wp-login.php HTTP/1.1" 302 510 "-" "Mozilla/5.0 (Windows NT 10.0; Win64; x64; rv:121.0) Gecko/20100101 Firefox/121.0"
141.98.11.17 - - [15/Apr/2026:02:46:54 +0200] "GET /wp-login.php HTTP/1.1" 302 510 "-" "Mozilla/5.0 (Windows NT 10.0; Win64; x64; rv:121.0) Gecko/20100101 Firefox/121.0"
141.98.11.17 - - [15/Apr/2026:02:46:55 +0200] "GET /wp-login.php HTTP/1.1" 302 510 "-" "Mozilla/5.0 (Windows NT 10.0; Win64; x64; rv:121.0) Gecko/20100101 Firefox/121.0"
141.98.11.17 - - [15/Apr/2026:02:46:55 +0200] "GET /wp-login.php HTTP/1.1" 302 510 "-" "Mozilla/5.0 (Windows NT 10.0; Win64; x64; rv:121.0) Gecko/20100101 Firefox/121.0"
141.98.11.17 - - [15/Apr/2026:02:46:56 +0200] "GET /wp-login.php HTTP/1.1" 302 510 "-" "Mozilla/5.0 (Windows NT 10.0; Win64; x64; rv:121.0) Gecko/20100101 Firefox/121.0"
141.98.11.17 - - [15/Apr/2026:02:46:56 +0200] "GET /wp-login.php HTTP/1.1" 302 510 "-" "Mozilla/5.0 (Windows NT 10.0; Win64; x64; rv:121.0) Gecko/20100101 Firefox/121.0"
141.98.11.17 - - [15/Apr/2026:02:46:57 +0200] "GET /admin HTTP/1.1" 301 450 "-" "Mozilla/5.0 (Windows NT 11.0; Win64; x64) AppleWebKit/537.36 (KHTML, like Gecko) Chrome/121.0.0.0 Safari/537.36"
141.98.11.17 - - [15/Apr/2026:02:46:57 +0200] "GET /admin HTTP/1.1" 302 507 "-" "Mozilla/5.0 (Windows NT 11.0; Win64; x64) AppleWebKit/537.36 (KHTML, like Gecko) Chrome/121.0.0.0 Safari/537.36"
141.98.11.17 - - [15/Apr/2026:02:46:58 +0200] "GET /wp-admin/ HTTP/1.1" 302 507 "-" "Mozilla/5.0 (Windows NT 11.0; Win64; x64) AppleWebKit/537.36 (KHTML, like Gecko) Chrome/121.0.0.0 Safari/537.36"
141.98.11.17 - - [15/Apr/2026:02:46:58 +0200] "GET /wp-login.php?redirect_to=https%3A%2F%2Fwww.mykam.ru%2Fwp-admin%2F&reauth=1 HTTP/1.1" 404 19842 "-" "Mozilla/5.0 (Windows NT 11.0; Win64; x64) AppleWebKit/537.36 (KHTML, like Gecko) Chrome/121.0.0.0 Safari/537.36"
141.98.11.17 - - [15/Apr/2026:02:46:58 +0200] "GET /wp-login HTTP/1.1" 301 453 "-" "Mozilla/5.0 (Windows NT 11.0; Win64; x64) AppleWebKit/537.36 (KHTML, like Gecko) Chrome/121.0.0.0 Safari/537.36"
141.98.11.17 - - [15/Apr/2026:02:46:59 +0200] "GET /wp-login HTTP/1.1" 404 19842 "-" "Mozilla/5.0 (Windows NT 11.0; Win64; x64) AppleWebKit/537.36 (KHTML, like Gecko) Chrome/121.0.0.0 Safari/537.36"
141.98.11.17 - - [15/Apr/2026:02:46:59 +0200] "GET /wordpress/wp-login.php HTTP/1.1" 301 467 "-" "Mozilla/5.0 (Windows NT 11.0; Win64; x64) AppleWebKit/537.36 (KHTML, like Gecko) Chrome/121.0.0.0 Safari/537.36"
141.98.11.17 - - [15/Apr/2026:02:47:00 +0200] "GET /wordpress/wp-login.php HTTP/1.1" 404 19842 "-" "Mozilla/5.0 (Windows NT 11.0; Win64; x64) AppleWebKit/537.36 (KHTML, like Gecko) Chrome/121.0.0.0 Safari/537.36"
141.98.11.17 - - [15/Apr/2026:02:47:00 +0200] "GET /blog/wp-login.php HTTP/1.1" 301 462 "-" "Mozilla/5.0 (Macintosh; Intel Mac OS X 10_15_7) AppleWebKit/537.36 (KHTML, like Gecko) Chrome/120.0.0.0 Safari/537.36"
141.98.11.17 - - [15/Apr/2026:02:47:00 +0200] "GET /blog/wp-login.php HTTP/1.1" 404 19842 "-" "Mozilla/5.0 (Macintosh; Intel Mac OS X 10_15_7) AppleWebKit/537.36 (KHTML, like Gecko) Chrome/120.0.0.0 Safari/537.36"
141.98.11.17 - - [15/Apr/2026:02:47:01 +0200] "GET /wp/wp-login.php HTTP/1.1" 301 460 "-" "Mozilla/5.0 (Windows NT 10.0; Win64; x64; rv:121.0) Gecko/20100101 Firefox/121.0"
141.98.11.17 - - [15/Apr/2026:02:47:01 +0200] "GET /wp/wp-login.php HTTP/1.1" 404 19842 "-" "Mozilla/5.0 (Windows NT 10.0; Win64; x64; rv:121.0) Gecko/20100101 Firefox/121.0"
141.98.11.17 - - [15/Apr/2026:02:47:01 +0200] "GET /cms/wp-login.php HTTP/1.1" 301 461 "-" "Mozilla/5.0 (Windows NT 11.0; Win64; x64) AppleWebKit/537.36 (KHTML, like Gecko) Chrome/121.0.0.0 Safari/537.36"
141.98.11.17 - - [15/Apr/2026:02:47:02 +0200] "GET /cms/wp-login.php HTTP/1.1" 404 19842 "-" "Mozilla/5.0 (Windows NT 11.0; Win64; x64) AppleWebKit/537.36 (KHTML, like Gecko) Chrome/121.0.0.0 Safari/537.36"
141.98.11.17 - - [15/Apr/2026:02:47:02 +0200] "GET /wp-login.php HTTP/1.1" 301 381 "-" "Mozilla/5.0 (X11; Linux x86_64) AppleWebKit/537.36 (KHTML, like Gecko) Chrome/120.0.0.0 Safari/537.36"
141.98.11.17 - - [15/Apr/2026:02:47:03 +0200] "GET /wp-login.php HTTP/1.1" 302 435 "-" "Mozilla/5.0 (X11; Linux x86_64) AppleWebKit/537.36 (KHTML, like Gecko) Chrome/120.0.0.0 Safari/537.36"
141.98.11.17 - - [15/Apr/2026:02:47:04 +0200] "GET /wp-login.php HTTP/1.1" 302 510 "-" "Mozilla/5.0 (X11; Linux x86_64) AppleWebKit/537.36 (KHTML, like Gecko) Chrome/120.0.0.0 Safari/537.36"
141.98.11.17 - - [15/Apr/2026:02:47:04 +0200] "GET /wp-login.php HTTP/1.1" 302 510 "-" "Mozilla/5.0 (X11; Linux x86_64) AppleWebKit/537.36 (KHTML, like Gecko) Chrome/120.0.0.0 Safari/537.36"
141.98.11.17 - - [15/Apr/2026:02:47:05 +0200] "GET /wp-login.php HTTP/1.1" 302 510 "-" "Mozilla/5.0 (X11; Linux x86_64) AppleWebKit/537.36 (KHTML, like Gecko) Chrome/120.0.0.0 Safari/537.36"
141.98.11.17 - - [15/Apr/2026:02:47:05 +0200] "GET /wp-login.php HTTP/1.1" 302 510 "-" "Mozilla/5.0 (X11; Linux x86_64) AppleWebKit/537.36 (KHTML, like Gecko) Chrome/120.0.0.0 Safari/537.36"
141.98.11.17 - - [15/Apr/2026:02:47:06 +0200] "GET /wp-login.php HTTP/1.1" 302 510 "-" "Mozilla/5.0 (X11; Linux x86_64) AppleWebKit/537.36 (KHTML, like Gecko) Chrome/120.0.0.0 Safari/537.36"
141.98.11.17 - - [15/Apr/2026:02:47:06 +0200] "GET /wp-login.php HTTP/1.1" 302 510 "-" "Mozilla/5.0 (X11; Linux x86_64) AppleWebKit/537.36 (KHTML, like Gecko) Chrome/120.0.0.0 Safari/537.36"
141.98.11.17 - - [15/Apr/2026:02:47:07 +0200] "GET /wp-admin/ HTTP/1.1" 302 362 "-" "Mozilla/5.0 (Windows NT 10.0; Win64; x64; rv:121.0) Gecko/20100101 Firefox/121.0"
141.98.11.17 - - [15/Apr/2026:02:47:07 +0200] "GET /wp-admin/ HTTP/1.1" 302 4303 "-" "Mozilla/5.0 (Windows NT 10.0; Win64; x64; rv:121.0) Gecko/20100101 Firefox/121.0"
141.98.11.17 - - [15/Apr/2026:02:47:08 +0200] "GET /wp-login.php?redirect_to=https%3A%2F%2Fmykam.ru%2Fwp-admin%2F&reauth=1 HTTP/1.1" 404 19842 "-" "Mozilla/5.0 (Windows NT 10.0; Win64; x64; rv:121.0) Gecko/20100101 Firefox/121.0"
141.98.11.17 - - [15/Apr/2026:02:47:08 +0200] "GET /login HTTP/1.1" 301 373 "-" "Mozilla/5.0 (X11; Linux x86_64) AppleWebKit/537.36 (KHTML, like Gecko) Chrome/120.0.0.0 Safari/537.36"
141.98.11.17 - - [15/Apr/2026:02:47:08 +0200] "GET /login HTTP/1.1" 302 434 "-" "Mozilla/5.0 (X11; Linux x86_64) AppleWebKit/537.36 (KHTML, like Gecko) Chrome/120.0.0.0 Safari/537.36"
141.98.11.17 - - [15/Apr/2026:02:47:09 +0200] "GET /wp-login.php HTTP/1.1" 302 510 "-" "Mozilla/5.0 (X11; Linux x86_64) AppleWebKit/537.36 (KHTML, like Gecko) Chrome/120.0.0.0 Safari/537.36"
141.98.11.17 - - [15/Apr/2026:02:47:10 +0200] "GET /wp-login.php HTTP/1.1" 302 510 "-" "Mozilla/5.0 (X11; Linux x86_64) AppleWebKit/537.36 (KHTML, like Gecko) Chrome/120.0.0.0 Safari/537.36"
141.98.11.17 - - [15/Apr/2026:02:47:10 +0200] "GET /wp-login.php HTTP/1.1" 302 510 "-" "Mozilla/5.0 (X11; Linux x86_64) AppleWebKit/537.36 (KHTML, like Gecko) Chrome/120.0.0.0 Safari/537.36"
141.98.11.17 - - [15/Apr/2026:02:47:13 +0200] "GET /wp-login.php HTTP/1.1" 302 510 "-" "Mozilla/5.0 (X11; Linux x86_64) AppleWebKit/537.36 (KHTML, like Gecko) Chrome/120.0.0.0 Safari/537.36"
141.98.11.17 - - [15/Apr/2026:02:47:14 +0200] "GET /wp-login.php HTTP/1.1" 302 510 "-" "Mozilla/5.0 (X11; Linux x86_64) AppleWebKit/537.36 (KHTML, like Gecko) Chrome/120.0.0.0 Safari/537.36"
141.98.11.17 - - [15/Apr/2026:02:47:14 +0200] "GET /wp-login.php HTTP/1.1" 302 510 "-" "Mozilla/5.0 (X11; Linux x86_64) AppleWebKit/537.36 (KHTML, like Gecko) Chrome/120.0.0.0 Safari/537.36"
141.98.11.17 - - [15/Apr/2026:02:47:15 +0200] "GET /admin HTTP/1.1" 301 374 "-" "Mozilla/5.0 (Windows NT 10.0; Win64; x64) AppleWebKit/537.36 (KHTML, like Gecko) Chrome/120.0.0.0 Safari/537.36"
141.98.11.17 - - [15/Apr/2026:02:47:15 +0200] "GET /admin HTTP/1.1" 302 432 "-" "Mozilla/5.0 (Windows NT 10.0; Win64; x64) AppleWebKit/537.36 (KHTML, like Gecko) Chrome/120.0.0.0 Safari/537.36"
141.98.11.17 - - [15/Apr/2026:02:47:16 +0200] "GET /wp-admin/ HTTP/1.1" 302 507 "-" "Mozilla/5.0 (Windows NT 10.0; Win64; x64) AppleWebKit/537.36 (KHTML, like Gecko) Chrome/120.0.0.0 Safari/537.36"
141.98.11.17 - - [15/Apr/2026:02:47:16 +0200] "GET /wp-login.php?redirect_to=https%3A%2F%2Fwww.mykam.ru%2Fwp-admin%2F&reauth=1 HTTP/1.1" 404 19842 "-" "Mozilla/5.0 (Windows NT 10.0; Win64; x64) AppleWebKit/537.36 (KHTML, like Gecko) Chrome/120.0.0.0 Safari/537.36"
141.98.11.17 - - [15/Apr/2026:02:47:17 +0200] "GET /wp-login HTTP/1.1" 301 376 "-" "Mozilla/5.0 (Windows NT 10.0; Win64; x64) AppleWebKit/537.36 (KHTML, like Gecko) Chrome/120.0.0.0 Safari/537.36"
141.98.11.17 - - [15/Apr/2026:02:47:17 +0200] "GET /wp-login HTTP/1.1" 404 19691 "-" "Mozilla/5.0 (Windows NT 10.0; Win64; x64) AppleWebKit/537.36 (KHTML, like Gecko) Chrome/120.0.0.0 Safari/537.36"
141.98.11.17 - - [15/Apr/2026:02:47:18 +0200] "GET /wordpress/wp-login.php HTTP/1.1" 301 390 "-" "Mozilla/5.0 (Windows NT 10.0; Win64; x64; rv:121.0) Gecko/20100101 Firefox/121.0"
141.98.11.17 - - [15/Apr/2026:02:47:18 +0200] "GET /wordpress/wp-login.php HTTP/1.1" 404 19691 "-" "Mozilla/5.0 (Windows NT 10.0; Win64; x64; rv:121.0) Gecko/20100101 Firefox/121.0"
141.98.11.17 - - [15/Apr/2026:02:47:18 +0200] "GET /blog/wp-login.php HTTP/1.1" 301 385 "-" "Mozilla/5.0 (Windows NT 11.0; Win64; x64) AppleWebKit/537.36 (KHTML, like Gecko) Chrome/121.0.0.0 Safari/537.36"
141.98.11.17 - - [15/Apr/2026:02:47:19 +0200] "GET /blog/wp-login.php HTTP/1.1" 404 19691 "-" "Mozilla/5.0 (Windows NT 11.0; Win64; x64) AppleWebKit/537.36 (KHTML, like Gecko) Chrome/121.0.0.0 Safari/537.36"
141.98.11.17 - - [15/Apr/2026:02:47:20 +0200] "GET /wp/wp-login.php HTTP/1.1" 301 383 "-" "Mozilla/5.0 (Windows NT 10.0; Win64; x64) AppleWebKit/537.36 (KHTML, like Gecko) Chrome/120.0.0.0 Safari/537.36"
141.98.11.17 - - [15/Apr/2026:02:47:20 +0200] "GET /wp/wp-login.php HTTP/1.1" 404 19691 "-" "Mozilla/5.0 (Windows NT 10.0; Win64; x64) AppleWebKit/537.36 (KHTML, like Gecko) Chrome/120.0.0.0 Safari/537.36"
141.98.11.17 - - [15/Apr/2026:02:47:20 +0200] "GET /cms/wp-login.php HTTP/1.1" 301 384 "-" "Mozilla/5.0 (Windows NT 11.0; Win64; x64) AppleWebKit/537.36 (KHTML, like Gecko) Chrome/121.0.0.0 Safari/537.36"
141.98.11.17 - - [15/Apr/2026:02:47:21 +0200] "GET /cms/wp-login.php HTTP/1.1" 404 19691 "-" "Mozilla/5.0 (Windows NT 11.0; Win64; x64) AppleWebKit/537.36 (KHTML, like Gecko) Chrome/121.0.0.0 Safari/537.36"
104.210.140.132 - - [15/Apr/2026:02:48:38 +0200] "GET /robots.txt HTTP/1.1" 200 4287 "-" "Mozilla/5.0 (Macintosh; Intel Mac OS X 10_15_7) AppleWebKit/537.36 (KHTML, like Gecko) Chrome/131.0.0.0 Safari/537.36; compatible; OAI-SearchBot/1.0; +https://openai.com/searchbot"
95.216.2.94 - - [15/Apr/2026:02:50:43 +0200] "POST /wp-cron.php?doing_wp_cron=1776214243.0395939350128173828125 HTTP/1.1" 500 4060 "-" "WordPress/6.4.8; https://www.mykam.ru"
89.110.118.225 - - [15/Apr/2026:02:50:42 +0200] "GET /2008/08/27/207/ HTTP/1.0" 200 29844 "https://www.mykam.ru/2008/08/27/207/" "Mozilla/5.0 (Windows NT 10.0; Win64; x64) AppleWebKit/537.36 (KHTML, like Gecko) Chrome/131.0.0.0 Safari/537.36 Avast/131.0.0.0"
89.110.118.225 - - [15/Apr/2026:02:50:43 +0200] "POST /wp-comments-post.php HTTP/1.0" 500 3590 "https://www.mykam.ru/2008/08/27/207/" "Mozilla/5.0 (Windows NT 10.0; Win64; x64) AppleWebKit/537.36 (KHTML, like Gecko) Chrome/131.0.0.0 Safari/537.36 Avast/131.0.0.0"
5.1.11.250 - - [15/Apr/2026:02:50:57 +0200] "GET /2008/08/27/207/ HTTP/1.0" 200 29844 "https://www.mykam.ru/2008/08/27/207/" "Mozilla/5.0 (Windows NT 10.0; Win64; x64) AppleWebKit/537.36 (KHTML, like Gecko) Chrome/130.0.0.0 Safari/537.36"
5.1.11.250 - - [15/Apr/2026:02:50:57 +0200] "GET /2008/08/27/207/ HTTP/1.0" 200 29843 "https://www.mykam.ru/2008/08/27/207/" "Mozilla/5.0 (Windows NT 10.0; Win64; x64) AppleWebKit/537.36 (KHTML, like Gecko) Chrome/130.0.0.0 Safari/537.36"
5.1.11.250 - - [15/Apr/2026:02:50:58 +0200] "POST /wp-comments-post.php HTTP/1.0" 500 3590 "https://www.mykam.ru/2008/08/27/207/" "Mozilla/5.0 (Windows NT 10.0; Win64; x64) AppleWebKit/537.36 (KHTML, like Gecko) Chrome/130.0.0.0 Safari/537.36"
5.1.11.250 - - [15/Apr/2026:02:50:58 +0200] "POST /wp-comments-post.php HTTP/1.0" 500 3590 "https://www.mykam.ru/2008/08/27/207/" "Mozilla/5.0 (Windows NT 10.0; Win64; x64) AppleWebKit/537.36 (KHTML, like Gecko) Chrome/130.0.0.0 Safari/537.36"
95.216.2.94 - - [15/Apr/2026:02:56:31 +0200] "POST /wp-cron.php?doing_wp_cron=1776214591.0393021106719970703125 HTTP/1.1" 500 185 "-" "WordPress/6.4.8; https://www.mykam.ru"
94.154.35.236 - - [15/Apr/2026:02:56:30 +0200] "HEAD /bkup.tar.bz2 HTTP/1.1" 301 325 "-" "Mozilla/5.0 (Windows NT 10.0; Win64; x64) AppleWebKit/537.36 (KHTML, like Gecko) Chrome/101.0.4951.67 Safari/537.36"
94.154.35.236 - - [15/Apr/2026:02:56:31 +0200] "HEAD /bkup.tar.bz2 HTTP/1.1" 404 312 "-" "Mozilla/5.0 (Windows NT 10.0; Win64; x64) AppleWebKit/537.36 (KHTML, like Gecko) Chrome/101.0.4951.67 Safari/537.36"
95.216.2.94 - - [15/Apr/2026:03:01:40 +0200] "POST /wp-cron.php?doing_wp_cron=1776214900.5676569938659667968750 HTTP/1.1" 500 4060 "-" "WordPress/6.4.8; https://www.mykam.ru"
46.250.160.39 - - [15/Apr/2026:03:01:40 +0200] "GET /2006/07/30/51/ HTTP/1.1" 200 14654 "-" "Mozilla/5.0 (Macintosh; Intel Mac OS X 10_15_7) AppleWebKit/537.36 (KHTML, like Gecko) Chrome/143.0.0.0 Safari/537.36"
46.250.160.39 - - [15/Apr/2026:03:01:41 +0200] "GET /wp-content/themes/dilectio/javascript/imghover.js HTTP/1.1" 200 567 "https://www.mykam.ru/2006/07/30/51/" "Mozilla/5.0 (Macintosh; Intel Mac OS X 10_15_7) AppleWebKit/537.36 (KHTML, like Gecko) Chrome/143.0.0.0 Safari/537.36"
95.216.2.94 - - [15/Apr/2026:03:06:44 +0200] "POST /wp-cron.php?doing_wp_cron=1776215204.1753048896789550781250 HTTP/1.1" 500 4060 "-" "WordPress/6.4.8; https://www.mykam.ru"
195.2.67.184 - - [15/Apr/2026:03:06:43 +0200] "GET /2009/06/30/219/ HTTP/1.0" 200 33700 "https://www.mykam.ru/2009/06/30/219/#comment-290650" "Mozilla/5.0 (Windows NT 10.0; Win64; x64) AppleWebKit/537.36 (KHTML, like Gecko) Chrome/130.0.0.0 Safari/537.36"
195.2.67.184 - - [15/Apr/2026:03:06:44 +0200] "POST /wp-comments-post.php HTTP/1.0" 500 3590 "https://www.mykam.ru/2009/06/30/219/#comment-290650" "Mozilla/5.0 (Windows NT 10.0; Win64; x64) AppleWebKit/537.36 (KHTML, like Gecko) Chrome/130.0.0.0 Safari/537.36"
51.68.111.207 - - [15/Apr/2026:03:08:18 +0200] "GET /robots.txt HTTP/1.1" 200 468 "-" "Mozilla/5.0 (compatible; MJ12bot/v2.0.5; http://mj12bot.com/)"
95.216.2.94 - - [15/Apr/2026:03:08:18 +0200] "POST /wp-cron.php?doing_wp_cron=1776215298.8478391170501708984375 HTTP/1.1" 500 185 "-" "WordPress/6.4.8; https://www.mykam.ru"
51.68.111.207 - - [15/Apr/2026:03:08:18 +0200] "GET / HTTP/1.1" 200 11546 "-" "Mozilla/5.0 (compatible; MJ12bot/v2.0.5; http://mj12bot.com/)"
95.216.2.94 - - [15/Apr/2026:03:09:24 +0200] "POST /wp-cron.php?doing_wp_cron=1776215364.3631699085235595703125 HTTP/1.1" 500 185 "-" "WordPress/6.4.8; https://www.mykam.ru"
159.89.55.245 - - [15/Apr/2026:03:09:24 +0200] "GET /.git/config HTTP/1.1" 301 380 "-" "Mozilla/5.0 (X11; Linux x86_64) AppleWebKit/537.36 (KHTML, like Gecko) Chrome/81.0.4044.129 Safari/537.36"
159.89.55.245 - - [15/Apr/2026:03:09:26 +0200] "GET /.git/config HTTP/1.1" 301 4256 "-" "Mozilla/5.0 (X11; Linux x86_64) AppleWebKit/537.36 (KHTML, like Gecko) Chrome/81.0.4044.129 Safari/537.36"
95.216.2.94 - - [15/Apr/2026:03:13:17 +0200] "POST /wp-cron.php?doing_wp_cron=1776215597.7623090744018554687500 HTTP/1.1" 500 4060 "-" "WordPress/6.4.8; https://www.mykam.ru"
185.195.65.81 - - [15/Apr/2026:03:13:17 +0200] "GET /2009/05/13/210/ HTTP/1.0" 200 30840 "https://www.mykam.ru/2009/05/13/210/#comment-344184/" "Mozilla/5.0 (Windows NT 10.0; Win64; x64) AppleWebKit/537.36 (KHTML, like Gecko) Chrome/103.0.5060.134 Safari/537.36"
185.195.65.81 - - [15/Apr/2026:03:13:18 +0200] "POST /wp-comments-post.php HTTP/1.0" 500 3590 "https://www.mykam.ru/2009/05/13/210/#comment-344184/" "Mozilla/5.0 (Windows NT 10.0; Win64; x64) AppleWebKit/537.36 (KHTML, like Gecko) Chrome/103.0.5060.134 Safari/537.36"
152.228.220.143 - - [15/Apr/2026:03:13:45 +0200] "GET /feed/atom/ HTTP/1.1" 200 14972 "-" "Mozilla/5.0 (X11; Linux i686) AppleWebKit/537.36 (KHTML, like Gecko) Chrome/30.0.1599.66 Safari/537.36"
95.216.2.94 - - [15/Apr/2026:03:15:04 +0200] "POST /wp-cron.php?doing_wp_cron=1776215704.0716009140014648437500 HTTP/1.1" 500 4060 "-" "WordPress/6.4.8; https://www.mykam.ru"
91.84.114.150 - - [15/Apr/2026:03:15:03 +0200] "GET /2009/06/30/219/ HTTP/1.0" 200 33700 "https://www.mykam.ru/2009/06/30/219/" "Mozilla/5.0 (Windows NT 10.0; Win64; x64) AppleWebKit/537.36 (KHTML, like Gecko) Chrome/130.0.0.0 Safari/537.36 CCleaner/130.0.0.0"
91.84.114.150 - - [15/Apr/2026:03:15:04 +0200] "POST /wp-comments-post.php HTTP/1.0" 500 3590 "https://www.mykam.ru/2009/06/30/219/" "Mozilla/5.0 (Windows NT 10.0; Win64; x64) AppleWebKit/537.36 (KHTML, like Gecko) Chrome/130.0.0.0 Safari/537.36 CCleaner/130.0.0.0"
95.216.2.94 - - [15/Apr/2026:03:21:25 +0200] "POST /wp-cron.php?doing_wp_cron=1776216085.3879480361938476562500 HTTP/1.1" 500 185 "-" "WordPress/6.4.8; https://www.mykam.ru"
152.228.220.143 - - [15/Apr/2026:03:21:24 +0200] "GET /category/energetics/feed/ HTTP/1.1" 200 2293 "-" "Mozilla/5.0 (X11; Linux i686) AppleWebKit/537.36 (KHTML, like Gecko) Chrome/30.0.1599.66 Safari/537.36"
95.216.2.94 - - [15/Apr/2026:03:23:25 +0200] "POST /wp-cron.php?doing_wp_cron=1776216205.8307011127471923828125 HTTP/1.1" 500 185 "-" "WordPress/6.4.8; https://www.mykam.ru"
94.154.35.236 - - [15/Apr/2026:03:23:25 +0200] "HEAD /bkup.gz HTTP/1.1" 301 320 "-" "Mozilla/5.0 (Windows NT 10.0; Win64; x64) AppleWebKit/537.36 (KHTML, like Gecko) Chrome/101.0.4951.67 Safari/537.36"
94.154.35.236 - - [15/Apr/2026:03:23:26 +0200] "HEAD /bkup.gz HTTP/1.1" 404 312 "-" "Mozilla/5.0 (Windows NT 10.0; Win64; x64) AppleWebKit/537.36 (KHTML, like Gecko) Chrome/101.0.4951.67 Safari/537.36"
62.171.188.7 - - [15/Apr/2026:03:24:35 +0200] "GET /robots.txt HTTP/1.1" 200 4338 "-" "Go-http-client/1.1"
62.171.188.7 - - [15/Apr/2026:03:24:36 +0200] "GET /robots.txt HTTP/1.1" 200 4338 "-" "Go-http-client/1.1"
62.171.188.7 - - [15/Apr/2026:03:24:36 +0200] "GET /robots.txt HTTP/1.1" 200 4306 "-" "Go-http-client/1.1"
95.216.2.94 - - [15/Apr/2026:03:24:38 +0200] "POST /wp-cron.php?doing_wp_cron=1776216278.8757989406585693359375 HTTP/1.1" 500 4060 "-" "WordPress/6.4.8; https://www.mykam.ru"
62.171.188.7 - - [15/Apr/2026:03:24:38 +0200] "GET / HTTP/1.1" 200 49986 "-" "Mozilla/5.0 (compatible; VertexWP/1.0; +https://vertexwp.com/bot)"
62.171.188.7 - - [15/Apr/2026:03:24:39 +0200] "GET / HTTP/1.1" 200 49986 "-" "Mozilla/5.0 (compatible; VertexWP/1.0; +https://vertexwp.com/bot)"
62.171.188.7 - - [15/Apr/2026:03:24:39 +0200] "GET / HTTP/1.1" 301 4115 "-" "Mozilla/5.0 (compatible; VertexWP/1.0; +https://vertexwp.com/bot)"
62.171.188.7 - - [15/Apr/2026:03:24:39 +0200] "GET / HTTP/1.1" 200 49954 "https://mykam.ru" "Mozilla/5.0 (compatible; VertexWP/1.0; +https://vertexwp.com/bot)"
62.171.188.7 - - [15/Apr/2026:03:25:11 +0200] "GET / HTTP/1.1" 301 4115 "-" "Mozilla/5.0 (compatible; VertexWP/1.0; +https://vertexwp.com/bot)"
62.171.188.7 - - [15/Apr/2026:03:25:11 +0200] "GET / HTTP/1.1" 200 49986 "-" "Mozilla/5.0 (compatible; VertexWP/1.0; +https://vertexwp.com/bot)"
62.171.188.7 - - [15/Apr/2026:03:25:11 +0200] "GET / HTTP/1.1" 200 49954 "https://mykam.ru" "Mozilla/5.0 (compatible; VertexWP/1.0; +https://vertexwp.com/bot)"
95.216.2.94 - - [15/Apr/2026:03:25:57 +0200] "POST /wp-cron.php?doing_wp_cron=1776216357.6631000041961669921875 HTTP/1.1" 500 4060 "-" "WordPress/6.4.8; https://www.mykam.ru"
62.171.188.7 - - [15/Apr/2026:03:25:57 +0200] "GET / HTTP/1.1" 200 49986 "-" "Mozilla/5.0 (compatible; VertexWP/1.0; +https://vertexwp.com/bot)"
95.216.2.94 - - [15/Apr/2026:03:25:57 +0200] "POST /wp-cron.php?doing_wp_cron=1776216357.7359459400177001953125 HTTP/1.1" 500 4060 "-" "WordPress/6.4.8; https://www.mykam.ru"
62.171.188.7 - - [15/Apr/2026:03:25:57 +0200] "GET / HTTP/1.1" 301 4115 "-" "Mozilla/5.0 (compatible; VertexWP/1.0; +https://vertexwp.com/bot)"
62.171.188.7 - - [15/Apr/2026:03:25:58 +0200] "GET / HTTP/1.1" 200 49954 "https://mykam.ru" "Mozilla/5.0 (compatible; VertexWP/1.0; +https://vertexwp.com/bot)"
62.171.188.7 - - [15/Apr/2026:03:26:51 +0200] "GET / HTTP/1.1" 301 4115 "-" "Mozilla/5.0 (compatible; VertexWP/1.0; +https://vertexwp.com/bot)"
62.171.188.7 - - [15/Apr/2026:03:26:51 +0200] "GET / HTTP/1.1" 200 49986 "-" "Mozilla/5.0 (compatible; VertexWP/1.0; +https://vertexwp.com/bot)"
62.171.188.7 - - [15/Apr/2026:03:26:51 +0200] "GET / HTTP/1.1" 200 49986 "-" "Mozilla/5.0 (compatible; VertexWP/1.0; +https://vertexwp.com/bot)"
62.171.188.7 - - [15/Apr/2026:03:26:51 +0200] "GET / HTTP/1.1" 200 49954 "https://mykam.ru" "Mozilla/5.0 (compatible; VertexWP/1.0; +https://vertexwp.com/bot)"
95.216.2.94 - - [15/Apr/2026:03:27:20 +0200] "POST /wp-cron.php?doing_wp_cron=1776216440.5733630657196044921875 HTTP/1.1" 500 4060 "-" "WordPress/6.4.8; https://www.mykam.ru"
95.216.2.94 - - [15/Apr/2026:03:27:20 +0200] "POST /wp-cron.php?doing_wp_cron=1776216440.5930860042572021484375 HTTP/1.1" 500 4060 "-" "WordPress/6.4.8; https://www.mykam.ru"
62.171.188.7 - - [15/Apr/2026:03:27:20 +0200] "GET / HTTP/1.1" 301 4115 "-" "Mozilla/5.0 (compatible; VertexWP/1.0; +https://vertexwp.com/bot)"
62.171.188.7 - - [15/Apr/2026:03:27:20 +0200] "GET / HTTP/1.1" 200 49986 "-" "Mozilla/5.0 (compatible; VertexWP/1.0; +https://vertexwp.com/bot)"
95.216.2.94 - - [15/Apr/2026:03:27:20 +0200] "POST /wp-cron.php?doing_wp_cron=1776216440.6514310836791992187500 HTTP/1.1" 500 4060 "-" "WordPress/6.4.8; https://www.mykam.ru"
62.171.188.7 - - [15/Apr/2026:03:27:20 +0200] "GET / HTTP/1.1" 301 4115 "-" "Mozilla/5.0 (compatible; VertexWP/1.0; +https://vertexwp.com/bot)"
62.171.188.7 - - [15/Apr/2026:03:27:20 +0200] "GET / HTTP/1.1" 200 49954 "https://mykam.ru" "Mozilla/5.0 (compatible; VertexWP/1.0; +https://vertexwp.com/bot)"
62.171.188.7 - - [15/Apr/2026:03:27:20 +0200] "GET / HTTP/1.1" 200 49954 "https://mykam.ru" "Mozilla/5.0 (compatible; VertexWP/1.0; +https://vertexwp.com/bot)"
62.171.188.7 - - [15/Apr/2026:03:27:46 +0200] "GET / HTTP/1.1" 301 4115 "-" "Mozilla/5.0 (compatible; VertexWP/1.0; +https://vertexwp.com/bot)"
62.171.188.7 - - [15/Apr/2026:03:27:46 +0200] "GET / HTTP/1.1" 200 49986 "-" "Mozilla/5.0 (compatible; VertexWP/1.0; +https://vertexwp.com/bot)"
62.171.188.7 - - [15/Apr/2026:03:27:46 +0200] "GET / HTTP/1.1" 200 49954 "https://mykam.ru" "Mozilla/5.0 (compatible; VertexWP/1.0; +https://vertexwp.com/bot)"
62.171.188.7 - - [15/Apr/2026:03:28:03 +0200] "GET / HTTP/1.1" 200 49986 "-" "Mozilla/5.0 (compatible; VertexWP/1.0; +https://vertexwp.com/bot)"
62.171.188.7 - - [15/Apr/2026:03:28:03 +0200] "GET / HTTP/1.1" 301 4115 "-" "Mozilla/5.0 (compatible; VertexWP/1.0; +https://vertexwp.com/bot)"
62.171.188.7 - - [15/Apr/2026:03:28:03 +0200] "GET / HTTP/1.1" 200 49954 "https://mykam.ru" "Mozilla/5.0 (compatible; VertexWP/1.0; +https://vertexwp.com/bot)"
62.171.188.7 - - [15/Apr/2026:03:28:17 +0200] "GET / HTTP/1.1" 200 49986 "-" "Mozilla/5.0 (compatible; VertexWP/1.0; +https://vertexwp.com/bot)"
62.171.188.7 - - [15/Apr/2026:03:28:17 +0200] "GET / HTTP/1.1" 301 4115 "-" "Mozilla/5.0 (compatible; VertexWP/1.0; +https://vertexwp.com/bot)"
62.171.188.7 - - [15/Apr/2026:03:28:17 +0200] "GET / HTTP/1.1" 200 49986 "-" "Mozilla/5.0 (compatible; VertexWP/1.0; +https://vertexwp.com/bot)"
62.171.188.7 - - [15/Apr/2026:03:28:17 +0200] "GET / HTTP/1.1" 200 49954 "https://mykam.ru" "Mozilla/5.0 (compatible; VertexWP/1.0; +https://vertexwp.com/bot)"
95.216.2.94 - - [15/Apr/2026:03:28:32 +0200] "POST /wp-cron.php?doing_wp_cron=1776216512.5394649505615234375000 HTTP/1.1" 500 4060 "-" "WordPress/6.4.8; https://www.mykam.ru"
5.1.11.250 - - [15/Apr/2026:03:28:32 +0200] "GET /2008/08/27/207/ HTTP/1.0" 200 29844 "https://www.mykam.ru/2008/08/27/207/" "Mozilla/5.0 (Windows NT 10.0; Win64; x64) AppleWebKit/537.36 (KHTML, like Gecko) Chrome/130.0.0.0 Safari/537.36 CCleaner/130.0.0.0"
5.1.11.250 - - [15/Apr/2026:03:28:33 +0200] "POST /wp-comments-post.php HTTP/1.0" 500 3590 "https://www.mykam.ru/2008/08/27/207/" "Mozilla/5.0 (Windows NT 10.0; Win64; x64) AppleWebKit/537.36 (KHTML, like Gecko) Chrome/130.0.0.0 Safari/537.36 CCleaner/130.0.0.0"
5.1.11.250 - - [15/Apr/2026:03:28:33 +0200] "GET /2008/08/27/207/ HTTP/1.0" 200 29843 "https://www.mykam.ru/2008/08/27/207/" "Mozilla/5.0 (Windows NT 10.0; Win64; x64) AppleWebKit/537.36 (KHTML, like Gecko) Chrome/130.0.0.0 Safari/537.36"
5.1.11.250 - - [15/Apr/2026:03:28:33 +0200] "POST /wp-comments-post.php HTTP/1.0" 500 3590 "https://www.mykam.ru/2008/08/27/207/" "Mozilla/5.0 (Windows NT 10.0; Win64; x64) AppleWebKit/537.36 (KHTML, like Gecko) Chrome/130.0.0.0 Safari/537.36"
62.171.188.7 - - [15/Apr/2026:03:28:34 +0200] "GET / HTTP/1.1" 301 4115 "-" "Mozilla/5.0 (compatible; VertexWP/1.0; +https://vertexwp.com/bot)"
62.171.188.7 - - [15/Apr/2026:03:28:34 +0200] "GET / HTTP/1.1" 301 4115 "-" "Mozilla/5.0 (compatible; VertexWP/1.0; +https://vertexwp.com/bot)"
62.171.188.7 - - [15/Apr/2026:03:28:34 +0200] "GET / HTTP/1.1" 200 49986 "-" "Mozilla/5.0 (compatible; VertexWP/1.0; +https://vertexwp.com/bot)"
62.171.188.7 - - [15/Apr/2026:03:28:34 +0200] "GET / HTTP/1.1" 200 49954 "https://mykam.ru" "Mozilla/5.0 (compatible; VertexWP/1.0; +https://vertexwp.com/bot)"
62.171.188.7 - - [15/Apr/2026:03:28:34 +0200] "GET / HTTP/1.1" 200 49954 "https://mykam.ru" "Mozilla/5.0 (compatible; VertexWP/1.0; +https://vertexwp.com/bot)"
62.171.188.7 - - [15/Apr/2026:03:28:45 +0200] "GET / HTTP/1.1" 301 4115 "-" "Mozilla/5.0 (compatible; VertexWP/1.0; +https://vertexwp.com/bot)"
62.171.188.7 - - [15/Apr/2026:03:28:45 +0200] "GET / HTTP/1.1" 200 49986 "-" "Mozilla/5.0 (compatible; VertexWP/1.0; +https://vertexwp.com/bot)"
62.171.188.7 - - [15/Apr/2026:03:28:45 +0200] "GET / HTTP/1.1" 200 49954 "https://mykam.ru" "Mozilla/5.0 (compatible; VertexWP/1.0; +https://vertexwp.com/bot)"
62.171.188.7 - - [15/Apr/2026:03:28:55 +0200] "GET / HTTP/1.1" 301 4115 "-" "Mozilla/5.0 (compatible; VertexWP/1.0; +https://vertexwp.com/bot)"
62.171.188.7 - - [15/Apr/2026:03:28:55 +0200] "GET / HTTP/1.1" 200 49986 "-" "Mozilla/5.0 (compatible; VertexWP/1.0; +https://vertexwp.com/bot)"
62.171.188.7 - - [15/Apr/2026:03:28:55 +0200] "GET / HTTP/1.1" 200 49954 "https://mykam.ru" "Mozilla/5.0 (compatible; VertexWP/1.0; +https://vertexwp.com/bot)"
95.216.2.94 - - [15/Apr/2026:03:43:28 +0200] "POST /wp-cron.php?doing_wp_cron=1776217407.7348620891571044921875 HTTP/1.1" 500 4060 "-" "WordPress/6.4.8; https://www.mykam.ru"
5.188.118.200 - - [15/Apr/2026:03:43:27 +0200] "GET /2006/07/10/20/ HTTP/1.0" 200 37376 "https://www.mykam.ru/2006/07/10/20/#comment-309194" "Mozilla/5.0 (Windows NT 10.0; Win64; x64) AppleWebKit/537.36 (KHTML, like Gecko) Chrome/103.0.0.0 Safari/537.36 Herring/95.1.8810.11"
5.188.118.200 - - [15/Apr/2026:03:43:28 +0200] "POST /wp-comments-post.php HTTP/1.0" 500 3590 "https://www.mykam.ru/2006/07/10/20/#comment-309194" "Mozilla/5.0 (Windows NT 10.0; Win64; x64) AppleWebKit/537.36 (KHTML, like Gecko) Chrome/103.0.0.0 Safari/537.36 Herring/95.1.8810.11"
5.188.118.200 - - [15/Apr/2026:03:43:28 +0200] "GET /2006/07/10/20/ HTTP/1.0" 200 37375 "https://www.mykam.ru/2006/07/10/20/#comment-309194" "Mozilla/5.0 (Windows NT 10.0; Win64; x64) AppleWebKit/537.36 (KHTML, like Gecko) Chrome/103.0.0.0 Safari/537.36 Herring/95.1.8810.11"
95.216.2.94 - - [15/Apr/2026:03:45:17 +0200] "POST /wp-cron.php?doing_wp_cron=1776217517.5459480285644531250000 HTTP/1.1" 500 185 "-" "WordPress/6.4.8; https://www.mykam.ru"
182.44.12.37 - - [15/Apr/2026:03:45:17 +0200] "GET / HTTP/1.1" 200 11510 "-" "Mozilla/5.0 (iPhone; CPU iPhone OS 13_2_3 like Mac OS X) AppleWebKit/605.1.15 (KHTML, like Gecko) Version/13.0.3 Mobile/15E148 Safari/604.1"
117.242.39.73 - - [15/Apr/2026:03:49:33 +0200] "POST /xmlrpc.php HTTP/1.1" 500 4013 "-" "Mozilla/5.0 (Windows NT 6.2; arm64) AppleWebKit/537.36 (KHTML, like Gecko) Safari/13.0.0.0 Safari/537.36"
95.216.2.94 - - [15/Apr/2026:03:50:10 +0200] "POST /wp-cron.php?doing_wp_cron=1776217810.5176858901977539062500 HTTP/1.1" 500 185 "-" "WordPress/6.4.8; https://www.mykam.ru"
94.154.35.236 - - [15/Apr/2026:03:50:10 +0200] "HEAD /bkup.7z HTTP/1.1" 301 320 "-" "Mozilla/5.0 (Windows NT 10.0; Win64; x64) AppleWebKit/537.36 (KHTML, like Gecko) Chrome/101.0.4951.67 Safari/537.36"
94.154.35.236 - - [15/Apr/2026:03:50:10 +0200] "HEAD /bkup.7z HTTP/1.1" 404 312 "-" "Mozilla/5.0 (Windows NT 10.0; Win64; x64) AppleWebKit/537.36 (KHTML, like Gecko) Chrome/101.0.4951.67 Safari/537.36"
95.108.213.139 - - [15/Apr/2026:03:53:33 +0200] "GET /robots.txt HTTP/1.1" 200 665 "-" "Mozilla/5.0 (compatible; YandexBot/3.0; +http://yandex.com/bots)"
5.255.231.18 - - [15/Apr/2026:03:53:34 +0200] "GET /wp-content/themes/dilectio/favicon.ico HTTP/1.1" 200 3163 "-" "Mozilla/5.0 (compatible; YandexFavicons/1.0; +http://yandex.com/bots)"
95.216.2.94 - - [15/Apr/2026:03:55:34 +0200] "POST /wp-cron.php?doing_wp_cron=1776218134.9528129100799560546875 HTTP/1.1" 500 185 "-" "WordPress/6.4.8; https://www.mykam.ru"
107.150.52.58 - - [15/Apr/2026:03:55:34 +0200] "GET /wp-content/x549148/edit.php HTTP/1.1" 301 396 "http://mykam.ru/wp-content/x549148/edit.php" "Mozilla/5.0 (Windows NT 10.0; Win64; x64) AppleWebKit/537.36 (KHTML, like Gecko) Chrome/58.0.3029.110 Safari/537.3"
107.150.52.58 - - [15/Apr/2026:03:55:53 +0200] "GET /wp-content/x549148/edit.php HTTP/1.1" 404 19692 "http://mykam.ru/wp-content/x549148/edit.php" "Mozilla/5.0 (Windows NT 10.0; Win64; x64) AppleWebKit/537.36 (KHTML, like Gecko) Chrome/58.0.3029.110 Safari/537.3"
159.89.55.245 - - [15/Apr/2026:03:56:14 +0200] "GET /.git/config HTTP/1.1" 301 380 "-" "Mozilla/5.0 (X11; Linux x86_64) AppleWebKit/537.36 (KHTML, like Gecko) Chrome/81.0.4044.129 Safari/537.36"
159.89.55.245 - - [15/Apr/2026:03:56:18 +0200] "GET /.git/config HTTP/1.1" 301 4256 "-" "Mozilla/5.0 (X11; Linux x86_64) AppleWebKit/537.36 (KHTML, like Gecko) Chrome/81.0.4044.129 Safari/537.36"
85.208.96.200 - - [15/Apr/2026:03:56:48 +0200] "GET /robots.txt HTTP/1.1" 200 4259 "-" "Mozilla/5.0 (compatible; SemrushBot/7~bl; +http://www.semrush.com/bot.html)"
95.216.2.94 - - [15/Apr/2026:03:56:50 +0200] "POST /wp-cron.php?doing_wp_cron=1776218210.0557520389556884765625 HTTP/1.1" 500 4060 "-" "WordPress/6.4.8; https://www.mykam.ru"
185.191.171.3 - - [15/Apr/2026:03:56:49 +0200] "GET /2008/08/16/177/ HTTP/1.1" 200 14455 "-" "Mozilla/5.0 (compatible; SemrushBot/7~bl; +http://www.semrush.com/bot.html)"
114.119.156.84 - - [15/Apr/2026:04:02:30 +0200] "GET /robots.txt HTTP/1.1" 200 4291 "-" "Mozilla/5.0 (compatible;PetalBot;+https://webmaster.petalsearch.com/site/petalbot)"
95.216.2.94 - - [15/Apr/2026:04:09:56 +0200] "POST /wp-cron.php?doing_wp_cron=1776218996.6574239730834960937500 HTTP/1.1" 500 4060 "-" "WordPress/6.4.8; https://www.mykam.ru"
114.119.144.202 - - [15/Apr/2026:04:09:56 +0200] "GET /2006/07/12/23/ HTTP/1.1" 200 12920 "https://www.mykam.ru/2006/07/page/2" "Mozilla/5.0 (Linux; Android 7.0;) AppleWebKit/537.36 (KHTML, like Gecko) Mobile Safari/537.36 (compatible; PetalBot;+https://webmaster.petalsearch.com/site/petalbot)"
216.73.216.82 - - [15/Apr/2026:04:11:33 +0200] "GET /robots.txt HTTP/1.1" 200 4287 "-" "Mozilla/5.0 AppleWebKit/537.36 (KHTML, like Gecko; compatible; ClaudeBot/1.0; +claudebot@anthropic.com)"
95.216.2.94 - - [15/Apr/2026:04:11:34 +0200] "POST /wp-cron.php?doing_wp_cron=1776219094.1286070346832275390625 HTTP/1.1" 500 4060 "-" "WordPress/6.4.8; https://www.mykam.ru"
216.73.216.82 - - [15/Apr/2026:04:11:34 +0200] "GET / HTTP/1.1" 200 11626 "-" "Mozilla/5.0 AppleWebKit/537.36 (KHTML, like Gecko; compatible; ClaudeBot/1.0; +claudebot@anthropic.com)"
114.119.155.121 - - [15/Apr/2026:04:11:50 +0200] "GET /2006/07/04/14/ HTTP/1.1" 200 12665 "https://www.mykam.ru/2006/07/page/3/" "Mozilla/5.0 (Linux; Android 7.0;) AppleWebKit/537.36 (KHTML, like Gecko) Mobile Safari/537.36 (compatible; PetalBot;+https://webmaster.petalsearch.com/site/petalbot)"
209.141.46.13 - - [15/Apr/2026:04:12:31 +0200] "GET /wp-login.php HTTP/1.1" 302 4342 "-" "Mozilla/5.0 (Windows NT 10.0; Win64; x64) AppleWebKit/537.36 (KHTML, like Gecko) Chrome/134.0.0.0 Safari/537.36"
209.141.46.13 - - [15/Apr/2026:04:12:33 +0200] "GET /wp-login.php HTTP/1.1" 302 4310 "-" "Mozilla/5.0 (Windows NT 10.0; Win64; x64) AppleWebKit/537.36 (KHTML, like Gecko) Chrome/134.0.0.0 Safari/537.36"
209.141.46.13 - - [15/Apr/2026:04:12:33 +0200] "GET /wp-login.php HTTP/1.1" 302 510 "-" "Mozilla/5.0 (Windows NT 10.0; Win64; x64) AppleWebKit/537.36 (KHTML, like Gecko) Chrome/134.0.0.0 Safari/537.36"
209.141.46.13 - - [15/Apr/2026:04:12:34 +0200] "GET /wp-login.php HTTP/1.1" 302 510 "-" "Mozilla/5.0 (Windows NT 10.0; Win64; x64) AppleWebKit/537.36 (KHTML, like Gecko) Chrome/134.0.0.0 Safari/537.36"
95.216.2.94 - - [15/Apr/2026:04:12:34 +0200] "POST /wp-cron.php?doing_wp_cron=1776219154.3933589458465576171875 HTTP/1.1" 500 4060 "-" "WordPress/6.4.8; https://www.mykam.ru"
209.141.46.13 - - [15/Apr/2026:04:12:34 +0200] "GET /wp-login.php HTTP/1.1" 302 510 "-" "Mozilla/5.0 (Windows NT 10.0; Win64; x64) AppleWebKit/537.36 (KHTML, like Gecko) Chrome/134.0.0.0 Safari/537.36"
209.141.46.13 - - [15/Apr/2026:04:12:34 +0200] "GET /wp-login.php HTTP/1.1" 302 510 "-" "Mozilla/5.0 (Windows NT 10.0; Win64; x64) AppleWebKit/537.36 (KHTML, like Gecko) Chrome/134.0.0.0 Safari/537.36"
209.141.46.13 - - [15/Apr/2026:04:12:34 +0200] "GET /wp-login.php HTTP/1.1" 302 510 "-" "Mozilla/5.0 (Windows NT 10.0; Win64; x64) AppleWebKit/537.36 (KHTML, like Gecko) Chrome/134.0.0.0 Safari/537.36"
209.141.46.13 - - [15/Apr/2026:04:12:35 +0200] "GET /wp-login.php HTTP/1.1" 302 510 "-" "Mozilla/5.0 (Windows NT 10.0; Win64; x64) AppleWebKit/537.36 (KHTML, like Gecko) Chrome/134.0.0.0 Safari/537.36"
209.141.46.13 - - [15/Apr/2026:04:12:35 +0200] "GET /wp-login.php HTTP/1.1" 302 510 "-" "Mozilla/5.0 (Windows NT 10.0; Win64; x64) AppleWebKit/537.36 (KHTML, like Gecko) Chrome/134.0.0.0 Safari/537.36"
209.141.46.13 - - [15/Apr/2026:04:12:35 +0200] "GET /wp-login.php HTTP/1.1" 302 510 "-" "Mozilla/5.0 (Windows NT 10.0; Win64; x64) AppleWebKit/537.36 (KHTML, like Gecko) Chrome/134.0.0.0 Safari/537.36"
209.141.46.13 - - [15/Apr/2026:04:12:36 +0200] "GET /wp-login.php HTTP/1.1" 302 510 "-" "Mozilla/5.0 (Windows NT 10.0; Win64; x64) AppleWebKit/537.36 (KHTML, like Gecko) Chrome/134.0.0.0 Safari/537.36"
209.141.46.13 - - [15/Apr/2026:04:12:36 +0200] "GET /wp-login.php HTTP/1.1" 302 510 "-" "Mozilla/5.0 (Windows NT 10.0; Win64; x64) AppleWebKit/537.36 (KHTML, like Gecko) Chrome/134.0.0.0 Safari/537.36"
209.141.46.13 - - [15/Apr/2026:04:12:36 +0200] "GET /wp-login.php HTTP/1.1" 302 510 "-" "Mozilla/5.0 (Windows NT 10.0; Win64; x64) AppleWebKit/537.36 (KHTML, like Gecko) Chrome/134.0.0.0 Safari/537.36"
209.141.46.13 - - [15/Apr/2026:04:12:37 +0200] "GET /wp-login.php HTTP/1.1" 302 510 "-" "Mozilla/5.0 (Windows NT 10.0; Win64; x64) AppleWebKit/537.36 (KHTML, like Gecko) Chrome/134.0.0.0 Safari/537.36"
209.141.46.13 - - [15/Apr/2026:04:12:37 +0200] "GET /wp-login.php HTTP/1.1" 302 510 "-" "Mozilla/5.0 (Windows NT 10.0; Win64; x64) AppleWebKit/537.36 (KHTML, like Gecko) Chrome/134.0.0.0 Safari/537.36"
209.141.46.13 - - [15/Apr/2026:04:12:37 +0200] "GET /wp-login.php HTTP/1.1" 302 510 "-" "Mozilla/5.0 (Windows NT 10.0; Win64; x64) AppleWebKit/537.36 (KHTML, like Gecko) Chrome/134.0.0.0 Safari/537.36"
209.141.46.13 - - [15/Apr/2026:04:12:38 +0200] "GET /wp-login.php HTTP/1.1" 302 510 "-" "Mozilla/5.0 (Windows NT 10.0; Win64; x64) AppleWebKit/537.36 (KHTML, like Gecko) Chrome/134.0.0.0 Safari/537.36"
209.141.46.13 - - [15/Apr/2026:04:12:38 +0200] "GET /wp-login.php HTTP/1.1" 302 510 "-" "Mozilla/5.0 (Windows NT 10.0; Win64; x64) AppleWebKit/537.36 (KHTML, like Gecko) Chrome/134.0.0.0 Safari/537.36"
209.141.46.13 - - [15/Apr/2026:04:12:38 +0200] "GET /wp-login.php HTTP/1.1" 302 510 "-" "Mozilla/5.0 (Windows NT 10.0; Win64; x64) AppleWebKit/537.36 (KHTML, like Gecko) Chrome/134.0.0.0 Safari/537.36"
209.141.46.13 - - [15/Apr/2026:04:12:39 +0200] "GET /wp-login.php HTTP/1.1" 302 510 "-" "Mozilla/5.0 (Windows NT 10.0; Win64; x64) AppleWebKit/537.36 (KHTML, like Gecko) Chrome/134.0.0.0 Safari/537.36"
209.141.46.13 - - [15/Apr/2026:04:12:39 +0200] "GET /wp-login.php HTTP/1.1" 302 510 "-" "Mozilla/5.0 (Windows NT 10.0; Win64; x64) AppleWebKit/537.36 (KHTML, like Gecko) Chrome/134.0.0.0 Safari/537.36"
209.141.46.13 - - [15/Apr/2026:04:12:39 +0200] "GET /wp-login.php HTTP/1.1" 302 510 "-" "Mozilla/5.0 (Windows NT 10.0; Win64; x64) AppleWebKit/537.36 (KHTML, like Gecko) Chrome/134.0.0.0 Safari/537.36"
209.141.46.13 - - [15/Apr/2026:04:12:39 +0200] "GET /wp-login.php HTTP/1.1" 302 510 "-" "Mozilla/5.0 (Windows NT 10.0; Win64; x64) AppleWebKit/537.36 (KHTML, like Gecko) Chrome/134.0.0.0 Safari/537.36"
209.141.46.13 - - [15/Apr/2026:04:12:40 +0200] "GET /wp-login.php HTTP/1.1" 302 510 "-" "Mozilla/5.0 (Windows NT 10.0; Win64; x64) AppleWebKit/537.36 (KHTML, like Gecko) Chrome/134.0.0.0 Safari/537.36"
209.141.46.13 - - [15/Apr/2026:04:12:40 +0200] "GET /wp-login.php HTTP/1.1" 302 510 "-" "Mozilla/5.0 (Windows NT 10.0; Win64; x64) AppleWebKit/537.36 (KHTML, like Gecko) Chrome/134.0.0.0 Safari/537.36"
209.141.46.13 - - [15/Apr/2026:04:12:40 +0200] "GET /wp-login.php HTTP/1.1" 302 510 "-" "Mozilla/5.0 (Windows NT 10.0; Win64; x64) AppleWebKit/537.36 (KHTML, like Gecko) Chrome/134.0.0.0 Safari/537.36"
209.141.46.13 - - [15/Apr/2026:04:12:41 +0200] "GET /wp-login.php HTTP/1.1" 302 510 "-" "Mozilla/5.0 (Windows NT 10.0; Win64; x64) AppleWebKit/537.36 (KHTML, like Gecko) Chrome/134.0.0.0 Safari/537.36"
209.141.46.13 - - [15/Apr/2026:04:12:41 +0200] "GET /wp-login.php HTTP/1.1" 302 510 "-" "Mozilla/5.0 (Windows NT 10.0; Win64; x64) AppleWebKit/537.36 (KHTML, like Gecko) Chrome/134.0.0.0 Safari/537.36"
209.141.46.13 - - [15/Apr/2026:04:12:41 +0200] "GET /wp-login.php HTTP/1.1" 302 510 "-" "Mozilla/5.0 (Windows NT 10.0; Win64; x64) AppleWebKit/537.36 (KHTML, like Gecko) Chrome/134.0.0.0 Safari/537.36"
209.141.46.13 - - [15/Apr/2026:04:12:42 +0200] "GET /wp-login.php HTTP/1.1" 302 510 "-" "Mozilla/5.0 (Windows NT 10.0; Win64; x64) AppleWebKit/537.36 (KHTML, like Gecko) Chrome/134.0.0.0 Safari/537.36"
209.141.46.13 - - [15/Apr/2026:04:12:42 +0200] "GET /wp-login.php HTTP/1.1" 302 510 "-" "Mozilla/5.0 (Windows NT 10.0; Win64; x64) AppleWebKit/537.36 (KHTML, like Gecko) Chrome/134.0.0.0 Safari/537.36"
114.119.152.86 - - [15/Apr/2026:04:12:50 +0200] "GET /sitemap.html HTTP/1.1" 200 5242 "-" "Mozilla/5.0 (Linux; Android 7.0;) AppleWebKit/537.36 (KHTML, like Gecko) Mobile Safari/537.36 (compatible; PetalBot;+https://webmaster.petalsearch.com/site/petalbot)"
95.216.2.94 - - [15/Apr/2026:04:17:22 +0200] "POST /wp-cron.php?doing_wp_cron=1776219442.4988260269165039062500 HTTP/1.1" 500 185 "-" "WordPress/6.4.8; https://www.mykam.ru"
94.154.35.236 - - [15/Apr/2026:04:17:22 +0200] "HEAD /bkp.tar.gz HTTP/1.1" 301 323 "-" "Mozilla/5.0 (Windows NT 10.0; Win64; x64) AppleWebKit/537.36 (KHTML, like Gecko) Chrome/101.0.4951.67 Safari/537.36"
