152.228.220.143 - - [15/Apr/2026:04:17:22 +0200] "GET /category/food/feed/ HTTP/1.1" 200 3991 "-" "Mozilla/5.0 (X11; Linux i686) AppleWebKit/537.36 (KHTML, like Gecko) Chrome/30.0.1599.66 Safari/537.36"
94.154.35.236 - - [15/Apr/2026:04:17:22 +0200] "HEAD /bkp.tar.gz HTTP/1.1" 404 312 "-" "Mozilla/5.0 (Windows NT 10.0; Win64; x64) AppleWebKit/537.36 (KHTML, like Gecko) Chrome/101.0.4951.67 Safari/537.36"
95.216.2.94 - - [15/Apr/2026:04:20:36 +0200] "POST /wp-cron.php?doing_wp_cron=1776219636.5738470554351806640625 HTTP/1.1" 500 4060 "-" "WordPress/6.4.8; https://www.mykam.ru"
216.73.216.82 - - [15/Apr/2026:04:20:36 +0200] "GET / HTTP/1.1" 200 15425 "-" "Mozilla/5.0 AppleWebKit/537.36 (KHTML, like Gecko; compatible; ClaudeBot/1.0; +claudebot@anthropic.com)"
95.216.2.94 - - [15/Apr/2026:04:27:32 +0200] "POST /wp-cron.php?doing_wp_cron=1776220052.0011050701141357421875 HTTP/1.1" 500 4060 "-" "WordPress/6.4.8; https://www.mykam.ru"
77.75.78.162 - - [15/Apr/2026:04:27:31 +0200] "GET /sitemap-pt-page-p1-2006-05.xml HTTP/1.1" 200 4635 "-" "Mozilla/5.0 (compatible; SeznamBot/4.0; +https://o-seznam.cz/napoveda/vyhledavani/en/seznambot-crawler/)"
95.216.2.94 - - [15/Apr/2026:04:33:08 +0200] "POST /wp-cron.php?doing_wp_cron=1776220388.1165990829467773437500 HTTP/1.1" 500 185 "-" "WordPress/6.4.8; https://www.mykam.ru"
119.12.165.203 - - [15/Apr/2026:04:33:08 +0200] "GET /2006/08/25/92/ HTTP/1.1" 200 8832 "-" "Mozilla/5.0 (Macintosh; Intel Mac OS X 10_15_7) AppleWebKit/537.36 (KHTML, like Gecko) Chrome/145.0.0.0 Safari/537.36"
119.12.165.203 - - [15/Apr/2026:04:33:08 +0200] "GET /wp-content/themes/dilectio/style.css HTTP/1.1" 200 4354 "-" "Mozilla/5.0 (Macintosh; Intel Mac OS X 10_15_7) AppleWebKit/537.36 (KHTML, like Gecko) Chrome/145.0.0.0 Safari/537.36"
119.12.165.203 - - [15/Apr/2026:04:33:08 +0200] "GET /wp-includes/css/dist/block-library/style.min.css?ver=6.4.8 HTTP/1.1" 200 14841 "-" "Mozilla/5.0 (Macintosh; Intel Mac OS X 10_15_7) AppleWebKit/537.36 (KHTML, like Gecko) Chrome/145.0.0.0 Safari/537.36"
119.12.165.203 - - [15/Apr/2026:04:33:09 +0200] "GET /wp-content/plugins/shutter-reloaded/shutter-reloaded.css?ver=2.4 HTTP/1.1" 200 1244 "-" "Mozilla/5.0 (Macintosh; Intel Mac OS X 10_15_7) AppleWebKit/537.36 (KHTML, like Gecko) Chrome/145.0.0.0 Safari/537.36"
119.12.165.203 - - [15/Apr/2026:04:33:09 +0200] "GET /wp-content/themes/dilectio/javascript/imghover.js HTTP/1.1" 200 491 "-" "Mozilla/5.0 (Macintosh; Intel Mac OS X 10_15_7) AppleWebKit/537.36 (KHTML, like Gecko) Chrome/145.0.0.0 Safari/537.36"
119.12.165.203 - - [15/Apr/2026:04:33:09 +0200] "GET /wp-content/themes/dilectio/javascript/tabs.js HTTP/1.1" 200 799 "-" "Mozilla/5.0 (Macintosh; Intel Mac OS X 10_15_7) AppleWebKit/537.36 (KHTML, like Gecko) Chrome/145.0.0.0 Safari/537.36"
51.68.107.142 - - [15/Apr/2026:04:35:44 +0200] "GET /robots.txt HTTP/1.1" 200 4296 "-" "Mozilla/5.0 (compatible; MJ12bot/v2.0.5; http://mj12bot.com/)"
95.216.2.94 - - [15/Apr/2026:04:35:44 +0200] "POST /wp-cron.php?doing_wp_cron=1776220544.7753980159759521484375 HTTP/1.1" 500 4060 "-" "WordPress/6.4.8; https://www.mykam.ru"
51.68.107.142 - - [15/Apr/2026:04:35:44 +0200] "GET / HTTP/1.1" 200 11681 "-" "Mozilla/5.0 (compatible; MJ12bot/v2.0.5; http://mj12bot.com/)"
95.216.2.94 - - [15/Apr/2026:04:37:48 +0200] "POST /wp-cron.php?doing_wp_cron=1776220667.9960770606994628906250 HTTP/1.1" 500 4060 "-" "WordPress/6.4.8; https://www.mykam.ru"
107.189.10.248 - - [15/Apr/2026:04:37:47 +0200] "GET /wp-login.php HTTP/1.1" 301 4257 "-" "Mozilla/5.0 (Windows NT 10.0; Win64; x64) AppleWebKit/537.36 (KHTML, like Gecko) Chrome/134.0.0.0 Safari/537.36"
107.189.10.248 - - [15/Apr/2026:04:37:48 +0200] "GET /wp-login.php HTTP/1.1" 302 4310 "-" "Mozilla/5.0 (Windows NT 10.0; Win64; x64) AppleWebKit/537.36 (KHTML, like Gecko) Chrome/134.0.0.0 Safari/537.36"
107.189.10.248 - - [15/Apr/2026:04:37:48 +0200] "GET /wp-login.php HTTP/1.1" 302 510 "-" "Mozilla/5.0 (Windows NT 10.0; Win64; x64) AppleWebKit/537.36 (KHTML, like Gecko) Chrome/134.0.0.0 Safari/537.36"
107.189.10.248 - - [15/Apr/2026:04:37:48 +0200] "GET /wp-login.php HTTP/1.1" 302 510 "-" "Mozilla/5.0 (Windows NT 10.0; Win64; x64) AppleWebKit/537.36 (KHTML, like Gecko) Chrome/134.0.0.0 Safari/537.36"
107.189.10.248 - - [15/Apr/2026:04:37:48 +0200] "GET /wp-login.php HTTP/1.1" 302 510 "-" "Mozilla/5.0 (Windows NT 10.0; Win64; x64) AppleWebKit/537.36 (KHTML, like Gecko) Chrome/134.0.0.0 Safari/537.36"
107.189.10.248 - - [15/Apr/2026:04:37:48 +0200] "GET /wp-login.php HTTP/1.1" 302 510 "-" "Mozilla/5.0 (Windows NT 10.0; Win64; x64) AppleWebKit/537.36 (KHTML, like Gecko) Chrome/134.0.0.0 Safari/537.36"
107.189.10.248 - - [15/Apr/2026:04:37:49 +0200] "GET /wp-login.php HTTP/1.1" 302 510 "-" "Mozilla/5.0 (Windows NT 10.0; Win64; x64) AppleWebKit/537.36 (KHTML, like Gecko) Chrome/134.0.0.0 Safari/537.36"
107.189.10.248 - - [15/Apr/2026:04:37:49 +0200] "GET /wp-login.php HTTP/1.1" 302 510 "-" "Mozilla/5.0 (Windows NT 10.0; Win64; x64) AppleWebKit/537.36 (KHTML, like Gecko) Chrome/134.0.0.0 Safari/537.36"
107.189.10.248 - - [15/Apr/2026:04:37:49 +0200] "GET /wp-login.php HTTP/1.1" 302 510 "-" "Mozilla/5.0 (Windows NT 10.0; Win64; x64) AppleWebKit/537.36 (KHTML, like Gecko) Chrome/134.0.0.0 Safari/537.36"
107.189.10.248 - - [15/Apr/2026:04:37:49 +0200] "GET /wp-login.php HTTP/1.1" 302 510 "-" "Mozilla/5.0 (Windows NT 10.0; Win64; x64) AppleWebKit/537.36 (KHTML, like Gecko) Chrome/134.0.0.0 Safari/537.36"
107.189.10.248 - - [15/Apr/2026:04:37:49 +0200] "GET /wp-login.php HTTP/1.1" 302 510 "-" "Mozilla/5.0 (Windows NT 10.0; Win64; x64) AppleWebKit/537.36 (KHTML, like Gecko) Chrome/134.0.0.0 Safari/537.36"
107.189.10.248 - - [15/Apr/2026:04:37:49 +0200] "GET /wp-login.php HTTP/1.1" 302 510 "-" "Mozilla/5.0 (Windows NT 10.0; Win64; x64) AppleWebKit/537.36 (KHTML, like Gecko) Chrome/134.0.0.0 Safari/537.36"
107.189.10.248 - - [15/Apr/2026:04:37:49 +0200] "GET /wp-login.php HTTP/1.1" 302 510 "-" "Mozilla/5.0 (Windows NT 10.0; Win64; x64) AppleWebKit/537.36 (KHTML, like Gecko) Chrome/134.0.0.0 Safari/537.36"
107.189.10.248 - - [15/Apr/2026:04:37:50 +0200] "GET /wp-login.php HTTP/1.1" 302 510 "-" "Mozilla/5.0 (Windows NT 10.0; Win64; x64) AppleWebKit/537.36 (KHTML, like Gecko) Chrome/134.0.0.0 Safari/537.36"
107.189.10.248 - - [15/Apr/2026:04:37:50 +0200] "GET /wp-login.php HTTP/1.1" 302 510 "-" "Mozilla/5.0 (Windows NT 10.0; Win64; x64) AppleWebKit/537.36 (KHTML, like Gecko) Chrome/134.0.0.0 Safari/537.36"
107.189.10.248 - - [15/Apr/2026:04:37:50 +0200] "GET /wp-login.php HTTP/1.1" 302 510 "-" "Mozilla/5.0 (Windows NT 10.0; Win64; x64) AppleWebKit/537.36 (KHTML, like Gecko) Chrome/134.0.0.0 Safari/537.36"
107.189.10.248 - - [15/Apr/2026:04:37:50 +0200] "GET /wp-login.php HTTP/1.1" 302 510 "-" "Mozilla/5.0 (Windows NT 10.0; Win64; x64) AppleWebKit/537.36 (KHTML, like Gecko) Chrome/134.0.0.0 Safari/537.36"
107.189.10.248 - - [15/Apr/2026:04:37:50 +0200] "GET /wp-login.php HTTP/1.1" 302 510 "-" "Mozilla/5.0 (Windows NT 10.0; Win64; x64) AppleWebKit/537.36 (KHTML, like Gecko) Chrome/134.0.0.0 Safari/537.36"
107.189.10.248 - - [15/Apr/2026:04:37:50 +0200] "GET /wp-login.php HTTP/1.1" 302 510 "-" "Mozilla/5.0 (Windows NT 10.0; Win64; x64) AppleWebKit/537.36 (KHTML, like Gecko) Chrome/134.0.0.0 Safari/537.36"
107.189.10.248 - - [15/Apr/2026:04:37:50 +0200] "GET /wp-login.php HTTP/1.1" 302 510 "-" "Mozilla/5.0 (Windows NT 10.0; Win64; x64) AppleWebKit/537.36 (KHTML, like Gecko) Chrome/134.0.0.0 Safari/537.36"
107.189.10.248 - - [15/Apr/2026:04:37:51 +0200] "GET /wp-login.php HTTP/1.1" 302 510 "-" "Mozilla/5.0 (Windows NT 10.0; Win64; x64) AppleWebKit/537.36 (KHTML, like Gecko) Chrome/134.0.0.0 Safari/537.36"
107.189.10.248 - - [15/Apr/2026:04:37:51 +0200] "GET /wp-login.php HTTP/1.1" 302 510 "-" "Mozilla/5.0 (Windows NT 10.0; Win64; x64) AppleWebKit/537.36 (KHTML, like Gecko) Chrome/134.0.0.0 Safari/537.36"
107.189.10.248 - - [15/Apr/2026:04:37:51 +0200] "GET /wp-login.php HTTP/1.1" 302 510 "-" "Mozilla/5.0 (Windows NT 10.0; Win64; x64) AppleWebKit/537.36 (KHTML, like Gecko) Chrome/134.0.0.0 Safari/537.36"
107.189.10.248 - - [15/Apr/2026:04:37:51 +0200] "GET /wp-login.php HTTP/1.1" 302 510 "-" "Mozilla/5.0 (Windows NT 10.0; Win64; x64) AppleWebKit/537.36 (KHTML, like Gecko) Chrome/134.0.0.0 Safari/537.36"
107.189.10.248 - - [15/Apr/2026:04:37:51 +0200] "GET /wp-login.php HTTP/1.1" 302 510 "-" "Mozilla/5.0 (Windows NT 10.0; Win64; x64) AppleWebKit/537.36 (KHTML, like Gecko) Chrome/134.0.0.0 Safari/537.36"
107.189.10.248 - - [15/Apr/2026:04:37:51 +0200] "GET /wp-login.php HTTP/1.1" 302 510 "-" "Mozilla/5.0 (Windows NT 10.0; Win64; x64) AppleWebKit/537.36 (KHTML, like Gecko) Chrome/134.0.0.0 Safari/537.36"
107.189.10.248 - - [15/Apr/2026:04:37:51 +0200] "GET /wp-login.php HTTP/1.1" 302 510 "-" "Mozilla/5.0 (Windows NT 10.0; Win64; x64) AppleWebKit/537.36 (KHTML, like Gecko) Chrome/134.0.0.0 Safari/537.36"
107.189.10.248 - - [15/Apr/2026:04:37:52 +0200] "GET /wp-login.php HTTP/1.1" 302 510 "-" "Mozilla/5.0 (Windows NT 10.0; Win64; x64) AppleWebKit/537.36 (KHTML, like Gecko) Chrome/134.0.0.0 Safari/537.36"
107.189.10.248 - - [15/Apr/2026:04:37:52 +0200] "GET /wp-login.php HTTP/1.1" 302 510 "-" "Mozilla/5.0 (Windows NT 10.0; Win64; x64) AppleWebKit/537.36 (KHTML, like Gecko) Chrome/134.0.0.0 Safari/537.36"
107.189.10.248 - - [15/Apr/2026:04:37:52 +0200] "GET /wp-login.php HTTP/1.1" 302 510 "-" "Mozilla/5.0 (Windows NT 10.0; Win64; x64) AppleWebKit/537.36 (KHTML, like Gecko) Chrome/134.0.0.0 Safari/537.36"
107.189.10.248 - - [15/Apr/2026:04:37:52 +0200] "GET /wp-login.php HTTP/1.1" 302 510 "-" "Mozilla/5.0 (Windows NT 10.0; Win64; x64) AppleWebKit/537.36 (KHTML, like Gecko) Chrome/134.0.0.0 Safari/537.36"
148.113.130.178 - - [15/Apr/2026:04:43:04 +0200] "GET /robots.txt HTTP/1.1" 200 412 "-" "Mozilla/5.0 (compatible; AhrefsBot/7.0; +http://ahrefs.com/robot/)"
95.216.2.94 - - [15/Apr/2026:04:43:20 +0200] "POST /wp-cron.php?doing_wp_cron=1776221000.8688609600067138671875 HTTP/1.1" 500 185 "-" "WordPress/6.4.8; https://www.mykam.ru"
51.75.236.157 - - [15/Apr/2026:04:43:20 +0200] "GET / HTTP/1.1" 200 11491 "-" "Mozilla/5.0 (compatible; AhrefsBot/7.0; +http://ahrefs.com/robot/)"
35.237.240.160 - - [15/Apr/2026:04:43:25 +0200] "GET / HTTP/1.1" 200 45843 "-" "Mozilla/5.0 (Windows NT 10.0; Win64; x64) AppleWebKit/537.36 (KHTML, like Gecko) Chrome/78.0.3904.108 Safari/537.36"
35.237.240.160 - - [15/Apr/2026:04:43:26 +0200] "GET /?author=1 HTTP/1.1" 200 26277 "-" "Mozilla/5.0 (Windows NT 10.0; Win64; x64) AppleWebKit/537.36 (KHTML, like Gecko) Chrome/78.0.3904.108 Safari/537.36"
35.237.240.160 - - [15/Apr/2026:04:43:26 +0200] "GET /?author=2 HTTP/1.1" 200 19994 "-" "Mozilla/5.0 (Windows NT 10.0; Win64; x64) AppleWebKit/537.36 (KHTML, like Gecko) Chrome/78.0.3904.108 Safari/537.36"
35.237.240.160 - - [15/Apr/2026:04:43:26 +0200] "GET /wp-json/wp/v2/users/ HTTP/1.1" 200 1219 "-" "Mozilla/5.0 (Windows NT 10.0; Win64; x64) AppleWebKit/537.36 (KHTML, like Gecko) Chrome/78.0.3904.108 Safari/537.36"
35.237.240.160 - - [15/Apr/2026:04:43:26 +0200] "POST /xmlrpc.php HTTP/1.1" 500 185 "-" "Mozilla/5.0 (Windows NT 10.0; Win64; x64) AppleWebKit/537.36 (KHTML, like Gecko) Chrome/78.0.3904.108 Safari/537.36"
95.216.2.94 - - [15/Apr/2026:04:44:45 +0200] "POST /wp-cron.php?doing_wp_cron=1776221085.2320549488067626953125 HTTP/1.1" 500 185 "-" "WordPress/6.4.8; https://www.mykam.ru"
94.154.35.236 - - [15/Apr/2026:04:44:45 +0200] "HEAD /bkp.zip HTTP/1.1" 301 320 "-" "Mozilla/5.0 (Windows NT 10.0; Win64; x64) AppleWebKit/537.36 (KHTML, like Gecko) Chrome/101.0.4951.67 Safari/537.36"
94.154.35.236 - - [15/Apr/2026:04:44:45 +0200] "HEAD /bkp.zip HTTP/1.1" 404 312 "-" "Mozilla/5.0 (Windows NT 10.0; Win64; x64) AppleWebKit/537.36 (KHTML, like Gecko) Chrome/101.0.4951.67 Safari/537.36"
37.59.204.137 - - [15/Apr/2026:04:46:24 +0200] "GET /wp-includes/css/dist/block-library/style.min.css?ver=6.4.8 HTTP/1.1" 200 14785 "-" "Mozilla/5.0 (compatible; AhrefsBot/7.0; +http://ahrefs.com/robot/)"
95.216.2.94 - - [15/Apr/2026:04:46:36 +0200] "POST /wp-cron.php?doing_wp_cron=1776221195.8585479259490966796875 HTTP/1.1" 500 185 "-" "WordPress/6.4.8; https://www.mykam.ru"
45.13.225.78 - - [15/Apr/2026:04:46:35 +0200] "GET /feed/ HTTP/1.1" 200 4081 "-" "Mozilla/5.0 (Linux; U; Android 9; ru-ru; Redmi Note 6 Pro Build/PKQ1.180904.001) AppleWebKit/537.36 (KHTML, like Gecko) Version/4.0 Chrome/71.0.3578.141 Mobile Safari/537.36 XiaoMi/MiuiBrowser/10.9.8-g"
216.73.216.82 - - [15/Apr/2026:04:47:30 +0200] "GET / HTTP/1.1" 200 15425 "-" "Mozilla/5.0 AppleWebKit/537.36 (KHTML, like Gecko; compatible; ClaudeBot/1.0; +claudebot@anthropic.com)"
95.216.2.94 - - [15/Apr/2026:04:51:29 +0200] "POST /wp-cron.php?doing_wp_cron=1776221488.8964440822601318359375 HTTP/1.1" 500 185 "-" "WordPress/6.4.8; https://www.mykam.ru"
35.197.47.240 - - [15/Apr/2026:04:51:28 +0200] "GET / HTTP/1.1" 301 276 "-" "Mozilla/5.0 (Windows NT 10.0; Win64; x64) AppleWebKit/537.36 (KHTML, like Gecko) Chrome/78.0.3904.108 Safari/537.36"
35.197.47.240 - - [15/Apr/2026:04:51:29 +0200] "GET / HTTP/1.1" 200 45843 "-" "Mozilla/5.0 (Windows NT 10.0; Win64; x64) AppleWebKit/537.36 (KHTML, like Gecko) Chrome/78.0.3904.108 Safari/537.36"
35.197.47.240 - - [15/Apr/2026:04:51:30 +0200] "GET //wp-includes/wlwmanifest.xml HTTP/1.1" 301 395 "-" "Mozilla/5.0 (Windows NT 10.0; Win64; x64) AppleWebKit/537.36 (KHTML, like Gecko) Chrome/78.0.3904.108 Safari/537.36"
35.197.47.240 - - [15/Apr/2026:04:51:30 +0200] "GET //xmlrpc.php?rsd HTTP/1.1" 500 185 "-" "Mozilla/5.0 (Windows NT 10.0; Win64; x64) AppleWebKit/537.36 (KHTML, like Gecko) Chrome/78.0.3904.108 Safari/537.36"
35.197.47.240 - - [15/Apr/2026:04:51:31 +0200] "GET / HTTP/1.1" 200 45843 "-" "Mozilla/5.0 (Windows NT 10.0; Win64; x64) AppleWebKit/537.36 (KHTML, like Gecko) Chrome/78.0.3904.108 Safari/537.36"
35.197.47.240 - - [15/Apr/2026:04:51:31 +0200] "GET //?author=1 HTTP/1.1" 301 289 "-" "Mozilla/5.0 (Windows NT 10.0; Win64; x64) AppleWebKit/537.36 (KHTML, like Gecko) Chrome/78.0.3904.108 Safari/537.36"
35.197.47.240 - - [15/Apr/2026:04:51:31 +0200] "GET //?author=2 HTTP/1.1" 301 284 "-" "Mozilla/5.0 (Windows NT 10.0; Win64; x64) AppleWebKit/537.36 (KHTML, like Gecko) Chrome/78.0.3904.108 Safari/537.36"
35.197.47.240 - - [15/Apr/2026:04:51:32 +0200] "GET //wp-json/wp/v2/users/ HTTP/1.1" 200 1219 "-" "Mozilla/5.0 (Windows NT 10.0; Win64; x64) AppleWebKit/537.36 (KHTML, like Gecko) Chrome/78.0.3904.108 Safari/537.36"
35.197.47.240 - - [15/Apr/2026:04:51:32 +0200] "POST //xmlrpc.php HTTP/1.1" 500 185 "-" "Mozilla/5.0 (Windows NT 10.0; Win64; x64) AppleWebKit/537.36 (KHTML, like Gecko) Chrome/78.0.3904.108 Safari/537.36"
37.76.148.127 - - [15/Apr/2026:04:51:51 +0200] "GET / HTTP/1.0" 301 3629 "https://mykam.ru/" "Mozilla/5.0 (Windows NT 10.0; Win64; x64) AppleWebKit/537.36 (KHTML, like Gecko) Chrome/131.0.0.0 Safari/537.36"
37.76.148.127 - - [15/Apr/2026:04:51:52 +0200] "GET / HTTP/1.0" 200 49380 "https://www.mykam.ru/" "Mozilla/5.0 (Windows NT 10.0; Win64; x64) AppleWebKit/537.36 (KHTML, like Gecko) Chrome/131.0.0.0 Safari/537.36"
216.73.216.82 - - [15/Apr/2026:04:51:58 +0200] "GET /goods.php HTTP/1.1" 404 23586 "-" "Mozilla/5.0 AppleWebKit/537.36 (KHTML, like Gecko; compatible; ClaudeBot/1.0; +claudebot@anthropic.com)"
95.216.2.94 - - [15/Apr/2026:05:04:37 +0200] "POST /wp-cron.php?doing_wp_cron=1776222277.6702508926391601562500 HTTP/1.1" 500 4060 "-" "WordPress/6.4.8; https://www.mykam.ru"
216.73.216.82 - - [15/Apr/2026:05:04:37 +0200] "GET / HTTP/1.1" 200 15425 "-" "Mozilla/5.0 AppleWebKit/537.36 (KHTML, like Gecko; compatible; ClaudeBot/1.0; +claudebot@anthropic.com)"
95.216.2.94 - - [15/Apr/2026:05:06:24 +0200] "POST /wp-cron.php?doing_wp_cron=1776222384.1684730052947998046875 HTTP/1.1" 500 4060 "-" "WordPress/6.4.8; https://www.mykam.ru"
91.84.114.45 - - [15/Apr/2026:05:06:24 +0200] "GET /2009/06/30/219/ HTTP/1.0" 200 33700 "https://www.mykam.ru/2009/06/30/219/" "Mozilla/5.0 (Windows NT 10.0; Win64; x64) AppleWebKit/537.36 (KHTML, like Gecko) Chrome/131.0.0.0 Safari/537.36"
91.84.114.45 - - [15/Apr/2026:05:06:24 +0200] "POST /wp-comments-post.php HTTP/1.0" 500 3590 "https://www.mykam.ru/2009/06/30/219/" "Mozilla/5.0 (Windows NT 10.0; Win64; x64) AppleWebKit/537.36 (KHTML, like Gecko) Chrome/131.0.0.0 Safari/537.36"
159.89.55.245 - - [15/Apr/2026:05:06:53 +0200] "GET /.git/config HTTP/1.1" 301 380 "-" "Mozilla/5.0 (X11; Linux x86_64) AppleWebKit/537.36 (KHTML, like Gecko) Chrome/81.0.4044.129 Safari/537.36"
159.89.55.245 - - [15/Apr/2026:05:07:00 +0200] "GET /.git/config HTTP/1.1" 301 4256 "-" "Mozilla/5.0 (X11; Linux x86_64) AppleWebKit/537.36 (KHTML, like Gecko) Chrome/81.0.4044.129 Safari/537.36"
95.216.2.94 - - [15/Apr/2026:05:11:26 +0200] "POST /wp-cron.php?doing_wp_cron=1776222686.5508589744567871093750 HTTP/1.1" 500 185 "-" "WordPress/6.4.8; https://www.mykam.ru"
94.154.35.236 - - [15/Apr/2026:05:11:26 +0200] "HEAD /bkp.rar HTTP/1.1" 301 320 "-" "Mozilla/5.0 (Windows NT 10.0; Win64; x64) AppleWebKit/537.36 (KHTML, like Gecko) Chrome/101.0.4951.67 Safari/537.36"
94.154.35.236 - - [15/Apr/2026:05:11:26 +0200] "HEAD /bkp.rar HTTP/1.1" 404 312 "-" "Mozilla/5.0 (Windows NT 10.0; Win64; x64) AppleWebKit/537.36 (KHTML, like Gecko) Chrome/101.0.4951.67 Safari/537.36"
95.216.2.94 - - [15/Apr/2026:05:15:51 +0200] "POST /wp-cron.php?doing_wp_cron=1776222951.7106568813323974609375 HTTP/1.1" 500 4060 "-" "WordPress/6.4.8; https://www.mykam.ru"
52.207.47.227 - - [15/Apr/2026:05:15:51 +0200] "GET /page/3/ HTTP/1.1" 200 14121 "-" "Mozilla/5.0 AppleWebKit/537.36 (KHTML, like Gecko; compatible; Amazonbot/0.1; +https://developer.amazon.com/support/amazonbot) Chrome/119.0.6045.214 Safari/537.36"
34.194.95.99 - - [15/Apr/2026:05:15:55 +0200] "GET /wp-content/uploads/2008/08/img_0130.thumbnail.jpg HTTP/1.1" 200 31310 "-" "Mozilla/5.0 AppleWebKit/537.36 (KHTML, like Gecko; compatible; Amazonbot/0.1; +https://developer.amazon.com/support/amazonbot) Chrome/119.0.6045.214 Safari/537.36"
18.215.49.176 - - [15/Apr/2026:05:15:59 +0200] "GET /wp-content/uploads/2008/08/img_0117.thumbnail.jpg HTTP/1.1" 200 24200 "-" "Mozilla/5.0 AppleWebKit/537.36 (KHTML, like Gecko; compatible; Amazonbot/0.1; +https://developer.amazon.com/support/amazonbot) Chrome/119.0.6045.214 Safari/537.36"
216.73.216.82 - - [15/Apr/2026:05:22:02 +0200] "GET /robots.txt HTTP/1.1" 200 4287 "-" "Mozilla/5.0 AppleWebKit/537.36 (KHTML, like Gecko; compatible; ClaudeBot/1.0; +claudebot@anthropic.com)"
95.216.2.94 - - [15/Apr/2026:05:22:03 +0200] "POST /wp-cron.php?doing_wp_cron=1776223323.1546330451965332031250 HTTP/1.1" 500 4060 "-" "WordPress/6.4.8; https://www.mykam.ru"
216.73.216.82 - - [15/Apr/2026:05:22:02 +0200] "GET / HTTP/1.1" 200 11626 "-" "Mozilla/5.0 AppleWebKit/537.36 (KHTML, like Gecko; compatible; ClaudeBot/1.0; +claudebot@anthropic.com)"
95.216.2.94 - - [15/Apr/2026:05:25:22 +0200] "POST /wp-cron.php?doing_wp_cron=1776223522.3710350990295410156250 HTTP/1.1" 500 4060 "-" "WordPress/6.4.8; https://www.mykam.ru"
62.197.45.62 - - [15/Apr/2026:05:25:22 +0200] "GET /2008/08/27/207/ HTTP/1.0" 200 29844 "https://www.mykam.ru/2008/08/27/207/#comment-341580" "Mozilla/5.0 (Windows NT 6.1; Win64; x64) AppleWebKit/537.36 (KHTML, like Gecko) Chrome/103.0.0.0 Safari/537.36"
62.197.45.62 - - [15/Apr/2026:05:25:22 +0200] "POST /wp-comments-post.php HTTP/1.0" 500 3590 "https://www.mykam.ru/2008/08/27/207/#comment-341580" "Mozilla/5.0 (Windows NT 6.1; Win64; x64) AppleWebKit/537.36 (KHTML, like Gecko) Chrome/103.0.0.0 Safari/537.36"
95.216.2.94 - - [15/Apr/2026:05:26:24 +0200] "POST /wp-cron.php?doing_wp_cron=1776223584.8376619815826416015625 HTTP/1.1" 500 4060 "-" "WordPress/6.4.8; https://www.mykam.ru"
209.141.53.226 - - [15/Apr/2026:05:26:24 +0200] "GET /wp-login.php HTTP/1.1" 302 4310 "-" "Mozilla/5.0 (Windows NT 10.0; Win64; x64) AppleWebKit/537.36 (KHTML, like Gecko) Chrome/134.0.0.0 Safari/537.36"
209.141.53.226 - - [15/Apr/2026:05:26:25 +0200] "GET /wp-login.php HTTP/1.1" 302 510 "-" "Mozilla/5.0 (Windows NT 10.0; Win64; x64) AppleWebKit/537.36 (KHTML, like Gecko) Chrome/134.0.0.0 Safari/537.36"
209.141.53.226 - - [15/Apr/2026:05:26:25 +0200] "GET /wp-login.php HTTP/1.1" 302 510 "-" "Mozilla/5.0 (Windows NT 10.0; Win64; x64) AppleWebKit/537.36 (KHTML, like Gecko) Chrome/134.0.0.0 Safari/537.36"
209.141.53.226 - - [15/Apr/2026:05:26:25 +0200] "GET /wp-login.php HTTP/1.1" 302 510 "-" "Mozilla/5.0 (Windows NT 10.0; Win64; x64) AppleWebKit/537.36 (KHTML, like Gecko) Chrome/134.0.0.0 Safari/537.36"
209.141.53.226 - - [15/Apr/2026:05:26:25 +0200] "GET /wp-login.php HTTP/1.1" 302 510 "-" "Mozilla/5.0 (Windows NT 10.0; Win64; x64) AppleWebKit/537.36 (KHTML, like Gecko) Chrome/134.0.0.0 Safari/537.36"
209.141.53.226 - - [15/Apr/2026:05:26:26 +0200] "GET /wp-login.php HTTP/1.1" 302 510 "-" "Mozilla/5.0 (Windows NT 10.0; Win64; x64) AppleWebKit/537.36 (KHTML, like Gecko) Chrome/134.0.0.0 Safari/537.36"
62.197.45.179 - - [15/Apr/2026:05:26:26 +0200] "GET /2008/08/27/207/ HTTP/1.0" 200 29844 "https://www.mykam.ru/2008/08/27/207/#comment-341580" "Mozilla/5.0 (Windows NT 10.0; Win64; x64) AppleWebKit/537.36 (KHTML, like Gecko) Chrome/103.0.5042.0 Safari/537.36"
62.197.45.179 - - [15/Apr/2026:05:26:26 +0200] "POST /wp-comments-post.php HTTP/1.0" 500 3590 "https://www.mykam.ru/2008/08/27/207/#comment-341580" "Mozilla/5.0 (Windows NT 10.0; Win64; x64) AppleWebKit/537.36 (KHTML, like Gecko) Chrome/103.0.5042.0 Safari/537.36"
209.141.53.226 - - [15/Apr/2026:05:26:26 +0200] "GET /wp-login.php HTTP/1.1" 302 510 "-" "Mozilla/5.0 (Windows NT 10.0; Win64; x64) AppleWebKit/537.36 (KHTML, like Gecko) Chrome/134.0.0.0 Safari/537.36"
209.141.53.226 - - [15/Apr/2026:05:26:26 +0200] "GET /wp-login.php HTTP/1.1" 302 510 "-" "Mozilla/5.0 (Windows NT 10.0; Win64; x64) AppleWebKit/537.36 (KHTML, like Gecko) Chrome/134.0.0.0 Safari/537.36"
209.141.53.226 - - [15/Apr/2026:05:26:27 +0200] "GET /wp-login.php HTTP/1.1" 302 510 "-" "Mozilla/5.0 (Windows NT 10.0; Win64; x64) AppleWebKit/537.36 (KHTML, like Gecko) Chrome/134.0.0.0 Safari/537.36"
209.141.53.226 - - [15/Apr/2026:05:26:27 +0200] "GET /wp-login.php HTTP/1.1" 302 510 "-" "Mozilla/5.0 (Windows NT 10.0; Win64; x64) AppleWebKit/537.36 (KHTML, like Gecko) Chrome/134.0.0.0 Safari/537.36"
209.141.53.226 - - [15/Apr/2026:05:26:27 +0200] "GET /wp-login.php HTTP/1.1" 302 510 "-" "Mozilla/5.0 (Windows NT 10.0; Win64; x64) AppleWebKit/537.36 (KHTML, like Gecko) Chrome/134.0.0.0 Safari/537.36"
209.141.53.226 - - [15/Apr/2026:05:26:27 +0200] "GET /wp-login.php HTTP/1.1" 302 510 "-" "Mozilla/5.0 (Windows NT 10.0; Win64; x64) AppleWebKit/537.36 (KHTML, like Gecko) Chrome/134.0.0.0 Safari/537.36"
209.141.53.226 - - [15/Apr/2026:05:26:28 +0200] "GET /wp-login.php HTTP/1.1" 302 510 "-" "Mozilla/5.0 (Windows NT 10.0; Win64; x64) AppleWebKit/537.36 (KHTML, like Gecko) Chrome/134.0.0.0 Safari/537.36"
209.141.53.226 - - [15/Apr/2026:05:26:28 +0200] "GET /wp-login.php HTTP/1.1" 302 510 "-" "Mozilla/5.0 (Windows NT 10.0; Win64; x64) AppleWebKit/537.36 (KHTML, like Gecko) Chrome/134.0.0.0 Safari/537.36"
209.141.53.226 - - [15/Apr/2026:05:26:28 +0200] "GET /wp-login.php HTTP/1.1" 302 510 "-" "Mozilla/5.0 (Windows NT 10.0; Win64; x64) AppleWebKit/537.36 (KHTML, like Gecko) Chrome/134.0.0.0 Safari/537.36"
209.141.53.226 - - [15/Apr/2026:05:26:29 +0200] "GET /wp-login.php HTTP/1.1" 302 510 "-" "Mozilla/5.0 (Windows NT 10.0; Win64; x64) AppleWebKit/537.36 (KHTML, like Gecko) Chrome/134.0.0.0 Safari/537.36"
209.141.53.226 - - [15/Apr/2026:05:26:29 +0200] "GET /wp-login.php HTTP/1.1" 302 510 "-" "Mozilla/5.0 (Windows NT 10.0; Win64; x64) AppleWebKit/537.36 (KHTML, like Gecko) Chrome/134.0.0.0 Safari/537.36"
209.141.53.226 - - [15/Apr/2026:05:26:29 +0200] "GET /wp-login.php HTTP/1.1" 302 510 "-" "Mozilla/5.0 (Windows NT 10.0; Win64; x64) AppleWebKit/537.36 (KHTML, like Gecko) Chrome/134.0.0.0 Safari/537.36"
209.141.53.226 - - [15/Apr/2026:05:26:30 +0200] "GET /wp-login.php HTTP/1.1" 302 510 "-" "Mozilla/5.0 (Windows NT 10.0; Win64; x64) AppleWebKit/537.36 (KHTML, like Gecko) Chrome/134.0.0.0 Safari/537.36"
209.141.53.226 - - [15/Apr/2026:05:26:30 +0200] "GET /wp-login.php HTTP/1.1" 302 510 "-" "Mozilla/5.0 (Windows NT 10.0; Win64; x64) AppleWebKit/537.36 (KHTML, like Gecko) Chrome/134.0.0.0 Safari/537.36"
209.141.53.226 - - [15/Apr/2026:05:26:30 +0200] "GET /wp-login.php HTTP/1.1" 302 510 "-" "Mozilla/5.0 (Windows NT 10.0; Win64; x64) AppleWebKit/537.36 (KHTML, like Gecko) Chrome/134.0.0.0 Safari/537.36"
209.141.53.226 - - [15/Apr/2026:05:26:30 +0200] "GET /wp-login.php HTTP/1.1" 302 510 "-" "Mozilla/5.0 (Windows NT 10.0; Win64; x64) AppleWebKit/537.36 (KHTML, like Gecko) Chrome/134.0.0.0 Safari/537.36"
209.141.53.226 - - [15/Apr/2026:05:26:31 +0200] "GET /wp-login.php HTTP/1.1" 302 510 "-" "Mozilla/5.0 (Windows NT 10.0; Win64; x64) AppleWebKit/537.36 (KHTML, like Gecko) Chrome/134.0.0.0 Safari/537.36"
209.141.53.226 - - [15/Apr/2026:05:26:31 +0200] "GET /wp-login.php HTTP/1.1" 302 510 "-" "Mozilla/5.0 (Windows NT 10.0; Win64; x64) AppleWebKit/537.36 (KHTML, like Gecko) Chrome/134.0.0.0 Safari/537.36"
209.141.53.226 - - [15/Apr/2026:05:26:31 +0200] "GET /wp-login.php HTTP/1.1" 302 510 "-" "Mozilla/5.0 (Windows NT 10.0; Win64; x64) AppleWebKit/537.36 (KHTML, like Gecko) Chrome/134.0.0.0 Safari/537.36"
209.141.53.226 - - [15/Apr/2026:05:26:32 +0200] "GET /wp-login.php HTTP/1.1" 302 510 "-" "Mozilla/5.0 (Windows NT 10.0; Win64; x64) AppleWebKit/537.36 (KHTML, like Gecko) Chrome/134.0.0.0 Safari/537.36"
209.141.53.226 - - [15/Apr/2026:05:26:32 +0200] "GET /wp-login.php HTTP/1.1" 302 510 "-" "Mozilla/5.0 (Windows NT 10.0; Win64; x64) AppleWebKit/537.36 (KHTML, like Gecko) Chrome/134.0.0.0 Safari/537.36"
209.141.53.226 - - [15/Apr/2026:05:26:32 +0200] "GET /wp-login.php HTTP/1.1" 302 510 "-" "Mozilla/5.0 (Windows NT 10.0; Win64; x64) AppleWebKit/537.36 (KHTML, like Gecko) Chrome/134.0.0.0 Safari/537.36"
209.141.53.226 - - [15/Apr/2026:05:26:33 +0200] "GET /wp-login.php HTTP/1.1" 302 510 "-" "Mozilla/5.0 (Windows NT 10.0; Win64; x64) AppleWebKit/537.36 (KHTML, like Gecko) Chrome/134.0.0.0 Safari/537.36"
209.141.53.226 - - [15/Apr/2026:05:26:33 +0200] "GET /wp-login.php HTTP/1.1" 302 510 "-" "Mozilla/5.0 (Windows NT 10.0; Win64; x64) AppleWebKit/537.36 (KHTML, like Gecko) Chrome/134.0.0.0 Safari/537.36"
209.141.53.226 - - [15/Apr/2026:05:26:33 +0200] "GET /wp-login.php HTTP/1.1" 302 510 "-" "Mozilla/5.0 (Windows NT 10.0; Win64; x64) AppleWebKit/537.36 (KHTML, like Gecko) Chrome/134.0.0.0 Safari/537.36"
205.210.31.50 - - [15/Apr/2026:05:26:34 +0200] "GET / HTTP/1.1" 200 49888 "-" "Hello from Palo Alto Networks, find out more about our scans in https://docs-cortex.paloaltonetworks.com/r/1/Cortex-Xpanse/Scanning-activity"
51.68.107.146 - - [15/Apr/2026:05:27:19 +0200] "GET /robots.txt HTTP/1.1" 200 468 "-" "Mozilla/5.0 (compatible; MJ12bot/v2.0.5; http://mj12bot.com/)"
51.68.107.146 - - [15/Apr/2026:05:27:19 +0200] "GET / HTTP/1.1" 200 11546 "-" "Mozilla/5.0 (compatible; MJ12bot/v2.0.5; http://mj12bot.com/)"
51.68.107.146 - - [15/Apr/2026:05:27:21 +0200] "GET / HTTP/1.1" 200 15434 "-" "Mozilla/5.0 (compatible; MJ12bot/v2.0.5; http://mj12bot.com/)"
95.216.2.94 - - [15/Apr/2026:05:28:09 +0200] "POST /wp-cron.php?doing_wp_cron=1776223689.8555769920349121093750 HTTP/1.1" 500 185 "-" "WordPress/6.4.8; https://www.mykam.ru"
43.130.131.18 - - [15/Apr/2026:05:28:09 +0200] "GET / HTTP/1.1" 301 239 "-" "Mozilla/5.0 (iPhone; CPU iPhone OS 13_2_3 like Mac OS X) AppleWebKit/605.1.15 (KHTML, like Gecko) Version/13.0.3 Mobile/15E148 Safari/604.1"
43.130.131.18 - - [15/Apr/2026:05:28:11 +0200] "GET / HTTP/1.1" 200 11510 "http://mykam.ru" "Mozilla/5.0 (iPhone; CPU iPhone OS 13_2_3 like Mac OS X) AppleWebKit/605.1.15 (KHTML, like Gecko) Version/13.0.3 Mobile/15E148 Safari/604.1"
95.216.2.94 - - [15/Apr/2026:05:30:53 +0200] "POST /wp-cron.php?doing_wp_cron=1776223853.9493839740753173828125 HTTP/1.1" 500 185 "-" "WordPress/6.4.8; https://www.mykam.ru"
43.159.145.153 - - [15/Apr/2026:05:30:53 +0200] "GET / HTTP/1.1" 200 11510 "-" "Mozilla/5.0 (iPhone; CPU iPhone OS 13_2_3 like Mac OS X) AppleWebKit/605.1.15 (KHTML, like Gecko) Version/13.0.3 Mobile/15E148 Safari/604.1"
95.216.2.94 - - [15/Apr/2026:05:35:55 +0200] "POST /wp-cron.php?doing_wp_cron=1776224155.0631198883056640625000 HTTP/1.1" 500 4060 "-" "WordPress/6.4.8; https://www.mykam.ru"
62.113.113.43 - - [15/Apr/2026:05:35:54 +0200] "GET / HTTP/1.1" 200 15513 "-" "Mozilla/5.0 (iPhone; CPU iPhone OS 7_1_1 like Mac OS X) AppleWebKit/537.51.1 (KHTML, like Gecko) CriOS/34.0.1847.18 Mobile/11D201 Safari/9537.53"
62.113.113.43 - - [15/Apr/2026:05:35:55 +0200] "GET / HTTP/1.1" 200 11547 "-" "Mozilla/5.0 (iPhone; CPU iPhone OS 7_1_1 like Mac OS X) AppleWebKit/537.51.1 (KHTML, like Gecko) CriOS/34.0.1847.18 Mobile/11D201 Safari/9537.53"
62.113.113.43 - - [15/Apr/2026:05:36:01 +0200] "GET / HTTP/1.1" 301 4152 "-" "Mozilla/5.0 (iPhone; CPU iPhone OS 7_1_1 like Mac OS X) AppleWebKit/537.51.1 (KHTML, like Gecko) CriOS/34.0.1847.18 Mobile/11D201 Safari/9537.53"
62.113.113.43 - - [15/Apr/2026:05:36:01 +0200] "GET / HTTP/1.1" 200 15481 "-" "Mozilla/5.0 (iPhone; CPU iPhone OS 7_1_1 like Mac OS X) AppleWebKit/537.51.1 (KHTML, like Gecko) CriOS/34.0.1847.18 Mobile/11D201 Safari/9537.53"
62.113.113.43 - - [15/Apr/2026:05:36:01 +0200] "GET / HTTP/1.1" 301 276 "-" "Mozilla/5.0 (iPhone; CPU iPhone OS 7_1_1 like Mac OS X) AppleWebKit/537.51.1 (KHTML, like Gecko) CriOS/34.0.1847.18 Mobile/11D201 Safari/9537.53"
62.113.113.43 - - [15/Apr/2026:05:36:02 +0200] "GET / HTTP/1.1" 200 11547 "-" "Mozilla/5.0 (iPhone; CPU iPhone OS 7_1_1 like Mac OS X) AppleWebKit/537.51.1 (KHTML, like Gecko) CriOS/34.0.1847.18 Mobile/11D201 Safari/9537.53"
84.252.143.219 - - [15/Apr/2026:05:36:57 +0200] "GET / HTTP/1.1" 301 220 "-" "Mozilla/5.0 (Windows NT 6.3; Win64; x64) AppleWebKit/537.36 (KHTML, like Gecko) Chrome/37.0.2049.0 Safari/537.36"
95.216.2.94 - - [15/Apr/2026:05:36:57 +0200] "POST /wp-cron.php?doing_wp_cron=1776224217.7477829456329345703125 HTTP/1.1" 500 185 "-" "WordPress/6.4.8; https://www.mykam.ru"
84.252.143.219 - - [15/Apr/2026:05:36:58 +0200] "GET / HTTP/1.1" 200 11491 "-" "Mozilla/5.0 (Windows NT 6.3; Win64; x64) AppleWebKit/537.36 (KHTML, like Gecko) Chrome/37.0.2049.0 Safari/537.36"
84.252.143.219 - - [15/Apr/2026:05:37:00 +0200] "GET /category/communications/ HTTP/1.1" 200 11642 "-" "Mozilla/5.0 (Windows NT 6.3; Win64; x64) AppleWebKit/537.36 (KHTML, like Gecko) Chrome/37.0.2049.0 Safari/537.36"
84.252.143.219 - - [15/Apr/2026:05:37:01 +0200] "GET /about/ HTTP/1.1" 200 12895 "-" "Mozilla/5.0 (Windows NT 6.3; Win64; x64) AppleWebKit/537.36 (KHTML, like Gecko) Chrome/37.0.2049.0 Safari/537.36"
152.228.220.143 - - [15/Apr/2026:05:37:38 +0200] "GET /2006/08/07/80/feed/ HTTP/1.1" 200 3979 "-" "Mozilla/5.0 (X11; Linux i686) AppleWebKit/537.36 (KHTML, like Gecko) Chrome/30.0.1599.66 Safari/537.36"
94.154.35.236 - - [15/Apr/2026:05:37:56 +0200] "HEAD /bkp.tar HTTP/1.1" 301 320 "-" "Mozilla/5.0 (Windows NT 10.0; Win64; x64) AppleWebKit/537.36 (KHTML, like Gecko) Chrome/101.0.4951.67 Safari/537.36"
94.154.35.236 - - [15/Apr/2026:05:37:57 +0200] "HEAD /bkp.tar HTTP/1.1" 404 312 "-" "Mozilla/5.0 (Windows NT 10.0; Win64; x64) AppleWebKit/537.36 (KHTML, like Gecko) Chrome/101.0.4951.67 Safari/537.36"
95.216.2.94 - - [15/Apr/2026:05:38:02 +0200] "POST /wp-cron.php?doing_wp_cron=1776224282.1431460380554199218750 HTTP/1.1" 500 4060 "-" "WordPress/6.4.8; https://www.mykam.ru"
66.234.151.194 - - [15/Apr/2026:05:38:02 +0200] "GET /2006/08/09/85/ HTTP/1.0" 200 33780 "-" "Mozilla/5.0 (Windows NT 10.0; Win64; x64) AppleWebKit/537.36 (KHTML, like Gecko) Chrome/118.0.0.0 Safari/537.36"
95.216.2.94 - - [15/Apr/2026:05:40:03 +0200] "POST /wp-cron.php?doing_wp_cron=1776224403.2856531143188476562500 HTTP/1.1" 500 4060 "-" "WordPress/6.4.8; https://www.mykam.ru"
216.73.216.82 - - [15/Apr/2026:05:40:03 +0200] "GET /goods.php HTTP/1.1" 404 23586 "-" "Mozilla/5.0 AppleWebKit/537.36 (KHTML, like Gecko; compatible; ClaudeBot/1.0; +claudebot@anthropic.com)"
212.102.48.216 - - [15/Apr/2026:05:40:26 +0200] "GET /2008/08/14/173/ HTTP/1.0" 301 298 "http://mykam.ru/2008/08/14/173/" "Mozilla/5.0 (Windows NT 10.0; Win64; x64) AppleWebKit/537.36 (KHTML, like Gecko) Chrome/131.0.0.0 Safari/537.36"
212.102.48.216 - - [15/Apr/2026:05:40:27 +0200] "GET /2008/08/14/173/ HTTP/1.0" 200 50858 "http://www.mykam.ru/2008/08/14/173/" "Mozilla/5.0 (Windows NT 10.0; Win64; x64) AppleWebKit/537.36 (KHTML, like Gecko) Chrome/131.0.0.0 Safari/537.36"
212.102.48.216 - - [15/Apr/2026:05:40:32 +0200] "POST /wp-comments-post.php HTTP/1.0" 500 3590 "http://www.mykam.ru/2008/08/14/173/" "Mozilla/5.0 (Windows NT 10.0; Win64; x64) AppleWebKit/537.36 (KHTML, like Gecko) Chrome/131.0.0.0 Safari/537.36"
95.216.2.94 - - [15/Apr/2026:05:41:16 +0200] "POST /wp-cron.php?doing_wp_cron=1776224475.8892910480499267578125 HTTP/1.1" 500 4060 "-" "WordPress/6.4.8; https://www.mykam.ru"
43.157.153.236 - - [15/Apr/2026:05:41:15 +0200] "GET /2009/05/17/212/ HTTP/1.1" 200 11450 "-" "Mozilla/5.0 (iPhone; CPU iPhone OS 13_2_3 like Mac OS X) AppleWebKit/605.1.15 (KHTML, like Gecko) Version/13.0.3 Mobile/15E148 Safari/604.1"
45.8.255.237 - - [15/Apr/2026:05:41:35 +0200] "GET /2009/06/30/219/ HTTP/1.1" 301 335 "-" "Mozilla/5.0 (compatible; Googlebot/2.1; +http://www.google.com/bot.html)"
45.8.255.237 - - [15/Apr/2026:05:41:35 +0200] "GET /2009/06/30/219/ HTTP/1.1" 200 8886 "http://mykam.ru/2009/06/30/219/" "Mozilla/5.0 (compatible; Googlebot/2.1; +http://www.google.com/bot.html)"
95.216.2.94 - - [15/Apr/2026:05:44:43 +0200] "POST /wp-cron.php?doing_wp_cron=1776224683.1918480396270751953125 HTTP/1.1" 500 4060 "-" "WordPress/6.4.8; https://www.mykam.ru"
216.73.216.82 - - [15/Apr/2026:05:44:43 +0200] "GET / HTTP/1.1" 200 15425 "-" "Mozilla/5.0 AppleWebKit/537.36 (KHTML, like Gecko; compatible; ClaudeBot/1.0; +claudebot@anthropic.com)"
95.216.2.94 - - [15/Apr/2026:05:49:23 +0200] "POST /wp-cron.php?doing_wp_cron=1776224963.4500958919525146484375 HTTP/1.1" 500 185 "-" "WordPress/6.4.8; https://www.mykam.ru"
101.99.88.90 - - [15/Apr/2026:05:49:23 +0200] "GET / HTTP/1.1" 301 220 "-" "Mozilla/5.0 (compatible; Googlebot/2.1; +http://www.google.com/bot.html)"
101.99.88.90 - - [15/Apr/2026:05:49:24 +0200] "GET / HTTP/1.1" 200 45787 "-" "Mozilla/5.0 (compatible; Googlebot/2.1; +http://www.google.com/bot.html)"
101.99.88.90 - - [15/Apr/2026:05:49:25 +0200] "GET /wp-content/x559cac/index.php HTTP/1.1" 301 332 "-" "-"
216.244.66.231 - - [15/Apr/2026:05:50:19 +0200] "GET /robots.txt HTTP/1.1" 200 609 "-" "Mozilla/5.0 (compatible; DotBot/1.2; +https://opensiteexplorer.org/dotbot; help@moz.com)"
95.216.2.94 - - [15/Apr/2026:05:51:08 +0200] "POST /wp-cron.php?doing_wp_cron=1776225068.6716220378875732421875 HTTP/1.1" 500 185 "-" "WordPress/6.4.8; https://www.mykam.ru"
43.166.238.12 - - [15/Apr/2026:05:51:08 +0200] "GET / HTTP/1.1" 200 11510 "-" "Mozilla/5.0 (iPhone; CPU iPhone OS 13_2_3 like Mac OS X) AppleWebKit/605.1.15 (KHTML, like Gecko) Version/13.0.3 Mobile/15E148 Safari/604.1"
43.167.236.228 - - [15/Apr/2026:05:51:57 +0200] "GET /2008/08/27/205/ HTTP/1.1" 200 17553 "-" "Mozilla/5.0 (iPhone; CPU iPhone OS 13_2_3 like Mac OS X) AppleWebKit/605.1.15 (KHTML, like Gecko) Version/13.0.3 Mobile/15E148 Safari/604.1"
95.216.2.94 - - [15/Apr/2026:05:55:02 +0200] "POST /wp-cron.php?doing_wp_cron=1776225302.7790720462799072265625 HTTP/1.1" 500 4060 "-" "WordPress/6.4.8; https://www.mykam.ru"
104.28.156.60 - - [15/Apr/2026:05:55:02 +0200] "GET / HTTP/1.1" 200 15434 "-" "Mozilla/5.0 (Windows NT 10.0; Win64; x64; rv:149.0) Gecko/20100101 Firefox/149.0"
104.28.156.60 - - [15/Apr/2026:05:55:03 +0200] "POST /2008/08/26/197/trackback/ HTTP/1.1" 500 4862 "http://fog.gain.tw/viewthread.php?tid=100829&extra=" "PHP/5.3.58"
85.208.96.197 - - [15/Apr/2026:05:56:50 +0200] "GET /robots.txt HTTP/1.1" 200 4259 "-" "Mozilla/5.0 (compatible; SemrushBot/7~bl; +http://www.semrush.com/bot.html)"
95.216.2.94 - - [15/Apr/2026:05:56:51 +0200] "POST /wp-cron.php?doing_wp_cron=1776225411.1819028854370117187500 HTTP/1.1" 500 4060 "-" "WordPress/6.4.8; https://www.mykam.ru"
85.208.96.196 - - [15/Apr/2026:05:56:51 +0200] "GET /2008/08/14/168/ HTTP/1.1" 200 12905 "-" "Mozilla/5.0 (compatible; SemrushBot/7~bl; +http://www.semrush.com/bot.html)"
95.216.2.94 - - [15/Apr/2026:05:59:57 +0200] "POST /wp-cron.php?doing_wp_cron=1776225597.0799319744110107421875 HTTP/1.1" 500 185 "-" "WordPress/6.4.8; https://www.mykam.ru"
216.244.66.231 - - [15/Apr/2026:05:59:56 +0200] "GET /2006/08/09/82/feed/ HTTP/1.1" 200 3146 "-" "Mozilla/5.0 (compatible; DotBot/1.2; +https://opensiteexplorer.org/dotbot; help@moz.com)"
95.216.2.94 - - [15/Apr/2026:06:01:42 +0200] "POST /wp-cron.php?doing_wp_cron=1776225702.3556189537048339843750 HTTP/1.1" 500 185 "-" "WordPress/6.4.8; https://www.mykam.ru"
185.180.141.10 - - [15/Apr/2026:06:01:42 +0200] "GET / HTTP/1.1" 200 11491 "-" "Mozilla/5.0 AppleWebKit/537.36 (KHTML, like Gecko) Chrome/123.0.6312.86 Safari/537.36"
185.180.141.7 - - [15/Apr/2026:06:01:43 +0200] "POST /mcp HTTP/1.1" 404 19692 "-" "python-httpx/0.28.1"
185.180.141.7 - - [15/Apr/2026:06:01:43 +0200] "GET /sse HTTP/1.1" 404 19691 "-" "python-httpx/0.28.1"
185.180.141.7 - - [15/Apr/2026:06:01:44 +0200] "GET /favicon.ico HTTP/1.1" 200 3107 "-" "Mozilla/5.0 AppleWebKit/537.36 (KHTML, like Gecko) Chrome/123.0.6312.86 Safari/537.36"
104.28.156.60 - - [15/Apr/2026:06:01:59 +0200] "GET / HTTP/1.1" 200 15434 "-" "Mozilla/5.0 (Windows NT 10.0; Win64; x64) AppleWebKit/537.36 (KHTML, like Gecko) Chrome/99.0.4844.51 Safari/537.36"
104.28.156.60 - - [15/Apr/2026:06:01:59 +0200] "POST /2008/08/25/208/trackback/ HTTP/1.1" 500 4862 "https://noventa.fallenash.com/viewtopic.php?f=4&t=527891" "PHP/5.2.40"
43.130.32.245 - - [15/Apr/2026:06:02:30 +0200] "GET /2008/08/27/203/ HTTP/1.1" 200 12156 "-" "Mozilla/5.0 (iPhone; CPU iPhone OS 13_2_3 like Mac OS X) AppleWebKit/605.1.15 (KHTML, like Gecko) Version/13.0.3 Mobile/15E148 Safari/604.1"
95.216.2.94 - - [15/Apr/2026:06:04:34 +0200] "POST /wp-cron.php?doing_wp_cron=1776225874.3176689147949218750000 HTTP/1.1" 500 185 "-" "WordPress/6.4.8; https://www.mykam.ru"
94.154.35.236 - - [15/Apr/2026:06:04:34 +0200] "HEAD /bkp.tar.bz2 HTTP/1.1" 301 324 "-" "Mozilla/5.0 (Windows NT 10.0; Win64; x64) AppleWebKit/537.36 (KHTML, like Gecko) Chrome/101.0.4951.67 Safari/537.36"
94.154.35.236 - - [15/Apr/2026:06:04:34 +0200] "HEAD /bkp.tar.bz2 HTTP/1.1" 404 312 "-" "Mozilla/5.0 (Windows NT 10.0; Win64; x64) AppleWebKit/537.36 (KHTML, like Gecko) Chrome/101.0.4951.67 Safari/537.36"
159.138.9.165 - - [15/Apr/2026:06:05:29 +0200] "GET /2006/07/01/10/ HTTP/1.1" 200 11614 "-" "Mozilla/5.0 (Windows NT 10.0; Win64; x64) AppleWebKit/537.36 (KHTML, like Gecko) Chrome/144.0.0.0 Safari/537.36"
159.138.9.165 - - [15/Apr/2026:06:05:30 +0200] "GET /wp-content/themes/dilectio/style.css HTTP/1.1" 200 4430 "https://www.mykam.ru/2006/07/01/10/" "Mozilla/5.0 (Windows NT 10.0; Win64; x64) AppleWebKit/537.36 (KHTML, like Gecko) Chrome/144.0.0.0 Safari/537.36"
159.138.9.165 - - [15/Apr/2026:06:05:30 +0200] "GET /wp-content/themes/dilectio/javascript/tabs.js HTTP/1.1" 200 875 "https://www.mykam.ru/2006/07/01/10/" "Mozilla/5.0 (Windows NT 10.0; Win64; x64) AppleWebKit/537.36 (KHTML, like Gecko) Chrome/144.0.0.0 Safari/537.36"
159.138.9.165 - - [15/Apr/2026:06:05:30 +0200] "GET /wp-content/themes/dilectio/javascript/imghover.js HTTP/1.1" 200 1131 "https://www.mykam.ru/2006/07/01/10/" "Mozilla/5.0 (Windows NT 10.0; Win64; x64) AppleWebKit/537.36 (KHTML, like Gecko) Chrome/144.0.0.0 Safari/537.36"
95.216.2.94 - - [15/Apr/2026:06:11:53 +0200] "POST /wp-cron.php?doing_wp_cron=1776226313.5246629714965820312500 HTTP/1.1" 500 4060 "-" "WordPress/6.4.8; https://www.mykam.ru"
43.153.85.46 - - [15/Apr/2026:06:11:53 +0200] "GET /2008/08/25/208/ HTTP/1.1" 200 13135 "-" "Mozilla/5.0 (iPhone; CPU iPhone OS 13_2_3 like Mac OS X) AppleWebKit/605.1.15 (KHTML, like Gecko) Version/13.0.3 Mobile/15E148 Safari/604.1"
95.216.2.94 - - [15/Apr/2026:06:20:14 +0200] "POST /wp-cron.php?doing_wp_cron=1776226814.8498818874359130859375 HTTP/1.1" 500 185 "-" "WordPress/6.4.8; https://www.mykam.ru"
20.123.115.110 - - [15/Apr/2026:06:20:14 +0200] "GET /feed/ HTTP/1.1" 200 4081 "-" "Mozilla/5.0 (Macintosh; Intel Mac OS X 10.15; rv:92.0) Gecko/20100101 Firefox/92.0"
95.216.2.94 - - [15/Apr/2026:06:21:17 +0200] "POST /wp-cron.php?doing_wp_cron=1776226877.0838620662689208984375 HTTP/1.1" 500 4060 "-" "WordPress/6.4.8; https://www.mykam.ru"
43.157.156.190 - - [15/Apr/2026:06:21:16 +0200] "GET /comments/feed/ HTTP/1.1" 200 7938 "-" "Mozilla/5.0 (iPhone; CPU iPhone OS 13_2_3 like Mac OS X) AppleWebKit/605.1.15 (KHTML, like Gecko) Version/13.0.3 Mobile/15E148 Safari/604.1"
49.150.99.203 - - [15/Apr/2026:06:23:38 +0200] "GET /xmlrpc.php?rsd HTTP/1.1" 500 4013 "-" "Mozilla/5.0 (Android 1.6; Mobile; rv:38.0) Gecko/38.0 Firefox/38.0"
14.233.224.88 - - [15/Apr/2026:06:23:42 +0200] "GET /xmlrpc.php?rsd HTTP/1.1" 500 4013 "-" "Mozilla/5.0 (Windows; U; Windows NT 4.0) AppleWebKit/535.26.7 (KHTML, like Gecko) Version/4.0.2 Safari/535.26.7"
187.180.172.192 - - [15/Apr/2026:06:23:45 +0200] "GET /xmlrpc.php?rsd HTTP/1.1" 500 4013 "-" "Opera/8.94.(X11; Linux i686; pap-AN) Presto/2.9.171 Version/12.00"
95.216.2.94 - - [15/Apr/2026:06:25:25 +0200] "POST /wp-cron.php?doing_wp_cron=1776227125.1698589324951171875000 HTTP/1.1" 500 185 "-" "WordPress/6.4.8; https://www.mykam.ru"
152.228.220.143 - - [15/Apr/2026:06:25:25 +0200] "GET /category/energetics/feed/ HTTP/1.1" 200 2293 "-" "Mozilla/5.0 (X11; Linux i686) AppleWebKit/537.36 (KHTML, like Gecko) Chrome/30.0.1599.66 Safari/537.36"
95.216.2.94 - - [15/Apr/2026:06:27:06 +0200] "POST /wp-cron.php?doing_wp_cron=1776227226.2366828918457031250000 HTTP/1.1" 500 4060 "-" "WordPress/6.4.8; https://www.mykam.ru"
107.189.10.248 - - [15/Apr/2026:06:27:06 +0200] "GET /wp-login.php HTTP/1.1" 302 4342 "-" "Mozilla/5.0 (Windows NT 10.0; Win64; x64) AppleWebKit/537.36 (KHTML, like Gecko) Chrome/134.0.0.0 Safari/537.36"
107.189.10.248 - - [15/Apr/2026:06:27:06 +0200] "GET /wp-login.php HTTP/1.1" 302 4310 "-" "Mozilla/5.0 (Windows NT 10.0; Win64; x64) AppleWebKit/537.36 (KHTML, like Gecko) Chrome/134.0.0.0 Safari/537.36"
107.189.10.248 - - [15/Apr/2026:06:27:06 +0200] "GET /wp-login.php HTTP/1.1" 302 510 "-" "Mozilla/5.0 (Windows NT 10.0; Win64; x64) AppleWebKit/537.36 (KHTML, like Gecko) Chrome/134.0.0.0 Safari/537.36"
107.189.10.248 - - [15/Apr/2026:06:27:06 +0200] "GET /wp-login.php HTTP/1.1" 302 510 "-" "Mozilla/5.0 (Windows NT 10.0; Win64; x64) AppleWebKit/537.36 (KHTML, like Gecko) Chrome/134.0.0.0 Safari/537.36"
107.189.10.248 - - [15/Apr/2026:06:27:06 +0200] "GET /wp-login.php HTTP/1.1" 302 510 "-" "Mozilla/5.0 (Windows NT 10.0; Win64; x64) AppleWebKit/537.36 (KHTML, like Gecko) Chrome/134.0.0.0 Safari/537.36"
107.189.10.248 - - [15/Apr/2026:06:27:07 +0200] "GET /wp-login.php HTTP/1.1" 302 510 "-" "Mozilla/5.0 (Windows NT 10.0; Win64; x64) AppleWebKit/537.36 (KHTML, like Gecko) Chrome/134.0.0.0 Safari/537.36"
107.189.10.248 - - [15/Apr/2026:06:27:07 +0200] "GET /wp-login.php HTTP/1.1" 302 510 "-" "Mozilla/5.0 (Windows NT 10.0; Win64; x64) AppleWebKit/537.36 (KHTML, like Gecko) Chrome/134.0.0.0 Safari/537.36"
107.189.10.248 - - [15/Apr/2026:06:27:07 +0200] "GET /wp-login.php HTTP/1.1" 302 510 "-" "Mozilla/5.0 (Windows NT 10.0; Win64; x64) AppleWebKit/537.36 (KHTML, like Gecko) Chrome/134.0.0.0 Safari/537.36"
107.189.10.248 - - [15/Apr/2026:06:27:07 +0200] "GET /wp-login.php HTTP/1.1" 302 510 "-" "Mozilla/5.0 (Windows NT 10.0; Win64; x64) AppleWebKit/537.36 (KHTML, like Gecko) Chrome/134.0.0.0 Safari/537.36"
107.189.10.248 - - [15/Apr/2026:06:27:07 +0200] "GET /wp-login.php HTTP/1.1" 302 510 "-" "Mozilla/5.0 (Windows NT 10.0; Win64; x64) AppleWebKit/537.36 (KHTML, like Gecko) Chrome/134.0.0.0 Safari/537.36"
107.189.10.248 - - [15/Apr/2026:06:27:07 +0200] "GET /wp-login.php HTTP/1.1" 302 510 "-" "Mozilla/5.0 (Windows NT 10.0; Win64; x64) AppleWebKit/537.36 (KHTML, like Gecko) Chrome/134.0.0.0 Safari/537.36"
107.189.10.248 - - [15/Apr/2026:06:27:07 +0200] "GET /wp-login.php HTTP/1.1" 302 510 "-" "Mozilla/5.0 (Windows NT 10.0; Win64; x64) AppleWebKit/537.36 (KHTML, like Gecko) Chrome/134.0.0.0 Safari/537.36"
107.189.10.248 - - [15/Apr/2026:06:27:08 +0200] "GET /wp-login.php HTTP/1.1" 302 510 "-" "Mozilla/5.0 (Windows NT 10.0; Win64; x64) AppleWebKit/537.36 (KHTML, like Gecko) Chrome/134.0.0.0 Safari/537.36"
107.189.10.248 - - [15/Apr/2026:06:27:08 +0200] "GET /wp-login.php HTTP/1.1" 302 510 "-" "Mozilla/5.0 (Windows NT 10.0; Win64; x64) AppleWebKit/537.36 (KHTML, like Gecko) Chrome/134.0.0.0 Safari/537.36"
107.189.10.248 - - [15/Apr/2026:06:27:08 +0200] "GET /wp-login.php HTTP/1.1" 302 510 "-" "Mozilla/5.0 (Windows NT 10.0; Win64; x64) AppleWebKit/537.36 (KHTML, like Gecko) Chrome/134.0.0.0 Safari/537.36"
107.189.10.248 - - [15/Apr/2026:06:27:08 +0200] "GET /wp-login.php HTTP/1.1" 302 510 "-" "Mozilla/5.0 (Windows NT 10.0; Win64; x64) AppleWebKit/537.36 (KHTML, like Gecko) Chrome/134.0.0.0 Safari/537.36"
107.189.10.248 - - [15/Apr/2026:06:27:08 +0200] "GET /wp-login.php HTTP/1.1" 302 510 "-" "Mozilla/5.0 (Windows NT 10.0; Win64; x64) AppleWebKit/537.36 (KHTML, like Gecko) Chrome/134.0.0.0 Safari/537.36"
107.189.10.248 - - [15/Apr/2026:06:27:08 +0200] "GET /wp-login.php HTTP/1.1" 302 510 "-" "Mozilla/5.0 (Windows NT 10.0; Win64; x64) AppleWebKit/537.36 (KHTML, like Gecko) Chrome/134.0.0.0 Safari/537.36"
107.189.10.248 - - [15/Apr/2026:06:27:08 +0200] "GET /wp-login.php HTTP/1.1" 302 510 "-" "Mozilla/5.0 (Windows NT 10.0; Win64; x64) AppleWebKit/537.36 (KHTML, like Gecko) Chrome/134.0.0.0 Safari/537.36"
107.189.10.248 - - [15/Apr/2026:06:27:09 +0200] "GET /wp-login.php HTTP/1.1" 302 510 "-" "Mozilla/5.0 (Windows NT 10.0; Win64; x64) AppleWebKit/537.36 (KHTML, like Gecko) Chrome/134.0.0.0 Safari/537.36"
107.189.10.248 - - [15/Apr/2026:06:27:09 +0200] "GET /wp-login.php HTTP/1.1" 302 510 "-" "Mozilla/5.0 (Windows NT 10.0; Win64; x64) AppleWebKit/537.36 (KHTML, like Gecko) Chrome/134.0.0.0 Safari/537.36"
107.189.10.248 - - [15/Apr/2026:06:27:09 +0200] "GET /wp-login.php HTTP/1.1" 302 510 "-" "Mozilla/5.0 (Windows NT 10.0; Win64; x64) AppleWebKit/537.36 (KHTML, like Gecko) Chrome/134.0.0.0 Safari/537.36"
107.189.10.248 - - [15/Apr/2026:06:27:09 +0200] "GET /wp-login.php HTTP/1.1" 302 510 "-" "Mozilla/5.0 (Windows NT 10.0; Win64; x64) AppleWebKit/537.36 (KHTML, like Gecko) Chrome/134.0.0.0 Safari/537.36"
107.189.10.248 - - [15/Apr/2026:06:27:09 +0200] "GET /wp-login.php HTTP/1.1" 302 510 "-" "Mozilla/5.0 (Windows NT 10.0; Win64; x64) AppleWebKit/537.36 (KHTML, like Gecko) Chrome/134.0.0.0 Safari/537.36"
107.189.10.248 - - [15/Apr/2026:06:27:09 +0200] "GET /wp-login.php HTTP/1.1" 302 510 "-" "Mozilla/5.0 (Windows NT 10.0; Win64; x64) AppleWebKit/537.36 (KHTML, like Gecko) Chrome/134.0.0.0 Safari/537.36"
107.189.10.248 - - [15/Apr/2026:06:27:09 +0200] "GET /wp-login.php HTTP/1.1" 302 510 "-" "Mozilla/5.0 (Windows NT 10.0; Win64; x64) AppleWebKit/537.36 (KHTML, like Gecko) Chrome/134.0.0.0 Safari/537.36"
107.189.10.248 - - [15/Apr/2026:06:27:10 +0200] "GET /wp-login.php HTTP/1.1" 302 510 "-" "Mozilla/5.0 (Windows NT 10.0; Win64; x64) AppleWebKit/537.36 (KHTML, like Gecko) Chrome/134.0.0.0 Safari/537.36"
107.189.10.248 - - [15/Apr/2026:06:27:10 +0200] "GET /wp-login.php HTTP/1.1" 302 510 "-" "Mozilla/5.0 (Windows NT 10.0; Win64; x64) AppleWebKit/537.36 (KHTML, like Gecko) Chrome/134.0.0.0 Safari/537.36"
107.189.10.248 - - [15/Apr/2026:06:27:10 +0200] "GET /wp-login.php HTTP/1.1" 302 510 "-" "Mozilla/5.0 (Windows NT 10.0; Win64; x64) AppleWebKit/537.36 (KHTML, like Gecko) Chrome/134.0.0.0 Safari/537.36"
107.189.10.248 - - [15/Apr/2026:06:27:10 +0200] "GET /wp-login.php HTTP/1.1" 302 510 "-" "Mozilla/5.0 (Windows NT 10.0; Win64; x64) AppleWebKit/537.36 (KHTML, like Gecko) Chrome/134.0.0.0 Safari/537.36"
107.189.10.248 - - [15/Apr/2026:06:27:10 +0200] "GET /wp-login.php HTTP/1.1" 302 510 "-" "Mozilla/5.0 (Windows NT 10.0; Win64; x64) AppleWebKit/537.36 (KHTML, like Gecko) Chrome/134.0.0.0 Safari/537.36"
95.216.2.94 - - [15/Apr/2026:06:31:25 +0200] "POST /wp-cron.php?doing_wp_cron=1776227485.7093110084533691406250 HTTP/1.1" 500 185 "-" "WordPress/6.4.8; https://www.mykam.ru"
94.154.35.236 - - [15/Apr/2026:06:31:25 +0200] "HEAD /bkp.gz HTTP/1.1" 301 319 "-" "Mozilla/5.0 (Windows NT 10.0; Win64; x64) AppleWebKit/537.36 (KHTML, like Gecko) Chrome/101.0.4951.67 Safari/537.36"
94.154.35.236 - - [15/Apr/2026:06:31:26 +0200] "HEAD /bkp.gz HTTP/1.1" 404 312 "-" "Mozilla/5.0 (Windows NT 10.0; Win64; x64) AppleWebKit/537.36 (KHTML, like Gecko) Chrome/101.0.4951.67 Safari/537.36"
43.131.39.179 - - [15/Apr/2026:06:32:15 +0200] "GET /wp-json/ HTTP/1.1" 200 518344 "-" "Mozilla/5.0 (iPhone; CPU iPhone OS 13_2_3 like Mac OS X) AppleWebKit/605.1.15 (KHTML, like Gecko) Version/13.0.3 Mobile/15E148 Safari/604.1"
95.216.2.94 - - [15/Apr/2026:06:34:58 +0200] "POST /wp-cron.php?doing_wp_cron=1776227698.9588499069213867187500 HTTP/1.1" 500 185 "-" "WordPress/6.4.8; https://www.mykam.ru"
49.51.47.100 - - [15/Apr/2026:06:34:58 +0200] "GET /2008/02/21/96/ HTTP/1.1" 200 9342 "-" "Mozilla/5.0 (iPhone; CPU iPhone OS 13_2_3 like Mac OS X) AppleWebKit/605.1.15 (KHTML, like Gecko) Version/13.0.3 Mobile/15E148 Safari/604.1"
216.244.66.231 - - [15/Apr/2026:06:36:16 +0200] "GET /robots.txt HTTP/1.1" 200 609 "-" "Mozilla/5.0 (compatible; DotBot/1.2; +https://opensiteexplorer.org/dotbot; help@moz.com)"
95.216.2.94 - - [15/Apr/2026:06:36:50 +0200] "POST /wp-cron.php?doing_wp_cron=1776227810.5919570922851562500000 HTTP/1.1" 500 4060 "-" "WordPress/6.4.8; https://www.mykam.ru"
185.231.154.128 - - [15/Apr/2026:06:36:50 +0200] "GET /2006/07/10/20/ HTTP/1.0" 200 37376 "https://www.mykam.ru/2006/07/10/20/#comment-309194" "Mozilla/5.0 (Windows NT 10.0; Win64; x64) AppleWebKit/537.36 (KHTML, like Gecko) Chrome/130.0.0.0 Safari/537.36"
