File: /var/www/ilya/data/logs/.mykam.ru.access.log.todelete.dc000ccc
95.216.2.94 - - [15/Apr/2026:00:03:38 +0200] "POST /wp-cron.php?doing_wp_cron=1776204218.6998720169067382812500 HTTP/1.1" 500 4060 "-" "WordPress/6.4.8; https://www.mykam.ru"
94.74.107.9 - - [15/Apr/2026:00:03:38 +0200] "GET /2006/07/01/11/ HTTP/1.1" 200 15871 "-" "Mozilla/5.0 (Windows NT 10.0; Win64; x64) AppleWebKit/537.36 (KHTML, like Gecko) Chrome/144.0.0.0 Safari/537.36"
94.74.107.9 - - [15/Apr/2026:00:03:39 +0200] "GET /wp-content/themes/dilectio/style.css HTTP/1.1" 200 4430 "https://www.mykam.ru/2006/07/01/11/" "Mozilla/5.0 (Windows NT 10.0; Win64; x64) AppleWebKit/537.36 (KHTML, like Gecko) Chrome/144.0.0.0 Safari/537.36"
94.74.107.9 - - [15/Apr/2026:00:03:40 +0200] "GET /wp-includes/css/dist/block-library/style.min.css?ver=6.4.8 HTTP/1.1" 200 14982 "https://www.mykam.ru/2006/07/01/11/" "Mozilla/5.0 (Windows NT 10.0; Win64; x64) AppleWebKit/537.36 (KHTML, like Gecko) Chrome/144.0.0.0 Safari/537.36"
94.74.107.9 - - [15/Apr/2026:00:03:40 +0200] "GET /wp-content/plugins/shutter-reloaded/shutter-reloaded.css?ver=2.4 HTTP/1.1" 200 1883 "https://www.mykam.ru/2006/07/01/11/" "Mozilla/5.0 (Windows NT 10.0; Win64; x64) AppleWebKit/537.36 (KHTML, like Gecko) Chrome/144.0.0.0 Safari/537.36"
94.74.107.9 - - [15/Apr/2026:00:03:40 +0200] "GET /wp-content/themes/dilectio/javascript/tabs.js HTTP/1.1" 200 1439 "https://www.mykam.ru/2006/07/01/11/" "Mozilla/5.0 (Windows NT 10.0; Win64; x64) AppleWebKit/537.36 (KHTML, like Gecko) Chrome/144.0.0.0 Safari/537.36"
94.74.107.9 - - [15/Apr/2026:00:03:40 +0200] "GET /wp-content/themes/dilectio/javascript/imghover.js HTTP/1.1" 200 4367 "https://www.mykam.ru/2006/07/01/11/" "Mozilla/5.0 (Windows NT 10.0; Win64; x64) AppleWebKit/537.36 (KHTML, like Gecko) Chrome/144.0.0.0 Safari/537.36"
124.156.226.179 - - [15/Apr/2026:00:04:00 +0200] "GET /2009/05/17/212/ HTTP/1.1" 200 11448 "-" "Mozilla/5.0 (iPhone; CPU iPhone OS 13_2_3 like Mac OS X) AppleWebKit/605.1.15 (KHTML, like Gecko) Version/13.0.3 Mobile/15E148 Safari/604.1"
95.216.2.94 - - [15/Apr/2026:00:14:01 +0200] "POST /wp-cron.php?doing_wp_cron=1776204841.0143110752105712890625 HTTP/1.1" 500 185 "-" "WordPress/6.4.8; https://www.mykam.ru"
94.154.35.236 - - [15/Apr/2026:00:14:00 +0200] "HEAD /api.gz HTTP/1.1" 301 319 "-" "Mozilla/5.0 (Windows NT 10.0; Win64; x64) AppleWebKit/537.36 (KHTML, like Gecko) Chrome/101.0.4951.67 Safari/537.36"
94.154.35.236 - - [15/Apr/2026:00:14:01 +0200] "HEAD /api.gz HTTP/1.1" 404 312 "-" "Mozilla/5.0 (Windows NT 10.0; Win64; x64) AppleWebKit/537.36 (KHTML, like Gecko) Chrome/101.0.4951.67 Safari/537.36"
49.51.36.179 - - [15/Apr/2026:00:14:45 +0200] "GET /wp-json/wp/v2/posts/6 HTTP/1.1" 200 19627 "-" "Mozilla/5.0 (iPhone; CPU iPhone OS 13_2_3 like Mac OS X) AppleWebKit/605.1.15 (KHTML, like Gecko) Version/13.0.3 Mobile/15E148 Safari/604.1"
95.216.2.94 - - [15/Apr/2026:00:15:40 +0200] "POST /wp-cron.php?doing_wp_cron=1776204940.7877039909362792968750 HTTP/1.1" 500 4060 "-" "WordPress/6.4.8; https://www.mykam.ru"
216.73.216.82 - - [15/Apr/2026:00:15:40 +0200] "GET /goods.php HTTP/1.1" 404 23586 "-" "Mozilla/5.0 AppleWebKit/537.36 (KHTML, like Gecko; compatible; ClaudeBot/1.0; +claudebot@anthropic.com)"
95.216.2.94 - - [15/Apr/2026:00:16:59 +0200] "POST /wp-cron.php?doing_wp_cron=1776205019.8365190029144287109375 HTTP/1.1" 500 185 "-" "WordPress/6.4.8; https://www.mykam.ru"
89.124.101.67 - - [15/Apr/2026:00:16:59 +0200] "GET /2006/07/10/20/ HTTP/1.0" 301 297 "http://mykam.ru/2006/07/10/20/" "Mozilla/5.0 (Windows NT 10.0; Win64; x64) AppleWebKit/537.36 (KHTML, like Gecko) Chrome/130.0.0.0 Safari/537.36 CCleaner/130.0.0.0"
89.124.101.67 - - [15/Apr/2026:00:17:00 +0200] "GET /2006/07/10/20/ HTTP/1.0" 200 33773 "http://www.mykam.ru/2006/07/10/20/" "Mozilla/5.0 (Windows NT 10.0; Win64; x64) AppleWebKit/537.36 (KHTML, like Gecko) Chrome/130.0.0.0 Safari/537.36 CCleaner/130.0.0.0"
89.124.101.67 - - [15/Apr/2026:00:17:01 +0200] "POST /wp-comments-post.php HTTP/1.0" 500 3590 "http://www.mykam.ru/2006/07/10/20/" "Mozilla/5.0 (Windows NT 10.0; Win64; x64) AppleWebKit/537.36 (KHTML, like Gecko) Chrome/130.0.0.0 Safari/537.36 CCleaner/130.0.0.0"
8.219.84.171 - - [15/Apr/2026:00:17:31 +0200] "GET / HTTP/1.1" 200 15429 "-" "Mozilla/5.0 (Fedora; Linux i686) AppleWebKit/537.36 (KHTML, like Gecko) Chrome/136.0.0.0 Safari/537.36"
77.75.77.95 - - [15/Apr/2026:00:17:56 +0200] "GET /sitemap-pt-post-p3-2006-07.xml HTTP/1.1" 200 4700 "-" "Mozilla/5.0 (compatible; SeznamBot/4.0; +https://o-seznam.cz/napoveda/vyhledavani/en/seznambot-crawler/)"
95.216.2.94 - - [15/Apr/2026:00:19:45 +0200] "POST /wp-cron.php?doing_wp_cron=1776205184.9976949691772460937500 HTTP/1.1" 500 4060 "-" "WordPress/6.4.8; https://www.mykam.ru"
216.73.216.82 - - [15/Apr/2026:00:19:44 +0200] "GET / HTTP/1.1" 200 15425 "-" "Mozilla/5.0 AppleWebKit/537.36 (KHTML, like Gecko; compatible; ClaudeBot/1.0; +claudebot@anthropic.com)"
185.191.171.4 - - [15/Apr/2026:00:20:05 +0200] "GET /robots.txt HTTP/1.1" 200 431 "-" "Mozilla/5.0 (compatible; SemrushBot/7~bl; +http://www.semrush.com/bot.html)"
95.216.2.94 - - [15/Apr/2026:00:25:43 +0200] "POST /wp-cron.php?doing_wp_cron=1776205543.8647449016571044921875 HTTP/1.1" 500 4060 "-" "WordPress/6.4.8; https://www.mykam.ru"
43.153.79.218 - - [15/Apr/2026:00:25:43 +0200] "GET /2008/08/06/115/feed/ HTTP/1.1" 200 5835 "-" "Mozilla/5.0 (iPhone; CPU iPhone OS 13_2_3 like Mac OS X) AppleWebKit/605.1.15 (KHTML, like Gecko) Version/13.0.3 Mobile/15E148 Safari/604.1"
95.216.2.94 - - [15/Apr/2026:00:30:34 +0200] "POST /wp-cron.php?doing_wp_cron=1776205834.5054819583892822265625 HTTP/1.1" 500 4060 "-" "WordPress/6.4.8; https://www.mykam.ru"
216.73.216.82 - - [15/Apr/2026:00:30:34 +0200] "GET / HTTP/1.1" 200 15425 "-" "Mozilla/5.0 AppleWebKit/537.36 (KHTML, like Gecko; compatible; ClaudeBot/1.0; +claudebot@anthropic.com)"
195.2.67.184 - - [15/Apr/2026:00:30:47 +0200] "GET /2009/06/30/219/ HTTP/1.0" 200 33699 "https://www.mykam.ru/2009/06/30/219/#comment-286622" "Mozilla/5.0 (Windows NT 10.0; Win64; x64) AppleWebKit/537.36 (KHTML, like Gecko) Chrome/131.0.0.0 Safari/537.36 Avast/131.0.0.0"
195.2.67.184 - - [15/Apr/2026:00:30:48 +0200] "POST /wp-comments-post.php HTTP/1.0" 500 3590 "https://www.mykam.ru/2009/06/30/219/#comment-286622" "Mozilla/5.0 (Windows NT 10.0; Win64; x64) AppleWebKit/537.36 (KHTML, like Gecko) Chrome/131.0.0.0 Safari/537.36 Avast/131.0.0.0"
95.216.2.94 - - [15/Apr/2026:00:33:25 +0200] "POST /wp-cron.php?doing_wp_cron=1776206005.0673940181732177734375 HTTP/1.1" 500 185 "-" "WordPress/6.4.8; https://www.mykam.ru"
35.211.194.217 - - [15/Apr/2026:00:33:24 +0200] "GET / HTTP/1.1" 301 276 "-" "Mozilla/5.0 (Windows NT 10.0; Win64; x64) AppleWebKit/537.36 (KHTML, like Gecko) Chrome/120.0.6099.28 Safari/537.36"
35.211.194.217 - - [15/Apr/2026:00:33:25 +0200] "GET / HTTP/1.1" 200 11547 "-" "Mozilla/5.0 (Windows NT 10.0; Win64; x64) AppleWebKit/537.36 (KHTML, like Gecko) Chrome/120.0.6099.28 Safari/537.36"
35.211.194.217 - - [15/Apr/2026:00:33:27 +0200] "GET /wp-content/themes/dilectio/javascript/tabs.js HTTP/1.1" 200 799 "http://www.mykam.ru/" "Mozilla/5.0 (Windows NT 10.0; Win64; x64) AppleWebKit/537.36 (KHTML, like Gecko) Chrome/120.0.6099.28 Safari/537.36"
35.211.194.217 - - [15/Apr/2026:00:33:27 +0200] "GET /wp-content/themes/dilectio/javascript/imghover.js HTTP/1.1" 200 492 "http://www.mykam.ru/" "Mozilla/5.0 (Windows NT 10.0; Win64; x64) AppleWebKit/537.36 (KHTML, like Gecko) Chrome/120.0.6099.28 Safari/537.36"
95.216.2.94 - - [15/Apr/2026:00:36:03 +0200] "POST /wp-cron.php?doing_wp_cron=1776206163.7159719467163085937500 HTTP/1.1" 500 4060 "-" "WordPress/6.4.8; https://www.mykam.ru"
124.156.157.91 - - [15/Apr/2026:00:36:03 +0200] "GET /2008/08/06/115/ HTTP/1.1" 200 13346 "-" "Mozilla/5.0 (iPhone; CPU iPhone OS 13_2_3 like Mac OS X) AppleWebKit/605.1.15 (KHTML, like Gecko) Version/13.0.3 Mobile/15E148 Safari/604.1"
95.216.2.94 - - [15/Apr/2026:00:39:36 +0200] "POST /wp-cron.php?doing_wp_cron=1776206376.2726750373840332031250 HTTP/1.1" 500 185 "-" "WordPress/6.4.8; https://www.mykam.ru"
84.17.59.158 - - [15/Apr/2026:00:39:35 +0200] "GET /2008/08/14/173/ HTTP/1.0" 301 298 "http://mykam.ru/2008/08/14/173/" "Mozilla/5.0 (Windows NT 10.0; Win64; x64) AppleWebKit/537.36 (KHTML, like Gecko) Chrome/131.0.0.0 Safari/537.36 Avast/131.0.0.0"
84.17.59.158 - - [15/Apr/2026:00:39:36 +0200] "GET /2008/08/14/173/ HTTP/1.0" 200 50859 "http://www.mykam.ru/2008/08/14/173/" "Mozilla/5.0 (Windows NT 10.0; Win64; x64) AppleWebKit/537.36 (KHTML, like Gecko) Chrome/131.0.0.0 Safari/537.36 Avast/131.0.0.0"
84.17.59.158 - - [15/Apr/2026:00:39:38 +0200] "POST /wp-comments-post.php HTTP/1.0" 500 3590 "http://www.mykam.ru/2008/08/14/173/" "Mozilla/5.0 (Windows NT 10.0; Win64; x64) AppleWebKit/537.36 (KHTML, like Gecko) Chrome/131.0.0.0 Safari/537.36 Avast/131.0.0.0"
95.216.2.94 - - [15/Apr/2026:00:41:16 +0200] "POST /wp-cron.php?doing_wp_cron=1776206476.8263280391693115234375 HTTP/1.1" 500 185 "-" "WordPress/6.4.8; https://www.mykam.ru"
94.154.35.236 - - [15/Apr/2026:00:41:16 +0200] "HEAD /api.7z HTTP/1.1" 301 319 "-" "Mozilla/5.0 (Windows NT 10.0; Win64; x64) AppleWebKit/537.36 (KHTML, like Gecko) Chrome/101.0.4951.67 Safari/537.36"
94.154.35.236 - - [15/Apr/2026:00:41:17 +0200] "HEAD /api.7z HTTP/1.1" 404 312 "-" "Mozilla/5.0 (Windows NT 10.0; Win64; x64) AppleWebKit/537.36 (KHTML, like Gecko) Chrome/101.0.4951.67 Safari/537.36"
95.216.2.94 - - [15/Apr/2026:00:42:59 +0200] "POST /wp-cron.php?doing_wp_cron=1776206579.7597210407257080078125 HTTP/1.1" 500 185 "-" "WordPress/6.4.8; https://www.mykam.ru"
152.228.220.143 - - [15/Apr/2026:00:42:59 +0200] "GET /category/energetics/feed/ HTTP/1.1" 200 2293 "-" "Mozilla/5.0 (X11; Linux i686) AppleWebKit/537.36 (KHTML, like Gecko) Chrome/30.0.1599.66 Safari/537.36"
95.216.2.94 - - [15/Apr/2026:00:44:03 +0200] "POST /wp-cron.php?doing_wp_cron=1776206643.5807919502258300781250 HTTP/1.1" 500 4060 "-" "WordPress/6.4.8; https://www.mykam.ru"
43.131.36.84 - - [15/Apr/2026:00:44:03 +0200] "GET /wp-json/wp/v2/posts/92 HTTP/1.1" 200 13023 "-" "Mozilla/5.0 (iPhone; CPU iPhone OS 13_2_3 like Mac OS X) AppleWebKit/605.1.15 (KHTML, like Gecko) Version/13.0.3 Mobile/15E148 Safari/604.1"
95.216.2.94 - - [15/Apr/2026:00:45:15 +0200] "POST /wp-cron.php?doing_wp_cron=1776206715.6654100418090820312500 HTTP/1.1" 500 4060 "-" "WordPress/6.4.8; https://www.mykam.ru"
216.73.216.82 - - [15/Apr/2026:00:45:15 +0200] "GET /goods.php HTTP/1.1" 404 23586 "-" "Mozilla/5.0 AppleWebKit/537.36 (KHTML, like Gecko; compatible; ClaudeBot/1.0; +claudebot@anthropic.com)"
8.29.198.25 - - [15/Apr/2026:00:45:20 +0200] "GET /feed/ HTTP/1.1" 200 4100 "-" "Feedly/1.0 (poller; 1 subscribers; )"
95.216.2.94 - - [15/Apr/2026:00:48:59 +0200] "POST /wp-cron.php?doing_wp_cron=1776206939.8422639369964599609375 HTTP/1.1" 500 4060 "-" "WordPress/6.4.8; https://www.mykam.ru"
35.233.209.90 - - [15/Apr/2026:00:48:59 +0200] "GET /.env HTTP/1.1" 404 23586 "-" "Mozilla/5.0 (Windows NT 10.0; Win64; x64) AppleWebKit/537.36"
35.233.209.90 - - [15/Apr/2026:00:49:00 +0200] "GET /.env.local HTTP/1.1" 404 19787 "-" "Mozilla/5.0 (Windows NT 10.0; Win64; x64) AppleWebKit/537.36"
35.233.209.90 - - [15/Apr/2026:00:49:02 +0200] "GET /.env.production HTTP/1.1" 404 19787 "-" "Mozilla/5.0 (Windows NT 10.0; Win64; x64) AppleWebKit/537.36"
35.233.209.90 - - [15/Apr/2026:00:49:06 +0200] "GET /.env.development HTTP/1.1" 404 19787 "-" "Mozilla/5.0 (Windows NT 10.0; Win64; x64) AppleWebKit/537.36"
35.233.209.90 - - [15/Apr/2026:00:49:07 +0200] "GET /.env.staging HTTP/1.1" 404 19787 "-" "Mozilla/5.0 (Windows NT 10.0; Win64; x64) AppleWebKit/537.36"
35.233.209.90 - - [15/Apr/2026:00:49:09 +0200] "GET /.env.backup HTTP/1.1" 404 19787 "-" "Mozilla/5.0 (Windows NT 10.0; Win64; x64) AppleWebKit/537.36"
35.233.209.90 - - [15/Apr/2026:00:49:10 +0200] "GET /.env.bak HTTP/1.1" 404 19787 "-" "Mozilla/5.0 (Windows NT 10.0; Win64; x64) AppleWebKit/537.36"
35.233.209.90 - - [15/Apr/2026:00:49:14 +0200] "GET /.env.old HTTP/1.1" 404 19787 "-" "Mozilla/5.0 (Windows NT 10.0; Win64; x64) AppleWebKit/537.36"
35.233.209.90 - - [15/Apr/2026:00:49:16 +0200] "GET /.env.example HTTP/1.1" 404 19787 "-" "Mozilla/5.0 (Windows NT 10.0; Win64; x64) AppleWebKit/537.36"
35.233.209.90 - - [15/Apr/2026:00:49:17 +0200] "GET /.env.save HTTP/1.1" 404 19787 "-" "Mozilla/5.0 (Windows NT 10.0; Win64; x64) AppleWebKit/537.36"
35.233.209.90 - - [15/Apr/2026:00:49:22 +0200] "GET /core/.env HTTP/1.1" 404 19787 "-" "Mozilla/5.0 (Windows NT 10.0; Win64; x64) AppleWebKit/537.36"
35.233.209.90 - - [15/Apr/2026:00:49:23 +0200] "GET /api/.env HTTP/1.1" 404 19787 "-" "Mozilla/5.0 (Windows NT 10.0; Win64; x64) AppleWebKit/537.36"
35.233.209.90 - - [15/Apr/2026:00:49:24 +0200] "GET /backend/.env HTTP/1.1" 404 19787 "-" "Mozilla/5.0 (Windows NT 10.0; Win64; x64) AppleWebKit/537.36"
35.233.209.90 - - [15/Apr/2026:00:49:28 +0200] "GET /laravel/.env HTTP/1.1" 404 19787 "-" "Mozilla/5.0 (Windows NT 10.0; Win64; x64) AppleWebKit/537.36"
35.233.209.90 - - [15/Apr/2026:00:49:30 +0200] "GET /app/.env HTTP/1.1" 404 19787 "-" "Mozilla/5.0 (Windows NT 10.0; Win64; x64) AppleWebKit/537.36"
35.233.209.90 - - [15/Apr/2026:00:49:31 +0200] "GET /web/.env HTTP/1.1" 404 19787 "-" "Mozilla/5.0 (Windows NT 10.0; Win64; x64) AppleWebKit/537.36"
35.233.209.90 - - [15/Apr/2026:00:49:32 +0200] "GET /src/.env HTTP/1.1" 404 19787 "-" "Mozilla/5.0 (Windows NT 10.0; Win64; x64) AppleWebKit/537.36"
35.233.209.90 - - [15/Apr/2026:00:49:36 +0200] "GET /server/.env HTTP/1.1" 404 19787 "-" "Mozilla/5.0 (Windows NT 10.0; Win64; x64) AppleWebKit/537.36"
35.233.209.90 - - [15/Apr/2026:00:49:37 +0200] "GET /config/.env HTTP/1.1" 404 19787 "-" "Mozilla/5.0 (Windows NT 10.0; Win64; x64) AppleWebKit/537.36"
35.233.209.90 - - [15/Apr/2026:00:49:38 +0200] "GET /shared/.env HTTP/1.1" 404 19787 "-" "Mozilla/5.0 (Windows NT 10.0; Win64; x64) AppleWebKit/537.36"
35.233.209.90 - - [15/Apr/2026:00:49:43 +0200] "GET /public/.env HTTP/1.1" 404 19787 "-" "Mozilla/5.0 (Windows NT 10.0; Win64; x64) AppleWebKit/537.36"
35.233.209.90 - - [15/Apr/2026:00:49:44 +0200] "GET /_next/static/env.js HTTP/1.1" 404 19787 "-" "Mozilla/5.0 (Windows NT 10.0; Win64; x64) AppleWebKit/537.36"
35.233.209.90 - - [15/Apr/2026:00:49:46 +0200] "GET /.vercel/.env.production.local HTTP/1.1" 404 19787 "-" "Mozilla/5.0 (Windows NT 10.0; Win64; x64) AppleWebKit/537.36"
35.233.209.90 - - [15/Apr/2026:00:49:50 +0200] "GET /.git/config HTTP/1.1" 404 19787 "-" "Mozilla/5.0 (Windows NT 10.0; Win64; x64) AppleWebKit/537.36"
35.233.209.90 - - [15/Apr/2026:00:49:51 +0200] "GET /actuator/env HTTP/1.1" 404 19787 "-" "Mozilla/5.0 (Windows NT 10.0; Win64; x64) AppleWebKit/537.36"
35.233.209.90 - - [15/Apr/2026:00:49:52 +0200] "GET /debug/default/view HTTP/1.1" 404 19787 "-" "Mozilla/5.0 (Windows NT 10.0; Win64; x64) AppleWebKit/537.36"
95.216.2.94 - - [15/Apr/2026:00:50:26 +0200] "POST /wp-cron.php?doing_wp_cron=1776207026.7250549793243408203125 HTTP/1.1" 500 4060 "-" "WordPress/6.4.8; https://www.mykam.ru"
216.73.216.82 - - [15/Apr/2026:00:50:26 +0200] "GET / HTTP/1.1" 200 15425 "-" "Mozilla/5.0 AppleWebKit/537.36 (KHTML, like Gecko; compatible; ClaudeBot/1.0; +claudebot@anthropic.com)"
95.216.2.94 - - [15/Apr/2026:00:53:21 +0200] "POST /wp-cron.php?doing_wp_cron=1776207201.5394480228424072265625 HTTP/1.1" 500 4060 "-" "WordPress/6.4.8; https://www.mykam.ru"
43.155.140.157 - - [15/Apr/2026:00:53:21 +0200] "GET /2008/08/26/197/ HTTP/1.1" 200 13286 "-" "Mozilla/5.0 (iPhone; CPU iPhone OS 13_2_3 like Mac OS X) AppleWebKit/605.1.15 (KHTML, like Gecko) Version/13.0.3 Mobile/15E148 Safari/604.1"
95.216.2.94 - - [15/Apr/2026:01:00:44 +0200] "POST /wp-cron.php?doing_wp_cron=1776207644.1486079692840576171875 HTTP/1.1" 500 185 "-" "WordPress/6.4.8; https://www.mykam.ru"
45.85.66.61 - - [15/Apr/2026:01:00:43 +0200] "GET /feed/ HTTP/1.1" 200 4081 "-" "Mozilla/5.0 (iPhone; CPU iPhone OS 17_0 like Mac OS X) AppleWebKit/605.1.15 (KHTML, like Gecko) EdgiOS/116.0.1938.72 Version/17.0 Mobile/15E148 Safari/604.1"
95.216.2.94 - - [15/Apr/2026:01:04:32 +0200] "POST /wp-cron.php?doing_wp_cron=1776207872.2083690166473388671875 HTTP/1.1" 500 4060 "-" "WordPress/6.4.8; https://www.mykam.ru"
43.153.123.4 - - [15/Apr/2026:01:04:31 +0200] "GET /2009/05/17/212/feed/ HTTP/1.1" 200 4881 "-" "Mozilla/5.0 (iPhone; CPU iPhone OS 13_2_3 like Mac OS X) AppleWebKit/605.1.15 (KHTML, like Gecko) Version/13.0.3 Mobile/15E148 Safari/604.1"
95.216.2.94 - - [15/Apr/2026:01:08:23 +0200] "POST /wp-cron.php?doing_wp_cron=1776208103.3777070045471191406250 HTTP/1.1" 500 185 "-" "WordPress/6.4.8; https://www.mykam.ru"
94.154.35.236 - - [15/Apr/2026:01:08:23 +0200] "HEAD /bkup.tar.gz HTTP/1.1" 301 324 "-" "Mozilla/5.0 (Windows NT 10.0; Win64; x64) AppleWebKit/537.36 (KHTML, like Gecko) Chrome/101.0.4951.67 Safari/537.36"
94.154.35.236 - - [15/Apr/2026:01:08:23 +0200] "HEAD /bkup.tar.gz HTTP/1.1" 404 312 "-" "Mozilla/5.0 (Windows NT 10.0; Win64; x64) AppleWebKit/537.36 (KHTML, like Gecko) Chrome/101.0.4951.67 Safari/537.36"
216.244.66.231 - - [15/Apr/2026:01:09:00 +0200] "GET /robots.txt HTTP/1.1" 200 609 "-" "Mozilla/5.0 (compatible; DotBot/1.2; +https://opensiteexplorer.org/dotbot; help@moz.com)"
216.73.216.82 - - [15/Apr/2026:01:09:53 +0200] "GET /robots.txt HTTP/1.1" 200 4287 "-" "Mozilla/5.0 AppleWebKit/537.36 (KHTML, like Gecko; compatible; ClaudeBot/1.0; +claudebot@anthropic.com)"
95.216.2.94 - - [15/Apr/2026:01:09:53 +0200] "POST /wp-cron.php?doing_wp_cron=1776208193.5158090591430664062500 HTTP/1.1" 500 4060 "-" "WordPress/6.4.8; https://www.mykam.ru"
216.73.216.82 - - [15/Apr/2026:01:09:53 +0200] "GET / HTTP/1.1" 200 11626 "-" "Mozilla/5.0 AppleWebKit/537.36 (KHTML, like Gecko; compatible; ClaudeBot/1.0; +claudebot@anthropic.com)"
95.216.2.94 - - [15/Apr/2026:01:13:43 +0200] "POST /wp-cron.php?doing_wp_cron=1776208423.1025090217590332031250 HTTP/1.1" 500 185 "-" "WordPress/6.4.8; https://www.mykam.ru"
216.244.66.231 - - [15/Apr/2026:01:13:42 +0200] "GET /2006/07/20/36/ HTTP/1.1" 200 25290 "-" "Mozilla/5.0 (compatible; DotBot/1.2; +https://opensiteexplorer.org/dotbot; help@moz.com)"
98.88.179.50 - - [15/Apr/2026:01:15:59 +0200] "GET /robots.txt HTTP/1.1" 200 431 "-" "Mozilla/5.0 (Macintosh; Intel Mac OS X 10_10_1) AppleWebKit/600.2.5 (KHTML, like Gecko) Version/8.0.2 Safari/600.2.5 (Gort)"
95.216.2.94 - - [15/Apr/2026:01:17:58 +0200] "POST /wp-cron.php?doing_wp_cron=1776208678.0416300296783447265625 HTTP/1.1" 500 4060 "-" "WordPress/6.4.8; https://www.mykam.ru"
178.20.43.173 - - [15/Apr/2026:01:17:57 +0200] "GET /2006/07/10/20/ HTTP/1.0" 200 37375 "https://www.mykam.ru/2006/07/10/20/#comment-333474" "Mozilla/5.0 (Windows NT 10.0; Win64; x64) AppleWebKit/537.36 (KHTML, like Gecko) Chrome/130.0.0.0 Safari/537.36 CCleaner/130.0.0.0"
178.20.43.173 - - [15/Apr/2026:01:17:58 +0200] "POST /wp-comments-post.php HTTP/1.0" 500 3590 "https://www.mykam.ru/2006/07/10/20/#comment-333474" "Mozilla/5.0 (Windows NT 10.0; Win64; x64) AppleWebKit/537.36 (KHTML, like Gecko) Chrome/130.0.0.0 Safari/537.36 CCleaner/130.0.0.0"
95.216.2.94 - - [15/Apr/2026:01:20:25 +0200] "POST /wp-cron.php?doing_wp_cron=1776208825.0201809406280517578125 HTTP/1.1" 500 4060 "-" "WordPress/6.4.8; https://www.mykam.ru"
66.249.66.36 - - [15/Apr/2026:01:20:24 +0200] "GET / HTTP/1.1" 301 4105 "-" "Mozilla/5.0 (Linux; Android 6.0.1; Nexus 5X Build/MMB29P) AppleWebKit/537.36 (KHTML, like Gecko) Chrome/146.0.7680.177 Mobile Safari/537.36 (compatible; Googlebot/2.1; +http://www.google.com/bot.html)"
66.249.66.38 - - [15/Apr/2026:01:20:25 +0200] "GET / HTTP/1.1" 200 15434 "-" "Mozilla/5.0 (Linux; Android 6.0.1; Nexus 5X Build/MMB29P) AppleWebKit/537.36 (KHTML, like Gecko) Chrome/146.0.7680.177 Mobile Safari/537.36 (compatible; Googlebot/2.1; +http://www.google.com/bot.html)"
66.249.66.37 - - [15/Apr/2026:01:20:28 +0200] "GET /wp-includes/css/dist/block-library/style.min.css?ver=6.4.8 HTTP/1.1" 200 18735 "https://www.mykam.ru/" "Mozilla/5.0 (Linux; Android 6.0.1; Nexus 5X Build/MMB29P) AppleWebKit/537.36 (KHTML, like Gecko) Chrome/146.0.7680.177 Mobile Safari/537.36 (compatible; Googlebot/2.1; +http://www.google.com/bot.html)"
66.249.66.37 - - [15/Apr/2026:01:20:28 +0200] "GET /wp-content/themes/dilectio/javascript/tabs.js HTTP/1.1" 200 4628 "https://www.mykam.ru/" "Mozilla/5.0 (Linux; Android 6.0.1; Nexus 5X Build/MMB29P) AppleWebKit/537.36 (KHTML, like Gecko) Chrome/146.0.7680.177 Mobile Safari/537.36 (compatible; Googlebot/2.1; +http://www.google.com/bot.html)"
66.249.66.37 - - [15/Apr/2026:01:20:28 +0200] "GET /wp-content/plugins/shutter-reloaded/shutter-reloaded.css?ver=2.4 HTTP/1.1" 200 1319 "https://www.mykam.ru/" "Mozilla/5.0 (Linux; Android 6.0.1; Nexus 5X Build/MMB29P) AppleWebKit/537.36 (KHTML, like Gecko) Chrome/146.0.7680.177 Mobile Safari/537.36 (compatible; Googlebot/2.1; +http://www.google.com/bot.html)"
66.249.66.38 - - [15/Apr/2026:01:20:28 +0200] "GET /wp-content/themes/dilectio/style.css HTTP/1.1" 200 4430 "https://www.mykam.ru/" "Mozilla/5.0 (Linux; Android 6.0.1; Nexus 5X Build/MMB29P) AppleWebKit/537.36 (KHTML, like Gecko) Chrome/146.0.7680.177 Mobile Safari/537.36 (compatible; Googlebot/2.1; +http://www.google.com/bot.html)"
66.249.66.37 - - [15/Apr/2026:01:20:29 +0200] "GET /wp-content/themes/dilectio/javascript/imghover.js HTTP/1.1" 200 567 "https://www.mykam.ru/" "Mozilla/5.0 (Linux; Android 6.0.1; Nexus 5X Build/MMB29P) AppleWebKit/537.36 (KHTML, like Gecko) Chrome/146.0.7680.177 Mobile Safari/537.36 (compatible; Googlebot/2.1; +http://www.google.com/bot.html)"
66.249.66.39 - - [15/Apr/2026:01:21:01 +0200] "GET / HTTP/1.1" 200 15434 "-" "Mozilla/5.0 (Linux; Android 6.0.1; Nexus 5X Build/MMB29P) AppleWebKit/537.36 (KHTML, like Gecko) Chrome/99.0.4844.84 Mobile Safari/537.36 (compatible; Googlebot/2.1; +http://www.google.com/bot.html)"
66.249.66.37 - - [15/Apr/2026:01:21:01 +0200] "GET / HTTP/1.1" 200 15434 "-" "Mozilla/5.0 (compatible; Googlebot/2.1; +http://www.google.com/bot.html)"
66.249.66.35 - - [15/Apr/2026:01:21:01 +0200] "GET / HTTP/1.1" 301 4105 "-" "Mozilla/5.0 (Linux; Android 6.0.1; Nexus 5X Build/MMB29P) AppleWebKit/537.36 (KHTML, like Gecko) Chrome/99.0.4844.84 Mobile Safari/537.36 (compatible; Googlebot/2.1; +http://www.google.com/bot.html)"
66.249.66.35 - - [15/Apr/2026:01:21:02 +0200] "GET / HTTP/1.1" 301 4105 "-" "Mozilla/5.0 (compatible; Googlebot/2.1; +http://www.google.com/bot.html)"
66.249.66.39 - - [15/Apr/2026:01:21:02 +0200] "GET / HTTP/1.1" 200 11681 "-" "Mozilla/5.0 (Linux; Android 6.0.1; Nexus 5X Build/MMB29P) AppleWebKit/537.36 (KHTML, like Gecko) Chrome/99.0.4844.84 Mobile Safari/537.36 (compatible; Googlebot/2.1; +http://www.google.com/bot.html)"
66.249.66.39 - - [15/Apr/2026:01:21:02 +0200] "GET / HTTP/1.1" 200 15434 "-" "Mozilla/5.0 (compatible; Googlebot/2.1; +http://www.google.com/bot.html)"
66.249.66.38 - - [15/Apr/2026:01:21:03 +0200] "GET /wp-content/themes/dilectio/style.css HTTP/1.1" 200 8183 "https://www.mykam.ru/" "Mozilla/5.0 AppleWebKit/537.36 (KHTML, like Gecko; compatible; Googlebot/2.1; +http://www.google.com/bot.html) Chrome/146.0.7680.177 Safari/537.36"
66.249.66.37 - - [15/Apr/2026:01:21:04 +0200] "GET /wp-content/themes/dilectio/javascript/imghover.js HTTP/1.1" 200 4320 "https://www.mykam.ru/" "Mozilla/5.0 AppleWebKit/537.36 (KHTML, like Gecko; compatible; Googlebot/2.1; +http://www.google.com/bot.html) Chrome/146.0.7680.177 Safari/537.36"
66.249.66.38 - - [15/Apr/2026:01:21:04 +0200] "GET /wp-content/themes/dilectio/javascript/tabs.js HTTP/1.1" 200 875 "https://www.mykam.ru/" "Mozilla/5.0 (Linux; Android 6.0.1; Nexus 5X Build/MMB29P) AppleWebKit/537.36 (KHTML, like Gecko) Chrome/146.0.7680.164 Mobile Safari/537.36 (compatible; Googlebot/2.1; +http://www.google.com/bot.html)"
66.249.66.38 - - [15/Apr/2026:01:21:04 +0200] "GET /wp-content/themes/dilectio/javascript/imghover.js HTTP/1.1" 200 567 "https://www.mykam.ru/" "Mozilla/5.0 (Linux; Android 6.0.1; Nexus 5X Build/MMB29P) AppleWebKit/537.36 (KHTML, like Gecko) Chrome/146.0.7680.164 Mobile Safari/537.36 (compatible; Googlebot/2.1; +http://www.google.com/bot.html)"
66.249.66.38 - - [15/Apr/2026:01:21:05 +0200] "GET /wp-includes/css/dist/block-library/style.min.css?ver=6.4.8 HTTP/1.1" 200 14982 "https://www.mykam.ru/" "Mozilla/5.0 AppleWebKit/537.36 (KHTML, like Gecko; compatible; Googlebot/2.1; +http://www.google.com/bot.html) Chrome/146.0.7680.177 Safari/537.36"
66.249.66.37 - - [15/Apr/2026:01:21:05 +0200] "GET /wp-content/plugins/shutter-reloaded/shutter-reloaded.css?ver=2.4 HTTP/1.1" 200 1319 "https://www.mykam.ru/" "Mozilla/5.0 (Linux; Android 6.0.1; Nexus 5X Build/MMB29P) AppleWebKit/537.36 (KHTML, like Gecko) Chrome/146.0.7680.164 Mobile Safari/537.36 (compatible; Googlebot/2.1; +http://www.google.com/bot.html)"
66.249.66.38 - - [15/Apr/2026:01:21:05 +0200] "GET /wp-content/themes/dilectio/javascript/tabs.js HTTP/1.1" 200 875 "https://www.mykam.ru/" "Mozilla/5.0 AppleWebKit/537.36 (KHTML, like Gecko; compatible; Googlebot/2.1; +http://www.google.com/bot.html) Chrome/146.0.7680.177 Safari/537.36"
66.249.66.38 - - [15/Apr/2026:01:21:06 +0200] "GET /wp-includes/css/dist/block-library/style.min.css?ver=6.4.8 HTTP/1.1" 200 14982 "https://www.mykam.ru/" "Mozilla/5.0 (Linux; Android 6.0.1; Nexus 5X Build/MMB29P) AppleWebKit/537.36 (KHTML, like Gecko) Chrome/146.0.7680.164 Mobile Safari/537.36 (compatible; Googlebot/2.1; +http://www.google.com/bot.html)"
66.249.66.37 - - [15/Apr/2026:01:21:06 +0200] "GET /wp-content/themes/dilectio/style.css HTTP/1.1" 200 4430 "https://www.mykam.ru/" "Mozilla/5.0 (Linux; Android 6.0.1; Nexus 5X Build/MMB29P) AppleWebKit/537.36 (KHTML, like Gecko) Chrome/146.0.7680.164 Mobile Safari/537.36 (compatible; Googlebot/2.1; +http://www.google.com/bot.html)"
66.249.66.37 - - [15/Apr/2026:01:21:07 +0200] "GET /wp-content/plugins/shutter-reloaded/shutter-reloaded.css?ver=2.4 HTTP/1.1" 200 1319 "https://www.mykam.ru/" "Mozilla/5.0 AppleWebKit/537.36 (KHTML, like Gecko; compatible; Googlebot/2.1; +http://www.google.com/bot.html) Chrome/146.0.7680.177 Safari/537.36"
194.26.192.253 - - [15/Apr/2026:01:21:17 +0200] "GET /xmlrpc.php HTTP/1.1" 500 185 "-" "Mozilla/5.0 (Macintosh; Intel Mac OS X 14_2_1) AppleWebKit/605.1.15 (KHTML, like Gecko) Version/17.1 Safari/605.1.15"
194.26.192.253 - - [15/Apr/2026:01:21:21 +0200] "GET /xmlrpc.php HTTP/1.1" 500 185 "-" "Mozilla/5.0 (X11; Linux x86_64) AppleWebKit/537.36 (KHTML, like Gecko) Chrome/120.0.0.0 Safari/537.36"
194.26.192.253 - - [15/Apr/2026:01:21:24 +0200] "GET /xmlrpc.php HTTP/1.1" 500 185 "-" "Mozilla/5.0 (Windows NT 10.0; Win64; x64) AppleWebKit/537.36 (KHTML, like Gecko) Chrome/120.0.0.0 Safari/537.36"
95.216.2.94 - - [15/Apr/2026:01:23:52 +0200] "POST /wp-cron.php?doing_wp_cron=1776209032.2859120368957519531250 HTTP/1.1" 500 185 "-" "WordPress/6.4.8; https://www.mykam.ru"
204.12.208.18 - - [15/Apr/2026:01:23:51 +0200] "GET /wp-content/x559cac/index.php HTTP/1.1" 301 388 "http://mykam.ru/wp-content/x559cac/index.php" "Mozilla/5.0 (Macintosh; U; PPC Mac OS X; ja-jp) AppleWebKit/523.12 (KHTML, like Gecko) Version/3.0.4 Safari/523.12"
204.12.208.18 - - [15/Apr/2026:01:23:52 +0200] "GET /wp-content/x559cac/ HTTP/1.1" 404 19692 "http://mykam.ru/wp-content/x559cac/index.php" "Mozilla/5.0 (Macintosh; U; PPC Mac OS X; ja-jp) AppleWebKit/523.12 (KHTML, like Gecko) Version/3.0.4 Safari/523.12"
8.219.84.171 - - [15/Apr/2026:01:24:05 +0200] "GET / HTTP/1.1" 200 15397 "-" "Mozilla/5.0 (Macintosh; Intel Mac OS X 10.13; rv:109.0) Gecko/20100101 Firefox/115.0"
95.216.2.94 - - [15/Apr/2026:01:26:17 +0200] "POST /wp-cron.php?doing_wp_cron=1776209177.2105550765991210937500 HTTP/1.1" 500 4060 "-" "WordPress/6.4.8; https://www.mykam.ru"
212.70.109.12 - - [15/Apr/2026:01:26:16 +0200] "GET /feed/ HTTP/1.1" 200 7966 "-" "Mozilla/5.0 (iPod; U; CPU iPhone OS 4_0 like Mac OS X; fur-IT) AppleWebKit/533.17.4 (KHTML, like Gecko) Version/3.0.5 Mobile/8B111 Safari/6533.17.4"
95.216.2.94 - - [15/Apr/2026:01:29:13 +0200] "POST /wp-cron.php?doing_wp_cron=1776209353.8744039535522460937500 HTTP/1.1" 500 185 "-" "WordPress/6.4.8; https://www.mykam.ru"
198.235.24.156 - - [15/Apr/2026:01:29:13 +0200] "GET / HTTP/1.1" 301 220 "-" "Hello from Palo Alto Networks, find out more about our scans in https://docs-cortex.paloaltonetworks.com/r/1/Cortex-Xpanse/Scanning-activity"
45.61.124.55 - - [15/Apr/2026:01:30:02 +0200] "GET /2006/07/10/20/ HTTP/1.1" 200 13664 "-" "python-httpx/0.28.1"
95.216.2.94 - - [15/Apr/2026:01:30:50 +0200] "POST /wp-cron.php?doing_wp_cron=1776209450.1758720874786376953125 HTTP/1.1" 500 4060 "-" "WordPress/6.4.8; https://www.mykam.ru"
38.154.200.109 - - [15/Apr/2026:01:30:49 +0200] "GET /2008/08/09/143/ HTTP/1.1" 200 11150 "-" "python-httpx/0.28.1"
152.228.220.143 - - [15/Apr/2026:01:30:54 +0200] "GET /category/society/feed/ HTTP/1.1" 200 4110 "-" "Mozilla/5.0 (X11; Linux i686) AppleWebKit/537.36 (KHTML, like Gecko) Chrome/30.0.1599.66 Safari/537.36"
95.216.2.94 - - [15/Apr/2026:01:32:37 +0200] "POST /wp-cron.php?doing_wp_cron=1776209557.8505609035491943359375 HTTP/1.1" 500 4060 "-" "WordPress/6.4.8; https://www.mykam.ru"
119.8.59.225 - - [15/Apr/2026:01:32:37 +0200] "GET /2008/08/24/196/ HTTP/1.1" 200 20731 "-" "Mozilla/5.0 (Macintosh; Intel Mac OS X 10_15_7) AppleWebKit/537.36 (KHTML, like Gecko) Chrome/145.0.0.0 Safari/537.36"
119.8.59.225 - - [15/Apr/2026:01:32:38 +0200] "GET /wp-content/themes/dilectio/style.css HTTP/1.1" 200 4430 "https://www.mykam.ru/2008/08/24/196/" "Mozilla/5.0 (Macintosh; Intel Mac OS X 10_15_7) AppleWebKit/537.36 (KHTML, like Gecko) Chrome/145.0.0.0 Safari/537.36"
119.8.59.225 - - [15/Apr/2026:01:32:38 +0200] "GET /wp-content/themes/dilectio/javascript/imghover.js HTTP/1.1" 200 567 "https://www.mykam.ru/2008/08/24/196/" "Mozilla/5.0 (Macintosh; Intel Mac OS X 10_15_7) AppleWebKit/537.36 (KHTML, like Gecko) Chrome/145.0.0.0 Safari/537.36"
95.216.2.94 - - [15/Apr/2026:01:34:55 +0200] "POST /wp-cron.php?doing_wp_cron=1776209695.8011200428009033203125 HTTP/1.1" 500 4060 "-" "WordPress/6.4.8; https://www.mykam.ru"
82.21.209.218 - - [15/Apr/2026:01:34:55 +0200] "GET /2009/05/13/210/ HTTP/1.1" 200 12295 "-" "python-httpx/0.28.1"
216.73.216.82 - - [15/Apr/2026:01:35:06 +0200] "GET /goods.php HTTP/1.1" 404 23586 "-" "Mozilla/5.0 AppleWebKit/537.36 (KHTML, like Gecko; compatible; ClaudeBot/1.0; +claudebot@anthropic.com)"
94.154.35.236 - - [15/Apr/2026:01:35:18 +0200] "HEAD /bkup.zip HTTP/1.1" 301 321 "-" "Mozilla/5.0 (Windows NT 10.0; Win64; x64) AppleWebKit/537.36 (KHTML, like Gecko) Chrome/101.0.4951.67 Safari/537.36"
94.154.35.236 - - [15/Apr/2026:01:35:19 +0200] "HEAD /bkup.zip HTTP/1.1" 404 312 "-" "Mozilla/5.0 (Windows NT 10.0; Win64; x64) AppleWebKit/537.36 (KHTML, like Gecko) Chrome/101.0.4951.67 Safari/537.36"
104.252.20.101 - - [15/Apr/2026:01:35:25 +0200] "GET /2008/08/14/163/ HTTP/1.1" 200 11441 "-" "python-httpx/0.28.1"
95.216.2.94 - - [15/Apr/2026:01:41:52 +0200] "POST /wp-cron.php?doing_wp_cron=1776210112.2997429370880126953125 HTTP/1.1" 500 4060 "-" "WordPress/6.4.8; https://www.mykam.ru"
45.38.70.111 - - [15/Apr/2026:01:41:51 +0200] "GET /2006/08/02/64/ HTTP/1.1" 200 13207 "-" "python-httpx/0.28.1"
95.216.2.94 - - [15/Apr/2026:01:54:12 +0200] "POST /wp-cron.php?doing_wp_cron=1776210852.8825099468231201171875 HTTP/1.1" 500 185 "-" "WordPress/6.4.8; https://www.mykam.ru"
171.25.193.80 - - [15/Apr/2026:01:54:12 +0200] "GET /feed/ HTTP/1.1" 200 4081 "-" "Mozilla/5.0 (iPhone; CPU iPhone OS 12_1_4 like Mac OS X) AppleWebKit/605.1.15 (KHTML, like Gecko) GSA/85.0.274229539 Mobile/16D57 Safari/604.1"
95.216.2.94 - - [15/Apr/2026:01:59:45 +0200] "POST /wp-cron.php?doing_wp_cron=1776211185.0774760246276855468750 HTTP/1.1" 500 185 "-" "WordPress/6.4.8; https://www.mykam.ru"
45.8.255.221 - - [15/Apr/2026:01:59:44 +0200] "GET /2009/06/30/219/ HTTP/1.1" 301 335 "http://mykam.ru/" "Mozilla/5.0 (Macintosh; Intel Mac OS X 10_15_7) AppleWebKit/537.36 (KHTML, like Gecko) Chrome/143.0.0.0 Safari/537.36"
45.8.255.221 - - [15/Apr/2026:01:59:45 +0200] "GET /2009/06/30/219/ HTTP/1.1" 200 8884 "http://mykam.ru/2009/06/30/219/" "Mozilla/5.0 (Macintosh; Intel Mac OS X 10_15_7) AppleWebKit/537.36 (KHTML, like Gecko) Chrome/143.0.0.0 Safari/537.36"
2.57.23.76 - - [15/Apr/2026:01:59:54 +0200] "GET /wp-content/themes/dilectio/style.css HTTP/1.1" 200 4355 "http://www.mykam.ru/2009/06/30/219/" "Mozilla/5.0 (Windows NT 10.0; Win64; x64) AppleWebKit/537.36 (KHTML, like Gecko) Chrome/145.0.0.0 Safari/537.36"
2.57.23.76 - - [15/Apr/2026:01:59:55 +0200] "GET /wp-includes/css/dist/block-library/style.min.css?ver=6.4.8 HTTP/1.1" 200 14841 "http://www.mykam.ru/2009/06/30/219/" "Mozilla/5.0 (Windows NT 10.0; Win64; x64) AppleWebKit/537.36 (KHTML, like Gecko) Chrome/145.0.0.0 Safari/537.36"
216.73.216.82 - - [15/Apr/2026:01:59:55 +0200] "GET / HTTP/1.1" 200 15425 "-" "Mozilla/5.0 AppleWebKit/537.36 (KHTML, like Gecko; compatible; ClaudeBot/1.0; +claudebot@anthropic.com)"
2.57.23.76 - - [15/Apr/2026:01:59:55 +0200] "GET /wp-content/plugins/shutter-reloaded/shutter-reloaded.css?ver=2.4 HTTP/1.1" 200 1244 "http://www.mykam.ru/2009/06/30/219/" "Mozilla/5.0 (Windows NT 10.0; Win64; x64) AppleWebKit/537.36 (KHTML, like Gecko) Chrome/145.0.0.0 Safari/537.36"
45.8.255.221 - - [15/Apr/2026:01:59:56 +0200] "POST /wp-comments-post.php HTTP/1.1" 500 4013 "http://www.mykam.ru/2009/06/30/219/" "Mozilla/5.0 (Macintosh; Intel Mac OS X 10_15_7) AppleWebKit/537.36 (KHTML, like Gecko) Chrome/143.0.0.0 Safari/537.36"
45.8.255.221 - - [15/Apr/2026:01:59:56 +0200] "POST /wp-comments-post.php HTTP/1.1" 500 4013 "http://www.mykam.ru/2009/06/30/219/" "Mozilla/5.0 (Macintosh; Intel Mac OS X 10_15_7) AppleWebKit/537.36 (KHTML, like Gecko) Chrome/143.0.0.0 Safari/537.36"
45.8.255.221 - - [15/Apr/2026:01:59:56 +0200] "POST /wp-comments-post.php HTTP/1.1" 500 4013 "http://www.mykam.ru/2009/06/30/219/" "Mozilla/5.0 (Macintosh; Intel Mac OS X 10_15_7) AppleWebKit/537.36 (KHTML, like Gecko) Chrome/143.0.0.0 Safari/537.36"
45.8.255.221 - - [15/Apr/2026:01:59:56 +0200] "POST /wp-comments-post.php HTTP/1.1" 500 4013 "http://www.mykam.ru/2009/06/30/219/" "Mozilla/5.0 (Macintosh; Intel Mac OS X 10_15_7) AppleWebKit/537.36 (KHTML, like Gecko) Chrome/143.0.0.0 Safari/537.36"
45.8.255.221 - - [15/Apr/2026:01:59:59 +0200] "GET /2009/06/30/219/ HTTP/1.1" 301 335 "-" "Mozilla/5.0 (compatible; Googlebot/2.1; +http://www.google.com/bot.html)"
45.8.255.221 - - [15/Apr/2026:01:59:59 +0200] "GET /2009/06/30/219/ HTTP/1.1" 200 8885 "http://mykam.ru/2009/06/30/219/" "Mozilla/5.0 (compatible; Googlebot/2.1; +http://www.google.com/bot.html)"
45.8.255.221 - - [15/Apr/2026:02:00:44 +0200] "GET /2009/06/30/219/ HTTP/1.1" 301 335 "-" "Mozilla/5.0 (compatible; Googlebot/2.1; +http://www.google.com/bot.html)"
95.216.2.94 - - [15/Apr/2026:02:00:45 +0200] "POST /wp-cron.php?doing_wp_cron=1776211245.1405930519104003906250 HTTP/1.1" 500 185 "-" "WordPress/6.4.8; https://www.mykam.ru"
45.8.255.221 - - [15/Apr/2026:02:00:44 +0200] "GET /2009/06/30/219/ HTTP/1.1" 200 8886 "http://mykam.ru/2009/06/30/219/" "Mozilla/5.0 (compatible; Googlebot/2.1; +http://www.google.com/bot.html)"
95.216.2.94 - - [15/Apr/2026:02:01:57 +0200] "POST /wp-cron.php?doing_wp_cron=1776211317.7949659824371337890625 HTTP/1.1" 500 185 "-" "WordPress/6.4.8; https://www.mykam.ru"
94.154.35.236 - - [15/Apr/2026:02:01:57 +0200] "HEAD /bkup.rar HTTP/1.1" 301 321 "-" "Mozilla/5.0 (Windows NT 10.0; Win64; x64) AppleWebKit/537.36 (KHTML, like Gecko) Chrome/101.0.4951.67 Safari/537.36"
94.154.35.236 - - [15/Apr/2026:02:01:58 +0200] "HEAD /bkup.rar HTTP/1.1" 404 312 "-" "Mozilla/5.0 (Windows NT 10.0; Win64; x64) AppleWebKit/537.36 (KHTML, like Gecko) Chrome/101.0.4951.67 Safari/537.36"
95.216.2.94 - - [15/Apr/2026:02:18:04 +0200] "POST /wp-cron.php?doing_wp_cron=1776212284.7539119720458984375000 HTTP/1.1" 500 4060 "-" "WordPress/6.4.8; https://www.mykam.ru"
84.54.44.204 - - [15/Apr/2026:02:18:04 +0200] "GET /2006/07/10/20/ HTTP/1.0" 200 37376 "https://www.mykam.ru/2006/07/10/20/#comment-333474" "Mozilla/5.0 (Windows NT 10.0; Win64; x64) AppleWebKit/537.36 (KHTML, like Gecko) Chrome/129.0.0.0 Safari/537.36"
84.54.44.204 - - [15/Apr/2026:02:18:05 +0200] "POST /wp-comments-post.php HTTP/1.0" 500 3590 "https://www.mykam.ru/2006/07/10/20/#comment-333474" "Mozilla/5.0 (Windows NT 10.0; Win64; x64) AppleWebKit/537.36 (KHTML, like Gecko) Chrome/129.0.0.0 Safari/537.36"
95.216.2.94 - - [15/Apr/2026:02:20:21 +0200] "POST /wp-cron.php?doing_wp_cron=1776212420.9967470169067382812500 HTTP/1.1" 500 4060 "-" "WordPress/6.4.8; https://www.mykam.ru"
195.178.110.241 - - [15/Apr/2026:02:20:20 +0200] "GET /.git/config HTTP/1.1" 404 23590 "-" "Mozilla/5.0 (Knoppix; Linux i686) AppleWebKit/537.36 (KHTML, like Gecko) Chrome/140.0.0.0 Safari/537.36"
95.216.2.94 - - [15/Apr/2026:02:21:59 +0200] "POST /wp-cron.php?doing_wp_cron=1776212519.2442739009857177734375 HTTP/1.1" 500 4060 "-" "WordPress/6.4.8; https://www.mykam.ru"
209.141.43.172 - - [15/Apr/2026:02:21:58 +0200] "GET /wp-login.php HTTP/1.1" 301 4257 "-" "Mozilla/5.0 (Windows NT 10.0; Win64; x64) AppleWebKit/537.36 (KHTML, like Gecko) Chrome/134.0.0.0 Safari/537.36"
209.141.43.172 - - [15/Apr/2026:02:22:20 +0200] "GET /wp-login.php HTTP/1.1" 302 4310 "-" "Mozilla/5.0 (Windows NT 10.0; Win64; x64) AppleWebKit/537.36 (KHTML, like Gecko) Chrome/134.0.0.0 Safari/537.36"
209.141.43.172 - - [15/Apr/2026:02:22:20 +0200] "GET /wp-login.php HTTP/1.1" 302 510 "-" "Mozilla/5.0 (Windows NT 10.0; Win64; x64) AppleWebKit/537.36 (KHTML, like Gecko) Chrome/134.0.0.0 Safari/537.36"
209.141.43.172 - - [15/Apr/2026:02:22:21 +0200] "GET /wp-login.php HTTP/1.1" 302 510 "-" "Mozilla/5.0 (Windows NT 10.0; Win64; x64) AppleWebKit/537.36 (KHTML, like Gecko) Chrome/134.0.0.0 Safari/537.36"
209.141.43.172 - - [15/Apr/2026:02:22:22 +0200] "GET /wp-login.php HTTP/1.1" 302 510 "-" "Mozilla/5.0 (Windows NT 10.0; Win64; x64) AppleWebKit/537.36 (KHTML, like Gecko) Chrome/134.0.0.0 Safari/537.36"
209.141.43.172 - - [15/Apr/2026:02:22:22 +0200] "GET /wp-login.php HTTP/1.1" 302 510 "-" "Mozilla/5.0 (Windows NT 10.0; Win64; x64) AppleWebKit/537.36 (KHTML, like Gecko) Chrome/134.0.0.0 Safari/537.36"
209.141.43.172 - - [15/Apr/2026:02:22:23 +0200] "GET /wp-login.php HTTP/1.1" 302 510 "-" "Mozilla/5.0 (Windows NT 10.0; Win64; x64) AppleWebKit/537.36 (KHTML, like Gecko) Chrome/134.0.0.0 Safari/537.36"
209.141.43.172 - - [15/Apr/2026:02:22:23 +0200] "GET /wp-login.php HTTP/1.1" 302 510 "-" "Mozilla/5.0 (Windows NT 10.0; Win64; x64) AppleWebKit/537.36 (KHTML, like Gecko) Chrome/134.0.0.0 Safari/537.36"
209.141.43.172 - - [15/Apr/2026:02:22:24 +0200] "GET /wp-login.php HTTP/1.1" 302 510 "-" "Mozilla/5.0 (Windows NT 10.0; Win64; x64) AppleWebKit/537.36 (KHTML, like Gecko) Chrome/134.0.0.0 Safari/537.36"
209.141.43.172 - - [15/Apr/2026:02:22:24 +0200] "GET /wp-login.php HTTP/1.1" 302 510 "-" "Mozilla/5.0 (Windows NT 10.0; Win64; x64) AppleWebKit/537.36 (KHTML, like Gecko) Chrome/134.0.0.0 Safari/537.36"
209.141.43.172 - - [15/Apr/2026:02:22:25 +0200] "GET /wp-login.php HTTP/1.1" 302 510 "-" "Mozilla/5.0 (Windows NT 10.0; Win64; x64) AppleWebKit/537.36 (KHTML, like Gecko) Chrome/134.0.0.0 Safari/537.36"
209.141.43.172 - - [15/Apr/2026:02:22:25 +0200] "GET /wp-login.php HTTP/1.1" 302 510 "-" "Mozilla/5.0 (Windows NT 10.0; Win64; x64) AppleWebKit/537.36 (KHTML, like Gecko) Chrome/134.0.0.0 Safari/537.36"
209.141.43.172 - - [15/Apr/2026:02:22:26 +0200] "GET /wp-login.php HTTP/1.1" 302 510 "-" "Mozilla/5.0 (Windows NT 10.0; Win64; x64) AppleWebKit/537.36 (KHTML, like Gecko) Chrome/134.0.0.0 Safari/537.36"
209.141.43.172 - - [15/Apr/2026:02:22:26 +0200] "GET /wp-login.php HTTP/1.1" 302 510 "-" "Mozilla/5.0 (Windows NT 10.0; Win64; x64) AppleWebKit/537.36 (KHTML, like Gecko) Chrome/134.0.0.0 Safari/537.36"
209.141.43.172 - - [15/Apr/2026:02:22:27 +0200] "GET /wp-login.php HTTP/1.1" 302 510 "-" "Mozilla/5.0 (Windows NT 10.0; Win64; x64) AppleWebKit/537.36 (KHTML, like Gecko) Chrome/134.0.0.0 Safari/537.36"
209.141.43.172 - - [15/Apr/2026:02:22:27 +0200] "GET /wp-login.php HTTP/1.1" 302 510 "-" "Mozilla/5.0 (Windows NT 10.0; Win64; x64) AppleWebKit/537.36 (KHTML, like Gecko) Chrome/134.0.0.0 Safari/537.36"
209.141.43.172 - - [15/Apr/2026:02:22:28 +0200] "GET /wp-login.php HTTP/1.1" 302 510 "-" "Mozilla/5.0 (Windows NT 10.0; Win64; x64) AppleWebKit/537.36 (KHTML, like Gecko) Chrome/134.0.0.0 Safari/537.36"
209.141.43.172 - - [15/Apr/2026:02:22:28 +0200] "GET /wp-login.php HTTP/1.1" 302 510 "-" "Mozilla/5.0 (Windows NT 10.0; Win64; x64) AppleWebKit/537.36 (KHTML, like Gecko) Chrome/134.0.0.0 Safari/537.36"
209.141.43.172 - - [15/Apr/2026:02:22:29 +0200] "GET /wp-login.php HTTP/1.1" 302 510 "-" "Mozilla/5.0 (Windows NT 10.0; Win64; x64) AppleWebKit/537.36 (KHTML, like Gecko) Chrome/134.0.0.0 Safari/537.36"
209.141.43.172 - - [15/Apr/2026:02:22:29 +0200] "GET /wp-login.php HTTP/1.1" 302 510 "-" "Mozilla/5.0 (Windows NT 10.0; Win64; x64) AppleWebKit/537.36 (KHTML, like Gecko) Chrome/134.0.0.0 Safari/537.36"
209.141.43.172 - - [15/Apr/2026:02:22:30 +0200] "GET /wp-login.php HTTP/1.1" 302 510 "-" "Mozilla/5.0 (Windows NT 10.0; Win64; x64) AppleWebKit/537.36 (KHTML, like Gecko) Chrome/134.0.0.0 Safari/537.36"
209.141.43.172 - - [15/Apr/2026:02:22:30 +0200] "GET /wp-login.php HTTP/1.1" 302 510 "-" "Mozilla/5.0 (Windows NT 10.0; Win64; x64) AppleWebKit/537.36 (KHTML, like Gecko) Chrome/134.0.0.0 Safari/537.36"
209.141.43.172 - - [15/Apr/2026:02:22:30 +0200] "GET /wp-login.php HTTP/1.1" 302 510 "-" "Mozilla/5.0 (Windows NT 10.0; Win64; x64) AppleWebKit/537.36 (KHTML, like Gecko) Chrome/134.0.0.0 Safari/537.36"
209.141.43.172 - - [15/Apr/2026:02:22:31 +0200] "GET /wp-login.php HTTP/1.1" 302 510 "-" "Mozilla/5.0 (Windows NT 10.0; Win64; x64) AppleWebKit/537.36 (KHTML, like Gecko) Chrome/134.0.0.0 Safari/537.36"
209.141.43.172 - - [15/Apr/2026:02:22:31 +0200] "GET /wp-login.php HTTP/1.1" 302 510 "-" "Mozilla/5.0 (Windows NT 10.0; Win64; x64) AppleWebKit/537.36 (KHTML, like Gecko) Chrome/134.0.0.0 Safari/537.36"
209.141.43.172 - - [15/Apr/2026:02:22:32 +0200] "GET /wp-login.php HTTP/1.1" 302 510 "-" "Mozilla/5.0 (Windows NT 10.0; Win64; x64) AppleWebKit/537.36 (KHTML, like Gecko) Chrome/134.0.0.0 Safari/537.36"
209.141.43.172 - - [15/Apr/2026:02:22:32 +0200] "GET /wp-login.php HTTP/1.1" 302 510 "-" "Mozilla/5.0 (Windows NT 10.0; Win64; x64) AppleWebKit/537.36 (KHTML, like Gecko) Chrome/134.0.0.0 Safari/537.36"
209.141.43.172 - - [15/Apr/2026:02:22:33 +0200] "GET /wp-login.php HTTP/1.1" 302 510 "-" "Mozilla/5.0 (Windows NT 10.0; Win64; x64) AppleWebKit/537.36 (KHTML, like Gecko) Chrome/134.0.0.0 Safari/537.36"
209.141.43.172 - - [15/Apr/2026:02:22:33 +0200] "GET /wp-login.php HTTP/1.1" 302 510 "-" "Mozilla/5.0 (Windows NT 10.0; Win64; x64) AppleWebKit/537.36 (KHTML, like Gecko) Chrome/134.0.0.0 Safari/537.36"
209.141.43.172 - - [15/Apr/2026:02:22:34 +0200] "GET /wp-login.php HTTP/1.1" 302 510 "-" "Mozilla/5.0 (Windows NT 10.0; Win64; x64) AppleWebKit/537.36 (KHTML, like Gecko) Chrome/134.0.0.0 Safari/537.36"
209.141.43.172 - - [15/Apr/2026:02:22:34 +0200] "GET /wp-login.php HTTP/1.1" 302 510 "-" "Mozilla/5.0 (Windows NT 10.0; Win64; x64) AppleWebKit/537.36 (KHTML, like Gecko) Chrome/134.0.0.0 Safari/537.36"
95.216.2.94 - - [15/Apr/2026:02:26:37 +0200] "POST /wp-cron.php?doing_wp_cron=1776212797.5578889846801757812500 HTTP/1.1" 500 185 "-" "WordPress/6.4.8; https://www.mykam.ru"
152.228.220.143 - - [15/Apr/2026:02:26:37 +0200] "GET /2006/08/07/80/feed/ HTTP/1.1" 200 3979 "-" "Mozilla/5.0 (X11; Linux i686) AppleWebKit/537.36 (KHTML, like Gecko) Chrome/30.0.1599.66 Safari/537.36"
95.216.2.94 - - [15/Apr/2026:02:29:01 +0200] "POST /wp-cron.php?doing_wp_cron=1776212941.3634569644927978515625 HTTP/1.1" 500 185 "-" "WordPress/6.4.8; https://www.mykam.ru"
94.154.35.236 - - [15/Apr/2026:02:29:01 +0200] "HEAD /bkup.tar HTTP/1.1" 301 321 "-" "Mozilla/5.0 (Windows NT 10.0; Win64; x64) AppleWebKit/537.36 (KHTML, like Gecko) Chrome/101.0.4951.67 Safari/537.36"
94.154.35.236 - - [15/Apr/2026:02:29:01 +0200] "HEAD /bkup.tar HTTP/1.1" 404 312 "-" "Mozilla/5.0 (Windows NT 10.0; Win64; x64) AppleWebKit/537.36 (KHTML, like Gecko) Chrome/101.0.4951.67 Safari/537.36"
216.73.216.82 - - [15/Apr/2026:02:37:11 +0200] "GET /robots.txt HTTP/1.1" 200 4287 "-" "Mozilla/5.0 AppleWebKit/537.36 (KHTML, like Gecko; compatible; ClaudeBot/1.0; +claudebot@anthropic.com)"
95.216.2.94 - - [15/Apr/2026:02:37:11 +0200] "POST /wp-cron.php?doing_wp_cron=1776213431.7304511070251464843750 HTTP/1.1" 500 4060 "-" "WordPress/6.4.8; https://www.mykam.ru"
216.73.216.82 - - [15/Apr/2026:02:37:11 +0200] "GET / HTTP/1.1" 200 11626 "-" "Mozilla/5.0 AppleWebKit/537.36 (KHTML, like Gecko; compatible; ClaudeBot/1.0; +claudebot@anthropic.com)"
95.216.2.94 - - [15/Apr/2026:02:39:12 +0200] "POST /wp-cron.php?doing_wp_cron=1776213552.1815168857574462890625 HTTP/1.1" 500 4060 "-" "WordPress/6.4.8; https://www.mykam.ru"
209.141.43.33 - - [15/Apr/2026:02:39:11 +0200] "GET /wp-login.php HTTP/1.1" 302 4342 "-" "Mozilla/5.0 (Windows NT 10.0; Win64; x64) AppleWebKit/537.36 (KHTML, like Gecko) Chrome/134.0.0.0 Safari/537.36"
209.141.43.33 - - [15/Apr/2026:02:39:13 +0200] "GET /wp-login.php HTTP/1.1" 302 4310 "-" "Mozilla/5.0 (Windows NT 10.0; Win64; x64) AppleWebKit/537.36 (KHTML, like Gecko) Chrome/134.0.0.0 Safari/537.36"
209.141.43.33 - - [15/Apr/2026:02:39:16 +0200] "GET /wp-login.php HTTP/1.1" 302 510 "-" "Mozilla/5.0 (Windows NT 10.0; Win64; x64) AppleWebKit/537.36 (KHTML, like Gecko) Chrome/134.0.0.0 Safari/537.36"
209.141.43.33 - - [15/Apr/2026:02:39:17 +0200] "GET /wp-login.php HTTP/1.1" 302 510 "-" "Mozilla/5.0 (Windows NT 10.0; Win64; x64) AppleWebKit/537.36 (KHTML, like Gecko) Chrome/134.0.0.0 Safari/537.36"
209.141.43.33 - - [15/Apr/2026:02:39:17 +0200] "GET /wp-login.php HTTP/1.1" 302 510 "-" "Mozilla/5.0 (Windows NT 10.0; Win64; x64) AppleWebKit/537.36 (KHTML, like Gecko) Chrome/134.0.0.0 Safari/537.36"
209.141.43.33 - - [15/Apr/2026:02:39:18 +0200] "GET /wp-login.php HTTP/1.1" 302 510 "-" "Mozilla/5.0 (Windows NT 10.0; Win64; x64) AppleWebKit/537.36 (KHTML, like Gecko) Chrome/134.0.0.0 Safari/537.36"
209.141.43.33 - - [15/Apr/2026:02:39:18 +0200] "GET /wp-login.php HTTP/1.1" 302 510 "-" "Mozilla/5.0 (Windows NT 10.0; Win64; x64) AppleWebKit/537.36 (KHTML, like Gecko) Chrome/134.0.0.0 Safari/537.36"
209.141.43.33 - - [15/Apr/2026:02:39:19 +0200] "GET /wp-login.php HTTP/1.1" 302 510 "-" "Mozilla/5.0 (Windows NT 10.0; Win64; x64) AppleWebKit/537.36 (KHTML, like Gecko) Chrome/134.0.0.0 Safari/537.36"
209.141.43.33 - - [15/Apr/2026:02:39:19 +0200] "GET /wp-login.php HTTP/1.1" 302 510 "-" "Mozilla/5.0 (Windows NT 10.0; Win64; x64) AppleWebKit/537.36 (KHTML, like Gecko) Chrome/134.0.0.0 Safari/537.36"
209.141.43.33 - - [15/Apr/2026:02:39:20 +0200] "GET /wp-login.php HTTP/1.1" 302 510 "-" "Mozilla/5.0 (Windows NT 10.0; Win64; x64) AppleWebKit/537.36 (KHTML, like Gecko) Chrome/134.0.0.0 Safari/537.36"
209.141.43.33 - - [15/Apr/2026:02:39:20 +0200] "GET /wp-login.php HTTP/1.1" 302 510 "-" "Mozilla/5.0 (Windows NT 10.0; Win64; x64) AppleWebKit/537.36 (KHTML, like Gecko) Chrome/134.0.0.0 Safari/537.36"
209.141.43.33 - - [15/Apr/2026:02:39:20 +0200] "GET /wp-login.php HTTP/1.1" 302 510 "-" "Mozilla/5.0 (Windows NT 10.0; Win64; x64) AppleWebKit/537.36 (KHTML, like Gecko) Chrome/134.0.0.0 Safari/537.36"
209.141.43.33 - - [15/Apr/2026:02:39:21 +0200] "GET /wp-login.php HTTP/1.1" 302 510 "-" "Mozilla/5.0 (Windows NT 10.0; Win64; x64) AppleWebKit/537.36 (KHTML, like Gecko) Chrome/134.0.0.0 Safari/537.36"
209.141.43.33 - - [15/Apr/2026:02:39:21 +0200] "GET /wp-login.php HTTP/1.1" 302 510 "-" "Mozilla/5.0 (Windows NT 10.0; Win64; x64) AppleWebKit/537.36 (KHTML, like Gecko) Chrome/134.0.0.0 Safari/537.36"
209.141.43.33 - - [15/Apr/2026:02:39:22 +0200] "GET /wp-login.php HTTP/1.1" 302 510 "-" "Mozilla/5.0 (Windows NT 10.0; Win64; x64) AppleWebKit/537.36 (KHTML, like Gecko) Chrome/134.0.0.0 Safari/537.36"
209.141.43.33 - - [15/Apr/2026:02:39:25 +0200] "GET /wp-login.php HTTP/1.1" 302 510 "-" "Mozilla/5.0 (Windows NT 10.0; Win64; x64) AppleWebKit/537.36 (KHTML, like Gecko) Chrome/134.0.0.0 Safari/537.36"
209.141.43.33 - - [15/Apr/2026:02:39:26 +0200] "GET /wp-login.php HTTP/1.1" 302 510 "-" "Mozilla/5.0 (Windows NT 10.0; Win64; x64) AppleWebKit/537.36 (KHTML, like Gecko) Chrome/134.0.0.0 Safari/537.36"
209.141.43.33 - - [15/Apr/2026:02:39:26 +0200] "GET /wp-login.php HTTP/1.1" 302 510 "-" "Mozilla/5.0 (Windows NT 10.0; Win64; x64) AppleWebKit/537.36 (KHTML, like Gecko) Chrome/134.0.0.0 Safari/537.36"
209.141.43.33 - - [15/Apr/2026:02:39:27 +0200] "GET /wp-login.php HTTP/1.1" 302 510 "-" "Mozilla/5.0 (Windows NT 10.0; Win64; x64) AppleWebKit/537.36 (KHTML, like Gecko) Chrome/134.0.0.0 Safari/537.36"
209.141.43.33 - - [15/Apr/2026:02:39:27 +0200] "GET /wp-login.php HTTP/1.1" 302 510 "-" "Mozilla/5.0 (Windows NT 10.0; Win64; x64) AppleWebKit/537.36 (KHTML, like Gecko) Chrome/134.0.0.0 Safari/537.36"
209.141.43.33 - - [15/Apr/2026:02:39:28 +0200] "GET /wp-login.php HTTP/1.1" 302 510 "-" "Mozilla/5.0 (Windows NT 10.0; Win64; x64) AppleWebKit/537.36 (KHTML, like Gecko) Chrome/134.0.0.0 Safari/537.36"
209.141.43.33 - - [15/Apr/2026:02:39:28 +0200] "GET /wp-login.php HTTP/1.1" 302 510 "-" "Mozilla/5.0 (Windows NT 10.0; Win64; x64) AppleWebKit/537.36 (KHTML, like Gecko) Chrome/134.0.0.0 Safari/537.36"
209.141.43.33 - - [15/Apr/2026:02:39:29 +0200] "GET /wp-login.php HTTP/1.1" 302 510 "-" "Mozilla/5.0 (Windows NT 10.0; Win64; x64) AppleWebKit/537.36 (KHTML, like Gecko) Chrome/134.0.0.0 Safari/537.36"
209.141.43.33 - - [15/Apr/2026:02:39:29 +0200] "GET /wp-login.php HTTP/1.1" 302 510 "-" "Mozilla/5.0 (Windows NT 10.0; Win64; x64) AppleWebKit/537.36 (KHTML, like Gecko) Chrome/134.0.0.0 Safari/537.36"
209.141.43.33 - - [15/Apr/2026:02:39:30 +0200] "GET /wp-login.php HTTP/1.1" 302 510 "-" "Mozilla/5.0 (Windows NT 10.0; Win64; x64) AppleWebKit/537.36 (KHTML, like Gecko) Chrome/134.0.0.0 Safari/537.36"
