193.37.32.200 - - [15/Apr/2026:07:46:41 +0200] "GET /wp-includes/rest-api/search/config.php HTTP/1.1" 404 19636 "-" "Go-http-client/1.1"
193.37.32.200 - - [15/Apr/2026:07:46:41 +0200] "GET /wp-includes/rest-api/endpoints/config.php HTTP/1.1" 404 19655 "-" "Go-http-client/1.1"
193.37.32.181 - - [15/Apr/2026:07:46:42 +0200] "GET /wp-includes/rest-api/login.php HTTP/1.1" 404 19636 "-" "Go-http-client/1.1"
193.37.32.181 - - [15/Apr/2026:07:46:43 +0200] "GET /wp-includes/random_compat/config.php HTTP/1.1" 404 19636 "-" "Go-http-client/1.1"
193.37.32.181 - - [15/Apr/2026:07:46:43 +0200] "GET /wp-includes/init.php HTTP/1.1" 404 19636 "-" "Go-http-client/1.1"
193.37.32.181 - - [15/Apr/2026:07:46:43 +0200] "GET /wp-admin/config.php HTTP/1.1" 404 19636 "-" "Go-http-client/1.1"
193.37.32.181 - - [15/Apr/2026:07:46:44 +0200] "GET /wp-content/wp-config-backup.php HTTP/1.1" 404 19636 "-" "Go-http-client/1.1"
193.37.32.181 - - [15/Apr/2026:07:46:45 +0200] "GET /wp-content/backup-migration/config.php HTTP/1.1" 404 19636 "-" "Go-http-client/1.1"
193.37.32.181 - - [15/Apr/2026:07:46:45 +0200] "GET /wp-content/uploads/redux/ HTTP/1.1" 404 19636 "-" "Go-http-client/1.1"
193.37.32.181 - - [15/Apr/2026:07:46:45 +0200] "GET /wp-content/languages/themes/config.php HTTP/1.1" 404 19636 "-" "Go-http-client/1.1"
193.37.32.181 - - [15/Apr/2026:07:46:46 +0200] "GET /wp-content/languages/config.php HTTP/1.1" 404 19636 "-" "Go-http-client/1.1"
193.37.32.181 - - [15/Apr/2026:07:46:46 +0200] "GET /wp-content/plugins/pwnd/bypass.php HTTP/1.1" 404 19636 "-" "Go-http-client/1.1"
193.37.32.181 - - [15/Apr/2026:07:46:47 +0200] "GET /wp-admin/class.php HTTP/1.1" 404 19636 "-" "Go-http-client/1.1"
193.37.32.181 - - [15/Apr/2026:07:46:47 +0200] "GET /wp-content/plugins/config.php HTTP/1.1" 404 19636 "-" "Go-http-client/1.1"
193.37.32.181 - - [15/Apr/2026:07:46:48 +0200] "GET /wp-content/plugins/login.php HTTP/1.1" 404 19636 "-" "Go-http-client/1.1"
193.37.32.181 - - [15/Apr/2026:07:46:48 +0200] "GET /wp-content/themes/config.php HTTP/1.1" 404 19636 "-" "Go-http-client/1.1"
193.37.32.181 - - [15/Apr/2026:07:46:48 +0200] "GET /wp-content/uploads/config.php HTTP/1.1" 404 19636 "-" "Go-http-client/1.1"
193.37.32.181 - - [15/Apr/2026:07:46:49 +0200] "GET /wp-content/uploads/system.php HTTP/1.1" 404 19636 "-" "Go-http-client/1.1"
193.37.32.181 - - [15/Apr/2026:07:46:49 +0200] "GET /wp-content/themes/twentynineteen/sass/site/ HTTP/1.1" 404 19636 "-" "Go-http-client/1.1"
193.37.32.181 - - [15/Apr/2026:07:46:50 +0200] "GET /wp-content/themes/twentytwenty/assets/js/ HTTP/1.1" 404 19636 "-" "Go-http-client/1.1"
193.37.32.181 - - [15/Apr/2026:07:46:50 +0200] "GET /wp-includes/sodium_compat/ HTTP/1.1" 200 781 "-" "Go-http-client/1.1"
95.216.2.94 - - [15/Apr/2026:07:46:50 +0200] "POST /wp-cron.php?doing_wp_cron=1776232010.9398860931396484375000 HTTP/1.1" 500 185 "-" "WordPress/6.4.8; https://www.mykam.ru"
193.37.32.181 - - [15/Apr/2026:07:46:50 +0200] "GET /wp-content/edit-tags.php HTTP/1.1" 404 19636 "-" "Go-http-client/1.1"
193.37.32.181 - - [15/Apr/2026:07:46:51 +0200] "GET /root.php HTTP/1.1" 404 19636 "-" "Go-http-client/1.1"
193.37.32.181 - - [15/Apr/2026:07:46:51 +0200] "GET /wp-includes/webix.php HTTP/1.1" 404 19636 "-" "Go-http-client/1.1"
193.37.32.181 - - [15/Apr/2026:07:46:52 +0200] "GET /wp-content/uploads/ms-files.php HTTP/1.1" 404 19636 "-" "Go-http-client/1.1"
193.37.32.181 - - [15/Apr/2026:07:46:52 +0200] "GET /wp-content/uploads/about.php HTTP/1.1" 404 19636 "-" "Go-http-client/1.1"
193.37.32.181 - - [15/Apr/2026:07:46:52 +0200] "GET /wp-content/uploads/edit.php HTTP/1.1" 404 19636 "-" "Go-http-client/1.1"
193.37.32.181 - - [15/Apr/2026:07:46:53 +0200] "GET /wp-includes/Text/wp-conflg.php HTTP/1.1" 404 19636 "-" "Go-http-client/1.1"
193.37.32.181 - - [15/Apr/2026:07:46:53 +0200] "GET /wp-content/uploads/classwithtostring.php HTTP/1.1" 404 19636 "-" "Go-http-client/1.1"
193.37.32.181 - - [15/Apr/2026:07:46:54 +0200] "GET /wp-admin/wp-mail.php HTTP/1.1" 404 19636 "-" "Go-http-client/1.1"
193.37.32.181 - - [15/Apr/2026:07:46:54 +0200] "GET /wp-includes/certificates/autoload_classmap.php HTTP/1.1" 404 19636 "-" "Go-http-client/1.1"
193.37.32.181 - - [15/Apr/2026:07:46:54 +0200] "GET /wp-content/plugins/wp-multilang/configs/plugins/users.php HTTP/1.1" 404 19636 "-" "Go-http-client/1.1"
193.37.32.181 - - [15/Apr/2026:07:46:55 +0200] "GET /wp-content/upgrade-temp-backup/plugins/maintenance.php HTTP/1.1" 404 19636 "-" "Go-http-client/1.1"
193.37.32.181 - - [15/Apr/2026:07:46:55 +0200] "GET /aboutc.php HTTP/1.1" 404 19636 "-" "Go-http-client/1.1"
193.37.32.181 - - [15/Apr/2026:07:46:56 +0200] "GET /wp-includes/blocks/columns/ HTTP/1.1" 200 778 "-" "Go-http-client/1.1"
193.37.32.181 - - [15/Apr/2026:07:46:56 +0200] "GET /wp-includes/blocks/widget-group/ HTTP/1.1" 200 678 "-" "Go-http-client/1.1"
193.37.32.181 - - [15/Apr/2026:07:46:56 +0200] "GET /wp-content/themes/news-portal/fm.php HTTP/1.1" 404 19636 "-" "Go-http-client/1.1"
193.37.32.181 - - [15/Apr/2026:07:46:57 +0200] "GET /wp-includes/assets/koiy.php HTTP/1.1" 404 19636 "-" "Go-http-client/1.1"
193.37.32.181 - - [15/Apr/2026:07:46:57 +0200] "GET /wp-content/plugins/Nxploited/class-payment.php HTTP/1.1" 404 19636 "-" "Go-http-client/1.1"
193.37.32.181 - - [15/Apr/2026:07:46:58 +0200] "GET /wp-content/plugins/plugin/ HTTP/1.1" 404 19636 "-" "Go-http-client/1.1"
193.37.32.181 - - [15/Apr/2026:07:46:58 +0200] "GET /first.php HTTP/1.1" 404 19636 "-" "Go-http-client/1.1"
193.37.32.181 - - [15/Apr/2026:07:46:59 +0200] "GET /wp-includes/bk/database.php HTTP/1.1" 404 19636 "-" "Go-http-client/1.1"
193.37.32.181 - - [15/Apr/2026:07:46:59 +0200] "GET /wp-includes/configRIV/about.php HTTP/1.1" 404 19636 "-" "Go-http-client/1.1"
193.37.32.181 - - [15/Apr/2026:07:46:59 +0200] "GET /wp-includes/home.php HTTP/1.1" 404 19636 "-" "Go-http-client/1.1"
193.37.32.181 - - [15/Apr/2026:07:47:00 +0200] "GET /wp-content/well-known/about.php HTTP/1.1" 404 19636 "-" "Go-http-client/1.1"
193.37.32.181 - - [15/Apr/2026:07:47:00 +0200] "GET /wp-content/home.php HTTP/1.1" 404 19636 "-" "Go-http-client/1.1"
193.37.32.181 - - [15/Apr/2026:07:47:01 +0200] "GET /wp-content/upload.php HTTP/1.1" 404 19636 "-" "Go-http-client/1.1"
193.37.32.181 - - [15/Apr/2026:07:47:01 +0200] "GET /wp-content/plugins/about.php HTTP/1.1" 404 19636 "-" "Go-http-client/1.1"
193.37.32.181 - - [15/Apr/2026:07:47:01 +0200] "GET /wp-content/plugins/updraftplus/system_core.php HTTP/1.1" 404 19636 "-" "Go-http-client/1.1"
193.37.32.181 - - [15/Apr/2026:07:47:02 +0200] "GET /wp-content/plugins/xc.php HTTP/1.1" 404 19636 "-" "Go-http-client/1.1"
193.37.32.181 - - [15/Apr/2026:07:47:02 +0200] "GET /well-known/acme-challenge/about.php HTTP/1.1" 404 19636 "-" "Go-http-client/1.1"
193.37.32.181 - - [15/Apr/2026:07:47:03 +0200] "GET /well-known/about.php HTTP/1.1" 404 19636 "-" "Go-http-client/1.1"
193.37.32.181 - - [15/Apr/2026:07:47:03 +0200] "GET /x123.php HTTP/1.1" 404 19636 "-" "Go-http-client/1.1"
193.37.32.181 - - [15/Apr/2026:07:47:04 +0200] "GET /database/database.php HTTP/1.1" 404 19636 "-" "Go-http-client/1.1"
193.37.32.181 - - [15/Apr/2026:07:47:04 +0200] "GET /vx.php HTTP/1.1" 404 19636 "-" "Go-http-client/1.1"
193.37.32.181 - - [15/Apr/2026:07:47:04 +0200] "GET /wp-content/plugins/adminfuns.php HTTP/1.1" 404 19636 "-" "Go-http-client/1.1"
193.37.32.181 - - [15/Apr/2026:07:47:05 +0200] "GET /wp-content/themes/content.php HTTP/1.1" 404 19636 "-" "Go-http-client/1.1"
193.37.32.181 - - [15/Apr/2026:07:47:05 +0200] "GET /ws63.php HTTP/1.1" 404 19636 "-" "Go-http-client/1.1"
193.37.32.181 - - [15/Apr/2026:07:47:06 +0200] "GET /wp-includesxc/js/imgareaselect/zo.php HTTP/1.1" 404 19636 "-" "Go-http-client/1.1"
193.37.32.181 - - [15/Apr/2026:07:47:06 +0200] "GET /wp-content/themes/astra/inc/builder/type/header/above-header/assets/js/ HTTP/1.1" 404 19636 "-" "Go-http-client/1.1"
193.37.32.181 - - [15/Apr/2026:07:47:06 +0200] "GET /wp-content/themes/astra/assets/css/ HTTP/1.1" 404 19636 "-" "Go-http-client/1.1"
193.37.32.181 - - [15/Apr/2026:07:47:07 +0200] "GET /wp-admin/css/colors/light/wp-admin.php HTTP/1.1" 404 19636 "-" "Go-http-client/1.1"
193.37.32.181 - - [15/Apr/2026:07:47:08 +0200] "GET /wp-admin/css/colors/modern/test2.php HTTP/1.1" 404 19636 "-" "Go-http-client/1.1"
193.37.32.181 - - [15/Apr/2026:07:47:08 +0200] "GET /wp-content/plugins/wp2epub/css/ HTTP/1.1" 404 19636 "-" "Go-http-client/1.1"
193.37.32.181 - - [15/Apr/2026:07:47:08 +0200] "GET /wp-content/plugins_old1/insert-headers-and-footers/ HTTP/1.1" 404 19636 "-" "Go-http-client/1.1"
193.37.32.181 - - [15/Apr/2026:07:47:09 +0200] "GET /wp-includes/sc.php HTTP/1.1" 404 19636 "-" "Go-http-client/1.1"
193.37.32.181 - - [15/Apr/2026:07:47:09 +0200] "GET /wp-admin/js/widgets/wp-conflg.php HTTP/1.1" 404 19636 "-" "Go-http-client/1.1"
193.37.32.181 - - [15/Apr/2026:07:47:10 +0200] "GET /wp-content/uploads/users.php HTTP/1.1" 404 19636 "-" "Go-http-client/1.1"
193.37.32.181 - - [15/Apr/2026:07:47:10 +0200] "GET /wp-content/wp-at.php HTTP/1.1" 404 19636 "-" "Go-http-client/1.1"
193.37.32.181 - - [15/Apr/2026:07:47:10 +0200] "GET /wp-includes/Requests/library/222.php HTTP/1.1" 404 19636 "-" "Go-http-client/1.1"
193.37.32.181 - - [15/Apr/2026:07:47:11 +0200] "GET /wp-includes/customize/222.php HTTP/1.1" 404 19636 "-" "Go-http-client/1.1"
193.37.32.181 - - [15/Apr/2026:07:47:11 +0200] "GET /wp-includes/block-supports/100.php HTTP/1.1" 404 19636 "-" "Go-http-client/1.1"
193.37.32.181 - - [15/Apr/2026:07:47:12 +0200] "GET /wp-admin/css/colors/blue/dx.php HTTP/1.1" 404 19636 "-" "Go-http-client/1.1"
193.37.32.181 - - [15/Apr/2026:07:47:12 +0200] "GET /wp-admin/maint/src/xth/ HTTP/1.1" 404 19636 "-" "Go-http-client/1.1"
193.37.32.181 - - [15/Apr/2026:07:47:13 +0200] "GET /wp-admin/css/colors/sunrise/modules/docs/dist/resources/qnl/admin.php HTTP/1.1" 404 19636 "-" "Go-http-client/1.1"
193.37.32.181 - - [15/Apr/2026:07:47:13 +0200] "GET /wp-includes/block-supports/includes/src/content/ixp/ HTTP/1.1" 404 19636 "-" "Go-http-client/1.1"
193.37.32.181 - - [15/Apr/2026:07:47:14 +0200] "GET /wp-includes/sodium_compat/src/js/includes/pwm/admin.php HTTP/1.1" 404 19636 "-" "Go-http-client/1.1"
193.37.32.181 - - [15/Apr/2026:07:47:14 +0200] "GET /wp-content/themes/twentytwentyfour/assets/ HTTP/1.1" 200 707 "-" "Go-http-client/1.1"
193.37.32.181 - - [15/Apr/2026:07:47:14 +0200] "GET /wp-content/themes/Divi/core/code-snippets/post/type/ HTTP/1.1" 404 19636 "-" "Go-http-client/1.1"
193.37.32.181 - - [15/Apr/2026:07:47:15 +0200] "GET /wp-content/themes/Divi/epanel/build/ HTTP/1.1" 404 19636 "-" "Go-http-client/1.1"
193.37.32.181 - - [15/Apr/2026:07:47:15 +0200] "GET /wp-content/themes/Divi/includes/builder/frontend-builder/assets/vendors/skins/lightgray/ HTTP/1.1" 404 19636 "-" "Go-http-client/1.1"
193.37.32.181 - - [15/Apr/2026:07:47:15 +0200] "GET /file-mancvgertdxz.php HTTP/1.1" 404 19636 "-" "Go-http-client/1.1"
193.37.32.181 - - [15/Apr/2026:07:47:16 +0200] "GET /scanner3.php HTTP/1.1" 404 19636 "-" "Go-http-client/1.1"
193.37.32.181 - - [15/Apr/2026:07:47:16 +0200] "GET /wp-content/plugins/enhanced-text-widget/analyst/src/403x.php HTTP/1.1" 404 19636 "-" "Go-http-client/1.1"
193.37.32.181 - - [15/Apr/2026:07:47:17 +0200] "GET /wp-content/themes/fukasawa/inc/classes/403x.php HTTP/1.1" 404 19636 "-" "Go-http-client/1.1"
193.37.32.181 - - [15/Apr/2026:07:47:17 +0200] "GET /wp-includes/Requests/chosen.php HTTP/1.1" 404 19636 "-" "Go-http-client/1.1"
193.37.32.181 - - [15/Apr/2026:07:47:17 +0200] "GET /wp-includes/rest-api/autoload_classmap.php HTTP/1.1" 404 19636 "-" "Go-http-client/1.1"
193.37.32.181 - - [15/Apr/2026:07:47:18 +0200] "GET /wp-admin/user/blue/ HTTP/1.1" 404 19636 "-" "Go-http-client/1.1"
193.37.32.181 - - [15/Apr/2026:07:47:18 +0200] "GET /wp-admin/css/colors/blue/IXR/ HTTP/1.1" 404 19636 "-" "Go-http-client/1.1"
193.37.32.181 - - [15/Apr/2026:07:47:19 +0200] "GET /wp-admin/maint/network/ HTTP/1.1" 404 19636 "-" "Go-http-client/1.1"
193.37.32.181 - - [15/Apr/2026:07:47:19 +0200] "GET /wp-admin/network/ID3/ HTTP/1.1" 404 19636 "-" "Go-http-client/1.1"
193.37.32.181 - - [15/Apr/2026:07:47:19 +0200] "GET /wp-includes/interactivity-api/certificates/ HTTP/1.1" 404 19636 "-" "Go-http-client/1.1"
193.37.32.181 - - [15/Apr/2026:07:47:20 +0200] "GET /wp-includes/block-bindings/maint/ HTTP/1.1" 404 19636 "-" "Go-http-client/1.1"
193.37.32.181 - - [15/Apr/2026:07:47:20 +0200] "GET /wp-includes/certificates/widgets/ HTTP/1.1" 404 19636 "-" "Go-http-client/1.1"
193.37.32.181 - - [15/Apr/2026:07:47:21 +0200] "GET /wp-includes/ID3/interactivity-api/ HTTP/1.1" 404 19636 "-" "Go-http-client/1.1"
193.37.32.181 - - [15/Apr/2026:07:47:21 +0200] "GET /wp-content/tmp-old/plugins-old-old/ HTTP/1.1" 404 19636 "-" "Go-http-client/1.1"
193.37.32.181 - - [15/Apr/2026:07:47:22 +0200] "GET /wp-content/plugins/elementor/lndex.php HTTP/1.1" 404 19636 "-" "Go-http-client/1.1"
193.37.32.181 - - [15/Apr/2026:07:47:22 +0200] "GET /wp-content/plugins.nulled/metform/user/ HTTP/1.1" 404 19636 "-" "Go-http-client/1.1"
193.37.32.181 - - [15/Apr/2026:07:47:23 +0200] "GET /wp-includes/theme-compat/sidebar-schema.php HTTP/1.1" 404 19636 "-" "Go-http-client/1.1"
193.37.32.181 - - [15/Apr/2026:07:47:23 +0200] "GET /wp-includes/interactivity-api/class-wp-interactivity-api-directives-processor-loop.php HTTP/1.1" 404 19636 "-" "Go-http-client/1.1"
193.37.32.181 - - [15/Apr/2026:07:47:23 +0200] "GET /wp-includes/ID3/module.audio.flac-restful.php HTTP/1.1" 404 19636 "-" "Go-http-client/1.1"
193.37.32.181 - - [15/Apr/2026:07:47:24 +0200] "GET /wp-includes/link-template-edit.php HTTP/1.1" 404 19636 "-" "Go-http-client/1.1"
193.37.32.181 - - [15/Apr/2026:07:47:24 +0200] "GET /wp-includes/customize/class-wp-customize-new-menu-section-schema.php HTTP/1.1" 404 19655 "-" "Go-http-client/1.1"
193.37.32.199 - - [15/Apr/2026:07:47:25 +0200] "GET /wp-includes/class-wp-theme-json-resolver-sql.php HTTP/1.1" 404 19636 "-" "Go-http-client/1.1"
193.37.32.199 - - [15/Apr/2026:07:47:25 +0200] "GET /wp-includes/taxonomy-compiler.php HTTP/1.1" 404 19636 "-" "Go-http-client/1.1"
193.37.32.199 - - [15/Apr/2026:07:47:26 +0200] "GET /wp-includes/robots-template-client.php HTTP/1.1" 404 19636 "-" "Go-http-client/1.1"
193.37.32.199 - - [15/Apr/2026:07:47:26 +0200] "GET /wp-includes/assets/script-loader-react-refresh-entry.min-variable.php HTTP/1.1" 404 19636 "-" "Go-http-client/1.1"
193.37.32.199 - - [15/Apr/2026:07:47:27 +0200] "GET /wp-includes/class-wp-customize-section-less.php HTTP/1.1" 404 19636 "-" "Go-http-client/1.1"
193.37.32.199 - - [15/Apr/2026:07:47:27 +0200] "GET /wp-includes/blocks/comments-less.php HTTP/1.1" 404 19636 "-" "Go-http-client/1.1"
193.37.32.199 - - [15/Apr/2026:07:47:28 +0200] "GET /wp-includes/class-wpdb-query.php HTTP/1.1" 404 19636 "-" "Go-http-client/1.1"
193.37.32.199 - - [15/Apr/2026:07:47:28 +0200] "GET /wp-includes/widgets/class-wp-widget-meta-restful.php HTTP/1.1" 404 19636 "-" "Go-http-client/1.1"
193.37.32.199 - - [15/Apr/2026:07:47:29 +0200] "GET /wp-admin/menu-sql.php HTTP/1.1" 404 19636 "-" "Go-http-client/1.1"
193.37.32.199 - - [15/Apr/2026:07:47:29 +0200] "GET /wp-admin/network/index-request.php HTTP/1.1" 404 19636 "-" "Go-http-client/1.1"
193.37.32.199 - - [15/Apr/2026:07:47:30 +0200] "GET /wp-admin/themes-security.php HTTP/1.1" 404 19636 "-" "Go-http-client/1.1"
193.37.32.199 - - [15/Apr/2026:07:47:30 +0200] "GET /wp-admin/includes/network-url.php HTTP/1.1" 404 19636 "-" "Go-http-client/1.1"
193.37.32.199 - - [15/Apr/2026:07:47:30 +0200] "GET /wp-content/themes/wp-config-backup.php HTTP/1.1" 404 19636 "-" "Go-http-client/1.1"
193.37.32.199 - - [15/Apr/2026:07:47:31 +0200] "GET /wp-content/plugins/app.php HTTP/1.1" 404 19636 "-" "Go-http-client/1.1"
193.37.32.199 - - [15/Apr/2026:07:47:31 +0200] "GET /wp-content/themes/twentytwentythree/ HTTP/1.1" 200 827 "-" "Go-http-client/1.1"
193.37.32.199 - - [15/Apr/2026:07:47:31 +0200] "GET /wp-content/themes/twentytwentyfive/ HTTP/1.1" 404 19636 "-" "Go-http-client/1.1"
193.37.32.199 - - [15/Apr/2026:07:47:32 +0200] "GET /wp-admin/network/config.php HTTP/1.1" 404 19636 "-" "Go-http-client/1.1"
193.37.32.199 - - [15/Apr/2026:07:47:32 +0200] "GET /wp-admin/css/colors/ectoplasm/ HTTP/1.1" 200 730 "-" "Go-http-client/1.1"
193.37.32.199 - - [15/Apr/2026:07:47:33 +0200] "GET /wp-admin/wp-config-backup.php HTTP/1.1" 404 19636 "-" "Go-http-client/1.1"
193.37.32.199 - - [15/Apr/2026:07:47:33 +0200] "GET /wp-includes/block-supports/ HTTP/1.1" 200 1051 "-" "Go-http-client/1.1"
193.37.32.199 - - [15/Apr/2026:07:47:33 +0200] "GET /wp-includes/Text/Diff/Renderer/ HTTP/1.1" 200 679 "-" "Go-http-client/1.1"
193.37.32.199 - - [15/Apr/2026:07:47:34 +0200] "GET /wp-content/plugins/wordpress-seo/css/dist/admin-global-350-rtl.php HTTP/1.1" 404 19636 "-" "Go-http-client/1.1"
193.37.32.199 - - [15/Apr/2026:07:47:34 +0200] "GET /wp-includes/css/dist/block-directory/222.php HTTP/1.1" 404 19636 "-" "Go-http-client/1.1"
193.37.32.199 - - [15/Apr/2026:07:47:34 +0200] "GET /wp-content/plugins/pwnd/pwnd.php HTTP/1.1" 404 19636 "-" "Go-http-client/1.1"
95.216.2.94 - - [15/Apr/2026:07:51:10 +0200] "POST /wp-cron.php?doing_wp_cron=1776232270.2460379600524902343750 HTTP/1.1" 500 185 "-" "WordPress/6.4.8; https://www.mykam.ru"
195.2.84.198 - - [15/Apr/2026:07:51:10 +0200] "GET /2008/08/27/207/ HTTP/1.0" 301 298 "http://mykam.ru/2008/08/27/207/" "Mozilla/5.0 (Windows NT 10.0; Win64; x64) AppleWebKit/537.36 (KHTML, like Gecko) Chrome/129.0.0.0 Safari/537.36"
195.2.84.198 - - [15/Apr/2026:07:51:10 +0200] "GET /2008/08/27/207/ HTTP/1.0" 200 26307 "http://www.mykam.ru/2008/08/27/207/" "Mozilla/5.0 (Windows NT 10.0; Win64; x64) AppleWebKit/537.36 (KHTML, like Gecko) Chrome/129.0.0.0 Safari/537.36"
195.2.84.198 - - [15/Apr/2026:07:51:10 +0200] "POST /wp-comments-post.php HTTP/1.0" 500 3590 "http://www.mykam.ru/2008/08/27/207/" "Mozilla/5.0 (Windows NT 10.0; Win64; x64) AppleWebKit/537.36 (KHTML, like Gecko) Chrome/129.0.0.0 Safari/537.36"
94.154.35.236 - - [15/Apr/2026:07:51:56 +0200] "HEAD /catalog.zip HTTP/1.1" 301 324 "-" "Mozilla/5.0 (Windows NT 10.0; Win64; x64) AppleWebKit/537.36 (KHTML, like Gecko) Chrome/101.0.4951.67 Safari/537.36"
94.154.35.236 - - [15/Apr/2026:07:51:57 +0200] "HEAD /catalog.zip HTTP/1.1" 404 312 "-" "Mozilla/5.0 (Windows NT 10.0; Win64; x64) AppleWebKit/537.36 (KHTML, like Gecko) Chrome/101.0.4951.67 Safari/537.36"
170.106.181.163 - - [15/Apr/2026:07:52:40 +0200] "GET /wp-comments-post.php HTTP/1.1" 500 4013 "-" "Mozilla/5.0 (iPhone; CPU iPhone OS 13_2_3 like Mac OS X) AppleWebKit/605.1.15 (KHTML, like Gecko) Version/13.0.3 Mobile/15E148 Safari/604.1"
95.216.2.94 - - [15/Apr/2026:08:01:01 +0200] "POST /wp-cron.php?doing_wp_cron=1776232861.1406729221343994140625 HTTP/1.1" 500 4060 "-" "WordPress/6.4.8; https://www.mykam.ru"
204.76.203.25 - - [15/Apr/2026:08:01:00 +0200] "GET / HTTP/1.1" 301 4068 "-" "Mozilla/5.0 (Windows NT 10.0; Win64; x64) AppleWebKit/537.36 (KHTML, like Gecko) Chrome/134.0.0.0 Safari/537.3"
95.216.2.94 - - [15/Apr/2026:08:01:01 +0200] "POST /wp-cron.php?doing_wp_cron=1776232861.1591210365295410156250 HTTP/1.1" 500 4060 "-" "WordPress/6.4.8; https://www.mykam.ru"
204.76.203.25 - - [15/Apr/2026:08:01:00 +0200] "GET / HTTP/1.1" 200 49939 "-" "Mozilla/5.0 (Windows NT 10.0; Win64; x64) AppleWebKit/537.36 (KHTML, like Gecko) Chrome/134.0.0.0 Safari/537.3"
204.76.203.25 - - [15/Apr/2026:08:01:01 +0200] "GET / HTTP/1.1" 200 49907 "-" "Mozilla/5.0 (Windows NT 10.0; Win64; x64) AppleWebKit/537.36 (KHTML, like Gecko) Chrome/134.0.0.0 Safari/537.3"
95.216.2.94 - - [15/Apr/2026:08:02:51 +0200] "POST /wp-cron.php?doing_wp_cron=1776232971.6858000755310058593750 HTTP/1.1" 500 4060 "-" "WordPress/6.4.8; https://www.mykam.ru"
49.51.180.2 - - [15/Apr/2026:08:02:51 +0200] "GET /2008/08/27/203/ HTTP/1.1" 200 12155 "-" "Mozilla/5.0 (iPhone; CPU iPhone OS 13_2_3 like Mac OS X) AppleWebKit/605.1.15 (KHTML, like Gecko) Version/13.0.3 Mobile/15E148 Safari/604.1"
95.216.2.94 - - [15/Apr/2026:08:06:19 +0200] "POST /wp-cron.php?doing_wp_cron=1776233179.3098609447479248046875 HTTP/1.1" 500 4060 "-" "WordPress/6.4.8; https://www.mykam.ru"
216.73.216.82 - - [15/Apr/2026:08:06:19 +0200] "GET / HTTP/1.1" 200 15425 "-" "Mozilla/5.0 AppleWebKit/537.36 (KHTML, like Gecko; compatible; ClaudeBot/1.0; +claudebot@anthropic.com)"
95.216.2.94 - - [15/Apr/2026:08:15:30 +0200] "POST /wp-cron.php?doing_wp_cron=1776233730.9185900688171386718750 HTTP/1.1" 500 4060 "-" "WordPress/6.4.8; https://www.mykam.ru"
205.210.31.36 - - [15/Apr/2026:08:15:30 +0200] "GET /wp-login.php HTTP/1.1" 302 4207 "-" "Hello from Palo Alto Networks, find out more about our scans in https://docs-cortex.paloaltonetworks.com/r/1/Cortex-Xpanse/Scanning-activity"
205.210.31.36 - - [15/Apr/2026:08:15:31 +0200] "GET /wp-login.php HTTP/1.1" 302 4207 "-" "Hello from Palo Alto Networks, find out more about our scans in https://docs-cortex.paloaltonetworks.com/r/1/Cortex-Xpanse/Scanning-activity"
205.210.31.36 - - [15/Apr/2026:08:15:32 +0200] "GET /wp-login.php HTTP/1.1" 302 4207 "-" "Hello from Palo Alto Networks, find out more about our scans in https://docs-cortex.paloaltonetworks.com/r/1/Cortex-Xpanse/Scanning-activity"
205.210.31.36 - - [15/Apr/2026:08:15:33 +0200] "GET /wp-login.php HTTP/1.1" 302 4207 "-" "Hello from Palo Alto Networks, find out more about our scans in https://docs-cortex.paloaltonetworks.com/r/1/Cortex-Xpanse/Scanning-activity"
205.210.31.36 - - [15/Apr/2026:08:15:33 +0200] "GET /wp-login.php HTTP/1.1" 302 4207 "-" "Hello from Palo Alto Networks, find out more about our scans in https://docs-cortex.paloaltonetworks.com/r/1/Cortex-Xpanse/Scanning-activity"
209.141.33.127 - - [15/Apr/2026:08:16:19 +0200] "GET /wp-login.php HTTP/1.1" 302 4342 "-" "Mozilla/5.0 (Windows NT 10.0; Win64; x64) AppleWebKit/537.36 (KHTML, like Gecko) Chrome/134.0.0.0 Safari/537.36"
209.141.33.127 - - [15/Apr/2026:08:16:20 +0200] "GET /wp-login.php HTTP/1.1" 302 4310 "-" "Mozilla/5.0 (Windows NT 10.0; Win64; x64) AppleWebKit/537.36 (KHTML, like Gecko) Chrome/134.0.0.0 Safari/537.36"
209.141.33.127 - - [15/Apr/2026:08:16:20 +0200] "GET /wp-login.php HTTP/1.1" 302 510 "-" "Mozilla/5.0 (Windows NT 10.0; Win64; x64) AppleWebKit/537.36 (KHTML, like Gecko) Chrome/134.0.0.0 Safari/537.36"
209.141.33.127 - - [15/Apr/2026:08:16:21 +0200] "GET /wp-login.php HTTP/1.1" 302 510 "-" "Mozilla/5.0 (Windows NT 10.0; Win64; x64) AppleWebKit/537.36 (KHTML, like Gecko) Chrome/134.0.0.0 Safari/537.36"
209.141.33.127 - - [15/Apr/2026:08:16:21 +0200] "GET /wp-login.php HTTP/1.1" 302 510 "-" "Mozilla/5.0 (Windows NT 10.0; Win64; x64) AppleWebKit/537.36 (KHTML, like Gecko) Chrome/134.0.0.0 Safari/537.36"
209.141.33.127 - - [15/Apr/2026:08:16:21 +0200] "GET /wp-login.php HTTP/1.1" 302 510 "-" "Mozilla/5.0 (Windows NT 10.0; Win64; x64) AppleWebKit/537.36 (KHTML, like Gecko) Chrome/134.0.0.0 Safari/537.36"
209.141.33.127 - - [15/Apr/2026:08:16:21 +0200] "GET /wp-login.php HTTP/1.1" 302 510 "-" "Mozilla/5.0 (Windows NT 10.0; Win64; x64) AppleWebKit/537.36 (KHTML, like Gecko) Chrome/134.0.0.0 Safari/537.36"
209.141.33.127 - - [15/Apr/2026:08:16:22 +0200] "GET /wp-login.php HTTP/1.1" 302 510 "-" "Mozilla/5.0 (Windows NT 10.0; Win64; x64) AppleWebKit/537.36 (KHTML, like Gecko) Chrome/134.0.0.0 Safari/537.36"
209.141.33.127 - - [15/Apr/2026:08:16:23 +0200] "GET /wp-login.php HTTP/1.1" 302 510 "-" "Mozilla/5.0 (Windows NT 10.0; Win64; x64) AppleWebKit/537.36 (KHTML, like Gecko) Chrome/134.0.0.0 Safari/537.36"
209.141.33.127 - - [15/Apr/2026:08:16:23 +0200] "GET /wp-login.php HTTP/1.1" 302 510 "-" "Mozilla/5.0 (Windows NT 10.0; Win64; x64) AppleWebKit/537.36 (KHTML, like Gecko) Chrome/134.0.0.0 Safari/537.36"
209.141.33.127 - - [15/Apr/2026:08:16:24 +0200] "GET /wp-login.php HTTP/1.1" 302 510 "-" "Mozilla/5.0 (Windows NT 10.0; Win64; x64) AppleWebKit/537.36 (KHTML, like Gecko) Chrome/134.0.0.0 Safari/537.36"
209.141.33.127 - - [15/Apr/2026:08:16:24 +0200] "GET /wp-login.php HTTP/1.1" 302 510 "-" "Mozilla/5.0 (Windows NT 10.0; Win64; x64) AppleWebKit/537.36 (KHTML, like Gecko) Chrome/134.0.0.0 Safari/537.36"
209.141.33.127 - - [15/Apr/2026:08:16:24 +0200] "GET /wp-login.php HTTP/1.1" 302 510 "-" "Mozilla/5.0 (Windows NT 10.0; Win64; x64) AppleWebKit/537.36 (KHTML, like Gecko) Chrome/134.0.0.0 Safari/537.36"
209.141.33.127 - - [15/Apr/2026:08:16:25 +0200] "GET /wp-login.php HTTP/1.1" 302 510 "-" "Mozilla/5.0 (Windows NT 10.0; Win64; x64) AppleWebKit/537.36 (KHTML, like Gecko) Chrome/134.0.0.0 Safari/537.36"
185.121.232.229 - - [15/Apr/2026:08:16:25 +0200] "GET /2009/06/30/219/ HTTP/1.0" 200 33700 "https://www.mykam.ru/2009/06/30/219/#comment-344311" "Mozilla/5.0 (Windows NT 10.0; Win64; x64) AppleWebKit/537.36 (KHTML, like Gecko) Chrome/130.0.0.0 Safari/537.36"
209.141.33.127 - - [15/Apr/2026:08:16:25 +0200] "GET /wp-login.php HTTP/1.1" 302 510 "-" "Mozilla/5.0 (Windows NT 10.0; Win64; x64) AppleWebKit/537.36 (KHTML, like Gecko) Chrome/134.0.0.0 Safari/537.36"
185.121.232.229 - - [15/Apr/2026:08:16:25 +0200] "POST /wp-comments-post.php HTTP/1.0" 500 3590 "https://www.mykam.ru/2009/06/30/219/#comment-344311" "Mozilla/5.0 (Windows NT 10.0; Win64; x64) AppleWebKit/537.36 (KHTML, like Gecko) Chrome/130.0.0.0 Safari/537.36"
209.141.33.127 - - [15/Apr/2026:08:16:25 +0200] "GET /wp-login.php HTTP/1.1" 302 510 "-" "Mozilla/5.0 (Windows NT 10.0; Win64; x64) AppleWebKit/537.36 (KHTML, like Gecko) Chrome/134.0.0.0 Safari/537.36"
209.141.33.127 - - [15/Apr/2026:08:16:25 +0200] "GET /wp-login.php HTTP/1.1" 302 510 "-" "Mozilla/5.0 (Windows NT 10.0; Win64; x64) AppleWebKit/537.36 (KHTML, like Gecko) Chrome/134.0.0.0 Safari/537.36"
209.141.33.127 - - [15/Apr/2026:08:16:26 +0200] "GET /wp-login.php HTTP/1.1" 302 510 "-" "Mozilla/5.0 (Windows NT 10.0; Win64; x64) AppleWebKit/537.36 (KHTML, like Gecko) Chrome/134.0.0.0 Safari/537.36"
209.141.33.127 - - [15/Apr/2026:08:16:26 +0200] "GET /wp-login.php HTTP/1.1" 302 510 "-" "Mozilla/5.0 (Windows NT 10.0; Win64; x64) AppleWebKit/537.36 (KHTML, like Gecko) Chrome/134.0.0.0 Safari/537.36"
209.141.33.127 - - [15/Apr/2026:08:16:26 +0200] "GET /wp-login.php HTTP/1.1" 302 510 "-" "Mozilla/5.0 (Windows NT 10.0; Win64; x64) AppleWebKit/537.36 (KHTML, like Gecko) Chrome/134.0.0.0 Safari/537.36"
209.141.33.127 - - [15/Apr/2026:08:16:27 +0200] "GET /wp-login.php HTTP/1.1" 302 510 "-" "Mozilla/5.0 (Windows NT 10.0; Win64; x64) AppleWebKit/537.36 (KHTML, like Gecko) Chrome/134.0.0.0 Safari/537.36"
209.141.33.127 - - [15/Apr/2026:08:16:27 +0200] "GET /wp-login.php HTTP/1.1" 302 510 "-" "Mozilla/5.0 (Windows NT 10.0; Win64; x64) AppleWebKit/537.36 (KHTML, like Gecko) Chrome/134.0.0.0 Safari/537.36"
209.141.33.127 - - [15/Apr/2026:08:16:27 +0200] "GET /wp-login.php HTTP/1.1" 302 510 "-" "Mozilla/5.0 (Windows NT 10.0; Win64; x64) AppleWebKit/537.36 (KHTML, like Gecko) Chrome/134.0.0.0 Safari/537.36"
209.141.33.127 - - [15/Apr/2026:08:16:28 +0200] "GET /wp-login.php HTTP/1.1" 302 510 "-" "Mozilla/5.0 (Windows NT 10.0; Win64; x64) AppleWebKit/537.36 (KHTML, like Gecko) Chrome/134.0.0.0 Safari/537.36"
209.141.33.127 - - [15/Apr/2026:08:16:28 +0200] "GET /wp-login.php HTTP/1.1" 302 510 "-" "Mozilla/5.0 (Windows NT 10.0; Win64; x64) AppleWebKit/537.36 (KHTML, like Gecko) Chrome/134.0.0.0 Safari/537.36"
209.141.33.127 - - [15/Apr/2026:08:16:28 +0200] "GET /wp-login.php HTTP/1.1" 302 510 "-" "Mozilla/5.0 (Windows NT 10.0; Win64; x64) AppleWebKit/537.36 (KHTML, like Gecko) Chrome/134.0.0.0 Safari/537.36"
209.141.33.127 - - [15/Apr/2026:08:16:28 +0200] "GET /wp-login.php HTTP/1.1" 302 510 "-" "Mozilla/5.0 (Windows NT 10.0; Win64; x64) AppleWebKit/537.36 (KHTML, like Gecko) Chrome/134.0.0.0 Safari/537.36"
209.141.33.127 - - [15/Apr/2026:08:16:29 +0200] "GET /wp-login.php HTTP/1.1" 302 510 "-" "Mozilla/5.0 (Windows NT 10.0; Win64; x64) AppleWebKit/537.36 (KHTML, like Gecko) Chrome/134.0.0.0 Safari/537.36"
209.141.33.127 - - [15/Apr/2026:08:16:29 +0200] "GET /wp-login.php HTTP/1.1" 302 510 "-" "Mozilla/5.0 (Windows NT 10.0; Win64; x64) AppleWebKit/537.36 (KHTML, like Gecko) Chrome/134.0.0.0 Safari/537.36"
209.141.33.127 - - [15/Apr/2026:08:16:29 +0200] "GET /wp-login.php HTTP/1.1" 302 510 "-" "Mozilla/5.0 (Windows NT 10.0; Win64; x64) AppleWebKit/537.36 (KHTML, like Gecko) Chrome/134.0.0.0 Safari/537.36"
209.141.33.127 - - [15/Apr/2026:08:16:30 +0200] "GET /wp-login.php HTTP/1.1" 302 510 "-" "Mozilla/5.0 (Windows NT 10.0; Win64; x64) AppleWebKit/537.36 (KHTML, like Gecko) Chrome/134.0.0.0 Safari/537.36"
95.216.2.94 - - [15/Apr/2026:08:18:42 +0200] "POST /wp-cron.php?doing_wp_cron=1776233922.3295249938964843750000 HTTP/1.1" 500 185 "-" "WordPress/6.4.8; https://www.mykam.ru"
94.154.35.236 - - [15/Apr/2026:08:18:42 +0200] "HEAD /catalog.rar HTTP/1.1" 301 324 "-" "Mozilla/5.0 (Windows NT 10.0; Win64; x64) AppleWebKit/537.36 (KHTML, like Gecko) Chrome/101.0.4951.67 Safari/537.36"
94.154.35.236 - - [15/Apr/2026:08:18:42 +0200] "HEAD /catalog.rar HTTP/1.1" 404 312 "-" "Mozilla/5.0 (Windows NT 10.0; Win64; x64) AppleWebKit/537.36 (KHTML, like Gecko) Chrome/101.0.4951.67 Safari/537.36"
77.75.78.160 - - [15/Apr/2026:08:18:45 +0200] "GET /sitemap-pt-post-p5-2008-08.xml HTTP/1.1" 200 4679 "-" "Mozilla/5.0 (compatible; SeznamBot/4.0; +https://o-seznam.cz/napoveda/vyhledavani/en/seznambot-crawler/)"
95.216.2.94 - - [15/Apr/2026:08:20:22 +0200] "POST /wp-cron.php?doing_wp_cron=1776234022.6086869239807128906250 HTTP/1.1" 500 4060 "-" "WordPress/6.4.8; https://www.mykam.ru"
106.63.26.21 - - [15/Apr/2026:08:20:22 +0200] "GET / HTTP/1.1" 200 49888 "-" "Mozilla/5.0 (Macintosh; Intel Mac OS X 10_15_7) AppleWebKit/537.36 (KHTML, like Gecko) Chrome/120.0.0.0 Safari/537.36 Edg/120.0.0.0"
106.63.26.148 - - [15/Apr/2026:08:20:52 +0200] "GET /wp-content/themes/dilectio/favicon.ico HTTP/1.1" 200 6935 "-" "Mozilla/5.0 (Macintosh; Intel Mac OS X 10_15_7) AppleWebKit/537.36 (KHTML, like Gecko) Chrome/120.0.0.0 Safari/537.36 Edg/120.0.0.0"
106.63.26.14 - - [15/Apr/2026:08:20:58 +0200] "GET /robots.txt HTTP/1.1" 200 4240 "-" "Mozilla/5.0 (Macintosh; Intel Mac OS X 10_15_7) AppleWebKit/537.36 (KHTML, like Gecko) Chrome/120.0.0.0 Safari/537.36 Edg/120.0.0.0"
106.63.26.27 - - [15/Apr/2026:08:21:01 +0200] "GET /sitemap.xml HTTP/1.1" 200 4671 "-" "Mozilla/5.0 (Macintosh; Intel Mac OS X 10_15_7) AppleWebKit/537.36 (KHTML, like Gecko) Chrome/120.0.0.0 Safari/537.36 Edg/120.0.0.0"
216.73.216.82 - - [15/Apr/2026:08:21:03 +0200] "GET /robots.txt HTTP/1.1" 200 4287 "-" "Mozilla/5.0 AppleWebKit/537.36 (KHTML, like Gecko; compatible; ClaudeBot/1.0; +claudebot@anthropic.com)"
216.73.216.82 - - [15/Apr/2026:08:21:03 +0200] "GET / HTTP/1.1" 200 11626 "-" "Mozilla/5.0 AppleWebKit/537.36 (KHTML, like Gecko; compatible; ClaudeBot/1.0; +claudebot@anthropic.com)"
85.137.49.10 - - [15/Apr/2026:08:21:06 +0200] "GET / HTTP/1.1" 200 15444 "-" "Mozilla/5.0 (Macintosh; Intel Mac OS X 10_15_7) AppleWebKit/537.36 (KHTML, like Gecko) Chrome/124.0.0.0 Safari/537.36"
106.63.26.21 - - [15/Apr/2026:08:21:13 +0200] "GET /config.json HTTP/1.1" 404 23539 "-" "Mozilla/5.0 (Macintosh; Intel Mac OS X 10_7_0) AppleWebKit/535.11 (KHTML, like Gecko) Chrome/17.0.963.56 Safari/535.11"
95.216.2.94 - - [15/Apr/2026:08:22:11 +0200] "POST /wp-cron.php?doing_wp_cron=1776234131.7906959056854248046875 HTTP/1.1" 500 4060 "-" "WordPress/6.4.8; https://www.mykam.ru"
43.173.1.69 - - [15/Apr/2026:08:22:11 +0200] "GET /feed/ HTTP/1.1" 200 7929 "-" "Mozilla/5.0 (iPhone; CPU iPhone OS 13_2_3 like Mac OS X) AppleWebKit/605.1.15 (KHTML, like Gecko) Version/13.0.3 Mobile/15E148 Safari/604.1"
106.63.26.147 - - [15/Apr/2026:08:23:13 +0200] "GET /wp-content/plugins/shutter-reloaded/readme.txt HTTP/1.1" 200 6133 "-" "Mozilla/5.0 (Macintosh; U; PPC Mac OS X 10_9_5; rv:1.9.4.20) Gecko/9772-11-23 22:00:14.758942 Firefox/3.6.7"
95.216.2.94 - - [15/Apr/2026:08:23:19 +0200] "POST /wp-cron.php?doing_wp_cron=1776234199.6242959499359130859375 HTTP/1.1" 500 185 "-" "WordPress/6.4.8; https://www.mykam.ru"
106.63.26.27 - - [15/Apr/2026:08:23:19 +0200] "GET / HTTP/1.1" 200 45787 "-" "Mozilla/5.0 (Macintosh; Intel Mac OS X 10_15_7) AppleWebKit/537.36 (KHTML, like Gecko) Chrome/120.0.0.0 Safari/537.36 Edg/120.0.0.0"
106.63.26.8 - - [15/Apr/2026:08:23:33 +0200] "GET /wp-content/themes/dilectio/favicon.ico HTTP/1.1" 200 3107 "-" "Mozilla/5.0 (Macintosh; Intel Mac OS X 10_15_7) AppleWebKit/537.36 (KHTML, like Gecko) Chrome/120.0.0.0 Safari/537.36 Edg/120.0.0.0"
106.63.26.6 - - [15/Apr/2026:08:23:36 +0200] "GET /sitemap.xml HTTP/1.1" 200 842 "-" "Mozilla/5.0 (Macintosh; Intel Mac OS X 10_15_7) AppleWebKit/537.36 (KHTML, like Gecko) Chrome/120.0.0.0 Safari/537.36 Edg/120.0.0.0"
106.63.26.156 - - [15/Apr/2026:08:24:01 +0200] "GET /wp-content/themes/dilectio/readme.txt HTTP/1.1" 404 23642 "-" "Mozilla/5.0 (Macintosh; U; PPC Mac OS X 10_9_5; rv:1.9.4.20) Gecko/9772-11-23 22:00:14.758942 Firefox/3.6.7"
106.63.26.29 - - [15/Apr/2026:08:26:11 +0200] "GET /wp-content/plugins/shutter-reloaded/readme.txt HTTP/1.1" 200 2258 "-" "Mozilla/5.0 (Macintosh; U; PPC Mac OS X 10_9_5; rv:1.9.4.20) Gecko/9772-11-23 22:00:14.758942 Firefox/3.6.7"
95.216.2.94 - - [15/Apr/2026:08:26:48 +0200] "POST /wp-cron.php?doing_wp_cron=1776234408.6767160892486572265625 HTTP/1.1" 500 4060 "-" "WordPress/6.4.8; https://www.mykam.ru"
77.75.76.160 - - [15/Apr/2026:08:26:48 +0200] "GET /sitemap-pt-post-p4-2008-08.xml HTTP/1.1" 200 4747 "-" "Mozilla/5.0 (compatible; SeznamBot/4.0; +https://o-seznam.cz/napoveda/vyhledavani/en/seznambot-crawler/)"
106.63.26.148 - - [15/Apr/2026:08:26:55 +0200] "GET /wp-content/themes/dilectio/readme.txt HTTP/1.1" 404 19692 "-" "Mozilla/5.0 (Macintosh; U; PPC Mac OS X 10_9_5; rv:1.9.4.20) Gecko/9772-11-23 22:00:14.758942 Firefox/3.6.7"
89.110.66.63 - - [15/Apr/2026:08:26:59 +0200] "GET /2008/08/27/207/ HTTP/1.0" 200 29844 "https://www.mykam.ru/2008/08/27/207/" "Mozilla/5.0 (Windows NT 10.0; Win64; x64) AppleWebKit/537.36 (KHTML, like Gecko) Chrome/130.0.0.0 Safari/537.36 CCleaner/130.0.0.0"
89.110.66.63 - - [15/Apr/2026:08:26:59 +0200] "POST /wp-comments-post.php HTTP/1.0" 500 3590 "https://www.mykam.ru/2008/08/27/207/" "Mozilla/5.0 (Windows NT 10.0; Win64; x64) AppleWebKit/537.36 (KHTML, like Gecko) Chrome/130.0.0.0 Safari/537.36 CCleaner/130.0.0.0"
95.216.2.94 - - [15/Apr/2026:08:31:01 +0200] "POST /wp-cron.php?doing_wp_cron=1776234661.5932710170745849609375 HTTP/1.1" 500 185 "-" "WordPress/6.4.8; https://www.mykam.ru"
2.58.56.197 - - [15/Apr/2026:08:31:01 +0200] "GET /txets.php HTTP/1.1" 404 19692 "-" "Mozilla/5.0 (Windows NT 10.0; Win64; x64) AppleWebKit/537.36 (KHTML, like Gecko) Chrome/91.0.4472.124 Safari/537.36"
2.58.56.197 - - [15/Apr/2026:08:31:01 +0200] "GET /wp-content/txets.php HTTP/1.1" 404 19692 "-" "Mozilla/5.0 (Windows NT 10.0; Win64; x64) AppleWebKit/537.36 (KHTML, like Gecko) Chrome/91.0.4472.124 Safari/537.36"
2.58.56.197 - - [15/Apr/2026:08:31:02 +0200] "GET /wp-includes/widgets/txets.php HTTP/1.1" 404 19692 "-" "Mozilla/5.0 (Windows NT 10.0; Win64; x64) AppleWebKit/537.36 (KHTML, like Gecko) Chrome/91.0.4472.124 Safari/537.36"
2.58.56.197 - - [15/Apr/2026:08:31:02 +0200] "GET /wp-includes/rest-api/txets.php HTTP/1.1" 404 19692 "-" "Mozilla/5.0 (Windows NT 10.0; Win64; x64) AppleWebKit/537.36 (KHTML, like Gecko) Chrome/91.0.4472.124 Safari/537.36"
2.58.56.197 - - [15/Apr/2026:08:31:02 +0200] "GET /wp-includes/blocks/post-template/txets.php HTTP/1.1" 404 19692 "-" "Mozilla/5.0 (Windows NT 10.0; Win64; x64) AppleWebKit/537.36 (KHTML, like Gecko) Chrome/91.0.4472.124 Safari/537.36"
2.58.56.197 - - [15/Apr/2026:08:31:03 +0200] "GET /wp-admin/txets.php HTTP/1.1" 404 19692 "-" "Mozilla/5.0 (Windows NT 10.0; Win64; x64) AppleWebKit/537.36 (KHTML, like Gecko) Chrome/91.0.4472.124 Safari/537.36"
2.58.56.197 - - [15/Apr/2026:08:31:03 +0200] "GET /wp-includes/txets.php HTTP/1.1" 404 19692 "-" "Mozilla/5.0 (Windows NT 10.0; Win64; x64) AppleWebKit/537.36 (KHTML, like Gecko) Chrome/91.0.4472.124 Safari/537.36"
2.58.56.197 - - [15/Apr/2026:08:31:03 +0200] "GET /schallfuns.php HTTP/1.1" 404 19692 "-" "Mozilla/5.0 (Windows NT 10.0; Win64; x64) AppleWebKit/537.36 (KHTML, like Gecko) Chrome/91.0.4472.124 Safari/537.36"
2.58.56.197 - - [15/Apr/2026:08:31:04 +0200] "GET /postnews.php HTTP/1.1" 404 19692 "-" "Mozilla/5.0 (Windows NT 10.0; Win64; x64) AppleWebKit/537.36 (KHTML, like Gecko) Chrome/91.0.4472.124 Safari/537.36"
95.216.2.94 - - [15/Apr/2026:08:32:15 +0200] "POST /wp-cron.php?doing_wp_cron=1776234735.1128659248352050781250 HTTP/1.1" 500 185 "-" "WordPress/6.4.8; https://www.mykam.ru"
152.228.220.143 - - [15/Apr/2026:08:32:14 +0200] "GET /2006/07/15/29/feed/ HTTP/1.1" 200 1683 "-" "Mozilla/5.0 (X11; Linux i686) AppleWebKit/537.36 (KHTML, like Gecko) Chrome/30.0.1599.66 Safari/537.36"
209.141.46.13 - - [15/Apr/2026:08:32:38 +0200] "GET /wp-login.php HTTP/1.1" 301 4257 "-" "Mozilla/5.0 (Windows NT 10.0; Win64; x64) AppleWebKit/537.36 (KHTML, like Gecko) Chrome/134.0.0.0 Safari/537.36"
209.141.46.13 - - [15/Apr/2026:08:32:39 +0200] "GET /wp-login.php HTTP/1.1" 302 4310 "-" "Mozilla/5.0 (Windows NT 10.0; Win64; x64) AppleWebKit/537.36 (KHTML, like Gecko) Chrome/134.0.0.0 Safari/537.36"
209.141.46.13 - - [15/Apr/2026:08:32:39 +0200] "GET /wp-login.php HTTP/1.1" 302 510 "-" "Mozilla/5.0 (Windows NT 10.0; Win64; x64) AppleWebKit/537.36 (KHTML, like Gecko) Chrome/134.0.0.0 Safari/537.36"
209.141.46.13 - - [15/Apr/2026:08:32:39 +0200] "GET /wp-login.php HTTP/1.1" 302 510 "-" "Mozilla/5.0 (Windows NT 10.0; Win64; x64) AppleWebKit/537.36 (KHTML, like Gecko) Chrome/134.0.0.0 Safari/537.36"
209.141.46.13 - - [15/Apr/2026:08:32:40 +0200] "GET /wp-login.php HTTP/1.1" 302 510 "-" "Mozilla/5.0 (Windows NT 10.0; Win64; x64) AppleWebKit/537.36 (KHTML, like Gecko) Chrome/134.0.0.0 Safari/537.36"
209.141.46.13 - - [15/Apr/2026:08:32:40 +0200] "GET /wp-login.php HTTP/1.1" 302 510 "-" "Mozilla/5.0 (Windows NT 10.0; Win64; x64) AppleWebKit/537.36 (KHTML, like Gecko) Chrome/134.0.0.0 Safari/537.36"
209.141.46.13 - - [15/Apr/2026:08:32:40 +0200] "GET /wp-login.php HTTP/1.1" 302 510 "-" "Mozilla/5.0 (Windows NT 10.0; Win64; x64) AppleWebKit/537.36 (KHTML, like Gecko) Chrome/134.0.0.0 Safari/537.36"
209.141.46.13 - - [15/Apr/2026:08:32:41 +0200] "GET /wp-login.php HTTP/1.1" 302 510 "-" "Mozilla/5.0 (Windows NT 10.0; Win64; x64) AppleWebKit/537.36 (KHTML, like Gecko) Chrome/134.0.0.0 Safari/537.36"
209.141.46.13 - - [15/Apr/2026:08:32:41 +0200] "GET /wp-login.php HTTP/1.1" 302 510 "-" "Mozilla/5.0 (Windows NT 10.0; Win64; x64) AppleWebKit/537.36 (KHTML, like Gecko) Chrome/134.0.0.0 Safari/537.36"
209.141.46.13 - - [15/Apr/2026:08:32:41 +0200] "GET /wp-login.php HTTP/1.1" 302 510 "-" "Mozilla/5.0 (Windows NT 10.0; Win64; x64) AppleWebKit/537.36 (KHTML, like Gecko) Chrome/134.0.0.0 Safari/537.36"
209.141.46.13 - - [15/Apr/2026:08:32:41 +0200] "GET /wp-login.php HTTP/1.1" 302 510 "-" "Mozilla/5.0 (Windows NT 10.0; Win64; x64) AppleWebKit/537.36 (KHTML, like Gecko) Chrome/134.0.0.0 Safari/537.36"
209.141.46.13 - - [15/Apr/2026:08:32:42 +0200] "GET /wp-login.php HTTP/1.1" 302 510 "-" "Mozilla/5.0 (Windows NT 10.0; Win64; x64) AppleWebKit/537.36 (KHTML, like Gecko) Chrome/134.0.0.0 Safari/537.36"
209.141.46.13 - - [15/Apr/2026:08:32:42 +0200] "GET /wp-login.php HTTP/1.1" 302 510 "-" "Mozilla/5.0 (Windows NT 10.0; Win64; x64) AppleWebKit/537.36 (KHTML, like Gecko) Chrome/134.0.0.0 Safari/537.36"
209.141.46.13 - - [15/Apr/2026:08:32:42 +0200] "GET /wp-login.php HTTP/1.1" 302 510 "-" "Mozilla/5.0 (Windows NT 10.0; Win64; x64) AppleWebKit/537.36 (KHTML, like Gecko) Chrome/134.0.0.0 Safari/537.36"
209.141.46.13 - - [15/Apr/2026:08:32:43 +0200] "GET /wp-login.php HTTP/1.1" 302 510 "-" "Mozilla/5.0 (Windows NT 10.0; Win64; x64) AppleWebKit/537.36 (KHTML, like Gecko) Chrome/134.0.0.0 Safari/537.36"
209.141.46.13 - - [15/Apr/2026:08:32:43 +0200] "GET /wp-login.php HTTP/1.1" 302 510 "-" "Mozilla/5.0 (Windows NT 10.0; Win64; x64) AppleWebKit/537.36 (KHTML, like Gecko) Chrome/134.0.0.0 Safari/537.36"
209.141.46.13 - - [15/Apr/2026:08:32:43 +0200] "GET /wp-login.php HTTP/1.1" 302 510 "-" "Mozilla/5.0 (Windows NT 10.0; Win64; x64) AppleWebKit/537.36 (KHTML, like Gecko) Chrome/134.0.0.0 Safari/537.36"
209.141.46.13 - - [15/Apr/2026:08:32:44 +0200] "GET /wp-login.php HTTP/1.1" 302 510 "-" "Mozilla/5.0 (Windows NT 10.0; Win64; x64) AppleWebKit/537.36 (KHTML, like Gecko) Chrome/134.0.0.0 Safari/537.36"
209.141.46.13 - - [15/Apr/2026:08:32:44 +0200] "GET /wp-login.php HTTP/1.1" 302 510 "-" "Mozilla/5.0 (Windows NT 10.0; Win64; x64) AppleWebKit/537.36 (KHTML, like Gecko) Chrome/134.0.0.0 Safari/537.36"
209.141.46.13 - - [15/Apr/2026:08:32:44 +0200] "GET /wp-login.php HTTP/1.1" 302 510 "-" "Mozilla/5.0 (Windows NT 10.0; Win64; x64) AppleWebKit/537.36 (KHTML, like Gecko) Chrome/134.0.0.0 Safari/537.36"
209.141.46.13 - - [15/Apr/2026:08:32:44 +0200] "GET /wp-login.php HTTP/1.1" 302 510 "-" "Mozilla/5.0 (Windows NT 10.0; Win64; x64) AppleWebKit/537.36 (KHTML, like Gecko) Chrome/134.0.0.0 Safari/537.36"
209.141.46.13 - - [15/Apr/2026:08:32:45 +0200] "GET /wp-login.php HTTP/1.1" 302 510 "-" "Mozilla/5.0 (Windows NT 10.0; Win64; x64) AppleWebKit/537.36 (KHTML, like Gecko) Chrome/134.0.0.0 Safari/537.36"
209.141.46.13 - - [15/Apr/2026:08:32:45 +0200] "GET /wp-login.php HTTP/1.1" 302 510 "-" "Mozilla/5.0 (Windows NT 10.0; Win64; x64) AppleWebKit/537.36 (KHTML, like Gecko) Chrome/134.0.0.0 Safari/537.36"
209.141.46.13 - - [15/Apr/2026:08:32:45 +0200] "GET /wp-login.php HTTP/1.1" 302 510 "-" "Mozilla/5.0 (Windows NT 10.0; Win64; x64) AppleWebKit/537.36 (KHTML, like Gecko) Chrome/134.0.0.0 Safari/537.36"
209.141.46.13 - - [15/Apr/2026:08:32:46 +0200] "GET /wp-login.php HTTP/1.1" 302 510 "-" "Mozilla/5.0 (Windows NT 10.0; Win64; x64) AppleWebKit/537.36 (KHTML, like Gecko) Chrome/134.0.0.0 Safari/537.36"
209.141.46.13 - - [15/Apr/2026:08:32:46 +0200] "GET /wp-login.php HTTP/1.1" 302 510 "-" "Mozilla/5.0 (Windows NT 10.0; Win64; x64) AppleWebKit/537.36 (KHTML, like Gecko) Chrome/134.0.0.0 Safari/537.36"
209.141.46.13 - - [15/Apr/2026:08:32:46 +0200] "GET /wp-login.php HTTP/1.1" 302 510 "-" "Mozilla/5.0 (Windows NT 10.0; Win64; x64) AppleWebKit/537.36 (KHTML, like Gecko) Chrome/134.0.0.0 Safari/537.36"
209.141.46.13 - - [15/Apr/2026:08:32:47 +0200] "GET /wp-login.php HTTP/1.1" 302 510 "-" "Mozilla/5.0 (Windows NT 10.0; Win64; x64) AppleWebKit/537.36 (KHTML, like Gecko) Chrome/134.0.0.0 Safari/537.36"
209.141.46.13 - - [15/Apr/2026:08:32:47 +0200] "GET /wp-login.php HTTP/1.1" 302 510 "-" "Mozilla/5.0 (Windows NT 10.0; Win64; x64) AppleWebKit/537.36 (KHTML, like Gecko) Chrome/134.0.0.0 Safari/537.36"
209.141.46.13 - - [15/Apr/2026:08:32:47 +0200] "GET /wp-login.php HTTP/1.1" 302 510 "-" "Mozilla/5.0 (Windows NT 10.0; Win64; x64) AppleWebKit/537.36 (KHTML, like Gecko) Chrome/134.0.0.0 Safari/537.36"
209.141.46.13 - - [15/Apr/2026:08:32:47 +0200] "GET /wp-login.php HTTP/1.1" 302 510 "-" "Mozilla/5.0 (Windows NT 10.0; Win64; x64) AppleWebKit/537.36 (KHTML, like Gecko) Chrome/134.0.0.0 Safari/537.36"
95.216.2.94 - - [15/Apr/2026:08:34:24 +0200] "POST /wp-cron.php?doing_wp_cron=1776234864.3789670467376708984375 HTTP/1.1" 500 4060 "-" "WordPress/6.4.8; https://www.mykam.ru"
216.73.216.82 - - [15/Apr/2026:08:34:24 +0200] "GET / HTTP/1.1" 200 15425 "-" "Mozilla/5.0 AppleWebKit/537.36 (KHTML, like Gecko; compatible; ClaudeBot/1.0; +claudebot@anthropic.com)"
114.119.135.206 - - [15/Apr/2026:08:38:36 +0200] "GET /robots.txt HTTP/1.1" 200 4259 "-" "Mozilla/5.0 (compatible;PetalBot;+https://webmaster.petalsearch.com/site/petalbot)"
95.216.2.94 - - [15/Apr/2026:08:39:37 +0200] "POST /wp-cron.php?doing_wp_cron=1776235177.9663999080657958984375 HTTP/1.1" 500 4060 "-" "WordPress/6.4.8; https://www.mykam.ru"
216.73.216.82 - - [15/Apr/2026:08:39:37 +0200] "GET /goods.php HTTP/1.1" 404 23586 "-" "Mozilla/5.0 AppleWebKit/537.36 (KHTML, like Gecko; compatible; ClaudeBot/1.0; +claudebot@anthropic.com)"
95.216.2.94 - - [15/Apr/2026:08:42:08 +0200] "POST /wp-cron.php?doing_wp_cron=1776235328.9912450313568115234375 HTTP/1.1" 500 4060 "-" "WordPress/6.4.8; https://www.mykam.ru"
74.7.227.176 - - [15/Apr/2026:08:42:08 +0200] "GET /sitemap.xml HTTP/1.1" 200 4717 "-" "Mozilla/5.0 AppleWebKit/537.36 (KHTML, like Gecko; compatible; GPTBot/1.3; +https://openai.com/gptbot)"
74.7.175.190 - - [15/Apr/2026:08:42:09 +0200] "GET /robots.txt HTTP/1.1" 200 4287 "-" "Mozilla/5.0 (Macintosh; Intel Mac OS X 10_15_7) AppleWebKit/537.36 (KHTML, like Gecko) Chrome/131.0.0.0 Safari/537.36; compatible; OAI-SearchBot/1.3; robots.txt; +https://openai.com/searchbot"
95.216.2.94 - - [15/Apr/2026:08:45:46 +0200] "POST /wp-cron.php?doing_wp_cron=1776235546.0789980888366699218750 HTTP/1.1" 500 185 "-" "WordPress/6.4.8; https://www.mykam.ru"
94.154.35.236 - - [15/Apr/2026:08:45:45 +0200] "HEAD /catalog.tar HTTP/1.1" 301 324 "-" "Mozilla/5.0 (Windows NT 10.0; Win64; x64) AppleWebKit/537.36 (KHTML, like Gecko) Chrome/101.0.4951.67 Safari/537.36"
94.154.35.236 - - [15/Apr/2026:08:45:46 +0200] "HEAD /catalog.tar HTTP/1.1" 404 312 "-" "Mozilla/5.0 (Windows NT 10.0; Win64; x64) AppleWebKit/537.36 (KHTML, like Gecko) Chrome/101.0.4951.67 Safari/537.36"
159.89.55.245 - - [15/Apr/2026:08:45:53 +0200] "GET /.git/config HTTP/1.1" 301 380 "-" "Mozilla/5.0 (X11; Linux x86_64) AppleWebKit/537.36 (KHTML, like Gecko) Chrome/81.0.4044.129 Safari/537.36"
159.89.55.245 - - [15/Apr/2026:08:45:54 +0200] "GET /.git/config HTTP/1.1" 301 4256 "-" "Mozilla/5.0 (X11; Linux x86_64) AppleWebKit/537.36 (KHTML, like Gecko) Chrome/81.0.4044.129 Safari/537.36"
95.216.2.94 - - [15/Apr/2026:08:47:39 +0200] "POST /wp-cron.php?doing_wp_cron=1776235659.0726339817047119140625 HTTP/1.1" 500 185 "-" "WordPress/6.4.8; https://www.mykam.ru"
152.228.220.143 - - [15/Apr/2026:08:47:38 +0200] "GET /2006/08/07/80/feed/ HTTP/1.1" 200 3979 "-" "Mozilla/5.0 (X11; Linux i686) AppleWebKit/537.36 (KHTML, like Gecko) Chrome/30.0.1599.66 Safari/537.36"
95.216.2.94 - - [15/Apr/2026:08:55:25 +0200] "POST /wp-cron.php?doing_wp_cron=1776236125.6545059680938720703125 HTTP/1.1" 500 185 "-" "WordPress/6.4.8; https://www.mykam.ru"
152.228.220.143 - - [15/Apr/2026:08:55:25 +0200] "GET /2008/02/21/101/feed/ HTTP/1.1" 200 2642 "-" "Mozilla/5.0 (X11; Linux i686) AppleWebKit/537.36 (KHTML, like Gecko) Chrome/30.0.1599.66 Safari/537.36"
69.63.184.3 - - [15/Apr/2026:08:56:17 +0200] "GET /robots.txt HTTP/1.1" 206 4585 "-" "facebookexternalhit/1.1 (+http://www.facebook.com/externalhit_uatext.php)"
95.216.2.94 - - [15/Apr/2026:08:58:34 +0200] "POST /wp-cron.php?doing_wp_cron=1776236314.0314009189605712890625 HTTP/1.1" 500 4060 "-" "WordPress/6.4.8; https://www.mykam.ru"
20.24.215.223 - - [15/Apr/2026:08:58:33 +0200] "GET /admin.php HTTP/1.1" 301 4207 "-" "Mozilla/5.0 (Windows NT 10.0; Win64; x64) AppleWebKit/537.36 (KHTML, like Gecko) Chrome/120.0.0.0 Safari/537.36"
20.24.215.223 - - [15/Apr/2026:08:58:34 +0200] "GET /inputs.php HTTP/1.1" 301 455 "-" "Mozilla/5.0 (Windows NT 10.0; Win64; x64) AppleWebKit/537.36 (KHTML, like Gecko) Chrome/120.0.0.0 Safari/537.36"
20.24.215.223 - - [15/Apr/2026:08:58:34 +0200] "GET /file.php HTTP/1.1" 301 453 "-" "Mozilla/5.0 (Windows NT 10.0; Win64; x64) AppleWebKit/537.36 (KHTML, like Gecko) Chrome/120.0.0.0 Safari/537.36"
20.24.215.223 - - [15/Apr/2026:08:58:35 +0200] "GET /goods.php HTTP/1.1" 301 454 "-" "Mozilla/5.0 (Windows NT 10.0; Win64; x64) AppleWebKit/537.36 (KHTML, like Gecko) Chrome/120.0.0.0 Safari/537.36"
20.24.215.223 - - [15/Apr/2026:08:58:35 +0200] "GET /ms-edit.php HTTP/1.1" 301 456 "-" "Mozilla/5.0 (Windows NT 10.0; Win64; x64) AppleWebKit/537.36 (KHTML, like Gecko) Chrome/120.0.0.0 Safari/537.36"
20.24.215.223 - - [15/Apr/2026:08:58:36 +0200] "GET /simple.php HTTP/1.1" 301 455 "-" "Mozilla/5.0 (Windows NT 10.0; Win64; x64) AppleWebKit/537.36 (KHTML, like Gecko) Chrome/120.0.0.0 Safari/537.36"
20.24.215.223 - - [15/Apr/2026:08:58:36 +0200] "GET /bgymj.php HTTP/1.1" 301 454 "-" "Mozilla/5.0 (Windows NT 10.0; Win64; x64) AppleWebKit/537.36 (KHTML, like Gecko) Chrome/120.0.0.0 Safari/537.36"
20.24.215.223 - - [15/Apr/2026:08:58:37 +0200] "GET /wp-content/plugins/twenty/login.php HTTP/1.1" 301 480 "-" "Mozilla/5.0 (Windows NT 10.0; Win64; x64) AppleWebKit/537.36 (KHTML, like Gecko) Chrome/120.0.0.0 Safari/537.36"
20.24.215.223 - - [15/Apr/2026:08:58:37 +0200] "GET /404.php HTTP/1.1" 301 452 "-" "Mozilla/5.0 (Windows NT 10.0; Win64; x64) AppleWebKit/537.36 (KHTML, like Gecko) Chrome/120.0.0.0 Safari/537.36"
20.24.215.223 - - [15/Apr/2026:08:58:37 +0200] "GET /file3.php HTTP/1.1" 301 454 "-" "Mozilla/5.0 (Windows NT 10.0; Win64; x64) AppleWebKit/537.36 (KHTML, like Gecko) Chrome/120.0.0.0 Safari/537.36"
20.24.215.223 - - [15/Apr/2026:08:58:38 +0200] "GET /wp-mail.php HTTP/1.1" 500 261 "-" "Mozilla/5.0 (Windows NT 10.0; Win64; x64) AppleWebKit/537.36 (KHTML, like Gecko) Chrome/120.0.0.0 Safari/537.36"
20.24.215.223 - - [15/Apr/2026:08:58:39 +0200] "GET /about.php HTTP/1.1" 301 987 "-" "Mozilla/5.0 (Windows NT 10.0; Win64; x64) AppleWebKit/537.36 (KHTML, like Gecko) Chrome/120.0.0.0 Safari/537.36"
20.24.215.223 - - [15/Apr/2026:08:58:39 +0200] "GET /wp.php HTTP/1.1" 301 451 "-" "Mozilla/5.0 (Windows NT 10.0; Win64; x64) AppleWebKit/537.36 (KHTML, like Gecko) Chrome/120.0.0.0 Safari/537.36"
20.24.215.223 - - [15/Apr/2026:08:58:39 +0200] "GET /.dj/index.php HTTP/1.1" 301 449 "-" "Mozilla/5.0 (Windows NT 10.0; Win64; x64) AppleWebKit/537.36 (KHTML, like Gecko) Chrome/120.0.0.0 Safari/537.36"
20.24.215.223 - - [15/Apr/2026:08:58:40 +0200] "GET /adminfuns.php HTTP/1.1" 301 458 "-" "Mozilla/5.0 (Windows NT 10.0; Win64; x64) AppleWebKit/537.36 (KHTML, like Gecko) Chrome/120.0.0.0 Safari/537.36"
20.24.215.223 - - [15/Apr/2026:08:58:40 +0200] "GET /php8.php HTTP/1.1" 301 453 "-" "Mozilla/5.0 (Windows NT 10.0; Win64; x64) AppleWebKit/537.36 (KHTML, like Gecko) Chrome/120.0.0.0 Safari/537.36"
20.24.215.223 - - [15/Apr/2026:08:58:41 +0200] "GET /classwithtostring.php HTTP/1.1" 301 466 "-" "Mozilla/5.0 (Windows NT 10.0; Win64; x64) AppleWebKit/537.36 (KHTML, like Gecko) Chrome/120.0.0.0 Safari/537.36"
