114.119.130.96 - - [15/Apr/2026:09:51:39 +0200] "GET /2006/07/page/2/ HTTP/1.1" 200 10295 "https://www.mykam.ru/2006/07/page/2" "Mozilla/5.0 (Linux; Android 7.0;) AppleWebKit/537.36 (KHTML, like Gecko) Mobile Safari/537.36 (compatible; PetalBot;+https://webmaster.petalsearch.com/site/petalbot)"
95.216.2.94 - - [15/Apr/2026:09:54:48 +0200] "POST /wp-cron.php?doing_wp_cron=1776239688.6057589054107666015625 HTTP/1.1" 500 4060 "-" "WordPress/6.4.8; https://www.mykam.ru"
46.8.111.119 - - [15/Apr/2026:09:54:48 +0200] "GET /2006/07/10/20/ HTTP/1.0" 200 37376 "https://www.mykam.ru/2006/07/10/20/#comment-336371" "Mozilla/5.0 (Windows NT 10.0; WOW64) AppleWebKit/537.36 (KHTML, like Gecko) Chrome/103.0.0.0 Safari/537.36"
114.119.155.121 - - [15/Apr/2026:09:55:38 +0200] "GET /sitemap-pt-post-p2-2006-07.xml HTTP/1.1" 200 4653 "-" "Mozilla/5.0 (Linux; Android 7.0;) AppleWebKit/537.36 (KHTML, like Gecko) Mobile Safari/537.36 (compatible; PetalBot;+https://webmaster.petalsearch.com/site/petalbot)"
46.8.111.119 - - [15/Apr/2026:09:55:39 +0200] "GET / HTTP/1.0" 200 49380 "https://www.mykam.ru/" "Mozilla/5.0 (Windows NT 10.0; WOW64) AppleWebKit/537.36 (KHTML, like Gecko) Chrome/103.0.0.0 Safari/537.36"
95.216.2.94 - - [15/Apr/2026:09:58:47 +0200] "POST /wp-cron.php?doing_wp_cron=1776239927.4336979389190673828125 HTTP/1.1" 500 4060 "-" "WordPress/6.4.8; https://www.mykam.ru"
52.71.203.206 - - [15/Apr/2026:09:58:47 +0200] "GET /2008/02/21/96/feed/ HTTP/1.1" 200 5333 "-" "Mozilla/5.0 AppleWebKit/537.36 (KHTML, like Gecko; compatible; Amazonbot/0.1; +https://developer.amazon.com/support/amazonbot) Chrome/119.0.6045.214 Safari/537.36"
95.216.2.94 - - [15/Apr/2026:10:07:12 +0200] "POST /wp-cron.php?doing_wp_cron=1776240432.0811231136322021484375 HTTP/1.1" 500 185 "-" "WordPress/6.4.8; https://www.mykam.ru"
106.119.167.146 - - [15/Apr/2026:10:07:11 +0200] "GET / HTTP/1.1" 301 239 "-" "Mozilla/5.0 (iPhone; CPU iPhone OS 13_2_3 like Mac OS X) AppleWebKit/605.1.15 (KHTML, like Gecko) Version/13.0.3 Mobile/15E148 Safari/604.1"
94.154.35.236 - - [15/Apr/2026:10:07:41 +0200] "HEAD /catalog.7z HTTP/1.1" 301 323 "-" "Mozilla/5.0 (Windows NT 10.0; Win64; x64) AppleWebKit/537.36 (KHTML, like Gecko) Chrome/101.0.4951.67 Safari/537.36"
94.154.35.236 - - [15/Apr/2026:10:07:41 +0200] "HEAD /catalog.7z HTTP/1.1" 404 312 "-" "Mozilla/5.0 (Windows NT 10.0; Win64; x64) AppleWebKit/537.36 (KHTML, like Gecko) Chrome/101.0.4951.67 Safari/537.36"
45.137.215.48 - - [15/Apr/2026:10:08:03 +0200] "GET /2008/08/27/207/ HTTP/1.0" 200 29844 "https://www.mykam.ru/2008/08/27/207/#comment-341580" "Mozilla/5.0 (Windows NT 6.1; Win64; x64) AppleWebKit/537.36 (KHTML, like Gecko) Chrome/103.0.5060.114 Safari/537.36"
45.137.215.48 - - [15/Apr/2026:10:08:03 +0200] "POST /wp-comments-post.php HTTP/1.0" 500 3590 "https://www.mykam.ru/2008/08/27/207/#comment-341580" "Mozilla/5.0 (Windows NT 6.1; Win64; x64) AppleWebKit/537.36 (KHTML, like Gecko) Chrome/103.0.5060.114 Safari/537.36"
95.216.2.94 - - [15/Apr/2026:10:12:44 +0200] "POST /wp-cron.php?doing_wp_cron=1776240764.8737330436706542968750 HTTP/1.1" 500 4060 "-" "WordPress/6.4.8; https://www.mykam.ru"
114.119.158.220 - - [15/Apr/2026:10:12:44 +0200] "GET /2008/08/08/120/ HTTP/1.1" 200 11639 "https://www.mykam.ru/2008/08/page/5" "Mozilla/5.0 (Linux; Android 7.0;) AppleWebKit/537.36 (KHTML, like Gecko) Mobile Safari/537.36 (compatible; PetalBot;+https://webmaster.petalsearch.com/site/petalbot)"
95.216.2.94 - - [15/Apr/2026:10:15:07 +0200] "POST /wp-cron.php?doing_wp_cron=1776240907.3528189659118652343750 HTTP/1.1" 500 4060 "-" "WordPress/6.4.8; https://www.mykam.ru"
114.119.144.202 - - [15/Apr/2026:10:15:07 +0200] "GET /2006/07/20/36 HTTP/1.1" 301 4127 "https://www.mykam.ru/2006/07/20/36" "Mozilla/5.0 (Linux; Android 7.0;) AppleWebKit/537.36 (KHTML, like Gecko) Mobile Safari/537.36 (compatible; PetalBot;+https://webmaster.petalsearch.com/site/petalbot)"
114.119.144.202 - - [15/Apr/2026:10:15:14 +0200] "GET /2006/07/20/36/ HTTP/1.1" 200 11430 "https://www.mykam.ru/2006/07/20/36" "Mozilla/5.0 (Linux; Android 7.0;) AppleWebKit/537.36 (KHTML, like Gecko) Mobile Safari/537.36 (compatible; PetalBot;+https://webmaster.petalsearch.com/site/petalbot)"
95.216.2.94 - - [15/Apr/2026:10:19:01 +0200] "POST /wp-cron.php?doing_wp_cron=1776241141.2603180408477783203125 HTTP/1.1" 500 4060 "-" "WordPress/6.4.8; https://www.mykam.ru"
114.119.155.121 - - [15/Apr/2026:10:19:01 +0200] "GET /2006/07/01/10 HTTP/1.1" 301 4127 "https://www.mykam.ru/2006/07/page/3" "Mozilla/5.0 (Linux; Android 7.0;) AppleWebKit/537.36 (KHTML, like Gecko) Mobile Safari/537.36 (compatible; PetalBot;+https://webmaster.petalsearch.com/site/petalbot)"
114.119.155.121 - - [15/Apr/2026:10:19:03 +0200] "GET /2006/07/01/10/ HTTP/1.1" 200 11531 "https://www.mykam.ru/2006/07/page/3" "Mozilla/5.0 (Linux; Android 7.0;) AppleWebKit/537.36 (KHTML, like Gecko) Mobile Safari/537.36 (compatible; PetalBot;+https://webmaster.petalsearch.com/site/petalbot)"
95.216.2.94 - - [15/Apr/2026:10:20:27 +0200] "POST /wp-cron.php?doing_wp_cron=1776241227.5446710586547851562500 HTTP/1.1" 500 4060 "-" "WordPress/6.4.8; https://www.mykam.ru"
15.204.0.80 - - [15/Apr/2026:10:20:27 +0200] "GET /blog-verify HTTP/1.1" 404 23586 "-" "Mozilla/5.0 (Windows NT 10.0; Win64; x64) AppleWebKit/537.36 (KHTML, like Gecko) Chrome/127.0.0.0 Safari/537.36"
95.216.2.94 - - [15/Apr/2026:10:22:06 +0200] "POST /wp-cron.php?doing_wp_cron=1776241326.8471140861511230468750 HTTP/1.1" 500 185 "-" "WordPress/6.4.8; https://www.mykam.ru"
185.255.126.12 - - [15/Apr/2026:10:22:06 +0200] "GET /2009/06/30/219/ HTTP/1.0" 301 298 "http://mykam.ru/2009/06/30/219/" "Mozilla/5.0 (Windows NT 10.0; Win64; x64) AppleWebKit/537.36 (KHTML, like Gecko) Chrome/131.0.0.0 Safari/537.36 Avast/131.0.0.0"
185.255.126.54 - - [15/Apr/2026:10:22:07 +0200] "GET /2009/06/30/219/ HTTP/1.0" 200 30160 "http://www.mykam.ru/2009/06/30/219/" "Mozilla/5.0 (Windows NT 10.0; Win64; x64) AppleWebKit/537.36 (KHTML, like Gecko) Chrome/131.0.0.0 Safari/537.36 Avast/131.0.0.0"
185.255.126.2 - - [15/Apr/2026:10:22:08 +0200] "POST /wp-comments-post.php HTTP/1.0" 500 3590 "http://www.mykam.ru/2009/06/30/219/" "Mozilla/5.0 (Windows NT 10.0; Win64; x64) AppleWebKit/537.36 (KHTML, like Gecko) Chrome/131.0.0.0 Safari/537.36 Avast/131.0.0.0"
114.119.130.96 - - [15/Apr/2026:10:23:02 +0200] "GET /2006/06/29/9/ HTTP/1.1" 200 12191 "https://www.mykam.ru/2006/06" "Mozilla/5.0 (Linux; Android 7.0;) AppleWebKit/537.36 (KHTML, like Gecko) Mobile Safari/537.36 (compatible; PetalBot;+https://webmaster.petalsearch.com/site/petalbot)"
95.108.213.140 - - [15/Apr/2026:10:23:22 +0200] "GET /robots.txt HTTP/1.1" 200 4540 "-" "Mozilla/5.0 (compatible; YandexBot/3.0; +http://yandex.com/bots)"
213.180.203.135 - - [15/Apr/2026:10:23:23 +0200] "GET /wp-content/uploads/2008/08/girl.jpg HTTP/1.1" 304 4125 "-" "Mozilla/5.0 (compatible; YandexImages/3.0; +http://yandex.com/bots)"
216.73.216.82 - - [15/Apr/2026:10:25:20 +0200] "GET /robots.txt HTTP/1.1" 200 4287 "-" "Mozilla/5.0 AppleWebKit/537.36 (KHTML, like Gecko; compatible; ClaudeBot/1.0; +claudebot@anthropic.com)"
95.216.2.94 - - [15/Apr/2026:10:25:20 +0200] "POST /wp-cron.php?doing_wp_cron=1776241520.8876059055328369140625 HTTP/1.1" 500 4060 "-" "WordPress/6.4.8; https://www.mykam.ru"
216.73.216.82 - - [15/Apr/2026:10:25:20 +0200] "GET / HTTP/1.1" 200 11626 "-" "Mozilla/5.0 AppleWebKit/537.36 (KHTML, like Gecko; compatible; ClaudeBot/1.0; +claudebot@anthropic.com)"
95.216.2.94 - - [15/Apr/2026:10:32:13 +0200] "POST /wp-cron.php?doing_wp_cron=1776241933.0866711139678955078125 HTTP/1.1" 500 4060 "-" "WordPress/6.4.8; https://www.mykam.ru"
122.8.179.165 - - [15/Apr/2026:10:32:12 +0200] "GET /2006/08/21/88/ HTTP/1.1" 200 11841 "-" "Mozilla/5.0 (Windows NT 10.0; Win64; x64) AppleWebKit/537.36 (KHTML, like Gecko) Chrome/142.0.0.0 Safari/537.36"
122.8.179.165 - - [15/Apr/2026:10:32:13 +0200] "GET /wp-content/themes/dilectio/javascript/imghover.js HTTP/1.1" 200 567 "https://www.mykam.ru/2006/08/21/88/" "Mozilla/5.0 (Windows NT 10.0; Win64; x64) AppleWebKit/537.36 (KHTML, like Gecko) Chrome/142.0.0.0 Safari/537.36"
122.8.179.165 - - [15/Apr/2026:10:32:14 +0200] "GET /wp-content/themes/dilectio/style.css HTTP/1.1" 200 4430 "https://www.mykam.ru/2006/08/21/88/" "Mozilla/5.0 (Windows NT 10.0; Win64; x64) AppleWebKit/537.36 (KHTML, like Gecko) Chrome/142.0.0.0 Safari/537.36"
122.8.179.165 - - [15/Apr/2026:10:32:15 +0200] "GET /wp-content/plugins/shutter-reloaded/shutter-reloaded.css?ver=2.4 HTTP/1.1" 200 1319 "https://www.mykam.ru/2006/08/21/88/" "Mozilla/5.0 (Windows NT 10.0; Win64; x64) AppleWebKit/537.36 (KHTML, like Gecko) Chrome/142.0.0.0 Safari/537.36"
122.8.179.165 - - [15/Apr/2026:10:32:15 +0200] "GET /wp-includes/css/dist/block-library/style.min.css?ver=6.4.8 HTTP/1.1" 200 18782 "https://www.mykam.ru/2006/08/21/88/" "Mozilla/5.0 (Windows NT 10.0; Win64; x64) AppleWebKit/537.36 (KHTML, like Gecko) Chrome/142.0.0.0 Safari/537.36"
122.8.179.165 - - [15/Apr/2026:10:32:15 +0200] "GET /wp-content/themes/dilectio/javascript/tabs.js HTTP/1.1" 200 1439 "https://www.mykam.ru/2006/08/21/88/" "Mozilla/5.0 (Windows NT 10.0; Win64; x64) AppleWebKit/537.36 (KHTML, like Gecko) Chrome/142.0.0.0 Safari/537.36"
95.216.2.94 - - [15/Apr/2026:10:34:51 +0200] "POST /wp-cron.php?doing_wp_cron=1776242091.1949670314788818359375 HTTP/1.1" 500 185 "-" "WordPress/6.4.8; https://www.mykam.ru"
94.154.35.236 - - [15/Apr/2026:10:34:51 +0200] "HEAD /new.tar.gz HTTP/1.1" 301 323 "-" "Mozilla/5.0 (Windows NT 10.0; Win64; x64) AppleWebKit/537.36 (KHTML, like Gecko) Chrome/101.0.4951.67 Safari/537.36"
94.154.35.236 - - [15/Apr/2026:10:34:51 +0200] "HEAD /new.tar.gz HTTP/1.1" 404 312 "-" "Mozilla/5.0 (Windows NT 10.0; Win64; x64) AppleWebKit/537.36 (KHTML, like Gecko) Chrome/101.0.4951.67 Safari/537.36"
216.73.216.82 - - [15/Apr/2026:10:34:58 +0200] "GET /buy.php HTTP/1.1" 404 23586 "-" "Mozilla/5.0 AppleWebKit/537.36 (KHTML, like Gecko; compatible; ClaudeBot/1.0; +claudebot@anthropic.com)"
100.49.88.137 - - [15/Apr/2026:10:35:01 +0200] "GET /robots.txt HTTP/1.1" 200 431 "-" "Mozilla/5.0 (Macintosh; Intel Mac OS X 10_10_1) AppleWebKit/600.2.5 (KHTML, like Gecko) Version/8.0.2 Safari/600.2.5 (Gort)"
114.119.146.179 - - [15/Apr/2026:10:35:34 +0200] "GET /robots.txt HTTP/1.1" 200 431 "-" "Mozilla/5.0 (compatible;PetalBot;+https://webmaster.petalsearch.com/site/petalbot)"
95.216.2.94 - - [15/Apr/2026:10:36:34 +0200] "POST /wp-cron.php?doing_wp_cron=1776242194.3257200717926025390625 HTTP/1.1" 500 4060 "-" "WordPress/6.4.8; https://www.mykam.ru"
216.73.216.82 - - [15/Apr/2026:10:36:34 +0200] "GET /goods.php HTTP/1.1" 404 23586 "-" "Mozilla/5.0 AppleWebKit/537.36 (KHTML, like Gecko; compatible; ClaudeBot/1.0; +claudebot@anthropic.com)"
95.216.2.94 - - [15/Apr/2026:10:40:32 +0200] "POST /wp-cron.php?doing_wp_cron=1776242431.9107079505920410156250 HTTP/1.1" 500 4060 "-" "WordPress/6.4.8; https://www.mykam.ru"
5.188.118.200 - - [15/Apr/2026:10:40:31 +0200] "GET /2006/07/10/20/ HTTP/1.0" 200 37376 "https://www.mykam.ru/2006/07/10/20/#comment-309194" "Mozilla/5.0 (Windows NT 6.3; Win64; x64) AppleWebKit/537.36 (KHTML, like Gecko) Chrome/103.0.0.0 Safari/537.36"
5.188.118.200 - - [15/Apr/2026:10:40:32 +0200] "POST /wp-comments-post.php HTTP/1.0" 500 3590 "https://www.mykam.ru/2006/07/10/20/#comment-309194" "Mozilla/5.0 (Windows NT 6.3; Win64; x64) AppleWebKit/537.36 (KHTML, like Gecko) Chrome/103.0.0.0 Safari/537.36"
5.188.118.200 - - [15/Apr/2026:10:40:32 +0200] "GET /2006/07/10/20/ HTTP/1.0" 200 37375 "https://www.mykam.ru/2006/07/10/20/#comment-309194" "Mozilla/5.0 (Windows NT 6.3; Win64; x64) AppleWebKit/537.36 (KHTML, like Gecko) Chrome/103.0.0.0 Safari/537.36"
95.216.2.94 - - [15/Apr/2026:10:46:44 +0200] "POST /wp-cron.php?doing_wp_cron=1776242804.3792989253997802734375 HTTP/1.1" 500 185 "-" "WordPress/6.4.8; https://www.mykam.ru"
109.68.211.254 - - [15/Apr/2026:10:46:44 +0200] "GET /about HTTP/1.1" 301 270 "-" "Mozilla/5.0 (keys-so-bot)"
109.68.211.254 - - [15/Apr/2026:10:46:44 +0200] "GET /about/ HTTP/1.1" 200 9007 "http://mykam.ru/about" "Mozilla/5.0 (keys-so-bot)"
3.213.16.195 - - [15/Apr/2026:10:47:02 +0200] "GET /robots.txt HTTP/1.1" 200 4308 "-" "Mozilla/5.0 (Macintosh; Intel Mac OS X 10_10_1) AppleWebKit/600.2.5 (KHTML, like Gecko) Version/8.0.2 Safari/600.2.5 (Gort)"
95.216.2.94 - - [15/Apr/2026:10:47:45 +0200] "POST /wp-cron.php?doing_wp_cron=1776242864.9889519214630126953125 HTTP/1.1" 500 4060 "-" "WordPress/6.4.8; https://www.mykam.ru"
91.92.241.5 - - [15/Apr/2026:10:47:44 +0200] "GET /wp-login.php HTTP/1.1" 301 4257 "" "Mozilla/5.0 (Windows NT 11.0; Win64; x64) AppleWebKit/537.36 (KHTML, like Gecko) Chrome/120.0.0.0 Safari/537.36"
91.92.241.5 - - [15/Apr/2026:10:47:48 +0200] "GET /wp-login.php HTTP/1.1" 302 4310 "" "Mozilla/5.0 (Windows NT 11.0; Win64; x64) AppleWebKit/537.36 (KHTML, like Gecko) Chrome/120.0.0.0 Safari/537.36"
91.92.241.5 - - [15/Apr/2026:10:47:49 +0200] "GET /wp-login.php HTTP/1.1" 302 510 "" "Mozilla/5.0 (Windows NT 11.0; Win64; x64) AppleWebKit/537.36 (KHTML, like Gecko) Chrome/120.0.0.0 Safari/537.36"
91.92.241.5 - - [15/Apr/2026:10:47:49 +0200] "GET /wp-login.php HTTP/1.1" 302 510 "" "Mozilla/5.0 (Windows NT 11.0; Win64; x64) AppleWebKit/537.36 (KHTML, like Gecko) Chrome/120.0.0.0 Safari/537.36"
91.92.241.5 - - [15/Apr/2026:10:47:50 +0200] "GET /wp-login.php HTTP/1.1" 302 510 "" "Mozilla/5.0 (Windows NT 11.0; Win64; x64) AppleWebKit/537.36 (KHTML, like Gecko) Chrome/120.0.0.0 Safari/537.36"
91.92.241.5 - - [15/Apr/2026:10:47:51 +0200] "GET /wp-login.php HTTP/1.1" 302 510 "" "Mozilla/5.0 (Windows NT 11.0; Win64; x64) AppleWebKit/537.36 (KHTML, like Gecko) Chrome/120.0.0.0 Safari/537.36"
91.92.241.5 - - [15/Apr/2026:10:47:51 +0200] "GET /wp-login.php HTTP/1.1" 302 510 "" "Mozilla/5.0 (Windows NT 11.0; Win64; x64) AppleWebKit/537.36 (KHTML, like Gecko) Chrome/120.0.0.0 Safari/537.36"
91.92.241.5 - - [15/Apr/2026:10:47:52 +0200] "GET /wp-login.php HTTP/1.1" 302 510 "" "Mozilla/5.0 (Windows NT 11.0; Win64; x64) AppleWebKit/537.36 (KHTML, like Gecko) Chrome/120.0.0.0 Safari/537.36"
91.92.241.5 - - [15/Apr/2026:10:47:53 +0200] "GET /wp-login.php HTTP/1.1" 302 510 "" "Mozilla/5.0 (Windows NT 11.0; Win64; x64) AppleWebKit/537.36 (KHTML, like Gecko) Chrome/120.0.0.0 Safari/537.36"
91.92.241.5 - - [15/Apr/2026:10:47:53 +0200] "GET /wp-login.php HTTP/1.1" 302 510 "" "Mozilla/5.0 (Windows NT 11.0; Win64; x64) AppleWebKit/537.36 (KHTML, like Gecko) Chrome/120.0.0.0 Safari/537.36"
91.92.241.5 - - [15/Apr/2026:10:47:54 +0200] "GET /wp-login.php HTTP/1.1" 302 510 "" "Mozilla/5.0 (Windows NT 11.0; Win64; x64) AppleWebKit/537.36 (KHTML, like Gecko) Chrome/120.0.0.0 Safari/537.36"
91.92.241.5 - - [15/Apr/2026:10:47:54 +0200] "GET /wp-login.php HTTP/1.1" 302 510 "" "Mozilla/5.0 (Windows NT 11.0; Win64; x64) AppleWebKit/537.36 (KHTML, like Gecko) Chrome/120.0.0.0 Safari/537.36"
91.92.241.5 - - [15/Apr/2026:10:47:55 +0200] "GET /wp-login.php HTTP/1.1" 302 510 "" "Mozilla/5.0 (Windows NT 11.0; Win64; x64) AppleWebKit/537.36 (KHTML, like Gecko) Chrome/120.0.0.0 Safari/537.36"
91.92.241.5 - - [15/Apr/2026:10:47:56 +0200] "GET /wp-login.php HTTP/1.1" 302 510 "" "Mozilla/5.0 (Windows NT 11.0; Win64; x64) AppleWebKit/537.36 (KHTML, like Gecko) Chrome/120.0.0.0 Safari/537.36"
91.92.241.5 - - [15/Apr/2026:10:47:56 +0200] "GET /wp-login.php HTTP/1.1" 302 510 "" "Mozilla/5.0 (Windows NT 11.0; Win64; x64) AppleWebKit/537.36 (KHTML, like Gecko) Chrome/120.0.0.0 Safari/537.36"
91.92.241.5 - - [15/Apr/2026:10:47:56 +0200] "GET /wp-login.php HTTP/1.1" 302 510 "" "Mozilla/5.0 (Windows NT 11.0; Win64; x64) AppleWebKit/537.36 (KHTML, like Gecko) Chrome/120.0.0.0 Safari/537.36"
91.92.241.5 - - [15/Apr/2026:10:47:57 +0200] "GET /wp-login.php HTTP/1.1" 302 510 "" "Mozilla/5.0 (Windows NT 11.0; Win64; x64) AppleWebKit/537.36 (KHTML, like Gecko) Chrome/120.0.0.0 Safari/537.36"
91.92.241.5 - - [15/Apr/2026:10:47:58 +0200] "GET /wp-login.php HTTP/1.1" 302 510 "" "Mozilla/5.0 (Windows NT 11.0; Win64; x64) AppleWebKit/537.36 (KHTML, like Gecko) Chrome/120.0.0.0 Safari/537.36"
91.92.241.5 - - [15/Apr/2026:10:47:58 +0200] "GET /wp-login.php HTTP/1.1" 302 510 "" "Mozilla/5.0 (Windows NT 11.0; Win64; x64) AppleWebKit/537.36 (KHTML, like Gecko) Chrome/120.0.0.0 Safari/537.36"
91.92.241.5 - - [15/Apr/2026:10:48:00 +0200] "GET /wp-login.php HTTP/1.1" 302 510 "" "Mozilla/5.0 (Windows NT 11.0; Win64; x64) AppleWebKit/537.36 (KHTML, like Gecko) Chrome/120.0.0.0 Safari/537.36"
91.92.241.5 - - [15/Apr/2026:10:48:01 +0200] "GET /wp-login.php HTTP/1.1" 302 510 "" "Mozilla/5.0 (Windows NT 11.0; Win64; x64) AppleWebKit/537.36 (KHTML, like Gecko) Chrome/120.0.0.0 Safari/537.36"
91.92.241.5 - - [15/Apr/2026:10:48:01 +0200] "GET /wp-login.php HTTP/1.1" 302 510 "" "Mozilla/5.0 (Windows NT 11.0; Win64; x64) AppleWebKit/537.36 (KHTML, like Gecko) Chrome/120.0.0.0 Safari/537.36"
91.92.241.5 - - [15/Apr/2026:10:48:01 +0200] "GET /wp-login.php HTTP/1.1" 302 510 "" "Mozilla/5.0 (Windows NT 11.0; Win64; x64) AppleWebKit/537.36 (KHTML, like Gecko) Chrome/120.0.0.0 Safari/537.36"
91.92.241.5 - - [15/Apr/2026:10:48:03 +0200] "GET /wp-login.php HTTP/1.1" 302 510 "" "Mozilla/5.0 (Windows NT 11.0; Win64; x64) AppleWebKit/537.36 (KHTML, like Gecko) Chrome/120.0.0.0 Safari/537.36"
91.92.241.5 - - [15/Apr/2026:10:48:03 +0200] "GET /wp-login.php HTTP/1.1" 302 510 "" "Mozilla/5.0 (Windows NT 11.0; Win64; x64) AppleWebKit/537.36 (KHTML, like Gecko) Chrome/120.0.0.0 Safari/537.36"
91.92.241.5 - - [15/Apr/2026:10:48:04 +0200] "GET /wp-login.php HTTP/1.1" 302 510 "" "Mozilla/5.0 (Windows NT 11.0; Win64; x64) AppleWebKit/537.36 (KHTML, like Gecko) Chrome/120.0.0.0 Safari/537.36"
91.92.241.5 - - [15/Apr/2026:10:48:04 +0200] "GET /wp-login.php HTTP/1.1" 302 510 "" "Mozilla/5.0 (Windows NT 11.0; Win64; x64) AppleWebKit/537.36 (KHTML, like Gecko) Chrome/120.0.0.0 Safari/537.36"
91.92.241.5 - - [15/Apr/2026:10:48:05 +0200] "GET /wp-login.php HTTP/1.1" 302 510 "" "Mozilla/5.0 (Windows NT 11.0; Win64; x64) AppleWebKit/537.36 (KHTML, like Gecko) Chrome/120.0.0.0 Safari/537.36"
91.92.241.5 - - [15/Apr/2026:10:48:08 +0200] "GET /wp-login.php HTTP/1.1" 302 510 "" "Mozilla/5.0 (Windows NT 11.0; Win64; x64) AppleWebKit/537.36 (KHTML, like Gecko) Chrome/120.0.0.0 Safari/537.36"
91.92.241.5 - - [15/Apr/2026:10:48:09 +0200] "GET /wp-login.php HTTP/1.1" 302 510 "" "Mozilla/5.0 (Windows NT 11.0; Win64; x64) AppleWebKit/537.36 (KHTML, like Gecko) Chrome/120.0.0.0 Safari/537.36"
91.92.241.5 - - [15/Apr/2026:10:48:09 +0200] "GET /wp-login.php HTTP/1.1" 302 510 "" "Mozilla/5.0 (Windows NT 11.0; Win64; x64) AppleWebKit/537.36 (KHTML, like Gecko) Chrome/120.0.0.0 Safari/537.36"
91.92.241.5 - - [15/Apr/2026:10:48:13 +0200] "GET /wp-admin/ HTTP/1.1" 302 4303 "https://www.bing.com/" "Mozilla/5.0 (Macintosh; Intel Mac OS X 13_6_1) AppleWebKit/605.1.15 (KHTML, like Gecko) Version/17.2 Safari/605.1.15"
91.92.241.5 - - [15/Apr/2026:10:48:13 +0200] "GET /wp-login.php?redirect_to=https%3A%2F%2Fmykam.ru%2Fwp-admin%2F&reauth=1 HTTP/1.1" 404 19842 "https://www.bing.com/" "Mozilla/5.0 (Macintosh; Intel Mac OS X 13_6_1) AppleWebKit/605.1.15 (KHTML, like Gecko) Version/17.2 Safari/605.1.15"
45.8.255.41 - - [15/Apr/2026:10:48:28 +0200] "GET /2009/06/30/219/ HTTP/1.1" 301 335 "-" "Mozilla/5.0 (compatible; Googlebot/2.1; +http://www.google.com/bot.html)"
45.8.255.41 - - [15/Apr/2026:10:48:28 +0200] "GET /2009/06/30/219/ HTTP/1.1" 200 8887 "http://mykam.ru/2009/06/30/219/" "Mozilla/5.0 (compatible; Googlebot/2.1; +http://www.google.com/bot.html)"
95.216.2.94 - - [15/Apr/2026:10:50:58 +0200] "POST /wp-cron.php?doing_wp_cron=1776243057.9146409034729003906250 HTTP/1.1" 500 4060 "-" "WordPress/6.4.8; https://www.mykam.ru"
77.75.78.161 - - [15/Apr/2026:10:50:57 +0200] "GET /sitemap-pt-post-p1-2009-05.xml HTTP/1.1" 200 4667 "-" "Mozilla/5.0 (compatible; SeznamBot/4.0; +https://o-seznam.cz/napoveda/vyhledavani/en/seznambot-crawler/)"
95.216.2.94 - - [15/Apr/2026:11:00:00 +0200] "POST /wp-cron.php?doing_wp_cron=1776243600.1087560653686523437500 HTTP/1.1" 500 4060 "-" "WordPress/6.4.8; https://www.mykam.ru"
194.156.92.237 - - [15/Apr/2026:10:59:59 +0200] "GET /2006/07/10/20/ HTTP/1.0" 200 37375 "https://www.mykam.ru/2006/07/10/20/#comment-336433" "Mozilla/5.0 (Windows NT 6.1) AppleWebKit/537.36 (KHTML, like Gecko) Chrome/103.0.5060.114 Safari/537.36"
45.134.253.147 - - [15/Apr/2026:11:00:51 +0200] "GET / HTTP/1.0" 200 49380 "https://www.mykam.ru/" "Mozilla/5.0 (Windows NT 6.1) AppleWebKit/537.36 (KHTML, like Gecko) Chrome/103.0.5060.114 Safari/537.36"
95.216.2.94 - - [15/Apr/2026:11:01:53 +0200] "POST /wp-cron.php?doing_wp_cron=1776243713.7753760814666748046875 HTTP/1.1" 500 185 "-" "WordPress/6.4.8; https://www.mykam.ru"
94.154.35.236 - - [15/Apr/2026:11:01:53 +0200] "HEAD /new.zip HTTP/1.1" 301 320 "-" "Mozilla/5.0 (Windows NT 10.0; Win64; x64) AppleWebKit/537.36 (KHTML, like Gecko) Chrome/101.0.4951.67 Safari/537.36"
94.154.35.236 - - [15/Apr/2026:11:01:54 +0200] "HEAD /new.zip HTTP/1.1" 404 312 "-" "Mozilla/5.0 (Windows NT 10.0; Win64; x64) AppleWebKit/537.36 (KHTML, like Gecko) Chrome/101.0.4951.67 Safari/537.36"
37.19.210.80 - - [15/Apr/2026:11:02:31 +0200] "GET / HTTP/1.1" 301 4152 "-" "Mozilla/5.0 (X11; Linux x86_64; rv:103.0) Gecko/20100101 Firefox/103.0"
37.19.210.80 - - [15/Apr/2026:11:02:32 +0200] "GET / HTTP/1.1" 200 15481 "-" "Mozilla/5.0 (X11; Linux x86_64; rv:103.0) Gecko/20100101 Firefox/103.0"
95.216.2.94 - - [15/Apr/2026:11:05:06 +0200] "POST /wp-cron.php?doing_wp_cron=1776243906.4586238861083984375000 HTTP/1.1" 500 4060 "-" "WordPress/6.4.8; https://www.mykam.ru"
216.73.216.82 - - [15/Apr/2026:11:05:06 +0200] "GET / HTTP/1.1" 200 15425 "-" "Mozilla/5.0 AppleWebKit/537.36 (KHTML, like Gecko; compatible; ClaudeBot/1.0; +claudebot@anthropic.com)"
164.68.113.198 - - [15/Apr/2026:11:05:51 +0200] "GET /wp-admin/css/ HTTP/1.1" 200 1770 "binance.com" "Mozilla/5.0 (Windows NT 10.0; Win64; x64) AppleWebKit/537.36 (KHTML, like Gecko) Chrome/90.0.4430.85 Safari/537.36"
164.68.113.198 - - [15/Apr/2026:11:06:04 +0200] "GET /wp-content/uploads/2026/04/ HTTP/1.1" 200 678 "binance.com" "Mozilla/5.0 (Windows NT 10.0; Win64; x64) AppleWebKit/537.36 (KHTML, like Gecko) Chrome/90.0.4430.85 Safari/537.36"
164.68.113.198 - - [15/Apr/2026:11:06:11 +0200] "GET /wp-content/uploads/2026/03/ HTTP/1.1" 200 677 "binance.com" "Mozilla/5.0 (Windows NT 10.0; Win64; x64) AppleWebKit/537.36 (KHTML, like Gecko) Chrome/90.0.4430.85 Safari/537.36"
164.68.113.198 - - [15/Apr/2026:11:06:15 +0200] "GET /wp-content/uploads/ HTTP/1.1" 200 917 "binance.com" "Mozilla/5.0 (Windows NT 10.0; Win64; x64) AppleWebKit/537.36 (KHTML, like Gecko) Chrome/90.0.4430.85 Safari/537.36"
164.68.113.198 - - [15/Apr/2026:11:06:23 +0200] "GET /wp-content/upgrade/ HTTP/1.1" 200 670 "binance.com" "Mozilla/5.0 (Windows NT 10.0; Win64; x64) AppleWebKit/537.36 (KHTML, like Gecko) Chrome/90.0.4430.85 Safari/537.36"
164.68.113.198 - - [15/Apr/2026:11:06:28 +0200] "GET /wp-content/languages/ HTTP/1.1" 200 2910 "binance.com" "Mozilla/5.0 (Windows NT 10.0; Win64; x64) AppleWebKit/537.36 (KHTML, like Gecko) Chrome/90.0.4430.85 Safari/537.36"
164.68.113.198 - - [15/Apr/2026:11:06:35 +0200] "GET /wp-content/languages/ HTTP/1.1" 200 2910 "binance.com" "Mozilla/5.0 (Windows NT 10.0; Win64; x64) AppleWebKit/537.36 (KHTML, like Gecko) Chrome/90.0.4430.85 Safari/537.36"
164.68.113.198 - - [15/Apr/2026:11:06:43 +0200] "GET /wp-content/languages/admin-network-ru_RU.l10n.php HTTP/1.1" 200 203 "binance.com" "Mozilla/5.0 (Windows NT 10.0; Win64; x64) AppleWebKit/537.36 (KHTML, like Gecko) Chrome/90.0.4430.85 Safari/537.36"
95.216.2.94 - - [15/Apr/2026:11:06:48 +0200] "POST /wp-cron.php?doing_wp_cron=1776244008.5278520584106445312500 HTTP/1.1" 500 4060 "-" "WordPress/6.4.8; https://www.mykam.ru"
216.73.216.82 - - [15/Apr/2026:11:06:48 +0200] "GET /goods.php HTTP/1.1" 404 23586 "-" "Mozilla/5.0 AppleWebKit/537.36 (KHTML, like Gecko; compatible; ClaudeBot/1.0; +claudebot@anthropic.com)"
164.68.113.198 - - [15/Apr/2026:11:06:49 +0200] "GET /wp-content/languages/admin-ru_RU.l10n.php HTTP/1.1" 200 203 "binance.com" "Mozilla/5.0 (Windows NT 10.0; Win64; x64) AppleWebKit/537.36 (KHTML, like Gecko) Chrome/90.0.4430.85 Safari/537.36"
164.68.113.198 - - [15/Apr/2026:11:06:56 +0200] "GET /wp-content/languages/continents-cities-ru_RU.l10n.php HTTP/1.1" 200 203 "binance.com" "Mozilla/5.0 (Windows NT 10.0; Win64; x64) AppleWebKit/537.36 (KHTML, like Gecko) Chrome/90.0.4430.85 Safari/537.36"
164.68.113.198 - - [15/Apr/2026:11:07:02 +0200] "GET /wp-content/languages/ru_RU.l10n.php HTTP/1.1" 200 203 "binance.com" "Mozilla/5.0 (Windows NT 10.0; Win64; x64) AppleWebKit/537.36 (KHTML, like Gecko) Chrome/90.0.4430.85 Safari/537.36"
164.68.113.198 - - [15/Apr/2026:11:07:08 +0200] "GET /wp-content/languages/ru_RU.php HTTP/1.1" 200 203 "binance.com" "Mozilla/5.0 (Windows NT 10.0; Win64; x64) AppleWebKit/537.36 (KHTML, like Gecko) Chrome/90.0.4430.85 Safari/537.36"
164.68.113.198 - - [15/Apr/2026:11:07:15 +0200] "GET /wp-admin/includes/ HTTP/1.1" 200 2242 "binance.com" "Mozilla/5.0 (Windows NT 10.0; Win64; x64) AppleWebKit/537.36 (KHTML, like Gecko) Chrome/90.0.4430.85 Safari/537.36"
164.68.113.198 - - [15/Apr/2026:11:07:23 +0200] "GET /wp-admin/includes/ HTTP/1.1" 200 2242 "binance.com" "Mozilla/5.0 (Windows NT 10.0; Win64; x64) AppleWebKit/537.36 (KHTML, like Gecko) Chrome/90.0.4430.85 Safari/537.36"
164.68.113.198 - - [15/Apr/2026:11:07:25 +0200] "GET /wp-admin/maint/ HTTP/1.1" 200 720 "binance.com" "Mozilla/5.0 (Windows NT 10.0; Win64; x64) AppleWebKit/537.36 (KHTML, like Gecko) Chrome/90.0.4430.85 Safari/537.36"
164.68.113.198 - - [15/Apr/2026:11:07:28 +0200] "GET /wp-admin/maint/ HTTP/1.1" 200 720 "binance.com" "Mozilla/5.0 (Windows NT 10.0; Win64; x64) AppleWebKit/537.36 (KHTML, like Gecko) Chrome/90.0.4430.85 Safari/537.36"
164.68.113.198 - - [15/Apr/2026:11:07:35 +0200] "GET /wp-admin/network/ HTTP/1.1" 302 383 "binance.com" "Mozilla/5.0 (Windows NT 10.0; Win64; x64) AppleWebKit/537.36 (KHTML, like Gecko) Chrome/90.0.4430.85 Safari/537.36"
164.68.113.198 - - [15/Apr/2026:11:07:41 +0200] "GET /wp-admin/network/ HTTP/1.1" 302 3675 "binance.com" "Mozilla/5.0 (Windows NT 10.0; Win64; x64) AppleWebKit/537.36 (KHTML, like Gecko) Chrome/90.0.4430.85 Safari/537.36"
164.68.113.198 - - [15/Apr/2026:11:07:47 +0200] "GET /wp-login.php?redirect_to=https%3A%2F%2Fkam2006.rudomilov.ru%2Fwp-admin%2Fnetwork%2F&reauth=1 HTTP/1.1" 404 23013 "binance.com" "Mozilla/5.0 (Windows NT 10.0; Win64; x64) AppleWebKit/537.36 (KHTML, like Gecko) Chrome/90.0.4430.85 Safari/537.36"
95.216.2.94 - - [15/Apr/2026:11:07:54 +0200] "POST /wp-cron.php?doing_wp_cron=1776244074.5194129943847656250000 HTTP/1.1" 500 185 "-" "WordPress/6.4.8; https://www.mykam.ru"
164.68.113.198 - - [15/Apr/2026:11:07:54 +0200] "GET /wp-admin/user/ HTTP/1.1" 302 380 "binance.com" "Mozilla/5.0 (Windows NT 10.0; Win64; x64) AppleWebKit/537.36 (KHTML, like Gecko) Chrome/90.0.4430.85 Safari/537.36"
164.68.113.198 - - [15/Apr/2026:11:07:59 +0200] "GET /wp-admin/user/ HTTP/1.1" 302 3672 "binance.com" "Mozilla/5.0 (Windows NT 10.0; Win64; x64) AppleWebKit/537.36 (KHTML, like Gecko) Chrome/90.0.4430.85 Safari/537.36"
164.68.113.198 - - [15/Apr/2026:11:08:06 +0200] "GET /wp-login.php?redirect_to=https%3A%2F%2Fkam2006.rudomilov.ru%2Fwp-admin%2Fuser%2F&reauth=1 HTTP/1.1" 404 23013 "binance.com" "Mozilla/5.0 (Windows NT 10.0; Win64; x64) AppleWebKit/537.36 (KHTML, like Gecko) Chrome/90.0.4430.85 Safari/537.36"
164.68.113.198 - - [15/Apr/2026:11:08:13 +0200] "GET /wp-admin/css/ HTTP/1.1" 200 1770 "binance.com" "Mozilla/5.0 (Windows NT 10.0; Win64; x64) AppleWebKit/537.36 (KHTML, like Gecko) Chrome/90.0.4430.85 Safari/537.36"
164.68.113.198 - - [15/Apr/2026:11:08:20 +0200] "GET /wp-admin/css/colors/ HTTP/1.1" 200 876 "binance.com" "Mozilla/5.0 (Windows NT 10.0; Win64; x64) AppleWebKit/537.36 (KHTML, like Gecko) Chrome/90.0.4430.85 Safari/537.36"
164.68.113.198 - - [15/Apr/2026:11:08:27 +0200] "GET /wp-admin/css/colors/blue/ HTTP/1.1" 200 780 "binance.com" "Mozilla/5.0 (Windows NT 10.0; Win64; x64) AppleWebKit/537.36 (KHTML, like Gecko) Chrome/90.0.4430.85 Safari/537.36"
164.68.113.198 - - [15/Apr/2026:11:08:32 +0200] "GET /wp-admin/css/colors/coffee/ HTTP/1.1" 200 781 "binance.com" "Mozilla/5.0 (Windows NT 10.0; Win64; x64) AppleWebKit/537.36 (KHTML, like Gecko) Chrome/90.0.4430.85 Safari/537.36"
164.68.113.198 - - [15/Apr/2026:11:08:39 +0200] "GET /wp-admin/css/colors/ectoplasm/ HTTP/1.1" 200 783 "binance.com" "Mozilla/5.0 (Windows NT 10.0; Win64; x64) AppleWebKit/537.36 (KHTML, like Gecko) Chrome/90.0.4430.85 Safari/537.36"
164.68.113.198 - - [15/Apr/2026:11:08:46 +0200] "GET /wp-admin/css/colors/light/ HTTP/1.1" 200 780 "binance.com" "Mozilla/5.0 (Windows NT 10.0; Win64; x64) AppleWebKit/537.36 (KHTML, like Gecko) Chrome/90.0.4430.85 Safari/537.36"
164.68.113.198 - - [15/Apr/2026:11:08:52 +0200] "GET /wp-admin/css/colors/midnight/ HTTP/1.1" 200 783 "binance.com" "Mozilla/5.0 (Windows NT 10.0; Win64; x64) AppleWebKit/537.36 (KHTML, like Gecko) Chrome/90.0.4430.85 Safari/537.36"
164.68.113.198 - - [15/Apr/2026:11:08:59 +0200] "GET /wp-admin/css/colors/modern/ HTTP/1.1" 200 782 "binance.com" "Mozilla/5.0 (Windows NT 10.0; Win64; x64) AppleWebKit/537.36 (KHTML, like Gecko) Chrome/90.0.4430.85 Safari/537.36"
164.68.113.198 - - [15/Apr/2026:11:09:07 +0200] "GET /wp-admin/css/colors/ocean/ HTTP/1.1" 200 781 "binance.com" "Mozilla/5.0 (Windows NT 10.0; Win64; x64) AppleWebKit/537.36 (KHTML, like Gecko) Chrome/90.0.4430.85 Safari/537.36"
95.216.2.94 - - [15/Apr/2026:11:09:14 +0200] "POST /wp-cron.php?doing_wp_cron=1776244154.7251470088958740234375 HTTP/1.1" 500 185 "-" "WordPress/6.4.8; https://www.mykam.ru"
164.68.113.198 - - [15/Apr/2026:11:09:14 +0200] "GET /wp-admin/css/colors/sunrise/%20 HTTP/1.1" 301 405 "binance.com" "Mozilla/5.0 (Windows NT 10.0; Win64; x64) AppleWebKit/537.36 (KHTML, like Gecko) Chrome/90.0.4430.85 Safari/537.36"
164.68.113.198 - - [15/Apr/2026:11:09:18 +0200] "GET /wp-admin/css/colors/sunrise/ HTTP/1.1" 200 782 "binance.com" "Mozilla/5.0 (Windows NT 10.0; Win64; x64) AppleWebKit/537.36 (KHTML, like Gecko) Chrome/90.0.4430.85 Safari/537.36"
164.68.113.198 - - [15/Apr/2026:11:09:24 +0200] "GET /wp-admin/images/ HTTP/1.1" 200 1952 "binance.com" "Mozilla/5.0 (Windows NT 10.0; Win64; x64) AppleWebKit/537.36 (KHTML, like Gecko) Chrome/90.0.4430.85 Safari/537.36"
164.68.113.198 - - [15/Apr/2026:11:09:32 +0200] "GET /wp-admin/js/ HTTP/1.1" 200 1996 "binance.com" "Mozilla/5.0 (Windows NT 10.0; Win64; x64) AppleWebKit/537.36 (KHTML, like Gecko) Chrome/90.0.4430.85 Safari/537.36"
164.68.113.198 - - [15/Apr/2026:11:09:38 +0200] "GET /wp-admin/js/widgets/ HTTP/1.1" 200 910 "binance.com" "Mozilla/5.0 (Windows NT 10.0; Win64; x64) AppleWebKit/537.36 (KHTML, like Gecko) Chrome/90.0.4430.85 Safari/537.36"
164.68.113.198 - - [15/Apr/2026:11:09:44 +0200] "GET /wp-includes/ HTTP/1.1" 200 4285 "binance.com" "Mozilla/5.0 (Windows NT 10.0; Win64; x64) AppleWebKit/537.36 (KHTML, like Gecko) Chrome/90.0.4430.85 Safari/537.36"
164.68.113.198 - - [15/Apr/2026:11:09:51 +0200] "GET /wp-includes/ HTTP/1.1" 200 4285 "binance.com" "Mozilla/5.0 (Windows NT 10.0; Win64; x64) AppleWebKit/537.36 (KHTML, like Gecko) Chrome/90.0.4430.85 Safari/537.36"
164.68.113.198 - - [15/Apr/2026:11:10:25 +0200] "GET /wp-includes/block-editor.php HTTP/1.1" 200 203 "binance.com" "Mozilla/5.0 (Windows NT 10.0; Win64; x64) AppleWebKit/537.36 (KHTML, like Gecko) Chrome/90.0.4430.85 Safari/537.36"
164.68.113.198 - - [15/Apr/2026:11:10:31 +0200] "GET /wp-includes/block-template-utils.php HTTP/1.1" 200 203 "binance.com" "Mozilla/5.0 (Windows NT 10.0; Win64; x64) AppleWebKit/537.36 (KHTML, like Gecko) Chrome/90.0.4430.85 Safari/537.36"
164.68.113.198 - - [15/Apr/2026:11:10:37 +0200] "GET /wp-includes/block-template.php HTTP/1.1" 200 203 "binance.com" "Mozilla/5.0 (Windows NT 10.0; Win64; x64) AppleWebKit/537.36 (KHTML, like Gecko) Chrome/90.0.4430.85 Safari/537.36"
164.68.113.198 - - [15/Apr/2026:11:10:44 +0200] "GET /wp-includes/class-wp-block-editor-context.php HTTP/1.1" 200 203 "binance.com" "Mozilla/5.0 (Windows NT 10.0; Win64; x64) AppleWebKit/537.36 (KHTML, like Gecko) Chrome/90.0.4430.85 Safari/537.36"
164.68.113.198 - - [15/Apr/2026:11:10:52 +0200] "GET /wp-includes/class-wp-block-parser-block.php HTTP/1.1" 200 203 "binance.com" "Mozilla/5.0 (Windows NT 10.0; Win64; x64) AppleWebKit/537.36 (KHTML, like Gecko) Chrome/90.0.4430.85 Safari/537.36"
164.68.113.198 - - [15/Apr/2026:11:10:57 +0200] "GET /wp-includes/class-wp-block-parser-frame.php HTTP/1.1" 200 203 "binance.com" "Mozilla/5.0 (Windows NT 10.0; Win64; x64) AppleWebKit/537.36 (KHTML, like Gecko) Chrome/90.0.4430.85 Safari/537.36"
95.216.2.94 - - [15/Apr/2026:11:11:00 +0200] "POST /wp-cron.php?doing_wp_cron=1776244260.3331530094146728515625 HTTP/1.1" 500 4060 "-" "WordPress/6.4.8; https://www.mykam.ru"
148.222.185.182 - - [15/Apr/2026:11:11:00 +0200] "GET /2008/08/27/207/ HTTP/1.0" 200 29844 "https://www.mykam.ru/2008/08/27/207/#comment-341580" "Mozilla/5.0 (Windows NT 6.3; Win64; x64) AppleWebKit/537.36 (KHTML, like Gecko) Chrome/103.0.5060.114 Safari/537.36"
148.222.185.182 - - [15/Apr/2026:11:11:00 +0200] "POST /wp-comments-post.php HTTP/1.0" 500 3590 "https://www.mykam.ru/2008/08/27/207/#comment-341580" "Mozilla/5.0 (Windows NT 6.3; Win64; x64) AppleWebKit/537.36 (KHTML, like Gecko) Chrome/103.0.5060.114 Safari/537.36"
164.68.113.198 - - [15/Apr/2026:11:11:03 +0200] "GET /wp-includes/class-wp-block-template.php HTTP/1.1" 200 203 "binance.com" "Mozilla/5.0 (Windows NT 10.0; Win64; x64) AppleWebKit/537.36 (KHTML, like Gecko) Chrome/90.0.4430.85 Safari/537.36"
164.68.113.198 - - [15/Apr/2026:11:11:10 +0200] "GET /wp-includes/class-wp-classic-to-block-menu-converter.php HTTP/1.1" 200 203 "binance.com" "Mozilla/5.0 (Windows NT 10.0; Win64; x64) AppleWebKit/537.36 (KHTML, like Gecko) Chrome/90.0.4430.85 Safari/537.36"
164.68.113.198 - - [15/Apr/2026:11:11:15 +0200] "GET /wp-includes/class-wp-dependencies.php HTTP/1.1" 200 203 "binance.com" "Mozilla/5.0 (Windows NT 10.0; Win64; x64) AppleWebKit/537.36 (KHTML, like Gecko) Chrome/90.0.4430.85 Safari/537.36"
31.133.32.102 - - [15/Apr/2026:11:11:16 +0200] "GET / HTTP/1.0" 301 239 "http://mykam.ru/" "Mozilla/5.0 (Windows NT 10.0; Win64; x64) AppleWebKit/537.36 (KHTML, like Gecko) Chrome/130.0.0.0 Safari/537.36 CCleaner/130.0.0.0"
31.133.32.102 - - [15/Apr/2026:11:11:17 +0200] "GET / HTTP/1.0" 200 45734 "http://www.mykam.ru/" "Mozilla/5.0 (Windows NT 10.0; Win64; x64) AppleWebKit/537.36 (KHTML, like Gecko) Chrome/130.0.0.0 Safari/537.36 CCleaner/130.0.0.0"
31.133.32.102 - - [15/Apr/2026:11:11:18 +0200] "GET /2009/06/30/219/ HTTP/1.0" 200 33700 "https://www.mykam.ru/2009/06/30/219/" "Mozilla/5.0 (Windows NT 10.0; Win64; x64) AppleWebKit/537.36 (KHTML, like Gecko) Chrome/130.0.0.0 Safari/537.36 CCleaner/130.0.0.0"
31.133.32.102 - - [15/Apr/2026:11:11:20 +0200] "POST /wp-comments-post.php HTTP/1.0" 500 3590 "https://www.mykam.ru/2009/06/30/219/" "Mozilla/5.0 (Windows NT 10.0; Win64; x64) AppleWebKit/537.36 (KHTML, like Gecko) Chrome/130.0.0.0 Safari/537.36 CCleaner/130.0.0.0"
164.68.113.198 - - [15/Apr/2026:11:11:20 +0200] "GET /wp-includes/class-wp-duotone.php HTTP/1.1" 200 203 "binance.com" "Mozilla/5.0 (Windows NT 10.0; Win64; x64) AppleWebKit/537.36 (KHTML, like Gecko) Chrome/90.0.4430.85 Safari/537.36"
164.68.113.198 - - [15/Apr/2026:11:11:26 +0200] "GET /wp-includes/class-wp-http.php HTTP/1.1" 500 185 "binance.com" "Mozilla/5.0 (Windows NT 10.0; Win64; x64) AppleWebKit/537.36 (KHTML, like Gecko) Chrome/90.0.4430.85 Safari/537.36"
164.68.113.198 - - [15/Apr/2026:11:11:32 +0200] "GET /wp-includes/class-wp-navigation-fallback.php HTTP/1.1" 200 203 "binance.com" "Mozilla/5.0 (Windows NT 10.0; Win64; x64) AppleWebKit/537.36 (KHTML, like Gecko) Chrome/90.0.4430.85 Safari/537.36"
164.68.113.198 - - [15/Apr/2026:11:11:37 +0200] "GET /wp-includes/class-wp-scripts.php HTTP/1.1" 500 185 "binance.com" "Mozilla/5.0 (Windows NT 10.0; Win64; x64) AppleWebKit/537.36 (KHTML, like Gecko) Chrome/90.0.4430.85 Safari/537.36"
164.68.113.198 - - [15/Apr/2026:11:11:43 +0200] "GET /wp-includes/class-wp-styles.php HTTP/1.1" 500 185 "binance.com" "Mozilla/5.0 (Windows NT 10.0; Win64; x64) AppleWebKit/537.36 (KHTML, like Gecko) Chrome/90.0.4430.85 Safari/537.36"
164.68.113.198 - - [15/Apr/2026:11:11:49 +0200] "GET /wp-includes/class-wp-textdomain-registry.php HTTP/1.1" 200 203 "binance.com" "Mozilla/5.0 (Windows NT 10.0; Win64; x64) AppleWebKit/537.36 (KHTML, like Gecko) Chrome/90.0.4430.85 Safari/537.36"
164.68.113.198 - - [15/Apr/2026:11:11:55 +0200] "GET /wp-includes/class-wp-theme-json-data.php HTTP/1.1" 200 203 "binance.com" "Mozilla/5.0 (Windows NT 10.0; Win64; x64) AppleWebKit/537.36 (KHTML, like Gecko) Chrome/90.0.4430.85 Safari/537.36"
164.68.113.198 - - [15/Apr/2026:11:12:01 +0200] "GET /wp-includes/class-wp-theme-json-resolver.php HTTP/1.1" 200 203 "binance.com" "Mozilla/5.0 (Windows NT 10.0; Win64; x64) AppleWebKit/537.36 (KHTML, like Gecko) Chrome/90.0.4430.85 Safari/537.36"
164.68.113.198 - - [15/Apr/2026:11:12:07 +0200] "GET /wp-includes/class-wp-theme-json-schema.php HTTP/1.1" 200 203 "binance.com" "Mozilla/5.0 (Windows NT 10.0; Win64; x64) AppleWebKit/537.36 (KHTML, like Gecko) Chrome/90.0.4430.85 Safari/537.36"
164.68.113.198 - - [15/Apr/2026:11:12:14 +0200] "GET /wp-includes/class-wp-theme-json.php HTTP/1.1" 200 203 "binance.com" "Mozilla/5.0 (Windows NT 10.0; Win64; x64) AppleWebKit/537.36 (KHTML, like Gecko) Chrome/90.0.4430.85 Safari/537.36"
164.68.113.198 - - [15/Apr/2026:11:12:20 +0200] "GET /wp-includes/class-wpdb.php HTTP/1.1" 200 203 "binance.com" "Mozilla/5.0 (Windows NT 10.0; Win64; x64) AppleWebKit/537.36 (KHTML, like Gecko) Chrome/90.0.4430.85 Safari/537.36"
164.68.113.198 - - [15/Apr/2026:11:12:26 +0200] "GET /wp-includes/fonts.php HTTP/1.1" 200 203 "binance.com" "Mozilla/5.0 (Windows NT 10.0; Win64; x64) AppleWebKit/537.36 (KHTML, like Gecko) Chrome/90.0.4430.85 Safari/537.36"
95.216.2.94 - - [15/Apr/2026:11:12:29 +0200] "POST /wp-cron.php?doing_wp_cron=1776244349.9042561054229736328125 HTTP/1.1" 500 185 "-" "WordPress/6.4.8; https://www.mykam.ru"
185.220.101.101 - - [15/Apr/2026:11:12:29 +0200] "GET /feed/ HTTP/1.1" 200 4081 "-" "Mozilla/5.0 (Linux; U; Android 8.0.0; ru-ru; MI 5 Build/OPR1.170623.032) AppleWebKit/537.36 (KHTML, like Gecko) Version/4.0 Chrome/71.0.3578.141 Mobile Safari/537.36 XiaoMi/MiuiBrowser/11.1.7-g"
164.68.113.198 - - [15/Apr/2026:11:12:31 +0200] "GET /wp-includes/global-styles-and-settings.php HTTP/1.1" 200 203 "binance.com" "Mozilla/5.0 (Windows NT 10.0; Win64; x64) AppleWebKit/537.36 (KHTML, like Gecko) Chrome/90.0.4430.85 Safari/537.36"
164.68.113.198 - - [15/Apr/2026:11:12:37 +0200] "GET /wp-includes/https-detection.php HTTP/1.1" 200 203 "binance.com" "Mozilla/5.0 (Windows NT 10.0; Win64; x64) AppleWebKit/537.36 (KHTML, like Gecko) Chrome/90.0.4430.85 Safari/537.36"
164.68.113.198 - - [15/Apr/2026:11:12:43 +0200] "GET /wp-includes/https-migration.php HTTP/1.1" 200 203 "binance.com" "Mozilla/5.0 (Windows NT 10.0; Win64; x64) AppleWebKit/537.36 (KHTML, like Gecko) Chrome/90.0.4430.85 Safari/537.36"
164.68.113.198 - - [15/Apr/2026:11:12:49 +0200] "GET /wp-includes/robots-template.php HTTP/1.1" 200 203 "binance.com" "Mozilla/5.0 (Windows NT 10.0; Win64; x64) AppleWebKit/537.36 (KHTML, like Gecko) Chrome/90.0.4430.85 Safari/537.36"
164.68.113.198 - - [15/Apr/2026:11:12:55 +0200] "GET /wp-includes/style-engine.php HTTP/1.1" 200 203 "binance.com" "Mozilla/5.0 (Windows NT 10.0; Win64; x64) AppleWebKit/537.36 (KHTML, like Gecko) Chrome/90.0.4430.85 Safari/537.36"
164.68.113.198 - - [15/Apr/2026:11:13:01 +0200] "GET /wp-includes/template-canvas.php HTTP/1.1" 500 185 "binance.com" "Mozilla/5.0 (Windows NT 10.0; Win64; x64) AppleWebKit/537.36 (KHTML, like Gecko) Chrome/90.0.4430.85 Safari/537.36"
164.68.113.198 - - [15/Apr/2026:11:13:07 +0200] "GET /wp-includes/theme-previews.php HTTP/1.1" 200 203 "binance.com" "Mozilla/5.0 (Windows NT 10.0; Win64; x64) AppleWebKit/537.36 (KHTML, like Gecko) Chrome/90.0.4430.85 Safari/537.36"
164.68.113.198 - - [15/Apr/2026:11:13:14 +0200] "GET /wp-includes/theme-templates.php HTTP/1.1" 200 203 "binance.com" "Mozilla/5.0 (Windows NT 10.0; Win64; x64) AppleWebKit/537.36 (KHTML, like Gecko) Chrome/90.0.4430.85 Safari/537.36"
164.68.113.198 - - [15/Apr/2026:11:13:19 +0200] "GET /wp-includes/ID3/ HTTP/1.1" 200 1067 "binance.com" "Mozilla/5.0 (Windows NT 10.0; Win64; x64) AppleWebKit/537.36 (KHTML, like Gecko) Chrome/90.0.4430.85 Safari/537.36"
164.68.113.198 - - [15/Apr/2026:11:13:25 +0200] "GET /wp-includes/ID3/ HTTP/1.1" 200 1067 "binance.com" "Mozilla/5.0 (Windows NT 10.0; Win64; x64) AppleWebKit/537.36 (KHTML, like Gecko) Chrome/90.0.4430.85 Safari/537.36"
164.68.113.198 - - [15/Apr/2026:11:13:33 +0200] "GET /wp-includes/IXR/ HTTP/1.1" 200 894 "binance.com" "Mozilla/5.0 (Windows NT 10.0; Win64; x64) AppleWebKit/537.36 (KHTML, like Gecko) Chrome/90.0.4430.85 Safari/537.36"
164.68.113.198 - - [15/Apr/2026:11:13:40 +0200] "GET /wp-includes/IXR/ HTTP/1.1" 200 894 "binance.com" "Mozilla/5.0 (Windows NT 10.0; Win64; x64) AppleWebKit/537.36 (KHTML, like Gecko) Chrome/90.0.4430.85 Safari/537.36"
164.68.113.198 - - [15/Apr/2026:11:13:48 +0200] "GET /wp-includes/PHPMailer/ HTTP/1.1" 200 760 "binance.com" "Mozilla/5.0 (Windows NT 10.0; Win64; x64) AppleWebKit/537.36 (KHTML, like Gecko) Chrome/90.0.4430.85 Safari/537.36"
164.68.113.198 - - [15/Apr/2026:11:13:54 +0200] "GET /wp-includes/PHPMailer/ HTTP/1.1" 200 760 "binance.com" "Mozilla/5.0 (Windows NT 10.0; Win64; x64) AppleWebKit/537.36 (KHTML, like Gecko) Chrome/90.0.4430.85 Safari/537.36"
95.216.2.94 - - [15/Apr/2026:11:13:55 +0200] "POST /wp-cron.php?doing_wp_cron=1776244435.4773230552673339843750 HTTP/1.1" 500 4060 "-" "WordPress/6.4.8; https://www.mykam.ru"
44.212.232.231 - - [15/Apr/2026:11:13:55 +0200] "GET /category/city/ HTTP/1.1" 200 12725 "-" "Mozilla/5.0 AppleWebKit/537.36 (KHTML, like Gecko; compatible; Amazonbot/0.1; +https://developer.amazon.com/support/amazonbot) Chrome/119.0.6045.214 Safari/537.36"
164.68.113.198 - - [15/Apr/2026:11:14:00 +0200] "GET /wp-includes/Text/ HTTP/1.1" 200 756 "binance.com" "Mozilla/5.0 (Windows NT 10.0; Win64; x64) AppleWebKit/537.36 (KHTML, like Gecko) Chrome/90.0.4430.85 Safari/537.36"
23.22.105.143 - - [15/Apr/2026:11:14:01 +0200] "GET /category/nature/ HTTP/1.1" 200 12671 "-" "Mozilla/5.0 AppleWebKit/537.36 (KHTML, like Gecko; compatible; Amazonbot/0.1; +https://developer.amazon.com/support/amazonbot) Chrome/119.0.6045.214 Safari/537.36"
164.68.113.198 - - [15/Apr/2026:11:14:06 +0200] "GET /wp-includes/Text/ HTTP/1.1" 200 756 "binance.com" "Mozilla/5.0 (Windows NT 10.0; Win64; x64) AppleWebKit/537.36 (KHTML, like Gecko) Chrome/90.0.4430.85 Safari/537.36"
164.68.113.198 - - [15/Apr/2026:11:14:14 +0200] "GET /wp-includes/Text/Diff/ HTTP/1.1" 200 773 "binance.com" "Mozilla/5.0 (Windows NT 10.0; Win64; x64) AppleWebKit/537.36 (KHTML, like Gecko) Chrome/90.0.4430.85 Safari/537.36"
164.68.113.198 - - [15/Apr/2026:11:14:19 +0200] "GET /wp-includes/Text/Diff/ HTTP/1.1" 200 773 "binance.com" "Mozilla/5.0 (Windows NT 10.0; Win64; x64) AppleWebKit/537.36 (KHTML, like Gecko) Chrome/90.0.4430.85 Safari/537.36"
164.68.113.198 - - [15/Apr/2026:11:14:26 +0200] "GET /wp-includes/Text/Diff/Engine/ HTTP/1.1" 200 778 "binance.com" "Mozilla/5.0 (Windows NT 10.0; Win64; x64) AppleWebKit/537.36 (KHTML, like Gecko) Chrome/90.0.4430.85 Safari/537.36"
164.68.113.198 - - [15/Apr/2026:11:14:32 +0200] "GET /wp-includes/Text/Diff/Engine/ HTTP/1.1" 200 778 "binance.com" "Mozilla/5.0 (Windows NT 10.0; Win64; x64) AppleWebKit/537.36 (KHTML, like Gecko) Chrome/90.0.4430.85 Safari/537.36"
164.68.113.198 - - [15/Apr/2026:11:14:39 +0200] "GET /wp-includes/Text/Diff/Renderer/ HTTP/1.1" 200 731 "binance.com" "Mozilla/5.0 (Windows NT 10.0; Win64; x64) AppleWebKit/537.36 (KHTML, like Gecko) Chrome/90.0.4430.85 Safari/537.36"
164.68.113.198 - - [15/Apr/2026:11:14:45 +0200] "GET /wp-includes/Text/Diff/Renderer/ HTTP/1.1" 200 731 "binance.com" "Mozilla/5.0 (Windows NT 10.0; Win64; x64) AppleWebKit/537.36 (KHTML, like Gecko) Chrome/90.0.4430.85 Safari/537.36"
164.68.113.198 - - [15/Apr/2026:11:14:51 +0200] "GET /wp-includes/blocks/ HTTP/1.1" 500 185 "binance.com" "Mozilla/5.0 (Windows NT 10.0; Win64; x64) AppleWebKit/537.36 (KHTML, like Gecko) Chrome/90.0.4430.85 Safari/537.36"
164.68.113.198 - - [15/Apr/2026:11:14:56 +0200] "GET /wp-includes/pomo/ HTTP/1.1" 200 801 "binance.com" "Mozilla/5.0 (Windows NT 10.0; Win64; x64) AppleWebKit/537.36 (KHTML, like Gecko) Chrome/90.0.4430.85 Safari/537.36"
164.68.113.198 - - [15/Apr/2026:11:15:03 +0200] "GET /wp-includes/pomo/ HTTP/1.1" 200 801 "binance.com" "Mozilla/5.0 (Windows NT 10.0; Win64; x64) AppleWebKit/537.36 (KHTML, like Gecko) Chrome/90.0.4430.85 Safari/537.36"
164.68.113.198 - - [15/Apr/2026:11:15:12 +0200] "GET /wp-includes/sitemaps/ HTTP/1.1" 200 836 "binance.com" "Mozilla/5.0 (Windows NT 10.0; Win64; x64) AppleWebKit/537.36 (KHTML, like Gecko) Chrome/90.0.4430.85 Safari/537.36"
164.68.113.198 - - [15/Apr/2026:11:15:18 +0200] "GET /wp-includes/sitemaps/ HTTP/1.1" 200 836 "binance.com" "Mozilla/5.0 (Windows NT 10.0; Win64; x64) AppleWebKit/537.36 (KHTML, like Gecko) Chrome/90.0.4430.85 Safari/537.36"
164.68.113.198 - - [15/Apr/2026:11:15:24 +0200] "GET /wp-includes/sitemaps/providers/ HTTP/1.1" 200 777 "binance.com" "Mozilla/5.0 (Windows NT 10.0; Win64; x64) AppleWebKit/537.36 (KHTML, like Gecko) Chrome/90.0.4430.85 Safari/537.36"
164.68.113.198 - - [15/Apr/2026:11:15:31 +0200] "GET /wp-includes/sitemaps/providers/ HTTP/1.1" 200 777 "binance.com" "Mozilla/5.0 (Windows NT 10.0; Win64; x64) AppleWebKit/537.36 (KHTML, like Gecko) Chrome/90.0.4430.85 Safari/537.36"
164.68.113.198 - - [15/Apr/2026:11:15:39 +0200] "GET /wp-includes/widgets/ HTTP/1.1" 200 1020 "binance.com" "Mozilla/5.0 (Windows NT 10.0; Win64; x64) AppleWebKit/537.36 (KHTML, like Gecko) Chrome/90.0.4430.85 Safari/537.36"
164.68.113.198 - - [15/Apr/2026:11:15:45 +0200] "GET /wp-includes/widgets/ HTTP/1.1" 200 1020 "binance.com" "Mozilla/5.0 (Windows NT 10.0; Win64; x64) AppleWebKit/537.36 (KHTML, like Gecko) Chrome/90.0.4430.85 Safari/537.36"
164.68.113.198 - - [15/Apr/2026:11:15:55 +0200] "GET /wp-includes/widgets/class-wp-widget-block.php HTTP/1.1" 500 185 "binance.com" "Mozilla/5.0 (Windows NT 10.0; Win64; x64) AppleWebKit/537.36 (KHTML, like Gecko) Chrome/90.0.4430.85 Safari/537.36"
164.68.113.198 - - [15/Apr/2026:11:16:05 +0200] "GET /wp-includes/css/ HTTP/1.1" 200 1230 "binance.com" "Mozilla/5.0 (Windows NT 10.0; Win64; x64) AppleWebKit/537.36 (KHTML, like Gecko) Chrome/90.0.4430.85 Safari/537.36"
164.68.113.198 - - [15/Apr/2026:11:16:10 +0200] "GET /wp-includes/css/dist/ HTTP/1.1" 200 879 "binance.com" "Mozilla/5.0 (Windows NT 10.0; Win64; x64) AppleWebKit/537.36 (KHTML, like Gecko) Chrome/90.0.4430.85 Safari/537.36"
164.68.113.198 - - [15/Apr/2026:11:16:13 +0200] "GET /wp-includes/fonts/ HTTP/1.1" 200 841 "binance.com" "Mozilla/5.0 (Windows NT 10.0; Win64; x64) AppleWebKit/537.36 (KHTML, like Gecko) Chrome/90.0.4430.85 Safari/537.36"
164.68.113.198 - - [15/Apr/2026:11:16:20 +0200] "GET /wp-includes/fonts/ HTTP/1.1" 200 841 "binance.com" "Mozilla/5.0 (Windows NT 10.0; Win64; x64) AppleWebKit/537.36 (KHTML, like Gecko) Chrome/90.0.4430.85 Safari/537.36"
164.68.113.198 - - [15/Apr/2026:11:16:27 +0200] "GET /wp-includes/fonts/class-wp-font-face-resolver.php HTTP/1.1" 200 203 "binance.com" "Mozilla/5.0 (Windows NT 10.0; Win64; x64) AppleWebKit/537.36 (KHTML, like Gecko) Chrome/90.0.4430.85 Safari/537.36"
95.216.2.94 - - [15/Apr/2026:11:16:33 +0200] "POST /wp-cron.php?doing_wp_cron=1776244593.5135340690612792968750 HTTP/1.1" 500 4060 "-" "WordPress/6.4.8; https://www.mykam.ru"
178.20.42.76 - - [15/Apr/2026:11:16:33 +0200] "GET /2009/06/30/219/ HTTP/1.0" 200 33700 "https://www.mykam.ru/2009/06/30/219/" "Mozilla/5.0 (Windows NT 10.0; Win64; x64) AppleWebKit/537.36 (KHTML, like Gecko) Chrome/130.0.0.0 Safari/537.36"
178.20.42.76 - - [15/Apr/2026:11:16:33 +0200] "POST /wp-comments-post.php HTTP/1.0" 500 3590 "https://www.mykam.ru/2009/06/30/219/" "Mozilla/5.0 (Windows NT 10.0; Win64; x64) AppleWebKit/537.36 (KHTML, like Gecko) Chrome/130.0.0.0 Safari/537.36"
164.68.113.198 - - [15/Apr/2026:11:16:34 +0200] "GET /wp-includes/fonts/class-wp-font-face.php HTTP/1.1" 200 203 "binance.com" "Mozilla/5.0 (Windows NT 10.0; Win64; x64) AppleWebKit/537.36 (KHTML, like Gecko) Chrome/90.0.4430.85 Safari/537.36"
164.68.113.198 - - [15/Apr/2026:11:16:40 +0200] "GET /wp-includes/images/ HTTP/1.1" 200 1210 "binance.com" "Mozilla/5.0 (Windows NT 10.0; Win64; x64) AppleWebKit/537.36 (KHTML, like Gecko) Chrome/90.0.4430.85 Safari/537.36"
164.68.113.198 - - [15/Apr/2026:11:16:46 +0200] "GET /wp-includes/images/crystal/ HTTP/1.1" 200 916 "binance.com" "Mozilla/5.0 (Windows NT 10.0; Win64; x64) AppleWebKit/537.36 (KHTML, like Gecko) Chrome/90.0.4430.85 Safari/537.36"
164.68.113.198 - - [15/Apr/2026:11:16:53 +0200] "GET /wp-includes/images/media/ HTTP/1.1" 200 860 "binance.com" "Mozilla/5.0 (Windows NT 10.0; Win64; x64) AppleWebKit/537.36 (KHTML, like Gecko) Chrome/90.0.4430.85 Safari/537.36"
164.68.113.198 - - [15/Apr/2026:11:16:59 +0200] "GET /wp-includes/images/smilies/ HTTP/1.1" 200 1080 "binance.com" "Mozilla/5.0 (Windows NT 10.0; Win64; x64) AppleWebKit/537.36 (KHTML, like Gecko) Chrome/90.0.4430.85 Safari/537.36"
164.68.113.198 - - [15/Apr/2026:11:17:08 +0200] "GET /wp-includes/images/wlw/ HTTP/1.1" 404 19692 "binance.com" "Mozilla/5.0 (Windows NT 10.0; Win64; x64) AppleWebKit/537.36 (KHTML, like Gecko) Chrome/90.0.4430.85 Safari/537.36"
164.68.113.198 - - [15/Apr/2026:11:17:15 +0200] "GET /wp-includes/js/%20 HTTP/1.1" 301 392 "binance.com" "Mozilla/5.0 (Windows NT 10.0; Win64; x64) AppleWebKit/537.36 (KHTML, like Gecko) Chrome/90.0.4430.85 Safari/537.36"
