95.216.2.94 - - [15/Apr/2026:04:14:10 +0200] "GET /wp-content/uploads/2008/11/solution_all.gif HTTP/1.0" 200 100419 "-" "-"
95.216.2.94 - - [15/Apr/2026:04:14:10 +0200] "GET /wp-content/uploads/2008/11/solution_all.gif HTTP/1.0" 200 100419 "-" "-"
81.24.92.211 - - [15/Apr/2026:04:14:09 +0200] "GET /2008/11/28/informer-ie/comment-page-7/ HTTP/1.0" 200 88297 "https://notes.rudomilov.ru/2008/11/28/informer-ie/comment-page-7/#comment-828809" "Mozilla/5.0 (Windows NT 10.0; Win64; x64) AppleWebKit/537.36 (KHTML, like Gecko) Chrome/130.0.0.0 Safari/537.36 CCleaner/130.0.0.0"
81.24.92.211 - - [15/Apr/2026:04:14:10 +0200] "POST /wp-comments-post.php HTTP/1.0" 500 3555 "https://notes.rudomilov.ru/2008/11/28/informer-ie/comment-page-7/#comment-828809" "Mozilla/5.0 (Windows NT 10.0; Win64; x64) AppleWebKit/537.36 (KHTML, like Gecko) Chrome/130.0.0.0 Safari/537.36 CCleaner/130.0.0.0"
95.216.2.94 - - [15/Apr/2026:04:14:11 +0200] "GET /wp-content/uploads/2008/11/solution_0.png HTTP/1.0" 200 12873 "-" "-"
95.216.2.94 - - [15/Apr/2026:04:14:11 +0200] "GET /wp-content/uploads/2008/11/solution_2.png HTTP/1.0" 200 9951 "-" "-"
95.216.2.94 - - [15/Apr/2026:04:14:11 +0200] "GET /wp-content/uploads/2008/11/solution_3.gif HTTP/1.0" 200 28376 "-" "-"
95.216.2.94 - - [15/Apr/2026:04:14:11 +0200] "GET /wp-content/uploads/2008/11/solution_all.thumbnail.gif HTTP/1.0" 200 30890 "-" "-"
95.216.2.94 - - [15/Apr/2026:04:14:11 +0200] "GET /wp-content/uploads/2008/11/solution_all.gif HTTP/1.0" 200 100419 "-" "-"
95.216.2.94 - - [15/Apr/2026:04:14:11 +0200] "GET /wp-content/uploads/2008/11/solution_all.gif HTTP/1.0" 200 100419 "-" "-"
81.24.92.211 - - [15/Apr/2026:04:14:11 +0200] "GET /2008/11/28/informer-ie/comment-page-7/ HTTP/1.0" 200 88297 "https://notes.rudomilov.ru/2008/11/28/informer-ie/comment-page-7/" "Mozilla/5.0 (Windows NT 10.0; Win64; x64) AppleWebKit/537.36 (KHTML, like Gecko) Chrome/130.0.0.0 Safari/537.36 CCleaner/130.0.0.0"
95.216.2.94 - - [15/Apr/2026:04:14:12 +0200] "GET /wp-content/uploads/2008/11/solution_0.png HTTP/1.0" 200 12873 "-" "-"
95.216.2.94 - - [15/Apr/2026:04:14:12 +0200] "GET /wp-content/uploads/2008/11/solution_2.png HTTP/1.0" 200 9951 "-" "-"
95.216.2.94 - - [15/Apr/2026:04:14:12 +0200] "GET /wp-content/uploads/2008/11/solution_3.gif HTTP/1.0" 200 28376 "-" "-"
95.216.2.94 - - [15/Apr/2026:04:14:12 +0200] "GET /wp-content/uploads/2008/11/solution_all.thumbnail.gif HTTP/1.0" 200 30890 "-" "-"
95.216.2.94 - - [15/Apr/2026:04:14:12 +0200] "GET /wp-content/uploads/2008/11/solution_all.gif HTTP/1.0" 200 100419 "-" "-"
95.216.2.94 - - [15/Apr/2026:04:14:12 +0200] "GET /wp-content/uploads/2008/11/solution_all.gif HTTP/1.0" 200 100419 "-" "-"
81.24.92.211 - - [15/Apr/2026:04:14:12 +0200] "GET /2008/11/28/informer-ie/comment-page-7/ HTTP/1.0" 200 88298 "https://notes.rudomilov.ru/2008/11/28/informer-ie/comment-page-7/" "Mozilla/5.0 (Windows NT 10.0; Win64; x64) AppleWebKit/537.36 (KHTML, like Gecko) Chrome/130.0.0.0 Safari/537.36 CCleaner/130.0.0.0"
95.216.2.94 - - [15/Apr/2026:04:14:13 +0200] "GET /wp-content/uploads/2008/11/solution_0.png HTTP/1.0" 200 12873 "-" "-"
95.216.2.94 - - [15/Apr/2026:04:14:13 +0200] "GET /wp-content/uploads/2008/11/solution_2.png HTTP/1.0" 200 9951 "-" "-"
95.216.2.94 - - [15/Apr/2026:04:14:13 +0200] "GET /wp-content/uploads/2008/11/solution_3.gif HTTP/1.0" 200 28376 "-" "-"
95.216.2.94 - - [15/Apr/2026:04:14:13 +0200] "GET /wp-content/uploads/2008/11/solution_all.thumbnail.gif HTTP/1.0" 200 30890 "-" "-"
95.216.2.94 - - [15/Apr/2026:04:14:13 +0200] "GET /wp-content/uploads/2008/11/solution_all.gif HTTP/1.0" 200 100419 "-" "-"
95.216.2.94 - - [15/Apr/2026:04:14:13 +0200] "GET /wp-content/uploads/2008/11/solution_all.gif HTTP/1.0" 200 100419 "-" "-"
81.24.92.211 - - [15/Apr/2026:04:14:13 +0200] "GET /2008/11/28/informer-ie/comment-page-7/ HTTP/1.0" 200 88298 "https://notes.rudomilov.ru/2008/11/28/informer-ie/comment-page-7/" "Mozilla/5.0 (Windows NT 10.0; Win64; x64) AppleWebKit/537.36 (KHTML, like Gecko) Chrome/130.0.0.0 Safari/537.36 CCleaner/130.0.0.0"
95.216.2.94 - - [15/Apr/2026:04:14:14 +0200] "GET /wp-content/uploads/2008/11/solution_0.png HTTP/1.0" 200 12873 "-" "-"
95.216.2.94 - - [15/Apr/2026:04:14:14 +0200] "GET /wp-content/uploads/2008/11/solution_2.png HTTP/1.0" 200 9951 "-" "-"
95.216.2.94 - - [15/Apr/2026:04:14:14 +0200] "GET /wp-content/uploads/2008/11/solution_3.gif HTTP/1.0" 200 28376 "-" "-"
95.216.2.94 - - [15/Apr/2026:04:14:14 +0200] "GET /wp-content/uploads/2008/11/solution_all.thumbnail.gif HTTP/1.0" 200 30890 "-" "-"
95.216.2.94 - - [15/Apr/2026:04:14:14 +0200] "GET /wp-content/uploads/2008/11/solution_all.gif HTTP/1.0" 200 100419 "-" "-"
95.216.2.94 - - [15/Apr/2026:04:14:14 +0200] "GET /wp-content/uploads/2008/11/solution_all.gif HTTP/1.0" 200 100419 "-" "-"
81.24.92.211 - - [15/Apr/2026:04:14:14 +0200] "GET /2008/11/28/informer-ie/comment-page-7/?replytocom=96294 HTTP/1.0" 200 88337 "https://notes.rudomilov.ru/2008/11/28/informer-ie/comment-page-7/?replytocom=96294" "Mozilla/5.0 (Windows NT 10.0; Win64; x64) AppleWebKit/537.36 (KHTML, like Gecko) Chrome/130.0.0.0 Safari/537.36 CCleaner/130.0.0.0"
95.216.2.94 - - [15/Apr/2026:04:14:15 +0200] "GET /wp-content/uploads/2008/11/solution_0.png HTTP/1.0" 200 12873 "-" "-"
95.216.2.94 - - [15/Apr/2026:04:14:15 +0200] "GET /wp-content/uploads/2008/11/solution_2.png HTTP/1.0" 200 9951 "-" "-"
95.216.2.94 - - [15/Apr/2026:04:14:15 +0200] "GET /wp-content/uploads/2008/11/solution_3.gif HTTP/1.0" 200 28376 "-" "-"
95.216.2.94 - - [15/Apr/2026:04:14:15 +0200] "GET /wp-content/uploads/2008/11/solution_all.thumbnail.gif HTTP/1.0" 200 30890 "-" "-"
95.216.2.94 - - [15/Apr/2026:04:14:15 +0200] "GET /wp-content/uploads/2008/11/solution_all.gif HTTP/1.0" 200 100419 "-" "-"
95.216.2.94 - - [15/Apr/2026:04:14:15 +0200] "GET /wp-content/uploads/2008/11/solution_all.gif HTTP/1.0" 200 100419 "-" "-"
81.24.92.211 - - [15/Apr/2026:04:14:15 +0200] "GET /2008/11/28/informer-ie/comment-page-7/ HTTP/1.0" 200 88297 "https://notes.rudomilov.ru/2008/11/28/informer-ie/comment-page-7/#comment-828809" "Mozilla/5.0 (Windows NT 10.0; Win64; x64) AppleWebKit/537.36 (KHTML, like Gecko) Chrome/130.0.0.0 Safari/537.36 CCleaner/130.0.0.0"
95.216.2.94 - - [15/Apr/2026:04:15:40 +0200] "POST /wp-cron.php?doing_wp_cron=1776219340.8376469612121582031250 HTTP/1.1" 500 199 "-" "WordPress/6.4.8; https://notes.rudomilov.ru"
37.59.21.100 - - [15/Apr/2026:04:15:40 +0200] "GET /2006/12/25/sots-seti/feed/ HTTP/1.1" 200 2162 "-" "Mozilla/5.0 (X11; Linux i686) AppleWebKit/537.36 (KHTML, like Gecko) Chrome/30.0.1599.66 Safari/537.36"
95.216.2.94 - - [15/Apr/2026:04:16:29 +0200] "GET /wp-content/themes/gridfocus/images/default_og_image.jpg HTTP/1.0" 200 278199 "-" "-"
52.203.65.83 - - [15/Apr/2026:04:16:29 +0200] "GET /2008/03/25/bilajn-irkutsk-predstavil-tarify/ HTTP/1.1" 200 13745 "-" "Mozilla/5.0 AppleWebKit/537.36 (KHTML, like Gecko; compatible; Amazonbot/0.1; +https://developer.amazon.com/support/amazonbot) Chrome/119.0.6045.214 Safari/537.36"
95.216.2.94 - - [15/Apr/2026:04:18:00 +0200] "POST /wp-cron.php?doing_wp_cron=1776219480.0783469676971435546875 HTTP/1.1" 500 4080 "-" "WordPress/6.4.8; https://notes.rudomilov.ru"
77.75.78.162 - - [15/Apr/2026:04:17:59 +0200] "GET /sitemap-pt-post-p1-2006-10.xml HTTP/1.1" 200 4897 "-" "Mozilla/5.0 (compatible; SeznamBot/4.0; +https://o-seznam.cz/napoveda/vyhledavani/en/seznambot-crawler/)"
95.216.2.94 - - [15/Apr/2026:04:19:20 +0200] "POST /wp-cron.php?doing_wp_cron=1776219560.4021360874176025390625 HTTP/1.1" 500 4080 "-" "WordPress/6.4.8; https://notes.rudomilov.ru"
95.216.2.94 - - [15/Apr/2026:04:19:20 +0200] "GET /wp-content/uploads/2008/11/solution_0.png HTTP/1.0" 200 12873 "-" "-"
95.216.2.94 - - [15/Apr/2026:04:19:20 +0200] "GET /wp-content/uploads/2008/11/solution_2.png HTTP/1.0" 200 9951 "-" "-"
95.216.2.94 - - [15/Apr/2026:04:19:20 +0200] "GET /wp-content/uploads/2008/11/solution_3.gif HTTP/1.0" 200 28376 "-" "-"
95.216.2.94 - - [15/Apr/2026:04:19:20 +0200] "GET /wp-content/uploads/2008/11/solution_all.thumbnail.gif HTTP/1.0" 200 30890 "-" "-"
95.216.2.94 - - [15/Apr/2026:04:19:20 +0200] "GET /wp-content/uploads/2008/11/solution_all.gif HTTP/1.0" 200 100419 "-" "-"
95.216.2.94 - - [15/Apr/2026:04:19:20 +0200] "GET /wp-content/uploads/2008/11/solution_all.gif HTTP/1.0" 200 100419 "-" "-"
95.182.127.105 - - [15/Apr/2026:04:19:19 +0200] "GET /2008/11/28/informer-ie/comment-page-7/ HTTP/1.0" 200 88298 "https://notes.rudomilov.ru/2008/11/28/informer-ie/comment-page-7/#comment-853743" "Mozilla/5.0 (Windows NT 10.0; Win64; x64) AppleWebKit/537.36 (KHTML, like Gecko) Chrome/131.0.0.0 Safari/537.36 Avast/131.0.0.0"
95.216.2.94 - - [15/Apr/2026:04:20:11 +0200] "GET /wp-content/themes/gridfocus/images/default_og_image.jpg HTTP/1.0" 200 278199 "-" "-"
95.182.127.105 - - [15/Apr/2026:04:20:10 +0200] "GET / HTTP/1.0" 200 49201 "https://notes.rudomilov.ru/" "Mozilla/5.0 (Windows NT 10.0; Win64; x64) AppleWebKit/537.36 (KHTML, like Gecko) Chrome/131.0.0.0 Safari/537.36 Avast/131.0.0.0"
51.68.236.59 - - [15/Apr/2026:04:21:29 +0200] "GET /robots.txt HTTP/1.1" 200 595 "-" "Mozilla/5.0 (compatible; MJ12bot/v2.0.5; http://mj12bot.com/)"
95.216.2.94 - - [15/Apr/2026:04:21:30 +0200] "POST /wp-cron.php?doing_wp_cron=1776219690.3362269401550292968750 HTTP/1.1" 500 199 "-" "WordPress/6.4.8; https://notes.rudomilov.ru"
95.216.2.94 - - [15/Apr/2026:04:21:30 +0200] "GET /wp-content/themes/gridfocus/images/default_og_image.jpg HTTP/1.0" 200 278199 "-" "-"
51.68.236.59 - - [15/Apr/2026:04:21:29 +0200] "GET / HTTP/1.1" 200 13003 "-" "Mozilla/5.0 (compatible; MJ12bot/v2.0.5; http://mj12bot.com/)"
95.216.2.94 - - [15/Apr/2026:04:21:31 +0200] "GET /wp-content/themes/gridfocus/images/default_og_image.jpg HTTP/1.0" 200 278199 "-" "-"
109.122.193.215 - - [15/Apr/2026:04:21:30 +0200] "GET /2008/06/05/search-domain-owner/ HTTP/1.1" 200 9150 "-" "Mozilla/5.0 (Windows NT 6.1) AppleWebKit/537.36 (KHTML, like Gecko) Chrome/40.0.2212.0 Safari/537.36"
95.216.2.94 - - [15/Apr/2026:04:22:31 +0200] "POST /wp-cron.php?doing_wp_cron=1776219751.3373560905456542968750 HTTP/1.1" 500 199 "-" "WordPress/6.4.8; https://notes.rudomilov.ru"
95.216.2.94 - - [15/Apr/2026:04:22:31 +0200] "GET /wp-content/themes/gridfocus/images/default_og_image.jpg HTTP/1.0" 200 278199 "-" "-"
109.122.192.200 - - [15/Apr/2026:04:22:30 +0200] "GET /2008/02/03/sape-sdelal-shag-k-legalizatsii/ HTTP/1.1" 200 9986 "-" "Mozilla/5.0 (Windows NT 6.1; WOW64) AppleWebKit/537.36 (KHTML, like Gecko) Chrome/34.0.1754.0 Safari/537.36"
23.239.96.90 - - [15/Apr/2026:04:23:23 +0200] "GET /feed/ HTTP/1.1" 307 325 "-" "Mozilla/5.0 (Macintosh; Intel Mac OS X 10_15_7) AppleWebKit/537.36 (KHTML, like Gecko) Chrome/113.0.0.0 Safari/537.36"
95.216.2.94 - - [15/Apr/2026:04:27:36 +0200] "POST /wp-cron.php?doing_wp_cron=1776220056.1152420043945312500000 HTTP/1.1" 500 199 "-" "WordPress/6.4.8; https://notes.rudomilov.ru"
95.216.2.94 - - [15/Apr/2026:04:27:36 +0200] "GET /wp-content/themes/gridfocus/images/default_og_image.jpg HTTP/1.0" 200 278199 "-" "-"
121.229.156.27 - - [15/Apr/2026:04:27:35 +0200] "GET / HTTP/1.1" 200 13004 "-" "Sogou web spider/4.0(+http://www.sogou.com/docs/help/webmasters.htm#07)"
95.216.2.94 - - [15/Apr/2026:04:30:38 +0200] "POST /wp-cron.php?doing_wp_cron=1776220238.4835140705108642578125 HTTP/1.1" 500 199 "-" "WordPress/6.4.8; https://notes.rudomilov.ru"
37.59.21.100 - - [15/Apr/2026:04:30:37 +0200] "GET /2008/11/16/blogun/feed/ HTTP/1.1" 200 1594 "-" "Mozilla/5.0 (X11; Linux i686) AppleWebKit/537.36 (KHTML, like Gecko) Chrome/30.0.1599.66 Safari/537.36"
95.216.2.94 - - [15/Apr/2026:04:34:44 +0200] "POST /wp-cron.php?doing_wp_cron=1776220484.5019090175628662109375 HTTP/1.1" 500 199 "-" "WordPress/6.4.8; https://notes.rudomilov.ru"
37.59.21.100 - - [15/Apr/2026:04:34:43 +0200] "GET /2008/02/23/plagin-wp-noindex-dlya-wordpress/feed/ HTTP/1.1" 200 1984 "-" "Mozilla/5.0 (X11; Linux i686) AppleWebKit/537.36 (KHTML, like Gecko) Chrome/30.0.1599.66 Safari/537.36"
95.216.2.94 - - [15/Apr/2026:04:34:51 +0200] "GET /wp-content/uploads/2007/01/svn5min_1.gif HTTP/1.0" 200 9685 "-" "-"
95.216.2.94 - - [15/Apr/2026:04:34:51 +0200] "GET /wp-content/uploads/2007/01/svn5min_2.gif HTTP/1.0" 200 9592 "-" "-"
95.216.2.94 - - [15/Apr/2026:04:34:51 +0200] "GET /wp-content/uploads/2007/09/MCStandart_new.gif HTTP/1.0" 200 14447 "-" "-"
95.216.2.94 - - [15/Apr/2026:04:34:51 +0200] "GET /wp-content/uploads/2007/01/svn5min_3.gif HTTP/1.0" 200 13887 "-" "-"
95.216.2.94 - - [15/Apr/2026:04:34:51 +0200] "GET /wp-content/uploads/2007/01/svn5min_3.gif HTTP/1.0" 200 13887 "-" "-"
95.216.2.94 - - [15/Apr/2026:04:34:51 +0200] "GET /wp-content/themes/gridfocus/images/default_og_image.jpg HTTP/1.0" 200 278199 "-" "-"
172.184.252.109 - - [15/Apr/2026:04:34:51 +0200] "GET /2007/01/30/stavim-subversion-za-5-minut/ HTTP/1.1" 200 12124 "-" "Mozilla/5.0 (Windows NT 10.0; Win64; x64) AppleWebKit/537.36 (KHTML, like Gecko) Chrome/133.0.0.0 Safari/537.36"
172.184.252.109 - - [15/Apr/2026:04:34:51 +0200] "GET /2007/09/29/vyivod-webmoney-na-kartyi-vtb24/ HTTP/1.1" 200 13345 "-" "Mozilla/5.0 (Windows NT 10.0; Win64; x64) AppleWebKit/537.36 (KHTML, like Gecko) Chrome/133.0.0.0 Safari/537.36"
95.216.2.94 - - [15/Apr/2026:04:34:53 +0200] "GET /wp-content/themes/gridfocus/images/default_og_image.jpg HTTP/1.0" 200 278199 "-" "-"
172.184.252.109 - - [15/Apr/2026:04:34:51 +0200] "GET /2007/08/14/bilayn-kupil-irkutskiy-tele2/ HTTP/1.1" 200 13735 "-" "Mozilla/5.0 (X11; Linux x86_64) AppleWebKit/537.36 (KHTML, like Gecko) Chrome/133.0.0.0 Safari/537.36"
216.73.216.51 - - [15/Apr/2026:04:35:09 +0200] "GET /robots.txt HTTP/1.1" 200 4398 "-" "Mozilla/5.0 AppleWebKit/537.36 (KHTML, like Gecko; compatible; ClaudeBot/1.0; +claudebot@anthropic.com)"
95.216.2.94 - - [15/Apr/2026:04:35:10 +0200] "GET /wp-content/themes/gridfocus/images/default_og_image.jpg HTTP/1.0" 200 278199 "-" "-"
216.73.216.51 - - [15/Apr/2026:04:35:09 +0200] "GET /2013/09/28/check-spf-and-dkim/?replytocom=525905 HTTP/1.1" 200 14174 "-" "Mozilla/5.0 AppleWebKit/537.36 (KHTML, like Gecko; compatible; ClaudeBot/1.0; +claudebot@anthropic.com)"
95.216.2.94 - - [15/Apr/2026:04:39:46 +0200] "POST /wp-cron.php?doing_wp_cron=1776220786.6342339515686035156250 HTTP/1.1" 500 4080 "-" "WordPress/6.4.8; https://notes.rudomilov.ru"
77.75.78.162 - - [15/Apr/2026:04:39:46 +0200] "GET /sitemap-pt-post-p1-2007-02.xml HTTP/1.1" 200 4831 "-" "Mozilla/5.0 (compatible; SeznamBot/4.0; +https://o-seznam.cz/napoveda/vyhledavani/en/seznambot-crawler/)"
37.59.21.100 - - [15/Apr/2026:04:40:00 +0200] "GET /category/enforta/feed/ HTTP/1.1" 200 909 "-" "Mozilla/5.0 (X11; Linux i686) AppleWebKit/537.36 (KHTML, like Gecko) Chrome/30.0.1599.66 Safari/537.36"
95.216.2.94 - - [15/Apr/2026:04:40:37 +0200] "GET /wp-content/themes/gridfocus/images/default_og_image.jpg HTTP/1.0" 200 278199 "-" "-"
57.141.20.33 - - [15/Apr/2026:04:40:36 +0200] "GET /tag/interesnoe/ HTTP/1.1" 200 44209 "-" "meta-externalagent/1.1 (+https://developers.facebook.com/docs/sharing/webmasters/crawler)"
95.216.2.94 - - [15/Apr/2026:04:40:51 +0200] "POST /wp-cron.php?doing_wp_cron=1776220851.3232729434967041015625 HTTP/1.1" 500 4080 "-" "WordPress/6.4.8; https://notes.rudomilov.ru"
95.216.2.94 - - [15/Apr/2026:04:40:51 +0200] "GET /wp-content/uploads/2011/03/freerapid_main-500x316.jpg HTTP/1.0" 200 49024 "-" "-"
95.216.2.94 - - [15/Apr/2026:04:40:51 +0200] "GET /wp-content/uploads/2011/03/freerapid_main.jpg HTTP/1.0" 200 124378 "-" "-"
95.216.2.94 - - [15/Apr/2026:04:40:51 +0200] "GET /wp-content/uploads/2011/03/freerapid_main.jpg HTTP/1.0" 200 124378 "-" "-"
185.192.20.168 - - [15/Apr/2026:04:40:50 +0200] "GET /2011/03/28/freerapid/comment-page-1/ HTTP/1.0" 200 45042 "https://notes.rudomilov.ru/2011/03/28/freerapid/comment-page-1/#comment-864784" "Mozilla/5.0 (Windows NT 10.0; WOW64) AppleWebKit/537.36 (KHTML, like Gecko) Chrome/103.0.0.0 Safari/537.36"
185.192.20.168 - - [15/Apr/2026:04:40:51 +0200] "POST /wp-comments-post.php HTTP/1.0" 500 3555 "https://notes.rudomilov.ru/2011/03/28/freerapid/comment-page-1/#comment-864784" "Mozilla/5.0 (Windows NT 10.0; WOW64) AppleWebKit/537.36 (KHTML, like Gecko) Chrome/103.0.0.0 Safari/537.36"
209.141.53.226 - - [15/Apr/2026:04:40:59 +0200] "GET /wp-login.php HTTP/1.1" 500 4080 "-" "Mozilla/5.0 (Windows NT 10.0; Win64; x64) AppleWebKit/537.36 (KHTML, like Gecko) Chrome/134.0.0.0 Safari/537.36"
95.216.2.94 - - [15/Apr/2026:04:41:33 +0200] "GET /wp-content/themes/gridfocus/images/default_og_image.jpg HTTP/1.0" 200 278199 "-" "-"
101.46.7.70 - - [15/Apr/2026:04:41:32 +0200] "GET /2006/11/19/telefon-moey-mechtyi/ HTTP/1.1" 200 13831 "-" "Mozilla/5.0 (Windows NT 10.0; Win64; x64) AppleWebKit/537.36 (KHTML, like Gecko) Chrome/144.0.0.0 Safari/537.36"
101.46.7.70 - - [15/Apr/2026:04:41:34 +0200] "GET /wp-content/themes/gridfocus/style.css HTTP/1.1" 200 3042 "https://notes.rudomilov.ru/2006/11/19/telefon-moey-mechtyi/" "Mozilla/5.0 (Windows NT 10.0; Win64; x64) AppleWebKit/537.36 (KHTML, like Gecko) Chrome/144.0.0.0 Safari/537.36"
101.46.7.70 - - [15/Apr/2026:04:41:34 +0200] "GET /wp-includes/js/jquery/jquery-migrate.min.js?ver=3.4.1 HTTP/1.1" 200 5299 "https://notes.rudomilov.ru/2006/11/19/telefon-moey-mechtyi/" "Mozilla/5.0 (Windows NT 10.0; Win64; x64) AppleWebKit/537.36 (KHTML, like Gecko) Chrome/144.0.0.0 Safari/537.36"
101.46.7.70 - - [15/Apr/2026:04:41:35 +0200] "GET /wp-content/themes/gridfocus/js/functions.js HTTP/1.1" 200 1197 "https://notes.rudomilov.ru/2006/11/19/telefon-moey-mechtyi/" "Mozilla/5.0 (Windows NT 10.0; Win64; x64) AppleWebKit/537.36 (KHTML, like Gecko) Chrome/144.0.0.0 Safari/537.36"
101.46.7.70 - - [15/Apr/2026:04:41:35 +0200] "GET /wp-includes/js/jquery/jquery.min.js?ver=3.7.1 HTTP/1.1" 200 31471 "https://notes.rudomilov.ru/2006/11/19/telefon-moey-mechtyi/" "Mozilla/5.0 (Windows NT 10.0; Win64; x64) AppleWebKit/537.36 (KHTML, like Gecko) Chrome/144.0.0.0 Safari/537.36"
101.46.7.70 - - [15/Apr/2026:04:41:36 +0200] "GET /wp-includes/js/comment-reply.min.js?ver=6.4.8 HTTP/1.1" 200 1777 "https://notes.rudomilov.ru/2006/11/19/telefon-moey-mechtyi/" "Mozilla/5.0 (Windows NT 10.0; Win64; x64) AppleWebKit/537.36 (KHTML, like Gecko) Chrome/144.0.0.0 Safari/537.36"
101.46.7.70 - - [15/Apr/2026:04:41:36 +0200] "GET /wp-content/plugins/akismet/_inc/akismet-frontend.js?ver=1700355821 HTTP/1.1" 200 3513 "https://notes.rudomilov.ru/2006/11/19/telefon-moey-mechtyi/" "Mozilla/5.0 (Windows NT 10.0; Win64; x64) AppleWebKit/537.36 (KHTML, like Gecko) Chrome/144.0.0.0 Safari/537.36"
95.216.2.94 - - [15/Apr/2026:04:43:17 +0200] "POST /wp-cron.php?doing_wp_cron=1776220997.4983990192413330078125 HTTP/1.1" 500 199 "-" "WordPress/6.4.8; https://notes.rudomilov.ru"
37.59.21.100 - - [15/Apr/2026:04:43:16 +0200] "GET /2007/01/20/formikariy/feed/ HTTP/1.1" 200 2042 "-" "Mozilla/5.0 (X11; Linux i686) AppleWebKit/537.36 (KHTML, like Gecko) Chrome/30.0.1599.66 Safari/537.36"
95.216.2.94 - - [15/Apr/2026:04:46:16 +0200] "POST /wp-cron.php?doing_wp_cron=1776221176.4969179630279541015625 HTTP/1.1" 500 199 "-" "WordPress/6.4.8; https://notes.rudomilov.ru"
37.59.21.100 - - [15/Apr/2026:04:46:15 +0200] "GET /2008/01/11/ochelovechivanie-servisov/feed/ HTTP/1.1" 200 1614 "-" "Mozilla/5.0 (X11; Linux i686) AppleWebKit/537.36 (KHTML, like Gecko) Chrome/30.0.1599.66 Safari/537.36"
95.216.2.94 - - [15/Apr/2026:04:46:32 +0200] "GET /wp-content/uploads/2008/11/torrents.gif HTTP/1.0" 200 16346 "-" "-"
95.216.2.94 - - [15/Apr/2026:04:46:32 +0200] "GET /wp-content/themes/gridfocus/images/default_og_image.jpg HTTP/1.0" 200 278199 "-" "-"
14.161.28.151 - - [15/Apr/2026:04:46:32 +0200] "GET /2008/06/11/torrent-trackers/comment-page-8/?replytocom=61122 HTTP/1.1" 200 22036 "-" "Mozilla/5.0 (Macintosh; Intel Mac OS X 10_12_6) AppleWebKit/537.36 (KHTML, like Gecko) Chrome/94.0.4606.81 Safari/537.36"
95.216.2.94 - - [15/Apr/2026:04:49:47 +0200] "POST /wp-cron.php?doing_wp_cron=1776221387.8813490867614746093750 HTTP/1.1" 500 4080 "-" "WordPress/6.4.8; https://notes.rudomilov.ru"
95.216.2.94 - - [15/Apr/2026:04:49:47 +0200] "GET /wp-content/uploads/2008/11/silver-bullet.thumbnail.gif HTTP/1.0" 200 40641 "-" "-"
95.216.2.94 - - [15/Apr/2026:04:49:47 +0200] "GET /wp-content/uploads/2008/11/silver-bullet.gif HTTP/1.0" 200 50203 "-" "-"
95.216.2.94 - - [15/Apr/2026:04:49:47 +0200] "GET /wp-content/themes/gridfocus/images/default_og_image.jpg HTTP/1.0" 200 278199 "-" "-"
209.50.160.192 - - [15/Apr/2026:04:49:47 +0200] "GET /2008/11/15/pligg/ HTTP/1.1" 200 14850 "-" "Mozilla/5.0 (compatible; Googlebot/2.1; +http://www.google.com/bot.html)"
85.208.96.209 - - [15/Apr/2026:04:50:17 +0200] "GET /robots.txt HTTP/1.1" 200 4402 "-" "Mozilla/5.0 (compatible; SemrushBot/7~bl; +http://www.semrush.com/bot.html)"
95.216.2.94 - - [15/Apr/2026:04:50:20 +0200] "GET /wp-content/uploads/2007/10/nokia_sms_export_2.gif HTTP/1.0" 200 11447 "-" "-"
95.216.2.94 - - [15/Apr/2026:04:50:20 +0200] "GET /wp-content/uploads/2007/10/nokia_sms_export_1.gif HTTP/1.0" 200 11450 "-" "-"
95.216.2.94 - - [15/Apr/2026:04:50:20 +0200] "GET /wp-content/themes/gridfocus/images/default_og_image.jpg HTTP/1.0" 200 278199 "-" "-"
85.208.96.206 - - [15/Apr/2026:04:50:19 +0200] "GET /2007/10/25/arhivatsiya-sms-v-symbian-9/ HTTP/1.1" 200 14418 "-" "Mozilla/5.0 (compatible; SemrushBot/7~bl; +http://www.semrush.com/bot.html)"
95.216.2.94 - - [15/Apr/2026:04:51:34 +0200] "POST /wp-cron.php?doing_wp_cron=1776221494.9590899944305419921875 HTTP/1.1" 500 4080 "-" "WordPress/6.4.8; https://notes.rudomilov.ru"
95.216.2.94 - - [15/Apr/2026:04:51:35 +0200] "GET /wp-content/uploads/2008/11/solution_0.png HTTP/1.0" 200 12873 "-" "-"
95.216.2.94 - - [15/Apr/2026:04:51:35 +0200] "GET /wp-content/uploads/2008/11/solution_2.png HTTP/1.0" 200 9951 "-" "-"
95.216.2.94 - - [15/Apr/2026:04:51:35 +0200] "GET /wp-content/uploads/2008/11/solution_3.gif HTTP/1.0" 200 28376 "-" "-"
95.216.2.94 - - [15/Apr/2026:04:51:35 +0200] "POST /wp-cron.php?doing_wp_cron=1776221495.1521379947662353515625 HTTP/1.1" 500 4080 "-" "WordPress/6.4.8; https://notes.rudomilov.ru"
95.216.2.94 - - [15/Apr/2026:04:51:35 +0200] "GET /wp-content/uploads/2008/11/solution_0.png HTTP/1.0" 200 12873 "-" "-"
95.216.2.94 - - [15/Apr/2026:04:51:35 +0200] "GET /wp-content/uploads/2008/11/solution_2.png HTTP/1.0" 200 9951 "-" "-"
95.216.2.94 - - [15/Apr/2026:04:51:35 +0200] "GET /wp-content/uploads/2008/11/solution_all.thumbnail.gif HTTP/1.0" 200 30890 "-" "-"
95.216.2.94 - - [15/Apr/2026:04:51:35 +0200] "GET /wp-content/uploads/2008/11/solution_3.gif HTTP/1.0" 200 28376 "-" "-"
95.216.2.94 - - [15/Apr/2026:04:51:35 +0200] "GET /wp-content/uploads/2008/11/solution_all.gif HTTP/1.0" 200 100419 "-" "-"
95.216.2.94 - - [15/Apr/2026:04:51:35 +0200] "GET /wp-content/uploads/2008/11/solution_all.thumbnail.gif HTTP/1.0" 200 30890 "-" "-"
95.216.2.94 - - [15/Apr/2026:04:51:35 +0200] "GET /wp-content/uploads/2008/11/solution_all.gif HTTP/1.0" 200 100419 "-" "-"
95.216.2.94 - - [15/Apr/2026:04:51:35 +0200] "GET /wp-content/uploads/2008/11/solution_all.gif HTTP/1.0" 200 100419 "-" "-"
95.216.2.94 - - [15/Apr/2026:04:51:35 +0200] "GET /wp-content/uploads/2008/11/solution_all.gif HTTP/1.0" 200 100419 "-" "-"
5.1.11.250 - - [15/Apr/2026:04:51:34 +0200] "GET /2008/11/28/informer-ie/comment-page-7/ HTTP/1.0" 200 88298 "https://notes.rudomilov.ru/2008/11/28/informer-ie/comment-page-7/" "Mozilla/5.0 (Windows NT 10.0; Win64; x64) AppleWebKit/537.36 (KHTML, like Gecko) Chrome/130.0.0.0 Safari/537.36"
5.1.11.250 - - [15/Apr/2026:04:51:34 +0200] "GET /2008/11/28/informer-ie/comment-page-7/ HTTP/1.0" 200 88297 "https://notes.rudomilov.ru/2008/11/28/informer-ie/comment-page-7/" "Mozilla/5.0 (Windows NT 10.0; Win64; x64) AppleWebKit/537.36 (KHTML, like Gecko) Chrome/130.0.0.0 Safari/537.36 CCleaner/130.0.0.0"
5.1.11.250 - - [15/Apr/2026:04:51:35 +0200] "POST /wp-comments-post.php HTTP/1.0" 500 3555 "https://notes.rudomilov.ru/2008/11/28/informer-ie/comment-page-7/" "Mozilla/5.0 (Windows NT 10.0; Win64; x64) AppleWebKit/537.36 (KHTML, like Gecko) Chrome/130.0.0.0 Safari/537.36"
5.1.11.250 - - [15/Apr/2026:04:51:35 +0200] "POST /wp-comments-post.php HTTP/1.0" 500 3555 "https://notes.rudomilov.ru/2008/11/28/informer-ie/comment-page-7/" "Mozilla/5.0 (Windows NT 10.0; Win64; x64) AppleWebKit/537.36 (KHTML, like Gecko) Chrome/130.0.0.0 Safari/537.36 CCleaner/130.0.0.0"
167.253.34.3 - - [15/Apr/2026:04:51:39 +0200] "GET /robots.txt HTTP/1.0" 200 1348 "-" "Mozilla/4.0 (compatible; fluid/0.0; +http://www.leak.info/bot.html)"
95.216.2.94 - - [15/Apr/2026:04:51:48 +0200] "GET /wp-content/themes/gridfocus/images/default_og_image.jpg HTTP/1.0" 200 278199 "-" "-"
109.122.192.217 - - [15/Apr/2026:04:51:47 +0200] "GET /2008/02/03/sape-sdelal-shag-k-legalizatsii/ HTTP/1.1" 200 9988 "-" "Mozilla/5.0 (Windows NT 6.0) AppleWebKit/537.36 (KHTML, like Gecko) Chrome/46.0.2490.86 Safari/537.36 OPR/33.0.1990.115 (Edition Yx)"
37.59.21.100 - - [15/Apr/2026:04:51:53 +0200] "GET /2006/12/15/ya-asotsialen/feed/ HTTP/1.1" 200 1287 "-" "Mozilla/5.0 (X11; Linux i686) AppleWebKit/537.36 (KHTML, like Gecko) Chrome/30.0.1599.66 Safari/537.36"
95.216.2.94 - - [15/Apr/2026:04:52:40 +0200] "POST /wp-cron.php?doing_wp_cron=1776221560.7350559234619140625000 HTTP/1.1" 500 4080 "-" "WordPress/6.4.8; https://notes.rudomilov.ru"
95.216.2.94 - - [15/Apr/2026:04:52:44 +0200] "GET /wp-content/themes/gridfocus/images/default_og_image.jpg HTTP/1.0" 200 278199 "-" "-"
185.191.171.11 - - [15/Apr/2026:04:52:40 +0200] "GET /2006/11/18/tehnopark-irgtu/ HTTP/1.1" 200 13624 "-" "Mozilla/5.0 (compatible; SemrushBot/7~bl; +http://www.semrush.com/bot.html)"
95.216.2.94 - - [15/Apr/2026:05:03:22 +0200] "POST /wp-cron.php?doing_wp_cron=1776222202.2398629188537597656250 HTTP/1.1" 500 4080 "-" "WordPress/6.4.8; https://notes.rudomilov.ru"
95.216.2.94 - - [15/Apr/2026:05:03:22 +0200] "GET /wp-content/uploads/2017/07/google_apps_free_domains_list.png HTTP/1.0" 200 16969 "-" "-"
95.216.2.94 - - [15/Apr/2026:05:03:22 +0200] "GET /wp-content/uploads/2017/07/gmail_settings_accounts_6.png HTTP/1.0" 200 23000 "-" "-"
95.216.2.94 - - [15/Apr/2026:05:03:22 +0200] "GET /wp-content/uploads/2017/07/gmail_settings_accounts_6.png HTTP/1.0" 200 23000 "-" "-"
107.189.18.13 - - [15/Apr/2026:05:03:21 +0200] "GET /2017/07/02/google-apps-new-domain-2017/ HTTP/1.1" 200 16684 "-" "Mozilla/5.0 (Windows NT 11.0; Win64; x64) AppleWebKit/537.36 (KHTML, like Gecko) Chrome/115.0.0.0 Safari/537.36"
107.189.18.13 - - [15/Apr/2026:05:03:23 +0200] "POST /wp-comments-post.php HTTP/1.1" 500 4080 "-" "Mozilla/5.0 (Windows NT 11.0; Win64; x64) AppleWebKit/537.36 (KHTML, like Gecko) Chrome/115.0.0.0 Safari/537.36"
95.216.2.94 - - [15/Apr/2026:05:09:38 +0200] "POST /wp-cron.php?doing_wp_cron=1776222578.3199870586395263671875 HTTP/1.1" 500 4080 "-" "WordPress/6.4.8; https://notes.rudomilov.ru"
45.148.10.64 - - [15/Apr/2026:05:09:37 +0200] "GET / HTTP/1.1" 301 4126 "-" "SonyEricssonK310iv/R4DA Browser/NetFront/3.3 Profile/MIDP-2.0 Configuration/CLDC-1.1 UP.Link/6.3.1.13.0"
37.59.21.100 - - [15/Apr/2026:05:09:59 +0200] "GET /2008/10/04/sape-lawyer/feed/ HTTP/1.1" 200 1826 "-" "Mozilla/5.0 (X11; Linux i686) AppleWebKit/537.36 (KHTML, like Gecko) Chrome/30.0.1599.66 Safari/537.36"
95.216.2.94 - - [15/Apr/2026:05:17:43 +0200] "POST /wp-cron.php?doing_wp_cron=1776223063.5214259624481201171875 HTTP/1.1" 500 4080 "-" "WordPress/6.4.8; https://notes.rudomilov.ru"
95.216.2.94 - - [15/Apr/2026:05:17:43 +0200] "GET /wp-content/uploads/2008/11/silver-bullet.thumbnail.gif HTTP/1.0" 200 40641 "-" "-"
95.216.2.94 - - [15/Apr/2026:05:17:43 +0200] "GET /wp-content/uploads/2008/11/silver-bullet.gif HTTP/1.0" 200 50203 "-" "-"
95.216.2.94 - - [15/Apr/2026:05:17:43 +0200] "GET /wp-content/themes/gridfocus/images/default_og_image.jpg HTTP/1.0" 200 278199 "-" "-"
104.207.39.103 - - [15/Apr/2026:05:17:42 +0200] "GET /2008/11/15/pligg/ HTTP/1.1" 200 14850 "-" "Mozilla/5.0 (compatible; Googlebot/2.1; +http://www.google.com/bot.html)"
95.216.2.94 - - [15/Apr/2026:05:26:11 +0200] "POST /wp-cron.php?doing_wp_cron=1776223571.2507920265197753906250 HTTP/1.1" 500 199 "-" "WordPress/6.4.8; https://notes.rudomilov.ru"
37.59.21.100 - - [15/Apr/2026:05:26:09 +0200] "GET /2008/07/27/flv-player-converter-avi/feed/ HTTP/1.1" 200 3862 "-" "Mozilla/5.0 (X11; Linux i686) AppleWebKit/537.36 (KHTML, like Gecko) Chrome/30.0.1599.66 Safari/537.36"
40.77.167.187 - - [15/Apr/2026:05:27:02 +0200] "GET /robots.txt HTTP/1.1" 200 4535 "-" "Mozilla/5.0 AppleWebKit/537.36 (KHTML, like Gecko; compatible; bingbot/2.0; +http://www.bing.com/bingbot.htm) Chrome/116.0.1938.76 Safari/537.36"
95.216.2.94 - - [15/Apr/2026:05:27:14 +0200] "POST /wp-cron.php?doing_wp_cron=1776223634.8387320041656494140625 HTTP/1.1" 500 4080 "-" "WordPress/6.4.8; https://notes.rudomilov.ru"
95.216.2.94 - - [15/Apr/2026:05:27:14 +0200] "GET /wp-content/uploads/2007/01/anydata_4.jpg HTTP/1.0" 200 36370 "-" "-"
95.216.2.94 - - [15/Apr/2026:05:27:14 +0200] "GET /wp-content/uploads/2007/01/anydata_1.jpg HTTP/1.0" 200 34311 "-" "-"
95.216.2.94 - - [15/Apr/2026:05:27:15 +0200] "GET /wp-content/themes/gridfocus/images/default_og_image.jpg HTTP/1.0" 200 278199 "-" "-"
207.46.13.17 - - [15/Apr/2026:05:27:14 +0200] "GET /2007/01/03/dolgozhdannyiy-anydata-adu-e100a/ HTTP/1.1" 200 22580 "-" "Mozilla/5.0 AppleWebKit/537.36 (KHTML, like Gecko; compatible; bingbot/2.0; +http://www.bing.com/bingbot.htm) Chrome/116.0.1938.76 Safari/537.36"
95.216.2.94 - - [15/Apr/2026:05:27:17 +0200] "GET /wp-content/uploads/2008/11/solution_0.png HTTP/1.0" 200 12873 "-" "-"
95.216.2.94 - - [15/Apr/2026:05:27:17 +0200] "GET /wp-content/uploads/2008/11/solution_2.png HTTP/1.0" 200 9951 "-" "-"
95.216.2.94 - - [15/Apr/2026:05:27:17 +0200] "GET /wp-content/uploads/2008/11/solution_3.gif HTTP/1.0" 200 28376 "-" "-"
95.216.2.94 - - [15/Apr/2026:05:27:17 +0200] "GET /wp-content/uploads/2008/11/solution_all.thumbnail.gif HTTP/1.0" 200 30890 "-" "-"
95.216.2.94 - - [15/Apr/2026:05:27:17 +0200] "GET /wp-content/uploads/2008/11/solution_all.gif HTTP/1.0" 200 100419 "-" "-"
95.216.2.94 - - [15/Apr/2026:05:27:17 +0200] "GET /wp-content/uploads/2008/11/solution_all.gif HTTP/1.0" 200 100419 "-" "-"
89.110.66.63 - - [15/Apr/2026:05:27:16 +0200] "GET /2008/11/28/informer-ie/comment-page-7/ HTTP/1.0" 200 88297 "https://notes.rudomilov.ru/2008/11/28/informer-ie/comment-page-7/" "Mozilla/5.0 (Windows NT 10.0; Win64; x64) AppleWebKit/537.36 (KHTML, like Gecko) Chrome/130.0.0.0 Safari/537.36"
89.110.66.63 - - [15/Apr/2026:05:27:17 +0200] "POST /wp-comments-post.php HTTP/1.0" 500 3555 "https://notes.rudomilov.ru/2008/11/28/informer-ie/comment-page-7/" "Mozilla/5.0 (Windows NT 10.0; Win64; x64) AppleWebKit/537.36 (KHTML, like Gecko) Chrome/130.0.0.0 Safari/537.36"
95.216.2.94 - - [15/Apr/2026:05:28:38 +0200] "POST /wp-cron.php?doing_wp_cron=1776223718.1331360340118408203125 HTTP/1.1" 500 199 "-" "WordPress/6.4.8; https://notes.rudomilov.ru"
37.59.21.100 - - [15/Apr/2026:05:28:37 +0200] "GET /2009/08/29/gmail-google-apps/feed/ HTTP/1.1" 200 5002 "-" "Mozilla/5.0 (X11; Linux i686) AppleWebKit/537.36 (KHTML, like Gecko) Chrome/30.0.1599.66 Safari/537.36"
95.216.2.94 - - [15/Apr/2026:05:30:17 +0200] "POST /wp-cron.php?doing_wp_cron=1776223817.3659489154815673828125 HTTP/1.1" 500 199 "-" "WordPress/6.4.8; https://notes.rudomilov.ru"
37.59.21.100 - - [15/Apr/2026:05:30:16 +0200] "GET /2008/07/17/dot-me/feed/ HTTP/1.1" 200 1335 "-" "Mozilla/5.0 (X11; Linux i686) AppleWebKit/537.36 (KHTML, like Gecko) Chrome/30.0.1599.66 Safari/537.36"
216.244.66.233 - - [15/Apr/2026:05:30:37 +0200] "GET /robots.txt HTTP/1.1" 200 1329 "-" "Mozilla/5.0 (compatible; DotBot/1.2; +https://opensiteexplorer.org/dotbot; help@moz.com)"
95.216.2.94 - - [15/Apr/2026:05:33:59 +0200] "POST /wp-cron.php?doing_wp_cron=1776224039.3823070526123046875000 HTTP/1.1" 500 199 "-" "WordPress/6.4.8; https://notes.rudomilov.ru"
37.59.21.100 - - [15/Apr/2026:05:33:58 +0200] "GET /2007/01/03/dolgozhdannyiy-anydata-adu-e100a/feed/ HTTP/1.1" 200 6129 "-" "Mozilla/5.0 (X11; Linux i686) AppleWebKit/537.36 (KHTML, like Gecko) Chrome/30.0.1599.66 Safari/537.36"
95.216.2.94 - - [15/Apr/2026:05:34:48 +0200] "GET /wp-content/uploads/2008/11/torrents.gif HTTP/1.0" 200 16346 "-" "-"
95.216.2.94 - - [15/Apr/2026:05:34:48 +0200] "GET /wp-content/themes/gridfocus/images/default_og_image.jpg HTTP/1.0" 200 278199 "-" "-"
14.231.181.75 - - [15/Apr/2026:05:34:47 +0200] "GET /2008/06/11/torrent-trackers/comment-page-11/?replytocom=80734 HTTP/1.1" 200 20588 "-" "Mozilla/5.0 (Windows NT 10.0; WOW64) AppleWebKit/537.36 (KHTML, like Gecko) Chrome/75.0.3770.100 ADG/11.0.2566 AOLBUILD/11.0.2566 Safari/537.36"
95.216.2.94 - - [15/Apr/2026:05:35:08 +0200] "POST /wp-cron.php?doing_wp_cron=1776224108.3457610607147216796875 HTTP/1.1" 500 199 "-" "WordPress/6.4.8; https://notes.rudomilov.ru"
37.59.21.100 - - [15/Apr/2026:05:35:07 +0200] "GET /2011/02/05/vpn/feed/ HTTP/1.1" 200 3000 "-" "Mozilla/5.0 (X11; Linux i686) AppleWebKit/537.36 (KHTML, like Gecko) Chrome/30.0.1599.66 Safari/537.36"
95.216.2.94 - - [15/Apr/2026:05:36:39 +0200] "POST /wp-cron.php?doing_wp_cron=1776224199.8073809146881103515625 HTTP/1.1" 500 199 "-" "WordPress/6.4.8; https://notes.rudomilov.ru"
95.216.2.94 - - [15/Apr/2026:05:36:40 +0200] "GET /wp-content/themes/gridfocus/images/default_og_image.jpg HTTP/1.0" 200 278199 "-" "-"
216.244.66.233 - - [15/Apr/2026:05:36:35 +0200] "GET /2008/10/04/sape-lawyer/comment-page-1/ HTTP/1.1" 200 37162 "-" "Mozilla/5.0 (compatible; DotBot/1.2; +https://opensiteexplorer.org/dotbot; help@moz.com)"
95.216.2.94 - - [15/Apr/2026:05:39:00 +0200] "POST /wp-cron.php?doing_wp_cron=1776224340.5315539836883544921875 HTTP/1.1" 500 199 "-" "WordPress/6.4.8; https://notes.rudomilov.ru"
95.216.2.94 - - [15/Apr/2026:05:39:00 +0200] "GET /wp-content/uploads/2007/01/svn5min_1.gif HTTP/1.0" 200 9685 "-" "-"
95.216.2.94 - - [15/Apr/2026:05:39:00 +0200] "GET /wp-content/uploads/2007/01/svn5min_2.gif HTTP/1.0" 200 9592 "-" "-"
95.216.2.94 - - [15/Apr/2026:05:39:00 +0200] "GET /wp-content/uploads/2007/01/svn5min_3.gif HTTP/1.0" 200 13887 "-" "-"
95.216.2.94 - - [15/Apr/2026:05:39:00 +0200] "GET /wp-content/uploads/2007/01/svn5min_3.gif HTTP/1.0" 200 13887 "-" "-"
109.122.192.82 - - [15/Apr/2026:05:38:59 +0200] "GET /2007/01/30/stavim-subversion-za-5-minut/ HTTP/1.1" 200 12179 "-" "Mozilla/5.0 (Windows; U; Windows NT 6.0; en-US) AppleWebKit/534.3 (KHTML, like Gecko) Chrome/6.0.472.63 Safari/534.3"
95.216.2.94 - - [15/Apr/2026:05:43:18 +0200] "POST /wp-cron.php?doing_wp_cron=1776224598.9122200012207031250000 HTTP/1.1" 500 4080 "-" "WordPress/6.4.8; https://notes.rudomilov.ru"
95.216.2.94 - - [15/Apr/2026:05:43:18 +0200] "GET /wp-content/themes/gridfocus/images/default_og_image.jpg HTTP/1.0" 200 278199 "-" "-"
57.141.20.66 - - [15/Apr/2026:05:43:18 +0200] "GET /tag/web-20/ HTTP/1.1" 200 31879 "-" "meta-externalagent/1.1 (+https://developers.facebook.com/docs/sharing/webmasters/crawler)"
95.216.2.94 - - [15/Apr/2026:05:45:26 +0200] "POST /wp-cron.php?doing_wp_cron=1776224726.3159201145172119140625 HTTP/1.1" 500 4080 "-" "WordPress/6.4.8; https://notes.rudomilov.ru"
95.216.2.94 - - [15/Apr/2026:05:45:26 +0200] "GET /wp-content/uploads/2008/11/solution_0.png HTTP/1.0" 200 12873 "-" "-"
95.216.2.94 - - [15/Apr/2026:05:45:26 +0200] "GET /wp-content/uploads/2008/11/solution_2.png HTTP/1.0" 200 9951 "-" "-"
95.216.2.94 - - [15/Apr/2026:05:45:26 +0200] "GET /wp-content/uploads/2008/11/solution_3.gif HTTP/1.0" 200 28376 "-" "-"
95.216.2.94 - - [15/Apr/2026:05:45:26 +0200] "GET /wp-content/uploads/2008/11/solution_all.thumbnail.gif HTTP/1.0" 200 30890 "-" "-"
95.216.2.94 - - [15/Apr/2026:05:45:26 +0200] "GET /wp-content/uploads/2008/11/solution_all.gif HTTP/1.0" 200 100419 "-" "-"
95.216.2.94 - - [15/Apr/2026:05:45:26 +0200] "GET /wp-content/uploads/2008/11/solution_all.gif HTTP/1.0" 200 100419 "-" "-"
185.181.246.176 - - [15/Apr/2026:05:45:25 +0200] "GET /2008/11/28/informer-ie/comment-page-7/ HTTP/1.0" 200 88298 "https://notes.rudomilov.ru/2008/11/28/informer-ie/comment-page-7/#comment-856673" "Mozilla/5.0 (Windows NT 10.0; WOW64) AppleWebKit/537.36 (KHTML, like Gecko) Chrome/103.0.0.0 Safari/537.36"
95.216.2.94 - - [15/Apr/2026:05:46:17 +0200] "GET /wp-content/themes/gridfocus/images/default_og_image.jpg HTTP/1.0" 200 278199 "-" "-"
45.139.125.229 - - [15/Apr/2026:05:46:17 +0200] "GET / HTTP/1.0" 200 49201 "https://notes.rudomilov.ru/" "Mozilla/5.0 (Windows NT 10.0; WOW64) AppleWebKit/537.36 (KHTML, like Gecko) Chrome/103.0.0.0 Safari/537.36"
95.216.2.94 - - [15/Apr/2026:05:49:17 +0200] "POST /wp-cron.php?doing_wp_cron=1776224957.2674829959869384765625 HTTP/1.1" 500 4080 "-" "WordPress/6.4.8; https://notes.rudomilov.ru"
95.216.2.94 - - [15/Apr/2026:05:49:17 +0200] "GET /wp-content/uploads/2008/11/silver-bullet.thumbnail.gif HTTP/1.0" 200 40641 "-" "-"
95.216.2.94 - - [15/Apr/2026:05:49:17 +0200] "GET /wp-content/uploads/2008/11/silver-bullet.gif HTTP/1.0" 200 50203 "-" "-"
95.216.2.94 - - [15/Apr/2026:05:49:17 +0200] "GET /wp-content/themes/gridfocus/images/default_og_image.jpg HTTP/1.0" 200 278199 "-" "-"
104.207.36.3 - - [15/Apr/2026:05:49:16 +0200] "GET /2008/11/15/pligg/ HTTP/1.1" 200 14851 "-" "Mozilla/5.0 (compatible; Googlebot/2.1; +http://www.google.com/bot.html)"
95.216.2.94 - - [15/Apr/2026:05:50:20 +0200] "POST /wp-cron.php?doing_wp_cron=1776225020.3242399692535400390625 HTTP/1.1" 500 199 "-" "WordPress/6.4.8; https://notes.rudomilov.ru"
37.59.21.100 - - [15/Apr/2026:05:50:19 +0200] "GET /category/blog/feed/ HTTP/1.1" 200 909 "-" "Mozilla/5.0 (X11; Linux i686) AppleWebKit/537.36 (KHTML, like Gecko) Chrome/30.0.1599.66 Safari/537.36"
95.216.2.94 - - [15/Apr/2026:05:55:05 +0200] "POST /wp-cron.php?doing_wp_cron=1776225305.0476589202880859375000 HTTP/1.1" 500 199 "-" "WordPress/6.4.8; https://notes.rudomilov.ru"
95.216.2.94 - - [15/Apr/2026:05:55:05 +0200] "GET /wp-content/themes/gridfocus/images/default_og_image.jpg HTTP/1.0" 200 278199 "-" "-"
216.244.66.233 - - [15/Apr/2026:05:55:04 +0200] "GET /2007/01/14/pervitin/?replytocom=46474 HTTP/1.1" 200 64265 "-" "Mozilla/5.0 (compatible; DotBot/1.2; +https://opensiteexplorer.org/dotbot; help@moz.com)"
37.59.21.100 - - [15/Apr/2026:05:55:48 +0200] "GET /2007/01/03/modem-na-cdma/feed/ HTTP/1.1" 200 1345 "-" "Mozilla/5.0 (X11; Linux i686) AppleWebKit/537.36 (KHTML, like Gecko) Chrome/30.0.1599.66 Safari/537.36"
95.216.2.94 - - [15/Apr/2026:06:01:39 +0200] "POST /wp-cron.php?doing_wp_cron=1776225699.9822130203247070312500 HTTP/1.1" 500 199 "-" "WordPress/6.4.8; https://notes.rudomilov.ru"
95.216.2.94 - - [15/Apr/2026:06:01:40 +0200] "GET /wp-content/themes/gridfocus/images/default_og_image.jpg HTTP/1.0" 200 278199 "-" "-"
190.134.147.170 - - [15/Apr/2026:06:01:39 +0200] "GET http://notes.rudomilov.ru/2008/06/08/opera-95-build-10048/ HTTP/1.1" 404 24491 "-" "Mozilla/5.0 (Windows NT 10.0; Win64; x64) AppleWebKit/537.36 (KHTML, like Gecko) Brave Chrome/84.0.4147.89 Safari/537.36"
95.216.2.94 - - [15/Apr/2026:06:03:54 +0200] "POST /wp-cron.php?doing_wp_cron=1776225834.4605460166931152343750 HTTP/1.1" 500 4080 "-" "WordPress/6.4.8; https://notes.rudomilov.ru"
95.216.2.94 - - [15/Apr/2026:06:03:54 +0200] "GET /wp-content/uploads/2007/12/svc_error1.jpg HTTP/1.0" 200 46154 "-" "-"
95.216.2.94 - - [15/Apr/2026:06:03:54 +0200] "GET /wp-content/uploads/2007/12/svc_kis_1.gif HTTP/1.0" 200 20911 "-" "-"
95.216.2.94 - - [15/Apr/2026:06:03:54 +0200] "GET /wp-content/uploads/2007/12/svc_kis_2.gif HTTP/1.0" 200 19724 "-" "-"
95.216.2.94 - - [15/Apr/2026:06:03:54 +0200] "GET /wp-content/uploads/2007/12/svc_kis_3.gif HTTP/1.0" 200 13835 "-" "-"
95.216.2.94 - - [15/Apr/2026:06:03:54 +0200] "GET /wp-content/uploads/2007/12/svc_utorrent.gif HTTP/1.0" 200 18718 "-" "-"
95.216.2.94 - - [15/Apr/2026:06:03:54 +0200] "GET /wp-content/uploads/2007/12/svc_utorrent.gif HTTP/1.0" 200 18718 "-" "-"
113.181.47.94 - - [15/Apr/2026:06:03:53 +0200] "GET /2007/12/07/problemyi-s-generic-host-process/comment-page-9/?replytocom=64924 HTTP/1.1" 200 26593 "-" "Mozilla/5.0 (Windows NT 6.3; WOW64) AppleWebKit/537.36 (KHTML, like Gecko) Chrome/81.0.4044.129 Safari/537.36"
95.216.2.94 - - [15/Apr/2026:06:04:33 +0200] "GET /wp-content/uploads/2008/11/torrents.gif HTTP/1.0" 200 16346 "-" "-"
95.216.2.94 - - [15/Apr/2026:06:04:33 +0200] "GET /wp-content/themes/gridfocus/images/default_og_image.jpg HTTP/1.0" 200 278199 "-" "-"
14.227.162.101 - - [15/Apr/2026:06:04:32 +0200] "GET /2008/06/11/torrent-trackers/comment-page-10/?replytocom=75767 HTTP/1.1" 200 20887 "-" "Mozilla/5.0 (Macintosh; Intel Mac OS X 11_2_3) AppleWebKit/537.36 (KHTML, like Gecko) Brave Chrome/89.0.4389.114 Safari/537.36"
95.216.2.94 - - [15/Apr/2026:06:06:41 +0200] "POST /wp-cron.php?doing_wp_cron=1776226001.3996779918670654296875 HTTP/1.1" 500 4080 "-" "WordPress/6.4.8; https://notes.rudomilov.ru"
95.216.2.94 - - [15/Apr/2026:06:06:41 +0200] "GET /wp-content/themes/gridfocus/images/default_og_image.jpg HTTP/1.0" 200 278199 "-" "-"
45.148.10.64 - - [15/Apr/2026:06:06:40 +0200] "GET / HTTP/1.1" 200 16869 "-" "Mozilla/5.0 (X11; U; Linux x86_64; en-US; rv:1.9.2.9) Gecko/20100915 Gentoo Firefox/3.6.9"
45.148.10.64 - - [15/Apr/2026:06:06:50 +0200] "GET //pagead2.googlesyndication.com/pagead/show_ads.js HTTP/1.1" 301 4267 "-" "NokiaN70-1/5.0609.2.0.1 Series60/2.8 Profile/MIDP-2.0 Configuration/CLDC-1.1 UP.Link/6.3.1.13.0"
95.216.2.94 - - [15/Apr/2026:06:06:51 +0200] "GET /wp-content/themes/gridfocus/images/default_og_image.jpg HTTP/1.0" 200 278199 "-" "-"
45.148.10.64 - - [15/Apr/2026:06:06:50 +0200] "GET /wp-emoji-release.min.js?ver=6.4.8 HTTP/1.1" 404 28423 "-" "Mozilla/5.0 (Linux; Android 9; H3223) AppleWebKit/537.36 (KHTML, like Gecko) Chrome/76.0.3809.111 Mobile Safari/537.36"
85.208.96.197 - - [15/Apr/2026:06:07:19 +0200] "GET /robots.txt HTTP/1.1" 200 4402 "-" "Mozilla/5.0 (compatible; SemrushBot/7~bl; +http://www.semrush.com/bot.html)"
95.216.2.94 - - [15/Apr/2026:06:07:20 +0200] "GET /wp-content/themes/gridfocus/images/default_og_image.jpg HTTP/1.0" 200 278199 "-" "-"
185.191.171.7 - - [15/Apr/2026:06:07:20 +0200] "GET /2007/02/21/nasyischenie-ryinka-sotovoy-svyazi/ HTTP/1.1" 200 13161 "-" "Mozilla/5.0 (compatible; SemrushBot/7~bl; +http://www.semrush.com/bot.html)"
95.216.2.94 - - [15/Apr/2026:06:07:58 +0200] "POST /wp-cron.php?doing_wp_cron=1776226078.8297140598297119140625 HTTP/1.1" 500 4080 "-" "WordPress/6.4.8; https://notes.rudomilov.ru"
95.216.2.94 - - [15/Apr/2026:06:07:58 +0200] "GET /wp-content/uploads/2008/11/solution_0.png HTTP/1.0" 200 12873 "-" "-"
95.216.2.94 - - [15/Apr/2026:06:07:58 +0200] "GET /wp-content/uploads/2008/11/solution_2.png HTTP/1.0" 200 9951 "-" "-"
95.216.2.94 - - [15/Apr/2026:06:07:58 +0200] "GET /wp-content/uploads/2008/11/solution_3.gif HTTP/1.0" 200 28376 "-" "-"
95.216.2.94 - - [15/Apr/2026:06:07:58 +0200] "GET /wp-content/uploads/2008/11/solution_all.thumbnail.gif HTTP/1.0" 200 30890 "-" "-"
95.216.2.94 - - [15/Apr/2026:06:07:58 +0200] "GET /wp-content/uploads/2008/11/solution_all.gif HTTP/1.0" 200 100419 "-" "-"
95.216.2.94 - - [15/Apr/2026:06:07:58 +0200] "GET /wp-content/uploads/2008/11/solution_all.gif HTTP/1.0" 200 100419 "-" "-"
89.110.116.195 - - [15/Apr/2026:06:07:58 +0200] "GET /2008/11/28/informer-ie/comment-page-7/ HTTP/1.0" 200 88297 "https://notes.rudomilov.ru/2008/11/28/informer-ie/comment-page-7/" "Mozilla/5.0 (Windows NT 10.0; Win64; x64) AppleWebKit/537.36 (KHTML, like Gecko) Chrome/130.0.0.0 Safari/537.36"
89.110.116.195 - - [15/Apr/2026:06:07:59 +0200] "POST /wp-comments-post.php HTTP/1.0" 500 3555 "https://notes.rudomilov.ru/2008/11/28/informer-ie/comment-page-7/" "Mozilla/5.0 (Windows NT 10.0; Win64; x64) AppleWebKit/537.36 (KHTML, like Gecko) Chrome/130.0.0.0 Safari/537.36"
95.216.2.94 - - [15/Apr/2026:06:08:22 +0200] "GET /wp-content/themes/gridfocus/images/default_og_image.jpg HTTP/1.0" 200 278199 "-" "-"
109.122.193.40 - - [15/Apr/2026:06:08:22 +0200] "GET /2013/09/28/check-spf-and-dkim/ HTTP/1.1" 200 14076 "-" "Opera/9.80 (Windows NT 6.1; U; it) Presto/2.6.30 Version/10.61"
95.216.2.94 - - [15/Apr/2026:06:08:30 +0200] "GET /wp-content/uploads/2008/11/torrents.gif HTTP/1.0" 200 16346 "-" "-"
95.216.2.94 - - [15/Apr/2026:06:08:30 +0200] "GET /wp-content/themes/gridfocus/images/default_og_image.jpg HTTP/1.0" 200 278199 "-" "-"
91.84.114.45 - - [15/Apr/2026:06:08:29 +0200] "GET /2008/06/11/torrent-trackers/comment-page-16/ HTTP/1.0" 200 73618 "https://notes.rudomilov.ru/2008/06/11/torrent-trackers/comment-page-16/" "Mozilla/5.0 (Windows NT 10.0; Win64; x64) AppleWebKit/537.36 (KHTML, like Gecko) Chrome/129.0.0.0 Safari/537.36"
91.84.114.45 - - [15/Apr/2026:06:08:30 +0200] "POST /wp-comments-post.php HTTP/1.0" 500 3555 "https://notes.rudomilov.ru/2008/06/11/torrent-trackers/comment-page-16/" "Mozilla/5.0 (Windows NT 10.0; Win64; x64) AppleWebKit/537.36 (KHTML, like Gecko) Chrome/129.0.0.0 Safari/537.36"
95.216.2.94 - - [15/Apr/2026:06:09:22 +0200] "POST /wp-cron.php?doing_wp_cron=1776226162.7807779312133789062500 HTTP/1.1" 500 199 "-" "WordPress/6.4.8; https://notes.rudomilov.ru"
95.216.2.94 - - [15/Apr/2026:06:09:22 +0200] "GET /wp-content/uploads/2007/01/svn5min_1.gif HTTP/1.0" 200 9685 "-" "-"
95.216.2.94 - - [15/Apr/2026:06:09:22 +0200] "GET /wp-content/uploads/2007/01/svn5min_2.gif HTTP/1.0" 200 9592 "-" "-"
95.216.2.94 - - [15/Apr/2026:06:09:22 +0200] "GET /wp-content/uploads/2007/01/svn5min_3.gif HTTP/1.0" 200 13887 "-" "-"
95.216.2.94 - - [15/Apr/2026:06:09:22 +0200] "GET /wp-content/uploads/2007/01/svn5min_3.gif HTTP/1.0" 200 13887 "-" "-"
109.122.193.32 - - [15/Apr/2026:06:09:22 +0200] "GET /2007/01/30/stavim-subversion-za-5-minut/ HTTP/1.1" 200 12180 "-" "Mozilla/5.0 (X11; Linux i686; rv:43.0) Gecko/20100101 Firefox/43.0 Iceweasel/43.0.2"
95.216.2.94 - - [15/Apr/2026:06:10:47 +0200] "POST /wp-cron.php?doing_wp_cron=1776226247.2735600471496582031250 HTTP/1.1" 500 4080 "-" "WordPress/6.4.8; https://notes.rudomilov.ru"
95.216.2.94 - - [15/Apr/2026:06:10:47 +0200] "GET /wp-content/uploads/2008/11/torrents.gif HTTP/1.0" 200 16346 "-" "-"
95.216.2.94 - - [15/Apr/2026:06:10:47 +0200] "GET /wp-content/themes/gridfocus/images/default_og_image.jpg HTTP/1.0" 200 278199 "-" "-"
187.103.138.118 - - [15/Apr/2026:06:10:46 +0200] "GET /2008/06/11/torrent-trackers/comment-page-10/?replytocom=68387 HTTP/1.1" 200 20888 "-" "Mozilla/5.0 (Windows NT 6.1; Win64; x64) AppleWebKit/537.36 (KHTML, like Gecko) Chrome/103.0.0.0 Safari/537.36"
95.216.2.94 - - [15/Apr/2026:06:12:05 +0200] "POST /wp-cron.php?doing_wp_cron=1776226325.1365170478820800781250 HTTP/1.1" 500 199 "-" "WordPress/6.4.8; https://notes.rudomilov.ru"
37.59.21.100 - - [15/Apr/2026:06:12:04 +0200] "GET /2007/07/07/photosight-rassyilaet-spam/feed/ HTTP/1.1" 200 1396 "-" "Mozilla/5.0 (X11; Linux i686) AppleWebKit/537.36 (KHTML, like Gecko) Chrome/30.0.1599.66 Safari/537.36"
95.216.2.94 - - [15/Apr/2026:06:14:34 +0200] "POST /wp-cron.php?doing_wp_cron=1776226474.5323030948638916015625 HTTP/1.1" 500 199 "-" "WordPress/6.4.8; https://notes.rudomilov.ru"
52.178.138.108 - - [15/Apr/2026:06:14:33 +0200] "GET /feed/ HTTP/1.1" 307 325 "-" "Mozilla/5.0 (Macintosh; Intel Mac OS X 10.15; rv:92.0) Gecko/20100101 Firefox/92.0"
95.216.2.94 - - [15/Apr/2026:06:15:11 +0200] "GET /wp-content/themes/gridfocus/images/default_og_image.jpg HTTP/1.0" 200 278199 "-" "-"
89.23.116.216 - - [15/Apr/2026:06:15:10 +0200] "GET / HTTP/1.1" 200 16921 "-" "Mozilla/5.0 (Linux; Android 12; V2324A) AppleWebKit/537.36 (KHTML, like Gecko) Chrome/146.0.0.0 Mobile Safari/537.36"
89.23.116.216 - - [15/Apr/2026:06:15:11 +0200] "GET /wp-includes/js/jquery/jquery-migrate.min.js?ver=3.4.1 HTTP/1.1" 200 9083 "https://notes.rudomilov.ru/" "Mozilla/5.0 (Linux; Android 12; V2324A) AppleWebKit/537.36 (KHTML, like Gecko) Chrome/146.0.0.0 Mobile Safari/537.36"
89.23.116.216 - - [15/Apr/2026:06:15:11 +0200] "GET /wp-includes/js/jquery/jquery.min.js?ver=3.7.1 HTTP/1.1" 200 30907 "https://notes.rudomilov.ru/" "Mozilla/5.0 (Linux; Android 12; V2324A) AppleWebKit/537.36 (KHTML, like Gecko) Chrome/146.0.0.0 Mobile Safari/537.36"
89.23.116.216 - - [15/Apr/2026:06:15:11 +0200] "GET /wp-content/themes/gridfocus/js/functions.js HTTP/1.1" 200 633 "https://notes.rudomilov.ru/" "Mozilla/5.0 (Linux; Android 12; V2324A) AppleWebKit/537.36 (KHTML, like Gecko) Chrome/146.0.0.0 Mobile Safari/537.36"
89.23.116.216 - - [15/Apr/2026:06:15:11 +0200] "GET /wp-includes/js/wp-emoji-release.min.js?ver=6.4.8 HTTP/1.1" 200 5466 "https://notes.rudomilov.ru/" "Mozilla/5.0 (Linux; Android 12; V2324A) AppleWebKit/537.36 (KHTML, like Gecko) Chrome/146.0.0.0 Mobile Safari/537.36"
95.216.2.94 - - [15/Apr/2026:06:15:46 +0200] "POST /wp-cron.php?doing_wp_cron=1776226546.2988560199737548828125 HTTP/1.1" 500 4080 "-" "WordPress/6.4.8; https://notes.rudomilov.ru"
95.216.2.94 - - [15/Apr/2026:06:15:46 +0200] "GET /wp-content/themes/gridfocus/images/default_og_image.jpg HTTP/1.0" 200 278199 "-" "-"
185.191.171.8 - - [15/Apr/2026:06:15:45 +0200] "GET /2006/12/17/novyiy-bred/ HTTP/1.1" 200 13112 "-" "Mozilla/5.0 (compatible; SemrushBot/7~bl; +http://www.semrush.com/bot.html)"
95.216.2.94 - - [15/Apr/2026:06:17:41 +0200] "POST /wp-cron.php?doing_wp_cron=1776226661.0053849220275878906250 HTTP/1.1" 500 4080 "-" "WordPress/6.4.8; https://notes.rudomilov.ru"
95.216.2.94 - - [15/Apr/2026:06:17:41 +0200] "GET /wp-content/uploads/2008/11/silver-bullet.thumbnail.gif HTTP/1.0" 200 40641 "-" "-"
95.216.2.94 - - [15/Apr/2026:06:17:41 +0200] "GET /wp-content/uploads/2008/11/silver-bullet.gif HTTP/1.0" 200 50203 "-" "-"
95.216.2.94 - - [15/Apr/2026:06:17:41 +0200] "GET /wp-content/themes/gridfocus/images/default_og_image.jpg HTTP/1.0" 200 278199 "-" "-"
216.26.233.44 - - [15/Apr/2026:06:17:40 +0200] "GET /2008/11/15/pligg/ HTTP/1.1" 200 14850 "-" "Mozilla/5.0 (compatible; Googlebot/2.1; +http://www.google.com/bot.html)"
