95.216.2.94 - - [15/Apr/2026:08:17:36 +0200] "GET /wp-content/themes/gridfocus/images/default_og_image.jpg HTTP/1.0" 200 278199 "-" "-"
45.131.195.251 - - [15/Apr/2026:08:17:36 +0200] "GET /wp-includes/css/dist/require-dynamic-blocks.php HTTP/1.1" 404 24425 "-" "Mozilla/5.0 (Windows NT 10.0; Win64; x64; rv:79.0) Gecko/20100101 Firefox/79.0"
95.216.2.94 - - [15/Apr/2026:08:17:37 +0200] "GET /wp-content/themes/gridfocus/images/default_og_image.jpg HTTP/1.0" 200 278199 "-" "-"
20.212.200.71 - - [15/Apr/2026:08:17:37 +0200] "GET /a7.php HTTP/1.1" 404 24664 "-" "Mozilla/5.0 (Windows NT 10.0; Win64; x64) AppleWebKit/537.36 (KHTML, like Gecko) Chrome/120.0.0.0 Safari/537.36"
45.131.195.251 - - [15/Apr/2026:08:17:37 +0200] "GET /xp.php%20 HTTP/1.1" 301 339 "-" "Mozilla/5.0 (Linux x86_64; rv:79.0) Gecko/20100101 Firefox/79.0"
95.216.2.94 - - [15/Apr/2026:08:17:38 +0200] "GET /wp-content/themes/gridfocus/images/default_og_image.jpg HTTP/1.0" 200 278199 "-" "-"
45.131.195.251 - - [15/Apr/2026:08:17:37 +0200] "GET /wp-content/languages/bypass.php HTTP/1.1" 404 24409 "-" "Mozilla/5.0 (Windows NT 6.1; Win64; x64) AppleWebKit/537.36 (KHTML, like Gecko) Chrome/58.0.3029.110 Safari/537.3"
95.216.2.94 - - [15/Apr/2026:08:17:38 +0200] "GET /wp-content/themes/gridfocus/images/default_og_image.jpg HTTP/1.0" 200 278199 "-" "-"
20.212.200.71 - - [15/Apr/2026:08:17:38 +0200] "GET /classsmtps.php HTTP/1.1" 404 24672 "-" "Mozilla/5.0 (Windows NT 10.0; Win64; x64) AppleWebKit/537.36 (KHTML, like Gecko) Chrome/120.0.0.0 Safari/537.36"
95.216.2.94 - - [15/Apr/2026:08:17:39 +0200] "GET /wp-content/themes/gridfocus/images/default_og_image.jpg HTTP/1.0" 200 278199 "-" "-"
45.131.195.251 - - [15/Apr/2026:08:17:38 +0200] "GET /wp-content/bypass_1.php HTTP/1.1" 404 24401 "-" "Mozilla/5.0 (Windows NT 10.0; Win64; x64) AppleWebKit/537.36 (KHTML, like Gecko) Chrome/81.0.4044.129 Safari/537.36"
95.216.2.94 - - [15/Apr/2026:08:17:39 +0200] "GET /wp-content/themes/gridfocus/images/default_og_image.jpg HTTP/1.0" 200 278199 "-" "-"
20.212.200.71 - - [15/Apr/2026:08:17:39 +0200] "GET /amax.php HTTP/1.1" 404 24666 "-" "Mozilla/5.0 (Windows NT 10.0; Win64; x64) AppleWebKit/537.36 (KHTML, like Gecko) Chrome/120.0.0.0 Safari/537.36"
95.216.2.94 - - [15/Apr/2026:08:17:40 +0200] "GET /wp-content/themes/gridfocus/images/default_og_image.jpg HTTP/1.0" 200 278199 "-" "-"
45.131.195.251 - - [15/Apr/2026:08:17:39 +0200] "GET /wp-admin/js/elementskit.php HTTP/1.1" 404 24405 "-" "Mozilla/5.0 (Macintosh; Intel Mac OS X 10_15_6) AppleWebKit/537.36 (KHTML, like Gecko) Chrome/84.0.4147.125 Safari/537.36"
95.216.2.94 - - [15/Apr/2026:08:17:40 +0200] "GET /wp-content/themes/gridfocus/images/default_og_image.jpg HTTP/1.0" 200 278199 "-" "-"
20.212.200.71 - - [15/Apr/2026:08:17:40 +0200] "GET /CDX1.php HTTP/1.1" 404 24666 "-" "Mozilla/5.0 (Windows NT 10.0; Win64; x64) AppleWebKit/537.36 (KHTML, like Gecko) Chrome/120.0.0.0 Safari/537.36"
95.216.2.94 - - [15/Apr/2026:08:17:41 +0200] "GET /wp-content/themes/gridfocus/images/default_og_image.jpg HTTP/1.0" 200 278199 "-" "-"
45.131.195.251 - - [15/Apr/2026:08:17:40 +0200] "GET /wp-includes/widgets/class-wp-widget-rss-database.php HTTP/1.1" 404 24430 "-" "Mozilla/5.0 (Windows NT 10.0; Win64; x64) AppleWebKit/537.36 (KHTML, like Gecko) Chrome/74.0.3729.157 Safari/537.36"
95.216.2.94 - - [15/Apr/2026:08:17:41 +0200] "GET /wp-content/themes/gridfocus/images/default_og_image.jpg HTTP/1.0" 200 278199 "-" "-"
20.212.200.71 - - [15/Apr/2026:08:17:41 +0200] "GET /rip.php HTTP/1.1" 404 24665 "-" "Mozilla/5.0 (Windows NT 10.0; Win64; x64) AppleWebKit/537.36 (KHTML, like Gecko) Chrome/120.0.0.0 Safari/537.36"
95.216.2.94 - - [15/Apr/2026:08:17:42 +0200] "GET /wp-content/themes/gridfocus/images/default_og_image.jpg HTTP/1.0" 200 278199 "-" "-"
45.131.195.251 - - [15/Apr/2026:08:17:41 +0200] "GET /.well-known/pki-validation/kur.php HTTP/1.1" 404 24412 "-" "Mozilla/5.0 (Windows NT 10.0; WOW64) AppleWebKit/537.36 (KHTML, like Gecko) Chrome/84.0.4147.105 Safari/537.36"
95.216.2.94 - - [15/Apr/2026:08:17:42 +0200] "GET /wp-content/themes/gridfocus/images/default_og_image.jpg HTTP/1.0" 200 278199 "-" "-"
20.212.200.71 - - [15/Apr/2026:08:17:42 +0200] "GET /1.php HTTP/1.1" 404 24663 "-" "Mozilla/5.0 (Windows NT 10.0; Win64; x64) AppleWebKit/537.36 (KHTML, like Gecko) Chrome/120.0.0.0 Safari/537.36"
95.216.2.94 - - [15/Apr/2026:08:17:42 +0200] "GET /wp-content/themes/gridfocus/images/default_og_image.jpg HTTP/1.0" 200 278199 "-" "-"
45.131.195.251 - - [15/Apr/2026:08:17:42 +0200] "GET /click.php HTTP/1.1" 404 24387 "-" "Mozilla/5.0 (Windows NT 10.0; Win64; x64) AppleWebKit/537.36 (KHTML, like Gecko) Chrome/69.0.3497.100 Safari/537.36"
95.216.2.94 - - [15/Apr/2026:08:17:43 +0200] "GET /wp-content/themes/gridfocus/images/default_og_image.jpg HTTP/1.0" 200 278199 "-" "-"
45.131.195.251 - - [15/Apr/2026:08:17:43 +0200] "GET /wp-includes/class-wp-customize-manager-client.php HTTP/1.1" 404 24427 "-" "Mozilla/5.0 (Windows NT 10.0) AppleWebKit/537.36 (KHTML, like Gecko) Chrome/84.0.4147.105 Safari/537.36"
95.216.2.94 - - [15/Apr/2026:08:17:43 +0200] "GET /wp-content/themes/gridfocus/images/default_og_image.jpg HTTP/1.0" 200 278199 "-" "-"
20.212.200.71 - - [15/Apr/2026:08:17:43 +0200] "GET /chosen.php HTTP/1.1" 404 24668 "-" "Mozilla/5.0 (Windows NT 10.0; Win64; x64) AppleWebKit/537.36 (KHTML, like Gecko) Chrome/120.0.0.0 Safari/537.36"
95.216.2.94 - - [15/Apr/2026:08:17:44 +0200] "GET /wp-content/themes/gridfocus/images/default_og_image.jpg HTTP/1.0" 200 278199 "-" "-"
45.131.195.251 - - [15/Apr/2026:08:17:44 +0200] "GET /wp-includes/assets/script-modules-packages.min-boolean.php HTTP/1.1" 404 24436 "-" "Mozilla/5.0 (Windows NT 10.0; WOW64) AppleWebKit/537.36 (KHTML, like Gecko) Chrome/84.0.4147.105 Safari/537.36"
95.216.2.94 - - [15/Apr/2026:08:17:45 +0200] "GET /wp-content/themes/gridfocus/images/default_og_image.jpg HTTP/1.0" 200 278199 "-" "-"
20.212.200.71 - - [15/Apr/2026:08:17:44 +0200] "GET /css.php HTTP/1.1" 404 24665 "-" "Mozilla/5.0 (Windows NT 10.0; Win64; x64) AppleWebKit/537.36 (KHTML, like Gecko) Chrome/120.0.0.0 Safari/537.36"
95.216.2.94 - - [15/Apr/2026:08:17:45 +0200] "GET /wp-content/themes/gridfocus/images/default_og_image.jpg HTTP/1.0" 200 278199 "-" "-"
45.131.195.251 - - [15/Apr/2026:08:17:44 +0200] "GET /wp-admin/css/colors/error.php HTTP/1.1" 404 24407 "-" "Mozilla/5.0 (Windows NT 10.0; Win64; x64) AppleWebKit/537.36 (KHTML, like Gecko) Chrome/75.0.3770.100 Safari/537.36"
95.216.2.94 - - [15/Apr/2026:08:17:46 +0200] "GET /wp-content/themes/gridfocus/images/default_og_image.jpg HTTP/1.0" 200 278199 "-" "-"
20.212.200.71 - - [15/Apr/2026:08:17:45 +0200] "GET /php.php HTTP/1.1" 404 24665 "-" "Mozilla/5.0 (Windows NT 10.0; Win64; x64) AppleWebKit/537.36 (KHTML, like Gecko) Chrome/120.0.0.0 Safari/537.36"
95.216.2.94 - - [15/Apr/2026:08:17:46 +0200] "GET /wp-content/themes/gridfocus/images/default_og_image.jpg HTTP/1.0" 200 278199 "-" "-"
45.131.195.251 - - [15/Apr/2026:08:17:45 +0200] "GET /ALFA_DATA/alfacgiapi/all.php HTTP/1.1" 404 24406 "-" "Mozilla/5.0 (Windows NT 10.0) AppleWebKit/537.36 (KHTML, like Gecko) Chrome/72.0.3626.121 Safari/537.36"
95.216.2.94 - - [15/Apr/2026:08:17:47 +0200] "GET /wp-content/themes/gridfocus/images/default_og_image.jpg HTTP/1.0" 200 278199 "-" "-"
20.212.200.71 - - [15/Apr/2026:08:17:46 +0200] "GET /wp-Blogs.php HTTP/1.1" 404 24670 "-" "Mozilla/5.0 (Windows NT 10.0; Win64; x64) AppleWebKit/537.36 (KHTML, like Gecko) Chrome/120.0.0.0 Safari/537.36"
95.216.2.94 - - [15/Apr/2026:08:17:47 +0200] "GET /wp-content/themes/gridfocus/images/default_og_image.jpg HTTP/1.0" 200 278199 "-" "-"
45.131.195.251 - - [15/Apr/2026:08:17:46 +0200] "GET /wp-admin/images/autoload_classmap.php HTTP/1.1" 404 24434 "-" "Mozilla/5.0 (Windows NT 6.1; Win64; x64) AppleWebKit/537.36 (KHTML, like Gecko) Chrome/80.0.3987.149 Safari/537.36"
20.212.200.71 - - [15/Apr/2026:08:17:47 +0200] "GET /wp-content/index.php HTTP/1.1" 200 278 "-" "Mozilla/5.0 (Windows NT 10.0; Win64; x64) AppleWebKit/537.36 (KHTML, like Gecko) Chrome/120.0.0.0 Safari/537.36"
95.216.2.94 - - [15/Apr/2026:08:17:48 +0200] "GET /wp-content/themes/gridfocus/images/default_og_image.jpg HTTP/1.0" 200 278199 "-" "-"
20.212.200.71 - - [15/Apr/2026:08:17:47 +0200] "GET /wp-content/plugins/beteng88/ws83.php HTTP/1.1" 404 24694 "-" "Mozilla/5.0 (Windows NT 10.0; Win64; x64) AppleWebKit/537.36 (KHTML, like Gecko) Chrome/120.0.0.0 Safari/537.36"
95.216.2.94 - - [15/Apr/2026:08:17:48 +0200] "GET /wp-content/themes/gridfocus/images/default_og_image.jpg HTTP/1.0" 200 278199 "-" "-"
45.131.195.156 - - [15/Apr/2026:08:17:47 +0200] "GET /.well-known/pki-validation/xmrlpc.php HTTP/1.1" 404 24415 "-" "Mozilla/5.0 (Windows NT 10.0; Win64; x64) AppleWebKit/537.36 (KHTML, like Gecko) Chrome/80.0.3987.149 Safari/537.36"
95.216.2.94 - - [15/Apr/2026:08:17:49 +0200] "GET /wp-content/themes/gridfocus/images/default_og_image.jpg HTTP/1.0" 200 278199 "-" "-"
20.212.200.71 - - [15/Apr/2026:08:17:48 +0200] "GET /ws83.php HTTP/1.1" 404 24666 "-" "Mozilla/5.0 (Windows NT 10.0; Win64; x64) AppleWebKit/537.36 (KHTML, like Gecko) Chrome/120.0.0.0 Safari/537.36"
95.216.2.94 - - [15/Apr/2026:08:17:49 +0200] "GET /wp-content/themes/gridfocus/images/default_og_image.jpg HTTP/1.0" 200 278199 "-" "-"
45.131.195.156 - - [15/Apr/2026:08:17:48 +0200] "GET /wp-admin/maint/repairs.php HTTP/1.1" 404 24404 "-" "Mozilla/5.0 (Windows NT 6.1; Win64; x64) AppleWebKit/537.36 (KHTML, like Gecko) Chrome/78.0.3904.108 Safari/537.36"
95.216.2.94 - - [15/Apr/2026:08:17:50 +0200] "GET /wp-content/themes/gridfocus/images/default_og_image.jpg HTTP/1.0" 200 278199 "-" "-"
45.131.195.156 - - [15/Apr/2026:08:17:49 +0200] "GET /wp-includes/images/smilies/simi.php HTTP/1.1" 404 24413 "-" "Mozilla/5.0 (Windows NT 10.0; Win64; x64) AppleWebKit/537.36 (KHTML, like Gecko) Chrome/84.0.4147.105 Safari/537.36 OPR/70.0.3728.95"
95.216.2.94 - - [15/Apr/2026:08:17:50 +0200] "GET /wp-content/themes/gridfocus/images/default_og_image.jpg HTTP/1.0" 200 278199 "-" "-"
20.212.200.71 - - [15/Apr/2026:08:17:49 +0200] "GET /file61.php HTTP/1.1" 404 24668 "-" "Mozilla/5.0 (Windows NT 10.0; Win64; x64) AppleWebKit/537.36 (KHTML, like Gecko) Chrome/120.0.0.0 Safari/537.36"
95.216.2.94 - - [15/Apr/2026:08:17:51 +0200] "POST /wp-cron.php?doing_wp_cron=1776233871.2553930282592773437500 HTTP/1.1" 500 199 "-" "WordPress/6.4.8; https://notes.rudomilov.ru"
95.216.2.94 - - [15/Apr/2026:08:17:51 +0200] "GET /wp-content/themes/gridfocus/images/default_og_image.jpg HTTP/1.0" 200 278199 "-" "-"
45.131.195.156 - - [15/Apr/2026:08:17:50 +0200] "GET /wp-admin.php HTTP/1.1" 404 24390 "-" "Mozilla/5.0 (Macintosh; Intel Mac OS X 10_12_6) AppleWebKit/537.36 (KHTML, like Gecko) Chrome/58.0.3029.110 Safari/537.3"
95.216.2.94 - - [15/Apr/2026:08:17:51 +0200] "POST /wp-cron.php?doing_wp_cron=1776233871.5447919368743896484375 HTTP/1.1" 500 4080 "-" "WordPress/6.4.8; https://notes.rudomilov.ru"
95.216.2.94 - - [15/Apr/2026:08:17:51 +0200] "GET /wp-content/themes/gridfocus/images/default_og_image.jpg HTTP/1.0" 200 278199 "-" "-"
20.212.200.71 - - [15/Apr/2026:08:17:50 +0200] "GET /sadcut1.php HTTP/1.1" 404 24669 "-" "Mozilla/5.0 (Windows NT 10.0; Win64; x64) AppleWebKit/537.36 (KHTML, like Gecko) Chrome/120.0.0.0 Safari/537.36"
45.131.195.156 - - [15/Apr/2026:08:17:51 +0200] "GET /wp-header.php%20 HTTP/1.1" 301 346 "-" "Mozilla/5.0 (Macintosh; Intel Mac OS X 10.15; rv:79.0) Gecko/20100101 Firefox/79.0"
95.216.2.94 - - [15/Apr/2026:08:17:52 +0200] "GET /wp-content/themes/gridfocus/images/default_og_image.jpg HTTP/1.0" 200 278199 "-" "-"
20.212.200.71 - - [15/Apr/2026:08:17:52 +0200] "GET /y.php HTTP/1.1" 404 24663 "-" "Mozilla/5.0 (Windows NT 10.0; Win64; x64) AppleWebKit/537.36 (KHTML, like Gecko) Chrome/120.0.0.0 Safari/537.36"
45.131.195.156 - - [15/Apr/2026:08:17:52 +0200] "GET /file.php%20 HTTP/1.1" 301 341 "-" "Mozilla/5.0 (Windows NT 10.0; Win64; x64) AppleWebKit/537.36 (KHTML, like Gecko) Chrome/80.0.3987.149 Safari/537.36"
95.216.2.94 - - [15/Apr/2026:08:17:53 +0200] "GET /wp-content/themes/gridfocus/images/default_og_image.jpg HTTP/1.0" 200 278199 "-" "-"
45.131.195.156 - - [15/Apr/2026:08:17:53 +0200] "GET /.tmb/doc.php HTTP/1.1" 404 24390 "-" "Mozilla/5.0 (Macintosh; Intel Mac OS X 10_12_6) AppleWebKit/537.36 (KHTML, like Gecko) Chrome/58.0.3029.110 Safari/537.3"
95.216.2.94 - - [15/Apr/2026:08:17:53 +0200] "GET /wp-content/themes/gridfocus/images/default_og_image.jpg HTTP/1.0" 200 278199 "-" "-"
20.212.200.71 - - [15/Apr/2026:08:17:53 +0200] "GET /akcc.php HTTP/1.1" 404 24666 "-" "Mozilla/5.0 (Windows NT 10.0; Win64; x64) AppleWebKit/537.36 (KHTML, like Gecko) Chrome/120.0.0.0 Safari/537.36"
95.216.2.94 - - [15/Apr/2026:08:17:54 +0200] "GET /wp-content/themes/gridfocus/images/default_og_image.jpg HTTP/1.0" 200 278199 "-" "-"
45.131.195.156 - - [15/Apr/2026:08:17:53 +0200] "GET /wp-editor.php HTTP/1.1" 404 24391 "-" "Mozilla/5.0 (Windows NT 10.0; Win64; x64) AppleWebKit/537.36 (KHTML, like Gecko) Chrome/84.0.4147.105 Safari/537.36"
95.216.2.94 - - [15/Apr/2026:08:17:54 +0200] "GET /wp-content/themes/gridfocus/images/default_og_image.jpg HTTP/1.0" 200 278199 "-" "-"
20.212.200.71 - - [15/Apr/2026:08:17:54 +0200] "GET /wp-admin/user/12.php HTTP/1.1" 404 24678 "-" "Mozilla/5.0 (Windows NT 10.0; Win64; x64) AppleWebKit/537.36 (KHTML, like Gecko) Chrome/120.0.0.0 Safari/537.36"
95.216.2.94 - - [15/Apr/2026:08:17:55 +0200] "GET /wp-content/themes/gridfocus/images/default_og_image.jpg HTTP/1.0" 200 278199 "-" "-"
45.131.195.156 - - [15/Apr/2026:08:17:54 +0200] "GET /wp-includes/style-engine-session.php HTTP/1.1" 404 24414 "-" "Mozilla/5.0 (compatible; MSIE 10.0; Windows NT 6.1; Trident/6.0)"
95.216.2.94 - - [15/Apr/2026:08:17:55 +0200] "GET /wp-content/themes/gridfocus/images/default_og_image.jpg HTTP/1.0" 200 278199 "-" "-"
20.212.200.71 - - [15/Apr/2026:08:17:55 +0200] "GET /index/function.php HTTP/1.1" 404 24676 "-" "Mozilla/5.0 (Windows NT 10.0; Win64; x64) AppleWebKit/537.36 (KHTML, like Gecko) Chrome/120.0.0.0 Safari/537.36"
95.216.2.94 - - [15/Apr/2026:08:17:56 +0200] "GET /wp-content/themes/gridfocus/images/default_og_image.jpg HTTP/1.0" 200 278199 "-" "-"
45.131.195.156 - - [15/Apr/2026:08:17:55 +0200] "GET /images/install.php HTTP/1.1" 404 24396 "-" "Mozilla/5.0 (Windows NT 6.1; Win64; x64) AppleWebKit/537.36 (KHTML, like Gecko) Chrome/58.0.3029.110 Safari/537.3"
95.216.2.94 - - [15/Apr/2026:08:17:56 +0200] "GET /wp-content/themes/gridfocus/images/default_og_image.jpg HTTP/1.0" 200 278199 "-" "-"
20.212.200.71 - - [15/Apr/2026:08:17:56 +0200] "GET /term.php HTTP/1.1" 404 24666 "-" "Mozilla/5.0 (Windows NT 10.0; Win64; x64) AppleWebKit/537.36 (KHTML, like Gecko) Chrome/120.0.0.0 Safari/537.36"
95.216.2.94 - - [15/Apr/2026:08:17:57 +0200] "GET /wp-content/themes/gridfocus/images/default_og_image.jpg HTTP/1.0" 200 278199 "-" "-"
45.131.195.156 - - [15/Apr/2026:08:17:56 +0200] "GET /vendor/phpunit/phpunit/src/Util/PHP/adminfusm.php HTTP/1.1" 404 24427 "-" "Mozilla/5.0 (Macintosh; Intel Mac OS X 10.15; rv:79.0) Gecko/20100101 Firefox/79.0"
37.59.21.100 - - [15/Apr/2026:08:17:56 +0200] "GET /2007/10/25/arhivatsiya-sms-v-symbian-9/feed/ HTTP/1.1" 200 1763 "-" "Mozilla/5.0 (X11; Linux i686) AppleWebKit/537.36 (KHTML, like Gecko) Chrome/30.0.1599.66 Safari/537.36"
95.216.2.94 - - [15/Apr/2026:08:17:57 +0200] "GET /wp-content/themes/gridfocus/images/default_og_image.jpg HTTP/1.0" 200 278199 "-" "-"
20.212.200.71 - - [15/Apr/2026:08:17:57 +0200] "GET /666.php HTTP/1.1" 404 24665 "-" "Mozilla/5.0 (Windows NT 10.0; Win64; x64) AppleWebKit/537.36 (KHTML, like Gecko) Chrome/120.0.0.0 Safari/537.36"
95.216.2.94 - - [15/Apr/2026:08:17:58 +0200] "GET /wp-content/themes/gridfocus/images/default_og_image.jpg HTTP/1.0" 200 278199 "-" "-"
45.131.195.156 - - [15/Apr/2026:08:17:57 +0200] "GET /adminfusm.php HTTP/1.1" 404 24391 "-" "Mozilla/5.0 (Windows NT 10.0; Win64; x64; rv:67.0) Gecko/20100101 Firefox/67.0"
95.216.2.94 - - [15/Apr/2026:08:17:59 +0200] "GET /wp-content/themes/gridfocus/images/default_og_image.jpg HTTP/1.0" 200 278199 "-" "-"
20.212.200.71 - - [15/Apr/2026:08:17:58 +0200] "GET /7.php HTTP/1.1" 404 24663 "-" "Mozilla/5.0 (Windows NT 10.0; Win64; x64) AppleWebKit/537.36 (KHTML, like Gecko) Chrome/120.0.0.0 Safari/537.36"
95.216.2.94 - - [15/Apr/2026:08:17:59 +0200] "GET /wp-content/themes/gridfocus/images/default_og_image.jpg HTTP/1.0" 200 278199 "-" "-"
45.131.195.156 - - [15/Apr/2026:08:17:58 +0200] "GET /js/js1.php HTTP/1.1" 404 24388 "-" "Mozilla/5.0 (Windows NT 10.0; Win64; x64; rv:77.0) Gecko/20100101 Firefox/77.0"
20.212.200.71 - - [15/Apr/2026:08:17:59 +0200] "GET /wp-config-sample.php HTTP/1.1" 500 297 "-" "Mozilla/5.0 (Windows NT 10.0; Win64; x64) AppleWebKit/537.36 (KHTML, like Gecko) Chrome/120.0.0.0 Safari/537.36"
95.216.2.94 - - [15/Apr/2026:08:17:59 +0200] "GET /wp-content/themes/gridfocus/images/default_og_image.jpg HTTP/1.0" 200 278199 "-" "-"
45.131.195.156 - - [15/Apr/2026:08:17:59 +0200] "GET /wp-includes/assets/wp-includes/assets/script-loader-packages.min.php HTTP/1.1" 404 24446 "-" "Mozilla/5.0 (Windows NT 10.0; Win64; x64) AppleWebKit/537.36 (KHTML, like Gecko) Chrome/83.0.4103.97 Safari/537.36"
95.216.2.94 - - [15/Apr/2026:08:18:00 +0200] "GET /wp-content/themes/gridfocus/images/default_og_image.jpg HTTP/1.0" 200 278199 "-" "-"
20.212.200.71 - - [15/Apr/2026:08:18:00 +0200] "GET /log.php HTTP/1.1" 404 25214 "-" "Mozilla/5.0 (Windows NT 10.0; Win64; x64) AppleWebKit/537.36 (KHTML, like Gecko) Chrome/120.0.0.0 Safari/537.36"
95.216.2.94 - - [15/Apr/2026:08:18:00 +0200] "GET /wp-content/themes/gridfocus/images/default_og_image.jpg HTTP/1.0" 200 278199 "-" "-"
45.131.195.156 - - [15/Apr/2026:08:18:00 +0200] "GET /wp-includes/blocks/file/wp-style.php HTTP/1.1" 404 24414 "-" "Mozilla/5.0 (Windows NT 6.3; Win64; x64; rv:73.0) Gecko/20100101 Firefox/73.0"
95.216.2.94 - - [15/Apr/2026:08:18:01 +0200] "GET /wp-content/themes/gridfocus/images/default_og_image.jpg HTTP/1.0" 200 278199 "-" "-"
20.212.200.71 - - [15/Apr/2026:08:18:01 +0200] "GET /a5.php HTTP/1.1" 404 24664 "-" "Mozilla/5.0 (Windows NT 10.0; Win64; x64) AppleWebKit/537.36 (KHTML, like Gecko) Chrome/120.0.0.0 Safari/537.36"
95.216.2.94 - - [15/Apr/2026:08:18:01 +0200] "GET /wp-content/themes/gridfocus/images/default_og_image.jpg HTTP/1.0" 200 278199 "-" "-"
45.131.195.156 - - [15/Apr/2026:08:18:01 +0200] "GET /wp-content/mu-plugins/admin.php HTTP/1.1" 404 24409 "-" "Mozilla/5.0 (X11; Linux i686; rv:79.0) Gecko/20100101 Firefox/79.0"
95.216.2.94 - - [15/Apr/2026:08:18:02 +0200] "GET /wp-content/themes/gridfocus/images/default_og_image.jpg HTTP/1.0" 200 278199 "-" "-"
45.131.195.156 - - [15/Apr/2026:08:18:02 +0200] "GET /wp-includes/IXR/class-IXR-cilent.php HTTP/1.1" 404 24414 "-" "Mozilla/5.0 (Macintosh; Intel Mac OS X 10_10_1) AppleWebKit/537.36 (KHTML, like Gecko) Chrome/39.0.2171.95 Safari/537.36"
95.216.2.94 - - [15/Apr/2026:08:18:02 +0200] "GET /wp-content/themes/gridfocus/images/default_og_image.jpg HTTP/1.0" 200 278199 "-" "-"
20.212.200.71 - - [15/Apr/2026:08:18:02 +0200] "GET /aa.php HTTP/1.1" 404 24664 "-" "Mozilla/5.0 (Windows NT 10.0; Win64; x64) AppleWebKit/537.36 (KHTML, like Gecko) Chrome/120.0.0.0 Safari/537.36"
95.216.2.94 - - [15/Apr/2026:08:18:03 +0200] "GET /wp-content/themes/gridfocus/images/default_og_image.jpg HTTP/1.0" 200 278199 "-" "-"
45.131.195.156 - - [15/Apr/2026:08:18:02 +0200] "GET /wp-content/uploads/wp-cert.phtml HTTP/1.1" 404 24410 "-" "Mozilla/5.0 (Windows NT 10.0; Win64; x64) AppleWebKit/537.36 (KHTML, like Gecko) Chrome/75.0.3770.100 Safari/537.36"
95.216.2.94 - - [15/Apr/2026:08:18:03 +0200] "GET /wp-content/themes/gridfocus/images/default_og_image.jpg HTTP/1.0" 200 278199 "-" "-"
20.212.200.71 - - [15/Apr/2026:08:18:03 +0200] "GET /bolt.php HTTP/1.1" 404 24666 "-" "Mozilla/5.0 (Windows NT 10.0; Win64; x64) AppleWebKit/537.36 (KHTML, like Gecko) Chrome/120.0.0.0 Safari/537.36"
45.131.195.156 - - [15/Apr/2026:08:18:03 +0200] "GET /about/function.php%20 HTTP/1.1" 301 351 "-" "Mozilla/5.0 (Windows NT 10.0; WOW64) AppleWebKit/537.36 (KHTML, like Gecko) Chrome/72.0.3626.121 Safari/537.36"
95.216.2.94 - - [15/Apr/2026:08:18:04 +0200] "GET /wp-content/themes/gridfocus/images/default_og_image.jpg HTTP/1.0" 200 278199 "-" "-"
20.212.200.71 - - [15/Apr/2026:08:18:04 +0200] "GET /x.php HTTP/1.1" 404 24663 "-" "Mozilla/5.0 (Windows NT 10.0; Win64; x64) AppleWebKit/537.36 (KHTML, like Gecko) Chrome/120.0.0.0 Safari/537.36"
95.216.2.94 - - [15/Apr/2026:08:18:05 +0200] "GET /wp-content/themes/gridfocus/images/default_og_image.jpg HTTP/1.0" 200 278199 "-" "-"
45.131.195.156 - - [15/Apr/2026:08:18:04 +0200] "GET /wp-includes/images/install.php HTTP/1.1" 404 24408 "-" "Mozilla/5.0 (Windows NT 10.0; Win64; x64) AppleWebKit/537.36 (KHTML, like Gecko) Chrome/74.0.3729.157 Safari/537.36"
95.216.2.94 - - [15/Apr/2026:08:18:05 +0200] "GET /wp-content/themes/gridfocus/images/default_og_image.jpg HTTP/1.0" 200 278199 "-" "-"
20.212.200.71 - - [15/Apr/2026:08:18:05 +0200] "GET /jga.php HTTP/1.1" 404 24665 "-" "Mozilla/5.0 (Windows NT 10.0; Win64; x64) AppleWebKit/537.36 (KHTML, like Gecko) Chrome/120.0.0.0 Safari/537.36"
95.216.2.94 - - [15/Apr/2026:08:18:06 +0200] "GET /wp-content/themes/gridfocus/images/default_og_image.jpg HTTP/1.0" 200 278199 "-" "-"
45.131.195.156 - - [15/Apr/2026:08:18:05 +0200] "GET /wp-includes/PHPMailer/xleet.php HTTP/1.1" 404 24409 "-" "Mozilla/5.0 (Windows NT 10.0; WOW64) AppleWebKit/537.36 (KHTML, like Gecko) Chrome/84.0.4147.105 Safari/537.36"
95.216.2.94 - - [15/Apr/2026:08:18:06 +0200] "GET /wp-content/themes/gridfocus/images/default_og_image.jpg HTTP/1.0" 200 278199 "-" "-"
20.212.200.71 - - [15/Apr/2026:08:18:06 +0200] "GET /k.php HTTP/1.1" 404 24663 "-" "Mozilla/5.0 (Windows NT 10.0; Win64; x64) AppleWebKit/537.36 (KHTML, like Gecko) Chrome/120.0.0.0 Safari/537.36"
95.216.2.94 - - [15/Apr/2026:08:18:06 +0200] "GET /wp-content/themes/gridfocus/images/default_og_image.jpg HTTP/1.0" 200 278199 "-" "-"
45.131.195.156 - - [15/Apr/2026:08:18:06 +0200] "GET /wp-admin/js/widgets/doc.php HTTP/1.1" 404 24405 "-" "Mozilla/5.0 (Windows NT 10.0; Win64; x64) AppleWebKit/537.36 (KHTML, like Gecko) Chrome/83.0.4103.61 Safari/537.36"
95.216.2.94 - - [15/Apr/2026:08:18:07 +0200] "GET /wp-content/themes/gridfocus/images/default_og_image.jpg HTTP/1.0" 200 278199 "-" "-"
20.212.200.71 - - [15/Apr/2026:08:18:07 +0200] "GET /vx.php HTTP/1.1" 404 24664 "-" "Mozilla/5.0 (Windows NT 10.0; Win64; x64) AppleWebKit/537.36 (KHTML, like Gecko) Chrome/120.0.0.0 Safari/537.36"
95.216.2.94 - - [15/Apr/2026:08:18:07 +0200] "GET /wp-content/themes/gridfocus/images/default_og_image.jpg HTTP/1.0" 200 278199 "-" "-"
45.131.195.156 - - [15/Apr/2026:08:18:07 +0200] "GET /f35_SpaceTn.php HTTP/1.1" 404 24393 "-" "Mozilla/5.0 (Windows NT 10.0; Win64; x64) AppleWebKit/537.36 (KHTML, like Gecko) Chrome/80.0.3987.149 Safari/537.36"
95.216.2.94 - - [15/Apr/2026:08:18:08 +0200] "GET /wp-content/themes/gridfocus/images/default_og_image.jpg HTTP/1.0" 200 278199 "-" "-"
45.131.195.156 - - [15/Apr/2026:08:18:08 +0200] "GET /wp-admin/css/colors/sunrise/bypass.php HTTP/1.1" 404 24416 "-" "Mozilla/5.0 (Windows NT 10.0; Win64; x64) AppleWebKit/537.36 (KHTML, like Gecko) Chrome/81.0.4044.129 Safari/537.36"
95.216.2.94 - - [15/Apr/2026:08:18:08 +0200] "GET /wp-content/themes/gridfocus/images/default_og_image.jpg HTTP/1.0" 200 278199 "-" "-"
20.212.200.71 - - [15/Apr/2026:08:18:08 +0200] "GET /ws77.php HTTP/1.1" 404 24666 "-" "Mozilla/5.0 (Windows NT 10.0; Win64; x64) AppleWebKit/537.36 (KHTML, like Gecko) Chrome/120.0.0.0 Safari/537.36"
95.216.2.94 - - [15/Apr/2026:08:18:09 +0200] "GET /wp-content/themes/gridfocus/images/default_og_image.jpg HTTP/1.0" 200 278199 "-" "-"
45.131.195.156 - - [15/Apr/2026:08:18:09 +0200] "GET /vendor/phpunit/phpunit/src/Util/PHP/fixed.php HTTP/1.1" 404 24423 "-" "Mozilla/5.0 (Windows NT 6.1; Win64; x64) AppleWebKit/537.36 (KHTML, like Gecko) Chrome/74.0.3729.169 Safari/537.36"
95.216.2.94 - - [15/Apr/2026:08:18:10 +0200] "GET /wp-content/themes/gridfocus/images/default_og_image.jpg HTTP/1.0" 200 278199 "-" "-"
20.212.200.71 - - [15/Apr/2026:08:18:09 +0200] "GET /2.php HTTP/1.1" 404 24663 "-" "Mozilla/5.0 (Windows NT 10.0; Win64; x64) AppleWebKit/537.36 (KHTML, like Gecko) Chrome/120.0.0.0 Safari/537.36"
95.216.2.94 - - [15/Apr/2026:08:18:10 +0200] "GET /wp-content/themes/gridfocus/images/default_og_image.jpg HTTP/1.0" 200 278199 "-" "-"
45.131.195.156 - - [15/Apr/2026:08:18:09 +0200] "GET /wp-admin/js/widgets/themes.php HTTP/1.1" 404 24408 "-" "Mozilla/5.0 (Windows NT 10.0; Win64; x64) AppleWebKit/537.36 (KHTML, like Gecko) Chrome/70.0.3538.110 Safari/537.36"
95.216.2.94 - - [15/Apr/2026:08:18:11 +0200] "GET /wp-content/themes/gridfocus/images/default_og_image.jpg HTTP/1.0" 200 278199 "-" "-"
20.212.200.71 - - [15/Apr/2026:08:18:10 +0200] "GET /abcd.php HTTP/1.1" 404 24666 "-" "Mozilla/5.0 (Windows NT 10.0; Win64; x64) AppleWebKit/537.36 (KHTML, like Gecko) Chrome/120.0.0.0 Safari/537.36"
95.216.2.94 - - [15/Apr/2026:08:18:11 +0200] "GET /wp-content/themes/gridfocus/images/default_og_image.jpg HTTP/1.0" 200 278199 "-" "-"
45.131.195.156 - - [15/Apr/2026:08:18:10 +0200] "GET /wp-content/plugins/fix/bypass.php HTTP/1.1" 404 24411 "-" "Mozilla/5.0 (Windows NT 6.1; Win64; x64) AppleWebKit/537.36 (KHTML, like Gecko) Chrome/58.0.3029.110 Safari/537.3"
95.216.2.94 - - [15/Apr/2026:08:18:12 +0200] "GET /wp-content/themes/gridfocus/images/default_og_image.jpg HTTP/1.0" 200 278199 "-" "-"
20.212.200.71 - - [15/Apr/2026:08:18:11 +0200] "GET /wp-content/plugins/admin.php HTTP/1.1" 404 24686 "-" "Mozilla/5.0 (Windows NT 10.0; Win64; x64) AppleWebKit/537.36 (KHTML, like Gecko) Chrome/120.0.0.0 Safari/537.36"
95.216.2.94 - - [15/Apr/2026:08:18:12 +0200] "GET /wp-content/themes/gridfocus/images/default_og_image.jpg HTTP/1.0" 200 278199 "-" "-"
45.131.195.156 - - [15/Apr/2026:08:18:11 +0200] "GET /wp-includes/category-double.php HTTP/1.1" 404 24409 "-" "Mozilla/5.0 (Windows NT 10.0; Win64; x64; rv:67.0) Gecko/20100101 Firefox/67.0"
95.216.2.94 - - [15/Apr/2026:08:18:12 +0200] "GET /wp-content/uploads/2016/01/clipconverter.jpg HTTP/1.0" 200 13838 "-" "-"
95.216.2.94 - - [15/Apr/2026:08:18:12 +0200] "GET /wp-content/uploads/2016/01/clipconverter.jpg HTTP/1.0" 200 13838 "-" "-"
43.130.12.43 - - [15/Apr/2026:08:18:11 +0200] "GET /2016/01/05/download-from-youtube-1080p/ HTTP/1.1" 200 12815 "-" "Mozilla/5.0 (iPhone; CPU iPhone OS 13_2_3 like Mac OS X) AppleWebKit/605.1.15 (KHTML, like Gecko) Version/13.0.3 Mobile/15E148 Safari/604.1"
95.216.2.94 - - [15/Apr/2026:08:18:13 +0200] "GET /wp-content/themes/gridfocus/images/default_og_image.jpg HTTP/1.0" 200 278199 "-" "-"
20.212.200.71 - - [15/Apr/2026:08:18:12 +0200] "GET /asd.php HTTP/1.1" 404 24665 "-" "Mozilla/5.0 (Windows NT 10.0; Win64; x64) AppleWebKit/537.36 (KHTML, like Gecko) Chrome/120.0.0.0 Safari/537.36"
95.216.2.94 - - [15/Apr/2026:08:18:13 +0200] "GET /wp-content/themes/gridfocus/images/default_og_image.jpg HTTP/1.0" 200 278199 "-" "-"
45.131.195.156 - - [15/Apr/2026:08:18:12 +0200] "GET /wp-admin/maint/admin.php HTTP/1.1" 404 24402 "-" "Mozilla/5.0 (Windows NT 10.0; Win64; x64) AppleWebKit/537.36 (KHTML, like Gecko) Chrome/74.0.3729.169 Safari/537.36"
95.216.2.94 - - [15/Apr/2026:08:18:14 +0200] "GET /wp-content/themes/gridfocus/images/default_og_image.jpg HTTP/1.0" 200 278199 "-" "-"
45.131.195.156 - - [15/Apr/2026:08:18:13 +0200] "GET /blog/signatur.php HTTP/1.1" 404 24395 "-" "Mozilla/5.0 (Windows NT 10.0; Win64; x64) AppleWebKit/537.36 (KHTML, like Gecko) Chrome/70.0.3538.110 Safari/537.36"
95.216.2.94 - - [15/Apr/2026:08:18:14 +0200] "GET /wp-content/themes/gridfocus/images/default_og_image.jpg HTTP/1.0" 200 278199 "-" "-"
20.212.200.71 - - [15/Apr/2026:08:18:13 +0200] "GET /default.php HTTP/1.1" 404 24669 "-" "Mozilla/5.0 (Windows NT 10.0; Win64; x64) AppleWebKit/537.36 (KHTML, like Gecko) Chrome/120.0.0.0 Safari/537.36"
95.216.2.94 - - [15/Apr/2026:08:18:15 +0200] "GET /wp-content/themes/gridfocus/images/default_og_image.jpg HTTP/1.0" 200 278199 "-" "-"
45.131.195.156 - - [15/Apr/2026:08:18:14 +0200] "GET /wp-includes/assets/db.php HTTP/1.1" 404 24403 "-" "Mozilla/5.0 (Windows NT 10.0; Win64; x64; rv:73.0) Gecko/20100101 Firefox/73.0"
95.216.2.94 - - [15/Apr/2026:08:18:15 +0200] "GET /wp-content/themes/gridfocus/images/default_og_image.jpg HTTP/1.0" 200 278199 "-" "-"
20.212.200.71 - - [15/Apr/2026:08:18:14 +0200] "GET /gettest.php HTTP/1.1" 404 24669 "-" "Mozilla/5.0 (Windows NT 10.0; Win64; x64) AppleWebKit/537.36 (KHTML, like Gecko) Chrome/120.0.0.0 Safari/537.36"
95.216.2.94 - - [15/Apr/2026:08:18:16 +0200] "GET /wp-content/themes/gridfocus/images/default_og_image.jpg HTTP/1.0" 200 278199 "-" "-"
45.131.195.156 - - [15/Apr/2026:08:18:15 +0200] "GET /wp-includes/widgets/security.php HTTP/1.1" 404 24410 "-" "Mozilla/5.0 (Macintosh; Intel Mac OS X 10.15; rv:79.0) Gecko/20100101 Firefox/79.0"
95.216.2.94 - - [15/Apr/2026:08:18:16 +0200] "GET /wp-content/themes/gridfocus/images/default_og_image.jpg HTTP/1.0" 200 278199 "-" "-"
20.212.200.71 - - [15/Apr/2026:08:18:15 +0200] "GET /install.php HTTP/1.1" 404 24669 "-" "Mozilla/5.0 (Windows NT 10.0; Win64; x64) AppleWebKit/537.36 (KHTML, like Gecko) Chrome/120.0.0.0 Safari/537.36"
95.216.2.94 - - [15/Apr/2026:08:18:16 +0200] "GET /wp-content/themes/gridfocus/images/default_og_image.jpg HTTP/1.0" 200 278199 "-" "-"
45.131.195.156 - - [15/Apr/2026:08:18:16 +0200] "GET /include/install.php HTTP/1.1" 404 24397 "-" "Mozilla/5.0 (X11; Ubuntu; Linux x86_64; rv:79.0) Gecko/20100101 Firefox/79.0"
95.216.2.94 - - [15/Apr/2026:08:18:17 +0200] "GET /wp-content/themes/gridfocus/images/default_og_image.jpg HTTP/1.0" 200 278199 "-" "-"
20.212.200.71 - - [15/Apr/2026:08:18:16 +0200] "GET /tfm.php HTTP/1.1" 404 24665 "-" "Mozilla/5.0 (Windows NT 10.0; Win64; x64) AppleWebKit/537.36 (KHTML, like Gecko) Chrome/120.0.0.0 Safari/537.36"
74.7.241.153 - - [15/Apr/2026:08:18:17 +0200] "GET /robots.txt HTTP/1.1" 200 539 "-" "Mozilla/5.0 (Macintosh; Intel Mac OS X 10_15_7) AppleWebKit/537.36 (KHTML, like Gecko) Chrome/131.0.0.0 Safari/537.36; compatible; OAI-SearchBot/1.3; robots.txt; +https://openai.com/searchbot"
95.216.2.94 - - [15/Apr/2026:08:18:17 +0200] "GET /wp-content/themes/gridfocus/images/default_og_image.jpg HTTP/1.0" 200 278199 "-" "-"
45.131.195.156 - - [15/Apr/2026:08:18:17 +0200] "GET /gm.php HTTP/1.1" 404 24384 "-" "Mozilla/5.0 (Windows NT 10.0; Win64; x64) AppleWebKit/537.36 (KHTML, like Gecko) Chrome/77.0.3865.90 Safari/537.36"
74.7.227.60 - - [15/Apr/2026:08:18:17 +0200] "GET /2008/06/11/torrent-trackers/%3C//u%3E%3C//a%3E HTTP/1.1" 301 377 "https://lenkovictor.forum24.ru" "Mozilla/5.0 AppleWebKit/537.36 (KHTML, like Gecko; compatible; GPTBot/1.3; +https://openai.com/gptbot)"
95.216.2.94 - - [15/Apr/2026:08:18:18 +0200] "GET /wp-content/themes/gridfocus/images/default_og_image.jpg HTTP/1.0" 200 278199 "-" "-"
20.212.200.71 - - [15/Apr/2026:08:18:17 +0200] "GET /ws81.php HTTP/1.1" 404 24666 "-" "Mozilla/5.0 (Windows NT 10.0; Win64; x64) AppleWebKit/537.36 (KHTML, like Gecko) Chrome/120.0.0.0 Safari/537.36"
95.216.2.94 - - [15/Apr/2026:08:18:18 +0200] "GET /wp-content/themes/gridfocus/images/default_og_image.jpg HTTP/1.0" 200 278199 "-" "-"
45.131.195.156 - - [15/Apr/2026:08:18:18 +0200] "GET /wp-includes/class-wp-language-pack.php HTTP/1.1" 404 24416 "-" "Mozilla/5.0 (Windows NT 10.0; Win64; x64) AppleWebKit/537.36 (KHTML, like Gecko) Chrome/79.0.3945.79 Safari/537.36"
95.216.2.94 - - [15/Apr/2026:08:18:19 +0200] "GET /wp-content/themes/gridfocus/images/default_og_image.jpg HTTP/1.0" 200 278199 "-" "-"
74.7.227.60 - - [15/Apr/2026:08:18:18 +0200] "GET /2008/06/11/torrent-trackers/%3C/u%3E%3C/a%3E HTTP/1.1" 404 24422 "http://notes.rudomilov.ru/2008/06/11/torrent-trackers/%3C//u%3E%3C//a%3E" "Mozilla/5.0 AppleWebKit/537.36 (KHTML, like Gecko; compatible; GPTBot/1.3; +https://openai.com/gptbot)"
95.216.2.94 - - [15/Apr/2026:08:18:19 +0200] "GET /wp-content/themes/gridfocus/images/default_og_image.jpg HTTP/1.0" 200 278199 "-" "-"
20.212.200.71 - - [15/Apr/2026:08:18:19 +0200] "GET /222.php HTTP/1.1" 404 24665 "-" "Mozilla/5.0 (Windows NT 10.0; Win64; x64) AppleWebKit/537.36 (KHTML, like Gecko) Chrome/120.0.0.0 Safari/537.36"
95.216.2.94 - - [15/Apr/2026:08:18:20 +0200] "GET /wp-content/themes/gridfocus/images/default_og_image.jpg HTTP/1.0" 200 278199 "-" "-"
45.131.195.156 - - [15/Apr/2026:08:18:19 +0200] "GET /js/content-type.php HTTP/1.1" 404 24397 "-" "Mozilla/5.0 (Windows NT 10.0; WOW64; x64) AppleWebKit/537.36 (KHTML, like Gecko) Chrome/84.0.4147.105 Safari/537.36 OPR/70.0.3728.95"
95.216.2.94 - - [15/Apr/2026:08:18:20 +0200] "GET /wp-content/themes/gridfocus/images/default_og_image.jpg HTTP/1.0" 200 278199 "-" "-"
45.131.195.156 - - [15/Apr/2026:08:18:20 +0200] "GET /wp-includes/class-walker-comment-client.php HTTP/1.1" 404 24421 "-" "Mozilla/5.0 (Windows NT 6.1; Win64; x64) AppleWebKit/537.36 (KHTML, like Gecko) Chrome/78.0.3904.108 Safari/537.36"
95.216.2.94 - - [15/Apr/2026:08:18:20 +0200] "GET /wp-content/themes/gridfocus/images/default_og_image.jpg HTTP/1.0" 200 278199 "-" "-"
20.212.200.71 - - [15/Apr/2026:08:18:20 +0200] "GET /t.php HTTP/1.1" 404 24663 "-" "Mozilla/5.0 (Windows NT 10.0; Win64; x64) AppleWebKit/537.36 (KHTML, like Gecko) Chrome/120.0.0.0 Safari/537.36"
95.216.2.94 - - [15/Apr/2026:08:18:21 +0200] "GET /wp-content/themes/gridfocus/images/default_og_image.jpg HTTP/1.0" 200 278199 "-" "-"
45.131.195.156 - - [15/Apr/2026:08:18:21 +0200] "GET /about/goods.php HTTP/1.1" 404 24393 "-" "Mozilla/5.0 (Windows NT 10.0; Win64; x64) AppleWebKit/537.36 (KHTML, like Gecko) Chrome/70.0.3538.77 Safari/537.36"
20.212.200.71 - - [15/Apr/2026:08:18:21 +0200] "GET /wp-admin/maint/index.php HTTP/1.1" 301 502 "-" "Mozilla/5.0 (Windows NT 10.0; Win64; x64) AppleWebKit/537.36 (KHTML, like Gecko) Chrome/120.0.0.0 Safari/537.36"
95.216.2.94 - - [15/Apr/2026:08:18:22 +0200] "GET /wp-content/themes/gridfocus/images/default_og_image.jpg HTTP/1.0" 200 278199 "-" "-"
45.131.195.156 - - [15/Apr/2026:08:18:21 +0200] "GET /file/function.php HTTP/1.1" 404 24395 "-" "Mozilla/5.0 (X11; Fedora; Linux x86_64; rv:79.0) Gecko/20100101 Firefox/79.0"
95.216.2.94 - - [15/Apr/2026:08:18:22 +0200] "GET /wp-content/themes/gridfocus/images/default_og_image.jpg HTTP/1.0" 200 278199 "-" "-"
20.212.200.71 - - [15/Apr/2026:08:18:22 +0200] "GET /6xBAm3vODE05BSzkJZRAws.php HTTP/1.1" 404 24684 "-" "Mozilla/5.0 (Windows NT 10.0; Win64; x64) AppleWebKit/537.36 (KHTML, like Gecko) Chrome/120.0.0.0 Safari/537.36"
95.216.2.94 - - [15/Apr/2026:08:18:23 +0200] "GET /wp-content/themes/gridfocus/images/default_og_image.jpg HTTP/1.0" 200 278199 "-" "-"
45.131.195.156 - - [15/Apr/2026:08:18:22 +0200] "GET /function/goods.php HTTP/1.1" 404 24396 "-" "Mozilla/5.0 (compatible; MSIE 10.0; Windows NT 6.1; Trident/6.0)"
95.216.2.94 - - [15/Apr/2026:08:18:24 +0200] "GET /wp-content/themes/gridfocus/images/default_og_image.jpg HTTP/1.0" 200 278199 "-" "-"
20.212.200.71 - - [15/Apr/2026:08:18:23 +0200] "GET /a.php HTTP/1.1" 404 24685 "-" "Mozilla/5.0 (Windows NT 10.0; Win64; x64) AppleWebKit/537.36 (KHTML, like Gecko) Chrome/120.0.0.0 Safari/537.36"
95.216.2.94 - - [15/Apr/2026:08:18:24 +0200] "GET /wp-content/themes/gridfocus/images/default_og_image.jpg HTTP/1.0" 200 278199 "-" "-"
45.131.195.156 - - [15/Apr/2026:08:18:23 +0200] "GET /vendor/phpunit/phpunit/src/Util/PHP/bypass.php HTTP/1.1" 404 24424 "-" "Mozilla/5.0 (Windows NT 10.0) AppleWebKit/537.36 (KHTML, like Gecko) Chrome/84.0.4147.105 Safari/537.36"
95.216.2.94 - - [15/Apr/2026:08:18:25 +0200] "GET /wp-content/themes/gridfocus/images/default_og_image.jpg HTTP/1.0" 200 278199 "-" "-"
20.212.200.71 - - [15/Apr/2026:08:18:24 +0200] "GET /a1.php HTTP/1.1" 404 24664 "-" "Mozilla/5.0 (Windows NT 10.0; Win64; x64) AppleWebKit/537.36 (KHTML, like Gecko) Chrome/120.0.0.0 Safari/537.36"
45.131.195.156 - - [15/Apr/2026:08:18:24 +0200] "GET /wp-content/upgrade/index.php HTTP/1.1" 301 352 "-" "Mozilla/5.0 (Windows NT 10.0; WOW64) AppleWebKit/537.36 (KHTML, like Gecko) Chrome/84.0.4147.105 Safari/537.36"
95.216.2.94 - - [15/Apr/2026:08:18:26 +0200] "GET /wp-content/themes/gridfocus/images/default_og_image.jpg HTTP/1.0" 200 278199 "-" "-"
20.212.200.71 - - [15/Apr/2026:08:18:25 +0200] "GET /onclickfuns.php HTTP/1.1" 404 24673 "-" "Mozilla/5.0 (Windows NT 10.0; Win64; x64) AppleWebKit/537.36 (KHTML, like Gecko) Chrome/120.0.0.0 Safari/537.36"
95.216.2.94 - - [15/Apr/2026:08:18:26 +0200] "GET /wp-content/themes/gridfocus/images/default_og_image.jpg HTTP/1.0" 200 278199 "-" "-"
45.131.195.156 - - [15/Apr/2026:08:18:25 +0200] "GET /wp-includes/class-wp-network-query-stat.php HTTP/1.1" 404 24421 "-" "Mozilla/5.0 (X11; Ubuntu; Linux x86_64; rv:79.0) Gecko/20100101 Firefox/79.0"
95.216.2.94 - - [15/Apr/2026:08:18:27 +0200] "GET /wp-content/themes/gridfocus/images/default_og_image.jpg HTTP/1.0" 200 278199 "-" "-"
45.131.195.156 - - [15/Apr/2026:08:18:26 +0200] "GET /wp-content/themes/pridmag/db.php HTTP/1.1" 404 24410 "-" "Mozilla/5.0 (Windows NT 10.0) AppleWebKit/537.36 (KHTML, like Gecko) Chrome/84.0.4147.105 Safari/537.36"
95.216.2.94 - - [15/Apr/2026:08:18:27 +0200] "GET /wp-content/themes/gridfocus/images/default_og_image.jpg HTTP/1.0" 200 278199 "-" "-"
20.212.200.71 - - [15/Apr/2026:08:18:26 +0200] "GET /w.php HTTP/1.1" 404 24663 "-" "Mozilla/5.0 (Windows NT 10.0; Win64; x64) AppleWebKit/537.36 (KHTML, like Gecko) Chrome/120.0.0.0 Safari/537.36"
95.216.2.94 - - [15/Apr/2026:08:18:28 +0200] "GET /wp-content/themes/gridfocus/images/default_og_image.jpg HTTP/1.0" 200 278199 "-" "-"
45.131.195.156 - - [15/Apr/2026:08:18:27 +0200] "GET /plugin-install.php HTTP/1.1" 404 24396 "-" "Mozilla/5.0 (Macintosh; Intel Mac OS X 10_12_6) AppleWebKit/537.36 (KHTML, like Gecko) Chrome/58.0.3029.110 Safari/537.3"
95.216.2.94 - - [15/Apr/2026:08:18:28 +0200] "GET /wp-content/themes/gridfocus/images/default_og_image.jpg HTTP/1.0" 200 278199 "-" "-"
20.212.200.71 - - [15/Apr/2026:08:18:27 +0200] "GET /wp-admin/maint/about.php HTTP/1.1" 404 24682 "-" "Mozilla/5.0 (Windows NT 10.0; Win64; x64) AppleWebKit/537.36 (KHTML, like Gecko) Chrome/120.0.0.0 Safari/537.36"
20.212.200.71 - - [15/Apr/2026:08:18:28 +0200] "GET /wp-content/plugins/index.php HTTP/1.1" 200 278 "-" "Mozilla/5.0 (Windows NT 10.0; Win64; x64) AppleWebKit/537.36 (KHTML, like Gecko) Chrome/120.0.0.0 Safari/537.36"
95.216.2.94 - - [15/Apr/2026:08:18:29 +0200] "GET /wp-content/themes/gridfocus/images/default_og_image.jpg HTTP/1.0" 200 278199 "-" "-"
45.131.195.156 - - [15/Apr/2026:08:18:28 +0200] "GET /wp-includes/class-wp-session-tokens-https.php HTTP/1.1" 404 24423 "-" "Mozilla/5.0 (Windows NT 6.1; Win64; x64) AppleWebKit/537.36 (KHTML, like Gecko) Chrome/58.0.3029.110 Safari/537.3"
95.216.2.94 - - [15/Apr/2026:08:18:29 +0200] "GET /wp-content/themes/gridfocus/images/default_og_image.jpg HTTP/1.0" 200 278199 "-" "-"
20.212.200.71 - - [15/Apr/2026:08:18:29 +0200] "GET /wp-good.php HTTP/1.1" 404 24669 "-" "Mozilla/5.0 (Windows NT 10.0; Win64; x64) AppleWebKit/537.36 (KHTML, like Gecko) Chrome/120.0.0.0 Safari/537.36"
95.216.2.94 - - [15/Apr/2026:08:18:30 +0200] "GET /wp-content/themes/gridfocus/images/default_og_image.jpg HTTP/1.0" 200 278199 "-" "-"
45.131.195.156 - - [15/Apr/2026:08:18:29 +0200] "GET /wp-admin/js/load.php HTTP/1.1" 404 24398 "-" "Mozilla/5.0 (Macintosh; Intel Mac OS X 10_12_6) AppleWebKit/537.36 (KHTML, like Gecko) Chrome/58.0.3029.110 Safari/537.3"
95.216.2.94 - - [15/Apr/2026:08:18:30 +0200] "GET /wp-content/themes/gridfocus/images/default_og_image.jpg HTTP/1.0" 200 278199 "-" "-"
20.212.200.71 - - [15/Apr/2026:08:18:30 +0200] "GET /.info.php HTTP/1.1" 404 24667 "-" "Mozilla/5.0 (Windows NT 10.0; Win64; x64) AppleWebKit/537.36 (KHTML, like Gecko) Chrome/120.0.0.0 Safari/537.36"
95.216.2.94 - - [15/Apr/2026:08:18:30 +0200] "GET /wp-content/themes/gridfocus/images/default_og_image.jpg HTTP/1.0" 200 278199 "-" "-"
45.131.195.156 - - [15/Apr/2026:08:18:30 +0200] "GET /images/firewall.php7 HTTP/1.1" 404 24398 "-" "Mozilla/5.0 (Macintosh; Intel Mac OS X 10_15_6) AppleWebKit/537.36 (KHTML, like Gecko) Chrome/84.0.4147.105 Safari/537.36"
95.216.2.94 - - [15/Apr/2026:08:18:31 +0200] "GET /wp-content/themes/gridfocus/images/default_og_image.jpg HTTP/1.0" 200 278199 "-" "-"
20.212.200.71 - - [15/Apr/2026:08:18:31 +0200] "GET /config.php HTTP/1.1" 404 24668 "-" "Mozilla/5.0 (Windows NT 10.0; Win64; x64) AppleWebKit/537.36 (KHTML, like Gecko) Chrome/120.0.0.0 Safari/537.36"
95.216.2.94 - - [15/Apr/2026:08:18:31 +0200] "GET /wp-content/themes/gridfocus/images/default_og_image.jpg HTTP/1.0" 200 278199 "-" "-"
45.131.195.156 - - [15/Apr/2026:08:18:31 +0200] "GET /wp-includes/images/crystal/lrs_dage.php HTTP/1.1" 404 24417 "-" "Mozilla/5.0 (Windows NT 10.0; Win64; x64; rv:66.0) Gecko/20100101 Firefox/66.0"
95.216.2.94 - - [15/Apr/2026:08:18:32 +0200] "GET /wp-content/themes/gridfocus/images/default_og_image.jpg HTTP/1.0" 200 278199 "-" "-"
45.131.195.156 - - [15/Apr/2026:08:18:32 +0200] "GET /wp-content/upgrade/pdf.php HTTP/1.1" 404 24404 "-" "Mozilla/5.0 (Windows NT 10.0; Win64; x64; rv:74.0) Gecko/20100101 Firefox/74.0"
95.216.2.94 - - [15/Apr/2026:08:18:33 +0200] "GET /wp-content/themes/gridfocus/images/default_og_image.jpg HTTP/1.0" 200 278199 "-" "-"
20.212.200.71 - - [15/Apr/2026:08:18:32 +0200] "GET /item.php HTTP/1.1" 404 24666 "-" "Mozilla/5.0 (Windows NT 10.0; Win64; x64) AppleWebKit/537.36 (KHTML, like Gecko) Chrome/120.0.0.0 Safari/537.36"
95.216.2.94 - - [15/Apr/2026:08:18:33 +0200] "GET /wp-content/themes/gridfocus/images/default_og_image.jpg HTTP/1.0" 200 278199 "-" "-"
45.131.195.156 - - [15/Apr/2026:08:18:33 +0200] "GET /wp-includes/as.php HTTP/1.1" 404 24396 "-" "Mozilla/5.0 (X11; Linux x86_64) AppleWebKit/537.36 (KHTML, like Gecko) Chrome/84.0.4147.105 Safari/537.36 OPR/70.0.3728.95"
95.216.2.94 - - [15/Apr/2026:08:18:34 +0200] "GET /wp-content/themes/gridfocus/images/default_og_image.jpg HTTP/1.0" 200 278199 "-" "-"
20.212.200.71 - - [15/Apr/2026:08:18:33 +0200] "GET /m.php HTTP/1.1" 404 24663 "-" "Mozilla/5.0 (Windows NT 10.0; Win64; x64) AppleWebKit/537.36 (KHTML, like Gecko) Chrome/120.0.0.0 Safari/537.36"
95.216.2.94 - - [15/Apr/2026:08:18:34 +0200] "GET /wp-content/themes/gridfocus/images/default_og_image.jpg HTTP/1.0" 200 278199 "-" "-"
45.131.195.156 - - [15/Apr/2026:08:18:33 +0200] "GET /wp-content/item.php HTTP/1.1" 404 24397 "-" "Mozilla/5.0 (X11; Fedora; Linux x86_64; rv:79.0) Gecko/20100101 Firefox/79.0"
95.216.2.94 - - [15/Apr/2026:08:18:35 +0200] "GET /wp-content/themes/gridfocus/images/default_og_image.jpg HTTP/1.0" 200 278199 "-" "-"
20.212.200.71 - - [15/Apr/2026:08:18:34 +0200] "GET /rh.php HTTP/1.1" 404 24664 "-" "Mozilla/5.0 (Windows NT 10.0; Win64; x64) AppleWebKit/537.36 (KHTML, like Gecko) Chrome/120.0.0.0 Safari/537.36"
95.216.2.94 - - [15/Apr/2026:08:18:35 +0200] "GET /wp-content/themes/gridfocus/images/default_og_image.jpg HTTP/1.0" 200 278199 "-" "-"
45.131.195.156 - - [15/Apr/2026:08:18:34 +0200] "GET /wp-includes/certificates/wp-conflg.php HTTP/1.1" 404 24416 "-" "Mozilla/5.0 (Windows NT 6.1; Win64; x64) AppleWebKit/537.36 (KHTML, like Gecko) Chrome/80.0.3987.149 Safari/537.36"
95.216.2.94 - - [15/Apr/2026:08:18:36 +0200] "GET /wp-content/themes/gridfocus/images/default_og_image.jpg HTTP/1.0" 200 278199 "-" "-"
45.131.195.156 - - [15/Apr/2026:08:18:35 +0200] "GET /wp-includes/install.php HTTP/1.1" 404 24401 "-" "Mozilla/5.0 (Windows NT 10.0; Win64; x64; rv:75.0) Gecko/20100101 Firefox/75.0"
95.216.2.94 - - [15/Apr/2026:08:18:37 +0200] "GET /wp-content/themes/gridfocus/images/default_og_image.jpg HTTP/1.0" 200 278199 "-" "-"
45.131.195.156 - - [15/Apr/2026:08:18:36 +0200] "GET /wp-includes/customize/db.php HTTP/1.1" 404 24406 "-" "Mozilla/5.0 (Macintosh; Intel Mac OS X 10_15_6) AppleWebKit/537.36 (KHTML, like Gecko) Chrome/84.0.4147.105 Safari/537.36"
95.216.2.94 - - [15/Apr/2026:08:18:39 +0200] "GET /wp-content/themes/gridfocus/images/default_og_image.jpg HTTP/1.0" 200 278199 "-" "-"
45.131.195.156 - - [15/Apr/2026:08:18:38 +0200] "GET /css/fan.php HTTP/1.1" 404 24389 "-" "Mozilla/5.0 (X11; Ubuntu; Linux x86_64; rv:79.0) Gecko/20100101 Firefox/79.0"
95.216.2.94 - - [15/Apr/2026:08:18:41 +0200] "GET /wp-content/themes/gridfocus/images/default_og_image.jpg HTTP/1.0" 200 278199 "-" "-"
45.131.195.156 - - [15/Apr/2026:08:18:40 +0200] "GET /wp-admin/css/colors/blue/colors.php HTTP/1.1" 404 24413 "-" "Mozilla/5.0 (X11; Linux x86_64) AppleWebKit/537.36 (KHTML, like Gecko) Chrome/84.0.4147.105 Safari/537.36"
95.216.2.94 - - [15/Apr/2026:08:18:43 +0200] "GET /wp-content/themes/gridfocus/images/default_og_image.jpg HTTP/1.0" 200 278199 "-" "-"
45.131.195.156 - - [15/Apr/2026:08:18:42 +0200] "GET /images/mah.php HTTP/1.1" 404 24392 "-" "Mozilla/5.0 (Windows NT 10.0; WOW64; Trident/7.0; .NET4.0C; .NET4.0E; .NET CLR 2.0.50727; .NET CLR 3.0.30729; .NET CLR 3.5.30729; rv:11.0) like Gecko"
95.216.2.94 - - [15/Apr/2026:08:18:45 +0200] "GET /wp-content/themes/gridfocus/images/default_og_image.jpg HTTP/1.0" 200 278199 "-" "-"
45.131.195.156 - - [15/Apr/2026:08:18:44 +0200] "GET /wp-content/waf_defender.php HTTP/1.1" 404 24405 "-" "Mozilla/5.0 (Macintosh; Intel Mac OS X 10.15; rv:79.0) Gecko/20100101 Firefox/79.0"
95.216.2.94 - - [15/Apr/2026:08:18:46 +0200] "GET /wp-content/themes/gridfocus/images/default_og_image.jpg HTTP/1.0" 200 278199 "-" "-"
45.131.195.156 - - [15/Apr/2026:08:18:45 +0200] "GET /wp-admin/css/colors/ectoplasm/content.php HTTP/1.1" 404 24419 "-" "Mozilla/5.0 (X11; Ubuntu; Linux x86_64; rv:79.0) Gecko/20100101 Firefox/79.0"
95.216.2.94 - - [15/Apr/2026:08:18:47 +0200] "GET /wp-content/themes/gridfocus/images/default_og_image.jpg HTTP/1.0" 200 278199 "-" "-"
45.131.195.156 - - [15/Apr/2026:08:18:46 +0200] "GET /wp-content/install.php HTTP/1.1" 404 24400 "-" "Mozilla/5.0 (Windows NT 10.0; Win64; x64; rv:71.0) Gecko/20100101 Firefox/71.0"
95.216.2.94 - - [15/Apr/2026:08:18:48 +0200] "GET /wp-content/themes/gridfocus/images/default_og_image.jpg HTTP/1.0" 200 278199 "-" "-"
45.131.195.156 - - [15/Apr/2026:08:18:47 +0200] "GET /wp-includes/js/thickbox/about.php HTTP/1.1" 404 24411 "-" "Mozilla/5.0 (Windows NT 10.0; Win64; x64) AppleWebKit/537.36 (KHTML, like Gecko) Chrome/74.0.3729.157 Safari/537.36"
95.216.2.94 - - [15/Apr/2026:08:18:48 +0200] "GET /wp-content/themes/gridfocus/images/default_og_image.jpg HTTP/1.0" 200 278199 "-" "-"
45.131.195.156 - - [15/Apr/2026:08:18:48 +0200] "GET /wp-content/content.php HTTP/1.1" 404 24400 "-" "Mozilla/5.0 (Windows NT 10.0; Win64; x64; rv:77.0) Gecko/20100101 Firefox/77.0"
95.216.2.94 - - [15/Apr/2026:08:18:49 +0200] "GET /wp-content/themes/gridfocus/images/default_og_image.jpg HTTP/1.0" 200 278199 "-" "-"
45.131.195.156 - - [15/Apr/2026:08:18:49 +0200] "GET /wp-content/themes/twentytwentyfour/icascreenshots.php HTTP/1.1" 404 24431 "-" "Mozilla/5.0 (Windows NT 10.0; Win64; x64; rv:74.0) Gecko/20100101 Firefox/74.0"
95.216.2.94 - - [15/Apr/2026:08:18:50 +0200] "GET /wp-content/themes/gridfocus/images/default_og_image.jpg HTTP/1.0" 200 278199 "-" "-"
45.131.195.156 - - [15/Apr/2026:08:18:49 +0200] "GET /wp-content/upgrade/bypass.php HTTP/1.1" 404 24407 "-" "Mozilla/5.0 (Windows NT 10.0; Win64; x64) AppleWebKit/537.36 (KHTML, like Gecko) Chrome/70.0.3538.77 Safari/537.36"
95.216.2.94 - - [15/Apr/2026:08:18:51 +0200] "POST /wp-cron.php?doing_wp_cron=1776233931.5537788867950439453125 HTTP/1.1" 500 199 "-" "WordPress/6.4.8; https://notes.rudomilov.ru"
95.216.2.94 - - [15/Apr/2026:08:18:51 +0200] "GET /wp-content/themes/gridfocus/images/default_og_image.jpg HTTP/1.0" 200 278199 "-" "-"
45.131.195.156 - - [15/Apr/2026:08:18:50 +0200] "GET /wp-includes/rk2.php HTTP/1.1" 404 24397 "-" "Mozilla/5.0 (Macintosh; Intel Mac OS X 10.15; rv:79.0) Gecko/20100101 Firefox/79.0"
95.216.2.94 - - [15/Apr/2026:08:18:52 +0200] "GET /wp-content/themes/gridfocus/images/default_og_image.jpg HTTP/1.0" 200 278199 "-" "-"
45.131.195.156 - - [15/Apr/2026:08:18:51 +0200] "GET /wp-admin/css/colors/ocean/alam.php HTTP/1.1" 404 24412 "-" "Mozilla/5.0 (Windows NT 10.0; Win64; x64) AppleWebKit/537.36 (KHTML, like Gecko) Chrome/74.0.3729.169 Safari/537.36"
95.216.2.94 - - [15/Apr/2026:08:18:53 +0200] "GET /wp-content/themes/gridfocus/images/default_og_image.jpg HTTP/1.0" 200 278199 "-" "-"
45.131.195.156 - - [15/Apr/2026:08:18:52 +0200] "GET /b.php HTTP/1.1" 404 24383 "-" "Mozilla/5.0 (Windows NT 10.0; Win64; x64) AppleWebKit/537.36 (KHTML, like Gecko) Chrome/84.0.4147.105 Safari/537.36"
95.216.2.94 - - [15/Apr/2026:08:18:54 +0200] "GET /wp-content/themes/gridfocus/images/default_og_image.jpg HTTP/1.0" 200 278199 "-" "-"
45.131.195.156 - - [15/Apr/2026:08:18:53 +0200] "GET /wp-includes/certificates/past.php HTTP/1.1" 404 24411 "-" "Mozilla/5.0 (Windows NT 10.0) AppleWebKit/537.36 (KHTML, like Gecko) Chrome/84.0.4147.105 Safari/537.36"
95.216.2.94 - - [15/Apr/2026:08:18:55 +0200] "GET /wp-content/themes/gridfocus/images/default_og_image.jpg HTTP/1.0" 200 278199 "-" "-"
45.131.195.156 - - [15/Apr/2026:08:18:54 +0200] "GET /css/as.php HTTP/1.1" 404 24388 "-" "Mozilla/5.0 (Windows NT 10.0; Win64; x64; rv:71.0) Gecko/20100101 Firefox/71.0"
95.216.2.94 - - [15/Apr/2026:08:18:55 +0200] "GET /wp-content/themes/gridfocus/images/default_og_image.jpg HTTP/1.0" 200 278199 "-" "-"
45.131.195.156 - - [15/Apr/2026:08:18:55 +0200] "GET /wp-content/plugins/pwnd/sst.php HTTP/1.1" 404 24409 "-" "Mozilla/5.0 (Windows NT 10.0; Win64; x64) AppleWebKit/537.36 (KHTML, like Gecko) Chrome/81.0.4044.129 Safari/537.36"
95.216.2.94 - - [15/Apr/2026:08:18:56 +0200] "GET /wp-content/themes/gridfocus/images/default_og_image.jpg HTTP/1.0" 200 278199 "-" "-"
45.131.195.156 - - [15/Apr/2026:08:18:56 +0200] "GET /wp-includes/edit-tags.php HTTP/1.1" 404 24403 "-" "Mozilla/5.0 (Windows NT 10.0; Win64; x64) AppleWebKit/537.36 (KHTML, like Gecko) Chrome/81.0.4044.129 Safari/537.36"
