95.216.2.94 - - [15/Apr/2026:08:54:05 +0200] "POST /wp-cron.php?doing_wp_cron=1776236045.7312660217285156250000 HTTP/1.1" 500 199 "-" "WordPress/6.4.8; https://notes.rudomilov.ru"
37.59.21.100 - - [15/Apr/2026:08:54:05 +0200] "GET /2007/07/07/photosight-rassyilaet-spam/feed/ HTTP/1.1" 200 1396 "-" "Mozilla/5.0 (X11; Linux i686) AppleWebKit/537.36 (KHTML, like Gecko) Chrome/30.0.1599.66 Safari/537.36"
95.216.2.94 - - [15/Apr/2026:08:56:09 +0200] "POST /wp-cron.php?doing_wp_cron=1776236169.0887329578399658203125 HTTP/1.1" 500 199 "-" "WordPress/6.4.8; https://notes.rudomilov.ru"
37.59.21.100 - - [15/Apr/2026:08:56:08 +0200] "GET /2011/02/05/vpn/feed/ HTTP/1.1" 200 3000 "-" "Mozilla/5.0 (X11; Linux i686) AppleWebKit/537.36 (KHTML, like Gecko) Chrome/30.0.1599.66 Safari/537.36"
95.216.2.94 - - [15/Apr/2026:08:58:41 +0200] "POST /wp-cron.php?doing_wp_cron=1776236321.2216451168060302734375 HTTP/1.1" 500 4080 "-" "WordPress/6.4.8; https://notes.rudomilov.ru"
95.216.2.94 - - [15/Apr/2026:08:58:41 +0200] "GET /wp-content/themes/gridfocus/images/default_og_image.jpg HTTP/1.0" 200 278199 "-" "-"
43.157.43.147 - - [15/Apr/2026:08:58:40 +0200] "GET /page/2/ HTTP/1.1" 200 18620 "-" "Mozilla/5.0 (iPhone; CPU iPhone OS 13_2_3 like Mac OS X) AppleWebKit/605.1.15 (KHTML, like Gecko) Version/13.0.3 Mobile/15E148 Safari/604.1"
95.216.2.94 - - [15/Apr/2026:08:58:42 +0200] "GET /wp-content/themes/gridfocus/images/default_og_image.jpg HTTP/1.0" 200 278199 "-" "-"
52.167.144.216 - - [15/Apr/2026:08:58:41 +0200] "GET /2008/07/24/tipovoj-dogovor-na-razmeshhenie-internet-reklamy/ HTTP/1.1" 200 13854 "-" "Mozilla/5.0 AppleWebKit/537.36 (KHTML, like Gecko; compatible; bingbot/2.0; +http://www.bing.com/bingbot.htm) Chrome/116.0.1938.76 Safari/537.36"
114.119.132.36 - - [15/Apr/2026:08:59:16 +0200] "GET /robots.txt HTTP/1.1" 200 4402 "-" "Mozilla/5.0 (compatible;PetalBot;+https://webmaster.petalsearch.com/site/petalbot)"
95.216.2.94 - - [15/Apr/2026:08:59:22 +0200] "GET /wp-content/uploads/2009/07/3663255053_0312f17411.jpg HTTP/1.0" 200 97815 "-" "-"
95.216.2.94 - - [15/Apr/2026:08:59:22 +0200] "GET /wp-content/uploads/2009/07/d-link_dwl-2000applus_1.jpg HTTP/1.0" 200 20391 "-" "-"
95.216.2.94 - - [15/Apr/2026:08:59:22 +0200] "GET /wp-content/uploads/2009/07/ant.jpg HTTP/1.0" 200 7206 "-" "-"
95.216.2.94 - - [15/Apr/2026:08:59:23 +0200] "GET /wp-content/uploads/2009/07/ec506.jpg HTTP/1.0" 200 33385 "-" "-"
95.216.2.94 - - [15/Apr/2026:08:59:23 +0200] "GET /wp-content/uploads/2009/07/3_2.jpg HTTP/1.0" 200 9947 "-" "-"
95.216.2.94 - - [15/Apr/2026:08:59:23 +0200] "GET /wp-content/uploads/2009/07/cottage_visio.jpg HTTP/1.0" 200 17498 "-" "-"
95.216.2.94 - - [15/Apr/2026:08:59:23 +0200] "GET /wp-content/themes/gridfocus/images/default_og_image.jpg HTTP/1.0" 200 278199 "-" "-"
5.188.118.200 - - [15/Apr/2026:08:59:22 +0200] "GET /2009/07/05/internet-cottage/comment-page-1/ HTTP/1.0" 200 50515 "https://notes.rudomilov.ru/2009/07/05/internet-cottage/comment-page-1/#comment-828629" "Mozilla/5.0 (Windows NT 6.3; WOW64) AppleWebKit/537.36 (KHTML, like Gecko) Chrome/103.0.5060.114 Safari/537.36"
5.188.118.200 - - [15/Apr/2026:08:59:23 +0200] "POST /wp-comments-post.php HTTP/1.0" 500 3555 "https://notes.rudomilov.ru/2009/07/05/internet-cottage/comment-page-1/#comment-828629" "Mozilla/5.0 (Windows NT 6.3; WOW64) AppleWebKit/537.36 (KHTML, like Gecko) Chrome/103.0.5060.114 Safari/537.36"
95.216.2.94 - - [15/Apr/2026:08:59:23 +0200] "GET /wp-content/uploads/2009/07/3663255053_0312f17411.jpg HTTP/1.0" 200 97815 "-" "-"
95.216.2.94 - - [15/Apr/2026:08:59:23 +0200] "GET /wp-content/uploads/2009/07/d-link_dwl-2000applus_1.jpg HTTP/1.0" 200 20391 "-" "-"
95.216.2.94 - - [15/Apr/2026:08:59:23 +0200] "GET /wp-content/uploads/2009/07/ant.jpg HTTP/1.0" 200 7206 "-" "-"
95.216.2.94 - - [15/Apr/2026:08:59:23 +0200] "GET /wp-content/uploads/2009/07/ec506.jpg HTTP/1.0" 200 33385 "-" "-"
95.216.2.94 - - [15/Apr/2026:08:59:23 +0200] "GET /wp-content/uploads/2009/07/3_2.jpg HTTP/1.0" 200 9947 "-" "-"
95.216.2.94 - - [15/Apr/2026:08:59:23 +0200] "GET /wp-content/uploads/2009/07/cottage_visio.jpg HTTP/1.0" 200 17498 "-" "-"
95.216.2.94 - - [15/Apr/2026:08:59:23 +0200] "GET /wp-content/themes/gridfocus/images/default_og_image.jpg HTTP/1.0" 200 278199 "-" "-"
5.188.118.200 - - [15/Apr/2026:08:59:23 +0200] "GET /2009/07/05/internet-cottage/comment-page-1/ HTTP/1.0" 200 50515 "https://notes.rudomilov.ru/2009/07/05/internet-cottage/comment-page-1/#comment-828629" "Mozilla/5.0 (Windows NT 6.3; WOW64) AppleWebKit/537.36 (KHTML, like Gecko) Chrome/103.0.5060.114 Safari/537.36"
95.216.2.94 - - [15/Apr/2026:08:59:24 +0200] "GET /wp-content/uploads/2009/07/3663255053_0312f17411.jpg HTTP/1.0" 200 97815 "-" "-"
95.216.2.94 - - [15/Apr/2026:08:59:24 +0200] "GET /wp-content/uploads/2009/07/d-link_dwl-2000applus_1.jpg HTTP/1.0" 200 20391 "-" "-"
95.216.2.94 - - [15/Apr/2026:08:59:24 +0200] "GET /wp-content/uploads/2009/07/ant.jpg HTTP/1.0" 200 7206 "-" "-"
95.216.2.94 - - [15/Apr/2026:08:59:24 +0200] "GET /wp-content/uploads/2009/07/ec506.jpg HTTP/1.0" 200 33385 "-" "-"
95.216.2.94 - - [15/Apr/2026:08:59:24 +0200] "GET /wp-content/uploads/2009/07/3_2.jpg HTTP/1.0" 200 9947 "-" "-"
95.216.2.94 - - [15/Apr/2026:08:59:24 +0200] "GET /wp-content/uploads/2009/07/cottage_visio.jpg HTTP/1.0" 200 17498 "-" "-"
95.216.2.94 - - [15/Apr/2026:08:59:24 +0200] "GET /wp-content/themes/gridfocus/images/default_og_image.jpg HTTP/1.0" 200 278199 "-" "-"
5.188.118.200 - - [15/Apr/2026:08:59:24 +0200] "GET /2009/07/05/internet-cottage/comment-page-1/ HTTP/1.0" 200 50515 "https://notes.rudomilov.ru/2009/07/05/internet-cottage/comment-page-1/" "Mozilla/5.0 (Windows NT 6.3; WOW64) AppleWebKit/537.36 (KHTML, like Gecko) Chrome/103.0.5060.114 Safari/537.36"
95.216.2.94 - - [15/Apr/2026:08:59:25 +0200] "GET /wp-content/uploads/2009/07/3663255053_0312f17411.jpg HTTP/1.0" 200 97815 "-" "-"
95.216.2.94 - - [15/Apr/2026:08:59:25 +0200] "GET /wp-content/uploads/2009/07/d-link_dwl-2000applus_1.jpg HTTP/1.0" 200 20391 "-" "-"
95.216.2.94 - - [15/Apr/2026:08:59:25 +0200] "GET /wp-content/uploads/2009/07/ant.jpg HTTP/1.0" 200 7206 "-" "-"
95.216.2.94 - - [15/Apr/2026:08:59:25 +0200] "GET /wp-content/uploads/2009/07/ec506.jpg HTTP/1.0" 200 33385 "-" "-"
95.216.2.94 - - [15/Apr/2026:08:59:25 +0200] "GET /wp-content/uploads/2009/07/3_2.jpg HTTP/1.0" 200 9947 "-" "-"
95.216.2.94 - - [15/Apr/2026:08:59:25 +0200] "GET /wp-content/uploads/2009/07/cottage_visio.jpg HTTP/1.0" 200 17498 "-" "-"
95.216.2.94 - - [15/Apr/2026:08:59:25 +0200] "GET /wp-content/themes/gridfocus/images/default_og_image.jpg HTTP/1.0" 200 278199 "-" "-"
5.188.118.200 - - [15/Apr/2026:08:59:24 +0200] "GET /2009/07/05/internet-cottage/comment-page-1/?replytocom=116511 HTTP/1.0" 200 50571 "https://notes.rudomilov.ru/2009/07/05/internet-cottage/comment-page-1/?replytocom=116511" "Mozilla/5.0 (Windows NT 6.3; WOW64) AppleWebKit/537.36 (KHTML, like Gecko) Chrome/103.0.5060.114 Safari/537.36"
95.216.2.94 - - [15/Apr/2026:09:00:46 +0200] "POST /wp-cron.php?doing_wp_cron=1776236446.4021370410919189453125 HTTP/1.1" 500 4080 "-" "WordPress/6.4.8; https://notes.rudomilov.ru"
77.75.77.32 - - [15/Apr/2026:09:00:45 +0200] "GET /sitemap-pt-post-p1-2008-02.xml HTTP/1.1" 200 5022 "-" "Mozilla/5.0 (compatible; SeznamBot/4.0; +https://o-seznam.cz/napoveda/vyhledavani/en/seznambot-crawler/)"
95.216.2.94 - - [15/Apr/2026:09:02:49 +0200] "POST /wp-cron.php?doing_wp_cron=1776236569.8531808853149414062500 HTTP/1.1" 500 4080 "-" "WordPress/6.4.8; https://notes.rudomilov.ru"
95.216.2.94 - - [15/Apr/2026:09:02:49 +0200] "GET /wp-content/themes/gridfocus/images/default_og_image.jpg HTTP/1.0" 200 278199 "-" "-"
85.106.194.163 - - [15/Apr/2026:09:02:49 +0200] "GET /tag/campus/ HTTP/1.1" 200 14539 "-" "Mozilla/5.0 (Macintosh; PPC Mac OS X 10_6_6) AppleWebKit/533.0 (KHTML, like Gecko) Chrome/29.0.874.0 Safari/533.0"
47.128.111.112 - - [15/Apr/2026:09:03:15 +0200] "GET /wp-content/uploads/2008/04/twin_5.gif HTTP/1.1" 206 4691 "https://persianbaza.weebly.com/" "Mozilla/5.0 (Linux; Android 5.0) AppleWebKit/537.36 (KHTML, like Gecko) Mobile Safari/537.36 (compatible; TikTokSpider; ttspider-feedback@tiktok.com)"
95.216.2.94 - - [15/Apr/2026:09:03:22 +0200] "GET /wp-content/uploads/2007/12/svc_error1.jpg HTTP/1.0" 200 46154 "-" "-"
95.216.2.94 - - [15/Apr/2026:09:03:22 +0200] "GET /wp-content/uploads/2007/12/svc_kis_1.gif HTTP/1.0" 200 20911 "-" "-"
95.216.2.94 - - [15/Apr/2026:09:03:22 +0200] "GET /wp-content/uploads/2007/12/svc_kis_2.gif HTTP/1.0" 200 19724 "-" "-"
95.216.2.94 - - [15/Apr/2026:09:03:22 +0200] "GET /wp-content/uploads/2007/12/svc_kis_3.gif HTTP/1.0" 200 13835 "-" "-"
95.216.2.94 - - [15/Apr/2026:09:03:22 +0200] "GET /wp-content/uploads/2007/12/svc_utorrent.gif HTTP/1.0" 200 18718 "-" "-"
95.216.2.94 - - [15/Apr/2026:09:03:22 +0200] "GET /wp-content/uploads/2007/12/svc_utorrent.gif HTTP/1.0" 200 18718 "-" "-"
112.135.204.222 - - [15/Apr/2026:09:03:21 +0200] "GET /2007/12/07/problemyi-s-generic-host-process/ HTTP/1.1" 200 84627 "-" "-"
112.135.204.222 - - [15/Apr/2026:09:03:22 +0200] "POST /wp-comments-post.php HTTP/1.1" 500 224 "-" "-"
47.128.111.123 - - [15/Apr/2026:09:03:25 +0200] "GET /robots.txt HTTP/1.1" 200 5244 "-" "-"
95.216.2.94 - - [15/Apr/2026:09:07:47 +0200] "POST /wp-cron.php?doing_wp_cron=1776236867.7330360412597656250000 HTTP/1.1" 500 199 "-" "WordPress/6.4.8; https://notes.rudomilov.ru"
95.216.2.94 - - [15/Apr/2026:09:07:47 +0200] "GET /wp-content/themes/gridfocus/images/default_og_image.jpg HTTP/1.0" 200 278199 "-" "-"
109.122.192.68 - - [15/Apr/2026:09:07:47 +0200] "GET /2008/02/03/sape-sdelal-shag-k-legalizatsii/ HTTP/1.1" 200 9988 "-" "Mozilla/5.0 (Windows NT 5.1; WOW64) AppleWebKit/537.1 (KHTML, like Gecko) Maxthon/3.0 Chrome/22.0.1229.79 Safari/537.1"
95.216.2.94 - - [15/Apr/2026:09:08:16 +0200] "GET /wp-content/uploads/2011/03/freerapid_main-500x316.jpg HTTP/1.0" 200 49024 "-" "-"
95.216.2.94 - - [15/Apr/2026:09:08:16 +0200] "GET /wp-content/uploads/2011/03/freerapid_main.jpg HTTP/1.0" 200 124378 "-" "-"
95.216.2.94 - - [15/Apr/2026:09:08:16 +0200] "GET /wp-content/uploads/2011/03/freerapid_main.jpg HTTP/1.0" 200 124378 "-" "-"
185.192.20.41 - - [15/Apr/2026:09:08:15 +0200] "GET /2011/03/28/freerapid/comment-page-1/ HTTP/1.0" 200 45042 "https://notes.rudomilov.ru/2011/03/28/freerapid/comment-page-1/#comment-864784" "Mozilla/5.0 (Windows NT 6.1; Win64; x64) AppleWebKit/537.36 (KHTML, like Gecko) Chrome/103.0.5060.114 Safari/537.36"
95.216.2.94 - - [15/Apr/2026:09:08:16 +0200] "GET /wp-content/themes/gridfocus/images/default_og_image.jpg HTTP/1.0" 200 278199 "-" "-"
170.106.15.3 - - [15/Apr/2026:09:08:15 +0200] "GET /tag/web/ HTTP/1.1" 200 13394 "-" "Mozilla/5.0 (iPhone; CPU iPhone OS 13_2_3 like Mac OS X) AppleWebKit/605.1.15 (KHTML, like Gecko) Version/13.0.3 Mobile/15E148 Safari/604.1"
185.192.20.41 - - [15/Apr/2026:09:08:16 +0200] "POST /wp-comments-post.php HTTP/1.0" 500 3555 "https://notes.rudomilov.ru/2011/03/28/freerapid/comment-page-1/#comment-864784" "Mozilla/5.0 (Windows NT 6.1; Win64; x64) AppleWebKit/537.36 (KHTML, like Gecko) Chrome/103.0.5060.114 Safari/537.36"
95.216.2.94 - - [15/Apr/2026:09:09:56 +0200] "POST /wp-cron.php?doing_wp_cron=1776236996.8316509723663330078125 HTTP/1.1" 500 4080 "-" "WordPress/6.4.8; https://notes.rudomilov.ru"
77.75.77.32 - - [15/Apr/2026:09:09:56 +0200] "GET /sitemap-pt-page-p1-2008-07.xml HTTP/1.1" 200 4693 "-" "Mozilla/5.0 (compatible; SeznamBot/4.0; +https://o-seznam.cz/napoveda/vyhledavani/en/seznambot-crawler/)"
37.59.21.100 - - [15/Apr/2026:09:10:20 +0200] "GET /2007/01/13/dom-stranichka/feed/ HTTP/1.1" 200 1088 "-" "Mozilla/5.0 (X11; Linux i686) AppleWebKit/537.36 (KHTML, like Gecko) Chrome/30.0.1599.66 Safari/537.36"
95.216.2.94 - - [15/Apr/2026:09:17:51 +0200] "POST /wp-cron.php?doing_wp_cron=1776237471.2788250446319580078125 HTTP/1.1" 500 4080 "-" "WordPress/6.4.8; https://notes.rudomilov.ru"
57.141.20.0 - - [15/Apr/2026:09:17:50 +0200] "GET /sitemap-pt-post-p1-2006-10.html HTTP/1.1" 200 8638 "-" "meta-externalagent/1.1 (+https://developers.facebook.com/docs/sharing/webmasters/crawler)"
95.216.2.94 - - [15/Apr/2026:09:18:00 +0200] "GET /wp-content/themes/gridfocus/images/default_og_image.jpg HTTP/1.0" 200 278199 "-" "-"
43.135.186.135 - - [15/Apr/2026:09:17:59 +0200] "GET /category/%d0%b6%d0%b5%d0%bb%d0%b5%d0%b7%d0%be/ HTTP/1.1" 200 11558 "-" "Mozilla/5.0 (iPhone; CPU iPhone OS 13_2_3 like Mac OS X) AppleWebKit/605.1.15 (KHTML, like Gecko) Version/13.0.3 Mobile/15E148 Safari/604.1"
95.216.2.94 - - [15/Apr/2026:09:21:47 +0200] "POST /wp-cron.php?doing_wp_cron=1776237707.9642701148986816406250 HTTP/1.1" 500 4080 "-" "WordPress/6.4.8; https://notes.rudomilov.ru"
77.75.77.32 - - [15/Apr/2026:09:21:47 +0200] "GET /sitemap-pt-post-p1-2007-12.xml HTTP/1.1" 200 4768 "-" "Mozilla/5.0 (compatible; SeznamBot/4.0; +https://o-seznam.cz/napoveda/vyhledavani/en/seznambot-crawler/)"
54.86.188.160 - - [15/Apr/2026:09:23:22 +0200] "GET /robots.txt HTTP/1.1" 200 558 "-" "Mozilla/5.0 (Macintosh; Intel Mac OS X 10_10_1) AppleWebKit/600.2.5 (KHTML, like Gecko) Version/8.0.2 Safari/600.2.5 (Gort)"
107.189.2.171 - - [15/Apr/2026:09:24:05 +0200] "GET /wp-login.php HTTP/1.1" 500 4080 "-" "Mozilla/5.0 (Windows NT 10.0; Win64; x64) AppleWebKit/537.36 (KHTML, like Gecko) Chrome/134.0.0.0 Safari/537.36"
95.216.2.94 - - [15/Apr/2026:09:24:08 +0200] "POST /wp-cron.php?doing_wp_cron=1776237848.7052230834960937500000 HTTP/1.1" 500 4080 "-" "WordPress/6.4.8; https://notes.rudomilov.ru"
95.216.2.94 - - [15/Apr/2026:09:24:08 +0200] "GET /wp-content/uploads/2007/12/svc_error1.jpg HTTP/1.0" 200 46154 "-" "-"
95.216.2.94 - - [15/Apr/2026:09:24:08 +0200] "GET /wp-content/uploads/2007/12/svc_kis_1.gif HTTP/1.0" 200 20911 "-" "-"
95.216.2.94 - - [15/Apr/2026:09:24:08 +0200] "GET /wp-content/uploads/2007/12/svc_kis_2.gif HTTP/1.0" 200 19724 "-" "-"
95.216.2.94 - - [15/Apr/2026:09:24:08 +0200] "GET /wp-content/uploads/2007/12/svc_kis_3.gif HTTP/1.0" 200 13835 "-" "-"
95.216.2.94 - - [15/Apr/2026:09:24:08 +0200] "GET /wp-content/uploads/2007/12/svc_utorrent.gif HTTP/1.0" 200 18718 "-" "-"
95.216.2.94 - - [15/Apr/2026:09:24:08 +0200] "GET /wp-content/uploads/2007/12/svc_utorrent.gif HTTP/1.0" 200 18718 "-" "-"
202.191.122.80 - - [15/Apr/2026:09:24:08 +0200] "GET /2007/12/07/problemyi-s-generic-host-process/comment-page-9/?replytocom=66597 HTTP/1.1" 200 26585 "-" "Mozilla/5.0 (Macintosh; Intel Mac OS X 10_11_6) AppleWebKit/537.36 (KHTML, like Gecko) Chrome/80.0.3987.132 Safari/537.36"
51.68.107.159 - - [15/Apr/2026:09:24:53 +0200] "GET /robots.txt HTTP/1.1" 200 595 "-" "Mozilla/5.0 (compatible; MJ12bot/v2.0.5; http://mj12bot.com/)"
95.216.2.94 - - [15/Apr/2026:09:24:54 +0200] "GET /wp-content/uploads/2011/02/soldiers.jpg HTTP/1.0" 200 38696 "-" "-"
95.216.2.94 - - [15/Apr/2026:09:24:54 +0200] "GET /wp-content/uploads/2011/02/strongvpn2-500x335.jpg HTTP/1.0" 200 70193 "-" "-"
51.68.107.159 - - [15/Apr/2026:09:24:53 +0200] "GET /2011/02/05/vpn/ HTTP/1.1" 200 16605 "-" "Mozilla/5.0 (compatible; MJ12bot/v2.0.5; http://mj12bot.com/)"
95.216.2.94 - - [15/Apr/2026:09:26:13 +0200] "POST /wp-cron.php?doing_wp_cron=1776237973.0362839698791503906250 HTTP/1.1" 500 4080 "-" "WordPress/6.4.8; https://notes.rudomilov.ru"
95.216.2.94 - - [15/Apr/2026:09:26:13 +0200] "GET /wp-content/themes/gridfocus/images/default_og_image.jpg HTTP/1.0" 200 278199 "-" "-"
197.54.188.106 - - [15/Apr/2026:09:26:12 +0200] "GET /2006/10/31/ya-nenavizhu-mts/ HTTP/1.1" 200 16547 "-" "Mozilla/5.0 (Macintosh; Intel Mac OS X 10_14_5) AppleWebKit/537.36 (KHTML, like Gecko) Chrome/101.0.4951.54 Safari/537.36"
95.216.2.94 - - [15/Apr/2026:09:26:28 +0200] "GET /wp-content/themes/gridfocus/images/default_og_image.jpg HTTP/1.0" 200 278199 "-" "-"
14.232.251.111 - - [15/Apr/2026:09:26:27 +0200] "GET /2006/10/31/ya-nenavizhu-mts/ HTTP/1.1" 200 16546 "-" "Mozilla/5.0 (Macintosh; Intel Mac OS X 10_15_7) AppleWebKit/537.36 (KHTML, like Gecko) Chrome/96.0.4664.55 Safari/537.36"
37.59.21.100 - - [15/Apr/2026:09:26:52 +0200] "GET /category/torrenty/feed/ HTTP/1.1" 200 910 "-" "Mozilla/5.0 (X11; Linux i686) AppleWebKit/537.36 (KHTML, like Gecko) Chrome/30.0.1599.66 Safari/537.36"
95.216.2.94 - - [15/Apr/2026:09:27:56 +0200] "POST /wp-cron.php?doing_wp_cron=1776238076.6849839687347412109375 HTTP/1.1" 500 4080 "-" "WordPress/6.4.8; https://notes.rudomilov.ru"
95.216.2.94 - - [15/Apr/2026:09:27:56 +0200] "GET /wp-content/uploads/2015/08/IMG_2971-630x420.jpg HTTP/1.0" 200 54402 "-" "-"
95.216.2.94 - - [15/Apr/2026:09:27:56 +0200] "GET /wp-content/uploads/2015/08/IMG_2971.jpg HTTP/1.0" 200 220788 "-" "-"
95.216.2.94 - - [15/Apr/2026:09:27:56 +0200] "GET /wp-content/uploads/2015/08/IMG_2971.jpg HTTP/1.0" 200 220788 "-" "-"
49.51.132.100 - - [15/Apr/2026:09:27:56 +0200] "GET /2015/08/05/windows-10/?replytocom=581096 HTTP/1.1" 200 13701 "-" "Mozilla/5.0 (iPhone; CPU iPhone OS 13_2_3 like Mac OS X) AppleWebKit/605.1.15 (KHTML, like Gecko) Version/13.0.3 Mobile/15E148 Safari/604.1"
216.73.216.51 - - [15/Apr/2026:09:32:08 +0200] "GET /robots.txt HTTP/1.1" 200 4398 "-" "Mozilla/5.0 AppleWebKit/537.36 (KHTML, like Gecko; compatible; ClaudeBot/1.0; +claudebot@anthropic.com)"
95.216.2.94 - - [15/Apr/2026:09:32:09 +0200] "POST /wp-cron.php?doing_wp_cron=1776238329.1984651088714599609375 HTTP/1.1" 500 4080 "-" "WordPress/6.4.8; https://notes.rudomilov.ru"
216.73.216.51 - - [15/Apr/2026:09:32:08 +0200] "GET /sitemap.xml HTTP/1.1" 200 1726 "-" "Mozilla/5.0 AppleWebKit/537.36 (KHTML, like Gecko; compatible; ClaudeBot/1.0; +claudebot@anthropic.com)"
17.22.245.234 - - [15/Apr/2026:09:33:59 +0200] "GET /robots.txt HTTP/1.1" 200 4383 "-" "Mozilla/5.0 (Macintosh; Intel Mac OS X 10_15_7) AppleWebKit/605.1.15 (KHTML, like Gecko) Version/17.4 Safari/605.1.15 (Applebot/0.1; +http://www.apple.com/go/applebot)"
95.216.2.94 - - [15/Apr/2026:09:34:00 +0200] "POST /wp-cron.php?doing_wp_cron=1776238440.4403579235076904296875 HTTP/1.1" 500 4080 "-" "WordPress/6.4.8; https://notes.rudomilov.ru"
95.216.2.94 - - [15/Apr/2026:09:34:00 +0200] "GET /wp-content/themes/gridfocus/images/default_og_image.jpg HTTP/1.0" 200 278199 "-" "-"
17.22.245.234 - - [15/Apr/2026:09:33:59 +0200] "GET /2007/02/02/kak-vyigodno-obmenyat-webmoney/ HTTP/1.1" 200 10278 "-" "Mozilla/5.0 (Macintosh; Intel Mac OS X 10_15_7) AppleWebKit/605.1.15 (KHTML, like Gecko) Version/17.4 Safari/605.1.15 (Applebot/0.1; +http://www.apple.com/go/applebot)"
177.125.223.5 - - [15/Apr/2026:09:37:50 +0200] "GET /wp-content/uploads/2008/03/time_yandex.jpg HTTP/1.1" 200 41323 "https://jaluziplicell.ru/biysk-vremya-raznitsa-s-moskvoy" "Mozilla/5.0 (X11; Linux i686; rv:60.5.2) Gecko/20100101 Firefox/60.5.2"
95.216.2.94 - - [15/Apr/2026:09:38:08 +0200] "POST /wp-cron.php?doing_wp_cron=1776238688.0315549373626708984375 HTTP/1.1" 500 4080 "-" "WordPress/6.4.8; https://notes.rudomilov.ru"
95.216.2.94 - - [15/Apr/2026:09:38:08 +0200] "GET /wp-content/themes/gridfocus/images/default_og_image.jpg HTTP/1.0" 200 278199 "-" "-"
101.32.15.141 - - [15/Apr/2026:09:38:07 +0200] "GET /tag/noutbuk/ HTTP/1.1" 200 13632 "-" "Mozilla/5.0 (iPhone; CPU iPhone OS 13_2_3 like Mac OS X) AppleWebKit/605.1.15 (KHTML, like Gecko) Version/13.0.3 Mobile/15E148 Safari/604.1"
77.75.77.32 - - [15/Apr/2026:09:39:02 +0200] "GET /sitemap-pt-post-p2-2007-01.xml HTTP/1.1" 200 4915 "-" "Mozilla/5.0 (compatible; SeznamBot/4.0; +https://o-seznam.cz/napoveda/vyhledavani/en/seznambot-crawler/)"
95.216.2.94 - - [15/Apr/2026:09:42:51 +0200] "POST /wp-cron.php?doing_wp_cron=1776238971.7848041057586669921875 HTTP/1.1" 500 4080 "-" "WordPress/6.4.8; https://notes.rudomilov.ru"
77.75.79.32 - - [15/Apr/2026:09:42:51 +0200] "GET /sitemap-pt-post-p1-2006-11.xml HTTP/1.1" 200 1661 "-" "Mozilla/5.0 (compatible; SeznamBot/4.0; +https://o-seznam.cz/napoveda/vyhledavani/en/seznambot-crawler/)"
95.216.2.94 - - [15/Apr/2026:09:44:18 +0200] "POST /wp-cron.php?doing_wp_cron=1776239058.5559120178222656250000 HTTP/1.1" 500 4080 "-" "WordPress/6.4.8; https://notes.rudomilov.ru"
114.119.154.135 - - [15/Apr/2026:09:44:17 +0200] "GET /2008/11/page/2 HTTP/1.1" 301 4141 "https://notes.rudomilov.ru/2008/11/" "Mozilla/5.0 (Linux; Android 7.0;) AppleWebKit/537.36 (KHTML, like Gecko) Mobile Safari/537.36 (compatible; PetalBot;+https://webmaster.petalsearch.com/site/petalbot)"
95.216.2.94 - - [15/Apr/2026:09:44:23 +0200] "GET /wp-content/themes/gridfocus/images/default_og_image.jpg HTTP/1.0" 200 278199 "-" "-"
114.119.154.135 - - [15/Apr/2026:09:44:22 +0200] "GET /2008/11/page/2/ HTTP/1.1" 200 13166 "https://notes.rudomilov.ru/2008/11/" "Mozilla/5.0 (Linux; Android 7.0;) AppleWebKit/537.36 (KHTML, like Gecko) Mobile Safari/537.36 (compatible; PetalBot;+https://webmaster.petalsearch.com/site/petalbot)"
37.59.21.100 - - [15/Apr/2026:09:44:42 +0200] "GET /2006/12/25/sots-seti/feed/ HTTP/1.1" 200 2162 "-" "Mozilla/5.0 (X11; Linux i686) AppleWebKit/537.36 (KHTML, like Gecko) Chrome/30.0.1599.66 Safari/537.36"
95.216.2.94 - - [15/Apr/2026:09:48:08 +0200] "POST /wp-cron.php?doing_wp_cron=1776239288.4317541122436523437500 HTTP/1.1" 500 4080 "-" "WordPress/6.4.8; https://notes.rudomilov.ru"
101.32.52.164 - - [15/Apr/2026:09:48:07 +0200] "GET /wp-json/oembed/1.0/embed?url=https%3A%2F%2Fnotes.rudomilov.ru%2F2013%2F09%2F28%2Fcheck-spf-and-dkim%2F&format=xml HTTP/1.1" 200 5585 "-" "Mozilla/5.0 (iPhone; CPU iPhone OS 13_2_3 like Mac OS X) AppleWebKit/605.1.15 (KHTML, like Gecko) Version/13.0.3 Mobile/15E148 Safari/604.1"
95.216.2.94 - - [15/Apr/2026:09:50:35 +0200] "POST /wp-cron.php?doing_wp_cron=1776239435.6251060962677001953125 HTTP/1.1" 500 4080 "-" "WordPress/6.4.8; https://notes.rudomilov.ru"
114.119.150.57 - - [15/Apr/2026:09:50:34 +0200] "GET /2008/07/08/borba-s-virusom-virus-win32-sality-z-win32-sector-5-win32-sector-7 HTTP/1.1" 301 4255 "-" "Mozilla/5.0 (Linux; Android 7.0;) AppleWebKit/537.36 (KHTML, like Gecko) Mobile Safari/537.36 (compatible; PetalBot;+https://webmaster.petalsearch.com/site/petalbot)"
95.216.2.94 - - [15/Apr/2026:09:50:40 +0200] "GET /wp-content/themes/gridfocus/images/default_og_image.jpg HTTP/1.0" 200 278199 "-" "-"
114.119.150.57 - - [15/Apr/2026:09:50:40 +0200] "GET /2008/07/08/borba-s-virusom-virus-win32-sality-z-win32-sector-5-win32-sector-7/ HTTP/1.1" 200 21937 "-" "Mozilla/5.0 (Linux; Android 7.0;) AppleWebKit/537.36 (KHTML, like Gecko) Mobile Safari/537.36 (compatible; PetalBot;+https://webmaster.petalsearch.com/site/petalbot)"
95.216.2.94 - - [15/Apr/2026:09:50:50 +0200] "GET /wp-content/uploads/2008/11/solution_0.png HTTP/1.0" 200 12873 "-" "-"
95.216.2.94 - - [15/Apr/2026:09:50:50 +0200] "GET /wp-content/uploads/2008/11/solution_2.png HTTP/1.0" 200 9951 "-" "-"
95.216.2.94 - - [15/Apr/2026:09:50:50 +0200] "GET /wp-content/uploads/2008/11/solution_3.gif HTTP/1.0" 200 28376 "-" "-"
95.216.2.94 - - [15/Apr/2026:09:50:50 +0200] "GET /wp-content/uploads/2008/11/solution_all.thumbnail.gif HTTP/1.0" 200 30890 "-" "-"
95.216.2.94 - - [15/Apr/2026:09:50:50 +0200] "GET /wp-content/uploads/2008/11/solution_all.gif HTTP/1.0" 200 100419 "-" "-"
95.216.2.94 - - [15/Apr/2026:09:50:50 +0200] "GET /wp-content/uploads/2008/11/solution_all.gif HTTP/1.0" 200 100419 "-" "-"
46.8.111.119 - - [15/Apr/2026:09:50:50 +0200] "GET /2008/11/28/informer-ie/comment-page-7/ HTTP/1.0" 200 88297 "https://notes.rudomilov.ru/2008/11/28/informer-ie/comment-page-7/#comment-856672" "Mozilla/5.0 (Windows NT 6.3) AppleWebKit/537.36 (KHTML, like Gecko) Chrome/103.0.0.0 Safari/537.36"
95.216.2.94 - - [15/Apr/2026:09:51:42 +0200] "POST /wp-cron.php?doing_wp_cron=1776239502.1959331035614013671875 HTTP/1.1" 500 4080 "-" "WordPress/6.4.8; https://notes.rudomilov.ru"
95.216.2.94 - - [15/Apr/2026:09:51:42 +0200] "GET /wp-content/themes/gridfocus/images/default_og_image.jpg HTTP/1.0" 200 278199 "-" "-"
46.8.111.119 - - [15/Apr/2026:09:51:41 +0200] "GET / HTTP/1.0" 200 49201 "https://notes.rudomilov.ru/" "Mozilla/5.0 (Windows NT 6.3) AppleWebKit/537.36 (KHTML, like Gecko) Chrome/103.0.0.0 Safari/537.36"
37.59.21.100 - - [15/Apr/2026:09:51:46 +0200] "GET /2008/09/25/mikser-cvetov/feed/ HTTP/1.1" 200 1304 "-" "Mozilla/5.0 (X11; Linux i686) AppleWebKit/537.36 (KHTML, like Gecko) Chrome/30.0.1599.66 Safari/537.36"
95.216.2.94 - - [15/Apr/2026:09:52:52 +0200] "POST /wp-cron.php?doing_wp_cron=1776239572.2448248863220214843750 HTTP/1.1" 500 199 "-" "WordPress/6.4.8; https://notes.rudomilov.ru"
37.59.21.100 - - [15/Apr/2026:09:52:51 +0200] "GET /2007/01/13/baikalvisa/feed/ HTTP/1.1" 200 1071 "-" "Mozilla/5.0 (X11; Linux i686) AppleWebKit/537.36 (KHTML, like Gecko) Chrome/30.0.1599.66 Safari/537.36"
209.207.227.45 - - [15/Apr/2026:09:53:48 +0200] "GET /wp-content/uploads/2008/03/time_yandex.jpg HTTP/1.1" 206 4693 "https://deadseatour.ru/" "Mozilla/5.0 (iPhone; CPU iPhone OS 11_0 like Mac OS X) AppleWebKit/537.36 (KHTML, like Gecko) Chrome/46.0.2468.1610 Mobile Safari/537.36"
95.216.2.94 - - [15/Apr/2026:09:54:28 +0200] "POST /wp-cron.php?doing_wp_cron=1776239668.7710120677947998046875 HTTP/1.1" 500 4080 "-" "WordPress/6.4.8; https://notes.rudomilov.ru"
114.119.148.37 - - [15/Apr/2026:09:54:28 +0200] "GET /2007/12/07/problemyi-s-generic-host-process/comment-page-6 HTTP/1.1" 301 4236 "https://notes.rudomilov.ru/2007/12/07/problemyi-s-generic-host-process/comment-page-6" "Mozilla/5.0 (Linux; Android 7.0;) AppleWebKit/537.36 (KHTML, like Gecko) Mobile Safari/537.36 (compatible; PetalBot;+https://webmaster.petalsearch.com/site/petalbot)"
95.216.2.94 - - [15/Apr/2026:09:54:35 +0200] "GET /wp-content/uploads/2007/12/svc_error1.jpg HTTP/1.0" 200 46154 "-" "-"
95.216.2.94 - - [15/Apr/2026:09:54:35 +0200] "GET /wp-content/uploads/2007/12/svc_kis_1.gif HTTP/1.0" 200 20911 "-" "-"
95.216.2.94 - - [15/Apr/2026:09:54:35 +0200] "GET /wp-content/uploads/2007/12/svc_kis_2.gif HTTP/1.0" 200 19724 "-" "-"
95.216.2.94 - - [15/Apr/2026:09:54:35 +0200] "GET /wp-content/uploads/2007/12/svc_kis_3.gif HTTP/1.0" 200 13835 "-" "-"
95.216.2.94 - - [15/Apr/2026:09:54:35 +0200] "GET /wp-content/uploads/2007/12/svc_utorrent.gif HTTP/1.0" 200 18718 "-" "-"
95.216.2.94 - - [15/Apr/2026:09:54:35 +0200] "GET /wp-content/uploads/2007/12/svc_utorrent.gif HTTP/1.0" 200 18718 "-" "-"
114.119.148.37 - - [15/Apr/2026:09:54:34 +0200] "GET /2007/12/07/problemyi-s-generic-host-process/comment-page-6/ HTTP/1.1" 200 27009 "https://notes.rudomilov.ru/2007/12/07/problemyi-s-generic-host-process/comment-page-6" "Mozilla/5.0 (Linux; Android 7.0;) AppleWebKit/537.36 (KHTML, like Gecko) Mobile Safari/537.36 (compatible; PetalBot;+https://webmaster.petalsearch.com/site/petalbot)"
216.244.66.233 - - [15/Apr/2026:09:55:14 +0200] "GET /robots.txt HTTP/1.1" 200 1329 "-" "Mozilla/5.0 (compatible; DotBot/1.2; +https://opensiteexplorer.org/dotbot; help@moz.com)"
95.216.2.94 - - [15/Apr/2026:09:57:42 +0200] "POST /wp-cron.php?doing_wp_cron=1776239862.0590140819549560546875 HTTP/1.1" 500 4080 "-" "WordPress/6.4.8; https://notes.rudomilov.ru"
95.216.2.94 - - [15/Apr/2026:09:57:42 +0200] "GET /wp-content/uploads/2009/08/google-apps-0.gif HTTP/1.0" 200 18045 "-" "-"
95.216.2.94 - - [15/Apr/2026:09:57:43 +0200] "GET /wp-content/uploads/2009/08/google-apps-1.gif HTTP/1.0" 200 12791 "-" "-"
95.216.2.94 - - [15/Apr/2026:09:57:43 +0200] "GET /wp-content/uploads/2009/08/google-apps-2.gif HTTP/1.0" 200 17955 "-" "-"
95.216.2.94 - - [15/Apr/2026:09:57:43 +0200] "GET /wp-content/uploads/2009/08/google-apps-3.gif HTTP/1.0" 200 14129 "-" "-"
95.216.2.94 - - [15/Apr/2026:09:57:43 +0200] "GET /wp-content/uploads/2009/08/google-apps-5-300x187.gif HTTP/1.0" 200 17112 "-" "-"
95.216.2.94 - - [15/Apr/2026:09:57:43 +0200] "GET /wp-content/uploads/2009/08/google-apps-5.gif HTTP/1.0" 200 60535 "-" "-"
95.216.2.94 - - [15/Apr/2026:09:57:43 +0200] "GET /wp-content/uploads/2009/08/google-apps-5.gif HTTP/1.0" 200 60535 "-" "-"
114.119.135.126 - - [15/Apr/2026:09:57:41 +0200] "GET /2009/08/29/gmail-google-apps/ HTTP/1.1" 200 20780 "https://notes.rudomilov.ru/author/admin/page/2/" "Mozilla/5.0 (Linux; Android 7.0;) AppleWebKit/537.36 (KHTML, like Gecko) Mobile Safari/537.36 (compatible; PetalBot;+https://webmaster.petalsearch.com/site/petalbot)"
95.216.2.94 - - [15/Apr/2026:09:58:38 +0200] "GET /wp-content/uploads/2012/10/eos_utility_1-500x385.jpg HTTP/1.0" 200 47907 "-" "-"
95.216.2.94 - - [15/Apr/2026:09:58:38 +0200] "GET /wp-content/uploads/2012/10/eos_utility_1.jpg HTTP/1.0" 200 125282 "-" "-"
95.216.2.94 - - [15/Apr/2026:09:58:38 +0200] "GET /wp-content/uploads/2012/10/eos_utility_1.jpg HTTP/1.0" 200 125282 "-" "-"
43.154.127.188 - - [15/Apr/2026:09:58:37 +0200] "GET /2012/10/06/author-and-copyright-in-canon-eos-exif-thanks-to-eos-utility/ HTTP/1.1" 200 16623 "-" "Mozilla/5.0 (iPhone; CPU iPhone OS 13_2_3 like Mac OS X) AppleWebKit/605.1.15 (KHTML, like Gecko) Version/13.0.3 Mobile/15E148 Safari/604.1"
95.216.2.94 - - [15/Apr/2026:09:59:03 +0200] "POST /wp-cron.php?doing_wp_cron=1776239943.1561489105224609375000 HTTP/1.1" 500 4080 "-" "WordPress/6.4.8; https://notes.rudomilov.ru"
95.216.2.94 - - [15/Apr/2026:09:59:03 +0200] "GET /wp-content/uploads/2008/11/solution_0.png HTTP/1.0" 200 12873 "-" "-"
95.216.2.94 - - [15/Apr/2026:09:59:03 +0200] "GET /wp-content/uploads/2008/11/solution_2.png HTTP/1.0" 200 9951 "-" "-"
95.216.2.94 - - [15/Apr/2026:09:59:03 +0200] "GET /wp-content/uploads/2008/11/solution_3.gif HTTP/1.0" 200 28376 "-" "-"
95.216.2.94 - - [15/Apr/2026:09:59:03 +0200] "GET /wp-content/uploads/2008/11/solution_all.thumbnail.gif HTTP/1.0" 200 30890 "-" "-"
95.216.2.94 - - [15/Apr/2026:09:59:03 +0200] "GET /wp-content/uploads/2008/11/solution_all.gif HTTP/1.0" 200 100419 "-" "-"
95.216.2.94 - - [15/Apr/2026:09:59:03 +0200] "GET /wp-content/uploads/2008/11/solution_all.gif HTTP/1.0" 200 100419 "-" "-"
185.181.246.176 - - [15/Apr/2026:09:59:02 +0200] "GET /2008/11/28/informer-ie/comment-page-7/ HTTP/1.0" 200 88296 "https://notes.rudomilov.ru/2008/11/28/informer-ie/comment-page-7/#comment-856719" "Mozilla/5.0 (Windows NT 6.3; Win64; x64) AppleWebKit/537.36 (KHTML, like Gecko) Chrome/103.0.5060.53 Safari/537.36"
95.216.2.94 - - [15/Apr/2026:09:59:54 +0200] "GET /wp-content/themes/gridfocus/images/default_og_image.jpg HTTP/1.0" 200 278199 "-" "-"
45.139.125.229 - - [15/Apr/2026:09:59:54 +0200] "GET / HTTP/1.0" 200 49201 "https://notes.rudomilov.ru/" "Mozilla/5.0 (Windows NT 6.3; Win64; x64) AppleWebKit/537.36 (KHTML, like Gecko) Chrome/103.0.5060.53 Safari/537.36"
95.216.2.94 - - [15/Apr/2026:10:00:09 +0200] "POST /wp-cron.php?doing_wp_cron=1776240009.4195930957794189453125 HTTP/1.1" 500 4080 "-" "WordPress/6.4.8; https://notes.rudomilov.ru"
95.216.2.94 - - [15/Apr/2026:10:00:09 +0200] "GET /wp-content/uploads/2008/11/solution_0.png HTTP/1.0" 200 12873 "-" "-"
95.216.2.94 - - [15/Apr/2026:10:00:09 +0200] "GET /wp-content/uploads/2008/11/solution_2.png HTTP/1.0" 200 9951 "-" "-"
95.216.2.94 - - [15/Apr/2026:10:00:09 +0200] "GET /wp-content/uploads/2008/11/solution_3.gif HTTP/1.0" 200 28376 "-" "-"
95.216.2.94 - - [15/Apr/2026:10:00:09 +0200] "GET /wp-content/uploads/2008/11/solution_all.thumbnail.gif HTTP/1.0" 200 30890 "-" "-"
95.216.2.94 - - [15/Apr/2026:10:00:09 +0200] "GET /wp-content/uploads/2008/11/solution_all.gif HTTP/1.0" 200 100419 "-" "-"
95.216.2.94 - - [15/Apr/2026:10:00:09 +0200] "GET /wp-content/uploads/2008/11/solution_all.gif HTTP/1.0" 200 100419 "-" "-"
62.197.45.62 - - [15/Apr/2026:10:00:08 +0200] "GET /2008/11/28/informer-ie/comment-page-7/ HTTP/1.0" 200 88298 "https://notes.rudomilov.ru/2008/11/28/informer-ie/comment-page-7/#comment-864836" "Mozilla/5.0 (Windows NT 6.3; Win64; x64) AppleWebKit/537.36 (KHTML, like Gecko) Chrome/103.0.5060.53 Safari/537.36"
62.197.45.62 - - [15/Apr/2026:10:00:09 +0200] "POST /wp-comments-post.php HTTP/1.0" 500 3555 "https://notes.rudomilov.ru/2008/11/28/informer-ie/comment-page-7/#comment-864836" "Mozilla/5.0 (Windows NT 6.3; Win64; x64) AppleWebKit/537.36 (KHTML, like Gecko) Chrome/103.0.5060.53 Safari/537.36"
95.216.2.94 - - [15/Apr/2026:10:02:13 +0200] "POST /wp-cron.php?doing_wp_cron=1776240133.9546980857849121093750 HTTP/1.1" 500 4080 "-" "WordPress/6.4.8; https://notes.rudomilov.ru"
95.216.2.94 - - [15/Apr/2026:10:02:14 +0200] "GET /wp-content/uploads/2008/11/solution_0.png HTTP/1.0" 200 12873 "-" "-"
95.216.2.94 - - [15/Apr/2026:10:02:14 +0200] "GET /wp-content/uploads/2008/11/solution_2.png HTTP/1.0" 200 9951 "-" "-"
95.216.2.94 - - [15/Apr/2026:10:02:14 +0200] "GET /wp-content/uploads/2008/11/solution_3.gif HTTP/1.0" 200 28376 "-" "-"
95.216.2.94 - - [15/Apr/2026:10:02:14 +0200] "GET /wp-content/uploads/2008/11/solution_all.thumbnail.gif HTTP/1.0" 200 30890 "-" "-"
95.216.2.94 - - [15/Apr/2026:10:02:14 +0200] "GET /wp-content/uploads/2008/11/solution_all.gif HTTP/1.0" 200 100419 "-" "-"
95.216.2.94 - - [15/Apr/2026:10:02:14 +0200] "GET /wp-content/uploads/2008/11/solution_all.gif HTTP/1.0" 200 100419 "-" "-"
62.197.45.179 - - [15/Apr/2026:10:02:13 +0200] "GET /2008/11/28/informer-ie/comment-page-7/ HTTP/1.0" 200 88298 "https://notes.rudomilov.ru/2008/11/28/informer-ie/comment-page-7/#comment-864836" "Mozilla/5.0 (Windows NT 6.1; WOW64) AppleWebKit/537.36 (KHTML, like Gecko) Chrome/103.0.0.0 Safari/537.36"
62.197.45.179 - - [15/Apr/2026:10:02:14 +0200] "POST /wp-comments-post.php HTTP/1.0" 500 3555 "https://notes.rudomilov.ru/2008/11/28/informer-ie/comment-page-7/#comment-864836" "Mozilla/5.0 (Windows NT 6.1; WOW64) AppleWebKit/537.36 (KHTML, like Gecko) Chrome/103.0.0.0 Safari/537.36"
95.216.2.94 - - [15/Apr/2026:10:02:49 +0200] "GET /wp-content/themes/gridfocus/images/default_og_image.jpg HTTP/1.0" 200 278199 "-" "-"
43.132.188.49 - - [15/Apr/2026:10:02:49 +0200] "GET /2007/06/06/nicru-besplatno-razdaet-bazyi-geoip/?replytocom=39973 HTTP/1.1" 200 13191 "-" "Mozilla/5.0 (Macintosh; Intel Mac OS X 10_15_7) AppleWebKit/537.36 (KHTML, like Gecko) Chrome/141.0.0.0 Safari/537.36"
43.132.188.49 - - [15/Apr/2026:10:02:50 +0200] "GET /wp-content/themes/gridfocus/style.css HTTP/1.1" 200 3042 "https://notes.rudomilov.ru/2007/06/06/nicru-besplatno-razdaet-bazyi-geoip/?replytocom=39973" "Mozilla/5.0 (Macintosh; Intel Mac OS X 10_15_7) AppleWebKit/537.36 (KHTML, like Gecko) Chrome/141.0.0.0 Safari/537.36"
43.132.188.49 - - [15/Apr/2026:10:02:51 +0200] "GET /wp-includes/js/jquery/jquery.min.js?ver=3.7.1 HTTP/1.1" 200 30907 "https://notes.rudomilov.ru/2007/06/06/nicru-besplatno-razdaet-bazyi-geoip/?replytocom=39973" "Mozilla/5.0 (Macintosh; Intel Mac OS X 10_15_7) AppleWebKit/537.36 (KHTML, like Gecko) Chrome/141.0.0.0 Safari/537.36"
43.132.188.49 - - [15/Apr/2026:10:02:51 +0200] "GET /wp-content/themes/gridfocus/js/functions.js HTTP/1.1" 200 1197 "https://notes.rudomilov.ru/2007/06/06/nicru-besplatno-razdaet-bazyi-geoip/?replytocom=39973" "Mozilla/5.0 (Macintosh; Intel Mac OS X 10_15_7) AppleWebKit/537.36 (KHTML, like Gecko) Chrome/141.0.0.0 Safari/537.36"
43.132.188.49 - - [15/Apr/2026:10:02:51 +0200] "GET /wp-includes/js/jquery/jquery-migrate.min.js?ver=3.4.1 HTTP/1.1" 200 5863 "https://notes.rudomilov.ru/2007/06/06/nicru-besplatno-razdaet-bazyi-geoip/?replytocom=39973" "Mozilla/5.0 (Macintosh; Intel Mac OS X 10_15_7) AppleWebKit/537.36 (KHTML, like Gecko) Chrome/141.0.0.0 Safari/537.36"
43.132.188.49 - - [15/Apr/2026:10:02:52 +0200] "GET /wp-content/plugins/akismet/_inc/akismet-frontend.js?ver=1700355821 HTTP/1.1" 200 3513 "https://notes.rudomilov.ru/2007/06/06/nicru-besplatno-razdaet-bazyi-geoip/?replytocom=39973" "Mozilla/5.0 (Macintosh; Intel Mac OS X 10_15_7) AppleWebKit/537.36 (KHTML, like Gecko) Chrome/141.0.0.0 Safari/537.36"
43.132.188.49 - - [15/Apr/2026:10:02:52 +0200] "GET /wp-includes/js/comment-reply.min.js?ver=6.4.8 HTTP/1.1" 200 1777 "https://notes.rudomilov.ru/2007/06/06/nicru-besplatno-razdaet-bazyi-geoip/?replytocom=39973" "Mozilla/5.0 (Macintosh; Intel Mac OS X 10_15_7) AppleWebKit/537.36 (KHTML, like Gecko) Chrome/141.0.0.0 Safari/537.36"
95.216.2.94 - - [15/Apr/2026:10:03:51 +0200] "POST /wp-cron.php?doing_wp_cron=1776240231.5414590835571289062500 HTTP/1.1" 500 4080 "-" "WordPress/6.4.8; https://notes.rudomilov.ru"
77.75.78.161 - - [15/Apr/2026:10:03:50 +0200] "GET /sitemap-tax-post_tag-8.xml HTTP/1.1" 200 4706 "-" "Mozilla/5.0 (compatible; SeznamBot/4.0; +https://o-seznam.cz/napoveda/vyhledavani/en/seznambot-crawler/)"
114.119.134.165 - - [15/Apr/2026:10:04:13 +0200] "GET /2007/12/07/problemyi-s-generic-host-process/comment-page-3 HTTP/1.1" 301 4236 "https://notes.rudomilov.ru/2007/12/07/problemyi-s-generic-host-process/comment-page-2" "Mozilla/5.0 (Linux; Android 7.0;) AppleWebKit/537.36 (KHTML, like Gecko) Mobile Safari/537.36 (compatible; PetalBot;+https://webmaster.petalsearch.com/site/petalbot)"
95.216.2.94 - - [15/Apr/2026:10:07:02 +0200] "POST /wp-cron.php?doing_wp_cron=1776240422.6115720272064208984375 HTTP/1.1" 500 199 "-" "WordPress/6.4.8; https://notes.rudomilov.ru"
95.216.2.94 - - [15/Apr/2026:10:07:02 +0200] "GET /wp-content/uploads/2008/06/m1.thumbnail.jpg HTTP/1.0" 200 25754 "-" "-"
95.216.2.94 - - [15/Apr/2026:10:07:02 +0200] "GET /wp-content/uploads/2008/06/m1.jpg HTTP/1.0" 200 31206 "-" "-"
95.216.2.94 - - [15/Apr/2026:10:07:02 +0200] "GET /wp-content/uploads/2008/06/m2.thumbnail.jpg HTTP/1.0" 200 24739 "-" "-"
95.216.2.94 - - [15/Apr/2026:10:07:02 +0200] "GET /wp-content/uploads/2008/06/m2.jpg HTTP/1.0" 200 55825 "-" "-"
95.216.2.94 - - [15/Apr/2026:10:07:02 +0200] "GET /wp-content/uploads/2008/06/m2.jpg HTTP/1.0" 200 55825 "-" "-"
216.244.66.233 - - [15/Apr/2026:10:07:02 +0200] "GET /2008/06/05/bs-in-taiga/?replytocom=35930 HTTP/1.1" 200 38868 "-" "Mozilla/5.0 (compatible; DotBot/1.2; +https://opensiteexplorer.org/dotbot; help@moz.com)"
95.216.2.94 - - [15/Apr/2026:10:10:08 +0200] "POST /wp-cron.php?doing_wp_cron=1776240608.8512101173400878906250 HTTP/1.1" 500 199 "-" "WordPress/6.4.8; https://notes.rudomilov.ru"
95.216.2.94 - - [15/Apr/2026:10:10:08 +0200] "GET /wp-content/uploads/2007/01/svn5min_1.gif HTTP/1.0" 200 9685 "-" "-"
95.216.2.94 - - [15/Apr/2026:10:10:08 +0200] "GET /wp-content/uploads/2007/01/svn5min_2.gif HTTP/1.0" 200 9592 "-" "-"
95.216.2.94 - - [15/Apr/2026:10:10:08 +0200] "GET /wp-content/uploads/2007/01/svn5min_3.gif HTTP/1.0" 200 13887 "-" "-"
95.216.2.94 - - [15/Apr/2026:10:10:08 +0200] "GET /wp-content/uploads/2007/01/svn5min_3.gif HTTP/1.0" 200 13887 "-" "-"
109.122.193.248 - - [15/Apr/2026:10:10:08 +0200] "GET /2007/01/30/stavim-subversion-za-5-minut/ HTTP/1.1" 200 12179 "-" "Mozilla/5.0 (Windows NT 6.2; WOW64; rv:31.0) Gecko/20100101 Firefox/31.0 K-Meleon/75.0"
95.216.2.94 - - [15/Apr/2026:10:11:51 +0200] "POST /wp-cron.php?doing_wp_cron=1776240711.0554070472717285156250 HTTP/1.1" 500 4080 "-" "WordPress/6.4.8; https://notes.rudomilov.ru"
95.216.2.94 - - [15/Apr/2026:10:11:51 +0200] "GET /wp-content/themes/gridfocus/images/default_og_image.jpg HTTP/1.0" 200 278199 "-" "-"
43.130.110.130 - - [15/Apr/2026:10:11:50 +0200] "GET /2006/11/07/vliyanie-offlayna-na-poseschaemost/ HTTP/1.1" 200 12817 "-" "Mozilla/5.0 (iPhone; CPU iPhone OS 13_2_3 like Mac OS X) AppleWebKit/605.1.15 (KHTML, like Gecko) Version/13.0.3 Mobile/15E148 Safari/604.1"
95.216.2.94 - - [15/Apr/2026:10:13:41 +0200] "POST /wp-cron.php?doing_wp_cron=1776240821.2210099697113037109375 HTTP/1.1" 500 199 "-" "WordPress/6.4.8; https://notes.rudomilov.ru"
37.59.21.100 - - [15/Apr/2026:10:13:40 +0200] "GET /2008/11/16/blogun/feed/ HTTP/1.1" 200 1594 "-" "Mozilla/5.0 (X11; Linux i686) AppleWebKit/537.36 (KHTML, like Gecko) Chrome/30.0.1599.66 Safari/537.36"
154.85.62.239 - - [15/Apr/2026:10:15:15 +0200] "GET /wp-content/uploads/2011/03/freerapid_about.jpg HTTP/1.1" 200 54941 "-" "python-requests/2.25.1"
95.216.2.94 - - [15/Apr/2026:10:16:07 +0200] "POST /wp-cron.php?doing_wp_cron=1776240967.1116459369659423828125 HTTP/1.1" 500 4080 "-" "WordPress/6.4.8; https://notes.rudomilov.ru"
95.216.2.94 - - [15/Apr/2026:10:16:07 +0200] "GET /wp-content/uploads/2008/11/torrents.gif HTTP/1.0" 200 16346 "-" "-"
95.216.2.94 - - [15/Apr/2026:10:16:07 +0200] "GET /wp-content/themes/gridfocus/images/default_og_image.jpg HTTP/1.0" 200 278199 "-" "-"
185.121.232.229 - - [15/Apr/2026:10:16:06 +0200] "GET /2008/06/11/torrent-trackers/comment-page-16/ HTTP/1.0" 200 73618 "https://notes.rudomilov.ru/2008/06/11/torrent-trackers/comment-page-16/#comment-869249" "Mozilla/5.0 (Windows NT 10.0; Win64; x64) AppleWebKit/537.36 (KHTML, like Gecko) Chrome/129.0.0.0 Safari/537.36"
185.121.232.229 - - [15/Apr/2026:10:16:07 +0200] "POST /wp-comments-post.php HTTP/1.0" 500 3555 "https://notes.rudomilov.ru/2008/06/11/torrent-trackers/comment-page-16/#comment-869249" "Mozilla/5.0 (Windows NT 10.0; Win64; x64) AppleWebKit/537.36 (KHTML, like Gecko) Chrome/129.0.0.0 Safari/537.36"
95.216.2.94 - - [15/Apr/2026:10:17:53 +0200] "POST /wp-cron.php?doing_wp_cron=1776241073.5323460102081298828125 HTTP/1.1" 500 4080 "-" "WordPress/6.4.8; https://notes.rudomilov.ru"
95.216.2.94 - - [15/Apr/2026:10:17:53 +0200] "GET /wp-content/themes/gridfocus/images/default_og_image.jpg HTTP/1.0" 200 278199 "-" "-"
43.132.214.228 - - [15/Apr/2026:10:17:52 +0200] "GET /tag/bezopasnost/ HTTP/1.1" 200 13464 "-" "Mozilla/5.0 (iPhone; CPU iPhone OS 13_2_3 like Mac OS X) AppleWebKit/605.1.15 (KHTML, like Gecko) Version/13.0.3 Mobile/15E148 Safari/604.1"
114.119.150.57 - - [15/Apr/2026:10:17:59 +0200] "GET /author/admin/page/7 HTTP/1.1" 301 4146 "https://notes.rudomilov.ru/author/admin/page/6" "Mozilla/5.0 (Linux; Android 7.0;) AppleWebKit/537.36 (KHTML, like Gecko) Mobile Safari/537.36 (compatible; PetalBot;+https://webmaster.petalsearch.com/site/petalbot)"
95.216.2.94 - - [15/Apr/2026:10:18:04 +0200] "GET /wp-content/themes/gridfocus/images/default_og_image.jpg HTTP/1.0" 200 278199 "-" "-"
114.119.150.57 - - [15/Apr/2026:10:18:03 +0200] "GET /author/admin/page/7/ HTTP/1.1" 200 16889 "https://notes.rudomilov.ru/author/admin/page/6" "Mozilla/5.0 (Linux; Android 7.0;) AppleWebKit/537.36 (KHTML, like Gecko) Mobile Safari/537.36 (compatible; PetalBot;+https://webmaster.petalsearch.com/site/petalbot)"
95.216.2.94 - - [15/Apr/2026:10:21:08 +0200] "POST /wp-cron.php?doing_wp_cron=1776241267.9976210594177246093750 HTTP/1.1" 500 4080 "-" "WordPress/6.4.8; https://notes.rudomilov.ru"
77.75.78.161 - - [15/Apr/2026:10:21:07 +0200] "GET /sitemap-pt-post-p3-2007-06.xml HTTP/1.1" 200 4798 "-" "Mozilla/5.0 (compatible; SeznamBot/4.0; +https://o-seznam.cz/napoveda/vyhledavani/en/seznambot-crawler/)"
37.59.21.100 - - [15/Apr/2026:10:21:19 +0200] "GET /2007/01/20/formikariy/feed/ HTTP/1.1" 200 2042 "-" "Mozilla/5.0 (X11; Linux i686) AppleWebKit/537.36 (KHTML, like Gecko) Chrome/30.0.1599.66 Safari/537.36"
95.216.2.94 - - [15/Apr/2026:10:24:21 +0200] "POST /wp-cron.php?doing_wp_cron=1776241461.0141499042510986328125 HTTP/1.1" 500 199 "-" "WordPress/6.4.8; https://notes.rudomilov.ru"
95.216.2.94 - - [15/Apr/2026:10:24:21 +0200] "GET /wp-content/themes/gridfocus/images/default_og_image.jpg HTTP/1.0" 200 278199 "-" "-"
109.122.192.62 - - [15/Apr/2026:10:24:20 +0200] "GET /2013/09/28/check-spf-and-dkim/ HTTP/1.1" 200 14077 "-" "Mozilla/4.0 (compatible; MSIE 10.0; Windows NT 6.2; SV1; .NET4.0C; .NET4.0E; InfoPath.2; .NET CLR 2.0.50727)"
95.216.2.94 - - [15/Apr/2026:10:25:21 +0200] "POST /wp-cron.php?doing_wp_cron=1776241521.0340390205383300781250 HTTP/1.1" 500 199 "-" "WordPress/6.4.8; https://notes.rudomilov.ru"
95.216.2.94 - - [15/Apr/2026:10:25:21 +0200] "GET /wp-content/uploads/2007/01/svn5min_1.gif HTTP/1.0" 200 9685 "-" "-"
95.216.2.94 - - [15/Apr/2026:10:25:21 +0200] "GET /wp-content/uploads/2007/01/svn5min_2.gif HTTP/1.0" 200 9592 "-" "-"
95.216.2.94 - - [15/Apr/2026:10:25:21 +0200] "GET /wp-content/uploads/2007/01/svn5min_3.gif HTTP/1.0" 200 13887 "-" "-"
95.216.2.94 - - [15/Apr/2026:10:25:21 +0200] "GET /wp-content/uploads/2007/01/svn5min_3.gif HTTP/1.0" 200 13887 "-" "-"
109.122.192.153 - - [15/Apr/2026:10:25:20 +0200] "GET /2007/01/30/stavim-subversion-za-5-minut/ HTTP/1.1" 200 12180 "-" "Mozilla/5.0 (compatible; MSIE 10.0; Windows NT 6.1; Trident/6.0; .NET CLR 2.0.50727; 360SE)"
77.75.76.161 - - [15/Apr/2026:10:25:29 +0200] "GET /sitemap-pt-post-p3-2006-10.xml HTTP/1.1" 200 1637 "-" "Mozilla/5.0 (compatible; SeznamBot/4.0; +https://o-seznam.cz/napoveda/vyhledavani/en/seznambot-crawler/)"
95.216.2.94 - - [15/Apr/2026:10:25:37 +0200] "GET /wp-content/themes/gridfocus/images/default_og_image.jpg HTTP/1.0" 200 278199 "-" "-"
14.183.169.216 - - [15/Apr/2026:10:25:37 +0200] "GET http://notes.rudomilov.ru/2017/07/02/google-apps-new-domain-2017/ HTTP/1.1" 404 24498 "-" "Mozilla/5.0 (Windows NT 6.1; Win64; x64) AppleWebKit/537.36 (KHTML, like Gecko) Chrome/95.0.4638.69 Safari/537.36"
95.216.2.94 - - [15/Apr/2026:10:27:18 +0200] "POST /wp-cron.php?doing_wp_cron=1776241638.6904621124267578125000 HTTP/1.1" 500 199 "-" "WordPress/6.4.8; https://notes.rudomilov.ru"
37.59.21.100 - - [15/Apr/2026:10:27:18 +0200] "GET /2008/01/11/ochelovechivanie-servisov/feed/ HTTP/1.1" 200 1614 "-" "Mozilla/5.0 (X11; Linux i686) AppleWebKit/537.36 (KHTML, like Gecko) Chrome/30.0.1599.66 Safari/537.36"
95.216.2.94 - - [15/Apr/2026:10:28:13 +0200] "GET /wp-content/uploads/2015/08/IMG_2971-630x420.jpg HTTP/1.0" 200 54402 "-" "-"
95.216.2.94 - - [15/Apr/2026:10:28:13 +0200] "GET /wp-content/uploads/2015/08/IMG_2971.jpg HTTP/1.0" 200 220788 "-" "-"
95.216.2.94 - - [15/Apr/2026:10:28:13 +0200] "GET /wp-content/uploads/2015/08/IMG_2971.jpg HTTP/1.0" 200 220788 "-" "-"
101.33.55.204 - - [15/Apr/2026:10:28:12 +0200] "GET /2015/08/05/windows-10/?replytocom=581096 HTTP/1.1" 200 13703 "-" "Mozilla/5.0 (iPhone; CPU iPhone OS 13_2_3 like Mac OS X) AppleWebKit/605.1.15 (KHTML, like Gecko) Version/13.0.3 Mobile/15E148 Safari/604.1"
95.216.2.94 - - [15/Apr/2026:10:28:27 +0200] "POST /wp-cron.php?doing_wp_cron=1776241707.8409891128540039062500 HTTP/1.1" 500 4080 "-" "WordPress/6.4.8; https://notes.rudomilov.ru"
95.216.2.94 - - [15/Apr/2026:10:28:28 +0200] "GET /wp-content/uploads/2008/11/bl.png HTTP/1.0" 200 22196 "-" "-"
95.216.2.94 - - [15/Apr/2026:10:28:28 +0200] "GET /wp-content/themes/gridfocus/images/default_og_image.jpg HTTP/1.0" 200 278199 "-" "-"
114.119.131.248 - - [15/Apr/2026:10:28:27 +0200] "GET /2008/11/16/blogun/ HTTP/1.1" 200 13578 "https://notes.rudomilov.ru/author/admin/page/7/" "Mozilla/5.0 (Linux; Android 7.0;) AppleWebKit/537.36 (KHTML, like Gecko) Mobile Safari/537.36 (compatible; PetalBot;+https://webmaster.petalsearch.com/site/petalbot)"
95.216.2.94 - - [15/Apr/2026:10:33:46 +0200] "POST /wp-cron.php?doing_wp_cron=1776242026.3950529098510742187500 HTTP/1.1" 500 4080 "-" "WordPress/6.4.8; https://notes.rudomilov.ru"
95.216.2.94 - - [15/Apr/2026:10:33:46 +0200] "GET /wp-content/uploads/2008/11/solution_0.png HTTP/1.0" 200 12873 "-" "-"
95.216.2.94 - - [15/Apr/2026:10:33:46 +0200] "GET /wp-content/uploads/2008/11/solution_2.png HTTP/1.0" 200 9951 "-" "-"
95.216.2.94 - - [15/Apr/2026:10:33:46 +0200] "GET /wp-content/uploads/2008/11/solution_3.gif HTTP/1.0" 200 28376 "-" "-"
95.216.2.94 - - [15/Apr/2026:10:33:46 +0200] "GET /wp-content/uploads/2008/11/solution_all.thumbnail.gif HTTP/1.0" 200 30890 "-" "-"
95.216.2.94 - - [15/Apr/2026:10:33:46 +0200] "GET /wp-content/uploads/2008/11/solution_all.gif HTTP/1.0" 200 100419 "-" "-"
95.216.2.94 - - [15/Apr/2026:10:33:46 +0200] "GET /wp-content/uploads/2008/11/solution_all.gif HTTP/1.0" 200 100419 "-" "-"
62.113.113.162 - - [15/Apr/2026:10:33:45 +0200] "GET /2008/11/28/informer-ie/comment-page-7/ HTTP/1.0" 200 88298 "https://notes.rudomilov.ru/2008/11/28/informer-ie/comment-page-7/#comment-828809" "Mozilla/5.0 (Windows NT 10.0; Win64; x64) AppleWebKit/537.36 (KHTML, like Gecko) Chrome/129.0.0.0 Safari/537.36"
62.113.113.162 - - [15/Apr/2026:10:33:46 +0200] "POST /wp-comments-post.php HTTP/1.0" 500 3555 "https://notes.rudomilov.ru/2008/11/28/informer-ie/comment-page-7/#comment-828809" "Mozilla/5.0 (Windows NT 10.0; Win64; x64) AppleWebKit/537.36 (KHTML, like Gecko) Chrome/129.0.0.0 Safari/537.36"
95.216.2.94 - - [15/Apr/2026:10:37:34 +0200] "POST /wp-cron.php?doing_wp_cron=1776242254.1140019893646240234375 HTTP/1.1" 500 4080 "-" "WordPress/6.4.8; https://notes.rudomilov.ru"
49.51.196.42 - - [15/Apr/2026:10:37:33 +0200] "GET /wp-json/wp/v2/tags/41 HTTP/1.1" 200 4996 "-" "Mozilla/5.0 (iPhone; CPU iPhone OS 13_2_3 like Mac OS X) AppleWebKit/605.1.15 (KHTML, like Gecko) Version/13.0.3 Mobile/15E148 Safari/604.1"
216.244.66.233 - - [15/Apr/2026:10:38:51 +0200] "GET /robots.txt HTTP/1.1" 200 1329 "-" "Mozilla/5.0 (compatible; DotBot/1.2; +https://opensiteexplorer.org/dotbot; help@moz.com)"
45.154.98.131 - - [15/Apr/2026:10:42:04 +0200] "GET /xmlrpc.php HTTP/1.1" 500 199 "-" "Mozilla/5.0 (X11; Linux x86_64) AppleWebKit/537.36 (KHTML, like Gecko) Chrome/120.0.0.0 Safari/537.36"
45.154.98.131 - - [15/Apr/2026:10:42:07 +0200] "GET /xmlrpc.php HTTP/1.1" 500 199 "-" "Mozilla/5.0 (Windows NT 11.0; Win64; x64) AppleWebKit/537.36 (KHTML, like Gecko) Chrome/121.0.0.0 Safari/537.36"
45.154.98.131 - - [15/Apr/2026:10:42:14 +0200] "GET /xmlrpc.php HTTP/1.1" 500 199 "-" "Mozilla/5.0 (Windows NT 10.0; Win64; x64; rv:121.0) Gecko/20100101 Firefox/121.0"
95.216.2.94 - - [15/Apr/2026:10:44:39 +0200] "POST /wp-cron.php?doing_wp_cron=1776242679.5373499393463134765625 HTTP/1.1" 500 4080 "-" "WordPress/6.4.8; https://notes.rudomilov.ru"
95.216.2.94 - - [15/Apr/2026:10:44:39 +0200] "GET /wp-content/uploads/2008/11/solution_0.png HTTP/1.0" 200 12873 "-" "-"
95.216.2.94 - - [15/Apr/2026:10:44:39 +0200] "GET /wp-content/uploads/2008/11/solution_2.png HTTP/1.0" 200 9951 "-" "-"
95.216.2.94 - - [15/Apr/2026:10:44:39 +0200] "GET /wp-content/uploads/2008/11/solution_3.gif HTTP/1.0" 200 28376 "-" "-"
95.216.2.94 - - [15/Apr/2026:10:44:39 +0200] "GET /wp-content/uploads/2008/11/solution_all.thumbnail.gif HTTP/1.0" 200 30890 "-" "-"
95.216.2.94 - - [15/Apr/2026:10:44:39 +0200] "GET /wp-content/uploads/2008/11/solution_all.gif HTTP/1.0" 200 100419 "-" "-"
95.216.2.94 - - [15/Apr/2026:10:44:39 +0200] "GET /wp-content/uploads/2008/11/solution_all.gif HTTP/1.0" 200 100419 "-" "-"
