95.216.2.94 - - [15/Apr/2026:08:12:23 +0200] "GET /wp-content/themes/gridfocus/images/default_og_image.jpg HTTP/1.0" 200 278199 "-" "-"
45.131.195.115 - - [15/Apr/2026:08:12:23 +0200] "GET /wp-admin/user/network.php HTTP/1.1" 404 24403 "-" "Mozilla/5.0 (X11; Ubuntu; Linux i686; rv:79.0) Gecko/20100101 Firefox/79.0"
95.216.2.94 - - [15/Apr/2026:08:12:24 +0200] "GET /wp-content/themes/gridfocus/images/default_og_image.jpg HTTP/1.0" 200 278199 "-" "-"
45.131.195.115 - - [15/Apr/2026:08:12:24 +0200] "GET /atomlib.php HTTP/1.1" 404 24389 "-" "Mozilla/5.0 (X11; Ubuntu; Linux x86_64; rv:79.0) Gecko/20100101 Firefox/79.0"
95.216.2.94 - - [15/Apr/2026:08:12:25 +0200] "GET /wp-content/themes/gridfocus/images/default_og_image.jpg HTTP/1.0" 200 278199 "-" "-"
45.131.195.115 - - [15/Apr/2026:08:12:25 +0200] "GET /wp-includes/js/jquery/bypass.php HTTP/1.1" 404 24410 "-" "Mozilla/5.0 (Macintosh; Intel Mac OS X 10_15_6) AppleWebKit/537.36 (KHTML, like Gecko) Chrome/84.0.4147.125 Safari/537.36"
95.216.2.94 - - [15/Apr/2026:08:12:26 +0200] "GET /wp-content/themes/gridfocus/images/default_og_image.jpg HTTP/1.0" 200 278199 "-" "-"
45.131.195.115 - - [15/Apr/2026:08:12:25 +0200] "GET /wp-includes/xl2023.php HTTP/1.1" 404 24400 "-" "Mozilla/5.0 (Windows NT 10.0; Win64; x64) AppleWebKit/537.36 (KHTML, like Gecko) Chrome/79.0.3945.88 Safari/537.36"
95.216.2.94 - - [15/Apr/2026:08:12:27 +0200] "GET /wp-content/themes/gridfocus/images/default_og_image.jpg HTTP/1.0" 200 278199 "-" "-"
45.131.195.115 - - [15/Apr/2026:08:12:26 +0200] "GET /wp-includes/certificates/admin.php HTTP/1.1" 404 24412 "-" "Mozilla/5.0 (X11; Ubuntu; Linux x86_64; rv:79.0) Gecko/20100101 Firefox/79.0"
95.216.2.94 - - [15/Apr/2026:08:12:28 +0200] "GET /wp-content/themes/gridfocus/images/default_og_image.jpg HTTP/1.0" 200 278199 "-" "-"
45.131.195.115 - - [15/Apr/2026:08:12:27 +0200] "GET /wp-includes/images/media/dog.php HTTP/1.1" 404 24410 "-" "Mozilla/5.0 (X11; Ubuntu; Linux x86_64; rv:79.0) Gecko/20100101 Firefox/79.0"
95.216.2.94 - - [15/Apr/2026:08:12:28 +0200] "GET /wp-content/themes/gridfocus/images/default_og_image.jpg HTTP/1.0" 200 278199 "-" "-"
45.131.195.115 - - [15/Apr/2026:08:12:28 +0200] "GET /xp.php HTTP/1.1" 404 24384 "-" "Mozilla/5.0 (Windows NT 10.0; Win64; x64) AppleWebKit/537.36 (KHTML, like Gecko) Chrome/70.0.3538.77 Safari/537.36"
95.216.2.94 - - [15/Apr/2026:08:12:29 +0200] "GET /wp-content/themes/gridfocus/images/default_og_image.jpg HTTP/1.0" 200 278199 "-" "-"
45.131.195.115 - - [15/Apr/2026:08:12:29 +0200] "GET /wp-includes/SimplePie/applicationd.php HTTP/1.1" 404 24416 "-" "Mozilla/5.0 (Windows NT 10.0; WOW64) AppleWebKit/537.36 (KHTML, like Gecko) Chrome/72.0.3626.121 Safari/537.36"
45.131.195.115 - - [15/Apr/2026:08:12:29 +0200] "GET /wp-includes/assets/index.php HTTP/1.1" 301 352 "-" "Mozilla/5.0 (Windows NT 10.0; Win64; x64; rv:75.0) Gecko/20100101 Firefox/75.0"
95.216.2.94 - - [15/Apr/2026:08:12:31 +0200] "GET /wp-content/themes/gridfocus/images/default_og_image.jpg HTTP/1.0" 200 278199 "-" "-"
45.131.195.115 - - [15/Apr/2026:08:12:30 +0200] "GET /wp-links.php HTTP/1.1" 404 24390 "-" "Mozilla/5.0 (Windows NT 10.0; Win64; x64; rv:66.0) Gecko/20100101 Firefox/66.0"
95.216.2.94 - - [15/Apr/2026:08:12:32 +0200] "GET /wp-content/themes/gridfocus/images/default_og_image.jpg HTTP/1.0" 200 278199 "-" "-"
45.131.195.115 - - [15/Apr/2026:08:12:31 +0200] "GET /vendor/phpunit/phpunit/src/Util/PHP/as.php HTTP/1.1" 404 24420 "-" "Mozilla/5.0 (Windows NT 6.1; Win64; x64) AppleWebKit/537.36 (KHTML, like Gecko) Chrome/78.0.3904.108 Safari/537.36"
45.131.195.115 - - [15/Apr/2026:08:12:32 +0200] "GET /wp-includes/css/index.php HTTP/1.1" 301 349 "-" "Mozilla/5.0 (Windows NT 6.1; Win64; x64) AppleWebKit/537.36 (KHTML, like Gecko) Chrome/79.0.3945.130 Safari/537.36"
45.131.195.115 - - [15/Apr/2026:08:12:33 +0200] "GET /wp-includes/ID3/index.php HTTP/1.1" 301 349 "-" "Mozilla/5.0 (Windows NT 10.0; Win64; x64) AppleWebKit/537.36 (KHTML, like Gecko) Chrome/77.0.3865.90 Safari/537.36"
95.216.2.94 - - [15/Apr/2026:08:12:34 +0200] "GET /wp-content/themes/gridfocus/images/default_og_image.jpg HTTP/1.0" 200 278199 "-" "-"
45.131.195.115 - - [15/Apr/2026:08:12:33 +0200] "GET /wp-includes/pomo/admin.php HTTP/1.1" 404 24404 "-" "Mozilla/5.0 (Windows NT 10.0; Win64; x64; rv:74.0) Gecko/20100101 Firefox/74.0"
95.216.2.94 - - [15/Apr/2026:08:12:35 +0200] "GET /wp-content/themes/gridfocus/images/default_og_image.jpg HTTP/1.0" 200 278199 "-" "-"
45.131.195.115 - - [15/Apr/2026:08:12:34 +0200] "GET /wp-includes/IXR/security.php HTTP/1.1" 404 24406 "-" "Mozilla/5.0 (Windows NT 10.0; WOW64; Trident/7.0; .NET4.0C; .NET4.0E; .NET CLR 2.0.50727; .NET CLR 3.0.30729; .NET CLR 3.5.30729; rv:11.0) like Gecko"
95.216.2.94 - - [15/Apr/2026:08:12:36 +0200] "GET /wp-content/themes/gridfocus/images/default_og_image.jpg HTTP/1.0" 200 278199 "-" "-"
45.131.195.115 - - [15/Apr/2026:08:12:35 +0200] "GET /wp-content/plugins/phpadmin/as.php HTTP/1.1" 404 24412 "-" "Mozilla/5.0 (X11; Linux x86_64) AppleWebKit/537.36 (KHTML, like Gecko) Chrome/84.0.4147.105 Safari/537.36 OPR/70.0.3728.95"
95.216.2.94 - - [15/Apr/2026:08:12:36 +0200] "GET /wp-content/themes/gridfocus/images/default_og_image.jpg HTTP/1.0" 200 278199 "-" "-"
45.131.195.115 - - [15/Apr/2026:08:12:36 +0200] "GET /wp-includes/Requests/autoload_classmap.php HTTP/1.1" 404 24420 "-" "Mozilla/5.0 (Windows NT 10.0; WOW64) AppleWebKit/537.36 (KHTML, like Gecko) Chrome/72.0.3626.121 Safari/537.36"
95.216.2.94 - - [15/Apr/2026:08:12:37 +0200] "GET /wp-content/themes/gridfocus/images/default_og_image.jpg HTTP/1.0" 200 278199 "-" "-"
45.131.195.115 - - [15/Apr/2026:08:12:37 +0200] "GET /wp-content/plugins/hello.php HTTP/1.1" 404 24406 "-" "Mozilla/5.0 (Windows NT 6.1; Win64; x64) AppleWebKit/537.36 (KHTML, like Gecko) Chrome/74.0.3729.169 Safari/537.36"
95.216.2.94 - - [15/Apr/2026:08:12:38 +0200] "GET /wp-content/themes/gridfocus/images/default_og_image.jpg HTTP/1.0" 200 278199 "-" "-"
45.131.195.115 - - [15/Apr/2026:08:12:37 +0200] "GET /wp-content/plugins/seoo/about.php HTTP/1.1" 404 24411 "-" "Mozilla/5.0 (Windows NT 6.1; Win64; x64) AppleWebKit/537.36 (KHTML, like Gecko) Chrome/78.0.3904.108 Safari/537.36"
95.216.2.94 - - [15/Apr/2026:08:12:39 +0200] "GET /wp-content/themes/gridfocus/images/default_og_image.jpg HTTP/1.0" 200 278199 "-" "-"
45.131.195.115 - - [15/Apr/2026:08:12:38 +0200] "GET /wp-includes/fonts/about.php HTTP/1.1" 404 24405 "-" "Mozilla/5.0 (Windows NT 10.0; WOW64) AppleWebKit/537.36 (KHTML, like Gecko) Chrome/72.0.3626.121 Safari/537.36"
95.216.2.94 - - [15/Apr/2026:08:12:40 +0200] "GET /wp-content/themes/gridfocus/images/default_og_image.jpg HTTP/1.0" 200 278199 "-" "-"
45.131.195.115 - - [15/Apr/2026:08:12:39 +0200] "GET /moon.php HTTP/1.1" 404 24386 "-" "Mozilla/5.0 (Windows NT 6.1; Win64; x64) AppleWebKit/537.36 (KHTML, like Gecko) Chrome/79.0.3945.130 Safari/537.36"
45.131.195.115 - - [15/Apr/2026:08:12:40 +0200] "GET /wp-admin/user/about.php HTTP/1.1" 302 345 "-" "Mozilla/5.0 (Windows NT 10.0; Win64; x64) AppleWebKit/537.36 (KHTML, like Gecko) Chrome/77.0.3865.90 Safari/537.36"
45.131.195.115 - - [15/Apr/2026:08:12:41 +0200] "GET /wp-admin/js/widgets/index.php HTTP/1.1" 301 353 "-" "Mozilla/5.0 (Windows NT 10.0; Win64; x64) AppleWebKit/537.36 (KHTML, like Gecko) Chrome/84.0.4147.105 Safari/537.36"
95.216.2.94 - - [15/Apr/2026:08:12:42 +0200] "GET /wp-content/themes/gridfocus/images/default_og_image.jpg HTTP/1.0" 200 278199 "-" "-"
45.131.195.115 - - [15/Apr/2026:08:12:41 +0200] "GET /webadmin.php HTTP/1.1" 404 24390 "-" "Mozilla/5.0 (Windows NT 10.0; Win64; x64; rv:76.0) Gecko/20100101 Firefox/76.0"
95.216.2.94 - - [15/Apr/2026:08:12:43 +0200] "GET /wp-content/themes/gridfocus/images/default_og_image.jpg HTTP/1.0" 200 278199 "-" "-"
45.131.195.115 - - [15/Apr/2026:08:12:42 +0200] "GET /wp-includes/PHPMailer/about.php HTTP/1.1" 404 24409 "-" "Mozilla/5.0 (Windows NT 10.0; Win64; x64) AppleWebKit/537.36 (KHTML, like Gecko) Chrome/79.0.3945.130 Safari/537.36"
45.131.195.115 - - [15/Apr/2026:08:12:43 +0200] "GET /wp-admin/about.php HTTP/1.1" 302 340 "-" "Mozilla/5.0 (Windows NT 10.0; Win64; x64; rv:72.0) Gecko/20100101 Firefox/72.0"
95.216.2.94 - - [15/Apr/2026:08:12:44 +0200] "GET /wp-content/themes/gridfocus/images/default_og_image.jpg HTTP/1.0" 200 278199 "-" "-"
45.131.195.115 - - [15/Apr/2026:08:12:44 +0200] "GET /xl2023.php HTTP/1.1" 404 24388 "-" "Mozilla/5.0 (Windows NT 6.1; Win64; x64) AppleWebKit/537.36 (KHTML, like Gecko) Chrome/58.0.3029.110 Safari/537.3"
95.216.2.94 - - [15/Apr/2026:08:12:45 +0200] "POST /wp-cron.php?doing_wp_cron=1776233565.9034869670867919921875 HTTP/1.1" 500 199 "-" "WordPress/6.4.8; https://notes.rudomilov.ru"
95.216.2.94 - - [15/Apr/2026:08:12:45 +0200] "GET /wp-content/themes/gridfocus/images/default_og_image.jpg HTTP/1.0" 200 278199 "-" "-"
45.131.195.115 - - [15/Apr/2026:08:12:45 +0200] "GET /go.php HTTP/1.1" 404 24384 "-" "Mozilla/5.0 (Macintosh; Intel Mac OS X 10.15; rv:79.0) Gecko/20100101 Firefox/79.0"
95.216.2.94 - - [15/Apr/2026:08:12:46 +0200] "GET /wp-content/themes/gridfocus/images/default_og_image.jpg HTTP/1.0" 200 278199 "-" "-"
45.131.195.115 - - [15/Apr/2026:08:12:46 +0200] "GET /wp-admin/xleet.php HTTP/1.1" 404 24396 "-" "Mozilla/5.0 (Windows NT 10.0; Win64; x64) AppleWebKit/537.36 (KHTML, like Gecko) Chrome/81.0.4044.129 Safari/537.36"
95.216.2.94 - - [15/Apr/2026:08:12:47 +0200] "GET /wp-content/themes/gridfocus/images/default_og_image.jpg HTTP/1.0" 200 278199 "-" "-"
45.131.195.115 - - [15/Apr/2026:08:12:47 +0200] "GET /templates/beez3/bypass.php HTTP/1.1" 404 24404 "-" "Mozilla/5.0 (X11; Ubuntu; Linux i686; rv:79.0) Gecko/20100101 Firefox/79.0"
95.216.2.94 - - [15/Apr/2026:08:12:48 +0200] "GET /wp-content/themes/gridfocus/images/default_og_image.jpg HTTP/1.0" 200 278199 "-" "-"
45.131.195.115 - - [15/Apr/2026:08:12:47 +0200] "GET /wp-admin/css/colors/blue/ahax.php HTTP/1.1" 404 24411 "-" "Mozilla/5.0 (Windows NT 10.0; Win64; x64) AppleWebKit/537.36 (KHTML, like Gecko) Chrome/83.0.4103.61 Safari/537.36"
95.216.2.94 - - [15/Apr/2026:08:12:49 +0200] "GET /wp-content/themes/gridfocus/images/default_og_image.jpg HTTP/1.0" 200 278199 "-" "-"
45.131.195.115 - - [15/Apr/2026:08:12:48 +0200] "GET /.well-known/admin.php HTTP/1.1" 404 24399 "-" "Mozilla/5.0 (Windows NT 10.0; Win64; x64) AppleWebKit/537.36 (KHTML, like Gecko) Chrome/70.0.3538.110 Safari/537.36"
95.216.2.94 - - [15/Apr/2026:08:12:50 +0200] "GET /wp-content/themes/gridfocus/images/default_og_image.jpg HTTP/1.0" 200 278199 "-" "-"
45.131.195.115 - - [15/Apr/2026:08:12:49 +0200] "GET /wp-includes/assets/file.php HTTP/1.1" 404 24405 "-" "Mozilla/5.0 (X11; Linux x86_64) AppleWebKit/537.36 (KHTML, like Gecko) Chrome/84.0.4147.105 Safari/537.36"
45.131.195.115 - - [15/Apr/2026:08:12:50 +0200] "GET /cgi-bin/index.php HTTP/1.1" 404 441 "-" "Mozilla/5.0 (Windows NT 10.0; WOW64) AppleWebKit/537.36 (KHTML, like Gecko) Chrome/84.0.4147.105 Safari/537.36"
95.216.2.94 - - [15/Apr/2026:08:12:51 +0200] "GET /wp-content/themes/gridfocus/images/default_og_image.jpg HTTP/1.0" 200 278199 "-" "-"
45.131.195.115 - - [15/Apr/2026:08:12:50 +0200] "GET /wp-content/uploads/file.php HTTP/1.1" 404 24405 "-" "Mozilla/5.0 (Windows NT 10.0; Win64; x64; rv:76.0) Gecko/20100101 Firefox/76.0"
95.216.2.94 - - [15/Apr/2026:08:12:51 +0200] "GET /wp-content/themes/gridfocus/images/default_og_image.jpg HTTP/1.0" 200 278199 "-" "-"
45.131.195.115 - - [15/Apr/2026:08:12:51 +0200] "GET /wp-content/plugins/view-more/ioxi.php HTTP/1.1" 404 24415 "-" "Mozilla/5.0 (Macintosh; Intel Mac OS X 10.15; rv:79.0) Gecko/20100101 Firefox/79.0"
95.216.2.94 - - [15/Apr/2026:08:12:52 +0200] "GET /wp-content/themes/gridfocus/images/default_og_image.jpg HTTP/1.0" 200 278199 "-" "-"
45.131.195.115 - - [15/Apr/2026:08:12:52 +0200] "GET /wp-includes/customize/dedi1.php HTTP/1.1" 404 24409 "-" "Mozilla/5.0 (Linux x86_64; rv:79.0) Gecko/20100101 Firefox/79.0"
95.216.2.94 - - [15/Apr/2026:08:12:53 +0200] "GET /wp-content/themes/gridfocus/images/default_og_image.jpg HTTP/1.0" 200 278199 "-" "-"
45.131.195.115 - - [15/Apr/2026:08:12:52 +0200] "GET /wp-includes/pomo/autoload_classmap.php HTTP/1.1" 404 24416 "-" "Mozilla/5.0 (Windows NT 10.0; Win64; x64) AppleWebKit/537.36 (KHTML, like Gecko) Chrome/84.0.4147.105 Safari/537.36"
45.131.195.115 - - [15/Apr/2026:08:12:53 +0200] "GET /wp-admin/css/colors/index.php HTTP/1.1" 301 353 "-" "Mozilla/5.0 (Macintosh; Intel Mac OS X 10_15_6) AppleWebKit/537.36 (KHTML, like Gecko) Chrome/84.0.4147.105 Safari/537.36 OPR/70.0.3728.95"
95.216.2.94 - - [15/Apr/2026:08:12:55 +0200] "GET /wp-content/themes/gridfocus/images/default_og_image.jpg HTTP/1.0" 200 278199 "-" "-"
45.131.195.115 - - [15/Apr/2026:08:12:54 +0200] "GET /warm.PhP7 HTTP/1.1" 404 24387 "-" "Mozilla/5.0 (X11; Ubuntu; Linux x86_64; rv:79.0) Gecko/20100101 Firefox/79.0"
45.131.195.115 - - [15/Apr/2026:08:12:55 +0200] "GET /wp-admin/admin.php HTTP/1.1" 302 340 "-" "Mozilla/5.0 (Windows NT 10.0; Win64; x64) AppleWebKit/537.36 (KHTML, like Gecko) Chrome/79.0.3945.79 Safari/537.36"
95.216.2.94 - - [15/Apr/2026:08:12:56 +0200] "GET /wp-content/themes/gridfocus/images/default_og_image.jpg HTTP/1.0" 200 278199 "-" "-"
45.131.195.115 - - [15/Apr/2026:08:12:56 +0200] "GET /wp-content/themes/seotheme/mar.php HTTP/1.1" 404 24412 "-" "Mozilla/5.0 (Windows NT 10.0; Win64; x64) AppleWebKit/537.36 (KHTML, like Gecko) Chrome/83.0.4103.61 Safari/537.36"
95.216.2.94 - - [15/Apr/2026:08:12:57 +0200] "GET /wp-content/themes/gridfocus/images/default_og_image.jpg HTTP/1.0" 200 278199 "-" "-"
45.131.195.115 - - [15/Apr/2026:08:12:56 +0200] "GET /wp-includes/images/wp-login.php HTTP/1.1" 404 24409 "-" "Mozilla/5.0 (X11; Linux x86_64) AppleWebKit/537.36 (KHTML, like Gecko) Chrome/84.0.4147.105 Safari/537.36"
95.216.2.94 - - [15/Apr/2026:08:12:58 +0200] "GET /wp-content/themes/gridfocus/images/default_og_image.jpg HTTP/1.0" 200 278199 "-" "-"
45.131.195.115 - - [15/Apr/2026:08:12:57 +0200] "GET /wp-content/plugins/ioxi/ioxiworm.php HTTP/1.1" 404 24414 "-" "Mozilla/5.0 (Windows NT 10.0; Win64; x64) AppleWebKit/537.36 (KHTML, like Gecko) Chrome/77.0.3865.90 Safari/537.36"
95.216.2.94 - - [15/Apr/2026:08:12:59 +0200] "GET /wp-content/themes/gridfocus/images/default_og_image.jpg HTTP/1.0" 200 278199 "-" "-"
45.131.195.115 - - [15/Apr/2026:08:12:58 +0200] "GET /blog/wp-content/about.php HTTP/1.1" 404 24403 "-" "Mozilla/5.0 (Macintosh; Intel Mac OS X 10_12_6) AppleWebKit/537.36 (KHTML, like Gecko) Chrome/58.0.3029.110 Safari/537.3"
95.216.2.94 - - [15/Apr/2026:08:13:00 +0200] "GET /wp-content/themes/gridfocus/images/default_og_image.jpg HTTP/1.0" 200 278199 "-" "-"
45.131.195.115 - - [15/Apr/2026:08:12:59 +0200] "GET /hehehehe.php HTTP/1.1" 404 24390 "-" "Mozilla/5.0 (Windows NT 10.0; WOW64; x64) AppleWebKit/537.36 (KHTML, like Gecko) Chrome/84.0.4147.105 Safari/537.36 OPR/70.0.3728.95"
45.131.195.115 - - [15/Apr/2026:08:13:00 +0200] "GET /.well-known/acme-challenge/install.php HTTP/1.1" 404 441 "-" "Mozilla/5.0 (Windows NT 10.0) AppleWebKit/537.36 (KHTML, like Gecko) Chrome/84.0.4147.105 Safari/537.36"
45.131.195.115 - - [15/Apr/2026:08:13:00 +0200] "GET /.well-known/acme-challenge/plugins.php HTTP/1.1" 404 441 "-" "Mozilla/5.0 (Windows NT 10.0; Win64; x64; rv:71.0) Gecko/20100101 Firefox/71.0"
45.131.195.115 - - [15/Apr/2026:08:13:00 +0200] "GET /.well-known/acme-challenge/license.php HTTP/1.1" 404 441 "-" "Mozilla/5.0 (Windows NT 10.0; Win64; x64) AppleWebKit/537.36 (KHTML, like Gecko) Chrome/80.0.3987.149 Safari/537.36"
95.216.2.94 - - [15/Apr/2026:08:13:01 +0200] "GET /wp-content/themes/gridfocus/images/default_og_image.jpg HTTP/1.0" 200 278199 "-" "-"
45.131.195.115 - - [15/Apr/2026:08:13:00 +0200] "GET /wp-content/themes/astra/inc/ki1k.php HTTP/1.1" 404 24414 "-" "Mozilla/5.0 (Windows NT 10.0; Win64; x64; rv:67.0) Gecko/20100101 Firefox/67.0"
95.216.2.94 - - [15/Apr/2026:08:13:02 +0200] "GET /wp-content/themes/gridfocus/images/default_og_image.jpg HTTP/1.0" 200 278199 "-" "-"
45.131.195.115 - - [15/Apr/2026:08:13:01 +0200] "GET /wp-content/themes/astra/inc/fm.php HTTP/1.1" 404 24412 "-" "Mozilla/5.0 (Windows NT 10.0) AppleWebKit/537.36 (KHTML, like Gecko) Chrome/84.0.4147.105 Safari/537.36"
45.131.195.115 - - [15/Apr/2026:08:13:02 +0200] "GET /wp-content/plugins/ccx/index.php HTTP/1.1" 301 356 "-" "Mozilla/5.0 (Macintosh; Intel Mac OS X 10_15_6) AppleWebKit/537.36 (KHTML, like Gecko) Chrome/84.0.4147.105 Safari/537.36 OPR/70.0.3728.95"
45.131.195.115 - - [15/Apr/2026:08:13:03 +0200] "GET /wp-content/themes/index.php HTTP/1.1" 200 147 "-" "Mozilla/5.0 (Windows NT 6.1; Win64; x64) AppleWebKit/537.36 (KHTML, like Gecko) Chrome/78.0.3904.108 Safari/537.36"
95.216.2.94 - - [15/Apr/2026:08:13:03 +0200] "GET /wp-content/themes/gridfocus/images/default_og_image.jpg HTTP/1.0" 200 278199 "-" "-"
45.131.195.115 - - [15/Apr/2026:08:13:03 +0200] "GET /wp-includes/Requests/about.php HTTP/1.1" 404 24427 "-" "Mozilla/5.0 (X11; Ubuntu; Linux x86_64; rv:79.0) Gecko/20100101 Firefox/79.0"
45.131.195.120 - - [15/Apr/2026:08:13:05 +0200] "GET /wp-includes/css/dist/edit-widgets/index.php HTTP/1.1" 301 367 "-" "Mozilla/5.0 (X11; Ubuntu; Linux i686; rv:79.0) Gecko/20100101 Firefox/79.0"
52.243.57.116 - - [15/Apr/2026:08:13:06 +0200] "GET /elp.php HTTP/1.1" 301 4263 "-" "Mozilla/5.0 (Windows NT 10.0; Win64; x64) AppleWebKit/537.36 (KHTML, like Gecko) Chrome/120.0.0.0 Safari/537.36"
52.243.57.116 - - [15/Apr/2026:08:13:07 +0200] "GET /ftde.php HTTP/1.1" 301 495 "-" "Mozilla/5.0 (Windows NT 10.0; Win64; x64) AppleWebKit/537.36 (KHTML, like Gecko) Chrome/120.0.0.0 Safari/537.36"
52.243.57.116 - - [15/Apr/2026:08:13:08 +0200] "GET /wp-temp.php HTTP/1.1" 301 498 "-" "Mozilla/5.0 (Windows NT 10.0; Win64; x64) AppleWebKit/537.36 (KHTML, like Gecko) Chrome/120.0.0.0 Safari/537.36"
52.243.57.116 - - [15/Apr/2026:08:13:09 +0200] "GET /admin/function.php HTTP/1.1" 301 505 "-" "Mozilla/5.0 (Windows NT 10.0; Win64; x64) AppleWebKit/537.36 (KHTML, like Gecko) Chrome/120.0.0.0 Safari/537.36"
95.216.2.94 - - [15/Apr/2026:08:13:10 +0200] "GET /wp-content/themes/gridfocus/images/default_og_image.jpg HTTP/1.0" 200 278199 "-" "-"
45.131.195.120 - - [15/Apr/2026:08:13:09 +0200] "GET /wp-includes/css/dist/edit-widgets/about.php HTTP/1.1" 404 24421 "-" "Mozilla/5.0 (Windows NT 10.0; Win64; x64) AppleWebKit/537.36 (KHTML, like Gecko) Chrome/58.0.3029.110 Safari/537.3"
52.243.57.116 - - [15/Apr/2026:08:13:10 +0200] "GET /atomlib.php HTTP/1.1" 301 498 "-" "Mozilla/5.0 (Windows NT 10.0; Win64; x64) AppleWebKit/537.36 (KHTML, like Gecko) Chrome/120.0.0.0 Safari/537.36"
95.216.2.94 - - [15/Apr/2026:08:13:11 +0200] "GET /wp-content/themes/gridfocus/images/default_og_image.jpg HTTP/1.0" 200 278199 "-" "-"
52.243.57.116 - - [15/Apr/2026:08:13:11 +0200] "GET /themes.php HTTP/1.1" 301 497 "-" "Mozilla/5.0 (Windows NT 10.0; Win64; x64) AppleWebKit/537.36 (KHTML, like Gecko) Chrome/120.0.0.0 Safari/537.36"
45.131.195.120 - - [15/Apr/2026:08:13:11 +0200] "GET /wp-includes/Requests/src/Exception/Http/about.php HTTP/1.1" 404 24427 "-" "Mozilla/5.0 (Windows NT 6.1; Win64; x64) AppleWebKit/537.36 (KHTML, like Gecko) Chrome/80.0.3987.149 Safari/537.36"
52.243.57.116 - - [15/Apr/2026:08:13:12 +0200] "GET /wp-blog.php HTTP/1.1" 301 498 "-" "Mozilla/5.0 (Windows NT 10.0; Win64; x64) AppleWebKit/537.36 (KHTML, like Gecko) Chrome/120.0.0.0 Safari/537.36"
45.131.195.120 - - [15/Apr/2026:08:13:12 +0200] "GET /wp-includes/Text/Diff/Renderer/index.php HTTP/1.1" 301 364 "-" "Mozilla/5.0 (Windows NT 10.0; WOW64) AppleWebKit/537.36 (KHTML, like Gecko) Chrome/72.0.3626.121 Safari/537.36"
95.216.2.94 - - [15/Apr/2026:08:13:13 +0200] "GET /wp-content/uploads/2008/07/flashvideo.png HTTP/1.0" 200 12013 "-" "-"
95.216.2.94 - - [15/Apr/2026:08:13:13 +0200] "GET /wp-content/themes/gridfocus/images/default_og_image.jpg HTTP/1.0" 200 278199 "-" "-"
177.137.102.201 - - [15/Apr/2026:08:13:12 +0200] "GET /2008/07/27/flv-player-converter-avi/?replytocom=50370 HTTP/1.1" 200 19701 "-" "Mozilla/5.0 (Macintosh; Intel Mac OS X 10_14_6) AppleWebKit/537.36 (KHTML, like Gecko) Chrome/76.0.3809.100 Safari/537.36"
52.243.57.116 - - [15/Apr/2026:08:13:12 +0200] "GET /wp-the.php HTTP/1.1" 301 497 "-" "Mozilla/5.0 (Windows NT 10.0; Win64; x64) AppleWebKit/537.36 (KHTML, like Gecko) Chrome/120.0.0.0 Safari/537.36"
45.131.195.120 - - [15/Apr/2026:08:13:13 +0200] "GET /wp-includes/Text/Diff/index.php HTTP/1.1" 301 355 "-" "Mozilla/5.0 (Windows NT 10.0; Win64; x64; rv:71.0) Gecko/20100101 Firefox/71.0"
52.243.57.116 - - [15/Apr/2026:08:13:13 +0200] "GET /CDX2.php HTTP/1.1" 301 495 "-" "Mozilla/5.0 (Windows NT 10.0; Win64; x64) AppleWebKit/537.36 (KHTML, like Gecko) Chrome/120.0.0.0 Safari/537.36"
45.131.195.120 - - [15/Apr/2026:08:13:13 +0200] "GET /wp-admin/css/colors/ocean/index.php HTTP/1.1" 301 359 "-" "Mozilla/5.0 (Windows NT 10.0; Win64; x64) AppleWebKit/537.36 (KHTML, like Gecko) Chrome/79.0.3945.79 Safari/537.36"
52.243.57.116 - - [15/Apr/2026:08:13:14 +0200] "GET /profile.php HTTP/1.1" 301 498 "-" "Mozilla/5.0 (Windows NT 10.0; Win64; x64) AppleWebKit/537.36 (KHTML, like Gecko) Chrome/120.0.0.0 Safari/537.36"
45.131.195.120 - - [15/Apr/2026:08:13:14 +0200] "GET /wp-includes/images/media/index.php HTTP/1.1" 301 358 "-" "Mozilla/5.0 (Windows NT 10.0; Win64; x64) AppleWebKit/537.36 (KHTML, like Gecko) Chrome/79.0.3945.79 Safari/537.36"
52.243.57.116 - - [15/Apr/2026:08:13:15 +0200] "GET /wp-content/themes/admin.php HTTP/1.1" 301 514 "-" "Mozilla/5.0 (Windows NT 10.0; Win64; x64) AppleWebKit/537.36 (KHTML, like Gecko) Chrome/120.0.0.0 Safari/537.36"
45.131.195.120 - - [15/Apr/2026:08:13:15 +0200] "GET /wp-includes/js/tinymce/skins/lightgray/img/index.php HTTP/1.1" 301 376 "-" "Mozilla/5.0 (Windows NT 10.0; Win64; x64; rv:75.0) Gecko/20100101 Firefox/75.0"
52.243.57.116 - - [15/Apr/2026:08:13:16 +0200] "GET /ws80.php HTTP/1.1" 301 495 "-" "Mozilla/5.0 (Windows NT 10.0; Win64; x64) AppleWebKit/537.36 (KHTML, like Gecko) Chrome/120.0.0.0 Safari/537.36"
95.216.2.94 - - [15/Apr/2026:08:13:17 +0200] "GET /wp-content/themes/gridfocus/images/default_og_image.jpg HTTP/1.0" 200 278199 "-" "-"
45.131.195.120 - - [15/Apr/2026:08:13:16 +0200] "GET /wp-includes/js/tinymce/skins/lightgray/img/about.php HTTP/1.1" 404 24430 "-" "Mozilla/5.0 (Windows NT 10.0; Win64; x64) AppleWebKit/537.36 (KHTML, like Gecko) Chrome/81.0.4044.129 Safari/537.36"
52.243.57.116 - - [15/Apr/2026:08:13:17 +0200] "GET /403.php HTTP/1.1" 301 494 "-" "Mozilla/5.0 (Windows NT 10.0; Win64; x64) AppleWebKit/537.36 (KHTML, like Gecko) Chrome/120.0.0.0 Safari/537.36"
95.216.2.94 - - [15/Apr/2026:08:13:18 +0200] "GET /wp-content/themes/gridfocus/images/default_og_image.jpg HTTP/1.0" 200 278199 "-" "-"
45.131.195.120 - - [15/Apr/2026:08:13:17 +0200] "GET /wp-includes/js/tinymce/skins/lightgray/img/wp-login.php HTTP/1.1" 404 24433 "-" "Mozilla/5.0 (Windows NT 10.0; Win64; x64; rv:79.0) Gecko/20100101 Firefox/79.0"
95.216.2.94 - - [15/Apr/2026:08:13:19 +0200] "GET /wp-content/themes/gridfocus/images/default_og_image.jpg HTTP/1.0" 200 278199 "-" "-"
45.131.195.120 - - [15/Apr/2026:08:13:18 +0200] "GET /wp-admin/maint/themes.php HTTP/1.1" 404 24403 "-" "Mozilla/5.0 (Windows NT 10.0; Win64; x64; rv:73.0) Gecko/20100101 Firefox/73.0"
52.243.57.116 - - [15/Apr/2026:08:13:18 +0200] "GET /a4.php HTTP/1.1" 301 493 "-" "Mozilla/5.0 (Windows NT 10.0; Win64; x64) AppleWebKit/537.36 (KHTML, like Gecko) Chrome/120.0.0.0 Safari/537.36"
45.131.195.120 - - [15/Apr/2026:08:13:19 +0200] "GET /wp-content/plugins/seoplugins/index.php HTTP/1.1" 301 363 "-" "Mozilla/5.0 (Windows NT 10.0; Win64; x64) AppleWebKit/537.36 (KHTML, like Gecko) Chrome/69.0.3497.100 Safari/537.36"
52.243.57.116 - - [15/Apr/2026:08:13:19 +0200] "GET /app.php HTTP/1.1" 301 494 "-" "Mozilla/5.0 (Windows NT 10.0; Win64; x64) AppleWebKit/537.36 (KHTML, like Gecko) Chrome/120.0.0.0 Safari/537.36"
95.216.2.94 - - [15/Apr/2026:08:13:20 +0200] "GET /wp-content/themes/gridfocus/images/default_og_image.jpg HTTP/1.0" 200 278199 "-" "-"
45.131.195.120 - - [15/Apr/2026:08:13:20 +0200] "GET /wp-includes/fonts/themes.php HTTP/1.1" 404 24406 "-" "Mozilla/5.0 (Windows NT 10.0; Win64; x64) AppleWebKit/537.36 (KHTML, like Gecko) Chrome/79.0.3945.130 Safari/537.36"
52.243.57.116 - - [15/Apr/2026:08:13:20 +0200] "GET /buy.php HTTP/1.1" 301 494 "-" "Mozilla/5.0 (Windows NT 10.0; Win64; x64) AppleWebKit/537.36 (KHTML, like Gecko) Chrome/120.0.0.0 Safari/537.36"
45.131.195.120 - - [15/Apr/2026:08:13:21 +0200] "GET /wp-content/themes/twentytwentytwo/assets/fonts/index.php HTTP/1.1" 301 380 "-" "Mozilla/5.0 (Windows NT 10.0; Win64; x64) AppleWebKit/537.36 (KHTML, like Gecko) Chrome/84.0.4147.105 Safari/537.36 OPR/70.0.3728.95"
52.243.57.116 - - [15/Apr/2026:08:13:21 +0200] "GET /core.php HTTP/1.1" 301 495 "-" "Mozilla/5.0 (Windows NT 10.0; Win64; x64) AppleWebKit/537.36 (KHTML, like Gecko) Chrome/120.0.0.0 Safari/537.36"
45.131.195.120 - - [15/Apr/2026:08:13:21 +0200] "GET /wp-includes/certificates/index.php HTTP/1.1" 301 358 "-" "Mozilla/5.0 (Windows NT 10.0; Win64; x64) AppleWebKit/537.36 (KHTML, like Gecko) Chrome/80.0.3987.149 Safari/537.36"
52.243.57.116 - - [15/Apr/2026:08:13:22 +0200] "GET /lock360.php HTTP/1.1" 301 498 "-" "Mozilla/5.0 (Windows NT 10.0; Win64; x64) AppleWebKit/537.36 (KHTML, like Gecko) Chrome/120.0.0.0 Safari/537.36"
95.216.2.94 - - [15/Apr/2026:08:13:23 +0200] "GET /wp-content/themes/gridfocus/images/default_og_image.jpg HTTP/1.0" 200 278199 "-" "-"
45.131.195.120 - - [15/Apr/2026:08:13:22 +0200] "GET /byp.php HTTP/1.1" 404 24385 "-" "Mozilla/5.0 (Macintosh; Intel Mac OS X 10_15_6) AppleWebKit/537.36 (KHTML, like Gecko) Chrome/84.0.4147.125 Safari/537.36"
52.243.57.116 - - [15/Apr/2026:08:13:23 +0200] "GET /wp-block.php HTTP/1.1" 301 499 "-" "Mozilla/5.0 (Windows NT 10.0; Win64; x64) AppleWebKit/537.36 (KHTML, like Gecko) Chrome/120.0.0.0 Safari/537.36"
95.216.2.94 - - [15/Apr/2026:08:13:24 +0200] "GET /wp-content/themes/gridfocus/images/default_og_image.jpg HTTP/1.0" 200 278199 "-" "-"
45.131.195.120 - - [15/Apr/2026:08:13:23 +0200] "GET /blog/wp-includes/about.php HTTP/1.1" 404 24404 "-" "Mozilla/5.0 (Windows NT 6.1; Win64; x64) AppleWebKit/537.36 (KHTML, like Gecko) Chrome/79.0.3945.130 Safari/537.36"
52.243.57.116 - - [15/Apr/2026:08:13:24 +0200] "GET /wp-content/admin.php HTTP/1.1" 301 507 "-" "Mozilla/5.0 (Windows NT 10.0; Win64; x64) AppleWebKit/537.36 (KHTML, like Gecko) Chrome/120.0.0.0 Safari/537.36"
95.216.2.94 - - [15/Apr/2026:08:13:24 +0200] "GET /wp-content/themes/gridfocus/images/default_og_image.jpg HTTP/1.0" 200 278199 "-" "-"
45.131.195.120 - - [15/Apr/2026:08:13:24 +0200] "GET /wp-includes/images/media/wp-login.php HTTP/1.1" 404 24415 "-" "Mozilla/5.0 (Windows NT 10.0; Win64; x64; rv:77.0) Gecko/20100101 Firefox/77.0"
52.243.57.116 - - [15/Apr/2026:08:13:25 +0200] "GET /wp-includes/images/wp-login.php HTTP/1.1" 301 518 "-" "Mozilla/5.0 (Windows NT 10.0; Win64; x64) AppleWebKit/537.36 (KHTML, like Gecko) Chrome/120.0.0.0 Safari/537.36"
95.216.2.94 - - [15/Apr/2026:08:13:25 +0200] "GET /wp-content/themes/gridfocus/images/default_og_image.jpg HTTP/1.0" 200 278199 "-" "-"
45.131.195.120 - - [15/Apr/2026:08:13:25 +0200] "GET /blog/wp-admin/about.php HTTP/1.1" 404 24401 "-" "Mozilla/5.0 (Windows NT 6.1; Win64; x64) AppleWebKit/537.36 (KHTML, like Gecko) Chrome/79.0.3945.130 Safari/537.36"
52.243.57.116 - - [15/Apr/2026:08:13:25 +0200] "GET /hplfuns.php HTTP/1.1" 301 498 "-" "Mozilla/5.0 (Windows NT 10.0; Win64; x64) AppleWebKit/537.36 (KHTML, like Gecko) Chrome/120.0.0.0 Safari/537.36"
95.216.2.94 - - [15/Apr/2026:08:13:26 +0200] "GET /wp-content/themes/gridfocus/images/default_og_image.jpg HTTP/1.0" 200 278199 "-" "-"
45.131.195.120 - - [15/Apr/2026:08:13:26 +0200] "GET /wp-content/themes/twentyfive/include.php HTTP/1.1" 404 24418 "-" "Mozilla/5.0 (Windows NT 10.0; Win64; x64; rv:74.0) Gecko/20100101 Firefox/74.0"
95.216.2.94 - - [15/Apr/2026:08:13:27 +0200] "GET /wp-content/themes/gridfocus/images/default_og_image.jpg HTTP/1.0" 200 278199 "-" "-"
52.243.57.116 - - [15/Apr/2026:08:13:26 +0200] "GET /lock.php HTTP/1.1" 301 495 "-" "Mozilla/5.0 (Windows NT 10.0; Win64; x64) AppleWebKit/537.36 (KHTML, like Gecko) Chrome/120.0.0.0 Safari/537.36"
45.131.195.120 - - [15/Apr/2026:08:13:26 +0200] "GET /wp-includes/css/about.php HTTP/1.1" 404 24403 "-" "Mozilla/5.0 (Windows NT 10.0; Win64; x64; rv:72.0) Gecko/20100101 Firefox/72.0"
45.131.195.120 - - [15/Apr/2026:08:13:27 +0200] "GET /cgi-bin/install.php HTTP/1.1" 404 441 "-" "Mozilla/5.0 (Windows NT 6.1; Win64; x64) AppleWebKit/537.36 (KHTML, like Gecko) Chrome/78.0.3904.108 Safari/537.36"
52.243.57.116 - - [15/Apr/2026:08:13:27 +0200] "GET /radio.php HTTP/1.1" 301 496 "-" "Mozilla/5.0 (Windows NT 10.0; Win64; x64) AppleWebKit/537.36 (KHTML, like Gecko) Chrome/120.0.0.0 Safari/537.36"
95.216.2.94 - - [15/Apr/2026:08:13:28 +0200] "GET /wp-content/themes/gridfocus/images/default_og_image.jpg HTTP/1.0" 200 278199 "-" "-"
45.131.195.120 - - [15/Apr/2026:08:13:27 +0200] "GET /wp-content/wso.php HTTP/1.1" 404 24396 "-" "Mozilla/5.0 (Windows NT 10.0; Win64; x64; rv:66.0) Gecko/20100101 Firefox/66.0"
95.216.2.94 - - [15/Apr/2026:08:13:29 +0200] "GET /wp-content/themes/gridfocus/images/default_og_image.jpg HTTP/1.0" 200 278199 "-" "-"
45.131.195.120 - - [15/Apr/2026:08:13:28 +0200] "GET /class.api.php HTTP/1.1" 404 24391 "-" "Mozilla/5.0 (Windows NT 10.0; Win64; x64; rv:76.0) Gecko/20100101 Firefox/76.0"
52.243.57.116 - - [15/Apr/2026:08:13:28 +0200] "GET /wp-content/themes/about.php HTTP/1.1" 301 514 "-" "Mozilla/5.0 (Windows NT 10.0; Win64; x64) AppleWebKit/537.36 (KHTML, like Gecko) Chrome/120.0.0.0 Safari/537.36"
95.216.2.94 - - [15/Apr/2026:08:13:30 +0200] "GET /wp-content/themes/gridfocus/images/default_og_image.jpg HTTP/1.0" 200 278199 "-" "-"
45.131.195.120 - - [15/Apr/2026:08:13:29 +0200] "GET /wp-includes/certificates/wp-login.php HTTP/1.1" 404 24415 "-" "Mozilla/5.0 (Windows NT 10.0; Win64; x64) AppleWebKit/537.36 (KHTML, like Gecko) Chrome/84.0.4147.105 Safari/537.36 OPR/70.0.3728.95"
52.243.57.116 - - [15/Apr/2026:08:13:29 +0200] "GET /wp-content/upgrade/index.php HTTP/1.1" 301 506 "-" "Mozilla/5.0 (Windows NT 10.0; Win64; x64) AppleWebKit/537.36 (KHTML, like Gecko) Chrome/120.0.0.0 Safari/537.36"
52.243.57.116 - - [15/Apr/2026:08:13:30 +0200] "GET /wp-includes/fonts.php HTTP/1.1" 200 278 "-" "Mozilla/5.0 (Windows NT 10.0; Win64; x64) AppleWebKit/537.36 (KHTML, like Gecko) Chrome/120.0.0.0 Safari/537.36"
95.216.2.94 - - [15/Apr/2026:08:13:31 +0200] "GET /wp-content/themes/gridfocus/images/default_og_image.jpg HTTP/1.0" 200 278199 "-" "-"
45.131.195.120 - - [15/Apr/2026:08:13:30 +0200] "GET /wp-content/radio.php HTTP/1.1" 404 24398 "-" "Mozilla/5.0 (Windows NT 10.0; WOW64; Trident/7.0; .NET4.0C; .NET4.0E; .NET CLR 2.0.50727; .NET CLR 3.0.30729; .NET CLR 3.5.30729; rv:11.0) like Gecko"
52.243.57.116 - - [15/Apr/2026:08:13:31 +0200] "GET /ws.php HTTP/1.1" 301 493 "-" "Mozilla/5.0 (Windows NT 10.0; Win64; x64) AppleWebKit/537.36 (KHTML, like Gecko) Chrome/120.0.0.0 Safari/537.36"
95.216.2.94 - - [15/Apr/2026:08:13:32 +0200] "GET /wp-content/themes/gridfocus/images/default_og_image.jpg HTTP/1.0" 200 278199 "-" "-"
45.131.195.120 - - [15/Apr/2026:08:13:31 +0200] "GET /system_log.php HTTP/1.1" 404 24392 "-" "Mozilla/5.0 (X11; Ubuntu; Linux i686; rv:79.0) Gecko/20100101 Firefox/79.0"
52.243.57.116 - - [15/Apr/2026:08:13:32 +0200] "GET /ws49.php HTTP/1.1" 301 495 "-" "Mozilla/5.0 (Windows NT 10.0; Win64; x64) AppleWebKit/537.36 (KHTML, like Gecko) Chrome/120.0.0.0 Safari/537.36"
52.243.57.116 - - [15/Apr/2026:08:13:32 +0200] "GET /xmlrpc.php HTTP/1.1" 500 297 "-" "Mozilla/5.0 (Windows NT 10.0; Win64; x64) AppleWebKit/537.36 (KHTML, like Gecko) Chrome/120.0.0.0 Safari/537.36"
95.216.2.94 - - [15/Apr/2026:08:13:32 +0200] "GET /wp-content/themes/gridfocus/images/default_og_image.jpg HTTP/1.0" 200 278199 "-" "-"
45.131.195.120 - - [15/Apr/2026:08:13:32 +0200] "GET /.alf.php HTTP/1.1" 404 24386 "-" "Mozilla/5.0 (Windows NT 10.0; Win64; x64) AppleWebKit/537.36 (KHTML, like Gecko) Chrome/80.0.3987.149 Safari/537.36"
95.216.2.94 - - [15/Apr/2026:08:13:33 +0200] "GET /wp-content/themes/gridfocus/images/default_og_image.jpg HTTP/1.0" 200 278199 "-" "-"
45.131.195.120 - - [15/Apr/2026:08:13:33 +0200] "GET /wso.php HTTP/1.1" 404 24385 "-" "Mozilla/5.0 (Windows NT 10.0) AppleWebKit/537.36 (KHTML, like Gecko) Chrome/84.0.4147.105 Safari/537.36"
52.243.57.116 - - [15/Apr/2026:08:13:33 +0200] "GET /xozx.php HTTP/1.1" 301 1044 "-" "Mozilla/5.0 (Windows NT 10.0; Win64; x64) AppleWebKit/537.36 (KHTML, like Gecko) Chrome/120.0.0.0 Safari/537.36"
95.216.2.94 - - [15/Apr/2026:08:13:34 +0200] "GET /wp-content/themes/gridfocus/images/default_og_image.jpg HTTP/1.0" 200 278199 "-" "-"
45.131.195.120 - - [15/Apr/2026:08:13:34 +0200] "GET /wp-includes/blocks/about.php HTTP/1.1" 404 24406 "-" "Mozilla/5.0 (Windows NT 10.0) AppleWebKit/537.36 (KHTML, like Gecko) Chrome/72.0.3626.121 Safari/537.36"
52.243.57.116 - - [15/Apr/2026:08:13:34 +0200] "GET /xwx1.php HTTP/1.1" 301 495 "-" "Mozilla/5.0 (Windows NT 10.0; Win64; x64) AppleWebKit/537.36 (KHTML, like Gecko) Chrome/120.0.0.0 Safari/537.36"
95.216.2.94 - - [15/Apr/2026:08:13:35 +0200] "GET /wp-content/themes/gridfocus/images/default_og_image.jpg HTTP/1.0" 200 278199 "-" "-"
45.131.195.120 - - [15/Apr/2026:08:13:34 +0200] "GET /flower.php HTTP/1.1" 404 24388 "-" "Mozilla/5.0 (Windows NT 10.0; Win64; x64; rv:67.0) Gecko/20100101 Firefox/67.0"
52.243.57.116 - - [15/Apr/2026:08:13:35 +0200] "GET /Cap.php HTTP/1.1" 301 494 "-" "Mozilla/5.0 (Windows NT 10.0; Win64; x64) AppleWebKit/537.36 (KHTML, like Gecko) Chrome/120.0.0.0 Safari/537.36"
95.216.2.94 - - [15/Apr/2026:08:13:36 +0200] "GET /wp-content/themes/gridfocus/images/default_og_image.jpg HTTP/1.0" 200 278199 "-" "-"
45.131.195.120 - - [15/Apr/2026:08:13:35 +0200] "GET /wp-includes/wp-class.php HTTP/1.1" 404 24402 "-" "Mozilla/5.0 (Macintosh; Intel Mac OS X 10_10_1) AppleWebKit/537.36 (KHTML, like Gecko) Chrome/39.0.2171.95 Safari/537.36"
52.243.57.116 - - [15/Apr/2026:08:13:36 +0200] "GET /ahax.php HTTP/1.1" 301 495 "-" "Mozilla/5.0 (Windows NT 10.0; Win64; x64) AppleWebKit/537.36 (KHTML, like Gecko) Chrome/120.0.0.0 Safari/537.36"
95.216.2.94 - - [15/Apr/2026:08:13:37 +0200] "GET /wp-content/themes/gridfocus/images/default_og_image.jpg HTTP/1.0" 200 278199 "-" "-"
45.131.195.120 - - [15/Apr/2026:08:13:36 +0200] "GET /wp-admin/js/autoload_classmap.php HTTP/1.1" 404 24411 "-" "Mozilla/5.0 (Windows NT 10.0; Win64; x64) AppleWebKit/537.36 (KHTML, like Gecko) Chrome/70.0.3538.110 Safari/537.36"
52.243.57.116 - - [15/Apr/2026:08:13:37 +0200] "GET /byrgo.php HTTP/1.1" 301 496 "-" "Mozilla/5.0 (Windows NT 10.0; Win64; x64) AppleWebKit/537.36 (KHTML, like Gecko) Chrome/120.0.0.0 Safari/537.36"
95.216.2.94 - - [15/Apr/2026:08:13:38 +0200] "GET /wp-content/themes/gridfocus/images/default_og_image.jpg HTTP/1.0" 200 278199 "-" "-"
45.131.195.120 - - [15/Apr/2026:08:13:37 +0200] "GET /wp-content/1.php HTTP/1.1" 404 24394 "-" "Mozilla/5.0 (Windows NT 10.0; Win64; x64; rv:73.0) Gecko/20100101 Firefox/73.0"
52.243.57.116 - - [15/Apr/2026:08:13:38 +0200] "GET /num.php HTTP/1.1" 301 494 "-" "Mozilla/5.0 (Windows NT 10.0; Win64; x64) AppleWebKit/537.36 (KHTML, like Gecko) Chrome/120.0.0.0 Safari/537.36"
95.216.2.94 - - [15/Apr/2026:08:13:38 +0200] "GET /wp-content/themes/gridfocus/images/default_og_image.jpg HTTP/1.0" 200 278199 "-" "-"
45.131.195.120 - - [15/Apr/2026:08:13:38 +0200] "GET /ioxi-o.php HTTP/1.1" 404 24388 "-" "Mozilla/5.0 (Macintosh; Intel Mac OS X 10_15_6) AppleWebKit/537.36 (KHTML, like Gecko) Chrome/84.0.4147.105 Safari/537.36"
52.243.57.116 - - [15/Apr/2026:08:13:39 +0200] "GET /wp-content/themes/index.php HTTP/1.1" 200 278 "-" "Mozilla/5.0 (Windows NT 10.0; Win64; x64) AppleWebKit/537.36 (KHTML, like Gecko) Chrome/120.0.0.0 Safari/537.36"
95.216.2.94 - - [15/Apr/2026:08:13:39 +0200] "GET /wp-content/themes/gridfocus/images/default_og_image.jpg HTTP/1.0" 200 278199 "-" "-"
45.131.195.120 - - [15/Apr/2026:08:13:39 +0200] "GET /info.php HTTP/1.1" 404 24386 "-" "Mozilla/5.0 (Windows NT 6.1; Win64; x64) AppleWebKit/537.36 (KHTML, like Gecko) Chrome/58.0.3029.110 Safari/537.3"
52.243.57.116 - - [15/Apr/2026:08:13:39 +0200] "GET /12.php HTTP/1.1" 301 493 "-" "Mozilla/5.0 (Windows NT 10.0; Win64; x64) AppleWebKit/537.36 (KHTML, like Gecko) Chrome/120.0.0.0 Safari/537.36"
95.216.2.94 - - [15/Apr/2026:08:13:40 +0200] "GET /wp-content/themes/gridfocus/images/default_og_image.jpg HTTP/1.0" 200 278199 "-" "-"
45.131.195.120 - - [15/Apr/2026:08:13:39 +0200] "GET /setup.php HTTP/1.1" 404 24387 "-" "Mozilla/5.0 (Windows NT 10.0) AppleWebKit/537.36 (KHTML, like Gecko) Chrome/72.0.3626.121 Safari/537.36"
52.243.57.116 - - [15/Apr/2026:08:13:40 +0200] "GET /an.php HTTP/1.1" 301 493 "-" "Mozilla/5.0 (Windows NT 10.0; Win64; x64) AppleWebKit/537.36 (KHTML, like Gecko) Chrome/120.0.0.0 Safari/537.36"
95.216.2.94 - - [15/Apr/2026:08:13:41 +0200] "GET /wp-content/themes/gridfocus/images/default_og_image.jpg HTTP/1.0" 200 278199 "-" "-"
45.131.195.120 - - [15/Apr/2026:08:13:40 +0200] "GET /.bod/.ll/ss.php HTTP/1.1" 404 24393 "-" "Mozilla/5.0 (X11; Linux x86_64) AppleWebKit/537.36 (KHTML, like Gecko) Chrome/84.0.4147.105 Safari/537.36 OPR/70.0.3728.95"
52.243.57.116 - - [15/Apr/2026:08:13:41 +0200] "GET /archive.php HTTP/1.1" 301 498 "-" "Mozilla/5.0 (Windows NT 10.0; Win64; x64) AppleWebKit/537.36 (KHTML, like Gecko) Chrome/120.0.0.0 Safari/537.36"
95.216.2.94 - - [15/Apr/2026:08:13:42 +0200] "GET /wp-content/themes/gridfocus/images/default_og_image.jpg HTTP/1.0" 200 278199 "-" "-"
45.131.195.120 - - [15/Apr/2026:08:13:41 +0200] "GET /.well-known/radio.php HTTP/1.1" 404 24399 "-" "Mozilla/5.0 (Windows NT 10.0; Win64; x64; rv:71.0) Gecko/20100101 Firefox/71.0"
52.243.57.116 - - [15/Apr/2026:08:13:42 +0200] "GET /as.php HTTP/1.1" 301 493 "-" "Mozilla/5.0 (Windows NT 10.0; Win64; x64) AppleWebKit/537.36 (KHTML, like Gecko) Chrome/120.0.0.0 Safari/537.36"
95.216.2.94 - - [15/Apr/2026:08:13:43 +0200] "GET /wp-content/themes/gridfocus/images/default_og_image.jpg HTTP/1.0" 200 278199 "-" "-"
45.131.195.120 - - [15/Apr/2026:08:13:42 +0200] "GET /wp-content/plugin.php HTTP/1.1" 404 24399 "-" "Mozilla/5.0 (X11; Linux x86_64) AppleWebKit/537.36 (KHTML, like Gecko) Chrome/84.0.4147.105 Safari/537.36"
52.243.57.116 - - [15/Apr/2026:08:13:42 +0200] "GET /db.php HTTP/1.1" 301 493 "-" "Mozilla/5.0 (Windows NT 10.0; Win64; x64) AppleWebKit/537.36 (KHTML, like Gecko) Chrome/120.0.0.0 Safari/537.36"
95.216.2.94 - - [15/Apr/2026:08:13:43 +0200] "GET /wp-content/themes/gridfocus/images/default_og_image.jpg HTTP/1.0" 200 278199 "-" "-"
45.131.195.120 - - [15/Apr/2026:08:13:43 +0200] "GET /wp-admin/css/colors/ectoplasm/about.php HTTP/1.1" 404 24417 "-" "Mozilla/5.0 (X11; Linux i686; rv:79.0) Gecko/20100101 Firefox/79.0"
52.243.57.116 - - [15/Apr/2026:08:13:43 +0200] "GET /error.php HTTP/1.1" 301 496 "-" "Mozilla/5.0 (Windows NT 10.0; Win64; x64) AppleWebKit/537.36 (KHTML, like Gecko) Chrome/120.0.0.0 Safari/537.36"
95.216.2.94 - - [15/Apr/2026:08:13:44 +0200] "GET /wp-content/themes/gridfocus/images/default_og_image.jpg HTTP/1.0" 200 278199 "-" "-"
45.131.195.120 - - [15/Apr/2026:08:13:44 +0200] "GET /as.php HTTP/1.1" 404 24384 "-" "Mozilla/5.0 (Windows NT 10.0; Win64; x64) AppleWebKit/537.36 (KHTML, like Gecko) Chrome/79.0.3945.130 Safari/537.36"
52.243.57.116 - - [15/Apr/2026:08:13:44 +0200] "GET /ortasekerli1.php HTTP/1.1" 301 503 "-" "Mozilla/5.0 (Windows NT 10.0; Win64; x64) AppleWebKit/537.36 (KHTML, like Gecko) Chrome/120.0.0.0 Safari/537.36"
95.216.2.94 - - [15/Apr/2026:08:13:45 +0200] "GET /wp-content/themes/gridfocus/images/default_og_image.jpg HTTP/1.0" 200 278199 "-" "-"
45.131.195.120 - - [15/Apr/2026:08:13:44 +0200] "GET /cc.php HTTP/1.1" 404 24384 "-" "Mozilla/5.0 (Windows NT 10.0; Win64; x64) AppleWebKit/537.36 (KHTML, like Gecko) Chrome/81.0.4044.129 Safari/537.36"
95.216.2.94 - - [15/Apr/2026:08:13:46 +0200] "POST /wp-cron.php?doing_wp_cron=1776233626.2345850467681884765625 HTTP/1.1" 500 4080 "-" "WordPress/6.4.8; https://notes.rudomilov.ru"
52.243.57.116 - - [15/Apr/2026:08:13:45 +0200] "GET /wp-blog-header.php HTTP/1.1" 404 414 "-" "Mozilla/5.0 (Windows NT 10.0; Win64; x64) AppleWebKit/537.36 (KHTML, like Gecko) Chrome/120.0.0.0 Safari/537.36"
95.216.2.94 - - [15/Apr/2026:08:13:46 +0200] "POST /wp-cron.php?doing_wp_cron=1776233626.3226370811462402343750 HTTP/1.1" 500 199 "-" "WordPress/6.4.8; https://notes.rudomilov.ru"
45.131.195.120 - - [15/Apr/2026:08:13:45 +0200] "GET /.well-known/index.php HTTP/1.1" 301 345 "-" "Mozilla/5.0 (Macintosh; Intel Mac OS X 10_15_6) AppleWebKit/537.36 (KHTML, like Gecko) Chrome/84.0.4147.105 Safari/537.36"
95.216.2.94 - - [15/Apr/2026:08:13:47 +0200] "GET /wp-content/themes/gridfocus/images/default_og_image.jpg HTTP/1.0" 200 278199 "-" "-"
45.131.195.120 - - [15/Apr/2026:08:13:46 +0200] "GET /ab.php HTTP/1.1" 404 24384 "-" "Mozilla/5.0 (X11; Linux x86_64) AppleWebKit/537.36 (KHTML, like Gecko) Chrome/84.0.4147.105 Safari/537.36 OPR/70.0.3728.95"
52.243.57.116 - - [15/Apr/2026:08:13:46 +0200] "GET /wp-content/plugins/hellopress/wp_filemanager.php HTTP/1.1" 301 535 "-" "Mozilla/5.0 (Windows NT 10.0; Win64; x64) AppleWebKit/537.36 (KHTML, like Gecko) Chrome/120.0.0.0 Safari/537.36"
95.216.2.94 - - [15/Apr/2026:08:13:47 +0200] "GET /wp-content/themes/gridfocus/images/default_og_image.jpg HTTP/1.0" 200 278199 "-" "-"
45.131.195.120 - - [15/Apr/2026:08:13:47 +0200] "GET /wp-content/themes/about.php HTTP/1.1" 404 24405 "-" "Mozilla/5.0 (Windows NT 10.0) AppleWebKit/537.36 (KHTML, like Gecko) Chrome/72.0.3626.121 Safari/537.36"
52.243.57.116 - - [15/Apr/2026:08:13:47 +0200] "GET /wp-includes/class-wp-http-client.php HTTP/1.1" 301 523 "-" "Mozilla/5.0 (Windows NT 10.0; Win64; x64) AppleWebKit/537.36 (KHTML, like Gecko) Chrome/120.0.0.0 Safari/537.36"
45.131.195.120 - - [15/Apr/2026:08:13:48 +0200] "GET /wp-content/themes/twentytwentytwo/index.php HTTP/1.1" 200 147 "-" "Mozilla/5.0 (Windows NT 10.0; Win64; x64) AppleWebKit/537.36 (KHTML, like Gecko) Chrome/79.0.3945.88 Safari/537.36"
95.216.2.94 - - [15/Apr/2026:08:13:48 +0200] "GET /wp-content/themes/gridfocus/images/default_og_image.jpg HTTP/1.0" 200 278199 "-" "-"
45.131.195.120 - - [15/Apr/2026:08:13:48 +0200] "GET /doc.php HTTP/1.1" 404 24385 "-" "Mozilla/5.0 (X11; Ubuntu; Linux i686; rv:79.0) Gecko/20100101 Firefox/79.0"
52.243.57.116 - - [15/Apr/2026:08:13:48 +0200] "GET /wp-includes/configuration.php HTTP/1.1" 301 516 "-" "Mozilla/5.0 (Windows NT 10.0; Win64; x64) AppleWebKit/537.36 (KHTML, like Gecko) Chrome/120.0.0.0 Safari/537.36"
95.216.2.94 - - [15/Apr/2026:08:13:49 +0200] "GET /wp-content/themes/gridfocus/images/default_og_image.jpg HTTP/1.0" 200 278199 "-" "-"
45.131.195.120 - - [15/Apr/2026:08:13:49 +0200] "GET /wp-includes/html-api/chosen.php HTTP/1.1" 404 24409 "-" "Mozilla/5.0 (Windows NT 10.0; Win64; x64) AppleWebKit/537.36 (KHTML, like Gecko) Chrome/74.0.3729.169 Safari/537.36"
52.243.57.116 - - [15/Apr/2026:08:13:49 +0200] "GET /0x.php HTTP/1.1" 301 493 "-" "Mozilla/5.0 (Windows NT 10.0; Win64; x64) AppleWebKit/537.36 (KHTML, like Gecko) Chrome/120.0.0.0 Safari/537.36"
95.216.2.94 - - [15/Apr/2026:08:13:50 +0200] "GET /wp-content/themes/gridfocus/images/default_og_image.jpg HTTP/1.0" 200 278199 "-" "-"
45.131.195.120 - - [15/Apr/2026:08:13:49 +0200] "GET /wp-includes/style-engine/autoload_classmap.php HTTP/1.1" 404 24424 "-" "Mozilla/5.0 (Windows NT 6.1; Win64; x64) AppleWebKit/537.36 (KHTML, like Gecko) Chrome/80.0.3987.149 Safari/537.36"
52.243.57.116 - - [15/Apr/2026:08:13:50 +0200] "GET /aaa.php HTTP/1.1" 301 494 "-" "Mozilla/5.0 (Windows NT 10.0; Win64; x64) AppleWebKit/537.36 (KHTML, like Gecko) Chrome/120.0.0.0 Safari/537.36"
95.216.2.94 - - [15/Apr/2026:08:13:51 +0200] "GET /wp-content/themes/gridfocus/images/default_og_image.jpg HTTP/1.0" 200 278199 "-" "-"
45.131.195.120 - - [15/Apr/2026:08:13:50 +0200] "GET /mar.php HTTP/1.1" 404 24385 "-" "Mozilla/5.0 (Windows NT 10.0; WOW64; x64) AppleWebKit/537.36 (KHTML, like Gecko) Chrome/84.0.4147.105 Safari/537.36 OPR/70.0.3728.95"
52.243.57.116 - - [15/Apr/2026:08:13:51 +0200] "GET /byp.php HTTP/1.1" 301 494 "-" "Mozilla/5.0 (Windows NT 10.0; Win64; x64) AppleWebKit/537.36 (KHTML, like Gecko) Chrome/120.0.0.0 Safari/537.36"
45.131.195.120 - - [15/Apr/2026:08:13:51 +0200] "GET /wp-includes/sitemaps/providers/index.php HTTP/1.1" 301 364 "-" "Mozilla/5.0 (X11; Ubuntu; Linux i686; rv:79.0) Gecko/20100101 Firefox/79.0"
52.243.57.116 - - [15/Apr/2026:08:13:51 +0200] "GET /dropdown.php HTTP/1.1" 301 499 "-" "Mozilla/5.0 (Windows NT 10.0; Win64; x64) AppleWebKit/537.36 (KHTML, like Gecko) Chrome/120.0.0.0 Safari/537.36"
95.216.2.94 - - [15/Apr/2026:08:13:52 +0200] "GET /wp-content/themes/gridfocus/images/default_og_image.jpg HTTP/1.0" 200 278199 "-" "-"
45.131.195.120 - - [15/Apr/2026:08:13:52 +0200] "GET /wp-admin/css/wp-conflg.php HTTP/1.1" 404 24404 "-" "Mozilla/5.0 (Windows NT 6.3; Win64; x64; rv:73.0) Gecko/20100101 Firefox/73.0"
52.243.57.116 - - [15/Apr/2026:08:13:52 +0200] "GET /mini.php HTTP/1.1" 301 495 "-" "Mozilla/5.0 (Windows NT 10.0; Win64; x64) AppleWebKit/537.36 (KHTML, like Gecko) Chrome/120.0.0.0 Safari/537.36"
95.216.2.94 - - [15/Apr/2026:08:13:53 +0200] "GET /wp-content/themes/gridfocus/images/default_og_image.jpg HTTP/1.0" 200 278199 "-" "-"
45.131.195.120 - - [15/Apr/2026:08:13:53 +0200] "GET /1.php HTTP/1.1" 404 24383 "-" "Mozilla/5.0 (Windows NT 10.0; Win64; x64; rv:73.0) Gecko/20100101 Firefox/73.0"
52.243.57.116 - - [15/Apr/2026:08:13:53 +0200] "GET /new.php HTTP/1.1" 301 494 "-" "Mozilla/5.0 (Windows NT 10.0; Win64; x64) AppleWebKit/537.36 (KHTML, like Gecko) Chrome/120.0.0.0 Safari/537.36"
45.131.195.120 - - [15/Apr/2026:08:13:53 +0200] "GET /wp-includes/Text/Diff/Engine/index.php HTTP/1.1" 301 362 "-" "Mozilla/5.0 (Windows NT 10.0; Win64; x64; rv:76.0) Gecko/20100101 Firefox/76.0"
52.243.57.116 - - [15/Apr/2026:08:13:54 +0200] "GET /option.php HTTP/1.1" 301 497 "-" "Mozilla/5.0 (Windows NT 10.0; Win64; x64) AppleWebKit/537.36 (KHTML, like Gecko) Chrome/120.0.0.0 Safari/537.36"
45.131.195.120 - - [15/Apr/2026:08:13:54 +0200] "GET /wp-includes/style-engine/index.php HTTP/1.1" 301 358 "-" "Mozilla/5.0 (X11; Ubuntu; Linux x86_64; rv:79.0) Gecko/20100101 Firefox/79.0"
95.216.2.94 - - [15/Apr/2026:08:13:56 +0200] "GET /wp-content/themes/gridfocus/images/default_og_image.jpg HTTP/1.0" 200 278199 "-" "-"
52.243.57.116 - - [15/Apr/2026:08:13:55 +0200] "GET /s.php HTTP/1.1" 301 492 "-" "Mozilla/5.0 (Windows NT 10.0; Win64; x64) AppleWebKit/537.36 (KHTML, like Gecko) Chrome/120.0.0.0 Safari/537.36"
45.131.195.120 - - [15/Apr/2026:08:13:55 +0200] "GET /js/fm.php HTTP/1.1" 404 24387 "-" "Mozilla/5.0 (Windows NT 10.0; Win64; x64) AppleWebKit/537.36 (KHTML, like Gecko) Chrome/58.0.3029.110 Safari/537.3"
52.243.57.116 - - [15/Apr/2026:08:13:56 +0200] "GET /size.php HTTP/1.1" 301 495 "-" "Mozilla/5.0 (Windows NT 10.0; Win64; x64) AppleWebKit/537.36 (KHTML, like Gecko) Chrome/120.0.0.0 Safari/537.36"
45.131.195.120 - - [15/Apr/2026:08:13:56 +0200] "GET /wp-admin/images/index.php HTTP/1.1" 301 349 "-" "Mozilla/5.0 (Windows NT 10.0; Win64; x64) AppleWebKit/537.36 (KHTML, like Gecko) Chrome/77.0.3865.90 Safari/537.36"
95.216.2.94 - - [15/Apr/2026:08:13:57 +0200] "GET /wp-content/themes/gridfocus/images/default_og_image.jpg HTTP/1.0" 200 278199 "-" "-"
45.131.195.120 - - [15/Apr/2026:08:13:57 +0200] "GET /wp-content/uploads/wp-conflg.php HTTP/1.1" 404 24410 "-" "Mozilla/5.0 (Windows NT 10.0) AppleWebKit/537.36 (KHTML, like Gecko) Chrome/84.0.4147.105 Safari/537.36"
52.243.57.116 - - [15/Apr/2026:08:13:57 +0200] "GET /system_log.php HTTP/1.1" 301 501 "-" "Mozilla/5.0 (Windows NT 10.0; Win64; x64) AppleWebKit/537.36 (KHTML, like Gecko) Chrome/120.0.0.0 Safari/537.36"
95.216.2.94 - - [15/Apr/2026:08:13:58 +0200] "GET /wp-content/themes/gridfocus/images/default_og_image.jpg HTTP/1.0" 200 278199 "-" "-"
45.131.195.120 - - [15/Apr/2026:08:13:58 +0200] "GET /wp-content/file.php HTTP/1.1" 404 24397 "-" "Mozilla/5.0 (Windows NT 10.0; Win64; x64; rv:77.0) Gecko/20100101 Firefox/77.0"
52.243.57.116 - - [15/Apr/2026:08:13:58 +0200] "GET /tool.php HTTP/1.1" 301 495 "-" "Mozilla/5.0 (Windows NT 10.0; Win64; x64) AppleWebKit/537.36 (KHTML, like Gecko) Chrome/120.0.0.0 Safari/537.36"
95.216.2.94 - - [15/Apr/2026:08:13:59 +0200] "GET /wp-content/themes/gridfocus/images/default_og_image.jpg HTTP/1.0" 200 278199 "-" "-"
45.131.195.120 - - [15/Apr/2026:08:13:58 +0200] "GET /wp-includes/Text/Diff/Engine/about.php HTTP/1.1" 404 24416 "-" "Mozilla/5.0 (Linux x86_64; rv:79.0) Gecko/20100101 Firefox/79.0"
52.243.57.116 - - [15/Apr/2026:08:13:59 +0200] "GET /wp-admin.php HTTP/1.1" 301 499 "-" "Mozilla/5.0 (Windows NT 10.0; Win64; x64) AppleWebKit/537.36 (KHTML, like Gecko) Chrome/120.0.0.0 Safari/537.36"
95.216.2.94 - - [15/Apr/2026:08:14:00 +0200] "GET /wp-content/themes/gridfocus/images/default_og_image.jpg HTTP/1.0" 200 278199 "-" "-"
45.131.195.120 - - [15/Apr/2026:08:13:59 +0200] "GET /fm.php HTTP/1.1" 404 24384 "-" "Mozilla/5.0 (Windows NT 6.3; Win64; x64; rv:73.0) Gecko/20100101 Firefox/73.0"
52.243.57.116 - - [15/Apr/2026:08:13:59 +0200] "GET /wp-includes/Text/Diff/Engine/about.php HTTP/1.1" 301 525 "-" "Mozilla/5.0 (Windows NT 10.0; Win64; x64) AppleWebKit/537.36 (KHTML, like Gecko) Chrome/120.0.0.0 Safari/537.36"
95.216.2.94 - - [15/Apr/2026:08:14:01 +0200] "GET /wp-content/themes/gridfocus/images/default_og_image.jpg HTTP/1.0" 200 278199 "-" "-"
45.131.195.120 - - [15/Apr/2026:08:14:00 +0200] "GET /wp-admin/js/widgets/cloud.php HTTP/1.1" 404 24407 "-" "Mozilla/5.0 (Macintosh; Intel Mac OS X 10_15_6) AppleWebKit/537.36 (KHTML, like Gecko) Chrome/84.0.4147.105 Safari/537.36 OPR/70.0.3728.95"
52.243.57.116 - - [15/Apr/2026:08:14:00 +0200] "GET /about/function.php HTTP/1.1" 301 505 "-" "Mozilla/5.0 (Windows NT 10.0; Win64; x64) AppleWebKit/537.36 (KHTML, like Gecko) Chrome/120.0.0.0 Safari/537.36"
