37.59.21.100 - - [15/Apr/2026:12:05:39 +0200] "GET /2009/08/29/gmail-google-apps/feed/ HTTP/1.1" 200 5002 "-" "Mozilla/5.0 (X11; Linux i686) AppleWebKit/537.36 (KHTML, like Gecko) Chrome/30.0.1599.66 Safari/537.36"
95.216.2.94 - - [15/Apr/2026:12:07:27 +0200] "POST /wp-cron.php?doing_wp_cron=1776247647.5442500114440917968750 HTTP/1.1" 500 4080 "-" "WordPress/6.4.8; https://notes.rudomilov.ru"
57.141.20.1 - - [15/Apr/2026:12:07:26 +0200] "GET /sitemap-pt-post-p1-2008-01.xml HTTP/1.1" 200 5056 "-" "meta-externalagent/1.1 (+https://developers.facebook.com/docs/sharing/webmasters/crawler)"
95.216.2.94 - - [15/Apr/2026:12:09:25 +0200] "POST /wp-cron.php?doing_wp_cron=1776247765.8420050144195556640625 HTTP/1.1" 500 4080 "-" "WordPress/6.4.8; https://notes.rudomilov.ru"
95.216.2.94 - - [15/Apr/2026:12:09:25 +0200] "GET /wp-content/uploads/2011/03/freerapid_main-500x316.jpg HTTP/1.0" 200 49024 "-" "-"
95.216.2.94 - - [15/Apr/2026:12:09:25 +0200] "GET /wp-content/uploads/2011/03/freerapid_main.jpg HTTP/1.0" 200 124378 "-" "-"
95.216.2.94 - - [15/Apr/2026:12:09:25 +0200] "GET /wp-content/uploads/2011/03/freerapid_main.jpg HTTP/1.0" 200 124378 "-" "-"
148.222.185.49 - - [15/Apr/2026:12:09:25 +0200] "GET /2011/03/28/freerapid/comment-page-1/ HTTP/1.0" 200 45041 "https://notes.rudomilov.ru/2011/03/28/freerapid/comment-page-1/#comment-864784" "Mozilla/5.0 (Windows NT 10.0; Win64; x64) AppleWebKit/537.36 (KHTML, like Gecko) Chrome/103.0.5042.0 Safari/537.36"
148.222.185.49 - - [15/Apr/2026:12:09:26 +0200] "POST /wp-comments-post.php HTTP/1.0" 500 3555 "https://notes.rudomilov.ru/2011/03/28/freerapid/comment-page-1/#comment-864784" "Mozilla/5.0 (Windows NT 10.0; Win64; x64) AppleWebKit/537.36 (KHTML, like Gecko) Chrome/103.0.5042.0 Safari/537.36"
216.244.66.233 - - [15/Apr/2026:12:10:09 +0200] "GET /robots.txt HTTP/1.1" 200 1329 "-" "Mozilla/5.0 (compatible; DotBot/1.2; +https://opensiteexplorer.org/dotbot; help@moz.com)"
95.216.2.94 - - [15/Apr/2026:12:10:33 +0200] "POST /wp-cron.php?doing_wp_cron=1776247833.5556180477142333984375 HTTP/1.1" 500 199 "-" "WordPress/6.4.8; https://notes.rudomilov.ru"
3.88.123.119 - - [15/Apr/2026:12:10:32 +0200] "GET /feed/ HTTP/1.1" 304 186 "-" "Mozilla/5.0 (compatible; FlipboardRSS/1.2; +http://flipboard.com/browserproxy)"
57.141.20.68 - - [15/Apr/2026:12:10:47 +0200] "GET /sitemap-pt-post-p2-2007-01.xml HTTP/1.1" 200 6792 "-" "meta-externalagent/1.1 (+https://developers.facebook.com/docs/sharing/webmasters/crawler)"
57.141.20.57 - - [15/Apr/2026:12:11:18 +0200] "GET /sitemap-tax-category-1.xml HTTP/1.1" 200 5158 "-" "meta-externalagent/1.1 (+https://developers.facebook.com/docs/sharing/webmasters/crawler)"
95.216.2.94 - - [15/Apr/2026:12:12:43 +0200] "POST /wp-cron.php?doing_wp_cron=1776247963.8760581016540527343750 HTTP/1.1" 500 4080 "-" "WordPress/6.4.8; https://notes.rudomilov.ru"
57.141.20.68 - - [15/Apr/2026:12:12:43 +0200] "GET /sitemap-tax-post_tag-7.html HTTP/1.1" 200 8123 "-" "meta-externalagent/1.1 (+https://developers.facebook.com/docs/sharing/webmasters/crawler)"
95.216.2.94 - - [15/Apr/2026:12:14:24 +0200] "POST /wp-cron.php?doing_wp_cron=1776248064.5587821006774902343750 HTTP/1.1" 500 4080 "-" "WordPress/6.4.8; https://notes.rudomilov.ru"
57.141.20.17 - - [15/Apr/2026:12:14:23 +0200] "GET /sitemap-pt-post-p1-2016-01.xml HTTP/1.1" 200 5058 "-" "meta-externalagent/1.1 (+https://developers.facebook.com/docs/sharing/webmasters/crawler)"
57.141.20.21 - - [15/Apr/2026:12:15:12 +0200] "GET /sitemap-pt-post-p1-2009-09.html HTTP/1.1" 200 6725 "-" "meta-externalagent/1.1 (+https://developers.facebook.com/docs/sharing/webmasters/crawler)"
95.216.2.94 - - [15/Apr/2026:12:16:40 +0200] "POST /wp-cron.php?doing_wp_cron=1776248200.9425830841064453125000 HTTP/1.1" 500 4080 "-" "WordPress/6.4.8; https://notes.rudomilov.ru"
57.141.20.29 - - [15/Apr/2026:12:16:40 +0200] "GET /sitemap-pt-post-p2-2006-10.xml HTTP/1.1" 200 6857 "-" "meta-externalagent/1.1 (+https://developers.facebook.com/docs/sharing/webmasters/crawler)"
37.59.21.100 - - [15/Apr/2026:12:17:15 +0200] "GET /category/banki/feed/ HTTP/1.1" 200 910 "-" "Mozilla/5.0 (X11; Linux i686) AppleWebKit/537.36 (KHTML, like Gecko) Chrome/30.0.1599.66 Safari/537.36"
95.216.2.94 - - [15/Apr/2026:12:17:28 +0200] "GET /wp-content/uploads/2008/11/int_adv.jpg HTTP/1.0" 200 18761 "-" "-"
95.216.2.94 - - [15/Apr/2026:12:17:28 +0200] "GET /wp-content/themes/gridfocus/images/default_og_image.jpg HTTP/1.0" 200 278199 "-" "-"
216.244.66.233 - - [15/Apr/2026:12:17:27 +0200] "GET /2008/07/28/7-shagov-k-prodazhe-reklamy-na-sajte/ HTTP/1.1" 200 40146 "-" "Mozilla/5.0 (compatible; DotBot/1.2; +https://opensiteexplorer.org/dotbot; help@moz.com)"
95.216.2.94 - - [15/Apr/2026:12:17:45 +0200] "POST /wp-cron.php?doing_wp_cron=1776248265.3706479072570800781250 HTTP/1.1" 500 4080 "-" "WordPress/6.4.8; https://notes.rudomilov.ru"
57.141.20.69 - - [15/Apr/2026:12:17:44 +0200] "GET /sitemap-pt-page-p1-2008-02.xml HTTP/1.1" 200 5030 "-" "meta-externalagent/1.1 (+https://developers.facebook.com/docs/sharing/webmasters/crawler)"
57.141.20.1 - - [15/Apr/2026:12:17:49 +0200] "GET /sitemap-pt-post-p1-2013-10.html HTTP/1.1" 200 6723 "-" "meta-externalagent/1.1 (+https://developers.facebook.com/docs/sharing/webmasters/crawler)"
37.59.21.100 - - [15/Apr/2026:12:18:42 +0200] "GET /2006/12/25/sots-seti/feed/ HTTP/1.1" 200 2162 "-" "Mozilla/5.0 (X11; Linux i686) AppleWebKit/537.36 (KHTML, like Gecko) Chrome/30.0.1599.66 Safari/537.36"
95.216.2.94 - - [15/Apr/2026:12:19:38 +0200] "POST /wp-cron.php?doing_wp_cron=1776248378.2949678897857666015625 HTTP/1.1" 500 4080 "-" "WordPress/6.4.8; https://notes.rudomilov.ru"
95.216.2.94 - - [15/Apr/2026:12:19:38 +0200] "GET /wp-content/uploads/2008/11/solution_0.png HTTP/1.0" 200 12873 "-" "-"
95.216.2.94 - - [15/Apr/2026:12:19:38 +0200] "GET /wp-content/uploads/2008/11/solution_2.png HTTP/1.0" 200 9951 "-" "-"
95.216.2.94 - - [15/Apr/2026:12:19:38 +0200] "GET /wp-content/uploads/2008/11/solution_3.gif HTTP/1.0" 200 28376 "-" "-"
95.216.2.94 - - [15/Apr/2026:12:19:38 +0200] "GET /wp-content/uploads/2008/11/solution_all.thumbnail.gif HTTP/1.0" 200 30890 "-" "-"
95.216.2.94 - - [15/Apr/2026:12:19:38 +0200] "GET /wp-content/uploads/2008/11/solution_all.gif HTTP/1.0" 200 100419 "-" "-"
95.216.2.94 - - [15/Apr/2026:12:19:38 +0200] "GET /wp-content/uploads/2008/11/solution_all.gif HTTP/1.0" 200 100419 "-" "-"
194.156.92.237 - - [15/Apr/2026:12:19:37 +0200] "GET /2008/11/28/informer-ie/comment-page-7/ HTTP/1.0" 200 88298 "https://notes.rudomilov.ru/2008/11/28/informer-ie/comment-page-7/#comment-856777" "Mozilla/5.0 (Windows NT 10.0; Win64; x64) AppleWebKit/537.36 (KHTML, like Gecko) Chrome/103.0.5060.53 Safari/537.36"
95.216.2.94 - - [15/Apr/2026:12:20:29 +0200] "GET /wp-content/themes/gridfocus/images/default_og_image.jpg HTTP/1.0" 200 278199 "-" "-"
194.156.92.237 - - [15/Apr/2026:12:20:29 +0200] "GET / HTTP/1.0" 200 49201 "https://notes.rudomilov.ru/" "Mozilla/5.0 (Windows NT 10.0; Win64; x64) AppleWebKit/537.36 (KHTML, like Gecko) Chrome/103.0.5060.53 Safari/537.36"
95.216.2.94 - - [15/Apr/2026:12:20:52 +0200] "POST /wp-cron.php?doing_wp_cron=1776248452.9069709777832031250000 HTTP/1.1" 500 199 "-" "WordPress/6.4.8; https://notes.rudomilov.ru"
37.59.21.100 - - [15/Apr/2026:12:20:52 +0200] "GET /2006/12/16/pravilnyiy-yandeksdirekt/feed/ HTTP/1.1" 200 1110 "-" "Mozilla/5.0 (X11; Linux i686) AppleWebKit/537.36 (KHTML, like Gecko) Chrome/30.0.1599.66 Safari/537.36"
95.216.2.94 - - [15/Apr/2026:12:23:02 +0200] "POST /wp-cron.php?doing_wp_cron=1776248582.7737269401550292968750 HTTP/1.1" 500 4080 "-" "WordPress/6.4.8; https://notes.rudomilov.ru"
57.141.20.39 - - [15/Apr/2026:12:23:02 +0200] "GET /sitemap-pt-post-p2-2008-07.xml HTTP/1.1" 200 6072 "-" "meta-externalagent/1.1 (+https://developers.facebook.com/docs/sharing/webmasters/crawler)"
95.216.2.94 - - [15/Apr/2026:12:23:38 +0200] "GET /wp-content/themes/gridfocus/images/default_og_image.jpg HTTP/1.0" 200 278199 "-" "-"
216.244.66.233 - - [15/Apr/2026:12:23:37 +0200] "GET /2007/01/14/pervitin/?replytocom=58025 HTTP/1.1" 200 64265 "-" "Mozilla/5.0 (compatible; DotBot/1.2; +https://opensiteexplorer.org/dotbot; help@moz.com)"
95.216.2.94 - - [15/Apr/2026:12:25:28 +0200] "POST /wp-cron.php?doing_wp_cron=1776248728.1639590263366699218750 HTTP/1.1" 500 4080 "-" "WordPress/6.4.8; https://notes.rudomilov.ru"
95.216.2.94 - - [15/Apr/2026:12:25:28 +0200] "GET /wp-content/uploads/2008/11/solution_0.png HTTP/1.0" 200 12873 "-" "-"
95.216.2.94 - - [15/Apr/2026:12:25:28 +0200] "GET /wp-content/uploads/2008/11/solution_2.png HTTP/1.0" 200 9951 "-" "-"
95.216.2.94 - - [15/Apr/2026:12:25:28 +0200] "GET /wp-content/uploads/2008/11/solution_3.gif HTTP/1.0" 200 28376 "-" "-"
95.216.2.94 - - [15/Apr/2026:12:25:28 +0200] "GET /wp-content/uploads/2008/11/solution_all.thumbnail.gif HTTP/1.0" 200 30890 "-" "-"
95.216.2.94 - - [15/Apr/2026:12:25:28 +0200] "GET /wp-content/uploads/2008/11/solution_all.gif HTTP/1.0" 200 100419 "-" "-"
95.216.2.94 - - [15/Apr/2026:12:25:28 +0200] "GET /wp-content/uploads/2008/11/solution_all.gif HTTP/1.0" 200 100419 "-" "-"
84.54.44.204 - - [15/Apr/2026:12:25:27 +0200] "GET /2008/11/28/informer-ie/comment-page-7/ HTTP/1.0" 200 88297 "https://notes.rudomilov.ru/2008/11/28/informer-ie/comment-page-7/#comment-765404" "Mozilla/5.0 (Windows NT 10.0; Win64; x64) AppleWebKit/537.36 (KHTML, like Gecko) Chrome/131.0.0.0 Safari/537.36"
84.54.44.204 - - [15/Apr/2026:12:25:28 +0200] "POST /wp-comments-post.php HTTP/1.0" 500 3555 "https://notes.rudomilov.ru/2008/11/28/informer-ie/comment-page-7/#comment-765404" "Mozilla/5.0 (Windows NT 10.0; Win64; x64) AppleWebKit/537.36 (KHTML, like Gecko) Chrome/131.0.0.0 Safari/537.36"
95.216.2.94 - - [15/Apr/2026:12:27:57 +0200] "POST /wp-cron.php?doing_wp_cron=1776248877.2233839035034179687500 HTTP/1.1" 500 4080 "-" "WordPress/6.4.8; https://notes.rudomilov.ru"
57.141.20.38 - - [15/Apr/2026:12:27:56 +0200] "GET /sitemap-pt-post-p1-2007-05.html HTTP/1.1" 200 7611 "-" "meta-externalagent/1.1 (+https://developers.facebook.com/docs/sharing/webmasters/crawler)"
185.191.171.13 - - [15/Apr/2026:12:30:35 +0200] "GET /robots.txt HTTP/1.1" 200 558 "-" "Mozilla/5.0 (compatible; SemrushBot/7~bl; +http://www.semrush.com/bot.html)"
95.216.2.94 - - [15/Apr/2026:12:30:36 +0200] "POST /wp-cron.php?doing_wp_cron=1776249036.1375238895416259765625 HTTP/1.1" 500 199 "-" "WordPress/6.4.8; https://notes.rudomilov.ru"
95.216.2.94 - - [15/Apr/2026:12:30:36 +0200] "GET /wp-content/themes/gridfocus/images/default_og_image.jpg HTTP/1.0" 200 278199 "-" "-"
185.191.171.2 - - [15/Apr/2026:12:30:35 +0200] "GET /2007/06/11/tsenyi-v-svyaznom-zavyishenyi-v-3-raza/ HTTP/1.1" 200 9348 "-" "Mozilla/5.0 (compatible; SemrushBot/7~bl; +http://www.semrush.com/bot.html)"
95.216.2.94 - - [15/Apr/2026:12:32:43 +0200] "POST /wp-cron.php?doing_wp_cron=1776249163.2369298934936523437500 HTTP/1.1" 500 199 "-" "WordPress/6.4.8; https://notes.rudomilov.ru"
95.216.2.94 - - [15/Apr/2026:12:32:43 +0200] "GET /wp-content/uploads/2007/07/links_formula.gif HTTP/1.0" 200 8649 "-" "-"
95.216.2.94 - - [15/Apr/2026:12:32:43 +0200] "GET /wp-content/uploads/2007/07/links_chmod.gif HTTP/1.0" 200 13827 "-" "-"
95.216.2.94 - - [15/Apr/2026:12:32:43 +0200] "GET /wp-content/themes/gridfocus/images/default_og_image.jpg HTTP/1.0" 200 278199 "-" "-"
216.244.66.233 - - [15/Apr/2026:12:32:42 +0200] "GET /2007/07/20/prodazha-ssyilok-rukovodstvo-novichka/?replytocom=525416 HTTP/1.1" 200 75724 "-" "Mozilla/5.0 (compatible; DotBot/1.2; +https://opensiteexplorer.org/dotbot; help@moz.com)"
37.59.21.100 - - [15/Apr/2026:12:32:46 +0200] "GET /category/interesnoe/feed/ HTTP/1.1" 200 911 "-" "Mozilla/5.0 (X11; Linux i686) AppleWebKit/537.36 (KHTML, like Gecko) Chrome/30.0.1599.66 Safari/537.36"
95.216.2.94 - - [15/Apr/2026:12:35:35 +0200] "POST /wp-cron.php?doing_wp_cron=1776249335.2673320770263671875000 HTTP/1.1" 500 199 "-" "WordPress/6.4.8; https://notes.rudomilov.ru"
37.59.21.100 - - [15/Apr/2026:12:35:34 +0200] "GET /2008/02/13/problemyi-s-windows-genuine-advantage/feed/ HTTP/1.1" 200 3459 "-" "Mozilla/5.0 (X11; Linux i686) AppleWebKit/537.36 (KHTML, like Gecko) Chrome/30.0.1599.66 Safari/537.36"
95.216.2.94 - - [15/Apr/2026:12:39:28 +0200] "POST /wp-cron.php?doing_wp_cron=1776249568.8095180988311767578125 HTTP/1.1" 500 4080 "-" "WordPress/6.4.8; https://notes.rudomilov.ru"
95.216.2.94 - - [15/Apr/2026:12:39:28 +0200] "GET /wp-content/themes/gridfocus/images/default_og_image.jpg HTTP/1.0" 200 278199 "-" "-"
85.137.49.10 - - [15/Apr/2026:12:39:28 +0200] "GET / HTTP/1.1" 200 16884 "-" "Mozilla/5.0 (Macintosh; Intel Mac OS X 10_15_7) AppleWebKit/537.36 (KHTML, like Gecko) Chrome/124.0.0.0 Safari/537.36"
35.168.200.72 - - [15/Apr/2026:12:40:00 +0200] "GET /robots.txt HTTP/1.1" 200 4451 "-" "Mozilla/5.0 (Macintosh; Intel Mac OS X 10_10_1) AppleWebKit/600.2.5 (KHTML, like Gecko) Version/8.0.2 Safari/600.2.5 (Gort)"
95.216.2.94 - - [15/Apr/2026:12:40:43 +0200] "POST /wp-cron.php?doing_wp_cron=1776249643.7432529926300048828125 HTTP/1.1" 500 199 "-" "WordPress/6.4.8; https://notes.rudomilov.ru"
95.216.2.94 - - [15/Apr/2026:12:40:43 +0200] "GET /wp-content/uploads/2009/07/3663255053_0312f17411.jpg HTTP/1.0" 200 97815 "-" "-"
95.216.2.94 - - [15/Apr/2026:12:40:43 +0200] "GET /wp-content/uploads/2009/07/d-link_dwl-2000applus_1.jpg HTTP/1.0" 200 20391 "-" "-"
95.216.2.94 - - [15/Apr/2026:12:40:43 +0200] "GET /wp-content/uploads/2009/07/ant.jpg HTTP/1.0" 200 7206 "-" "-"
95.216.2.94 - - [15/Apr/2026:12:40:43 +0200] "GET /wp-content/uploads/2009/07/ec506.jpg HTTP/1.0" 200 33385 "-" "-"
95.216.2.94 - - [15/Apr/2026:12:40:43 +0200] "GET /wp-content/uploads/2009/07/3_2.jpg HTTP/1.0" 200 9947 "-" "-"
95.216.2.94 - - [15/Apr/2026:12:40:43 +0200] "GET /wp-content/uploads/2009/07/cottage_visio.jpg HTTP/1.0" 200 17498 "-" "-"
95.216.2.94 - - [15/Apr/2026:12:40:43 +0200] "GET /wp-content/themes/gridfocus/images/default_og_image.jpg HTTP/1.0" 200 278199 "-" "-"
185.255.126.7 - - [15/Apr/2026:12:40:43 +0200] "GET /2009/07/05/internet-cottage/comment-page-1/ HTTP/1.0" 200 46820 "http://notes.rudomilov.ru/2009/07/05/internet-cottage/comment-page-1/" "Mozilla/5.0 (Windows NT 10.0; Win64; x64) AppleWebKit/537.36 (KHTML, like Gecko) Chrome/130.0.0.0 Safari/537.36 CCleaner/130.0.0.0"
185.255.126.54 - - [15/Apr/2026:12:40:44 +0200] "POST /wp-comments-post.php HTTP/1.0" 500 3555 "http://notes.rudomilov.ru/2009/07/05/internet-cottage/comment-page-1/" "Mozilla/5.0 (Windows NT 10.0; Win64; x64) AppleWebKit/537.36 (KHTML, like Gecko) Chrome/130.0.0.0 Safari/537.36 CCleaner/130.0.0.0"
95.216.2.94 - - [15/Apr/2026:12:40:50 +0200] "GET /wp-content/uploads/2008/11/solution_0.png HTTP/1.0" 200 12873 "-" "-"
95.216.2.94 - - [15/Apr/2026:12:40:50 +0200] "GET /wp-content/uploads/2008/11/solution_2.png HTTP/1.0" 200 9951 "-" "-"
95.216.2.94 - - [15/Apr/2026:12:40:50 +0200] "GET /wp-content/uploads/2008/11/solution_3.gif HTTP/1.0" 200 28376 "-" "-"
95.216.2.94 - - [15/Apr/2026:12:40:50 +0200] "GET /wp-content/uploads/2008/11/solution_all.thumbnail.gif HTTP/1.0" 200 30890 "-" "-"
95.216.2.94 - - [15/Apr/2026:12:40:50 +0200] "GET /wp-content/uploads/2008/11/solution_all.gif HTTP/1.0" 200 100419 "-" "-"
95.216.2.94 - - [15/Apr/2026:12:40:50 +0200] "GET /wp-content/uploads/2008/11/solution_all.gif HTTP/1.0" 200 100419 "-" "-"
46.8.111.119 - - [15/Apr/2026:12:40:50 +0200] "GET /2008/11/28/informer-ie/comment-page-7/ HTTP/1.0" 200 88298 "https://notes.rudomilov.ru/2008/11/28/informer-ie/comment-page-7/#comment-856723" "Mozilla/5.0 (Windows NT 10.0) AppleWebKit/537.36 (KHTML, like Gecko) Chrome/103.0.0.0 Safari/537.36"
95.216.2.94 - - [15/Apr/2026:12:41:42 +0200] "GET /wp-content/themes/gridfocus/images/default_og_image.jpg HTTP/1.0" 200 278199 "-" "-"
46.8.111.119 - - [15/Apr/2026:12:41:41 +0200] "GET / HTTP/1.0" 200 49201 "https://notes.rudomilov.ru/" "Mozilla/5.0 (Windows NT 10.0) AppleWebKit/537.36 (KHTML, like Gecko) Chrome/103.0.0.0 Safari/537.36"
95.216.2.94 - - [15/Apr/2026:12:43:49 +0200] "POST /wp-cron.php?doing_wp_cron=1776249829.3898940086364746093750 HTTP/1.1" 500 4080 "-" "WordPress/6.4.8; https://notes.rudomilov.ru"
95.216.2.94 - - [15/Apr/2026:12:43:49 +0200] "GET /wp-content/themes/gridfocus/images/default_og_image.jpg HTTP/1.0" 200 278199 "-" "-"
85.208.96.199 - - [15/Apr/2026:12:43:48 +0200] "GET /2007/12/16/bezlimit-mechta-idiota/comment-page-2/ HTTP/1.1" 200 22110 "-" "Mozilla/5.0 (compatible; SemrushBot/7~bl; +http://www.semrush.com/bot.html)"
95.216.2.94 - - [15/Apr/2026:12:45:12 +0200] "POST /wp-cron.php?doing_wp_cron=1776249912.2029919624328613281250 HTTP/1.1" 500 4080 "-" "WordPress/6.4.8; https://notes.rudomilov.ru"
95.216.2.94 - - [15/Apr/2026:12:45:12 +0200] "GET /wp-content/uploads/2013/10/nist-630x293.png HTTP/1.0" 200 158618 "-" "-"
95.216.2.94 - - [15/Apr/2026:12:45:12 +0200] "GET /wp-content/uploads/2013/10/nist.png HTTP/1.0" 200 194754 "-" "-"
95.216.2.94 - - [15/Apr/2026:12:45:12 +0200] "GET /wp-content/uploads/2013/10/nist.png HTTP/1.0" 200 194754 "-" "-"
150.109.120.242 - - [15/Apr/2026:12:45:11 +0200] "GET /2013/10/15/nist-is-offline/ HTTP/1.1" 200 13135 "-" "Mozilla/5.0 (Windows NT 10.0; Win64; x64) AppleWebKit/537.36 (KHTML, like Gecko) Chrome/144.0.0.0 Safari/537.36"
150.109.120.242 - - [15/Apr/2026:12:45:13 +0200] "GET /wp-includes/js/jquery/jquery.min.js?ver=3.7.1 HTTP/1.1" 200 30907 "https://notes.rudomilov.ru/2013/10/15/nist-is-offline/" "Mozilla/5.0 (Windows NT 10.0; Win64; x64) AppleWebKit/537.36 (KHTML, like Gecko) Chrome/144.0.0.0 Safari/537.36"
150.109.120.242 - - [15/Apr/2026:12:45:14 +0200] "GET /wp-content/themes/gridfocus/style.css HTTP/1.1" 200 3606 "https://notes.rudomilov.ru/2013/10/15/nist-is-offline/" "Mozilla/5.0 (Windows NT 10.0; Win64; x64) AppleWebKit/537.36 (KHTML, like Gecko) Chrome/144.0.0.0 Safari/537.36"
150.109.120.242 - - [15/Apr/2026:12:45:14 +0200] "GET /wp-content/themes/gridfocus/js/functions.js HTTP/1.1" 200 1197 "https://notes.rudomilov.ru/2013/10/15/nist-is-offline/" "Mozilla/5.0 (Windows NT 10.0; Win64; x64) AppleWebKit/537.36 (KHTML, like Gecko) Chrome/144.0.0.0 Safari/537.36"
150.109.120.242 - - [15/Apr/2026:12:45:14 +0200] "GET /wp-includes/js/jquery/jquery-migrate.min.js?ver=3.4.1 HTTP/1.1" 200 9083 "https://notes.rudomilov.ru/2013/10/15/nist-is-offline/" "Mozilla/5.0 (Windows NT 10.0; Win64; x64) AppleWebKit/537.36 (KHTML, like Gecko) Chrome/144.0.0.0 Safari/537.36"
150.109.120.242 - - [15/Apr/2026:12:45:15 +0200] "GET /wp-includes/js/comment-reply.min.js?ver=6.4.8 HTTP/1.1" 200 1777 "https://notes.rudomilov.ru/2013/10/15/nist-is-offline/" "Mozilla/5.0 (Windows NT 10.0; Win64; x64) AppleWebKit/537.36 (KHTML, like Gecko) Chrome/144.0.0.0 Safari/537.36"
150.109.120.242 - - [15/Apr/2026:12:45:15 +0200] "GET /wp-content/plugins/akismet/_inc/akismet-frontend.js?ver=1700355821 HTTP/1.1" 200 3513 "https://notes.rudomilov.ru/2013/10/15/nist-is-offline/" "Mozilla/5.0 (Windows NT 10.0; Win64; x64) AppleWebKit/537.36 (KHTML, like Gecko) Chrome/144.0.0.0 Safari/537.36"
57.141.20.67 - - [15/Apr/2026:12:45:37 +0200] "GET /sitemap-pt-post-p1-2007-07.html HTTP/1.1" 200 7244 "-" "meta-externalagent/1.1 (+https://developers.facebook.com/docs/sharing/webmasters/crawler)"
57.141.20.14 - - [15/Apr/2026:12:45:41 +0200] "GET /sitemap-pt-post-p1-2009-12.html HTTP/1.1" 200 7302 "-" "meta-externalagent/1.1 (+https://developers.facebook.com/docs/sharing/webmasters/crawler)"
57.141.20.29 - - [15/Apr/2026:12:46:10 +0200] "GET /sitemap-pt-post-p1-2012-10.html HTTP/1.1" 200 6813 "-" "meta-externalagent/1.1 (+https://developers.facebook.com/docs/sharing/webmasters/crawler)"
95.216.2.94 - - [15/Apr/2026:12:48:44 +0200] "POST /wp-cron.php?doing_wp_cron=1776250124.5103909969329833984375 HTTP/1.1" 500 199 "-" "WordPress/6.4.8; https://notes.rudomilov.ru"
37.59.21.100 - - [15/Apr/2026:12:48:43 +0200] "GET /2008/03/29/fantasticheskaya-sks/feed/ HTTP/1.1" 200 1796 "-" "Mozilla/5.0 (X11; Linux i686) AppleWebKit/537.36 (KHTML, like Gecko) Chrome/30.0.1599.66 Safari/537.36"
95.216.2.94 - - [15/Apr/2026:12:51:01 +0200] "POST /wp-cron.php?doing_wp_cron=1776250261.6088130474090576171875 HTTP/1.1" 500 4080 "-" "WordPress/6.4.8; https://notes.rudomilov.ru"
95.216.2.94 - - [15/Apr/2026:12:51:01 +0200] "GET /wp-content/uploads/2008/11/solution_0.png HTTP/1.0" 200 12873 "-" "-"
95.216.2.94 - - [15/Apr/2026:12:51:01 +0200] "GET /wp-content/uploads/2008/11/solution_2.png HTTP/1.0" 200 9951 "-" "-"
95.216.2.94 - - [15/Apr/2026:12:51:01 +0200] "GET /wp-content/uploads/2008/11/solution_3.gif HTTP/1.0" 200 28376 "-" "-"
95.216.2.94 - - [15/Apr/2026:12:51:01 +0200] "GET /wp-content/uploads/2008/11/solution_all.thumbnail.gif HTTP/1.0" 200 30890 "-" "-"
95.216.2.94 - - [15/Apr/2026:12:51:01 +0200] "GET /wp-content/uploads/2008/11/solution_all.gif HTTP/1.0" 200 100419 "-" "-"
95.216.2.94 - - [15/Apr/2026:12:51:01 +0200] "GET /wp-content/uploads/2008/11/solution_all.gif HTTP/1.0" 200 100419 "-" "-"
5.3.218.72 - - [15/Apr/2026:12:51:01 +0200] "GET /2008/11/28/informer-ie/comment-page-7/ HTTP/1.0" 200 88298 "https://notes.rudomilov.ru/2008/11/28/informer-ie/comment-page-7/#comment-827317/" "Mozilla/5.0 (Windows NT 10.0; Win64; x64) AppleWebKit/537.36 (KHTML, like Gecko) Chrome/131.0.0.0 Safari/537.36"
57.141.20.6 - - [15/Apr/2026:12:51:23 +0200] "GET /sitemap-tax-post_tag-1.xml HTTP/1.1" 200 6139 "-" "meta-externalagent/1.1 (+https://developers.facebook.com/docs/sharing/webmasters/crawler)"
95.216.2.94 - - [15/Apr/2026:12:51:53 +0200] "GET /wp-content/themes/gridfocus/images/default_og_image.jpg HTTP/1.0" 200 278199 "-" "-"
5.3.218.72 - - [15/Apr/2026:12:51:53 +0200] "GET / HTTP/1.0" 200 49201 "https://notes.rudomilov.ru/" "Mozilla/5.0 (Windows NT 10.0; Win64; x64) AppleWebKit/537.36 (KHTML, like Gecko) Chrome/131.0.0.0 Safari/537.36"
95.216.2.94 - - [15/Apr/2026:12:53:10 +0200] "POST /wp-cron.php?doing_wp_cron=1776250390.0761280059814453125000 HTTP/1.1" 500 4080 "-" "WordPress/6.4.8; https://notes.rudomilov.ru"
57.141.20.56 - - [15/Apr/2026:12:53:09 +0200] "GET /sitemap-pt-post-p1-2013-03.xml HTTP/1.1" 200 5044 "-" "meta-externalagent/1.1 (+https://developers.facebook.com/docs/sharing/webmasters/crawler)"
95.216.2.94 - - [15/Apr/2026:12:53:30 +0200] "GET /wp-content/themes/gridfocus/images/default_og_image.jpg HTTP/1.0" 200 278199 "-" "-"
109.122.192.236 - - [15/Apr/2026:12:53:30 +0200] "GET /2008/06/05/search-domain-owner/ HTTP/1.1" 200 9150 "-" "Opera/9.80 (Windows NT 6.1; WOW64; U; Edition DriverPack; en) Presto/2.10.289 Version/12.01"
95.216.2.94 - - [15/Apr/2026:12:53:40 +0200] "GET /wp-content/uploads/2011/02/soldiers.jpg HTTP/1.0" 200 38696 "-" "-"
95.216.2.94 - - [15/Apr/2026:12:53:40 +0200] "GET /wp-content/uploads/2011/02/strongvpn2-500x335.jpg HTTP/1.0" 200 70193 "-" "-"
43.157.95.239 - - [15/Apr/2026:12:53:40 +0200] "GET /2011/02/05/vpn/ HTTP/1.1" 200 20465 "-" "Mozilla/5.0 (iPhone; CPU iPhone OS 13_2_3 like Mac OS X) AppleWebKit/605.1.15 (KHTML, like Gecko) Version/13.0.3 Mobile/15E148 Safari/604.1"
57.141.20.32 - - [15/Apr/2026:12:53:42 +0200] "GET /sitemap-pt-post-p1-2015-08.xml HTTP/1.1" 200 5229 "-" "meta-externalagent/1.1 (+https://developers.facebook.com/docs/sharing/webmasters/crawler)"
57.141.20.57 - - [15/Apr/2026:12:53:44 +0200] "GET /sitemap-pt-post-p1-2008-10.html HTTP/1.1" 200 7469 "-" "meta-externalagent/1.1 (+https://developers.facebook.com/docs/sharing/webmasters/crawler)"
57.141.20.66 - - [15/Apr/2026:12:53:57 +0200] "GET /sitemap-pt-post-p1-2013-09.html HTTP/1.1" 200 6925 "-" "meta-externalagent/1.1 (+https://developers.facebook.com/docs/sharing/webmasters/crawler)"
95.216.2.94 - - [15/Apr/2026:12:54:18 +0200] "POST /wp-cron.php?doing_wp_cron=1776250458.4921550750732421875000 HTTP/1.1" 500 4080 "-" "WordPress/6.4.8; https://notes.rudomilov.ru"
57.141.20.1 - - [15/Apr/2026:12:54:17 +0200] "GET /sitemap-pt-post-p1-2008-10.xml HTTP/1.1" 200 5784 "-" "meta-externalagent/1.1 (+https://developers.facebook.com/docs/sharing/webmasters/crawler)"
95.216.2.94 - - [15/Apr/2026:12:54:30 +0200] "GET /wp-content/themes/gridfocus/images/default_og_image.jpg HTTP/1.0" 200 278199 "-" "-"
109.122.193.40 - - [15/Apr/2026:12:54:30 +0200] "GET /2008/02/03/sape-sdelal-shag-k-legalizatsii/ HTTP/1.1" 200 9989 "-" "Mozilla/5.0 (Windows NT 10.0) AppleWebKit/537.36 (KHTML, like Gecko) Chrome/47.0.2526.73 Safari/537.36 OPR/34.0.2036.25 (Edition Campaign 38)"
57.141.20.16 - - [15/Apr/2026:12:54:38 +0200] "GET /sitemap-tax-post_tag-9.html HTTP/1.1" 200 7294 "-" "meta-externalagent/1.1 (+https://developers.facebook.com/docs/sharing/webmasters/crawler)"
57.141.20.49 - - [15/Apr/2026:12:54:46 +0200] "GET /sitemap-pt-post-p1-2007-10.xml HTTP/1.1" 200 5697 "-" "meta-externalagent/1.1 (+https://developers.facebook.com/docs/sharing/webmasters/crawler)"
95.216.2.94 - - [15/Apr/2026:12:54:48 +0200] "GET /wp-content/uploads/2008/11/solution_0.png HTTP/1.0" 200 12873 "-" "-"
95.216.2.94 - - [15/Apr/2026:12:54:48 +0200] "GET /wp-content/uploads/2008/11/solution_2.png HTTP/1.0" 200 9951 "-" "-"
95.216.2.94 - - [15/Apr/2026:12:54:48 +0200] "GET /wp-content/uploads/2008/11/solution_3.gif HTTP/1.0" 200 28376 "-" "-"
95.216.2.94 - - [15/Apr/2026:12:54:48 +0200] "GET /wp-content/uploads/2008/11/solution_all.thumbnail.gif HTTP/1.0" 200 30890 "-" "-"
95.216.2.94 - - [15/Apr/2026:12:54:48 +0200] "GET /wp-content/uploads/2008/11/solution_all.gif HTTP/1.0" 200 100419 "-" "-"
95.216.2.94 - - [15/Apr/2026:12:54:48 +0200] "GET /wp-content/uploads/2008/11/solution_all.gif HTTP/1.0" 200 100419 "-" "-"
5.230.176.191 - - [15/Apr/2026:12:54:48 +0200] "GET /2008/11/28/informer-ie/comment-page-7/ HTTP/1.0" 200 88298 "https://notes.rudomilov.ru/2008/11/28/informer-ie/comment-page-7/#comment-826903" "Mozilla/5.0 (Windows NT 10.0; Win64; x64) AppleWebKit/537.36 (KHTML, like Gecko) Chrome/131.0.0.0 Safari/537.36 Avast/131.0.0.0"
5.230.176.191 - - [15/Apr/2026:12:54:49 +0200] "POST /wp-comments-post.php HTTP/1.0" 500 3555 "https://notes.rudomilov.ru/2008/11/28/informer-ie/comment-page-7/#comment-826903" "Mozilla/5.0 (Windows NT 10.0; Win64; x64) AppleWebKit/537.36 (KHTML, like Gecko) Chrome/131.0.0.0 Safari/537.36 Avast/131.0.0.0"
95.216.2.94 - - [15/Apr/2026:12:56:01 +0200] "POST /wp-cron.php?doing_wp_cron=1776250561.1694049835205078125000 HTTP/1.1" 500 4080 "-" "WordPress/6.4.8; https://notes.rudomilov.ru"
57.141.20.54 - - [15/Apr/2026:12:56:00 +0200] "GET /sitemap-pt-post-p1-2009-04.xml HTTP/1.1" 200 5039 "-" "meta-externalagent/1.1 (+https://developers.facebook.com/docs/sharing/webmasters/crawler)"
95.216.2.94 - - [15/Apr/2026:12:57:20 +0200] "POST /wp-cron.php?doing_wp_cron=1776250640.7622010707855224609375 HTTP/1.1" 500 4080 "-" "WordPress/6.4.8; https://notes.rudomilov.ru"
57.141.20.59 - - [15/Apr/2026:12:57:20 +0200] "GET /sitemap-tax-post_tag-8.xml HTTP/1.1" 200 6148 "-" "meta-externalagent/1.1 (+https://developers.facebook.com/docs/sharing/webmasters/crawler)"
95.216.2.94 - - [15/Apr/2026:12:58:36 +0200] "POST /wp-cron.php?doing_wp_cron=1776250716.4502720832824707031250 HTTP/1.1" 500 4080 "-" "WordPress/6.4.8; https://notes.rudomilov.ru"
57.141.20.52 - - [15/Apr/2026:12:58:35 +0200] "GET /sitemap-pt-post-p1-2009-04.html HTTP/1.1" 200 6709 "-" "meta-externalagent/1.1 (+https://developers.facebook.com/docs/sharing/webmasters/crawler)"
95.216.2.94 - - [15/Apr/2026:12:59:42 +0200] "POST /wp-cron.php?doing_wp_cron=1776250782.0985589027404785156250 HTTP/1.1" 500 4080 "-" "WordPress/6.4.8; https://notes.rudomilov.ru"
57.141.20.41 - - [15/Apr/2026:12:59:41 +0200] "GET /sitemap-pt-post-p1-2007-10.html HTTP/1.1" 200 7484 "-" "meta-externalagent/1.1 (+https://developers.facebook.com/docs/sharing/webmasters/crawler)"
57.141.20.43 - - [15/Apr/2026:12:59:49 +0200] "GET /sitemap-pt-post-p1-2008-11.xml HTTP/1.1" 200 6717 "-" "meta-externalagent/1.1 (+https://developers.facebook.com/docs/sharing/webmasters/crawler)"
95.216.2.94 - - [15/Apr/2026:13:02:48 +0200] "POST /wp-cron.php?doing_wp_cron=1776250968.1103770732879638671875 HTTP/1.1" 500 199 "-" "WordPress/6.4.8; https://notes.rudomilov.ru"
37.59.21.100 - - [15/Apr/2026:13:02:47 +0200] "GET /2008/09/25/mikser-cvetov/feed/ HTTP/1.1" 200 1304 "-" "Mozilla/5.0 (X11; Linux i686) AppleWebKit/537.36 (KHTML, like Gecko) Chrome/30.0.1599.66 Safari/537.36"
114.119.135.126 - - [15/Apr/2026:13:03:15 +0200] "GET /2008/06/11/torrent-trackers HTTP/1.1" 301 337 "-" "Mozilla/5.0 (Linux; Android 7.0;) AppleWebKit/537.36 (KHTML, like Gecko) Mobile Safari/537.36 (compatible; PetalBot;+https://webmaster.petalsearch.com/site/petalbot)"
57.141.20.45 - - [15/Apr/2026:13:03:21 +0200] "GET /sitemap-pt-post-p4-2006-11.html HTTP/1.1" 200 8646 "-" "meta-externalagent/1.1 (+https://developers.facebook.com/docs/sharing/webmasters/crawler)"
95.216.2.94 - - [15/Apr/2026:13:03:23 +0200] "GET /wp-content/uploads/2008/11/torrents.gif HTTP/1.0" 200 16346 "-" "-"
95.216.2.94 - - [15/Apr/2026:13:03:23 +0200] "GET /wp-content/themes/gridfocus/images/default_og_image.jpg HTTP/1.0" 200 278199 "-" "-"
114.119.135.126 - - [15/Apr/2026:13:03:22 +0200] "GET /2008/06/11/torrent-trackers/ HTTP/1.1" 200 16036 "-" "Mozilla/5.0 (Linux; Android 7.0;) AppleWebKit/537.36 (KHTML, like Gecko) Mobile Safari/537.36 (compatible; PetalBot;+https://webmaster.petalsearch.com/site/petalbot)"
95.216.2.94 - - [15/Apr/2026:13:06:47 +0200] "POST /wp-cron.php?doing_wp_cron=1776251207.6770811080932617187500 HTTP/1.1" 500 4080 "-" "WordPress/6.4.8; https://notes.rudomilov.ru"
57.141.20.7 - - [15/Apr/2026:13:06:47 +0200] "GET /sitemap-pt-post-p1-2008-02.html HTTP/1.1" 200 8932 "-" "meta-externalagent/1.1 (+https://developers.facebook.com/docs/sharing/webmasters/crawler)"
57.141.20.28 - - [15/Apr/2026:13:07:25 +0200] "GET /sitemap-pt-post-p1-2009-01.html HTTP/1.1" 200 6705 "-" "meta-externalagent/1.1 (+https://developers.facebook.com/docs/sharing/webmasters/crawler)"
95.216.2.94 - - [15/Apr/2026:13:07:54 +0200] "POST /wp-cron.php?doing_wp_cron=1776251274.3501629829406738281250 HTTP/1.1" 500 4080 "-" "WordPress/6.4.8; https://notes.rudomilov.ru"
95.216.2.94 - - [15/Apr/2026:13:07:54 +0200] "GET /wp-content/themes/gridfocus/images/default_og_image.jpg HTTP/1.0" 200 278199 "-" "-"
185.191.171.6 - - [15/Apr/2026:13:07:53 +0200] "GET /2006/12/30/zametki-na-wordpress/ HTTP/1.1" 200 15652 "-" "Mozilla/5.0 (compatible; SemrushBot/7~bl; +http://www.semrush.com/bot.html)"
37.59.21.100 - - [15/Apr/2026:13:07:56 +0200] "GET /category/idiotizm/feed/ HTTP/1.1" 200 912 "-" "Mozilla/5.0 (X11; Linux i686) AppleWebKit/537.36 (KHTML, like Gecko) Chrome/30.0.1599.66 Safari/537.36"
95.216.2.94 - - [15/Apr/2026:13:10:37 +0200] "POST /wp-cron.php?doing_wp_cron=1776251437.9100909233093261718750 HTTP/1.1" 500 199 "-" "WordPress/6.4.8; https://notes.rudomilov.ru"
37.59.21.100 - - [15/Apr/2026:13:10:37 +0200] "GET /2007/12/27/flagman-rossiyskih-bankov-v-more-it/feed/ HTTP/1.1" 200 1416 "-" "Mozilla/5.0 (X11; Linux i686) AppleWebKit/537.36 (KHTML, like Gecko) Chrome/30.0.1599.66 Safari/537.36"
95.216.2.94 - - [15/Apr/2026:13:11:41 +0200] "POST /wp-cron.php?doing_wp_cron=1776251501.6461920738220214843750 HTTP/1.1" 500 199 "-" "WordPress/6.4.8; https://notes.rudomilov.ru"
37.59.21.100 - - [15/Apr/2026:13:11:41 +0200] "GET /2008/11/16/blogun/feed/ HTTP/1.1" 200 1594 "-" "Mozilla/5.0 (X11; Linux i686) AppleWebKit/537.36 (KHTML, like Gecko) Chrome/30.0.1599.66 Safari/537.36"
95.216.2.94 - - [15/Apr/2026:13:12:17 +0200] "GET /wp-content/uploads/2008/11/solution_0.png HTTP/1.0" 200 12873 "-" "-"
95.216.2.94 - - [15/Apr/2026:13:12:17 +0200] "GET /wp-content/uploads/2008/11/solution_2.png HTTP/1.0" 200 9951 "-" "-"
95.216.2.94 - - [15/Apr/2026:13:12:17 +0200] "GET /wp-content/uploads/2008/11/solution_3.gif HTTP/1.0" 200 28376 "-" "-"
95.216.2.94 - - [15/Apr/2026:13:12:17 +0200] "GET /wp-content/uploads/2008/11/solution_all.thumbnail.gif HTTP/1.0" 200 30890 "-" "-"
95.216.2.94 - - [15/Apr/2026:13:12:17 +0200] "GET /wp-content/uploads/2008/11/solution_all.gif HTTP/1.0" 200 100419 "-" "-"
95.216.2.94 - - [15/Apr/2026:13:12:17 +0200] "GET /wp-content/uploads/2008/11/solution_all.gif HTTP/1.0" 200 100419 "-" "-"
91.84.124.167 - - [15/Apr/2026:13:12:16 +0200] "GET /2008/11/28/informer-ie/comment-page-7/ HTTP/1.0" 200 88298 "https://notes.rudomilov.ru/2008/11/28/informer-ie/comment-page-7/" "Mozilla/5.0 (Windows NT 10.0; Win64; x64) AppleWebKit/537.36 (KHTML, like Gecko) Chrome/130.0.0.0 Safari/537.36 CCleaner/130.0.0.0"
91.84.124.167 - - [15/Apr/2026:13:12:17 +0200] "POST /wp-comments-post.php HTTP/1.0" 500 3555 "https://notes.rudomilov.ru/2008/11/28/informer-ie/comment-page-7/" "Mozilla/5.0 (Windows NT 10.0; Win64; x64) AppleWebKit/537.36 (KHTML, like Gecko) Chrome/130.0.0.0 Safari/537.36 CCleaner/130.0.0.0"
37.59.21.100 - - [15/Apr/2026:13:12:32 +0200] "GET /2007/01/30/stavim-subversion-za-5-minut/feed/ HTTP/1.1" 200 5047 "-" "Mozilla/5.0 (X11; Linux i686) AppleWebKit/537.36 (KHTML, like Gecko) Chrome/30.0.1599.66 Safari/537.36"
95.216.2.94 - - [15/Apr/2026:13:13:35 +0200] "POST /wp-cron.php?doing_wp_cron=1776251615.1416881084442138671875 HTTP/1.1" 500 4080 "-" "WordPress/6.4.8; https://notes.rudomilov.ru"
95.216.2.94 - - [15/Apr/2026:13:13:35 +0200] "GET /wp-content/uploads/2008/11/solution_0.png HTTP/1.0" 200 12873 "-" "-"
95.216.2.94 - - [15/Apr/2026:13:13:35 +0200] "GET /wp-content/uploads/2008/11/solution_2.png HTTP/1.0" 200 9951 "-" "-"
95.216.2.94 - - [15/Apr/2026:13:13:35 +0200] "GET /wp-content/uploads/2008/11/solution_3.gif HTTP/1.0" 200 28376 "-" "-"
95.216.2.94 - - [15/Apr/2026:13:13:35 +0200] "GET /wp-content/uploads/2008/11/solution_all.thumbnail.gif HTTP/1.0" 200 30890 "-" "-"
95.216.2.94 - - [15/Apr/2026:13:13:35 +0200] "GET /wp-content/uploads/2008/11/solution_all.gif HTTP/1.0" 200 100419 "-" "-"
95.216.2.94 - - [15/Apr/2026:13:13:35 +0200] "GET /wp-content/uploads/2008/11/solution_all.gif HTTP/1.0" 200 100419 "-" "-"
14.160.120.33 - - [15/Apr/2026:13:13:34 +0200] "GET /2008/11/28/informer-ie/comment-page-3/?replytocom=54304 HTTP/1.1" 200 21997 "-" "Mozilla/5.0 (Macintosh; Intel Mac OS X 10_12_0) AppleWebKit/537.36 (KHTML, like Gecko) Chrome/68.0.3409.631 Safari/537.36"
57.141.20.30 - - [15/Apr/2026:13:13:47 +0200] "GET /sitemap-tax-post_tag-5.xml HTTP/1.1" 200 6151 "-" "meta-externalagent/1.1 (+https://developers.facebook.com/docs/sharing/webmasters/crawler)"
45.61.186.111 - - [15/Apr/2026:13:13:51 +0200] "GET /wp-login.php HTTP/1.1" 500 4080 "-" "Mozilla/5.0 (Windows NT 10.0; Win64; x64) AppleWebKit/537.36 (KHTML, like Gecko) Chrome/134.0.0.0 Safari/537.36"
95.216.2.94 - - [15/Apr/2026:13:16:50 +0200] "POST /wp-cron.php?doing_wp_cron=1776251810.2746350765228271484375 HTTP/1.1" 500 4080 "-" "WordPress/6.4.8; https://notes.rudomilov.ru"
57.141.20.41 - - [15/Apr/2026:13:16:49 +0200] "GET /sitemap-pt-post-p2-2006-11.html HTTP/1.1" 200 8616 "-" "meta-externalagent/1.1 (+https://developers.facebook.com/docs/sharing/webmasters/crawler)"
57.141.20.12 - - [15/Apr/2026:13:17:02 +0200] "GET /sitemap-pt-post-p2-2006-09.html HTTP/1.1" 200 8690 "-" "meta-externalagent/1.1 (+https://developers.facebook.com/docs/sharing/webmasters/crawler)"
95.216.2.94 - - [15/Apr/2026:13:23:10 +0200] "POST /wp-cron.php?doing_wp_cron=1776252190.3946230411529541015625 HTTP/1.1" 500 4080 "-" "WordPress/6.4.8; https://notes.rudomilov.ru"
57.141.20.56 - - [15/Apr/2026:13:23:09 +0200] "GET /sitemap-pt-post-p2-2007-01.html HTTP/1.1" 200 8580 "-" "meta-externalagent/1.1 (+https://developers.facebook.com/docs/sharing/webmasters/crawler)"
95.216.2.94 - - [15/Apr/2026:13:23:47 +0200] "GET /wp-content/themes/gridfocus/images/default_og_image.jpg HTTP/1.0" 200 278199 "-" "-"
109.122.193.40 - - [15/Apr/2026:13:23:46 +0200] "GET /2008/02/03/sape-sdelal-shag-k-legalizatsii/ HTTP/1.1" 200 9988 "-" "Opera/9.80 (Windows NT 5.1; U; MRA 6.0 (build 5711); ru) Presto/2.10.289 Version/12.02"
57.129.139.80 - - [15/Apr/2026:13:25:54 +0200] "GET /wp-content/uploads/2008/03/time_yandex.jpg HTTP/1.1" 200 41271 "-" "Mozilla/5.0 (Windows NT 10.0; Win64; x64) AppleWebKit/537.36 (KHTML, like Gecko) Chrome/139.0.0.0 Safari/537.36"
95.216.2.94 - - [15/Apr/2026:13:26:48 +0200] "POST /wp-cron.php?doing_wp_cron=1776252408.0267388820648193359375 HTTP/1.1" 500 199 "-" "WordPress/6.4.8; https://notes.rudomilov.ru"
37.59.21.100 - - [15/Apr/2026:13:26:47 +0200] "GET /2008/02/23/plagin-wp-noindex-dlya-wordpress/feed/ HTTP/1.1" 200 1984 "-" "Mozilla/5.0 (X11; Linux i686) AppleWebKit/537.36 (KHTML, like Gecko) Chrome/30.0.1599.66 Safari/537.36"
95.216.2.94 - - [15/Apr/2026:13:28:21 +0200] "POST /wp-cron.php?doing_wp_cron=1776252500.9521050453186035156250 HTTP/1.1" 500 199 "-" "WordPress/6.4.8; https://notes.rudomilov.ru"
37.59.21.100 - - [15/Apr/2026:13:28:20 +0200] "GET /2007/01/20/formikariy/feed/ HTTP/1.1" 200 2042 "-" "Mozilla/5.0 (X11; Linux i686) AppleWebKit/537.36 (KHTML, like Gecko) Chrome/30.0.1599.66 Safari/537.36"
57.141.20.9 - - [15/Apr/2026:13:28:23 +0200] "GET /sitemap-pt-post-p3-2006-11.xml HTTP/1.1" 200 6805 "-" "meta-externalagent/1.1 (+https://developers.facebook.com/docs/sharing/webmasters/crawler)"
95.216.2.94 - - [15/Apr/2026:13:30:19 +0200] "POST /wp-cron.php?doing_wp_cron=1776252619.3216829299926757812500 HTTP/1.1" 500 199 "-" "WordPress/6.4.8; https://notes.rudomilov.ru"
37.59.21.100 - - [15/Apr/2026:13:30:18 +0200] "GET /2008/01/11/ochelovechivanie-servisov/feed/ HTTP/1.1" 200 1614 "-" "Mozilla/5.0 (X11; Linux i686) AppleWebKit/537.36 (KHTML, like Gecko) Chrome/30.0.1599.66 Safari/537.36"
57.141.20.4 - - [15/Apr/2026:13:31:04 +0200] "GET /sitemap-pt-page-p1-2008-02.html HTTP/1.1" 200 6691 "-" "meta-externalagent/1.1 (+https://developers.facebook.com/docs/sharing/webmasters/crawler)"
95.216.2.94 - - [15/Apr/2026:13:34:02 +0200] "POST /wp-cron.php?doing_wp_cron=1776252842.8477909564971923828125 HTTP/1.1" 500 4080 "-" "WordPress/6.4.8; https://notes.rudomilov.ru"
57.141.20.21 - - [15/Apr/2026:13:34:02 +0200] "GET /sitemap-pt-post-p1-2015-11.xml HTTP/1.1" 200 5041 "-" "meta-externalagent/1.1 (+https://developers.facebook.com/docs/sharing/webmasters/crawler)"
95.216.2.94 - - [15/Apr/2026:13:34:05 +0200] "GET /wp-content/themes/gridfocus/images/default_og_image.jpg HTTP/1.0" 200 278199 "-" "-"
57.141.20.13 - - [15/Apr/2026:13:34:05 +0200] "GET /tag/google/ HTTP/1.1" 200 38588 "-" "meta-externalagent/1.1 (+https://developers.facebook.com/docs/sharing/webmasters/crawler)"
171.107.131.252 - - [15/Apr/2026:13:34:46 +0200] "POST /wp-comments-post.php HTTP/1.1" 500 4080 "-" "Mozilla/5.0 (Windows NT 10.0; Win64; x64) AppleWebKit/537.36 (KHTML, like Gecko) Chrome/108.0.0.0 Safari/537.36 Edg/108.0.1462.46"
95.216.2.94 - - [15/Apr/2026:13:36:56 +0200] "POST /wp-cron.php?doing_wp_cron=1776253016.6179249286651611328125 HTTP/1.1" 500 4080 "-" "WordPress/6.4.8; https://notes.rudomilov.ru"
95.216.2.94 - - [15/Apr/2026:13:36:56 +0200] "GET /wp-content/themes/gridfocus/images/default_og_image.jpg HTTP/1.0" 200 278199 "-" "-"
57.141.20.1 - - [15/Apr/2026:13:36:56 +0200] "GET /tag/ssyilki/ HTTP/1.1" 200 29449 "-" "meta-externalagent/1.1 (+https://developers.facebook.com/docs/sharing/webmasters/crawler)"
95.216.2.94 - - [15/Apr/2026:13:38:54 +0200] "POST /wp-cron.php?doing_wp_cron=1776253134.0110120773315429687500 HTTP/1.1" 500 4080 "-" "WordPress/6.4.8; https://notes.rudomilov.ru"
57.141.20.38 - - [15/Apr/2026:13:38:53 +0200] "GET /sitemap-pt-post-p1-2006-11.html HTTP/1.1" 200 8636 "-" "meta-externalagent/1.1 (+https://developers.facebook.com/docs/sharing/webmasters/crawler)"
57.141.20.5 - - [15/Apr/2026:13:39:03 +0200] "GET /sitemap-pt-post-p1-2011-03.xml HTTP/1.1" 200 5040 "-" "meta-externalagent/1.1 (+https://developers.facebook.com/docs/sharing/webmasters/crawler)"
95.216.2.94 - - [15/Apr/2026:13:40:00 +0200] "POST /wp-cron.php?doing_wp_cron=1776253200.9531168937683105468750 HTTP/1.1" 500 4080 "-" "WordPress/6.4.8; https://notes.rudomilov.ru"
57.141.20.25 - - [15/Apr/2026:13:40:00 +0200] "GET /sitemap-pt-post-p1-2013-01.html HTTP/1.1" 200 7158 "-" "meta-externalagent/1.1 (+https://developers.facebook.com/docs/sharing/webmasters/crawler)"
171.107.131.252 - - [15/Apr/2026:13:40:16 +0200] "POST /wp-comments-post.php HTTP/1.1" 500 4080 "-" "Mozilla/5.0 (Windows NT 10.0; Win64; x64) AppleWebKit/537.36 (KHTML, like Gecko) Chrome/108.0.0.0 Safari/537.36 Edg/108.0.1462.46"
95.216.2.94 - - [15/Apr/2026:13:43:13 +0200] "GET /wp-content/uploads/2007/12/svc_error1.jpg HTTP/1.0" 200 46154 "-" "-"
95.216.2.94 - - [15/Apr/2026:13:43:13 +0200] "GET /wp-content/uploads/2007/12/svc_kis_1.gif HTTP/1.0" 200 20911 "-" "-"
95.216.2.94 - - [15/Apr/2026:13:43:13 +0200] "GET /wp-content/uploads/2007/12/svc_kis_2.gif HTTP/1.0" 200 19724 "-" "-"
95.216.2.94 - - [15/Apr/2026:13:43:13 +0200] "GET /wp-content/uploads/2007/12/svc_kis_3.gif HTTP/1.0" 200 13835 "-" "-"
95.216.2.94 - - [15/Apr/2026:13:43:13 +0200] "GET /wp-content/uploads/2007/12/svc_utorrent.gif HTTP/1.0" 200 18718 "-" "-"
95.216.2.94 - - [15/Apr/2026:13:43:13 +0200] "GET /wp-content/uploads/2007/12/svc_utorrent.gif HTTP/1.0" 200 18718 "-" "-"
14.164.90.183 - - [15/Apr/2026:13:43:10 +0200] "GET /2007/12/07/problemyi-s-generic-host-process/comment-page-10/?replytocom=236019 HTTP/1.1" 200 25312 "-" "Mozilla/5.0 (Macintosh; Intel Mac OS X 11_2_1) AppleWebKit/537.36 (KHTML, like Gecko) Brave Chrome/87.0.4280.101 Safari/537.36"
95.216.2.94 - - [15/Apr/2026:13:45:54 +0200] "POST /wp-cron.php?doing_wp_cron=1776253554.6634969711303710937500 HTTP/1.1" 500 4080 "-" "WordPress/6.4.8; https://notes.rudomilov.ru"
95.216.2.94 - - [15/Apr/2026:13:45:54 +0200] "GET /wp-content/themes/gridfocus/images/default_og_image.jpg HTTP/1.0" 200 278199 "-" "-"
57.141.20.41 - - [15/Apr/2026:13:45:54 +0200] "GET /tag/design/ HTTP/1.1" 200 31048 "-" "meta-externalagent/1.1 (+https://developers.facebook.com/docs/sharing/webmasters/crawler)"
95.216.2.94 - - [15/Apr/2026:13:47:01 +0200] "POST /wp-cron.php?doing_wp_cron=1776253621.0644989013671875000000 HTTP/1.1" 500 199 "-" "WordPress/6.4.8; https://notes.rudomilov.ru"
95.216.2.94 - - [15/Apr/2026:13:47:01 +0200] "GET /wp-content/uploads/2011/02/soldiers.jpg HTTP/1.0" 200 38696 "-" "-"
95.216.2.94 - - [15/Apr/2026:13:47:01 +0200] "GET /wp-content/uploads/2011/02/strongvpn2-500x335.jpg HTTP/1.0" 200 70193 "-" "-"
185.229.155.184 - - [15/Apr/2026:13:47:00 +0200] "GET /2011/02/05/vpn/ HTTP/1.0" 200 57015 "-" "Mozilla/5.0 (Windows NT 10.0; Win64; x64) AppleWebKit/537.36 (KHTML, like Gecko) Chrome/118.0.0.0 Safari/537.36"
37.59.21.100 - - [15/Apr/2026:13:47:02 +0200] "GET /2007/01/03/dolgozhdannyiy-anydata-adu-e100a/feed/ HTTP/1.1" 200 6129 "-" "Mozilla/5.0 (X11; Linux i686) AppleWebKit/537.36 (KHTML, like Gecko) Chrome/30.0.1599.66 Safari/537.36"
17.246.23.161 - - [15/Apr/2026:13:48:03 +0200] "GET /robots.txt HTTP/1.1" 200 4383 "-" "Mozilla/5.0 (Macintosh; Intel Mac OS X 10_15_7) AppleWebKit/605.1.15 (KHTML, like Gecko) Version/17.4 Safari/605.1.15 (Applebot/0.1; +http://www.apple.com/go/applebot)"
17.246.23.161 - - [15/Apr/2026:13:48:04 +0200] "GET /wp-content/uploads/2015/08/IMG_2971.jpg HTTP/1.1" 200 217528 "-" "Mozilla/5.0 (Macintosh; Intel Mac OS X 10_15_7) AppleWebKit/605.1.15 (KHTML, like Gecko) Version/17.4 Safari/605.1.15 (Applebot/0.1; +http://www.apple.com/go/applebot)"
95.216.2.94 - - [15/Apr/2026:13:49:40 +0200] "POST /wp-cron.php?doing_wp_cron=1776253780.9830679893493652343750 HTTP/1.1" 500 4080 "-" "WordPress/6.4.8; https://notes.rudomilov.ru"
95.216.2.94 - - [15/Apr/2026:13:49:42 +0200] "GET /wp-content/uploads/2008/11/solution_0.png HTTP/1.0" 200 12873 "-" "-"
95.216.2.94 - - [15/Apr/2026:13:49:42 +0200] "GET /wp-content/uploads/2008/11/solution_2.png HTTP/1.0" 200 9951 "-" "-"
95.216.2.94 - - [15/Apr/2026:13:49:42 +0200] "GET /wp-content/uploads/2008/11/solution_3.gif HTTP/1.0" 200 28376 "-" "-"
95.216.2.94 - - [15/Apr/2026:13:49:42 +0200] "GET /wp-content/uploads/2008/11/solution_all.thumbnail.gif HTTP/1.0" 200 30890 "-" "-"
95.216.2.94 - - [15/Apr/2026:13:49:42 +0200] "GET /wp-content/uploads/2008/11/solution_all.gif HTTP/1.0" 200 100419 "-" "-"
95.216.2.94 - - [15/Apr/2026:13:49:42 +0200] "GET /wp-content/uploads/2008/11/solution_all.gif HTTP/1.0" 200 100419 "-" "-"
212.111.80.4 - - [15/Apr/2026:13:49:40 +0200] "GET /2008/11/28/informer-ie/comment-page-7/ HTTP/1.0" 200 88297 "https://notes.rudomilov.ru/2008/11/28/informer-ie/comment-page-7/" "Mozilla/5.0 (Windows NT 10.0; Win64; x64) AppleWebKit/537.36 (KHTML, like Gecko) Chrome/130.0.0.0 Safari/537.36"
212.111.80.4 - - [15/Apr/2026:13:49:42 +0200] "POST /wp-comments-post.php HTTP/1.0" 500 3555 "https://notes.rudomilov.ru/2008/11/28/informer-ie/comment-page-7/" "Mozilla/5.0 (Windows NT 10.0; Win64; x64) AppleWebKit/537.36 (KHTML, like Gecko) Chrome/130.0.0.0 Safari/537.36"
95.216.2.94 - - [15/Apr/2026:13:50:43 +0200] "POST /wp-cron.php?doing_wp_cron=1776253843.8248760700225830078125 HTTP/1.1" 500 4080 "-" "WordPress/6.4.8; https://notes.rudomilov.ru"
57.141.20.12 - - [15/Apr/2026:13:50:43 +0200] "GET /sitemap-pt-post-p1-2010-09.html HTTP/1.1" 200 6715 "-" "meta-externalagent/1.1 (+https://developers.facebook.com/docs/sharing/webmasters/crawler)"