178.20.44.82 - - [15/Apr/2026:07:15:03 +0200] "POST /wp-comments-post.php HTTP/1.0" 500 3555 "https://notes.rudomilov.ru/2008/11/28/informer-ie/comment-page-7/#comment-853743" "Mozilla/5.0 (Windows NT 10.0; Win64; x64) AppleWebKit/537.36 (KHTML, like Gecko) Chrome/129.0.0.0 Safari/537.36"
95.216.2.94 - - [15/Apr/2026:07:16:59 +0200] "POST /wp-cron.php?doing_wp_cron=1776230219.9014370441436767578125 HTTP/1.1" 500 4080 "-" "WordPress/6.4.8; https://notes.rudomilov.ru"
216.73.216.51 - - [15/Apr/2026:07:16:59 +0200] "GET /sitemap.xml HTTP/1.1" 200 5510 "-" "Mozilla/5.0 AppleWebKit/537.36 (KHTML, like Gecko; compatible; ClaudeBot/1.0; +claudebot@anthropic.com)"
95.216.2.94 - - [15/Apr/2026:07:17:33 +0200] "GET /wp-content/uploads/2007/09/MCStandart_new.gif HTTP/1.0" 200 14447 "-" "-"
95.216.2.94 - - [15/Apr/2026:07:17:33 +0200] "GET /wp-content/themes/gridfocus/images/default_og_image.jpg HTTP/1.0" 200 278199 "-" "-"
54.89.90.224 - - [15/Apr/2026:07:17:32 +0200] "GET /2007/09/29/vyivod-webmoney-na-kartyi-vtb24/ HTTP/1.1" 200 13366 "-" "Mozilla/5.0 AppleWebKit/537.36 (KHTML, like Gecko; compatible; Amazonbot/0.1; +https://developer.amazon.com/support/amazonbot) Chrome/119.0.6045.214 Safari/537.36"
95.216.2.94 - - [15/Apr/2026:07:18:40 +0200] "POST /wp-cron.php?doing_wp_cron=1776230320.1700649261474609375000 HTTP/1.1" 500 199 "-" "WordPress/6.4.8; https://notes.rudomilov.ru"
37.59.21.100 - - [15/Apr/2026:07:18:39 +0200] "GET /2008/11/16/blogun/feed/ HTTP/1.1" 200 1594 "-" "Mozilla/5.0 (X11; Linux i686) AppleWebKit/537.36 (KHTML, like Gecko) Chrome/30.0.1599.66 Safari/537.36"
95.216.2.94 - - [15/Apr/2026:07:18:54 +0200] "GET /wp-content/uploads/2008/11/torrents.gif HTTP/1.0" 200 16346 "-" "-"
95.216.2.94 - - [15/Apr/2026:07:18:54 +0200] "GET /wp-content/themes/gridfocus/images/default_og_image.jpg HTTP/1.0" 200 278199 "-" "-"
14.186.159.170 - - [15/Apr/2026:07:18:54 +0200] "GET /2008/06/11/torrent-trackers/comment-page-14/?replytocom=130649 HTTP/1.1" 200 20370 "-" "Mozilla/5.0 (Windows NT 10.0; WOW64) AppleWebKit/537.36 (KHTML, like Gecko) Chrome/107.0.0.0 Safari/537.36"
95.216.2.94 - - [15/Apr/2026:07:19:18 +0200] "GET /wp-content/uploads/2008/11/silver-bullet.thumbnail.gif HTTP/1.0" 200 40641 "-" "-"
95.216.2.94 - - [15/Apr/2026:07:19:18 +0200] "GET /wp-content/uploads/2008/11/silver-bullet.gif HTTP/1.0" 200 50203 "-" "-"
95.216.2.94 - - [15/Apr/2026:07:19:18 +0200] "GET /wp-content/themes/gridfocus/images/default_og_image.jpg HTTP/1.0" 200 278199 "-" "-"
65.111.14.39 - - [15/Apr/2026:07:19:18 +0200] "GET /2008/11/15/pligg/ HTTP/1.1" 200 14850 "-" "Mozilla/5.0 (compatible; Googlebot/2.1; +http://www.google.com/bot.html)"
95.216.2.94 - - [15/Apr/2026:07:20:46 +0200] "POST /wp-cron.php?doing_wp_cron=1776230446.7095949649810791015625 HTTP/1.1" 500 4080 "-" "WordPress/6.4.8; https://notes.rudomilov.ru"
95.216.2.94 - - [15/Apr/2026:07:20:46 +0200] "GET /wp-content/themes/gridfocus/images/default_og_image.jpg HTTP/1.0" 200 278199 "-" "-"
91.186.99.127 - - [15/Apr/2026:07:20:46 +0200] "GET /2008/07/08/borba-s-virusom-virus-win32-sality-z-win32-sector-5-win32-sector-7/ HTTP/1.1" 200 21990 "-" "Mozilla/5.0 (Windows NT 10.0; Win64; x64) AppleWebKit/537.36 (KHTML, like Gecko) Chrome/147.0.0.0 Safari/537.36"
91.186.99.127 - - [15/Apr/2026:07:20:46 +0200] "GET /wp-content/themes/gridfocus/style.css HTTP/1.1" 200 3042 "https://notes.rudomilov.ru/2008/07/08/borba-s-virusom-virus-win32-sality-z-win32-sector-5-win32-sector-7/" "Mozilla/5.0 (Windows NT 10.0; Win64; x64) AppleWebKit/537.36 (KHTML, like Gecko) Chrome/147.0.0.0 Safari/537.36"
91.186.99.127 - - [15/Apr/2026:07:20:47 +0200] "GET /wp-includes/js/jquery/jquery-migrate.min.js?ver=3.4.1 HTTP/1.1" 200 5863 "https://notes.rudomilov.ru/2008/07/08/borba-s-virusom-virus-win32-sality-z-win32-sector-5-win32-sector-7/" "Mozilla/5.0 (Windows NT 10.0; Win64; x64) AppleWebKit/537.36 (KHTML, like Gecko) Chrome/147.0.0.0 Safari/537.36"
91.186.99.127 - - [15/Apr/2026:07:20:47 +0200] "GET /wp-content/themes/gridfocus/js/functions.js HTTP/1.1" 200 4417 "https://notes.rudomilov.ru/2008/07/08/borba-s-virusom-virus-win32-sality-z-win32-sector-5-win32-sector-7/" "Mozilla/5.0 (Windows NT 10.0; Win64; x64) AppleWebKit/537.36 (KHTML, like Gecko) Chrome/147.0.0.0 Safari/537.36"
95.216.2.94 - - [15/Apr/2026:07:20:56 +0200] "GET /wp-content/uploads/2015/08/roskomnadzor-630x442.png HTTP/1.0" 200 124556 "-" "-"
95.216.2.94 - - [15/Apr/2026:07:20:56 +0200] "GET /wp-content/uploads/2015/08/roskomnadzor.png HTTP/1.0" 200 77956 "-" "-"
95.216.2.94 - - [15/Apr/2026:07:20:56 +0200] "GET /wp-content/uploads/2015/08/roskomnadzor.png HTTP/1.0" 200 77956 "-" "-"
124.243.171.7 - - [15/Apr/2026:07:20:56 +0200] "GET /2015/08/27/roskomnadzor/ HTTP/1.1" 200 19310 "-" "Mozilla/5.0 (Macintosh; Intel Mac OS X 10_15_7) AppleWebKit/537.36 (KHTML, like Gecko) Chrome/145.0.0.0 Safari/537.36"
124.243.171.7 - - [15/Apr/2026:07:20:57 +0200] "GET /wp-content/themes/gridfocus/style.css HTTP/1.1" 200 2966 "-" "Mozilla/5.0 (Macintosh; Intel Mac OS X 10_15_7) AppleWebKit/537.36 (KHTML, like Gecko) Chrome/145.0.0.0 Safari/537.36"
124.243.171.7 - - [15/Apr/2026:07:20:57 +0200] "GET /wp-content/themes/gridfocus/js/functions.js HTTP/1.1" 200 558 "-" "Mozilla/5.0 (Macintosh; Intel Mac OS X 10_15_7) AppleWebKit/537.36 (KHTML, like Gecko) Chrome/145.0.0.0 Safari/537.36"
124.243.171.7 - - [15/Apr/2026:07:20:57 +0200] "GET /wp-includes/js/jquery/jquery-migrate.min.js?ver=3.4.1 HTTP/1.1" 200 5224 "-" "Mozilla/5.0 (Macintosh; Intel Mac OS X 10_15_7) AppleWebKit/537.36 (KHTML, like Gecko) Chrome/145.0.0.0 Safari/537.36"
124.243.171.7 - - [15/Apr/2026:07:20:57 +0200] "GET /wp-includes/js/jquery/jquery.min.js?ver=3.7.1 HTTP/1.1" 200 30722 "-" "Mozilla/5.0 (Macintosh; Intel Mac OS X 10_15_7) AppleWebKit/537.36 (KHTML, like Gecko) Chrome/145.0.0.0 Safari/537.36"
124.243.171.7 - - [15/Apr/2026:07:20:59 +0200] "GET /wp-includes/js/comment-reply.min.js?ver=6.4.8 HTTP/1.1" 200 1701 "-" "Mozilla/5.0 (Macintosh; Intel Mac OS X 10_15_7) AppleWebKit/537.36 (KHTML, like Gecko) Chrome/145.0.0.0 Safari/537.36"
124.243.171.7 - - [15/Apr/2026:07:20:59 +0200] "GET /wp-content/plugins/akismet/_inc/akismet-frontend.js?ver=1700355821 HTTP/1.1" 200 3437 "-" "Mozilla/5.0 (Macintosh; Intel Mac OS X 10_15_7) AppleWebKit/537.36 (KHTML, like Gecko) Chrome/145.0.0.0 Safari/537.36"
91.186.99.127 - - [15/Apr/2026:07:21:06 +0200] "GET /wp-includes/js/jquery/jquery.min.js?ver=3.7.1 HTTP/1.1" 200 31471 "https://notes.rudomilov.ru/2008/07/08/borba-s-virusom-virus-win32-sality-z-win32-sector-5-win32-sector-7/" "Mozilla/5.0 (Windows NT 10.0; Win64; x64) AppleWebKit/537.36 (KHTML, like Gecko) Chrome/147.0.0.0 Safari/537.36"
91.186.99.127 - - [15/Apr/2026:07:21:27 +0200] "GET /wp-includes/js/comment-reply.min.js?ver=6.4.8 HTTP/1.1" 200 2341 "https://notes.rudomilov.ru/2008/07/08/borba-s-virusom-virus-win32-sality-z-win32-sector-5-win32-sector-7/" "Mozilla/5.0 (Windows NT 10.0; Win64; x64) AppleWebKit/537.36 (KHTML, like Gecko) Chrome/147.0.0.0 Safari/537.36"
91.186.99.127 - - [15/Apr/2026:07:21:27 +0200] "GET /wp-content/plugins/akismet/_inc/akismet-frontend.js?ver=1700355821 HTTP/1.1" 200 3513 "https://notes.rudomilov.ru/2008/07/08/borba-s-virusom-virus-win32-sality-z-win32-sector-5-win32-sector-7/" "Mozilla/5.0 (Windows NT 10.0; Win64; x64) AppleWebKit/537.36 (KHTML, like Gecko) Chrome/147.0.0.0 Safari/537.36"
95.216.2.94 - - [15/Apr/2026:07:23:25 +0200] "POST /wp-cron.php?doing_wp_cron=1776230605.7006258964538574218750 HTTP/1.1" 500 199 "-" "WordPress/6.4.8; https://notes.rudomilov.ru"
95.216.2.94 - - [15/Apr/2026:07:23:25 +0200] "GET /wp-content/themes/gridfocus/images/default_og_image.jpg HTTP/1.0" 200 278199 "-" "-"
113.176.140.104 - - [15/Apr/2026:07:23:25 +0200] "GET http://notes.rudomilov.ru/2007/01/11/1s-predpriyatie-setevoy-marketing/ HTTP/1.1" 404 24504 "-" "Mozilla/5.0 (Macintosh; Intel Mac OS X 10_11_6) AppleWebKit/537.36 (KHTML, like Gecko) Chrome/66.0.3359.170 Safari/537.36"
95.216.2.94 - - [15/Apr/2026:07:26:37 +0200] "POST /wp-cron.php?doing_wp_cron=1776230797.5375640392303466796875 HTTP/1.1" 500 4080 "-" "WordPress/6.4.8; https://notes.rudomilov.ru"
95.216.2.94 - - [15/Apr/2026:07:26:37 +0200] "GET /wp-content/uploads/2008/11/solution_0.png HTTP/1.0" 200 12873 "-" "-"
95.216.2.94 - - [15/Apr/2026:07:26:37 +0200] "GET /wp-content/uploads/2008/11/solution_2.png HTTP/1.0" 200 9951 "-" "-"
95.216.2.94 - - [15/Apr/2026:07:26:37 +0200] "GET /wp-content/uploads/2008/11/solution_3.gif HTTP/1.0" 200 28376 "-" "-"
95.216.2.94 - - [15/Apr/2026:07:26:37 +0200] "GET /wp-content/uploads/2008/11/solution_all.thumbnail.gif HTTP/1.0" 200 30890 "-" "-"
95.216.2.94 - - [15/Apr/2026:07:26:37 +0200] "GET /wp-content/uploads/2008/11/solution_all.gif HTTP/1.0" 200 100419 "-" "-"
95.216.2.94 - - [15/Apr/2026:07:26:37 +0200] "GET /wp-content/uploads/2008/11/solution_all.gif HTTP/1.0" 200 100419 "-" "-"
63.143.95.191 - - [15/Apr/2026:07:26:36 +0200] "GET /2008/11/28/informer-ie/comment-page-4/?replytocom=57084 HTTP/1.1" 200 21794 "-" "Mozilla/5.0 (Macintosh; Intel Mac OS X 10_13_6) AppleWebKit/537.36 (KHTML, like Gecko) Chrome/86.0.4240.111 Safari/537.36"
95.216.2.94 - - [15/Apr/2026:07:27:03 +0200] "GET /wp-content/themes/gridfocus/images/default_og_image.jpg HTTP/1.0" 200 278199 "-" "-"
90.126.227.25 - - [15/Apr/2026:07:27:03 +0200] "GET / HTTP/1.1" 200 16921 "-" "Mozilla/5.0 (X11; Linux x86_64) AppleWebKit/537.36 (KHTML, like Gecko) Chrome/143.0.0.0 Safari/537.36"
100.28.204.82 - - [15/Apr/2026:07:27:24 +0200] "GET /wp-json/oembed/1.0/embed?url=https://notes.rudomilov.ru/2008/02/13/problemyi-s-windows-genuine-advantage/ HTTP/1.1" 200 6971 "-" "Mozilla/5.0 AppleWebKit/537.36 (KHTML, like Gecko; compatible; Amazonbot/0.1; +https://developer.amazon.com/support/amazonbot) Chrome/119.0.6045.214 Safari/537.36"
95.216.2.94 - - [15/Apr/2026:07:27:29 +0200] "GET /wp-content/uploads/2015/11/IMG_4400-630x420.jpg HTTP/1.0" 200 50687 "-" "-"
95.216.2.94 - - [15/Apr/2026:07:27:29 +0200] "GET /wp-content/uploads/2015/11/IMG_4400.jpg HTTP/1.0" 200 135347 "-" "-"
95.216.2.94 - - [15/Apr/2026:07:27:29 +0200] "GET /wp-content/uploads/2015/11/IMG_4400.jpg HTTP/1.0" 200 135347 "-" "-"
98.84.200.43 - - [15/Apr/2026:07:27:28 +0200] "GET /2015/11/14/msata-like/ HTTP/1.1" 200 9134 "-" "Mozilla/5.0 AppleWebKit/537.36 (KHTML, like Gecko; compatible; Amazonbot/0.1; +https://developer.amazon.com/support/amazonbot) Chrome/119.0.6045.214 Safari/537.36"
95.216.2.94 - - [15/Apr/2026:07:27:50 +0200] "POST /wp-cron.php?doing_wp_cron=1776230870.5331659317016601562500 HTTP/1.1" 500 4080 "-" "WordPress/6.4.8; https://notes.rudomilov.ru"
95.216.2.94 - - [15/Apr/2026:07:27:50 +0200] "GET /wp-content/uploads/2008/11/solution_0.png HTTP/1.0" 200 12873 "-" "-"
95.216.2.94 - - [15/Apr/2026:07:27:50 +0200] "GET /wp-content/uploads/2008/11/solution_2.png HTTP/1.0" 200 9951 "-" "-"
95.216.2.94 - - [15/Apr/2026:07:27:50 +0200] "GET /wp-content/uploads/2008/11/solution_3.gif HTTP/1.0" 200 28376 "-" "-"
95.216.2.94 - - [15/Apr/2026:07:27:50 +0200] "GET /wp-content/uploads/2008/11/solution_all.thumbnail.gif HTTP/1.0" 200 30890 "-" "-"
95.216.2.94 - - [15/Apr/2026:07:27:50 +0200] "GET /wp-content/uploads/2008/11/solution_all.gif HTTP/1.0" 200 100419 "-" "-"
95.216.2.94 - - [15/Apr/2026:07:27:50 +0200] "GET /wp-content/uploads/2008/11/solution_all.gif HTTP/1.0" 200 100419 "-" "-"
185.231.155.169 - - [15/Apr/2026:07:27:49 +0200] "GET /2008/11/28/informer-ie/comment-page-7/ HTTP/1.0" 200 88298 "https://notes.rudomilov.ru/2008/11/28/informer-ie/comment-page-7/#comment-828809" "Mozilla/5.0 (Windows NT 10.0; Win64; x64) AppleWebKit/537.36 (KHTML, like Gecko) Chrome/131.0.0.0 Safari/537.36"
185.231.155.169 - - [15/Apr/2026:07:27:50 +0200] "POST /wp-comments-post.php HTTP/1.0" 500 3555 "https://notes.rudomilov.ru/2008/11/28/informer-ie/comment-page-7/#comment-828809" "Mozilla/5.0 (Windows NT 10.0; Win64; x64) AppleWebKit/537.36 (KHTML, like Gecko) Chrome/131.0.0.0 Safari/537.36"
37.59.21.100 - - [15/Apr/2026:07:28:45 +0200] "GET /2008/02/23/plagin-wp-noindex-dlya-wordpress/feed/ HTTP/1.1" 200 1984 "-" "Mozilla/5.0 (X11; Linux i686) AppleWebKit/537.36 (KHTML, like Gecko) Chrome/30.0.1599.66 Safari/537.36"
95.216.2.94 - - [15/Apr/2026:07:29:42 +0200] "POST /wp-cron.php?doing_wp_cron=1776230982.5709280967712402343750 HTTP/1.1" 500 199 "-" "WordPress/6.4.8; https://notes.rudomilov.ru"
37.59.21.100 - - [15/Apr/2026:07:29:41 +0200] "GET /2009/11/15/podebrady/feed/ HTTP/1.1" 200 1082 "-" "Mozilla/5.0 (X11; Linux i686) AppleWebKit/537.36 (KHTML, like Gecko) Chrome/30.0.1599.66 Safari/537.36"
95.216.2.94 - - [15/Apr/2026:07:35:43 +0200] "POST /wp-cron.php?doing_wp_cron=1776231343.5775859355926513671875 HTTP/1.1" 500 4080 "-" "WordPress/6.4.8; https://notes.rudomilov.ru"
77.75.76.163 - - [15/Apr/2026:07:35:43 +0200] "GET /sitemap-pt-post-p1-2007-03.xml HTTP/1.1" 200 4746 "-" "Mozilla/5.0 (compatible; SeznamBot/4.0; +https://o-seznam.cz/napoveda/vyhledavani/en/seznambot-crawler/)"
95.216.2.94 - - [15/Apr/2026:07:38:09 +0200] "POST /wp-cron.php?doing_wp_cron=1776231489.2811319828033447265625 HTTP/1.1" 500 199 "-" "WordPress/6.4.8; https://notes.rudomilov.ru"
37.59.21.100 - - [15/Apr/2026:07:38:08 +0200] "GET /2008/07/30/sexy-buuz/feed/ HTTP/1.1" 200 1499 "-" "Mozilla/5.0 (X11; Linux i686) AppleWebKit/537.36 (KHTML, like Gecko) Chrome/30.0.1599.66 Safari/537.36"
37.230.196.116 - - [15/Apr/2026:07:38:53 +0200] "GET /wp-content/uploads/2008/01/ya_weather.png HTTP/1.1" 200 6217 "-" "Python/3.11 aiohttp/3.13.5"
51.68.236.72 - - [15/Apr/2026:07:42:29 +0200] "GET /robots.txt HTTP/1.1" 200 595 "-" "Mozilla/5.0 (compatible; MJ12bot/v2.0.5; http://mj12bot.com/)"
95.216.2.94 - - [15/Apr/2026:07:42:29 +0200] "POST /wp-cron.php?doing_wp_cron=1776231749.9362499713897705078125 HTTP/1.1" 500 199 "-" "WordPress/6.4.8; https://notes.rudomilov.ru"
95.216.2.94 - - [15/Apr/2026:07:42:30 +0200] "GET /wp-content/themes/gridfocus/images/default_og_image.jpg HTTP/1.0" 200 278199 "-" "-"
51.68.236.72 - - [15/Apr/2026:07:42:29 +0200] "GET /?=PHPE9568F35-D428-11d2-A769-00AA001ACF42 HTTP/1.1" 200 13003 "-" "Mozilla/5.0 (compatible; MJ12bot/v2.0.5; http://mj12bot.com/)"
95.216.2.94 - - [15/Apr/2026:07:45:27 +0200] "POST /wp-cron.php?doing_wp_cron=1776231927.9642539024353027343750 HTTP/1.1" 500 4080 "-" "WordPress/6.4.8; https://notes.rudomilov.ru"
95.216.2.94 - - [15/Apr/2026:07:45:28 +0200] "GET /wp-content/uploads/2008/11/silver-bullet.thumbnail.gif HTTP/1.0" 200 40641 "-" "-"
95.216.2.94 - - [15/Apr/2026:07:45:28 +0200] "GET /wp-content/uploads/2008/11/silver-bullet.gif HTTP/1.0" 200 50203 "-" "-"
95.216.2.94 - - [15/Apr/2026:07:45:28 +0200] "GET /wp-content/themes/gridfocus/images/default_og_image.jpg HTTP/1.0" 200 278199 "-" "-"
104.167.25.216 - - [15/Apr/2026:07:45:27 +0200] "GET /2008/11/15/pligg/ HTTP/1.1" 200 14851 "-" "Mozilla/5.0 (compatible; Googlebot/2.1; +http://www.google.com/bot.html)"
14.172.151.90 - - [15/Apr/2026:07:50:54 +0200] "GET /wp-content/uploads/2008/12/finalists_2007.JPG HTTP/1.1" 200 74728 "https://google.com, https://kosmetologiya-volgograd.ru/sledovalo-porno-informer-v-sisteme.html" "Mozilla/5.0 (Windows NT 6.1) AppleWebKit/537.36 (KHTML, like Gecko) Chrome/76.0.3809 Safari/537.36 OPR/58.0.3135.107"
14.248.98.169 - - [15/Apr/2026:07:50:57 +0200] "GET /wp-content/uploads/2008/12/3_5.jpg HTTP/1.1" 200 11541 "https://google.com, https://kosmetologiya-volgograd.ru/sledovalo-porno-informer-v-sisteme.html" "Mozilla/5.0 (Windows NT 10.0; Win64; x64; rv:59.0.3) Gecko/20100101 Firefox/59.0.3"
113.166.245.76 - - [15/Apr/2026:07:50:58 +0200] "GET /wp-content/uploads/2008/12/hp_pavilion_dv2800_artist_edition_1.jpg HTTP/1.1" 200 32697 "https://kosmetologiya-volgograd.ru/sledovalo-porno-informer-v-sisteme.html" "Mozilla/5.0 (Windows NT 6.0; Win64; x64; rv:52.9.0) Gecko/20100101 Firefox/52.9.0"
123.28.31.127 - - [15/Apr/2026:07:50:59 +0200] "GET /wp-content/uploads/2008/12/hp_pav_artist.jpg HTTP/1.1" 200 79646 "https://kosmetologiya-volgograd.ru/sledovalo-porno-informer-v-sisteme.html" "Mozilla/5.0 (Windows NT 6.1; WOW64) AppleWebKit/537.36 (KHTML, like Gecko) Chrome/70.0.3538.67 Safari/537.36"
95.216.2.94 - - [15/Apr/2026:07:51:19 +0200] "POST /wp-cron.php?doing_wp_cron=1776232279.3624629974365234375000 HTTP/1.1" 500 199 "-" "WordPress/6.4.8; https://notes.rudomilov.ru"
37.59.21.100 - - [15/Apr/2026:07:51:18 +0200] "GET /2007/01/20/formikariy/feed/ HTTP/1.1" 200 2042 "-" "Mozilla/5.0 (X11; Linux i686) AppleWebKit/537.36 (KHTML, like Gecko) Chrome/30.0.1599.66 Safari/537.36"
14.187.32.152 - - [15/Apr/2026:07:51:23 +0200] "GET /wp-content/uploads/2008/12/hp_pavilion_dv2800_artist_edition_1.jpg HTTP/1.1" 200 32697 "https://kosmetologiya-volgograd.ru/sledovalo-porno-informer-v-sisteme.html" "Mozilla/5.0 (Macintosh; Intel Mac OS X 10_12_5) AppleWebKit/537.36 (KHTML, like Gecko) Chrome/70.0.3538.80 Safari/537.36 OPR/56.0.3051.116"
95.216.2.94 - - [15/Apr/2026:07:51:32 +0200] "GET /wp-content/uploads/2008/11/solution_0.png HTTP/1.0" 200 12873 "-" "-"
95.216.2.94 - - [15/Apr/2026:07:51:32 +0200] "GET /wp-content/uploads/2008/11/solution_2.png HTTP/1.0" 200 9951 "-" "-"
95.216.2.94 - - [15/Apr/2026:07:51:32 +0200] "GET /wp-content/uploads/2008/11/solution_3.gif HTTP/1.0" 200 28376 "-" "-"
95.216.2.94 - - [15/Apr/2026:07:51:32 +0200] "GET /wp-content/uploads/2008/11/solution_all.thumbnail.gif HTTP/1.0" 200 30890 "-" "-"
95.216.2.94 - - [15/Apr/2026:07:51:32 +0200] "GET /wp-content/uploads/2008/11/solution_all.gif HTTP/1.0" 200 100419 "-" "-"
95.216.2.94 - - [15/Apr/2026:07:51:32 +0200] "GET /wp-content/uploads/2008/11/solution_all.gif HTTP/1.0" 200 100419 "-" "-"
45.134.253.147 - - [15/Apr/2026:07:51:31 +0200] "GET /2008/11/28/informer-ie/comment-page-7/ HTTP/1.0" 200 88297 "https://notes.rudomilov.ru/2008/11/28/informer-ie/comment-page-7/#comment-856761" "Mozilla/5.0 (Windows NT 6.1; WOW64) AppleWebKit/537.36 (KHTML, like Gecko) Chrome/103.0.0.0 Safari/537.36"
37.59.21.100 - - [15/Apr/2026:07:52:07 +0200] "GET /category/megafon/feed/ HTTP/1.1" 200 909 "-" "Mozilla/5.0 (X11; Linux i686) AppleWebKit/537.36 (KHTML, like Gecko) Chrome/30.0.1599.66 Safari/537.36"
95.216.2.94 - - [15/Apr/2026:07:52:23 +0200] "POST /wp-cron.php?doing_wp_cron=1776232343.7632761001586914062500 HTTP/1.1" 500 4080 "-" "WordPress/6.4.8; https://notes.rudomilov.ru"
95.216.2.94 - - [15/Apr/2026:07:52:23 +0200] "GET /wp-content/themes/gridfocus/images/default_og_image.jpg HTTP/1.0" 200 278199 "-" "-"
84.54.53.236 - - [15/Apr/2026:07:52:23 +0200] "GET / HTTP/1.0" 200 49201 "https://notes.rudomilov.ru/" "Mozilla/5.0 (Windows NT 6.1; WOW64) AppleWebKit/537.36 (KHTML, like Gecko) Chrome/103.0.0.0 Safari/537.36"
77.75.76.163 - - [15/Apr/2026:07:52:41 +0200] "GET /sitemap-pt-post-p1-2008-03.xml HTTP/1.1" 200 4750 "-" "Mozilla/5.0 (compatible; SeznamBot/4.0; +https://o-seznam.cz/napoveda/vyhledavani/en/seznambot-crawler/)"
37.59.21.100 - - [15/Apr/2026:07:53:17 +0200] "GET /2008/01/11/ochelovechivanie-servisov/feed/ HTTP/1.1" 200 1614 "-" "Mozilla/5.0 (X11; Linux i686) AppleWebKit/537.36 (KHTML, like Gecko) Chrome/30.0.1599.66 Safari/537.36"
95.216.2.94 - - [15/Apr/2026:07:59:14 +0200] "POST /wp-cron.php?doing_wp_cron=1776232754.8602468967437744140625 HTTP/1.1" 500 199 "-" "WordPress/6.4.8; https://notes.rudomilov.ru"
95.216.2.94 - - [15/Apr/2026:07:59:14 +0200] "GET /wp-content/uploads/2008/11/solution_0.png HTTP/1.0" 200 12873 "-" "-"
95.216.2.94 - - [15/Apr/2026:07:59:14 +0200] "GET /wp-content/uploads/2008/11/solution_2.png HTTP/1.0" 200 9951 "-" "-"
95.216.2.94 - - [15/Apr/2026:07:59:14 +0200] "GET /wp-content/uploads/2008/11/solution_3.gif HTTP/1.0" 200 28376 "-" "-"
95.216.2.94 - - [15/Apr/2026:07:59:14 +0200] "GET /wp-content/uploads/2008/11/solution_all.thumbnail.gif HTTP/1.0" 200 30890 "-" "-"
95.216.2.94 - - [15/Apr/2026:07:59:14 +0200] "GET /wp-content/uploads/2008/11/solution_all.gif HTTP/1.0" 200 100419 "-" "-"
95.216.2.94 - - [15/Apr/2026:07:59:15 +0200] "GET /wp-content/uploads/2008/11/solution_all.gif HTTP/1.0" 200 100419 "-" "-"
185.255.126.25 - - [15/Apr/2026:07:59:14 +0200] "GET /2008/11/28/informer-ie/comment-page-7/ HTTP/1.0" 200 84134 "http://notes.rudomilov.ru/2008/11/28/informer-ie/comment-page-7/" "Mozilla/5.0 (Windows NT 10.0; Win64; x64) AppleWebKit/537.36 (KHTML, like Gecko) Chrome/130.0.0.0 Safari/537.36"
185.255.126.31 - - [15/Apr/2026:07:59:15 +0200] "POST /wp-comments-post.php HTTP/1.0" 500 3555 "http://notes.rudomilov.ru/2008/11/28/informer-ie/comment-page-7/" "Mozilla/5.0 (Windows NT 10.0; Win64; x64) AppleWebKit/537.36 (KHTML, like Gecko) Chrome/130.0.0.0 Safari/537.36"
23.239.96.90 - - [15/Apr/2026:07:59:22 +0200] "GET /feed/ HTTP/1.1" 307 325 "-" "Mozilla/5.0 (Macintosh; Intel Mac OS X 10_15_7) AppleWebKit/537.36 (KHTML, like Gecko) Chrome/113.0.0.0 Safari/537.36"
95.108.213.141 - - [15/Apr/2026:08:01:01 +0200] "GET /robots.txt HTTP/1.1" 200 5244 "-" "Mozilla/5.0 (compatible; YandexBot/3.0; +http://yandex.com/bots)"
95.216.2.94 - - [15/Apr/2026:08:01:02 +0200] "POST /wp-cron.php?doing_wp_cron=1776232862.6833829879760742187500 HTTP/1.1" 500 4080 "-" "WordPress/6.4.8; https://notes.rudomilov.ru"
95.216.2.94 - - [15/Apr/2026:08:01:02 +0200] "GET /wp-content/uploads/2008/11/torrents.gif HTTP/1.0" 200 16346 "-" "-"
95.216.2.94 - - [15/Apr/2026:08:01:02 +0200] "GET /wp-content/themes/gridfocus/images/default_og_image.jpg HTTP/1.0" 200 278199 "-" "-"
213.180.203.143 - - [15/Apr/2026:08:01:02 +0200] "GET /2008/06/11/torrent-trackers/comment-page-4/ HTTP/1.1" 200 21424 "-" "Mozilla/5.0 (compatible; YandexBot/3.0; +http://yandex.com/bots)"
95.216.2.94 - - [15/Apr/2026:08:01:27 +0200] "GET /wp-content/uploads/2008/11/solution_0.png HTTP/1.0" 200 12873 "-" "-"
95.216.2.94 - - [15/Apr/2026:08:01:27 +0200] "GET /wp-content/uploads/2008/11/solution_2.png HTTP/1.0" 200 9951 "-" "-"
95.216.2.94 - - [15/Apr/2026:08:01:27 +0200] "GET /wp-content/uploads/2008/11/solution_3.gif HTTP/1.0" 200 28376 "-" "-"
95.216.2.94 - - [15/Apr/2026:08:01:27 +0200] "GET /wp-content/uploads/2008/11/solution_all.thumbnail.gif HTTP/1.0" 200 30890 "-" "-"
95.216.2.94 - - [15/Apr/2026:08:01:27 +0200] "GET /wp-content/uploads/2008/11/solution_all.gif HTTP/1.0" 200 100419 "-" "-"
95.216.2.94 - - [15/Apr/2026:08:01:27 +0200] "GET /wp-content/uploads/2008/11/solution_all.gif HTTP/1.0" 200 100419 "-" "-"
93.183.94.195 - - [15/Apr/2026:08:01:26 +0200] "GET /2008/11/28/informer-ie/comment-page-7/ HTTP/1.0" 200 84135 "http://notes.rudomilov.ru/2008/11/28/informer-ie/comment-page-7/" "Mozilla/5.0 (Windows NT 10.0; Win64; x64) AppleWebKit/537.36 (KHTML, like Gecko) Chrome/131.0.0.0 Safari/537.36"
93.183.94.195 - - [15/Apr/2026:08:01:28 +0200] "POST /wp-comments-post.php HTTP/1.0" 500 3555 "http://notes.rudomilov.ru/2008/11/28/informer-ie/comment-page-7/" "Mozilla/5.0 (Windows NT 10.0; Win64; x64) AppleWebKit/537.36 (KHTML, like Gecko) Chrome/131.0.0.0 Safari/537.36"
95.216.2.94 - - [15/Apr/2026:08:04:15 +0200] "POST /wp-cron.php?doing_wp_cron=1776233055.5163691043853759765625 HTTP/1.1" 500 199 "-" "WordPress/6.4.8; https://notes.rudomilov.ru"
95.216.2.94 - - [15/Apr/2026:08:04:15 +0200] "GET /wp-content/themes/gridfocus/images/default_og_image.jpg HTTP/1.0" 200 278199 "-" "-"
43.153.54.14 - - [15/Apr/2026:08:04:14 +0200] "GET / HTTP/1.1" 200 12967 "-" "Mozilla/5.0 (iPhone; CPU iPhone OS 13_2_3 like Mac OS X) AppleWebKit/605.1.15 (KHTML, like Gecko) Version/13.0.3 Mobile/15E148 Safari/604.1"
95.216.2.94 - - [15/Apr/2026:08:08:44 +0200] "POST /wp-cron.php?doing_wp_cron=1776233324.2965140342712402343750 HTTP/1.1" 500 4080 "-" "WordPress/6.4.8; https://notes.rudomilov.ru"
95.216.2.94 - - [15/Apr/2026:08:08:44 +0200] "GET /wp-content/uploads/2008/11/torrents.gif HTTP/1.0" 200 16346 "-" "-"
95.216.2.94 - - [15/Apr/2026:08:08:44 +0200] "GET /wp-content/themes/gridfocus/images/default_og_image.jpg HTTP/1.0" 200 278199 "-" "-"
109.172.91.206 - - [15/Apr/2026:08:08:43 +0200] "GET /2008/06/11/torrent-trackers/comment-page-16/ HTTP/1.0" 200 73617 "https://notes.rudomilov.ru/2008/06/11/torrent-trackers/comment-page-16/" "Mozilla/5.0 (Windows NT 10.0; Win64; x64) AppleWebKit/537.36 (KHTML, like Gecko) Chrome/131.0.0.0 Safari/537.36 Avast/131.0.0.0"
109.172.91.206 - - [15/Apr/2026:08:08:44 +0200] "POST /wp-comments-post.php HTTP/1.0" 500 3555 "https://notes.rudomilov.ru/2008/06/11/torrent-trackers/comment-page-16/" "Mozilla/5.0 (Windows NT 10.0; Win64; x64) AppleWebKit/537.36 (KHTML, like Gecko) Chrome/131.0.0.0 Safari/537.36 Avast/131.0.0.0"
95.216.2.94 - - [15/Apr/2026:08:09:25 +0200] "GET /wp-content/themes/gridfocus/images/default_og_image.jpg HTTP/1.0" 200 278199 "-" "-"
45.131.195.126 - - [15/Apr/2026:08:09:24 +0200] "GET /bless.php HTTP/1.1" 404 24387 "-" "Mozilla/5.0 (Macintosh; Intel Mac OS X 10_15_6) AppleWebKit/537.36 (KHTML, like Gecko) Chrome/84.0.4147.125 Safari/537.36"
95.216.2.94 - - [15/Apr/2026:08:09:26 +0200] "GET /wp-content/themes/gridfocus/images/default_og_image.jpg HTTP/1.0" 200 278199 "-" "-"
45.131.195.126 - - [15/Apr/2026:08:09:25 +0200] "GET /O-Simple.php HTTP/1.1" 404 24390 "-" "Mozilla/5.0 (X11; Fedora; Linux x86_64; rv:79.0) Gecko/20100101 Firefox/79.0"
95.216.2.94 - - [15/Apr/2026:08:09:27 +0200] "GET /wp-content/themes/gridfocus/images/default_og_image.jpg HTTP/1.0" 200 278199 "-" "-"
45.131.195.126 - - [15/Apr/2026:08:09:26 +0200] "GET /lock360.php HTTP/1.1" 404 24389 "-" "Mozilla/5.0 (Macintosh; Intel Mac OS X 10_15_6) AppleWebKit/537.36 (KHTML, like Gecko) Chrome/84.0.4147.125 Safari/537.36"
95.216.2.94 - - [15/Apr/2026:08:09:27 +0200] "GET /wp-content/themes/gridfocus/images/default_og_image.jpg HTTP/1.0" 200 278199 "-" "-"
45.131.195.126 - - [15/Apr/2026:08:09:27 +0200] "GET /zwso.php HTTP/1.1" 404 24386 "-" "Mozilla/5.0 (Macintosh; Intel Mac OS X 10_15_6) AppleWebKit/537.36 (KHTML, like Gecko) Chrome/84.0.4147.105 Safari/537.36 OPR/70.0.3728.95"
95.216.2.94 - - [15/Apr/2026:08:09:28 +0200] "GET /wp-content/themes/gridfocus/images/default_og_image.jpg HTTP/1.0" 200 278199 "-" "-"
45.131.195.126 - - [15/Apr/2026:08:09:28 +0200] "GET /chosen.php HTTP/1.1" 404 24388 "-" "Mozilla/5.0 (Windows NT 10.0; Win64; x64; rv:72.0) Gecko/20100101 Firefox/72.0"
95.216.2.94 - - [15/Apr/2026:08:09:29 +0200] "GET /wp-content/themes/gridfocus/images/default_og_image.jpg HTTP/1.0" 200 278199 "-" "-"
45.131.195.126 - - [15/Apr/2026:08:09:29 +0200] "GET /about.php HTTP/1.1" 404 24387 "-" "Mozilla/5.0 (Windows NT 6.1; Win64; x64) AppleWebKit/537.36 (KHTML, like Gecko) Chrome/74.0.3729.169 Safari/537.36"
95.216.2.94 - - [15/Apr/2026:08:09:30 +0200] "GET /wp-content/themes/gridfocus/images/default_og_image.jpg HTTP/1.0" 200 278199 "-" "-"
45.131.195.126 - - [15/Apr/2026:08:09:30 +0200] "GET /admin.php HTTP/1.1" 404 24387 "-" "Mozilla/5.0 (Macintosh; Intel Mac OS X 10_15_6) AppleWebKit/537.36 (KHTML, like Gecko) Chrome/84.0.4147.105 Safari/537.36"
95.216.2.94 - - [15/Apr/2026:08:09:31 +0200] "GET /wp-content/themes/gridfocus/images/default_og_image.jpg HTTP/1.0" 200 278199 "-" "-"
45.131.195.126 - - [15/Apr/2026:08:09:30 +0200] "GET /mah.php HTTP/1.1" 404 24385 "-" "Mozilla/5.0 (X11; Linux x86_64) AppleWebKit/537.36 (KHTML, like Gecko) Chrome/84.0.4147.105 Safari/537.36"
95.216.2.94 - - [15/Apr/2026:08:09:32 +0200] "GET /wp-content/themes/gridfocus/images/default_og_image.jpg HTTP/1.0" 200 278199 "-" "-"
45.131.195.126 - - [15/Apr/2026:08:09:31 +0200] "GET /.wp/wso.php HTTP/1.1" 404 24389 "-" "Mozilla/5.0 (Linux x86_64; rv:79.0) Gecko/20100101 Firefox/79.0"
95.216.2.94 - - [15/Apr/2026:08:09:33 +0200] "GET /wp-content/themes/gridfocus/images/default_og_image.jpg HTTP/1.0" 200 278199 "-" "-"
45.131.195.126 - - [15/Apr/2026:08:09:32 +0200] "GET /core.php HTTP/1.1" 404 24386 "-" "Mozilla/5.0 (Windows NT 10.0; Win64; x64; rv:77.0) Gecko/20100101 Firefox/77.0"
95.216.2.94 - - [15/Apr/2026:08:09:34 +0200] "GET /wp-content/themes/gridfocus/images/default_og_image.jpg HTTP/1.0" 200 278199 "-" "-"
45.131.195.126 - - [15/Apr/2026:08:09:33 +0200] "GET /robots.php HTTP/1.1" 404 24388 "-" "Mozilla/5.0 (Linux x86_64; rv:79.0) Gecko/20100101 Firefox/79.0"
95.216.2.94 - - [15/Apr/2026:08:09:34 +0200] "GET /wp-content/themes/gridfocus/images/default_og_image.jpg HTTP/1.0" 200 278199 "-" "-"
45.131.195.126 - - [15/Apr/2026:08:09:34 +0200] "GET /inputs.php HTTP/1.1" 404 24388 "-" "Mozilla/5.0 (Windows NT 10.0; Win64; x64; rv:71.0) Gecko/20100101 Firefox/71.0"
95.216.2.94 - - [15/Apr/2026:08:09:35 +0200] "GET /wp-content/themes/gridfocus/images/default_og_image.jpg HTTP/1.0" 200 278199 "-" "-"
45.131.195.126 - - [15/Apr/2026:08:09:35 +0200] "GET /mini.php HTTP/1.1" 404 24386 "-" "Mozilla/5.0 (Windows NT 10.0; Win64; x64; rv:79.0) Gecko/20100101 Firefox/79.0"
95.216.2.94 - - [15/Apr/2026:08:09:36 +0200] "GET /wp-content/themes/gridfocus/images/default_og_image.jpg HTTP/1.0" 200 278199 "-" "-"
45.131.195.126 - - [15/Apr/2026:08:09:35 +0200] "GET /goods.php HTTP/1.1" 404 24387 "-" "Mozilla/5.0 (Windows NT 6.1; Win64; x64) AppleWebKit/537.36 (KHTML, like Gecko) Chrome/80.0.3987.149 Safari/537.36"
95.216.2.94 - - [15/Apr/2026:08:09:37 +0200] "GET /wp-content/themes/gridfocus/images/default_og_image.jpg HTTP/1.0" 200 278199 "-" "-"
45.131.195.126 - - [15/Apr/2026:08:09:36 +0200] "GET /file5.php HTTP/1.1" 404 24387 "-" "Mozilla/5.0 (Linux x86_64; rv:79.0) Gecko/20100101 Firefox/79.0"
95.216.2.94 - - [15/Apr/2026:08:09:38 +0200] "GET /wp-content/themes/gridfocus/images/default_og_image.jpg HTTP/1.0" 200 278199 "-" "-"
45.131.195.126 - - [15/Apr/2026:08:09:37 +0200] "GET /ahax.php HTTP/1.1" 404 24386 "-" "Mozilla/5.0 (Macintosh; Intel Mac OS X 10_15_6) AppleWebKit/537.36 (KHTML, like Gecko) Chrome/84.0.4147.125 Safari/537.36"
95.216.2.94 - - [15/Apr/2026:08:09:38 +0200] "GET /wp-content/themes/gridfocus/images/default_og_image.jpg HTTP/1.0" 200 278199 "-" "-"
45.131.195.126 - - [15/Apr/2026:08:09:38 +0200] "GET /f35.php HTTP/1.1" 404 24385 "-" "Mozilla/5.0 (Windows NT 6.3; Win64; x64; rv:73.0) Gecko/20100101 Firefox/73.0"
95.216.2.94 - - [15/Apr/2026:08:09:39 +0200] "GET /wp-content/themes/gridfocus/images/default_og_image.jpg HTTP/1.0" 200 278199 "-" "-"
45.131.195.126 - - [15/Apr/2026:08:09:39 +0200] "GET /simple.php HTTP/1.1" 404 24388 "-" "Mozilla/5.0 (Linux x86_64; rv:79.0) Gecko/20100101 Firefox/79.0"
95.216.2.94 - - [15/Apr/2026:08:09:40 +0200] "GET /wp-content/themes/gridfocus/images/default_og_image.jpg HTTP/1.0" 200 278199 "-" "-"
45.131.195.126 - - [15/Apr/2026:08:09:40 +0200] "GET /amax.php HTTP/1.1" 404 24386 "-" "Mozilla/5.0 (X11; Ubuntu; Linux x86_64; rv:79.0) Gecko/20100101 Firefox/79.0"
95.216.2.94 - - [15/Apr/2026:08:09:41 +0200] "GET /wp-content/themes/gridfocus/images/default_og_image.jpg HTTP/1.0" 200 278199 "-" "-"
45.131.195.126 - - [15/Apr/2026:08:09:40 +0200] "GET /update/f35.php HTTP/1.1" 404 24392 "-" "Mozilla/5.0 (Windows NT 6.1; Win64; x64) AppleWebKit/537.36 (KHTML, like Gecko) Chrome/79.0.3945.130 Safari/537.36"
95.216.2.94 - - [15/Apr/2026:08:09:42 +0200] "GET /wp-content/themes/gridfocus/images/default_og_image.jpg HTTP/1.0" 200 278199 "-" "-"
45.131.195.126 - - [15/Apr/2026:08:09:41 +0200] "GET /wp-content/hello.php HTTP/1.1" 404 24398 "-" "Mozilla/5.0 (Windows NT 10.0; Win64; x64; rv:73.0) Gecko/20100101 Firefox/73.0"
95.216.2.94 - - [15/Apr/2026:08:09:43 +0200] "GET /wp-content/themes/gridfocus/images/default_og_image.jpg HTTP/1.0" 200 278199 "-" "-"
45.131.195.126 - - [15/Apr/2026:08:09:42 +0200] "GET /wp-admin/maint/bootstrap.php HTTP/1.1" 404 24406 "-" "Mozilla/5.0 (Windows NT 10.0; Win64; x64) AppleWebKit/537.36 (KHTML, like Gecko) Chrome/79.0.3945.79 Safari/537.36"
95.216.2.94 - - [15/Apr/2026:08:09:43 +0200] "GET /wp-content/themes/gridfocus/images/default_og_image.jpg HTTP/1.0" 200 278199 "-" "-"
45.131.195.126 - - [15/Apr/2026:08:09:43 +0200] "GET /themes/zMousse/otuz1.php HTTP/1.1" 404 24402 "-" "Mozilla/5.0 (Windows NT 10.0; Win64; x64; rv:67.0) Gecko/20100101 Firefox/67.0"
95.216.2.94 - - [15/Apr/2026:08:09:44 +0200] "POST /wp-cron.php?doing_wp_cron=1776233384.7360019683837890625000 HTTP/1.1" 500 199 "-" "WordPress/6.4.8; https://notes.rudomilov.ru"
95.216.2.94 - - [15/Apr/2026:08:09:44 +0200] "GET /wp-content/themes/gridfocus/images/default_og_image.jpg HTTP/1.0" 200 278199 "-" "-"
45.131.195.126 - - [15/Apr/2026:08:09:44 +0200] "GET /wp-content/edit-wolf.php HTTP/1.1" 404 24402 "-" "Mozilla/5.0 (Linux x86_64; rv:79.0) Gecko/20100101 Firefox/79.0"
95.216.2.94 - - [15/Apr/2026:08:09:45 +0200] "GET /wp-content/themes/gridfocus/images/default_og_image.jpg HTTP/1.0" 200 278199 "-" "-"
45.131.195.126 - - [15/Apr/2026:08:09:44 +0200] "GET /wp-content/plugins/ubh/up.php HTTP/1.1" 404 24407 "-" "Mozilla/5.0 (Macintosh; Intel Mac OS X 10_10_1) AppleWebKit/537.36 (KHTML, like Gecko) Chrome/39.0.2171.95 Safari/537.36"
95.216.2.94 - - [15/Apr/2026:08:09:46 +0200] "GET /wp-content/themes/gridfocus/images/default_og_image.jpg HTTP/1.0" 200 278199 "-" "-"
45.131.195.126 - - [15/Apr/2026:08:09:45 +0200] "GET /wp-admin/images/bootstrap.php HTTP/1.1" 404 24407 "-" "Mozilla/5.0 (Macintosh; Intel Mac OS X 10_15_6) AppleWebKit/537.36 (KHTML, like Gecko) Chrome/84.0.4147.125 Safari/537.36"
95.216.2.94 - - [15/Apr/2026:08:09:47 +0200] "GET /wp-content/themes/gridfocus/images/default_og_image.jpg HTTP/1.0" 200 278199 "-" "-"
45.131.195.126 - - [15/Apr/2026:08:09:46 +0200] "GET /images/upload.php HTTP/1.1" 404 24395 "-" "Mozilla/5.0 (Windows NT 10.0; Win64; x64) AppleWebKit/537.36 (KHTML, like Gecko) Chrome/81.0.4044.129 Safari/537.36"
95.216.2.94 - - [15/Apr/2026:08:09:48 +0200] "GET /wp-content/themes/gridfocus/images/default_og_image.jpg HTTP/1.0" 200 278199 "-" "-"
45.131.195.126 - - [15/Apr/2026:08:09:47 +0200] "GET /wp-content/plugins/seoplugins/db.php?u HTTP/1.1" 404 24416 "-" "Mozilla/5.0 (Windows NT 10.0; WOW64; x64) AppleWebKit/537.36 (KHTML, like Gecko) Chrome/84.0.4147.105 Safari/537.36 OPR/70.0.3728.95"
95.216.2.94 - - [15/Apr/2026:08:09:48 +0200] "GET /wp-content/themes/gridfocus/images/default_og_image.jpg HTTP/1.0" 200 278199 "-" "-"
45.131.195.126 - - [15/Apr/2026:08:09:48 +0200] "GET /wp-content/themes/pridmag/db.php?u HTTP/1.1" 404 24412 "-" "Mozilla/5.0 (Macintosh; Intel Mac OS X 10_10_1) AppleWebKit/537.36 (KHTML, like Gecko) Chrome/39.0.2171.95 Safari/537.36"
95.216.2.94 - - [15/Apr/2026:08:09:49 +0200] "GET /wp-content/themes/gridfocus/images/default_og_image.jpg HTTP/1.0" 200 278199 "-" "-"
45.131.195.126 - - [15/Apr/2026:08:09:49 +0200] "GET /wp-content/plugins/linkpreview/db.php?u HTTP/1.1" 404 24417 "-" "Mozilla/5.0 (X11; Linux x86_64) AppleWebKit/537.36 (KHTML, like Gecko) Chrome/84.0.4147.105 Safari/537.36"
95.216.2.94 - - [15/Apr/2026:08:09:50 +0200] "GET /wp-content/themes/gridfocus/images/default_og_image.jpg HTTP/1.0" 200 278199 "-" "-"
45.131.195.126 - - [15/Apr/2026:08:09:49 +0200] "GET /admin/uploads/bn_1_1754420677.phtml HTTP/1.1" 404 24413 "-" "Mozilla/5.0 (X11; Ubuntu; Linux i686; rv:79.0) Gecko/20100101 Firefox/79.0"
95.216.2.94 - - [15/Apr/2026:08:09:51 +0200] "GET /wp-content/themes/gridfocus/images/default_og_image.jpg HTTP/1.0" 200 278199 "-" "-"
45.131.195.126 - - [15/Apr/2026:08:09:50 +0200] "GET /modules/mod_simplefileuploadv1.3/elements/udd.php HTTP/1.1" 404 24427 "-" "Mozilla/5.0 (Windows NT 10.0; Win64; x64) AppleWebKit/537.36 (KHTML, like Gecko) Chrome/84.0.4147.105 Safari/537.36 OPR/70.0.3728.95"
95.216.2.94 - - [15/Apr/2026:08:09:52 +0200] "GET /wp-content/themes/gridfocus/images/default_og_image.jpg HTTP/1.0" 200 278199 "-" "-"
45.131.195.126 - - [15/Apr/2026:08:09:51 +0200] "GET /wp-content/plugins/pwnd/pwnd.php HTTP/1.1" 404 24410 "-" "Mozilla/5.0 (Windows NT 10.0; WOW64; x64) AppleWebKit/537.36 (KHTML, like Gecko) Chrome/84.0.4147.105 Safari/537.36 OPR/70.0.3728.95"
95.216.2.94 - - [15/Apr/2026:08:09:52 +0200] "GET /wp-content/themes/gridfocus/images/default_og_image.jpg HTTP/1.0" 200 278199 "-" "-"
45.131.195.126 - - [15/Apr/2026:08:09:52 +0200] "GET /wp-content/plugins/pwnd-1/pwnd.php HTTP/1.1" 404 24412 "-" "Mozilla/5.0 (Windows NT 10.0; Win64; x64; rv:75.0) Gecko/20100101 Firefox/75.0"
95.216.2.94 - - [15/Apr/2026:08:09:53 +0200] "GET /wp-content/themes/gridfocus/images/default_og_image.jpg HTTP/1.0" 200 278199 "-" "-"
45.131.195.126 - - [15/Apr/2026:08:09:53 +0200] "GET /wp-admin/css/colors/midnight/admin.php HTTP/1.1" 404 24416 "-" "Mozilla/5.0 (Windows NT 10.0; Win64; x64) AppleWebKit/537.36 (KHTML, like Gecko) Chrome/80.0.3987.149 Safari/537.36"
95.216.2.94 - - [15/Apr/2026:08:09:54 +0200] "GET /wp-content/themes/gridfocus/images/default_og_image.jpg HTTP/1.0" 200 278199 "-" "-"
45.131.195.126 - - [15/Apr/2026:08:09:54 +0200] "GET /vendor/phpunit/phpunit/src/Util/PHP/kill.php HTTP/1.1" 404 24422 "-" "Mozilla/5.0 (Windows NT 10.0; Win64; x64) AppleWebKit/537.36 (KHTML, like Gecko) Chrome/79.0.3945.130 Safari/537.36"
95.216.2.94 - - [15/Apr/2026:08:09:55 +0200] "GET /wp-content/themes/gridfocus/images/default_og_image.jpg HTTP/1.0" 200 278199 "-" "-"
45.131.195.126 - - [15/Apr/2026:08:09:54 +0200] "GET /wp-includes/style-engine/worksec.php HTTP/1.1" 404 24414 "-" "Mozilla/5.0 (Windows NT 10.0; Win64; x64) AppleWebKit/537.36 (KHTML, like Gecko) Chrome/80.0.3987.149 Safari/537.36"
95.216.2.94 - - [15/Apr/2026:08:09:56 +0200] "GET /wp-content/themes/gridfocus/images/default_og_image.jpg HTTP/1.0" 200 278199 "-" "-"
45.131.195.126 - - [15/Apr/2026:08:09:55 +0200] "GET /wp-admin/images/wp-conflg.php HTTP/1.1" 404 24407 "-" "Mozilla/5.0 (Windows NT 10.0; WOW64; x64) AppleWebKit/537.36 (KHTML, like Gecko) Chrome/84.0.4147.105 Safari/537.36 OPR/70.0.3728.95"
95.216.2.94 - - [15/Apr/2026:08:09:57 +0200] "GET /wp-content/themes/gridfocus/images/default_og_image.jpg HTTP/1.0" 200 278199 "-" "-"
45.131.195.126 - - [15/Apr/2026:08:09:56 +0200] "GET /wp-content/plugins/core-plugin/include.php HTTP/1.1" 404 24420 "-" "Mozilla/5.0 (Windows NT 10.0; Win64; x64; rv:73.0) Gecko/20100101 Firefox/73.0"
95.216.2.94 - - [15/Apr/2026:08:09:57 +0200] "GET /wp-content/themes/gridfocus/images/default_og_image.jpg HTTP/1.0" 200 278199 "-" "-"
45.131.195.126 - - [15/Apr/2026:08:09:57 +0200] "GET /wp-content/plugins/envato-css.php HTTP/1.1" 404 24411 "-" "Mozilla/5.0 (Macintosh; Intel Mac OS X 10_15_6) AppleWebKit/537.36 (KHTML, like Gecko) Chrome/84.0.4147.125 Safari/537.36"
95.216.2.94 - - [15/Apr/2026:08:09:58 +0200] "GET /wp-content/themes/gridfocus/images/default_og_image.jpg HTTP/1.0" 200 278199 "-" "-"
45.131.195.126 - - [15/Apr/2026:08:09:58 +0200] "GET /classwithtostring.php HTTP/1.1" 404 24399 "-" "Mozilla/5.0 (X11; Linux x86_64) AppleWebKit/537.36 (KHTML, like Gecko) Chrome/84.0.4147.105 Safari/537.36 OPR/70.0.3728.95"
95.216.2.94 - - [15/Apr/2026:08:09:59 +0200] "GET /wp-content/themes/gridfocus/images/default_og_image.jpg HTTP/1.0" 200 278199 "-" "-"
45.131.195.126 - - [15/Apr/2026:08:09:58 +0200] "GET /uploads/94056-upload.phtml HTTP/1.1" 404 24404 "-" "Mozilla/5.0 (X11; Fedora; Linux x86_64; rv:79.0) Gecko/20100101 Firefox/79.0"
95.216.2.94 - - [15/Apr/2026:08:10:00 +0200] "GET /wp-content/themes/gridfocus/images/default_og_image.jpg HTTP/1.0" 200 278199 "-" "-"
45.131.195.126 - - [15/Apr/2026:08:09:59 +0200] "GET /index/function.php HTTP/1.1" 404 24396 "-" "Mozilla/5.0 (Windows NT 10.0) AppleWebKit/537.36 (KHTML, like Gecko) Chrome/84.0.4147.105 Safari/537.36"
95.216.2.94 - - [15/Apr/2026:08:10:01 +0200] "GET /wp-content/themes/gridfocus/images/default_og_image.jpg HTTP/1.0" 200 278199 "-" "-"
45.131.195.126 - - [15/Apr/2026:08:10:00 +0200] "GET /tinyfilemanager.php HTTP/1.1" 404 24397 "-" "Mozilla/5.0 (Windows NT 10.0; Win64; x64) AppleWebKit/537.36 (KHTML, like Gecko) Chrome/80.0.3987.149 Safari/537.36"
95.216.2.94 - - [15/Apr/2026:08:10:02 +0200] "GET /wp-content/themes/gridfocus/images/default_og_image.jpg HTTP/1.0" 200 278199 "-" "-"
45.131.195.126 - - [15/Apr/2026:08:10:01 +0200] "GET /js/bas.php HTTP/1.1" 404 24388 "-" "Mozilla/5.0 (X11; Fedora; Linux x86_64; rv:79.0) Gecko/20100101 Firefox/79.0"
95.216.2.94 - - [15/Apr/2026:08:10:02 +0200] "GET /wp-content/themes/gridfocus/images/default_og_image.jpg HTTP/1.0" 200 278199 "-" "-"
45.131.195.126 - - [15/Apr/2026:08:10:02 +0200] "GET /.well-known/pki-validation/moon.php HTTP/1.1" 404 24413 "-" "Mozilla/5.0 (Macintosh; Intel Mac OS X 10_15_6) AppleWebKit/537.36 (KHTML, like Gecko) Chrome/84.0.4147.105 Safari/537.36 OPR/70.0.3728.95"
95.216.2.94 - - [15/Apr/2026:08:10:03 +0200] "GET /wp-content/themes/gridfocus/images/default_og_image.jpg HTTP/1.0" 200 278199 "-" "-"
45.131.195.126 - - [15/Apr/2026:08:10:03 +0200] "GET /file.php HTTP/1.1" 404 24386 "-" "Mozilla/5.0 (Macintosh; Intel Mac OS X 10_12_6) AppleWebKit/537.36 (KHTML, like Gecko) Chrome/58.0.3029.110 Safari/537.3"
45.131.195.126 - - [15/Apr/2026:08:10:04 +0200] "GET /wp-includes/js/index.php HTTP/1.1" 301 348 "-" "Mozilla/5.0 (Windows NT 10.0; Win64; x64) AppleWebKit/537.36 (KHTML, like Gecko) Chrome/80.0.3987.149 Safari/537.36"
95.216.2.94 - - [15/Apr/2026:08:10:05 +0200] "GET /wp-content/themes/gridfocus/images/default_og_image.jpg HTTP/1.0" 200 278199 "-" "-"
45.131.195.126 - - [15/Apr/2026:08:10:04 +0200] "GET /wp-content/upgrade/item.php HTTP/1.1" 404 24405 "-" "Mozilla/5.0 (Windows NT 10.0; Win64; x64) AppleWebKit/537.36 (KHTML, like Gecko) Chrome/77.0.3865.90 Safari/537.36"
95.216.2.94 - - [15/Apr/2026:08:10:06 +0200] "GET /wp-content/themes/gridfocus/images/default_og_image.jpg HTTP/1.0" 200 278199 "-" "-"
45.131.195.126 - - [15/Apr/2026:08:10:05 +0200] "GET /buy.php HTTP/1.1" 404 24385 "-" "Mozilla/5.0 (Windows NT 10.0; Win64; x64) AppleWebKit/537.36 (KHTML, like Gecko) Chrome/84.0.4147.105 Safari/537.36"
95.216.2.94 - - [15/Apr/2026:08:10:07 +0200] "GET /wp-content/themes/gridfocus/images/default_og_image.jpg HTTP/1.0" 200 278199 "-" "-"
45.131.195.126 - - [15/Apr/2026:08:10:06 +0200] "GET /wp-content/languages/wp-conflg.php HTTP/1.1" 404 24412 "-" "Mozilla/5.0 (X11; Fedora; Linux x86_64; rv:79.0) Gecko/20100101 Firefox/79.0"
95.216.2.94 - - [15/Apr/2026:08:10:07 +0200] "GET /wp-content/themes/gridfocus/images/default_og_image.jpg HTTP/1.0" 200 278199 "-" "-"
45.131.195.126 - - [15/Apr/2026:08:10:07 +0200] "GET /wp-content/themes/classwithtostring.php HTTP/1.1" 404 24417 "-" "Mozilla/5.0 (Windows NT 10.0; Win64; x64) AppleWebKit/537.36 (KHTML, like Gecko) Chrome/84.0.4147.105 Safari/537.36"
95.216.2.94 - - [15/Apr/2026:08:10:08 +0200] "GET /wp-content/themes/gridfocus/images/default_og_image.jpg HTTP/1.0" 200 278199 "-" "-"
45.131.195.126 - - [15/Apr/2026:08:10:08 +0200] "GET /wp-content/plugins/elementor/wp-wjvngrh.php HTTP/1.1" 404 24421 "-" "Mozilla/5.0 (X11; Fedora; Linux x86_64; rv:79.0) Gecko/20100101 Firefox/79.0"
95.216.2.94 - - [15/Apr/2026:08:10:09 +0200] "GET /wp-content/themes/gridfocus/images/default_og_image.jpg HTTP/1.0" 200 278199 "-" "-"
45.131.195.126 - - [15/Apr/2026:08:10:08 +0200] "GET /wp-includes/IXR/fix.php7 HTTP/1.1" 404 24402 "-" "Mozilla/5.0 (Windows NT 10.0; Win64; x64) AppleWebKit/537.36 (KHTML, like Gecko) Chrome/79.0.3945.88 Safari/537.36"
95.216.2.94 - - [15/Apr/2026:08:10:10 +0200] "GET /wp-content/themes/gridfocus/images/default_og_image.jpg HTTP/1.0" 200 278199 "-" "-"
45.131.195.126 - - [15/Apr/2026:08:10:09 +0200] "GET /wp-includes/widgets/dyqvcfqv.php HTTP/1.1" 404 24410 "-" "Mozilla/5.0 (Windows NT 10.0; Win64; x64) AppleWebKit/537.36 (KHTML, like Gecko) Chrome/83.0.4103.97 Safari/537.36"
95.216.2.94 - - [15/Apr/2026:08:10:11 +0200] "GET /wp-content/themes/gridfocus/images/default_og_image.jpg HTTP/1.0" 200 278199 "-" "-"
45.131.195.126 - - [15/Apr/2026:08:10:10 +0200] "GET /admin/function.php HTTP/1.1" 404 24396 "-" "Mozilla/5.0 (Windows NT 10.0) AppleWebKit/537.36 (KHTML, like Gecko) Chrome/72.0.3626.121 Safari/537.36"
95.216.2.94 - - [15/Apr/2026:08:10:12 +0200] "GET /wp-content/themes/gridfocus/images/default_og_image.jpg HTTP/1.0" 200 278199 "-" "-"
45.131.195.126 - - [15/Apr/2026:08:10:11 +0200] "GET /wp-includes/images/smilies/about.php HTTP/1.1" 404 24414 "-" "Mozilla/5.0 (Windows NT 10.0; Win64; x64; rv:75.0) Gecko/20100101 Firefox/75.0"
95.216.2.94 - - [15/Apr/2026:08:10:12 +0200] "GET /wp-content/themes/gridfocus/images/default_og_image.jpg HTTP/1.0" 200 278199 "-" "-"
45.131.195.126 - - [15/Apr/2026:08:10:12 +0200] "GET /wp-includes/js/crop/admin.php HTTP/1.1" 404 24407 "-" "Mozilla/5.0 (Windows NT 10.0; Win64; x64) AppleWebKit/537.36 (KHTML, like Gecko) Chrome/83.0.4103.97 Safari/537.36"
95.216.2.94 - - [15/Apr/2026:08:10:13 +0200] "GET /wp-content/themes/gridfocus/images/default_og_image.jpg HTTP/1.0" 200 278199 "-" "-"
45.131.195.126 - - [15/Apr/2026:08:10:13 +0200] "GET /wp-includes/PHPMailer/wp-conflg.php HTTP/1.1" 404 24413 "-" "Mozilla/5.0 (compatible; MSIE 10.0; Windows NT 6.1; Trident/6.0)"
95.216.2.94 - - [15/Apr/2026:08:10:14 +0200] "GET /wp-content/themes/gridfocus/images/default_og_image.jpg HTTP/1.0" 200 278199 "-" "-"
45.131.195.126 - - [15/Apr/2026:08:10:13 +0200] "GET /wp-includes/PHPMailer/admin.php HTTP/1.1" 404 24409 "-" "Mozilla/5.0 (Windows NT 10.0; Win64; x64) AppleWebKit/537.36 (KHTML, like Gecko) Chrome/80.0.3987.149 Safari/537.36"
95.216.2.94 - - [15/Apr/2026:08:10:15 +0200] "GET /wp-content/themes/gridfocus/images/default_og_image.jpg HTTP/1.0" 200 278199 "-" "-"
45.131.195.126 - - [15/Apr/2026:08:10:14 +0200] "GET /wp-includes/widgets/wp-login.php HTTP/1.1" 404 24410 "-" "Mozilla/5.0 (Windows NT 10.0; Win64; x64) AppleWebKit/537.36 (KHTML, like Gecko) Chrome/74.0.3729.157 Safari/537.36"
45.131.195.126 - - [15/Apr/2026:08:10:15 +0200] "GET /files/index.php HTTP/1.1" 301 339 "-" "Mozilla/5.0 (Windows NT 10.0; Win64; x64; rv:75.0) Gecko/20100101 Firefox/75.0"
95.216.2.94 - - [15/Apr/2026:08:10:16 +0200] "GET /wp-content/themes/gridfocus/images/default_og_image.jpg HTTP/1.0" 200 278199 "-" "-"
45.131.195.126 - - [15/Apr/2026:08:10:16 +0200] "GET /wp-includes/PHPMailer/options.php HTTP/1.1" 404 24411 "-" "Mozilla/5.0 (Windows NT 10.0; Win64; x64) AppleWebKit/537.36 (KHTML, like Gecko) Chrome/80.0.3987.149 Safari/537.36"
95.216.2.94 - - [15/Apr/2026:08:10:17 +0200] "GET /wp-content/themes/gridfocus/images/default_og_image.jpg HTTP/1.0" 200 278199 "-" "-"
45.131.195.126 - - [15/Apr/2026:08:10:16 +0200] "GET /inc.php HTTP/1.1" 404 24385 "-" "Mozilla/5.0 (Windows NT 10.0; Win64; x64) AppleWebKit/537.36 (KHTML, like Gecko) Chrome/79.0.3945.79 Safari/537.36"
45.131.195.126 - - [15/Apr/2026:08:10:17 +0200] "GET /wp-content/index.php HTTP/1.1" 200 147 "-" "Mozilla/5.0 (Windows NT 10.0; WOW64) AppleWebKit/537.36 (KHTML, like Gecko) Chrome/84.0.4147.105 Safari/537.36"
95.216.2.94 - - [15/Apr/2026:08:10:18 +0200] "GET /wp-content/themes/gridfocus/images/default_og_image.jpg HTTP/1.0" 200 278199 "-" "-"
45.131.195.126 - - [15/Apr/2026:08:10:17 +0200] "GET /filemanager.php HTTP/1.1" 404 24393 "-" "Mozilla/5.0 (Macintosh; Intel Mac OS X 10_15_6) AppleWebKit/537.36 (KHTML, like Gecko) Chrome/84.0.4147.105 Safari/537.36 OPR/70.0.3728.95"
45.131.195.126 - - [15/Apr/2026:08:10:18 +0200] "GET /cgi-bin/bypass.php HTTP/1.1" 404 441 "-" "Mozilla/5.0 (Windows NT 10.0; Win64; x64; rv:71.0) Gecko/20100101 Firefox/71.0"
95.216.2.94 - - [15/Apr/2026:08:10:19 +0200] "GET /wp-content/themes/gridfocus/images/default_og_image.jpg HTTP/1.0" 200 278199 "-" "-"
45.131.195.126 - - [15/Apr/2026:08:10:18 +0200] "GET /.well-known/pki-validation/admin.php HTTP/1.1" 404 24414 "-" "Mozilla/5.0 (Windows NT 10.0; Win64; x64; rv:72.0) Gecko/20100101 Firefox/72.0"
95.216.2.94 - - [15/Apr/2026:08:10:20 +0200] "GET /wp-content/themes/gridfocus/images/default_og_image.jpg HTTP/1.0" 200 278199 "-" "-"
45.131.195.126 - - [15/Apr/2026:08:10:19 +0200] "GET /wp-includes/IXR/admin.php HTTP/1.1" 404 24403 "-" "Mozilla/5.0 (Windows NT 10.0; Win64; x64) AppleWebKit/537.36 (KHTML, like Gecko) Chrome/81.0.4044.129 Safari/537.36"
45.131.195.126 - - [15/Apr/2026:08:10:20 +0200] "GET /wp-admin/js/index.php HTTP/1.1" 301 345 "-" "Mozilla/5.0 (Macintosh; Intel Mac OS X 10_15_6) AppleWebKit/537.36 (KHTML, like Gecko) Chrome/84.0.4147.105 Safari/537.36 OPR/70.0.3728.95"
95.216.2.94 - - [15/Apr/2026:08:10:21 +0200] "GET /wp-content/themes/gridfocus/images/default_og_image.jpg HTTP/1.0" 200 278199 "-" "-"
45.131.195.126 - - [15/Apr/2026:08:10:21 +0200] "GET /wp-includes/js/jquery/jquery.php HTTP/1.1" 404 24410 "-" "Mozilla/5.0 (Windows NT 10.0; Win64; x64) AppleWebKit/537.36 (KHTML, like Gecko) Chrome/77.0.3865.90 Safari/537.36"
95.216.2.94 - - [15/Apr/2026:08:10:22 +0200] "GET /wp-content/themes/gridfocus/images/default_og_image.jpg HTTP/1.0" 200 278199 "-" "-"
45.131.195.126 - - [15/Apr/2026:08:10:22 +0200] "GET /function.php HTTP/1.1" 404 24390 "-" "Mozilla/5.0 (Windows NT 10.0; Win64; x64; rv:74.0) Gecko/20100101 Firefox/74.0"
95.216.2.94 - - [15/Apr/2026:08:10:23 +0200] "GET /wp-content/themes/gridfocus/images/default_og_image.jpg HTTP/1.0" 200 278199 "-" "-"
45.131.195.126 - - [15/Apr/2026:08:10:22 +0200] "GET /wp-includes/block-supports/autoload_classmap.php HTTP/1.1" 404 24426 "-" "Mozilla/5.0 (Windows NT 10.0; Win64; x64) AppleWebKit/537.36 (KHTML, like Gecko) Chrome/79.0.3945.88 Safari/537.36"
45.131.195.126 - - [15/Apr/2026:08:10:23 +0200] "GET /wp-signup.php HTTP/1.1" 500 199 "-" "Mozilla/5.0 (Macintosh; Intel Mac OS X 10.15; rv:79.0) Gecko/20100101 Firefox/79.0"
95.216.2.94 - - [15/Apr/2026:08:10:24 +0200] "GET /wp-content/themes/gridfocus/images/default_og_image.jpg HTTP/1.0" 200 278199 "-" "-"
45.131.195.164 - - [15/Apr/2026:08:10:23 +0200] "GET /wp-admin/network/network.php HTTP/1.1" 404 24406 "-" "Mozilla/5.0 (Windows NT 10.0; Win64; x64; rv:67.0) Gecko/20100101 Firefox/67.0"
95.216.2.94 - - [15/Apr/2026:08:10:25 +0200] "GET /wp-content/themes/gridfocus/images/default_og_image.jpg HTTP/1.0" 200 278199 "-" "-"
45.131.195.164 - - [15/Apr/2026:08:10:24 +0200] "GET /admin/upload/css.php HTTP/1.1" 404 24398 "-" "Mozilla/5.0 (Windows NT 10.0; Win64; x64) AppleWebKit/537.36 (KHTML, like Gecko) Chrome/70.0.3538.110 Safari/537.36"
95.216.2.94 - - [15/Apr/2026:08:10:26 +0200] "GET /wp-content/themes/gridfocus/images/default_og_image.jpg HTTP/1.0" 200 278199 "-" "-"
