File: /var/www/ilya/data/logs/.notes.rudomilov.ru.access.log.todelete.caa038a5
95.216.2.94 - - [15/Apr/2026:00:02:30 +0200] "POST /wp-cron.php?doing_wp_cron=1776204150.1788520812988281250000 HTTP/1.1" 500 199 "-" "WordPress/6.4.8; https://notes.rudomilov.ru"
37.59.21.100 - - [15/Apr/2026:00:02:29 +0200] "GET /2007/06/25/webmoney-obespechit-valyutu-zolotom/feed/ HTTP/1.1" 200 1127 "-" "Mozilla/5.0 (X11; Linux i686) AppleWebKit/537.36 (KHTML, like Gecko) Chrome/30.0.1599.66 Safari/537.36"
104.210.140.134 - - [15/Apr/2026:00:02:58 +0200] "GET /robots.txt HTTP/1.1" 200 4398 "-" "Mozilla/5.0 (Macintosh; Intel Mac OS X 10_15_7) AppleWebKit/537.36 (KHTML, like Gecko) Chrome/131.0.0.0 Safari/537.36; compatible; OAI-SearchBot/1.0; +https://openai.com/searchbot"
95.216.2.94 - - [15/Apr/2026:00:03:53 +0200] "POST /wp-cron.php?doing_wp_cron=1776204233.0735380649566650390625 HTTP/1.1" 500 4080 "-" "WordPress/6.4.8; https://notes.rudomilov.ru"
95.216.2.94 - - [15/Apr/2026:00:03:53 +0200] "GET /wp-content/themes/gridfocus/images/default_og_image.jpg HTTP/1.0" 200 278199 "-" "-"
194.67.210.77 - - [15/Apr/2026:00:03:52 +0200] "GET / HTTP/1.1" 200 16474 "https://autostrong-m.by/zapchasti/peugeot/" "Mozilla/5.0 (Windows NT 10.0; Win64; x64) AppleWebKit/537.36 (KHTML, like Gecko) Chrome/120.0.0.0 Safari/537.36"
95.216.2.94 - - [15/Apr/2026:00:04:12 +0200] "GET /wp-content/themes/gridfocus/images/default_og_image.jpg HTTP/1.0" 200 278199 "-" "-"
43.153.104.196 - - [15/Apr/2026:00:04:11 +0200] "GET /tag/study/ HTTP/1.1" 200 18300 "-" "Mozilla/5.0 (iPhone; CPU iPhone OS 13_2_3 like Mac OS X) AppleWebKit/605.1.15 (KHTML, like Gecko) Version/13.0.3 Mobile/15E148 Safari/604.1"
95.216.2.94 - - [15/Apr/2026:00:05:03 +0200] "POST /wp-cron.php?doing_wp_cron=1776204303.8430309295654296875000 HTTP/1.1" 500 199 "-" "WordPress/6.4.8; https://notes.rudomilov.ru"
95.216.2.94 - - [15/Apr/2026:00:05:03 +0200] "GET /wp-content/themes/gridfocus/images/default_og_image.jpg HTTP/1.0" 200 278199 "-" "-"
109.122.192.90 - - [15/Apr/2026:00:05:03 +0200] "GET /2008/06/05/search-domain-owner/ HTTP/1.1" 200 9150 "-" "Mozilla/5.0 (Macintosh; Intel Mac OS X 10_8_0) AppleWebKit/536.11 (KHTML, like Gecko) Chrome/20.0.1132.57 Safari/536.11"
95.216.2.94 - - [15/Apr/2026:00:06:03 +0200] "GET /wp-content/themes/gridfocus/images/default_og_image.jpg HTTP/1.0" 200 278199 "-" "-"
109.122.192.22 - - [15/Apr/2026:00:06:03 +0200] "GET /2008/02/03/sape-sdelal-shag-k-legalizatsii/ HTTP/1.1" 200 9987 "-" "Mozilla/5.0 (Windows NT 6.3; WOW64) AppleWebKit/537.36 (KHTML, like Gecko) Chrome/47.0.2526.73 Safari/537.36 OPR/34.0.2036.25 (Edition FCI)"
95.216.2.94 - - [15/Apr/2026:00:06:57 +0200] "POST /wp-cron.php?doing_wp_cron=1776204417.2202970981597900390625 HTTP/1.1" 500 199 "-" "WordPress/6.4.8; https://notes.rudomilov.ru"
37.59.21.100 - - [15/Apr/2026:00:06:56 +0200] "GET /2006/12/21/dostup-cherez-cdma/feed/ HTTP/1.1" 200 1098 "-" "Mozilla/5.0 (X11; Linux i686) AppleWebKit/537.36 (KHTML, like Gecko) Chrome/30.0.1599.66 Safari/537.36"
95.216.2.94 - - [15/Apr/2026:00:11:13 +0200] "POST /wp-cron.php?doing_wp_cron=1776204673.0943250656127929687500 HTTP/1.1" 500 4080 "-" "WordPress/6.4.8; https://notes.rudomilov.ru"
95.216.2.94 - - [15/Apr/2026:00:11:13 +0200] "GET /wp-content/themes/gridfocus/images/default_og_image.jpg HTTP/1.0" 200 278199 "-" "-"
185.125.219.13 - - [15/Apr/2026:00:11:12 +0200] "GET / HTTP/1.1" 200 16474 "https://nskokna.ru/" "Mozilla/5.0 (Windows NT 10.0; Win64; x64) AppleWebKit/537.36 (KHTML, like Gecko) Chrome/130.0.0.0 Safari/537.36"
95.216.2.94 - - [15/Apr/2026:00:12:57 +0200] "POST /wp-cron.php?doing_wp_cron=1776204777.4933869838714599609375 HTTP/1.1" 500 199 "-" "WordPress/6.4.8; https://notes.rudomilov.ru"
37.59.21.100 - - [15/Apr/2026:00:12:56 +0200] "GET /2007/01/03/dolgozhdannyiy-anydata-adu-e100a/feed/ HTTP/1.1" 200 6129 "-" "Mozilla/5.0 (X11; Linux i686) AppleWebKit/537.36 (KHTML, like Gecko) Chrome/30.0.1599.66 Safari/537.36"
95.216.2.94 - - [15/Apr/2026:00:14:33 +0200] "POST /wp-cron.php?doing_wp_cron=1776204873.7007360458374023437500 HTTP/1.1" 500 199 "-" "WordPress/6.4.8; https://notes.rudomilov.ru"
95.216.2.94 - - [15/Apr/2026:00:14:33 +0200] "GET /wp-content/themes/gridfocus/images/default_og_image.jpg HTTP/1.0" 200 278199 "-" "-"
43.133.187.11 - - [15/Apr/2026:00:14:33 +0200] "GET / HTTP/1.1" 200 12967 "-" "Mozilla/5.0 (iPhone; CPU iPhone OS 13_2_3 like Mac OS X) AppleWebKit/605.1.15 (KHTML, like Gecko) Version/13.0.3 Mobile/15E148 Safari/604.1"
95.216.2.94 - - [15/Apr/2026:00:16:25 +0200] "POST /wp-cron.php?doing_wp_cron=1776204985.3780939579010009765625 HTTP/1.1" 500 199 "-" "WordPress/6.4.8; https://notes.rudomilov.ru"
95.216.2.94 - - [15/Apr/2026:00:16:25 +0200] "GET /wp-content/themes/gridfocus/images/default_og_image.jpg HTTP/1.0" 200 278199 "-" "-"
216.244.66.233 - - [15/Apr/2026:00:16:24 +0200] "GET /2007/06/11/seminar-yandeksa-v-irkutske/ HTTP/1.1" 200 34068 "-" "Mozilla/5.0 (compatible; DotBot/1.2; +https://opensiteexplorer.org/dotbot; help@moz.com)"
95.216.2.94 - - [15/Apr/2026:00:16:49 +0200] "GET /wp-content/uploads/2011/10/i2p-500x266.png HTTP/1.0" 200 123885 "-" "-"
95.216.2.94 - - [15/Apr/2026:00:16:49 +0200] "GET /wp-content/uploads/2011/10/rusleaks.png HTTP/1.0" 200 20641 "-" "-"
95.216.2.94 - - [15/Apr/2026:00:16:49 +0200] "GET /wp-content/themes/gridfocus/images/default_og_image.jpg HTTP/1.0" 200 278199 "-" "-"
216.244.66.233 - - [15/Apr/2026:00:16:48 +0200] "GET /2011/10/08/i2p-rusleaks/comment-page-1/ HTTP/1.1" 200 38913 "-" "Mozilla/5.0 (compatible; DotBot/1.2; +https://opensiteexplorer.org/dotbot; help@moz.com)"
95.216.2.94 - - [15/Apr/2026:00:19:53 +0200] "POST /wp-cron.php?doing_wp_cron=1776205193.4056210517883300781250 HTTP/1.1" 500 4080 "-" "WordPress/6.4.8; https://notes.rudomilov.ru"
95.216.2.94 - - [15/Apr/2026:00:19:53 +0200] "GET /wp-content/themes/gridfocus/images/default_og_image.jpg HTTP/1.0" 200 278199 "-" "-"
57.141.20.69 - - [15/Apr/2026:00:19:52 +0200] "GET /tag/ssd/ HTTP/1.1" 200 30650 "-" "meta-externalagent/1.1 (+https://developers.facebook.com/docs/sharing/webmasters/crawler)"
95.216.2.94 - - [15/Apr/2026:00:23:00 +0200] "POST /wp-cron.php?doing_wp_cron=1776205380.1272299289703369140625 HTTP/1.1" 500 4080 "-" "WordPress/6.4.8; https://notes.rudomilov.ru"
95.216.2.94 - - [15/Apr/2026:00:23:00 +0200] "GET /wp-content/uploads/2008/11/silver-bullet.thumbnail.gif HTTP/1.0" 200 40641 "-" "-"
95.216.2.94 - - [15/Apr/2026:00:23:00 +0200] "GET /wp-content/uploads/2008/11/silver-bullet.gif HTTP/1.0" 200 50203 "-" "-"
95.216.2.94 - - [15/Apr/2026:00:23:00 +0200] "GET /wp-content/themes/gridfocus/images/default_og_image.jpg HTTP/1.0" 200 278199 "-" "-"
104.207.35.206 - - [15/Apr/2026:00:22:59 +0200] "GET /2008/11/15/pligg/ HTTP/1.1" 200 14850 "-" "Mozilla/5.0 (compatible; Googlebot/2.1; +http://www.google.com/bot.html)"
95.216.2.94 - - [15/Apr/2026:00:23:31 +0200] "GET /wp-content/themes/gridfocus/images/default_og_image.jpg HTTP/1.0" 200 278199 "-" "-"
194.67.207.94 - - [15/Apr/2026:00:23:30 +0200] "GET / HTTP/1.1" 200 16474 "https://sochi.vet/intensivnaya-terapiya" "Mozilla/5.0 (iPhone; CPU iPhone OS 18_5 like Mac OS X) AppleWebKit/605.1.15 (KHTML, like Gecko) Version/18.5 Mobile/15E148 Safari/604.1 Ddg/18.5"
171.107.131.252 - - [15/Apr/2026:00:26:31 +0200] "POST /wp-comments-post.php HTTP/1.1" 500 4080 "-" "Mozilla/5.0 (Windows NT 10.0; Win64; x64) AppleWebKit/537.36 (KHTML, like Gecko) Chrome/108.0.0.0 Safari/537.36 Edg/108.0.1462.46"
95.216.2.94 - - [15/Apr/2026:00:28:36 +0200] "POST /wp-cron.php?doing_wp_cron=1776205716.9413270950317382812500 HTTP/1.1" 500 4080 "-" "WordPress/6.4.8; https://notes.rudomilov.ru"
95.216.2.94 - - [15/Apr/2026:00:28:36 +0200] "GET /wp-content/uploads/2008/11/torrents.gif HTTP/1.0" 200 16346 "-" "-"
95.216.2.94 - - [15/Apr/2026:00:28:36 +0200] "GET /wp-content/themes/gridfocus/images/default_og_image.jpg HTTP/1.0" 200 278199 "-" "-"
185.121.232.229 - - [15/Apr/2026:00:28:36 +0200] "GET /2008/06/11/torrent-trackers/comment-page-16/ HTTP/1.0" 200 73618 "https://notes.rudomilov.ru/2008/06/11/torrent-trackers/comment-page-16/#comment-869219" "Mozilla/5.0 (Windows NT 10.0; Win64; x64) AppleWebKit/537.36 (KHTML, like Gecko) Chrome/129.0.0.0 Safari/537.36"
185.121.232.229 - - [15/Apr/2026:00:28:37 +0200] "POST /wp-comments-post.php HTTP/1.0" 500 3555 "https://notes.rudomilov.ru/2008/06/11/torrent-trackers/comment-page-16/#comment-869219" "Mozilla/5.0 (Windows NT 10.0; Win64; x64) AppleWebKit/537.36 (KHTML, like Gecko) Chrome/129.0.0.0 Safari/537.36"
95.216.2.94 - - [15/Apr/2026:00:33:48 +0200] "POST /wp-cron.php?doing_wp_cron=1776206028.2521040439605712890625 HTTP/1.1" 500 4080 "-" "WordPress/6.4.8; https://notes.rudomilov.ru"
85.105.77.71 - - [15/Apr/2026:00:33:47 +0200] "GET /wp-json/wp/v2/posts?slug=/2011/02/05/vpn/ HTTP/1.1" 200 3979 "-" "-"
85.105.77.71 - - [15/Apr/2026:00:33:48 +0200] "GET /wp-json/wp/v2/posts?per_page=1 HTTP/1.1" 200 35598 "-" "-"
85.105.77.71 - - [15/Apr/2026:00:33:49 +0200] "POST /wp-comments-post.php HTTP/1.1" 500 474 "-" "-"
95.216.2.94 - - [15/Apr/2026:00:34:05 +0200] "GET /wp-content/themes/gridfocus/images/default_og_image.jpg HTTP/1.0" 200 278199 "-" "-"
185.119.56.86 - - [15/Apr/2026:00:34:05 +0200] "GET / HTTP/1.1" 200 16921 "-" "Mozilla/5.0 (Linux; Android 15; RMX3201) AppleWebKit/537.36 (KHTML, like Gecko) Chrome/146.0.0.0 Mobile Safari/537.36"
185.119.56.86 - - [15/Apr/2026:00:34:05 +0200] "GET /wp-includes/js/jquery/jquery.min.js?ver=3.7.1 HTTP/1.1" 200 30907 "https://notes.rudomilov.ru/" "Mozilla/5.0 (Linux; Android 15; RMX3201) AppleWebKit/537.36 (KHTML, like Gecko) Chrome/146.0.0.0 Mobile Safari/537.36"
185.119.56.86 - - [15/Apr/2026:00:34:05 +0200] "GET /wp-includes/js/jquery/jquery-migrate.min.js?ver=3.4.1 HTTP/1.1" 200 5299 "https://notes.rudomilov.ru/" "Mozilla/5.0 (Linux; Android 15; RMX3201) AppleWebKit/537.36 (KHTML, like Gecko) Chrome/146.0.0.0 Mobile Safari/537.36"
185.119.56.86 - - [15/Apr/2026:00:34:05 +0200] "GET /wp-content/themes/gridfocus/js/functions.js HTTP/1.1" 200 1197 "https://notes.rudomilov.ru/" "Mozilla/5.0 (Linux; Android 15; RMX3201) AppleWebKit/537.36 (KHTML, like Gecko) Chrome/146.0.0.0 Mobile Safari/537.36"
185.119.56.86 - - [15/Apr/2026:00:34:06 +0200] "GET /wp-includes/js/wp-emoji-release.min.js?ver=6.4.8 HTTP/1.1" 200 5466 "https://notes.rudomilov.ru/" "Mozilla/5.0 (Linux; Android 15; RMX3201) AppleWebKit/537.36 (KHTML, like Gecko) Chrome/146.0.0.0 Mobile Safari/537.36"
95.216.2.94 - - [15/Apr/2026:00:35:20 +0200] "POST /wp-cron.php?doing_wp_cron=1776206120.1879520416259765625000 HTTP/1.1" 500 199 "-" "WordPress/6.4.8; https://notes.rudomilov.ru"
95.216.2.94 - - [15/Apr/2026:00:35:20 +0200] "GET /wp-content/themes/gridfocus/images/default_og_image.jpg HTTP/1.0" 200 278199 "-" "-"
109.122.193.43 - - [15/Apr/2026:00:35:19 +0200] "GET /2008/02/03/sape-sdelal-shag-k-legalizatsii/ HTTP/1.1" 200 9989 "-" "Opera/9.80 (Windows NT 6.0; U; MRA 5.8 (build 4133); ru) Presto/2.6.30 Version/10.62"
37.59.21.100 - - [15/Apr/2026:00:35:46 +0200] "GET /2007/01/03/modem-na-cdma/feed/ HTTP/1.1" 200 1345 "-" "Mozilla/5.0 (X11; Linux i686) AppleWebKit/537.36 (KHTML, like Gecko) Chrome/30.0.1599.66 Safari/537.36"
95.216.2.94 - - [15/Apr/2026:00:38:48 +0200] "POST /wp-cron.php?doing_wp_cron=1776206328.6144640445709228515625 HTTP/1.1" 500 4080 "-" "WordPress/6.4.8; https://notes.rudomilov.ru"
95.216.2.94 - - [15/Apr/2026:00:38:48 +0200] "GET /wp-content/themes/gridfocus/images/default_og_image.jpg HTTP/1.0" 200 278199 "-" "-"
43.166.246.180 - - [15/Apr/2026:00:38:48 +0200] "GET /2013/09/18/logstalgia/ HTTP/1.1" 200 13391 "-" "Mozilla/5.0 (iPhone; CPU iPhone OS 13_2_3 like Mac OS X) AppleWebKit/605.1.15 (KHTML, like Gecko) Version/13.0.3 Mobile/15E148 Safari/604.1"
216.244.66.233 - - [15/Apr/2026:00:43:13 +0200] "GET /robots.txt HTTP/1.1" 200 1329 "-" "Mozilla/5.0 (compatible; DotBot/1.2; +https://opensiteexplorer.org/dotbot; help@moz.com)"
95.216.2.94 - - [15/Apr/2026:00:43:51 +0200] "POST /wp-cron.php?doing_wp_cron=1776206631.9565739631652832031250 HTTP/1.1" 500 199 "-" "WordPress/6.4.8; https://notes.rudomilov.ru"
95.216.2.94 - - [15/Apr/2026:00:43:52 +0200] "GET /wp-content/uploads/2008/11/solution_0.png HTTP/1.0" 200 12873 "-" "-"
95.216.2.94 - - [15/Apr/2026:00:43:52 +0200] "GET /wp-content/uploads/2008/11/solution_2.png HTTP/1.0" 200 9951 "-" "-"
95.216.2.94 - - [15/Apr/2026:00:43:52 +0200] "GET /wp-content/uploads/2008/11/solution_3.gif HTTP/1.0" 200 28376 "-" "-"
95.216.2.94 - - [15/Apr/2026:00:43:52 +0200] "GET /wp-content/uploads/2008/11/solution_all.thumbnail.gif HTTP/1.0" 200 30890 "-" "-"
95.216.2.94 - - [15/Apr/2026:00:43:52 +0200] "GET /wp-content/uploads/2008/11/solution_all.gif HTTP/1.0" 200 100419 "-" "-"
95.216.2.94 - - [15/Apr/2026:00:43:52 +0200] "GET /wp-content/uploads/2008/11/solution_all.gif HTTP/1.0" 200 100419 "-" "-"
188.233.15.84 - - [15/Apr/2026:00:43:51 +0200] "GET /2008/11/28/informer-ie/comment-page-7/ HTTP/1.0" 200 84135 "http://notes.rudomilov.ru/2008/11/28/informer-ie/comment-page-7/" "Mozilla/5.0 (Windows NT 6.1; WOW64) AppleWebKit/537.36 (KHTML, like Gecko) Chrome/103.0.0.0 Safari/537.36"
95.216.2.94 - - [15/Apr/2026:00:44:12 +0200] "GET /wp-content/uploads/2008/11/solution_0.png HTTP/1.0" 200 12873 "-" "-"
95.216.2.94 - - [15/Apr/2026:00:44:12 +0200] "GET /wp-content/uploads/2008/11/solution_2.png HTTP/1.0" 200 9951 "-" "-"
95.216.2.94 - - [15/Apr/2026:00:44:12 +0200] "GET /wp-content/uploads/2008/11/solution_3.gif HTTP/1.0" 200 28376 "-" "-"
95.216.2.94 - - [15/Apr/2026:00:44:12 +0200] "GET /wp-content/uploads/2008/11/solution_all.thumbnail.gif HTTP/1.0" 200 30890 "-" "-"
95.216.2.94 - - [15/Apr/2026:00:44:12 +0200] "GET /wp-content/uploads/2008/11/solution_all.gif HTTP/1.0" 200 100419 "-" "-"
95.216.2.94 - - [15/Apr/2026:00:44:12 +0200] "GET /wp-content/uploads/2008/11/solution_all.gif HTTP/1.0" 200 100419 "-" "-"
188.233.15.84 - - [15/Apr/2026:00:44:12 +0200] "GET /2008/11/28/informer-ie/comment-page-7/ HTTP/1.0" 200 88269 "https://notes.rudomilov.ru/2008/11/28/informer-ie/comment-page-7/" "Mozilla/5.0 (Windows NT 6.1; WOW64) AppleWebKit/537.36 (KHTML, like Gecko) Chrome/103.0.0.0 Safari/537.36"
95.216.2.94 - - [15/Apr/2026:00:44:34 +0200] "GET /wp-content/uploads/2008/11/solution_0.png HTTP/1.0" 200 12873 "-" "-"
95.216.2.94 - - [15/Apr/2026:00:44:34 +0200] "GET /wp-content/uploads/2008/11/solution_2.png HTTP/1.0" 200 9951 "-" "-"
95.216.2.94 - - [15/Apr/2026:00:44:34 +0200] "GET /wp-content/uploads/2008/11/solution_3.gif HTTP/1.0" 200 28376 "-" "-"
95.216.2.94 - - [15/Apr/2026:00:44:34 +0200] "GET /wp-content/uploads/2008/11/solution_all.thumbnail.gif HTTP/1.0" 200 30890 "-" "-"
95.216.2.94 - - [15/Apr/2026:00:44:34 +0200] "GET /wp-content/uploads/2008/11/solution_all.gif HTTP/1.0" 200 100419 "-" "-"
95.216.2.94 - - [15/Apr/2026:00:44:34 +0200] "GET /wp-content/uploads/2008/11/solution_all.gif HTTP/1.0" 200 100419 "-" "-"
188.233.15.84 - - [15/Apr/2026:00:44:33 +0200] "GET /2008/11/28/informer-ie/comment-page-7/ HTTP/1.0" 200 88268 "https://notes.rudomilov.ru/2008/11/28/informer-ie/comment-page-7/" "Mozilla/5.0 (Windows NT 6.1; WOW64) AppleWebKit/537.36 (KHTML, like Gecko) Chrome/103.0.0.0 Safari/537.36"
95.216.2.94 - - [15/Apr/2026:00:44:48 +0200] "GET /wp-content/themes/gridfocus/images/default_og_image.jpg HTTP/1.0" 200 278199 "-" "-"
123.17.185.116 - - [15/Apr/2026:00:44:48 +0200] "GET http://notes.rudomilov.ru/2007/06/06/nicru-besplatno-razdaet-bazyi-geoip/ HTTP/1.1" 404 24506 "-" "Mozilla/5.0 (Windows NT 6.1; WOW64) AppleWebKit/537.36 (KHTML, like Gecko) Chrome/89.0.4389.114 Safari/537.36"
178.170.193.40 - - [15/Apr/2026:00:45:02 +0200] "GET /wp-content/uploads/2008/06/fileban.gif HTTP/1.1" 200 10713 "-" "Python/3.11 aiohttp/3.13.5"
37.230.196.116 - - [15/Apr/2026:00:45:02 +0200] "GET /wp-content/uploads/2008/06/sharp.png HTTP/1.1" 200 52007 "-" "Python/3.11 aiohttp/3.13.5"
94.139.252.171 - - [15/Apr/2026:00:45:02 +0200] "GET /wp-content/uploads/2008/06/260px-megafon_logo_3d.jpg HTTP/1.1" 200 8638 "-" "Python/3.11 aiohttp/3.13.5"
178.170.242.101 - - [15/Apr/2026:00:45:02 +0200] "GET /wp-content/uploads/2008/11/torrents.gif HTTP/1.1" 200 16843 "-" "Python/3.11 aiohttp/3.13.5"
94.139.252.171 - - [15/Apr/2026:00:45:02 +0200] "GET /wp-content/uploads/2008/06/typography-layout-2008-small.gif HTTP/1.1" 200 7033 "-" "Python/3.11 aiohttp/3.13.5"
37.230.196.116 - - [15/Apr/2026:00:45:02 +0200] "GET /wp-content/uploads/2008/06/m1.thumbnail.jpg HTTP/1.1" 200 26252 "-" "Python/3.11 aiohttp/3.13.5"
94.139.252.171 - - [15/Apr/2026:00:45:02 +0200] "GET /wp-content/uploads/2008/06/507692660_1bba1333ae.jpg HTTP/1.1" 200 29837 "-" "Python/3.11 aiohttp/3.13.5"
95.216.2.94 - - [15/Apr/2026:00:50:15 +0200] "POST /wp-cron.php?doing_wp_cron=1776207015.8487250804901123046875 HTTP/1.1" 500 4080 "-" "WordPress/6.4.8; https://notes.rudomilov.ru"
57.141.20.31 - - [15/Apr/2026:00:50:15 +0200] "GET /sitemap-pt-post-p1-2011-10.html HTTP/1.1" 200 6717 "-" "meta-externalagent/1.1 (+https://developers.facebook.com/docs/sharing/webmasters/crawler)"
95.216.2.94 - - [15/Apr/2026:00:55:00 +0200] "POST /wp-cron.php?doing_wp_cron=1776207300.7923419475555419921875 HTTP/1.1" 500 4080 "-" "WordPress/6.4.8; https://notes.rudomilov.ru"
95.216.2.94 - - [15/Apr/2026:00:57:02 +0200] "GET /wp-content/themes/gridfocus/images/default_og_image.jpg HTTP/1.0" 200 278199 "-" "-"
104.42.45.4 - - [15/Apr/2026:00:55:00 +0200] "GET /2007/11/16/nicru-nachal-priem-zayavok-na-registratsiyu-deshevyih-domenov-su/ HTTP/1.1" 200 14297 "-" "Mozilla/5.0 (Windows NT 10.0; Win64; x64; rv:120.0) Gecko/20100101 Firefox/120.0"
95.216.2.94 - - [15/Apr/2026:00:58:06 +0200] "POST /wp-cron.php?doing_wp_cron=1776207486.1330220699310302734375 HTTP/1.1" 500 4080 "-" "WordPress/6.4.8; https://notes.rudomilov.ru"
95.216.2.94 - - [15/Apr/2026:00:58:06 +0200] "GET /wp-content/themes/gridfocus/images/default_og_image.jpg HTTP/1.0" 200 278199 "-" "-"
43.166.1.243 - - [15/Apr/2026:00:58:05 +0200] "GET /tag/cinema/ HTTP/1.1" 200 17619 "-" "Mozilla/5.0 (iPhone; CPU iPhone OS 13_2_3 like Mac OS X) AppleWebKit/605.1.15 (KHTML, like Gecko) Version/13.0.3 Mobile/15E148 Safari/604.1"
95.216.2.94 - - [15/Apr/2026:00:58:17 +0200] "GET /wp-content/uploads/2011/03/freerapid_main-500x316.jpg HTTP/1.0" 200 49024 "-" "-"
95.216.2.94 - - [15/Apr/2026:00:58:17 +0200] "GET /wp-content/uploads/2011/03/freerapid_main.jpg HTTP/1.0" 200 124378 "-" "-"
95.216.2.94 - - [15/Apr/2026:00:58:17 +0200] "GET /wp-content/uploads/2011/03/freerapid_main.jpg HTTP/1.0" 200 124378 "-" "-"
185.231.155.169 - - [15/Apr/2026:00:58:17 +0200] "GET /2011/03/28/freerapid/comment-page-1/ HTTP/1.0" 200 45042 "https://notes.rudomilov.ru/2011/03/28/freerapid/comment-page-1/#comment-844116" "Mozilla/5.0 (Windows NT 10.0; Win64; x64) AppleWebKit/537.36 (KHTML, like Gecko) Chrome/131.0.0.0 Safari/537.36"
185.231.155.169 - - [15/Apr/2026:00:58:18 +0200] "POST /wp-comments-post.php HTTP/1.0" 500 3555 "https://notes.rudomilov.ru/2011/03/28/freerapid/comment-page-1/#comment-844116" "Mozilla/5.0 (Windows NT 10.0; Win64; x64) AppleWebKit/537.36 (KHTML, like Gecko) Chrome/131.0.0.0 Safari/537.36"
95.216.2.94 - - [15/Apr/2026:00:58:25 +0200] "GET /wp-content/uploads/2007/12/svc_error1.jpg HTTP/1.0" 200 46154 "-" "-"
95.216.2.94 - - [15/Apr/2026:00:58:25 +0200] "GET /wp-content/uploads/2007/12/svc_kis_1.gif HTTP/1.0" 200 20911 "-" "-"
95.216.2.94 - - [15/Apr/2026:00:58:25 +0200] "GET /wp-content/uploads/2007/12/svc_kis_2.gif HTTP/1.0" 200 19724 "-" "-"
95.216.2.94 - - [15/Apr/2026:00:58:25 +0200] "GET /wp-content/uploads/2007/12/svc_kis_3.gif HTTP/1.0" 200 13835 "-" "-"
95.216.2.94 - - [15/Apr/2026:00:58:25 +0200] "GET /wp-content/uploads/2007/12/svc_utorrent.gif HTTP/1.0" 200 18718 "-" "-"
95.216.2.94 - - [15/Apr/2026:00:58:25 +0200] "GET /wp-content/uploads/2007/12/svc_utorrent.gif HTTP/1.0" 200 18718 "-" "-"
40.77.167.46 - - [15/Apr/2026:00:58:25 +0200] "GET /2007/12/07/problemyi-s-generic-host-process/comment-page-5/ HTTP/1.1" 200 21216 "-" "Mozilla/5.0 AppleWebKit/537.36 (KHTML, like Gecko; compatible; bingbot/2.0; +http://www.bing.com/bingbot.htm) Chrome/116.0.1938.76 Safari/537.36"
95.216.2.94 - - [15/Apr/2026:00:59:58 +0200] "POST /wp-cron.php?doing_wp_cron=1776207598.0879580974578857421875 HTTP/1.1" 500 4080 "-" "WordPress/6.4.8; https://notes.rudomilov.ru"
104.28.154.247 - - [15/Apr/2026:00:59:57 +0200] "GET /?p=650 HTTP/1.1" 301 4244 "-" "Mozilla/5.0 (Linux; Android 13; 2201122G Build/TKQ1.220829.002) AppleWebKit/537.36 (KHTML, like Gecko) Chrome/124.0.6367.179 Mobile Safari/537.36"
95.216.2.94 - - [15/Apr/2026:00:59:59 +0200] "GET /wp-content/uploads/2011/02/soldiers.jpg HTTP/1.0" 200 38696 "-" "-"
95.216.2.94 - - [15/Apr/2026:00:59:59 +0200] "GET /wp-content/uploads/2011/02/strongvpn2-500x335.jpg HTTP/1.0" 200 70193 "-" "-"
104.28.154.247 - - [15/Apr/2026:00:59:58 +0200] "GET /2011/02/05/vpn/ HTTP/1.1" 200 16733 "-" "Mozilla/5.0 (Linux; Android 13; 2201122G Build/TKQ1.220829.002) AppleWebKit/537.36 (KHTML, like Gecko) Chrome/124.0.6367.179 Mobile Safari/537.36"
95.216.2.94 - - [15/Apr/2026:01:02:07 +0200] "POST /wp-cron.php?doing_wp_cron=1776207727.4646410942077636718750 HTTP/1.1" 500 199 "-" "WordPress/6.4.8; https://notes.rudomilov.ru"
95.216.2.94 - - [15/Apr/2026:01:02:07 +0200] "GET /wp-content/themes/gridfocus/images/default_og_image.jpg HTTP/1.0" 200 278199 "-" "-"
216.244.66.233 - - [15/Apr/2026:01:02:06 +0200] "GET /2008/07/16/otmena-primary-email-na-icq/ HTTP/1.1" 200 37198 "-" "Mozilla/5.0 (compatible; DotBot/1.2; +https://opensiteexplorer.org/dotbot; help@moz.com)"
95.216.2.94 - - [15/Apr/2026:01:02:27 +0200] "GET /wp-content/themes/gridfocus/images/default_og_image.jpg HTTP/1.0" 200 278199 "-" "-"
66.249.66.1 - - [15/Apr/2026:01:02:26 +0200] "GET /2007/10/30/invaytyi-na-yandeksvebmaster-moi-saytyi/comment-page-4/?replytocom=12978 HTTP/1.1" 200 13624 "-" "Mozilla/5.0 (Linux; Android 6.0.1; Nexus 5X Build/MMB29P) AppleWebKit/537.36 (KHTML, like Gecko) Chrome/146.0.7680.177 Mobile Safari/537.36 (compatible; Googlebot/2.1; +http://www.google.com/bot.html)"
95.216.2.94 - - [15/Apr/2026:01:03:22 +0200] "POST /wp-cron.php?doing_wp_cron=1776207802.5069620609283447265625 HTTP/1.1" 500 199 "-" "WordPress/6.4.8; https://notes.rudomilov.ru"
37.59.21.100 - - [15/Apr/2026:01:03:21 +0200] "GET /2006/10/22/domennaya-zona-antarktidyi/feed/ HTTP/1.1" 200 2568 "-" "Mozilla/5.0 (X11; Linux i686) AppleWebKit/537.36 (KHTML, like Gecko) Chrome/30.0.1599.66 Safari/537.36"
37.59.21.100 - - [15/Apr/2026:01:03:39 +0200] "GET /2006/12/25/sots-seti/feed/ HTTP/1.1" 200 2162 "-" "Mozilla/5.0 (X11; Linux i686) AppleWebKit/537.36 (KHTML, like Gecko) Chrome/30.0.1599.66 Safari/537.36"
95.216.2.94 - - [15/Apr/2026:01:06:43 +0200] "POST /wp-cron.php?doing_wp_cron=1776208003.2009260654449462890625 HTTP/1.1" 500 4080 "-" "WordPress/6.4.8; https://notes.rudomilov.ru"
95.216.2.94 - - [15/Apr/2026:01:06:43 +0200] "GET /wp-content/uploads/2008/11/silver-bullet.thumbnail.gif HTTP/1.0" 200 40641 "-" "-"
95.216.2.94 - - [15/Apr/2026:01:06:43 +0200] "GET /wp-content/uploads/2008/11/silver-bullet.gif HTTP/1.0" 200 50203 "-" "-"
95.216.2.94 - - [15/Apr/2026:01:06:43 +0200] "GET /wp-content/themes/gridfocus/images/default_og_image.jpg HTTP/1.0" 200 278199 "-" "-"
65.111.9.169 - - [15/Apr/2026:01:06:42 +0200] "GET /2008/11/15/pligg/ HTTP/1.1" 200 14850 "-" "Mozilla/5.0 (compatible; Googlebot/2.1; +http://www.google.com/bot.html)"
37.59.21.100 - - [15/Apr/2026:01:06:53 +0200] "GET /category/study/feed/ HTTP/1.1" 200 908 "-" "Mozilla/5.0 (X11; Linux i686) AppleWebKit/537.36 (KHTML, like Gecko) Chrome/30.0.1599.66 Safari/537.36"
95.216.2.94 - - [15/Apr/2026:01:07:22 +0200] "GET /wp-content/uploads/2008/11/solution_0.png HTTP/1.0" 200 12873 "-" "-"
95.216.2.94 - - [15/Apr/2026:01:07:22 +0200] "GET /wp-content/uploads/2008/11/solution_2.png HTTP/1.0" 200 9951 "-" "-"
95.216.2.94 - - [15/Apr/2026:01:07:22 +0200] "GET /wp-content/uploads/2008/11/solution_3.gif HTTP/1.0" 200 28376 "-" "-"
95.216.2.94 - - [15/Apr/2026:01:07:22 +0200] "GET /wp-content/uploads/2008/11/solution_all.thumbnail.gif HTTP/1.0" 200 30890 "-" "-"
95.216.2.94 - - [15/Apr/2026:01:07:22 +0200] "GET /wp-content/uploads/2008/11/solution_all.gif HTTP/1.0" 200 100419 "-" "-"
95.216.2.94 - - [15/Apr/2026:01:07:22 +0200] "GET /wp-content/uploads/2008/11/solution_all.gif HTTP/1.0" 200 100419 "-" "-"
146.103.99.150 - - [15/Apr/2026:01:07:21 +0200] "GET /2008/11/28/informer-ie/comment-page-7/ HTTP/1.0" 200 88298 "https://notes.rudomilov.ru/2008/11/28/informer-ie/comment-page-7/#comment-861368/" "Mozilla/5.0 (Windows NT 10.0; Win64; x64) AppleWebKit/537.36 (KHTML, like Gecko) Chrome/129.0.0.0 Safari/537.36"
146.103.99.150 - - [15/Apr/2026:01:07:22 +0200] "POST /wp-comments-post.php HTTP/1.0" 500 3555 "https://notes.rudomilov.ru/2008/11/28/informer-ie/comment-page-7/#comment-861368/" "Mozilla/5.0 (Windows NT 10.0; Win64; x64) AppleWebKit/537.36 (KHTML, like Gecko) Chrome/129.0.0.0 Safari/537.36"
95.216.2.94 - - [15/Apr/2026:01:08:26 +0200] "POST /wp-cron.php?doing_wp_cron=1776208106.9470000267028808593750 HTTP/1.1" 500 4080 "-" "WordPress/6.4.8; https://notes.rudomilov.ru"
95.216.2.94 - - [15/Apr/2026:01:08:26 +0200] "GET /wp-content/themes/gridfocus/images/default_og_image.jpg HTTP/1.0" 200 278199 "-" "-"
43.159.139.164 - - [15/Apr/2026:01:08:26 +0200] "GET /2013/09/28/check-spf-and-dkim/ HTTP/1.1" 200 17942 "-" "Mozilla/5.0 (iPhone; CPU iPhone OS 13_2_3 like Mac OS X) AppleWebKit/605.1.15 (KHTML, like Gecko) Version/13.0.3 Mobile/15E148 Safari/604.1"
95.216.2.94 - - [15/Apr/2026:01:11:43 +0200] "POST /wp-cron.php?doing_wp_cron=1776208303.6892859935760498046875 HTTP/1.1" 500 199 "-" "WordPress/6.4.8; https://notes.rudomilov.ru"
37.59.21.100 - - [15/Apr/2026:01:11:43 +0200] "GET /2008/02/23/plagin-wp-noindex-dlya-wordpress/feed/ HTTP/1.1" 200 1984 "-" "Mozilla/5.0 (X11; Linux i686) AppleWebKit/537.36 (KHTML, like Gecko) Chrome/30.0.1599.66 Safari/537.36"
66.249.66.1 - - [15/Apr/2026:01:13:18 +0200] "GET /robots.txt HTTP/1.1" 200 4439 "-" "Mozilla/5.0 (compatible; Googlebot/2.1; +http://www.google.com/bot.html)"
95.216.2.94 - - [15/Apr/2026:01:17:44 +0200] "POST /wp-cron.php?doing_wp_cron=1776208664.4980950355529785156250 HTTP/1.1" 500 4080 "-" "WordPress/6.4.8; https://notes.rudomilov.ru"
95.216.2.94 - - [15/Apr/2026:01:17:44 +0200] "GET /wp-content/themes/gridfocus/images/default_og_image.jpg HTTP/1.0" 200 278199 "-" "-"
43.159.149.56 - - [15/Apr/2026:01:17:43 +0200] "GET /tag/1s/ HTTP/1.1" 200 13316 "-" "Mozilla/5.0 (iPhone; CPU iPhone OS 13_2_3 like Mac OS X) AppleWebKit/605.1.15 (KHTML, like Gecko) Version/13.0.3 Mobile/15E148 Safari/604.1"
23.239.96.90 - - [15/Apr/2026:01:18:09 +0200] "GET /feed/ HTTP/1.1" 307 325 "-" "Mozilla/5.0 (Macintosh; Intel Mac OS X 10_15_7) AppleWebKit/537.36 (KHTML, like Gecko) Chrome/113.0.0.0 Safari/537.36"
85.208.96.197 - - [15/Apr/2026:01:18:29 +0200] "GET /robots.txt HTTP/1.1" 200 4402 "-" "Mozilla/5.0 (compatible; SemrushBot/7~bl; +http://www.semrush.com/bot.html)"
95.216.2.94 - - [15/Apr/2026:01:18:31 +0200] "GET /wp-content/uploads/2008/03/21fada9505685abad610db71ea3af3a7_full.jpg HTTP/1.0" 200 97653 "-" "-"
95.216.2.94 - - [15/Apr/2026:01:18:31 +0200] "GET /wp-content/uploads/2008/03/8d29a8f9ad91de7fa0bd154c4cc39086_full.jpg HTTP/1.0" 200 138754 "-" "-"
95.216.2.94 - - [15/Apr/2026:01:18:31 +0200] "GET /wp-content/uploads/2008/03/8d456267ba5309318328a3e812b0888e_full.jpg HTTP/1.0" 200 186537 "-" "-"
95.216.2.94 - - [15/Apr/2026:01:18:31 +0200] "GET /wp-content/uploads/2008/03/8fc4ecc4adf2444691242253a6a39224_full.jpg HTTP/1.0" 200 166735 "-" "-"
95.216.2.94 - - [15/Apr/2026:01:18:31 +0200] "GET /wp-content/uploads/2008/03/9fbdf788f7a09e7e3b46c3974bbc7132_full.jpg HTTP/1.0" 200 100562 "-" "-"
95.216.2.94 - - [15/Apr/2026:01:18:31 +0200] "GET /wp-content/uploads/2008/03/23ab1427541b9fb1865c6a00c8b3ea6e_full.jpg HTTP/1.0" 200 137959 "-" "-"
95.216.2.94 - - [15/Apr/2026:01:18:31 +0200] "GET /wp-content/uploads/2008/03/52cbd57f70b795027ca4f5fb95cb1ef8_full.jpg HTTP/1.0" 200 154993 "-" "-"
95.216.2.94 - - [15/Apr/2026:01:18:31 +0200] "GET /wp-content/uploads/2008/03/53af7ab4e8592845440881fde7160e05_full.jpg HTTP/1.0" 200 125691 "-" "-"
95.216.2.94 - - [15/Apr/2026:01:18:31 +0200] "GET /wp-content/uploads/2008/03/85edc8f4e859cd0a7343caa4bf43976e_full.jpg HTTP/1.0" 200 113752 "-" "-"
95.216.2.94 - - [15/Apr/2026:01:18:31 +0200] "GET /wp-content/uploads/2008/03/99b80f77054ff62e554222e6364fbcf9_full.jpg HTTP/1.0" 200 84940 "-" "-"
95.216.2.94 - - [15/Apr/2026:01:18:31 +0200] "GET /wp-content/uploads/2008/03/243b37b90ab23a6e5139082735b770f0_full.jpg HTTP/1.0" 200 136957 "-" "-"
95.216.2.94 - - [15/Apr/2026:01:18:31 +0200] "GET /wp-content/uploads/2008/03/593e97599a770ade2f3d75220fd35f71_full.jpg HTTP/1.0" 200 77929 "-" "-"
95.216.2.94 - - [15/Apr/2026:01:18:31 +0200] "GET /wp-content/uploads/2008/03/679dfa5b08d99acb5f47366eadeeab83_full.jpg HTTP/1.0" 200 128357 "-" "-"
95.216.2.94 - - [15/Apr/2026:01:18:31 +0200] "GET /wp-content/uploads/2008/03/739f1772012be27aeca4c702eba0b54f_full.jpg HTTP/1.0" 200 138235 "-" "-"
95.216.2.94 - - [15/Apr/2026:01:18:31 +0200] "GET /wp-content/uploads/2008/03/4312eef7e7a8c1b49ef8a0004cd0830a_full.jpg HTTP/1.0" 200 137663 "-" "-"
95.216.2.94 - - [15/Apr/2026:01:18:31 +0200] "GET /wp-content/uploads/2008/03/610678cd2f236bf72726b2e55fb21446_full.jpg HTTP/1.0" 200 131239 "-" "-"
95.216.2.94 - - [15/Apr/2026:01:18:31 +0200] "GET /wp-content/uploads/2008/03/35295590c89ce20fa56021c617621c0f_full.jpg HTTP/1.0" 200 130875 "-" "-"
95.216.2.94 - - [15/Apr/2026:01:18:31 +0200] "GET /wp-content/uploads/2008/03/a2c9c18386a5f601b3c9f3e1a830fe0a_full.jpg HTTP/1.0" 200 65074 "-" "-"
95.216.2.94 - - [15/Apr/2026:01:18:31 +0200] "GET /wp-content/uploads/2008/03/ba334c82d85bebe6262c9adefdf4450c_full.jpg HTTP/1.0" 200 164059 "-" "-"
95.216.2.94 - - [15/Apr/2026:01:18:31 +0200] "GET /wp-content/uploads/2008/03/d7adc27d8b125301bf26205794c2bd24_full.jpg HTTP/1.0" 200 118888 "-" "-"
95.216.2.94 - - [15/Apr/2026:01:18:31 +0200] "GET /wp-content/uploads/2008/03/d7cb133a0c715b74cace4631d6b02174_full.jpg HTTP/1.0" 200 181134 "-" "-"
95.216.2.94 - - [15/Apr/2026:01:18:31 +0200] "GET /wp-content/uploads/2008/03/d24c07903697a14969ad6c5c8896f470_full.jpg HTTP/1.0" 200 127962 "-" "-"
95.216.2.94 - - [15/Apr/2026:01:18:31 +0200] "GET /wp-content/uploads/2008/03/d41d8cd98f00b204e9800998ecf8427e_full.jpg HTTP/1.0" 200 119626 "-" "-"
95.216.2.94 - - [15/Apr/2026:01:18:31 +0200] "GET /wp-content/uploads/2008/03/e7c36821f5a11a14b6b6814612a9db5a_full.jpg HTTP/1.0" 200 82872 "-" "-"
95.216.2.94 - - [15/Apr/2026:01:18:31 +0200] "GET /wp-content/uploads/2008/03/efda536adbd767ca6b0d667602e8fa4d_full.jpg HTTP/1.0" 200 102118 "-" "-"
95.216.2.94 - - [15/Apr/2026:01:18:31 +0200] "GET /wp-content/uploads/2008/03/fbe02b1e47815aef722771a964c2ed46_full.jpg HTTP/1.0" 200 63485 "-" "-"
95.216.2.94 - - [15/Apr/2026:01:18:31 +0200] "GET /wp-content/themes/gridfocus/images/default_og_image.jpg HTTP/1.0" 200 278199 "-" "-"
85.208.96.210 - - [15/Apr/2026:01:18:30 +0200] "GET /2008/03/29/fantasticheskaya-sks/ HTTP/1.1" 200 14464 "-" "Mozilla/5.0 (compatible; SemrushBot/7~bl; +http://www.semrush.com/bot.html)"
95.216.2.94 - - [15/Apr/2026:01:18:58 +0200] "POST /wp-cron.php?doing_wp_cron=1776208738.4504809379577636718750 HTTP/1.1" 500 199 "-" "WordPress/6.4.8; https://notes.rudomilov.ru"
95.216.2.94 - - [15/Apr/2026:01:18:58 +0200] "GET /wp-content/themes/gridfocus/images/default_og_image.jpg HTTP/1.0" 200 278199 "-" "-"
148.135.151.149 - - [15/Apr/2026:01:18:57 +0200] "GET / HTTP/1.1" 200 12967 "-" "python-httpx/0.28.1"
95.216.2.94 - - [15/Apr/2026:01:22:34 +0200] "POST /wp-cron.php?doing_wp_cron=1776208954.9359729290008544921875 HTTP/1.1" 500 199 "-" "WordPress/6.4.8; https://notes.rudomilov.ru"
95.216.2.94 - - [15/Apr/2026:01:22:34 +0200] "GET /wp-content/uploads/2007/01/svn5min_1.gif HTTP/1.0" 200 9685 "-" "-"
95.216.2.94 - - [15/Apr/2026:01:22:34 +0200] "GET /wp-content/uploads/2007/01/svn5min_2.gif HTTP/1.0" 200 9592 "-" "-"
95.216.2.94 - - [15/Apr/2026:01:22:34 +0200] "GET /wp-content/uploads/2007/01/svn5min_3.gif HTTP/1.0" 200 13887 "-" "-"
95.216.2.94 - - [15/Apr/2026:01:22:35 +0200] "GET /wp-content/uploads/2007/01/svn5min_3.gif HTTP/1.0" 200 13887 "-" "-"
109.122.192.247 - - [15/Apr/2026:01:22:34 +0200] "GET /2007/01/30/stavim-subversion-za-5-minut/ HTTP/1.1" 200 12182 "-" "Mozilla/5.0 (Macintosh; Intel Mac OS X 10_8_2) AppleWebKit/537.31 (KHTML, like Gecko) Chrome/26.0.1410.43 Safari/537.31"
95.216.2.94 - - [15/Apr/2026:01:23:51 +0200] "POST /wp-cron.php?doing_wp_cron=1776209031.6475820541381835937500 HTTP/1.1" 500 4080 "-" "WordPress/6.4.8; https://notes.rudomilov.ru"
95.216.2.94 - - [15/Apr/2026:01:23:52 +0200] "GET /wp-content/uploads/2007/05/pic7.jpg HTTP/1.0" 200 55439 "-" "-"
95.216.2.94 - - [15/Apr/2026:01:23:52 +0200] "GET /wp-content/uploads/2007/05/3071b.jpg HTTP/1.0" 200 44651 "-" "-"
95.216.2.94 - - [15/Apr/2026:01:23:52 +0200] "GET /wp-content/themes/gridfocus/images/default_og_image.jpg HTTP/1.0" 200 278199 "-" "-"
140.99.206.46 - - [15/Apr/2026:01:23:51 +0200] "GET /2007/05/10/acer-n311-s-chego-nachat/ HTTP/1.1" 200 23042 "-" "python-httpx/0.28.1"
95.216.2.94 - - [15/Apr/2026:01:24:15 +0200] "GET /wp-content/uploads/2007/05/pic7.jpg HTTP/1.0" 200 55439 "-" "-"
95.216.2.94 - - [15/Apr/2026:01:24:15 +0200] "GET /wp-content/uploads/2007/05/3071b.jpg HTTP/1.0" 200 44651 "-" "-"
95.216.2.94 - - [15/Apr/2026:01:24:15 +0200] "GET /wp-content/themes/gridfocus/images/default_og_image.jpg HTTP/1.0" 200 278199 "-" "-"
23.27.210.24 - - [15/Apr/2026:01:24:15 +0200] "GET /2007/05/10/acer-n311-s-chego-nachat/ HTTP/1.1" 200 19073 "-" "python-httpx/0.28.1"
95.216.2.94 - - [15/Apr/2026:01:27:16 +0200] "POST /wp-cron.php?doing_wp_cron=1776209236.1503460407257080078125 HTTP/1.1" 500 199 "-" "WordPress/6.4.8; https://notes.rudomilov.ru"
37.59.21.100 - - [15/Apr/2026:01:27:15 +0200] "GET /2008/01/11/ochelovechivanie-servisov/feed/ HTTP/1.1" 200 1614 "-" "Mozilla/5.0 (X11; Linux i686) AppleWebKit/537.36 (KHTML, like Gecko) Chrome/30.0.1599.66 Safari/537.36"
95.216.2.94 - - [15/Apr/2026:01:28:42 +0200] "POST /wp-cron.php?doing_wp_cron=1776209322.2760388851165771484375 HTTP/1.1" 500 4080 "-" "WordPress/6.4.8; https://notes.rudomilov.ru"
95.216.2.94 - - [15/Apr/2026:01:28:42 +0200] "GET /wp-content/themes/gridfocus/images/default_og_image.jpg HTTP/1.0" 200 278199 "-" "-"
47.128.59.170 - - [15/Apr/2026:01:28:41 +0200] "GET / HTTP/1.1" 200 16921 "-" "Mozilla/5.0 (Linux; Android 5.0) AppleWebKit/537.36 (KHTML, like Gecko) Mobile Safari/537.36 (compatible; Bytespider; spider-feedback@bytedance.com)"
95.216.2.94 - - [15/Apr/2026:01:29:29 +0200] "GET /wp-content/themes/gridfocus/images/default_og_image.jpg HTTP/1.0" 200 278199 "-" "-"
43.166.128.86 - - [15/Apr/2026:01:29:28 +0200] "GET /2013/09/18/logstalgia/ HTTP/1.1" 200 13392 "-" "Mozilla/5.0 (iPhone; CPU iPhone OS 13_2_3 like Mac OS X) AppleWebKit/605.1.15 (KHTML, like Gecko) Version/13.0.3 Mobile/15E148 Safari/604.1"
95.216.2.94 - - [15/Apr/2026:01:31:15 +0200] "POST /wp-cron.php?doing_wp_cron=1776209475.2858231067657470703125 HTTP/1.1" 500 4080 "-" "WordPress/6.4.8; https://notes.rudomilov.ru"
95.216.2.94 - - [15/Apr/2026:01:31:15 +0200] "GET /wp-content/uploads/2008/11/silver-bullet.thumbnail.gif HTTP/1.0" 200 40641 "-" "-"
95.216.2.94 - - [15/Apr/2026:01:31:15 +0200] "GET /wp-content/uploads/2008/11/silver-bullet.gif HTTP/1.0" 200 50203 "-" "-"
95.216.2.94 - - [15/Apr/2026:01:31:15 +0200] "GET /wp-content/themes/gridfocus/images/default_og_image.jpg HTTP/1.0" 200 278199 "-" "-"
216.26.226.67 - - [15/Apr/2026:01:31:14 +0200] "GET /2008/11/15/pligg/ HTTP/1.1" 200 14849 "-" "Mozilla/5.0 (compatible; Googlebot/2.1; +http://www.google.com/bot.html)"
37.59.21.100 - - [15/Apr/2026:01:31:37 +0200] "GET /2008/11/16/blogun/feed/ HTTP/1.1" 200 1594 "-" "Mozilla/5.0 (X11; Linux i686) AppleWebKit/537.36 (KHTML, like Gecko) Chrome/30.0.1599.66 Safari/537.36"
95.216.2.94 - - [15/Apr/2026:01:35:20 +0200] "POST /wp-cron.php?doing_wp_cron=1776209720.7424340248107910156250 HTTP/1.1" 500 4080 "-" "WordPress/6.4.8; https://notes.rudomilov.ru"
104.28.154.247 - - [15/Apr/2026:01:35:20 +0200] "GET /?p=209 HTTP/1.1" 301 4273 "-" "Mozilla/5.0 (Linux; Android 9; LG-H932) AppleWebKit/537.36 (KHTML, like Gecko) Chrome/122.0.6261.111 Mobile Safari/537.36 EdgA/122.0.2365.73"
95.216.2.94 - - [15/Apr/2026:01:35:21 +0200] "GET /wp-content/uploads/2007/12/svc_error1.jpg HTTP/1.0" 200 46154 "-" "-"
95.216.2.94 - - [15/Apr/2026:01:35:21 +0200] "GET /wp-content/uploads/2007/12/svc_kis_1.gif HTTP/1.0" 200 20911 "-" "-"
95.216.2.94 - - [15/Apr/2026:01:35:21 +0200] "GET /wp-content/uploads/2007/12/svc_kis_2.gif HTTP/1.0" 200 19724 "-" "-"
95.216.2.94 - - [15/Apr/2026:01:35:21 +0200] "GET /wp-content/uploads/2007/12/svc_kis_3.gif HTTP/1.0" 200 13835 "-" "-"
95.216.2.94 - - [15/Apr/2026:01:35:22 +0200] "GET /wp-content/uploads/2007/12/svc_utorrent.gif HTTP/1.0" 200 18718 "-" "-"
95.216.2.94 - - [15/Apr/2026:01:35:22 +0200] "GET /wp-content/uploads/2007/12/svc_utorrent.gif HTTP/1.0" 200 18718 "-" "-"
104.28.154.247 - - [15/Apr/2026:01:35:21 +0200] "GET /2007/12/07/problemyi-s-generic-host-process/ HTTP/1.1" 200 19150 "-" "Mozilla/5.0 (Linux; Android 9; LG-H932) AppleWebKit/537.36 (KHTML, like Gecko) Chrome/122.0.6261.111 Mobile Safari/537.36 EdgA/122.0.2365.73"
95.216.2.94 - - [15/Apr/2026:01:37:10 +0200] "POST /wp-cron.php?doing_wp_cron=1776209830.7808361053466796875000 HTTP/1.1" 500 4080 "-" "WordPress/6.4.8; https://notes.rudomilov.ru"
95.216.2.94 - - [15/Apr/2026:01:37:10 +0200] "GET /wp-content/uploads/2008/07/flashvideo.png HTTP/1.0" 200 12013 "-" "-"
95.216.2.94 - - [15/Apr/2026:01:37:10 +0200] "GET /wp-content/themes/gridfocus/images/default_og_image.jpg HTTP/1.0" 200 278199 "-" "-"
92.112.175.100 - - [15/Apr/2026:01:37:10 +0200] "GET /2008/07/27/flv-player-converter-avi/ HTTP/1.1" 200 19680 "-" "python-httpx/0.28.1"
95.216.2.94 - - [15/Apr/2026:01:38:26 +0200] "POST /wp-cron.php?doing_wp_cron=1776209906.6417279243469238281250 HTTP/1.1" 500 4080 "-" "WordPress/6.4.8; https://notes.rudomilov.ru"
95.216.2.94 - - [15/Apr/2026:01:38:26 +0200] "GET /wp-content/themes/gridfocus/images/default_og_image.jpg HTTP/1.0" 200 278199 "-" "-"
43.159.135.203 - - [15/Apr/2026:01:38:26 +0200] "GET /tag/vtb/ HTTP/1.1" 200 15402 "-" "Mozilla/5.0 (iPhone; CPU iPhone OS 13_2_3 like Mac OS X) AppleWebKit/605.1.15 (KHTML, like Gecko) Version/13.0.3 Mobile/15E148 Safari/604.1"
95.216.2.94 - - [15/Apr/2026:01:41:04 +0200] "POST /wp-cron.php?doing_wp_cron=1776210064.1525421142578125000000 HTTP/1.1" 500 4080 "-" "WordPress/6.4.8; https://notes.rudomilov.ru"
95.216.2.94 - - [15/Apr/2026:01:41:04 +0200] "GET /wp-content/uploads/2009/07/3663255053_0312f17411.jpg HTTP/1.0" 200 97815 "-" "-"
95.216.2.94 - - [15/Apr/2026:01:41:04 +0200] "GET /wp-content/uploads/2009/07/d-link_dwl-2000applus_1.jpg HTTP/1.0" 200 20391 "-" "-"
95.216.2.94 - - [15/Apr/2026:01:41:04 +0200] "GET /wp-content/uploads/2009/07/ant.jpg HTTP/1.0" 200 7206 "-" "-"
95.216.2.94 - - [15/Apr/2026:01:41:04 +0200] "GET /wp-content/uploads/2009/07/ec506.jpg HTTP/1.0" 200 33385 "-" "-"
95.216.2.94 - - [15/Apr/2026:01:41:04 +0200] "GET /wp-content/uploads/2009/07/3_2.jpg HTTP/1.0" 200 9947 "-" "-"
95.216.2.94 - - [15/Apr/2026:01:41:04 +0200] "GET /wp-content/uploads/2009/07/cottage_visio.jpg HTTP/1.0" 200 17498 "-" "-"
95.216.2.94 - - [15/Apr/2026:01:41:04 +0200] "GET /wp-content/themes/gridfocus/images/default_og_image.jpg HTTP/1.0" 200 278199 "-" "-"
195.2.67.184 - - [15/Apr/2026:01:41:03 +0200] "GET /2009/07/05/internet-cottage/comment-page-1/?replytocom=116511 HTTP/1.0" 200 50570 "https://notes.rudomilov.ru/2009/07/05/internet-cottage/comment-page-1/?replytocom=116511" "Mozilla/5.0 (Windows NT 10.0; Win64; x64) AppleWebKit/537.36 (KHTML, like Gecko) Chrome/131.0.0.0 Safari/537.36 Avast/131.0.0.0"
195.2.67.184 - - [15/Apr/2026:01:41:04 +0200] "POST /wp-comments-post.php HTTP/1.0" 500 3555 "https://notes.rudomilov.ru/2009/07/05/internet-cottage/comment-page-1/?replytocom=116511" "Mozilla/5.0 (Windows NT 10.0; Win64; x64) AppleWebKit/537.36 (KHTML, like Gecko) Chrome/131.0.0.0 Safari/537.36 Avast/131.0.0.0"
95.216.2.94 - - [15/Apr/2026:01:42:07 +0200] "POST /wp-cron.php?doing_wp_cron=1776210127.2621970176696777343750 HTTP/1.1" 500 4080 "-" "WordPress/6.4.8; https://notes.rudomilov.ru"
14.187.62.184 - - [15/Apr/2026:01:42:06 +0200] "GET /wp-json/oembed/1.0/embed?url=https%3A%2F%2Fnotes.rudomilov.ru%2F2008%2F07%2F08%2Fborba-s-virusom-virus-win32-sality-z-win32-sector-5-win32-sector-7%2F HTTP/1.1" 200 7206 "-" "Mozilla/5.0 (Macintosh; Intel Mac OS X 10_15_2) AppleWebKit/537.36 (KHTML, like Gecko) Chrome/98.0.4758.80 Safari/537.36"
95.216.2.94 - - [15/Apr/2026:01:42:46 +0200] "GET /wp-content/uploads/2008/11/torrents.gif HTTP/1.0" 200 16346 "-" "-"
95.216.2.94 - - [15/Apr/2026:01:42:46 +0200] "GET /wp-content/themes/gridfocus/images/default_og_image.jpg HTTP/1.0" 200 278199 "-" "-"
14.234.134.55 - - [15/Apr/2026:01:42:45 +0200] "GET /2008/06/11/torrent-trackers/comment-page-10/?replytocom=67918 HTTP/1.1" 200 20892 "-" "Mozilla/5.0 (Windows NT 10.0; Win64; x64) AppleWebKit/537.36 (KHTML, like Gecko) Chrome/84.0.4137.1 SputnikBrowser/5.6.6280.0 (GOST) Safari/537.36"
95.216.2.94 - - [15/Apr/2026:01:44:15 +0200] "POST /wp-cron.php?doing_wp_cron=1776210255.7932391166687011718750 HTTP/1.1" 500 4080 "-" "WordPress/6.4.8; https://notes.rudomilov.ru"
95.216.2.94 - - [15/Apr/2026:01:44:15 +0200] "POST /wp-cron.php?doing_wp_cron=1776210255.8086938858032226562500 HTTP/1.1" 500 4080 "-" "WordPress/6.4.8; https://notes.rudomilov.ru"
117.5.142.218 - - [15/Apr/2026:01:44:15 +0200] "GET /wp-json/wp/v2/posts?slug=/2007/12/07/problemyi-s-generic-host-process/comment-page-8/ HTTP/1.1" 200 4456 "-" "-"
117.5.142.218 - - [15/Apr/2026:01:44:15 +0200] "GET /wp-json/wp/v2/posts?slug=/2007/12/07/problemyi-s-generic-host-process/comment-page-8/ HTTP/1.1" 200 4456 "-" "-"
117.5.142.218 - - [15/Apr/2026:01:44:16 +0200] "GET /wp-json/wp/v2/posts?per_page=1 HTTP/1.1" 200 35974 "-" "-"
117.5.142.218 - - [15/Apr/2026:01:44:16 +0200] "GET /wp-json/wp/v2/posts?per_page=1 HTTP/1.1" 200 35952 "-" "-"
117.5.142.218 - - [15/Apr/2026:01:44:18 +0200] "POST /wp-comments-post.php HTTP/1.1" 500 892 "-" "-"
117.5.142.218 - - [15/Apr/2026:01:44:18 +0200] "POST /wp-comments-post.php HTTP/1.1" 500 892 "-" "-"
37.59.21.100 - - [15/Apr/2026:01:44:58 +0200] "GET /2008/10/04/sape-lawyer/feed/ HTTP/1.1" 200 1826 "-" "Mozilla/5.0 (X11; Linux i686) AppleWebKit/537.36 (KHTML, like Gecko) Chrome/30.0.1599.66 Safari/537.36"
95.216.2.94 - - [15/Apr/2026:01:45:20 +0200] "POST /wp-cron.php?doing_wp_cron=1776210320.8490490913391113281250 HTTP/1.1" 500 4080 "-" "WordPress/6.4.8; https://notes.rudomilov.ru"
95.216.2.94 - - [15/Apr/2026:01:45:20 +0200] "GET /wp-content/themes/gridfocus/images/default_og_image.jpg HTTP/1.0" 200 278199 "-" "-"
66.249.66.196 - - [15/Apr/2026:01:45:20 +0200] "GET /2007/10/30/invaytyi-na-yandeksvebmaster-moi-saytyi/comment-page-4/?replytocom=14087 HTTP/1.1" 200 13624 "-" "Mozilla/5.0 (Linux; Android 6.0.1; Nexus 5X Build/MMB29P) AppleWebKit/537.36 (KHTML, like Gecko) Chrome/146.0.7680.177 Mobile Safari/537.36 (compatible; GoogleOther)"
5.255.231.8 - - [15/Apr/2026:01:48:10 +0200] "GET /robots.txt HTTP/1.1" 200 1385 "-" "Mozilla/5.0 (compatible; YandexBot/3.0; +http://yandex.com/bots)"
95.108.213.178 - - [15/Apr/2026:01:48:11 +0200] "GET /wp-content/uploads/2012/10/eos_utility_4.png HTTP/1.1" 200 42643 "-" "Mozilla/5.0 (compatible; YandexImages/3.0; +http://yandex.com/bots)"
95.216.2.94 - - [15/Apr/2026:01:49:06 +0200] "POST /wp-cron.php?doing_wp_cron=1776210546.1048181056976318359375 HTTP/1.1" 500 4080 "-" "WordPress/6.4.8; https://notes.rudomilov.ru"
95.216.2.94 - - [15/Apr/2026:01:49:06 +0200] "GET /wp-content/themes/gridfocus/images/default_og_image.jpg HTTP/1.0" 200 278199 "-" "-"
43.157.22.109 - - [15/Apr/2026:01:49:05 +0200] "GET /2006/11/17/kazino-royal/ HTTP/1.1" 200 13590 "-" "Mozilla/5.0 (iPhone; CPU iPhone OS 13_2_3 like Mac OS X) AppleWebKit/605.1.15 (KHTML, like Gecko) Version/13.0.3 Mobile/15E148 Safari/604.1"
95.216.2.94 - - [15/Apr/2026:01:50:36 +0200] "POST /wp-cron.php?doing_wp_cron=1776210636.7701730728149414062500 HTTP/1.1" 500 4080 "-" "WordPress/6.4.8; https://notes.rudomilov.ru"
95.216.2.94 - - [15/Apr/2026:01:50:36 +0200] "GET /wp-content/uploads/2008/11/solution_0.png HTTP/1.0" 200 12873 "-" "-"
95.216.2.94 - - [15/Apr/2026:01:50:36 +0200] "GET /wp-content/uploads/2008/11/solution_2.png HTTP/1.0" 200 9951 "-" "-"
95.216.2.94 - - [15/Apr/2026:01:50:36 +0200] "GET /wp-content/uploads/2008/11/solution_3.gif HTTP/1.0" 200 28376 "-" "-"
95.216.2.94 - - [15/Apr/2026:01:50:36 +0200] "GET /wp-content/uploads/2008/11/solution_all.thumbnail.gif HTTP/1.0" 200 30890 "-" "-"
95.216.2.94 - - [15/Apr/2026:01:50:36 +0200] "GET /wp-content/uploads/2008/11/solution_all.gif HTTP/1.0" 200 100419 "-" "-"
95.216.2.94 - - [15/Apr/2026:01:50:36 +0200] "GET /wp-content/uploads/2008/11/solution_all.gif HTTP/1.0" 200 100419 "-" "-"
89.110.118.225 - - [15/Apr/2026:01:50:36 +0200] "GET /2008/11/28/informer-ie/comment-page-7/ HTTP/1.0" 200 88298 "https://notes.rudomilov.ru/2008/11/28/informer-ie/comment-page-7/" "Mozilla/5.0 (Windows NT 10.0; Win64; x64) AppleWebKit/537.36 (KHTML, like Gecko) Chrome/130.0.0.0 Safari/537.36 CCleaner/130.0.0.0"
89.110.118.225 - - [15/Apr/2026:01:50:37 +0200] "POST /wp-comments-post.php HTTP/1.0" 500 3555 "https://notes.rudomilov.ru/2008/11/28/informer-ie/comment-page-7/" "Mozilla/5.0 (Windows NT 10.0; Win64; x64) AppleWebKit/537.36 (KHTML, like Gecko) Chrome/130.0.0.0 Safari/537.36 CCleaner/130.0.0.0"
95.216.2.94 - - [15/Apr/2026:01:51:59 +0200] "POST /wp-cron.php?doing_wp_cron=1776210719.9168639183044433593750 HTTP/1.1" 500 199 "-" "WordPress/6.4.8; https://notes.rudomilov.ru"
95.216.2.94 - - [15/Apr/2026:01:51:59 +0200] "GET /wp-content/themes/gridfocus/images/default_og_image.jpg HTTP/1.0" 200 278199 "-" "-"
109.122.192.239 - - [15/Apr/2026:01:51:59 +0200] "GET /2013/09/28/check-spf-and-dkim/ HTTP/1.1" 200 14078 "-" "Mozilla/5.0 (X11; Linux x86_64) AppleWebKit/538.1 (KHTML, like Gecko) sunteh-sib.ru Safari/538.1"
95.216.2.94 - - [15/Apr/2026:01:52:59 +0200] "POST /wp-cron.php?doing_wp_cron=1776210779.9234559535980224609375 HTTP/1.1" 500 199 "-" "WordPress/6.4.8; https://notes.rudomilov.ru"
95.216.2.94 - - [15/Apr/2026:01:52:59 +0200] "GET /wp-content/uploads/2007/01/svn5min_1.gif HTTP/1.0" 200 9685 "-" "-"
95.216.2.94 - - [15/Apr/2026:01:52:59 +0200] "GET /wp-content/uploads/2007/01/svn5min_2.gif HTTP/1.0" 200 9592 "-" "-"
95.216.2.94 - - [15/Apr/2026:01:52:59 +0200] "GET /wp-content/uploads/2007/01/svn5min_3.gif HTTP/1.0" 200 13887 "-" "-"
95.216.2.94 - - [15/Apr/2026:01:52:59 +0200] "GET /wp-content/uploads/2007/01/svn5min_3.gif HTTP/1.0" 200 13887 "-" "-"
109.122.192.167 - - [15/Apr/2026:01:52:59 +0200] "GET /2007/01/30/stavim-subversion-za-5-minut/ HTTP/1.1" 200 12181 "-" "Mozilla/5.0 (Windows; U; Windows NT 5.1; en-US) AppleWebKit/533.1 (KHTML, like Gecko) Chrome/5.0.335.1 Safari/533.1"
95.216.2.94 - - [15/Apr/2026:01:54:44 +0200] "POST /wp-cron.php?doing_wp_cron=1776210884.4487841129302978515625 HTTP/1.1" 500 4080 "-" "WordPress/6.4.8; https://notes.rudomilov.ru"
95.216.2.94 - - [15/Apr/2026:01:54:44 +0200] "GET /wp-content/themes/gridfocus/images/default_og_image.jpg HTTP/1.0" 200 278199 "-" "-"
204.76.203.25 - - [15/Apr/2026:01:54:43 +0200] "GET / HTTP/1.1" 200 49747 "-" "Mozilla/5.0 (Windows NT 10.0; Win64; x64) AppleWebKit/537.36 (KHTML, like Gecko) Chrome/134.0.0.0 Safari/537.3"
95.216.2.94 - - [15/Apr/2026:01:58:32 +0200] "POST /wp-cron.php?doing_wp_cron=1776211112.6883490085601806640625 HTTP/1.1" 500 4080 "-" "WordPress/6.4.8; https://notes.rudomilov.ru"
95.216.2.94 - - [15/Apr/2026:01:58:32 +0200] "GET /wp-content/themes/gridfocus/images/default_og_image.jpg HTTP/1.0" 200 278199 "-" "-"
43.159.143.139 - - [15/Apr/2026:01:58:32 +0200] "GET /2006/11/09/smyivaysya/ HTTP/1.1" 200 12909 "-" "Mozilla/5.0 (iPhone; CPU iPhone OS 13_2_3 like Mac OS X) AppleWebKit/605.1.15 (KHTML, like Gecko) Version/13.0.3 Mobile/15E148 Safari/604.1"
95.216.2.94 - - [15/Apr/2026:01:59:36 +0200] "POST /wp-cron.php?doing_wp_cron=1776211176.9410560131072998046875 HTTP/1.1" 500 199 "-" "WordPress/6.4.8; https://notes.rudomilov.ru"
37.59.21.100 - - [15/Apr/2026:01:59:36 +0200] "GET /2007/08/01/znaku-rublya-byit/feed/ HTTP/1.1" 200 1424 "-" "Mozilla/5.0 (X11; Linux i686) AppleWebKit/537.36 (KHTML, like Gecko) Chrome/30.0.1599.66 Safari/537.36"
95.216.2.94 - - [15/Apr/2026:02:00:23 +0200] "GET /wp-content/uploads/2008/11/silver-bullet.thumbnail.gif HTTP/1.0" 200 40641 "-" "-"
95.216.2.94 - - [15/Apr/2026:02:00:23 +0200] "GET /wp-content/uploads/2008/11/silver-bullet.gif HTTP/1.0" 200 50203 "-" "-"
95.216.2.94 - - [15/Apr/2026:02:00:23 +0200] "GET /wp-content/themes/gridfocus/images/default_og_image.jpg HTTP/1.0" 200 278199 "-" "-"
216.26.226.67 - - [15/Apr/2026:02:00:23 +0200] "GET /2008/11/15/pligg/ HTTP/1.1" 200 14850 "-" "Mozilla/5.0 (compatible; Googlebot/2.1; +http://www.google.com/bot.html)"
95.216.2.94 - - [15/Apr/2026:02:00:52 +0200] "POST /wp-cron.php?doing_wp_cron=1776211252.4302508831024169921875 HTTP/1.1" 500 199 "-" "WordPress/6.4.8; https://notes.rudomilov.ru"
95.216.2.94 - - [15/Apr/2026:02:00:52 +0200] "GET /wp-content/themes/gridfocus/images/default_og_image.jpg HTTP/1.0" 200 278199 "-" "-"
43.154.209.67 - - [15/Apr/2026:02:00:51 +0200] "GET /2007/12/07/ HTTP/1.1" 200 7820 "-" "Mozilla/5.0 (Windows NT 10.0; Win64; x64) AppleWebKit/537.36 (KHTML, like Gecko) Chrome/141.0.0.0 Safari/537.36"
43.154.209.67 - - [15/Apr/2026:02:00:52 +0200] "GET /wp-content/themes/gridfocus/style.css HTTP/1.1" 200 2966 "-" "Mozilla/5.0 (Windows NT 10.0; Win64; x64) AppleWebKit/537.36 (KHTML, like Gecko) Chrome/141.0.0.0 Safari/537.36"
