216.73.216.51 - - [15/Apr/2026:06:20:08 +0200] "GET /robots.txt HTTP/1.1" 200 4398 "-" "Mozilla/5.0 AppleWebKit/537.36 (KHTML, like Gecko; compatible; ClaudeBot/1.0; +claudebot@anthropic.com)"
95.216.2.94 - - [15/Apr/2026:06:20:09 +0200] "POST /wp-cron.php?doing_wp_cron=1776226809.3847980499267578125000 HTTP/1.1" 500 4080 "-" "WordPress/6.4.8; https://notes.rudomilov.ru"
216.73.216.51 - - [15/Apr/2026:06:20:08 +0200] "GET /sitemap.xml HTTP/1.1" 200 1726 "-" "Mozilla/5.0 AppleWebKit/537.36 (KHTML, like Gecko; compatible; ClaudeBot/1.0; +claudebot@anthropic.com)"
95.216.2.94 - - [15/Apr/2026:06:20:30 +0200] "GET /wp-content/uploads/2008/11/solution_0.png HTTP/1.0" 200 12873 "-" "-"
95.216.2.94 - - [15/Apr/2026:06:20:30 +0200] "GET /wp-content/uploads/2008/11/solution_2.png HTTP/1.0" 200 9951 "-" "-"
95.216.2.94 - - [15/Apr/2026:06:20:30 +0200] "GET /wp-content/uploads/2008/11/solution_3.gif HTTP/1.0" 200 28376 "-" "-"
95.216.2.94 - - [15/Apr/2026:06:20:30 +0200] "GET /wp-content/uploads/2008/11/solution_all.thumbnail.gif HTTP/1.0" 200 30890 "-" "-"
95.216.2.94 - - [15/Apr/2026:06:20:30 +0200] "GET /wp-content/uploads/2008/11/solution_all.gif HTTP/1.0" 200 100419 "-" "-"
95.216.2.94 - - [15/Apr/2026:06:20:30 +0200] "GET /wp-content/uploads/2008/11/solution_all.gif HTTP/1.0" 200 100419 "-" "-"
195.2.67.184 - - [15/Apr/2026:06:20:29 +0200] "GET /2008/11/28/informer-ie/comment-page-7/ HTTP/1.0" 200 84135 "http://notes.rudomilov.ru/2008/11/28/informer-ie/comment-page-7/" "Mozilla/5.0 (Windows NT 10.0; Win64; x64) AppleWebKit/537.36 (KHTML, like Gecko) Chrome/131.0.0.0 Safari/537.36"
195.2.67.184 - - [15/Apr/2026:06:20:30 +0200] "POST /wp-comments-post.php HTTP/1.0" 500 3555 "http://notes.rudomilov.ru/2008/11/28/informer-ie/comment-page-7/" "Mozilla/5.0 (Windows NT 10.0; Win64; x64) AppleWebKit/537.36 (KHTML, like Gecko) Chrome/131.0.0.0 Safari/537.36"
95.216.2.94 - - [15/Apr/2026:06:23:28 +0200] "POST /wp-cron.php?doing_wp_cron=1776227008.1823580265045166015625 HTTP/1.1" 500 4080 "-" "WordPress/6.4.8; https://notes.rudomilov.ru"
95.216.2.94 - - [15/Apr/2026:06:23:28 +0200] "GET /wp-content/themes/gridfocus/images/default_og_image.jpg HTTP/1.0" 200 278199 "-" "-"
216.73.216.51 - - [15/Apr/2026:06:23:27 +0200] "GET /2007/12/16/bezlimit-mechta-idiota/comment-page-3/ HTTP/1.1" 200 19708 "-" "Mozilla/5.0 AppleWebKit/537.36 (KHTML, like Gecko; compatible; ClaudeBot/1.0; +claudebot@anthropic.com)"
95.216.2.94 - - [15/Apr/2026:06:27:14 +0200] "POST /wp-cron.php?doing_wp_cron=1776227234.9319510459899902343750 HTTP/1.1" 500 199 "-" "WordPress/6.4.8; https://notes.rudomilov.ru"
37.59.21.100 - - [15/Apr/2026:06:27:14 +0200] "GET /2006/09/26/lyubov-proletariata-k-vyisshemu-obrazovaniyu/feed/ HTTP/1.1" 200 1143 "-" "Mozilla/5.0 (X11; Linux i686) AppleWebKit/537.36 (KHTML, like Gecko) Chrome/30.0.1599.66 Safari/537.36"
95.216.2.94 - - [15/Apr/2026:06:35:13 +0200] "POST /wp-cron.php?doing_wp_cron=1776227713.3129351139068603515625 HTTP/1.1" 500 4080 "-" "WordPress/6.4.8; https://notes.rudomilov.ru"
95.216.2.94 - - [15/Apr/2026:06:35:13 +0200] "GET /wp-content/uploads/2009/07/ec506.jpg HTTP/1.0" 200 33385 "-" "-"
95.216.2.94 - - [15/Apr/2026:06:35:13 +0200] "GET /wp-content/uploads/2009/07/huawei-ec506.jpg HTTP/1.0" 200 17317 "-" "-"
95.216.2.94 - - [15/Apr/2026:06:35:13 +0200] "GET /wp-content/uploads/2009/07/cmotechcnu-550pro.jpg HTTP/1.0" 200 26671 "-" "-"
95.216.2.94 - - [15/Apr/2026:06:35:13 +0200] "GET /wp-content/themes/gridfocus/images/default_og_image.jpg HTTP/1.0" 200 278199 "-" "-"
85.208.96.206 - - [15/Apr/2026:06:35:12 +0200] "GET /2009/07/07/cdma-router/ HTTP/1.1" 200 18746 "-" "Mozilla/5.0 (compatible; SemrushBot/7~bl; +http://www.semrush.com/bot.html)"
95.216.2.94 - - [15/Apr/2026:06:37:09 +0200] "POST /wp-cron.php?doing_wp_cron=1776227829.6353499889373779296875 HTTP/1.1" 500 4080 "-" "WordPress/6.4.8; https://notes.rudomilov.ru"
104.28.154.247 - - [15/Apr/2026:06:37:09 +0200] "GET /?p=650 HTTP/1.1" 301 4244 "-" "Mozilla/5.0 (Linux; Android 11; OnePlus 9) AppleWebKit/537.36 (KHTML, like Gecko) Chrome/123.0.6312.120 Mobile Safari/537.36 EdgA/123.0.2420.80"
95.216.2.94 - - [15/Apr/2026:06:37:10 +0200] "GET /wp-content/uploads/2011/02/soldiers.jpg HTTP/1.0" 200 38696 "-" "-"
95.216.2.94 - - [15/Apr/2026:06:37:10 +0200] "GET /wp-content/uploads/2011/02/strongvpn2-500x335.jpg HTTP/1.0" 200 70193 "-" "-"
104.28.154.247 - - [15/Apr/2026:06:37:10 +0200] "GET /2011/02/05/vpn/ HTTP/1.1" 200 16732 "-" "Mozilla/5.0 (Linux; Android 11; OnePlus 9) AppleWebKit/537.36 (KHTML, like Gecko) Chrome/123.0.6312.120 Mobile Safari/537.36 EdgA/123.0.2420.80"
95.216.2.94 - - [15/Apr/2026:06:38:35 +0200] "POST /wp-cron.php?doing_wp_cron=1776227915.0637729167938232421875 HTTP/1.1" 500 199 "-" "WordPress/6.4.8; https://notes.rudomilov.ru"
95.216.2.94 - - [15/Apr/2026:06:38:35 +0200] "GET /wp-content/uploads/2015/11/IMG_4400-630x420.jpg HTTP/1.0" 200 50687 "-" "-"
95.216.2.94 - - [15/Apr/2026:06:38:35 +0200] "GET /wp-content/uploads/2015/11/IMG_4400.jpg HTTP/1.0" 200 135347 "-" "-"
95.216.2.94 - - [15/Apr/2026:06:38:35 +0200] "GET /wp-content/uploads/2015/11/IMG_4400.jpg HTTP/1.0" 200 135347 "-" "-"
185.79.134.59 - - [15/Apr/2026:06:38:34 +0200] "GET /2015/11/14/msata-like/ HTTP/1.1" 200 9171 "-" "Mozilla/5.0 (Windows NT 5.1) AppleWebKit/535.1 (KHTML, like Gecko) Chrome/15.0.849.0 Safari/535.1"
95.216.2.94 - - [15/Apr/2026:06:41:24 +0200] "POST /wp-cron.php?doing_wp_cron=1776228084.4651889801025390625000 HTTP/1.1" 500 199 "-" "WordPress/6.4.8; https://notes.rudomilov.ru"
95.216.2.94 - - [15/Apr/2026:06:41:24 +0200] "POST /wp-cron.php?doing_wp_cron=1776228084.4758839607238769531250 HTTP/1.1" 500 199 "-" "WordPress/6.4.8; https://notes.rudomilov.ru"
95.216.2.94 - - [15/Apr/2026:06:41:24 +0200] "GET /wp-content/uploads/2015/08/roskomnadzor-630x442.png HTTP/1.0" 200 124556 "-" "-"
95.216.2.94 - - [15/Apr/2026:06:41:24 +0200] "GET /wp-content/uploads/2015/08/roskomnadzor.png HTTP/1.0" 200 77956 "-" "-"
95.216.2.94 - - [15/Apr/2026:06:41:24 +0200] "GET /wp-content/uploads/2015/08/roskomnadzor-630x442.png HTTP/1.0" 200 124556 "-" "-"
95.216.2.94 - - [15/Apr/2026:06:41:24 +0200] "GET /wp-content/uploads/2015/08/roskomnadzor.png HTTP/1.0" 200 77956 "-" "-"
95.216.2.94 - - [15/Apr/2026:06:41:24 +0200] "GET /wp-content/uploads/2015/08/roskomnadzor.png HTTP/1.0" 200 77956 "-" "-"
95.216.2.94 - - [15/Apr/2026:06:41:24 +0200] "GET /wp-content/uploads/2015/08/roskomnadzor.png HTTP/1.0" 200 77956 "-" "-"
94.139.252.237 - - [15/Apr/2026:06:41:23 +0200] "GET /2015/08/27/roskomnadzor/ HTTP/1.1" 200 19310 "https://www.google.com/" "Mozilla/5.0 (Linux; Android 10; K) AppleWebKit/537.36 (KHTML, like Gecko) Chrome/135.0.0.0 Mobile Safari/537.36"
94.139.252.237 - - [15/Apr/2026:06:41:23 +0200] "GET /2015/08/27/roskomnadzor/ HTTP/1.1" 200 19310 "https://www.google.com/" "Mozilla/5.0 (Linux; Android 10; K) AppleWebKit/537.36 (KHTML, like Gecko) Chrome/135.0.0.0 Mobile Safari/537.36"
95.216.2.94 - - [15/Apr/2026:06:43:02 +0200] "POST /wp-cron.php?doing_wp_cron=1776228182.6114480495452880859375 HTTP/1.1" 500 4080 "-" "WordPress/6.4.8; https://notes.rudomilov.ru"
95.216.2.94 - - [15/Apr/2026:06:43:02 +0200] "GET /wp-content/themes/gridfocus/images/default_og_image.jpg HTTP/1.0" 200 278199 "-" "-"
14.162.206.243 - - [15/Apr/2026:06:43:02 +0200] "GET /2007/12/16/bezlimit-mechta-idiota/comment-page-2/?replytocom=63424 HTTP/1.1" 200 22181 "-" "Mozilla/5.0 (Windows NT 6.1; Win64; x64) AppleWebKit/537.36 (KHTML, like Gecko) Chrome/83.0.4103.116 Safari/537.36"
95.216.2.94 - - [15/Apr/2026:06:46:42 +0200] "POST /wp-cron.php?doing_wp_cron=1776228402.5434050559997558593750 HTTP/1.1" 500 4080 "-" "WordPress/6.4.8; https://notes.rudomilov.ru"
95.216.2.94 - - [15/Apr/2026:06:46:42 +0200] "GET /wp-content/uploads/2008/11/solution_0.png HTTP/1.0" 200 12873 "-" "-"
95.216.2.94 - - [15/Apr/2026:06:46:42 +0200] "GET /wp-content/uploads/2008/11/solution_2.png HTTP/1.0" 200 9951 "-" "-"
95.216.2.94 - - [15/Apr/2026:06:46:42 +0200] "GET /wp-content/uploads/2008/11/solution_3.gif HTTP/1.0" 200 28376 "-" "-"
95.216.2.94 - - [15/Apr/2026:06:46:42 +0200] "GET /wp-content/uploads/2008/11/solution_all.thumbnail.gif HTTP/1.0" 200 30890 "-" "-"
95.216.2.94 - - [15/Apr/2026:06:46:42 +0200] "GET /wp-content/uploads/2008/11/solution_all.gif HTTP/1.0" 200 100419 "-" "-"
95.216.2.94 - - [15/Apr/2026:06:46:42 +0200] "GET /wp-content/uploads/2008/11/solution_all.gif HTTP/1.0" 200 100419 "-" "-"
84.54.53.236 - - [15/Apr/2026:06:46:41 +0200] "GET /2008/11/28/informer-ie/comment-page-7/ HTTP/1.0" 200 88298 "https://notes.rudomilov.ru/2008/11/28/informer-ie/comment-page-7/#comment-856725" "Mozilla/5.0 (Windows NT 10.0; Win64; x64) AppleWebKit/537.36 (KHTML, like Gecko) Chrome/103.0.5060.66 Safari/537.36"
95.216.2.94 - - [15/Apr/2026:06:46:59 +0200] "GET /wp-content/themes/gridfocus/images/default_og_image.jpg HTTP/1.0" 200 278199 "-" "-"
123.16.100.118 - - [15/Apr/2026:06:46:59 +0200] "GET /2008/07/08/borba-s-virusom-virus-win32-sality-z-win32-sector-5-win32-sector-7/comment-page-6/?replytocom=68704 HTTP/1.1" 200 31693 "-" "Mozilla/5.0 (Windows NT 10.0; Win64; x64) AppleWebKit/537.36 (KHTML, like Gecko) Chrome/101.0.4951.67 Safari/537.36"
95.216.2.94 - - [15/Apr/2026:06:47:09 +0200] "GET /wp-content/uploads/2008/11/silver-bullet.thumbnail.gif HTTP/1.0" 200 40641 "-" "-"
95.216.2.94 - - [15/Apr/2026:06:47:09 +0200] "GET /wp-content/uploads/2008/11/silver-bullet.gif HTTP/1.0" 200 50203 "-" "-"
95.216.2.94 - - [15/Apr/2026:06:47:09 +0200] "GET /wp-content/themes/gridfocus/images/default_og_image.jpg HTTP/1.0" 200 278199 "-" "-"
45.3.33.74 - - [15/Apr/2026:06:47:09 +0200] "GET /2008/11/15/pligg/ HTTP/1.1" 200 14850 "-" "Mozilla/5.0 (compatible; Googlebot/2.1; +http://www.google.com/bot.html)"
95.216.2.94 - - [15/Apr/2026:06:47:34 +0200] "GET /wp-content/themes/gridfocus/images/default_og_image.jpg HTTP/1.0" 200 278199 "-" "-"
45.139.125.229 - - [15/Apr/2026:06:47:33 +0200] "GET / HTTP/1.0" 200 49201 "https://notes.rudomilov.ru/" "Mozilla/5.0 (Windows NT 10.0; Win64; x64) AppleWebKit/537.36 (KHTML, like Gecko) Chrome/103.0.5060.66 Safari/537.36"
209.141.44.76 - - [15/Apr/2026:06:48:42 +0200] "GET /wp-login.php HTTP/1.1" 500 4080 "-" "Mozilla/5.0 (Windows NT 10.0; Win64; x64) AppleWebKit/537.36 (KHTML, like Gecko) Chrome/134.0.0.0 Safari/537.36"
95.216.2.94 - - [15/Apr/2026:06:51:09 +0200] "POST /wp-cron.php?doing_wp_cron=1776228669.6307389736175537109375 HTTP/1.1" 500 4080 "-" "WordPress/6.4.8; https://notes.rudomilov.ru"
95.216.2.94 - - [15/Apr/2026:06:51:09 +0200] "GET /wp-content/uploads/2008/11/torrents.gif HTTP/1.0" 200 16346 "-" "-"
95.216.2.94 - - [15/Apr/2026:06:51:09 +0200] "GET /wp-content/themes/gridfocus/images/default_og_image.jpg HTTP/1.0" 200 278199 "-" "-"
40.77.167.51 - - [15/Apr/2026:06:51:09 +0200] "GET /2008/06/11/torrent-trackers/comment-page-8/ HTTP/1.1" 200 22037 "-" "Mozilla/5.0 AppleWebKit/537.36 (KHTML, like Gecko; compatible; bingbot/2.0; +http://www.bing.com/bingbot.htm) Chrome/116.0.1938.76 Safari/537.36"
14.229.128.172 - - [15/Apr/2026:06:52:51 +0200] "GET /wp-content/uploads/2008/03/time_yandex.jpg HTTP/1.1" 200 41323 "https://8881.ru/voronezh-tyumen-raznitsa-vo-vremeni" "Mozilla/5.0 (Windows NT 6.1; Win64; x64; rv:54.0.1) Gecko/20100101 Firefox/54.0.1"
95.216.2.94 - - [15/Apr/2026:06:57:32 +0200] "POST /wp-cron.php?doing_wp_cron=1776229052.5822439193725585937500 HTTP/1.1" 500 199 "-" "WordPress/6.4.8; https://notes.rudomilov.ru"
95.216.2.94 - - [15/Apr/2026:06:57:32 +0200] "GET /wp-content/uploads/2008/11/torrents.gif HTTP/1.0" 200 16346 "-" "-"
95.216.2.94 - - [15/Apr/2026:06:57:32 +0200] "GET /wp-content/themes/gridfocus/images/default_og_image.jpg HTTP/1.0" 200 278199 "-" "-"
209.209.9.152 - - [15/Apr/2026:06:57:32 +0200] "GET /2008/06/11/torrent-trackers/ HTTP/1.0" 200 69568 "-" "Mozilla/4.0 (compatible; MSIE 7.0; Windows NT 5.2; .NET CLR 1.2.42838)"
95.216.2.94 - - [15/Apr/2026:06:59:14 +0200] "POST /wp-cron.php?doing_wp_cron=1776229154.9487829208374023437500 HTTP/1.1" 500 199 "-" "WordPress/6.4.8; https://notes.rudomilov.ru"
37.59.21.100 - - [15/Apr/2026:06:59:14 +0200] "GET /2008/02/24/karta-polzovateley-sots-setey/feed/ HTTP/1.1" 200 1325 "-" "Mozilla/5.0 (X11; Linux i686) AppleWebKit/537.36 (KHTML, like Gecko) Chrome/30.0.1599.66 Safari/537.36"
95.216.2.94 - - [15/Apr/2026:06:59:19 +0200] "GET /wp-content/uploads/2009/08/tunatic.gif HTTP/1.0" 200 10171 "-" "-"
95.216.2.94 - - [15/Apr/2026:06:59:19 +0200] "GET /wp-content/themes/gridfocus/images/default_og_image.jpg HTTP/1.0" 200 278199 "-" "-"
123.24.27.216 - - [15/Apr/2026:06:59:19 +0200] "GET /2009/08/16/tunatic/?replytocom=255605 HTTP/1.1" 200 18208 "-" "Mozilla/5.0 (Macintosh; Intel Mac OS X 10_15_3) AppleWebKit/537.36 (KHTML, like Gecko) Brave Chrome/80.0.3987.149 Safari/537.36"
95.216.2.94 - - [15/Apr/2026:07:01:13 +0200] "POST /wp-cron.php?doing_wp_cron=1776229273.1296739578247070312500 HTTP/1.1" 500 199 "-" "WordPress/6.4.8; https://notes.rudomilov.ru"
95.216.2.94 - - [15/Apr/2026:07:01:13 +0200] "GET /wp-content/uploads/2008/11/solution_0.png HTTP/1.0" 200 12873 "-" "-"
95.216.2.94 - - [15/Apr/2026:07:01:13 +0200] "GET /wp-content/uploads/2008/11/solution_2.png HTTP/1.0" 200 9951 "-" "-"
95.216.2.94 - - [15/Apr/2026:07:01:13 +0200] "GET /wp-content/uploads/2008/11/solution_3.gif HTTP/1.0" 200 28376 "-" "-"
95.216.2.94 - - [15/Apr/2026:07:01:13 +0200] "GET /wp-content/uploads/2008/11/solution_all.thumbnail.gif HTTP/1.0" 200 30890 "-" "-"
95.216.2.94 - - [15/Apr/2026:07:01:13 +0200] "GET /wp-content/uploads/2008/11/solution_all.gif HTTP/1.0" 200 100419 "-" "-"
95.216.2.94 - - [15/Apr/2026:07:01:13 +0200] "GET /wp-content/uploads/2008/11/solution_all.gif HTTP/1.0" 200 100419 "-" "-"
84.233.216.247 - - [15/Apr/2026:07:01:12 +0200] "GET /2008/11/28/informer-ie/comment-page-7/ HTTP/1.0" 200 84135 "http://notes.rudomilov.ru/2008/11/28/informer-ie/comment-page-7/" "Mozilla/5.0 (Windows NT 10.0; Win64; x64) AppleWebKit/537.36 (KHTML, like Gecko) Chrome/130.0.0.0 Safari/537.36"
84.233.216.174 - - [15/Apr/2026:07:01:13 +0200] "POST /wp-comments-post.php HTTP/1.0" 500 3555 "http://notes.rudomilov.ru/2008/11/28/informer-ie/comment-page-7/" "Mozilla/5.0 (Windows NT 10.0; Win64; x64) AppleWebKit/537.36 (KHTML, like Gecko) Chrome/130.0.0.0 Safari/537.36"
95.216.2.94 - - [15/Apr/2026:07:02:33 +0200] "POST /wp-cron.php?doing_wp_cron=1776229353.0681719779968261718750 HTTP/1.1" 500 4080 "-" "WordPress/6.4.8; https://notes.rudomilov.ru"
95.216.2.94 - - [15/Apr/2026:07:02:33 +0200] "GET /wp-content/themes/gridfocus/images/default_og_image.jpg HTTP/1.0" 200 278199 "-" "-"
20.200.222.0 - - [15/Apr/2026:07:02:32 +0200] "GET /100.php HTTP/1.1" 404 28434 "-" "Mozilla/5.0 (Windows NT 10.0; Win64; x64) AppleWebKit/537.36 (KHTML, like Gecko) Chrome/120.0.0.0 Safari/537.36"
95.216.2.94 - - [15/Apr/2026:07:02:34 +0200] "GET /wp-content/themes/gridfocus/images/default_og_image.jpg HTTP/1.0" 200 278199 "-" "-"
20.200.222.0 - - [15/Apr/2026:07:02:33 +0200] "GET /7.php HTTP/1.1" 404 24685 "-" "Mozilla/5.0 (Windows NT 10.0; Win64; x64) AppleWebKit/537.36 (KHTML, like Gecko) Chrome/120.0.0.0 Safari/537.36"
95.216.2.94 - - [15/Apr/2026:07:02:35 +0200] "GET /wp-content/themes/gridfocus/images/default_og_image.jpg HTTP/1.0" 200 278199 "-" "-"
20.200.222.0 - - [15/Apr/2026:07:02:35 +0200] "GET /php8.php HTTP/1.1" 404 24666 "-" "Mozilla/5.0 (Windows NT 10.0; Win64; x64) AppleWebKit/537.36 (KHTML, like Gecko) Chrome/120.0.0.0 Safari/537.36"
95.216.2.94 - - [15/Apr/2026:07:02:37 +0200] "GET /wp-content/themes/gridfocus/images/default_og_image.jpg HTTP/1.0" 200 278199 "-" "-"
20.200.222.0 - - [15/Apr/2026:07:02:36 +0200] "GET /shell.php HTTP/1.1" 404 24667 "-" "Mozilla/5.0 (Windows NT 10.0; Win64; x64) AppleWebKit/537.36 (KHTML, like Gecko) Chrome/120.0.0.0 Safari/537.36"
95.216.2.94 - - [15/Apr/2026:07:02:38 +0200] "GET /wp-content/themes/gridfocus/images/default_og_image.jpg HTTP/1.0" 200 278199 "-" "-"
20.200.222.0 - - [15/Apr/2026:07:02:37 +0200] "GET /adminfuns.php HTTP/1.1" 404 24671 "-" "Mozilla/5.0 (Windows NT 10.0; Win64; x64) AppleWebKit/537.36 (KHTML, like Gecko) Chrome/120.0.0.0 Safari/537.36"
95.216.2.94 - - [15/Apr/2026:07:02:39 +0200] "GET /wp-content/themes/gridfocus/images/default_og_image.jpg HTTP/1.0" 200 278199 "-" "-"
20.200.222.0 - - [15/Apr/2026:07:02:38 +0200] "GET /wp.php HTTP/1.1" 404 24664 "-" "Mozilla/5.0 (Windows NT 10.0; Win64; x64) AppleWebKit/537.36 (KHTML, like Gecko) Chrome/120.0.0.0 Safari/537.36"
95.216.2.94 - - [15/Apr/2026:07:02:40 +0200] "GET /wp-content/themes/gridfocus/images/default_og_image.jpg HTTP/1.0" 200 278199 "-" "-"
20.200.222.0 - - [15/Apr/2026:07:02:39 +0200] "GET /classwithtostring.php HTTP/1.1" 404 24679 "-" "Mozilla/5.0 (Windows NT 10.0; Win64; x64) AppleWebKit/537.36 (KHTML, like Gecko) Chrome/120.0.0.0 Safari/537.36"
95.216.2.94 - - [15/Apr/2026:07:02:41 +0200] "GET /wp-content/themes/gridfocus/images/default_og_image.jpg HTTP/1.0" 200 278199 "-" "-"
20.200.222.0 - - [15/Apr/2026:07:02:41 +0200] "GET /abcd.php HTTP/1.1" 404 24666 "-" "Mozilla/5.0 (Windows NT 10.0; Win64; x64) AppleWebKit/537.36 (KHTML, like Gecko) Chrome/120.0.0.0 Safari/537.36"
95.216.2.94 - - [15/Apr/2026:07:02:42 +0200] "GET /wp-content/themes/gridfocus/images/default_og_image.jpg HTTP/1.0" 200 278199 "-" "-"
20.200.222.0 - - [15/Apr/2026:07:02:42 +0200] "GET /as.php HTTP/1.1" 404 24664 "-" "Mozilla/5.0 (Windows NT 10.0; Win64; x64) AppleWebKit/537.36 (KHTML, like Gecko) Chrome/120.0.0.0 Safari/537.36"
95.216.2.94 - - [15/Apr/2026:07:02:44 +0200] "GET /wp-content/themes/gridfocus/images/default_og_image.jpg HTTP/1.0" 200 278199 "-" "-"
20.200.222.0 - - [15/Apr/2026:07:02:43 +0200] "GET /Exception-class.php HTTP/1.1" 404 24677 "-" "Mozilla/5.0 (Windows NT 10.0; Win64; x64) AppleWebKit/537.36 (KHTML, like Gecko) Chrome/120.0.0.0 Safari/537.36"
95.216.2.94 - - [15/Apr/2026:07:02:45 +0200] "GET /wp-content/themes/gridfocus/images/default_og_image.jpg HTTP/1.0" 200 278199 "-" "-"
20.200.222.0 - - [15/Apr/2026:07:02:44 +0200] "GET /1.php HTTP/1.1" 404 24663 "-" "Mozilla/5.0 (Windows NT 10.0; Win64; x64) AppleWebKit/537.36 (KHTML, like Gecko) Chrome/120.0.0.0 Safari/537.36"
95.216.2.94 - - [15/Apr/2026:07:02:46 +0200] "GET /wp-content/themes/gridfocus/images/default_og_image.jpg HTTP/1.0" 200 278199 "-" "-"
20.200.222.0 - - [15/Apr/2026:07:02:45 +0200] "GET /222.php HTTP/1.1" 404 24665 "-" "Mozilla/5.0 (Windows NT 10.0; Win64; x64) AppleWebKit/537.36 (KHTML, like Gecko) Chrome/120.0.0.0 Safari/537.36"
95.216.2.94 - - [15/Apr/2026:07:02:47 +0200] "GET /wp-content/themes/gridfocus/images/default_og_image.jpg HTTP/1.0" 200 278199 "-" "-"
20.200.222.0 - - [15/Apr/2026:07:02:47 +0200] "GET /item.php HTTP/1.1" 404 24666 "-" "Mozilla/5.0 (Windows NT 10.0; Win64; x64) AppleWebKit/537.36 (KHTML, like Gecko) Chrome/120.0.0.0 Safari/537.36"
95.216.2.94 - - [15/Apr/2026:07:02:48 +0200] "GET /wp-content/themes/gridfocus/images/default_og_image.jpg HTTP/1.0" 200 278199 "-" "-"
20.200.222.0 - - [15/Apr/2026:07:02:48 +0200] "GET /past.php HTTP/1.1" 404 24666 "-" "Mozilla/5.0 (Windows NT 10.0; Win64; x64) AppleWebKit/537.36 (KHTML, like Gecko) Chrome/120.0.0.0 Safari/537.36"
95.216.2.94 - - [15/Apr/2026:07:02:50 +0200] "GET /wp-content/themes/gridfocus/images/default_og_image.jpg HTTP/1.0" 200 278199 "-" "-"
20.200.222.0 - - [15/Apr/2026:07:02:49 +0200] "GET /t.php HTTP/1.1" 404 24663 "-" "Mozilla/5.0 (Windows NT 10.0; Win64; x64) AppleWebKit/537.36 (KHTML, like Gecko) Chrome/120.0.0.0 Safari/537.36"
95.216.2.94 - - [15/Apr/2026:07:02:51 +0200] "GET /wp-content/themes/gridfocus/images/default_og_image.jpg HTTP/1.0" 200 278199 "-" "-"
20.200.222.0 - - [15/Apr/2026:07:02:50 +0200] "GET /license.php HTTP/1.1" 404 24669 "-" "Mozilla/5.0 (Windows NT 10.0; Win64; x64) AppleWebKit/537.36 (KHTML, like Gecko) Chrome/120.0.0.0 Safari/537.36"
95.216.2.94 - - [15/Apr/2026:07:02:52 +0200] "GET /wp-content/themes/gridfocus/images/default_og_image.jpg HTTP/1.0" 200 278199 "-" "-"
20.200.222.0 - - [15/Apr/2026:07:02:51 +0200] "GET /b.php HTTP/1.1" 404 24663 "-" "Mozilla/5.0 (Windows NT 10.0; Win64; x64) AppleWebKit/537.36 (KHTML, like Gecko) Chrome/120.0.0.0 Safari/537.36"
95.216.2.94 - - [15/Apr/2026:07:02:53 +0200] "GET /wp-content/themes/gridfocus/images/default_og_image.jpg HTTP/1.0" 200 278199 "-" "-"
20.200.222.0 - - [15/Apr/2026:07:02:53 +0200] "GET /network.php HTTP/1.1" 404 24669 "-" "Mozilla/5.0 (Windows NT 10.0; Win64; x64) AppleWebKit/537.36 (KHTML, like Gecko) Chrome/120.0.0.0 Safari/537.36"
95.216.2.94 - - [15/Apr/2026:07:02:54 +0200] "GET /wp-content/themes/gridfocus/images/default_og_image.jpg HTTP/1.0" 200 278199 "-" "-"
20.200.222.0 - - [15/Apr/2026:07:02:54 +0200] "GET /V5.php HTTP/1.1" 404 24664 "-" "Mozilla/5.0 (Windows NT 10.0; Win64; x64) AppleWebKit/537.36 (KHTML, like Gecko) Chrome/120.0.0.0 Safari/537.36"
95.216.2.94 - - [15/Apr/2026:07:02:56 +0200] "GET /wp-content/themes/gridfocus/images/default_og_image.jpg HTTP/1.0" 200 278199 "-" "-"
20.200.222.0 - - [15/Apr/2026:07:02:55 +0200] "GET /g.php HTTP/1.1" 404 24663 "-" "Mozilla/5.0 (Windows NT 10.0; Win64; x64) AppleWebKit/537.36 (KHTML, like Gecko) Chrome/120.0.0.0 Safari/537.36"
95.216.2.94 - - [15/Apr/2026:07:02:57 +0200] "GET /wp-content/themes/gridfocus/images/default_og_image.jpg HTTP/1.0" 200 278199 "-" "-"
20.200.222.0 - - [15/Apr/2026:07:02:56 +0200] "GET /dialog.php HTTP/1.1" 404 24668 "-" "Mozilla/5.0 (Windows NT 10.0; Win64; x64) AppleWebKit/537.36 (KHTML, like Gecko) Chrome/120.0.0.0 Safari/537.36"
95.216.2.94 - - [15/Apr/2026:07:02:58 +0200] "GET /wp-content/themes/gridfocus/images/default_og_image.jpg HTTP/1.0" 200 278199 "-" "-"
20.200.222.0 - - [15/Apr/2026:07:02:57 +0200] "GET /in.php HTTP/1.1" 404 24664 "-" "Mozilla/5.0 (Windows NT 10.0; Win64; x64) AppleWebKit/537.36 (KHTML, like Gecko) Chrome/120.0.0.0 Safari/537.36"
95.216.2.94 - - [15/Apr/2026:07:02:59 +0200] "GET /wp-content/themes/gridfocus/images/default_og_image.jpg HTTP/1.0" 200 278199 "-" "-"
20.200.222.0 - - [15/Apr/2026:07:02:59 +0200] "GET /media.php HTTP/1.1" 404 24667 "-" "Mozilla/5.0 (Windows NT 10.0; Win64; x64) AppleWebKit/537.36 (KHTML, like Gecko) Chrome/120.0.0.0 Safari/537.36"
95.216.2.94 - - [15/Apr/2026:07:03:00 +0200] "GET /wp-content/themes/gridfocus/images/default_og_image.jpg HTTP/1.0" 200 278199 "-" "-"
20.200.222.0 - - [15/Apr/2026:07:03:00 +0200] "GET /my1.php HTTP/1.1" 404 24665 "-" "Mozilla/5.0 (Windows NT 10.0; Win64; x64) AppleWebKit/537.36 (KHTML, like Gecko) Chrome/120.0.0.0 Safari/537.36"
95.216.2.94 - - [15/Apr/2026:07:03:01 +0200] "GET /wp-content/themes/gridfocus/images/default_og_image.jpg HTTP/1.0" 200 278199 "-" "-"
20.200.222.0 - - [15/Apr/2026:07:03:01 +0200] "GET /f35.php HTTP/1.1" 404 24665 "-" "Mozilla/5.0 (Windows NT 10.0; Win64; x64) AppleWebKit/537.36 (KHTML, like Gecko) Chrome/120.0.0.0 Safari/537.36"
95.216.2.94 - - [15/Apr/2026:07:03:02 +0200] "GET /wp-content/themes/gridfocus/images/default_og_image.jpg HTTP/1.0" 200 278199 "-" "-"
20.200.222.0 - - [15/Apr/2026:07:03:02 +0200] "GET /alfa-rex.php7 HTTP/1.1" 404 24671 "-" "Mozilla/5.0 (Windows NT 10.0; Win64; x64) AppleWebKit/537.36 (KHTML, like Gecko) Chrome/120.0.0.0 Safari/537.36"
95.216.2.94 - - [15/Apr/2026:07:03:04 +0200] "GET /wp-content/themes/gridfocus/images/default_og_image.jpg HTTP/1.0" 200 278199 "-" "-"
20.200.222.0 - - [15/Apr/2026:07:03:03 +0200] "GET /ee.php HTTP/1.1" 404 24664 "-" "Mozilla/5.0 (Windows NT 10.0; Win64; x64) AppleWebKit/537.36 (KHTML, like Gecko) Chrome/120.0.0.0 Safari/537.36"
95.216.2.94 - - [15/Apr/2026:07:03:05 +0200] "GET /wp-content/themes/gridfocus/images/default_og_image.jpg HTTP/1.0" 200 278199 "-" "-"
20.200.222.0 - - [15/Apr/2026:07:03:04 +0200] "GET /ggfi.php HTTP/1.1" 404 24666 "-" "Mozilla/5.0 (Windows NT 10.0; Win64; x64) AppleWebKit/537.36 (KHTML, like Gecko) Chrome/120.0.0.0 Safari/537.36"
95.216.2.94 - - [15/Apr/2026:07:03:06 +0200] "GET /wp-content/themes/gridfocus/images/default_og_image.jpg HTTP/1.0" 200 278199 "-" "-"
20.200.222.0 - - [15/Apr/2026:07:03:05 +0200] "GET /b1ack.php HTTP/1.1" 404 24667 "-" "Mozilla/5.0 (Windows NT 10.0; Win64; x64) AppleWebKit/537.36 (KHTML, like Gecko) Chrome/120.0.0.0 Safari/537.36"
95.216.2.94 - - [15/Apr/2026:07:03:07 +0200] "GET /wp-content/themes/gridfocus/images/default_og_image.jpg HTTP/1.0" 200 278199 "-" "-"
20.200.222.0 - - [15/Apr/2026:07:03:06 +0200] "GET /bak.php HTTP/1.1" 404 24665 "-" "Mozilla/5.0 (Windows NT 10.0; Win64; x64) AppleWebKit/537.36 (KHTML, like Gecko) Chrome/120.0.0.0 Safari/537.36"
95.216.2.94 - - [15/Apr/2026:07:03:08 +0200] "GET /wp-content/themes/gridfocus/images/default_og_image.jpg HTTP/1.0" 200 278199 "-" "-"
20.200.222.0 - - [15/Apr/2026:07:03:07 +0200] "GET /inputs.php HTTP/1.1" 404 24668 "-" "Mozilla/5.0 (Windows NT 10.0; Win64; x64) AppleWebKit/537.36 (KHTML, like Gecko) Chrome/120.0.0.0 Safari/537.36"
95.216.2.94 - - [15/Apr/2026:07:03:09 +0200] "GET /wp-content/themes/gridfocus/images/default_og_image.jpg HTTP/1.0" 200 278199 "-" "-"
20.200.222.0 - - [15/Apr/2026:07:03:09 +0200] "GET /system_log.php HTTP/1.1" 404 24672 "-" "Mozilla/5.0 (Windows NT 10.0; Win64; x64) AppleWebKit/537.36 (KHTML, like Gecko) Chrome/120.0.0.0 Safari/537.36"
95.216.2.94 - - [15/Apr/2026:07:03:10 +0200] "GET /wp-content/themes/gridfocus/images/default_og_image.jpg HTTP/1.0" 200 278199 "-" "-"
20.200.222.0 - - [15/Apr/2026:07:03:10 +0200] "GET /lol.php HTTP/1.1" 404 24665 "-" "Mozilla/5.0 (Windows NT 10.0; Win64; x64) AppleWebKit/537.36 (KHTML, like Gecko) Chrome/120.0.0.0 Safari/537.36"
95.216.2.94 - - [15/Apr/2026:07:03:11 +0200] "GET /wp-content/themes/gridfocus/images/default_og_image.jpg HTTP/1.0" 200 278199 "-" "-"
20.200.222.0 - - [15/Apr/2026:07:03:11 +0200] "GET /geju.php HTTP/1.1" 404 24666 "-" "Mozilla/5.0 (Windows NT 10.0; Win64; x64) AppleWebKit/537.36 (KHTML, like Gecko) Chrome/120.0.0.0 Safari/537.36"
95.216.2.94 - - [15/Apr/2026:07:03:13 +0200] "GET /wp-content/themes/gridfocus/images/default_og_image.jpg HTTP/1.0" 200 278199 "-" "-"
20.200.222.0 - - [15/Apr/2026:07:03:12 +0200] "GET /class-t.api.php HTTP/1.1" 404 24673 "-" "Mozilla/5.0 (Windows NT 10.0; Win64; x64) AppleWebKit/537.36 (KHTML, like Gecko) Chrome/120.0.0.0 Safari/537.36"
95.216.2.94 - - [15/Apr/2026:07:03:14 +0200] "GET /wp-content/themes/gridfocus/images/default_og_image.jpg HTTP/1.0" 200 278199 "-" "-"
20.200.222.0 - - [15/Apr/2026:07:03:13 +0200] "GET /css.php HTTP/1.1" 404 24665 "-" "Mozilla/5.0 (Windows NT 10.0; Win64; x64) AppleWebKit/537.36 (KHTML, like Gecko) Chrome/120.0.0.0 Safari/537.36"
95.216.2.94 - - [15/Apr/2026:07:03:15 +0200] "GET /wp-content/themes/gridfocus/images/default_og_image.jpg HTTP/1.0" 200 278199 "-" "-"
20.200.222.0 - - [15/Apr/2026:07:03:14 +0200] "GET /xx.php HTTP/1.1" 404 24664 "-" "Mozilla/5.0 (Windows NT 10.0; Win64; x64) AppleWebKit/537.36 (KHTML, like Gecko) Chrome/120.0.0.0 Safari/537.36"
95.216.2.94 - - [15/Apr/2026:07:03:16 +0200] "GET /wp-content/themes/gridfocus/images/default_og_image.jpg HTTP/1.0" 200 278199 "-" "-"
20.200.222.0 - - [15/Apr/2026:07:03:15 +0200] "GET /0.php HTTP/1.1" 404 24663 "-" "Mozilla/5.0 (Windows NT 10.0; Win64; x64) AppleWebKit/537.36 (KHTML, like Gecko) Chrome/120.0.0.0 Safari/537.36"
95.216.2.94 - - [15/Apr/2026:07:03:17 +0200] "GET /wp-content/themes/gridfocus/images/default_og_image.jpg HTTP/1.0" 200 278199 "-" "-"
20.200.222.0 - - [15/Apr/2026:07:03:16 +0200] "GET /x.php HTTP/1.1" 404 24663 "-" "Mozilla/5.0 (Windows NT 10.0; Win64; x64) AppleWebKit/537.36 (KHTML, like Gecko) Chrome/120.0.0.0 Safari/537.36"
20.200.222.0 - - [15/Apr/2026:07:03:17 +0200] "GET /wp-blog-header.php HTTP/1.1" 404 414 "-" "Mozilla/5.0 (Windows NT 10.0; Win64; x64) AppleWebKit/537.36 (KHTML, like Gecko) Chrome/120.0.0.0 Safari/537.36"
95.216.2.94 - - [15/Apr/2026:07:03:19 +0200] "GET /wp-content/themes/gridfocus/images/default_og_image.jpg HTTP/1.0" 200 278199 "-" "-"
20.200.222.0 - - [15/Apr/2026:07:03:18 +0200] "GET /randkeyword.PhP7 HTTP/1.1" 404 24674 "-" "Mozilla/5.0 (Windows NT 10.0; Win64; x64) AppleWebKit/537.36 (KHTML, like Gecko) Chrome/120.0.0.0 Safari/537.36"
95.216.2.94 - - [15/Apr/2026:07:03:20 +0200] "GET /wp-content/themes/gridfocus/images/default_og_image.jpg HTTP/1.0" 200 278199 "-" "-"
20.200.222.0 - - [15/Apr/2026:07:03:19 +0200] "GET /ultra.php HTTP/1.1" 404 24667 "-" "Mozilla/5.0 (Windows NT 10.0; Win64; x64) AppleWebKit/537.36 (KHTML, like Gecko) Chrome/120.0.0.0 Safari/537.36"
95.216.2.94 - - [15/Apr/2026:07:03:21 +0200] "GET /wp-content/themes/gridfocus/images/default_og_image.jpg HTTP/1.0" 200 278199 "-" "-"
20.200.222.0 - - [15/Apr/2026:07:03:21 +0200] "GET /up.php HTTP/1.1" 404 24664 "-" "Mozilla/5.0 (Windows NT 10.0; Win64; x64) AppleWebKit/537.36 (KHTML, like Gecko) Chrome/120.0.0.0 Safari/537.36"
95.216.2.94 - - [15/Apr/2026:07:03:22 +0200] "GET /wp-content/themes/gridfocus/images/default_og_image.jpg HTTP/1.0" 200 278199 "-" "-"
20.200.222.0 - - [15/Apr/2026:07:03:22 +0200] "GET /y.php HTTP/1.1" 404 24663 "-" "Mozilla/5.0 (Windows NT 10.0; Win64; x64) AppleWebKit/537.36 (KHTML, like Gecko) Chrome/120.0.0.0 Safari/537.36"
95.216.2.94 - - [15/Apr/2026:07:03:23 +0200] "GET /wp-content/themes/gridfocus/images/default_og_image.jpg HTTP/1.0" 200 278199 "-" "-"
20.200.222.0 - - [15/Apr/2026:07:03:23 +0200] "GET /13.php HTTP/1.1" 404 24664 "-" "Mozilla/5.0 (Windows NT 10.0; Win64; x64) AppleWebKit/537.36 (KHTML, like Gecko) Chrome/120.0.0.0 Safari/537.36"
95.216.2.94 - - [15/Apr/2026:07:03:24 +0200] "GET /wp-content/themes/gridfocus/images/default_og_image.jpg HTTP/1.0" 200 278199 "-" "-"
20.200.222.0 - - [15/Apr/2026:07:03:24 +0200] "GET /aa.php HTTP/1.1" 404 24664 "-" "Mozilla/5.0 (Windows NT 10.0; Win64; x64) AppleWebKit/537.36 (KHTML, like Gecko) Chrome/120.0.0.0 Safari/537.36"
95.216.2.94 - - [15/Apr/2026:07:03:26 +0200] "GET /wp-content/themes/gridfocus/images/default_og_image.jpg HTTP/1.0" 200 278199 "-" "-"
20.200.222.0 - - [15/Apr/2026:07:03:25 +0200] "GET /chosen.php HTTP/1.1" 404 24668 "-" "Mozilla/5.0 (Windows NT 10.0; Win64; x64) AppleWebKit/537.36 (KHTML, like Gecko) Chrome/120.0.0.0 Safari/537.36"
95.216.2.94 - - [15/Apr/2026:07:03:27 +0200] "GET /wp-content/themes/gridfocus/images/default_og_image.jpg HTTP/1.0" 200 278199 "-" "-"
143.20.253.115 - - [15/Apr/2026:07:03:26 +0200] "GET /wp-json/wp/v2/tags/2 HTTP/1.1" 200 5319 "-" "Mozilla/5.0 (Macintosh; Intel Mac OS X 10_15_7) AppleWebKit/537.36 (KHTML, like Gecko) Chrome/135.0.0.0 Safari/537.36"
20.200.222.0 - - [15/Apr/2026:07:03:26 +0200] "GET /2.php HTTP/1.1" 404 24663 "-" "Mozilla/5.0 (Windows NT 10.0; Win64; x64) AppleWebKit/537.36 (KHTML, like Gecko) Chrome/120.0.0.0 Safari/537.36"
95.216.2.94 - - [15/Apr/2026:07:03:28 +0200] "GET /wp-content/themes/gridfocus/images/default_og_image.jpg HTTP/1.0" 200 278199 "-" "-"
20.200.222.0 - - [15/Apr/2026:07:03:27 +0200] "GET /abc.php HTTP/1.1" 404 24665 "-" "Mozilla/5.0 (Windows NT 10.0; Win64; x64) AppleWebKit/537.36 (KHTML, like Gecko) Chrome/120.0.0.0 Safari/537.36"
95.216.2.94 - - [15/Apr/2026:07:03:29 +0200] "GET /wp-content/themes/gridfocus/images/default_og_image.jpg HTTP/1.0" 200 278199 "-" "-"
20.200.222.0 - - [15/Apr/2026:07:03:28 +0200] "GET /about.php HTTP/1.1" 404 24667 "-" "Mozilla/5.0 (Windows NT 10.0; Win64; x64) AppleWebKit/537.36 (KHTML, like Gecko) Chrome/120.0.0.0 Safari/537.36"
95.216.2.94 - - [15/Apr/2026:07:03:30 +0200] "GET /wp-content/themes/gridfocus/images/default_og_image.jpg HTTP/1.0" 200 278199 "-" "-"
20.200.222.0 - - [15/Apr/2026:07:03:29 +0200] "GET /0x.php HTTP/1.1" 404 24664 "-" "Mozilla/5.0 (Windows NT 10.0; Win64; x64) AppleWebKit/537.36 (KHTML, like Gecko) Chrome/120.0.0.0 Safari/537.36"
95.216.2.94 - - [15/Apr/2026:07:03:31 +0200] "GET /wp-content/themes/gridfocus/images/default_og_image.jpg HTTP/1.0" 200 278199 "-" "-"
20.200.222.0 - - [15/Apr/2026:07:03:31 +0200] "GET /fff.php HTTP/1.1" 404 24665 "-" "Mozilla/5.0 (Windows NT 10.0; Win64; x64) AppleWebKit/537.36 (KHTML, like Gecko) Chrome/120.0.0.0 Safari/537.36"
95.216.2.94 - - [15/Apr/2026:07:03:32 +0200] "GET /wp-content/themes/gridfocus/images/default_og_image.jpg HTTP/1.0" 200 278199 "-" "-"
20.200.222.0 - - [15/Apr/2026:07:03:32 +0200] "GET /ff1.php HTTP/1.1" 404 24665 "-" "Mozilla/5.0 (Windows NT 10.0; Win64; x64) AppleWebKit/537.36 (KHTML, like Gecko) Chrome/120.0.0.0 Safari/537.36"
95.216.2.94 - - [15/Apr/2026:07:03:33 +0200] "POST /wp-cron.php?doing_wp_cron=1776229413.8191900253295898437500 HTTP/1.1" 500 4080 "-" "WordPress/6.4.8; https://notes.rudomilov.ru"
95.216.2.94 - - [15/Apr/2026:07:03:33 +0200] "GET /wp-content/themes/gridfocus/images/default_og_image.jpg HTTP/1.0" 200 278199 "-" "-"
20.200.222.0 - - [15/Apr/2026:07:03:33 +0200] "GET /wp-themes.php HTTP/1.1" 404 24671 "-" "Mozilla/5.0 (Windows NT 10.0; Win64; x64) AppleWebKit/537.36 (KHTML, like Gecko) Chrome/120.0.0.0 Safari/537.36"
95.216.2.94 - - [15/Apr/2026:07:03:34 +0200] "GET /wp-content/themes/gridfocus/images/default_og_image.jpg HTTP/1.0" 200 278199 "-" "-"
20.200.222.0 - - [15/Apr/2026:07:03:34 +0200] "GET /content.php HTTP/1.1" 404 24669 "-" "Mozilla/5.0 (Windows NT 10.0; Win64; x64) AppleWebKit/537.36 (KHTML, like Gecko) Chrome/120.0.0.0 Safari/537.36"
95.216.2.94 - - [15/Apr/2026:07:03:36 +0200] "GET /wp-content/themes/gridfocus/images/default_og_image.jpg HTTP/1.0" 200 278199 "-" "-"
20.200.222.0 - - [15/Apr/2026:07:03:35 +0200] "GET /r.php HTTP/1.1" 404 24663 "-" "Mozilla/5.0 (Windows NT 10.0; Win64; x64) AppleWebKit/537.36 (KHTML, like Gecko) Chrome/120.0.0.0 Safari/537.36"
95.216.2.94 - - [15/Apr/2026:07:03:37 +0200] "GET /wp-content/themes/gridfocus/images/default_og_image.jpg HTTP/1.0" 200 278199 "-" "-"
20.200.222.0 - - [15/Apr/2026:07:03:36 +0200] "GET /w.php HTTP/1.1" 404 24663 "-" "Mozilla/5.0 (Windows NT 10.0; Win64; x64) AppleWebKit/537.36 (KHTML, like Gecko) Chrome/120.0.0.0 Safari/537.36"
95.216.2.94 - - [15/Apr/2026:07:03:38 +0200] "GET /wp-content/themes/gridfocus/images/default_og_image.jpg HTTP/1.0" 200 278199 "-" "-"
20.200.222.0 - - [15/Apr/2026:07:03:37 +0200] "GET /edit.php HTTP/1.1" 404 24666 "-" "Mozilla/5.0 (Windows NT 10.0; Win64; x64) AppleWebKit/537.36 (KHTML, like Gecko) Chrome/120.0.0.0 Safari/537.36"
95.216.2.94 - - [15/Apr/2026:07:03:39 +0200] "GET /wp-content/themes/gridfocus/images/default_og_image.jpg HTTP/1.0" 200 278199 "-" "-"
20.200.222.0 - - [15/Apr/2026:07:03:38 +0200] "GET /wp-blog.php HTTP/1.1" 404 24669 "-" "Mozilla/5.0 (Windows NT 10.0; Win64; x64) AppleWebKit/537.36 (KHTML, like Gecko) Chrome/120.0.0.0 Safari/537.36"
95.216.2.94 - - [15/Apr/2026:07:03:40 +0200] "GET /wp-content/themes/gridfocus/images/default_og_image.jpg HTTP/1.0" 200 278199 "-" "-"
20.200.222.0 - - [15/Apr/2026:07:03:39 +0200] "GET /10.php HTTP/1.1" 404 24664 "-" "Mozilla/5.0 (Windows NT 10.0; Win64; x64) AppleWebKit/537.36 (KHTML, like Gecko) Chrome/120.0.0.0 Safari/537.36"
95.216.2.94 - - [15/Apr/2026:07:03:41 +0200] "GET /wp-content/themes/gridfocus/images/default_og_image.jpg HTTP/1.0" 200 278199 "-" "-"
20.200.222.0 - - [15/Apr/2026:07:03:41 +0200] "GET /p.php HTTP/1.1" 404 24663 "-" "Mozilla/5.0 (Windows NT 10.0; Win64; x64) AppleWebKit/537.36 (KHTML, like Gecko) Chrome/120.0.0.0 Safari/537.36"
95.216.2.94 - - [15/Apr/2026:07:03:42 +0200] "GET /wp-content/themes/gridfocus/images/default_og_image.jpg HTTP/1.0" 200 278199 "-" "-"
20.200.222.0 - - [15/Apr/2026:07:03:42 +0200] "GET /hplfuns.php HTTP/1.1" 404 24669 "-" "Mozilla/5.0 (Windows NT 10.0; Win64; x64) AppleWebKit/537.36 (KHTML, like Gecko) Chrome/120.0.0.0 Safari/537.36"
95.216.2.94 - - [15/Apr/2026:07:03:43 +0200] "GET /wp-content/themes/gridfocus/images/default_og_image.jpg HTTP/1.0" 200 278199 "-" "-"
20.200.222.0 - - [15/Apr/2026:07:03:43 +0200] "GET /bless.php HTTP/1.1" 404 24667 "-" "Mozilla/5.0 (Windows NT 10.0; Win64; x64) AppleWebKit/537.36 (KHTML, like Gecko) Chrome/120.0.0.0 Safari/537.36"
95.216.2.94 - - [15/Apr/2026:07:03:44 +0200] "GET /wp-content/themes/gridfocus/images/default_og_image.jpg HTTP/1.0" 200 278199 "-" "-"
20.200.222.0 - - [15/Apr/2026:07:03:44 +0200] "GET /php.php HTTP/1.1" 404 24665 "-" "Mozilla/5.0 (Windows NT 10.0; Win64; x64) AppleWebKit/537.36 (KHTML, like Gecko) Chrome/120.0.0.0 Safari/537.36"
95.216.2.94 - - [15/Apr/2026:07:03:46 +0200] "GET /wp-content/themes/gridfocus/images/default_og_image.jpg HTTP/1.0" 200 278199 "-" "-"
20.200.222.0 - - [15/Apr/2026:07:03:45 +0200] "GET /chosen.php HTTP/1.1" 404 24668 "-" "Mozilla/5.0 (Windows NT 10.0; Win64; x64) AppleWebKit/537.36 (KHTML, like Gecko) Chrome/120.0.0.0 Safari/537.36"
95.216.2.94 - - [15/Apr/2026:07:03:47 +0200] "GET /wp-content/themes/gridfocus/images/default_og_image.jpg HTTP/1.0" 200 278199 "-" "-"
20.200.222.0 - - [15/Apr/2026:07:03:46 +0200] "GET /ioxi-o.php HTTP/1.1" 404 24668 "-" "Mozilla/5.0 (Windows NT 10.0; Win64; x64) AppleWebKit/537.36 (KHTML, like Gecko) Chrome/120.0.0.0 Safari/537.36"
95.216.2.94 - - [15/Apr/2026:07:03:48 +0200] "GET /wp-content/themes/gridfocus/images/default_og_image.jpg HTTP/1.0" 200 278199 "-" "-"
20.200.222.0 - - [15/Apr/2026:07:03:47 +0200] "GET /av.php HTTP/1.1" 404 24664 "-" "Mozilla/5.0 (Windows NT 10.0; Win64; x64) AppleWebKit/537.36 (KHTML, like Gecko) Chrome/120.0.0.0 Safari/537.36"
95.216.2.94 - - [15/Apr/2026:07:03:49 +0200] "GET /wp-content/themes/gridfocus/images/default_og_image.jpg HTTP/1.0" 200 278199 "-" "-"
20.200.222.0 - - [15/Apr/2026:07:03:48 +0200] "GET /doc.php HTTP/1.1" 404 24665 "-" "Mozilla/5.0 (Windows NT 10.0; Win64; x64) AppleWebKit/537.36 (KHTML, like Gecko) Chrome/120.0.0.0 Safari/537.36"
95.216.2.94 - - [15/Apr/2026:07:03:50 +0200] "GET /wp-content/themes/gridfocus/images/default_og_image.jpg HTTP/1.0" 200 278199 "-" "-"
20.200.222.0 - - [15/Apr/2026:07:03:49 +0200] "GET /elp.php HTTP/1.1" 404 24665 "-" "Mozilla/5.0 (Windows NT 10.0; Win64; x64) AppleWebKit/537.36 (KHTML, like Gecko) Chrome/120.0.0.0 Safari/537.36"
95.216.2.94 - - [15/Apr/2026:07:03:51 +0200] "GET /wp-content/themes/gridfocus/images/default_og_image.jpg HTTP/1.0" 200 278199 "-" "-"
20.200.222.0 - - [15/Apr/2026:07:03:51 +0200] "GET /wp-user.php HTTP/1.1" 404 24669 "-" "Mozilla/5.0 (Windows NT 10.0; Win64; x64) AppleWebKit/537.36 (KHTML, like Gecko) Chrome/120.0.0.0 Safari/537.36"
95.216.2.94 - - [15/Apr/2026:07:03:52 +0200] "GET /wp-content/themes/gridfocus/images/default_og_image.jpg HTTP/1.0" 200 278199 "-" "-"
20.200.222.0 - - [15/Apr/2026:07:03:52 +0200] "GET /root.php HTTP/1.1" 404 24666 "-" "Mozilla/5.0 (Windows NT 10.0; Win64; x64) AppleWebKit/537.36 (KHTML, like Gecko) Chrome/120.0.0.0 Safari/537.36"
95.216.2.94 - - [15/Apr/2026:07:03:53 +0200] "GET /wp-content/themes/gridfocus/images/default_og_image.jpg HTTP/1.0" 200 278199 "-" "-"
20.200.222.0 - - [15/Apr/2026:07:03:53 +0200] "GET /alfa.php HTTP/1.1" 404 24666 "-" "Mozilla/5.0 (Windows NT 10.0; Win64; x64) AppleWebKit/537.36 (KHTML, like Gecko) Chrome/120.0.0.0 Safari/537.36"
95.216.2.94 - - [15/Apr/2026:07:03:55 +0200] "GET /wp-content/themes/gridfocus/images/default_og_image.jpg HTTP/1.0" 200 278199 "-" "-"
20.200.222.0 - - [15/Apr/2026:07:03:54 +0200] "GET /autoload_classmap.php HTTP/1.1" 404 24679 "-" "Mozilla/5.0 (Windows NT 10.0; Win64; x64) AppleWebKit/537.36 (KHTML, like Gecko) Chrome/120.0.0.0 Safari/537.36"
95.216.2.94 - - [15/Apr/2026:07:03:56 +0200] "GET /wp-content/themes/gridfocus/images/default_og_image.jpg HTTP/1.0" 200 278199 "-" "-"
20.200.222.0 - - [15/Apr/2026:07:03:55 +0200] "GET /file.php HTTP/1.1" 404 24666 "-" "Mozilla/5.0 (Windows NT 10.0; Win64; x64) AppleWebKit/537.36 (KHTML, like Gecko) Chrome/120.0.0.0 Safari/537.36"
95.216.2.94 - - [15/Apr/2026:07:03:57 +0200] "GET /wp-content/themes/gridfocus/images/default_og_image.jpg HTTP/1.0" 200 278199 "-" "-"
20.200.222.0 - - [15/Apr/2026:07:03:56 +0200] "GET /new.php HTTP/1.1" 404 24665 "-" "Mozilla/5.0 (Windows NT 10.0; Win64; x64) AppleWebKit/537.36 (KHTML, like Gecko) Chrome/120.0.0.0 Safari/537.36"
95.216.2.94 - - [15/Apr/2026:07:03:58 +0200] "GET /wp-content/themes/gridfocus/images/default_og_image.jpg HTTP/1.0" 200 278199 "-" "-"
20.200.222.0 - - [15/Apr/2026:07:03:57 +0200] "GET /ioxi-o.php HTTP/1.1" 404 24668 "-" "Mozilla/5.0 (Windows NT 10.0; Win64; x64) AppleWebKit/537.36 (KHTML, like Gecko) Chrome/120.0.0.0 Safari/537.36"
95.216.2.94 - - [15/Apr/2026:07:03:59 +0200] "GET /wp-content/themes/gridfocus/images/default_og_image.jpg HTTP/1.0" 200 278199 "-" "-"
20.200.222.0 - - [15/Apr/2026:07:03:58 +0200] "GET /mm.php HTTP/1.1" 404 24664 "-" "Mozilla/5.0 (Windows NT 10.0; Win64; x64) AppleWebKit/537.36 (KHTML, like Gecko) Chrome/120.0.0.0 Safari/537.36"
95.216.2.94 - - [15/Apr/2026:07:04:00 +0200] "GET /wp-content/themes/gridfocus/images/default_og_image.jpg HTTP/1.0" 200 278199 "-" "-"
20.200.222.0 - - [15/Apr/2026:07:04:00 +0200] "GET /oxshell.php HTTP/1.1" 404 24669 "-" "Mozilla/5.0 (Windows NT 10.0; Win64; x64) AppleWebKit/537.36 (KHTML, like Gecko) Chrome/120.0.0.0 Safari/537.36"
95.216.2.94 - - [15/Apr/2026:07:04:01 +0200] "GET /wp-content/themes/gridfocus/images/default_og_image.jpg HTTP/1.0" 200 278199 "-" "-"
20.200.222.0 - - [15/Apr/2026:07:04:01 +0200] "GET /load.php HTTP/1.1" 404 24666 "-" "Mozilla/5.0 (Windows NT 10.0; Win64; x64) AppleWebKit/537.36 (KHTML, like Gecko) Chrome/120.0.0.0 Safari/537.36"
95.216.2.94 - - [15/Apr/2026:07:04:02 +0200] "GET /wp-content/themes/gridfocus/images/default_og_image.jpg HTTP/1.0" 200 278199 "-" "-"
20.200.222.0 - - [15/Apr/2026:07:04:02 +0200] "GET /k.php HTTP/1.1" 404 24663 "-" "Mozilla/5.0 (Windows NT 10.0; Win64; x64) AppleWebKit/537.36 (KHTML, like Gecko) Chrome/120.0.0.0 Safari/537.36"
95.216.2.94 - - [15/Apr/2026:07:04:03 +0200] "GET /wp-content/themes/gridfocus/images/default_og_image.jpg HTTP/1.0" 200 278199 "-" "-"
20.200.222.0 - - [15/Apr/2026:07:04:03 +0200] "GET /atomlib.php HTTP/1.1" 404 24669 "-" "Mozilla/5.0 (Windows NT 10.0; Win64; x64) AppleWebKit/537.36 (KHTML, like Gecko) Chrome/120.0.0.0 Safari/537.36"
95.216.2.94 - - [15/Apr/2026:07:04:05 +0200] "GET /wp-content/themes/gridfocus/images/default_og_image.jpg HTTP/1.0" 200 278199 "-" "-"
20.200.222.0 - - [15/Apr/2026:07:04:04 +0200] "GET /buy.php HTTP/1.1" 404 24665 "-" "Mozilla/5.0 (Windows NT 10.0; Win64; x64) AppleWebKit/537.36 (KHTML, like Gecko) Chrome/120.0.0.0 Safari/537.36"
95.216.2.94 - - [15/Apr/2026:07:04:06 +0200] "GET /wp-content/themes/gridfocus/images/default_og_image.jpg HTTP/1.0" 200 278199 "-" "-"
20.200.222.0 - - [15/Apr/2026:07:04:05 +0200] "GET /info.php HTTP/1.1" 404 24666 "-" "Mozilla/5.0 (Windows NT 10.0; Win64; x64) AppleWebKit/537.36 (KHTML, like Gecko) Chrome/120.0.0.0 Safari/537.36"
95.216.2.94 - - [15/Apr/2026:07:04:07 +0200] "GET /wp-content/themes/gridfocus/images/default_og_image.jpg HTTP/1.0" 200 278199 "-" "-"
20.200.222.0 - - [15/Apr/2026:07:04:06 +0200] "GET /goods.php HTTP/1.1" 404 24667 "-" "Mozilla/5.0 (Windows NT 10.0; Win64; x64) AppleWebKit/537.36 (KHTML, like Gecko) Chrome/120.0.0.0 Safari/537.36"
95.216.2.94 - - [15/Apr/2026:07:04:08 +0200] "GET /wp-content/themes/gridfocus/images/default_og_image.jpg HTTP/1.0" 200 278199 "-" "-"
20.200.222.0 - - [15/Apr/2026:07:04:07 +0200] "GET /setup-config.php HTTP/1.1" 404 24674 "-" "Mozilla/5.0 (Windows NT 10.0; Win64; x64) AppleWebKit/537.36 (KHTML, like Gecko) Chrome/120.0.0.0 Safari/537.36"
95.216.2.94 - - [15/Apr/2026:07:04:09 +0200] "GET /wp-content/themes/gridfocus/images/default_og_image.jpg HTTP/1.0" 200 278199 "-" "-"
20.200.222.0 - - [15/Apr/2026:07:04:08 +0200] "GET /ss.php HTTP/1.1" 404 24664 "-" "Mozilla/5.0 (Windows NT 10.0; Win64; x64) AppleWebKit/537.36 (KHTML, like Gecko) Chrome/120.0.0.0 Safari/537.36"
20.200.222.0 - - [15/Apr/2026:07:04:10 +0200] "GET /xmlrpc.php HTTP/1.1" 500 297 "-" "Mozilla/5.0 (Windows NT 10.0; Win64; x64) AppleWebKit/537.36 (KHTML, like Gecko) Chrome/120.0.0.0 Safari/537.36"
95.216.2.94 - - [15/Apr/2026:07:04:11 +0200] "GET /wp-content/themes/gridfocus/images/default_og_image.jpg HTTP/1.0" 200 278199 "-" "-"
20.200.222.0 - - [15/Apr/2026:07:04:11 +0200] "GET /flower.php HTTP/1.1" 404 25217 "-" "Mozilla/5.0 (Windows NT 10.0; Win64; x64) AppleWebKit/537.36 (KHTML, like Gecko) Chrome/120.0.0.0 Safari/537.36"
95.216.2.94 - - [15/Apr/2026:07:04:13 +0200] "GET /wp-content/themes/gridfocus/images/default_og_image.jpg HTTP/1.0" 200 278199 "-" "-"
20.200.222.0 - - [15/Apr/2026:07:04:12 +0200] "GET /al.php HTTP/1.1" 404 24664 "-" "Mozilla/5.0 (Windows NT 10.0; Win64; x64) AppleWebKit/537.36 (KHTML, like Gecko) Chrome/120.0.0.0 Safari/537.36"
95.216.2.94 - - [15/Apr/2026:07:04:14 +0200] "GET /wp-content/themes/gridfocus/images/default_og_image.jpg HTTP/1.0" 200 278199 "-" "-"
20.200.222.0 - - [15/Apr/2026:07:04:13 +0200] "GET /vv.php HTTP/1.1" 404 24664 "-" "Mozilla/5.0 (Windows NT 10.0; Win64; x64) AppleWebKit/537.36 (KHTML, like Gecko) Chrome/120.0.0.0 Safari/537.36"
95.216.2.94 - - [15/Apr/2026:07:04:15 +0200] "GET /wp-content/themes/gridfocus/images/default_og_image.jpg HTTP/1.0" 200 278199 "-" "-"
20.200.222.0 - - [15/Apr/2026:07:04:14 +0200] "GET /wp-signin.php HTTP/1.1" 404 24671 "-" "Mozilla/5.0 (Windows NT 10.0; Win64; x64) AppleWebKit/537.36 (KHTML, like Gecko) Chrome/120.0.0.0 Safari/537.36"
95.216.2.94 - - [15/Apr/2026:07:04:16 +0200] "GET /wp-content/themes/gridfocus/images/default_og_image.jpg HTTP/1.0" 200 278199 "-" "-"
20.200.222.0 - - [15/Apr/2026:07:04:15 +0200] "GET /wsa.php HTTP/1.1" 404 24665 "-" "Mozilla/5.0 (Windows NT 10.0; Win64; x64) AppleWebKit/537.36 (KHTML, like Gecko) Chrome/120.0.0.0 Safari/537.36"
95.216.2.94 - - [15/Apr/2026:07:04:42 +0200] "POST /wp-cron.php?doing_wp_cron=1776229482.0783500671386718750000 HTTP/1.1" 500 199 "-" "WordPress/6.4.8; https://notes.rudomilov.ru"
37.59.21.100 - - [15/Apr/2026:07:04:41 +0200] "GET /2006/12/25/sots-seti/feed/ HTTP/1.1" 200 2162 "-" "Mozilla/5.0 (X11; Linux i686) AppleWebKit/537.36 (KHTML, like Gecko) Chrome/30.0.1599.66 Safari/537.36"
95.216.2.94 - - [15/Apr/2026:07:05:55 +0200] "POST /wp-cron.php?doing_wp_cron=1776229555.8690700531005859375000 HTTP/1.1" 500 199 "-" "WordPress/6.4.8; https://notes.rudomilov.ru"
37.59.21.100 - - [15/Apr/2026:07:05:55 +0200] "GET /2008/11/28/informer-ie/feed/ HTTP/1.1" 200 7906 "-" "Mozilla/5.0 (X11; Linux i686) AppleWebKit/537.36 (KHTML, like Gecko) Chrome/30.0.1599.66 Safari/537.36"
95.216.2.94 - - [15/Apr/2026:07:09:48 +0200] "POST /wp-cron.php?doing_wp_cron=1776229788.4922161102294921875000 HTTP/1.1" 500 4080 "-" "WordPress/6.4.8; https://notes.rudomilov.ru"
95.216.2.94 - - [15/Apr/2026:07:09:48 +0200] "GET /wp-content/themes/gridfocus/images/default_og_image.jpg HTTP/1.0" 200 278199 "-" "-"
57.141.20.55 - - [15/Apr/2026:07:09:47 +0200] "GET /tag/cwr/ HTTP/1.1" 200 42304 "-" "meta-externalagent/1.1 (+https://developers.facebook.com/docs/sharing/webmasters/crawler)"
95.216.2.94 - - [15/Apr/2026:07:12:14 +0200] "POST /wp-cron.php?doing_wp_cron=1776229934.9756290912628173828125 HTTP/1.1" 500 4080 "-" "WordPress/6.4.8; https://notes.rudomilov.ru"
104.28.154.247 - - [15/Apr/2026:07:12:14 +0200] "GET /?p=209 HTTP/1.1" 301 4273 "-" "Mozilla/5.0 (Linux; Android 10; SM-A715F) AppleWebKit/537.36 (KHTML, like Gecko) Chrome/122.0.6261.94 Mobile Safari/537.36 EdgA/122.0.2365.65"
95.216.2.94 - - [15/Apr/2026:07:12:16 +0200] "GET /wp-content/uploads/2007/12/svc_error1.jpg HTTP/1.0" 200 46154 "-" "-"
95.216.2.94 - - [15/Apr/2026:07:12:16 +0200] "GET /wp-content/uploads/2007/12/svc_kis_1.gif HTTP/1.0" 200 20911 "-" "-"
95.216.2.94 - - [15/Apr/2026:07:12:16 +0200] "GET /wp-content/uploads/2007/12/svc_kis_2.gif HTTP/1.0" 200 19724 "-" "-"
95.216.2.94 - - [15/Apr/2026:07:12:16 +0200] "GET /wp-content/uploads/2007/12/svc_kis_3.gif HTTP/1.0" 200 13835 "-" "-"
95.216.2.94 - - [15/Apr/2026:07:12:16 +0200] "GET /wp-content/uploads/2007/12/svc_utorrent.gif HTTP/1.0" 200 18718 "-" "-"
95.216.2.94 - - [15/Apr/2026:07:12:16 +0200] "GET /wp-content/uploads/2007/12/svc_utorrent.gif HTTP/1.0" 200 18718 "-" "-"
104.28.154.247 - - [15/Apr/2026:07:12:15 +0200] "GET /2007/12/07/problemyi-s-generic-host-process/ HTTP/1.1" 200 19149 "-" "Mozilla/5.0 (Linux; Android 10; SM-A715F) AppleWebKit/537.36 (KHTML, like Gecko) Chrome/122.0.6261.94 Mobile Safari/537.36 EdgA/122.0.2365.65"
95.216.2.94 - - [15/Apr/2026:07:12:22 +0200] "GET /wp-content/uploads/2008/11/torrents.gif HTTP/1.0" 200 16346 "-" "-"
95.216.2.94 - - [15/Apr/2026:07:12:22 +0200] "GET /wp-content/themes/gridfocus/images/default_og_image.jpg HTTP/1.0" 200 278199 "-" "-"
14.233.87.188 - - [15/Apr/2026:07:12:22 +0200] "GET /2008/06/11/torrent-trackers/comment-page-13/?replytocom=98385 HTTP/1.1" 200 19951 "-" "Mozilla/5.0 (Windows NT 6.1; WOW64) AppleWebKit/537.36 (KHTML, like Gecko) Chrome/94.0.4606.81 Safari/537.36"
95.216.2.94 - - [15/Apr/2026:07:15:03 +0200] "POST /wp-cron.php?doing_wp_cron=1776230103.6677660942077636718750 HTTP/1.1" 500 4080 "-" "WordPress/6.4.8; https://notes.rudomilov.ru"
95.216.2.94 - - [15/Apr/2026:07:15:03 +0200] "GET /wp-content/uploads/2008/11/solution_0.png HTTP/1.0" 200 12873 "-" "-"
95.216.2.94 - - [15/Apr/2026:07:15:03 +0200] "GET /wp-content/uploads/2008/11/solution_2.png HTTP/1.0" 200 9951 "-" "-"
95.216.2.94 - - [15/Apr/2026:07:15:03 +0200] "GET /wp-content/uploads/2008/11/solution_3.gif HTTP/1.0" 200 28376 "-" "-"
95.216.2.94 - - [15/Apr/2026:07:15:03 +0200] "GET /wp-content/uploads/2008/11/solution_all.thumbnail.gif HTTP/1.0" 200 30890 "-" "-"
95.216.2.94 - - [15/Apr/2026:07:15:03 +0200] "GET /wp-content/uploads/2008/11/solution_all.gif HTTP/1.0" 200 100419 "-" "-"
95.216.2.94 - - [15/Apr/2026:07:15:03 +0200] "GET /wp-content/uploads/2008/11/solution_all.gif HTTP/1.0" 200 100419 "-" "-"
178.20.44.82 - - [15/Apr/2026:07:15:03 +0200] "GET /2008/11/28/informer-ie/comment-page-7/ HTTP/1.0" 200 88298 "https://notes.rudomilov.ru/2008/11/28/informer-ie/comment-page-7/#comment-853743" "Mozilla/5.0 (Windows NT 10.0; Win64; x64) AppleWebKit/537.36 (KHTML, like Gecko) Chrome/129.0.0.0 Safari/537.36"
