95.216.2.94 - - [15/Apr/2026:08:14:02 +0200] "GET /wp-content/themes/gridfocus/images/default_og_image.jpg HTTP/1.0" 200 278199 "-" "-"
45.131.195.120 - - [15/Apr/2026:08:14:01 +0200] "GET /adminfuns.php7 HTTP/1.1" 404 24392 "-" "Mozilla/5.0 (Windows NT 10.0; Win64; x64; rv:71.0) Gecko/20100101 Firefox/71.0"
52.243.57.116 - - [15/Apr/2026:08:14:01 +0200] "GET /albin.php HTTP/1.1" 301 496 "-" "Mozilla/5.0 (Windows NT 10.0; Win64; x64) AppleWebKit/537.36 (KHTML, like Gecko) Chrome/120.0.0.0 Safari/537.36"
95.216.2.94 - - [15/Apr/2026:08:14:02 +0200] "GET /wp-content/themes/gridfocus/images/default_og_image.jpg HTTP/1.0" 200 278199 "-" "-"
45.131.195.120 - - [15/Apr/2026:08:14:02 +0200] "GET /wp-admin/images/about.php HTTP/1.1" 404 24403 "-" "Mozilla/5.0 (compatible; MSIE 10.0; Windows NT 6.1; Trident/6.0)"
52.243.57.116 - - [15/Apr/2026:08:14:02 +0200] "GET /alfa.php HTTP/1.1" 301 495 "-" "Mozilla/5.0 (Windows NT 10.0; Win64; x64) AppleWebKit/537.36 (KHTML, like Gecko) Chrome/120.0.0.0 Safari/537.36"
95.216.2.94 - - [15/Apr/2026:08:14:03 +0200] "GET /wp-content/themes/gridfocus/images/default_og_image.jpg HTTP/1.0" 200 278199 "-" "-"
45.131.195.120 - - [15/Apr/2026:08:14:03 +0200] "GET /ini.php HTTP/1.1" 404 24385 "-" "Mozilla/5.0 (Windows NT 10.0; Win64; x64) AppleWebKit/537.36 (KHTML, like Gecko) Chrome/79.0.3945.79 Safari/537.36"
52.243.57.116 - - [15/Apr/2026:08:14:03 +0200] "GET /autoload_classmap.php HTTP/1.1" 301 508 "-" "Mozilla/5.0 (Windows NT 10.0; Win64; x64) AppleWebKit/537.36 (KHTML, like Gecko) Chrome/120.0.0.0 Safari/537.36"
95.216.2.94 - - [15/Apr/2026:08:14:04 +0200] "GET /wp-content/themes/gridfocus/images/default_og_image.jpg HTTP/1.0" 200 278199 "-" "-"
45.131.195.120 - - [15/Apr/2026:08:14:03 +0200] "GET /wp-admin/css/colors/coffee/cloud.php HTTP/1.1" 404 24414 "-" "Mozilla/5.0 (Windows NT 10.0; Win64; x64) AppleWebKit/537.36 (KHTML, like Gecko) Chrome/84.0.4147.105 Safari/537.36"
52.243.57.116 - - [15/Apr/2026:08:14:04 +0200] "GET /av.php HTTP/1.1" 301 493 "-" "Mozilla/5.0 (Windows NT 10.0; Win64; x64) AppleWebKit/537.36 (KHTML, like Gecko) Chrome/120.0.0.0 Safari/537.36"
45.131.195.120 - - [15/Apr/2026:08:14:04 +0200] "GET /wp-includes/blocks/calendar/index.php HTTP/1.1" 301 361 "-" "Mozilla/5.0 (Windows NT 10.0; Win64; x64) AppleWebKit/537.36 (KHTML, like Gecko) Chrome/79.0.3945.130 Safari/537.36"
52.243.57.116 - - [15/Apr/2026:08:14:05 +0200] "GET /dragonshell.php HTTP/1.1" 301 502 "-" "Mozilla/5.0 (Windows NT 10.0; Win64; x64) AppleWebKit/537.36 (KHTML, like Gecko) Chrome/120.0.0.0 Safari/537.36"
95.216.2.94 - - [15/Apr/2026:08:14:06 +0200] "GET /wp-content/themes/gridfocus/images/default_og_image.jpg HTTP/1.0" 200 278199 "-" "-"
45.131.195.120 - - [15/Apr/2026:08:14:05 +0200] "GET /wp-content/plugins/fix/up.php HTTP/1.1" 404 24407 "-" "Mozilla/5.0 (Windows NT 10.0; Win64; x64) AppleWebKit/537.36 (KHTML, like Gecko) Chrome/70.0.3538.110 Safari/537.36"
45.131.195.120 - - [15/Apr/2026:08:14:06 +0200] "GET /.well-known/acme-challenge/atomlib.php HTTP/1.1" 404 441 "-" "Mozilla/5.0 (Windows NT 6.1; Win64; x64) AppleWebKit/537.36 (KHTML, like Gecko) Chrome/74.0.3729.169 Safari/537.36"
52.243.57.116 - - [15/Apr/2026:08:14:06 +0200] "GET /f35.php HTTP/1.1" 301 494 "-" "Mozilla/5.0 (Windows NT 10.0; Win64; x64) AppleWebKit/537.36 (KHTML, like Gecko) Chrome/120.0.0.0 Safari/537.36"
95.216.2.94 - - [15/Apr/2026:08:14:07 +0200] "GET /wp-content/themes/gridfocus/images/default_og_image.jpg HTTP/1.0" 200 278199 "-" "-"
45.131.195.120 - - [15/Apr/2026:08:14:06 +0200] "GET /wp-admin/js/instaall.php HTTP/1.1" 404 24402 "-" "Mozilla/5.0 (Windows NT 10.0; Win64; x64) AppleWebKit/537.36 (KHTML, like Gecko) Chrome/81.0.4044.129 Safari/537.36"
52.243.57.116 - - [15/Apr/2026:08:14:07 +0200] "GET /gg.php HTTP/1.1" 301 493 "-" "Mozilla/5.0 (Windows NT 10.0; Win64; x64) AppleWebKit/537.36 (KHTML, like Gecko) Chrome/120.0.0.0 Safari/537.36"
95.216.2.94 - - [15/Apr/2026:08:14:08 +0200] "GET /wp-content/themes/gridfocus/images/default_og_image.jpg HTTP/1.0" 200 278199 "-" "-"
45.131.195.120 - - [15/Apr/2026:08:14:07 +0200] "GET /wp-includes/function.php HTTP/1.1" 404 24402 "-" "Mozilla/5.0 (Macintosh; Intel Mac OS X 10_12_6) AppleWebKit/537.36 (KHTML, like Gecko) Chrome/58.0.3029.110 Safari/537.3"
52.243.57.116 - - [15/Apr/2026:08:14:07 +0200] "GET /gifclass.php HTTP/1.1" 301 499 "-" "Mozilla/5.0 (Windows NT 10.0; Win64; x64) AppleWebKit/537.36 (KHTML, like Gecko) Chrome/120.0.0.0 Safari/537.36"
95.216.2.94 - - [15/Apr/2026:08:14:08 +0200] "GET /wp-content/themes/gridfocus/images/default_og_image.jpg HTTP/1.0" 200 278199 "-" "-"
45.131.195.120 - - [15/Apr/2026:08:14:08 +0200] "GET /wp-includes/plugins.php HTTP/1.1" 404 24401 "-" "Mozilla/5.0 (Windows NT 10.0; Win64; x64) AppleWebKit/537.36 (KHTML, like Gecko) Chrome/77.0.3865.90 Safari/537.36"
52.243.57.116 - - [15/Apr/2026:08:14:08 +0200] "GET /sql.php HTTP/1.1" 301 494 "-" "Mozilla/5.0 (Windows NT 10.0; Win64; x64) AppleWebKit/537.36 (KHTML, like Gecko) Chrome/120.0.0.0 Safari/537.36"
95.216.2.94 - - [15/Apr/2026:08:14:09 +0200] "GET /wp-content/themes/gridfocus/images/default_og_image.jpg HTTP/1.0" 200 278199 "-" "-"
45.131.195.120 - - [15/Apr/2026:08:14:09 +0200] "GET /wp-content/plugins/atomlib.php HTTP/1.1" 404 24408 "-" "Mozilla/5.0 (Windows NT 10.0; Win64; x64; rv:75.0) Gecko/20100101 Firefox/75.0"
52.243.57.116 - - [15/Apr/2026:08:14:09 +0200] "GET /up.php HTTP/1.1" 301 493 "-" "Mozilla/5.0 (Windows NT 10.0; Win64; x64) AppleWebKit/537.36 (KHTML, like Gecko) Chrome/120.0.0.0 Safari/537.36"
95.216.2.94 - - [15/Apr/2026:08:14:10 +0200] "GET /wp-content/themes/gridfocus/images/default_og_image.jpg HTTP/1.0" 200 278199 "-" "-"
45.131.195.120 - - [15/Apr/2026:08:14:09 +0200] "GET /wp-content.php HTTP/1.1" 404 24392 "-" "Mozilla/5.0 (Windows NT 10.0; Win64; x64) AppleWebKit/537.36 (KHTML, like Gecko) Chrome/77.0.3865.90 Safari/537.36"
52.243.57.116 - - [15/Apr/2026:08:14:10 +0200] "GET /wp-admin/css/colors/blue/index.php HTTP/1.1" 301 512 "-" "Mozilla/5.0 (Windows NT 10.0; Win64; x64) AppleWebKit/537.36 (KHTML, like Gecko) Chrome/120.0.0.0 Safari/537.36"
95.216.2.94 - - [15/Apr/2026:08:14:11 +0200] "GET /wp-content/themes/gridfocus/images/default_og_image.jpg HTTP/1.0" 200 278199 "-" "-"
45.131.195.120 - - [15/Apr/2026:08:14:10 +0200] "GET /wp-includes/css/chosen.php HTTP/1.1" 404 24404 "-" "Mozilla/5.0 (X11; Fedora; Linux x86_64; rv:79.0) Gecko/20100101 Firefox/79.0"
52.243.57.116 - - [15/Apr/2026:08:14:11 +0200] "GET /wp-admin/js/index.php HTTP/1.1" 301 499 "-" "Mozilla/5.0 (Windows NT 10.0; Win64; x64) AppleWebKit/537.36 (KHTML, like Gecko) Chrome/120.0.0.0 Safari/537.36"
95.216.2.94 - - [15/Apr/2026:08:14:12 +0200] "GET /wp-content/themes/gridfocus/images/default_og_image.jpg HTTP/1.0" 200 278199 "-" "-"
45.131.195.120 - - [15/Apr/2026:08:14:11 +0200] "GET /wp-includes/Text/Diff/Renderer/about.php HTTP/1.1" 404 24418 "-" "Mozilla/5.0 (Windows NT 6.1; Win64; x64) AppleWebKit/537.36 (KHTML, like Gecko) Chrome/78.0.3904.108 Safari/537.36"
52.243.57.116 - - [15/Apr/2026:08:14:12 +0200] "GET /wp-p2r3q9c8k4.php HTTP/1.1" 301 504 "-" "Mozilla/5.0 (Windows NT 10.0; Win64; x64) AppleWebKit/537.36 (KHTML, like Gecko) Chrome/120.0.0.0 Safari/537.36"
45.131.195.120 - - [15/Apr/2026:08:14:12 +0200] "GET /wp-admin/network/index.php HTTP/1.1" 302 348 "-" "Mozilla/5.0 (Windows NT 10.0; Win64; x64) AppleWebKit/537.36 (KHTML, like Gecko) Chrome/80.0.3987.149 Safari/537.36"
95.216.2.94 - - [15/Apr/2026:08:14:13 +0200] "GET /wp-content/themes/gridfocus/images/default_og_image.jpg HTTP/1.0" 200 278199 "-" "-"
45.131.195.120 - - [15/Apr/2026:08:14:13 +0200] "GET /wp-admin/css/colors/light/about.php HTTP/1.1" 404 24413 "-" "Mozilla/5.0 (Windows NT 10.0; Win64; x64) AppleWebKit/537.36 (KHTML, like Gecko) Chrome/74.0.3729.169 Safari/537.36"
95.216.2.94 - - [15/Apr/2026:08:14:14 +0200] "GET /wp-content/themes/gridfocus/images/default_og_image.jpg HTTP/1.0" 200 278199 "-" "-"
45.131.195.120 - - [15/Apr/2026:08:14:14 +0200] "GET /customize.php HTTP/1.1" 404 24391 "-" "Mozilla/5.0 (Windows NT 10.0; WOW64; x64) AppleWebKit/537.36 (KHTML, like Gecko) Chrome/84.0.4147.105 Safari/537.36 OPR/70.0.3728.95"
95.216.2.94 - - [15/Apr/2026:08:14:15 +0200] "GET /wp-content/themes/gridfocus/images/default_og_image.jpg HTTP/1.0" 200 278199 "-" "-"
45.131.195.120 - - [15/Apr/2026:08:14:14 +0200] "GET /license.php HTTP/1.1" 404 24389 "-" "Mozilla/5.0 (Windows NT 10.0; Win64; x64) AppleWebKit/537.36 (KHTML, like Gecko) Chrome/58.0.3029.110 Safari/537.3"
95.216.2.94 - - [15/Apr/2026:08:14:16 +0200] "GET /wp-content/themes/gridfocus/images/default_og_image.jpg HTTP/1.0" 200 278199 "-" "-"
45.131.195.120 - - [15/Apr/2026:08:14:15 +0200] "GET /wp-content/languages/autoload_classmap.php HTTP/1.1" 404 24420 "-" "Mozilla/5.0 (Macintosh; Intel Mac OS X 10_12_6) AppleWebKit/537.36 (KHTML, like Gecko) Chrome/58.0.3029.110 Safari/537.3"
95.216.2.94 - - [15/Apr/2026:08:14:17 +0200] "GET /wp-content/themes/gridfocus/images/default_og_image.jpg HTTP/1.0" 200 278199 "-" "-"
45.131.195.120 - - [15/Apr/2026:08:14:16 +0200] "GET /lock.php HTTP/1.1" 404 24386 "-" "Mozilla/5.0 (Windows NT 10.0; Win64; x64) AppleWebKit/537.36 (KHTML, like Gecko) Chrome/83.0.4103.97 Safari/537.36"
95.216.2.94 - - [15/Apr/2026:08:14:18 +0200] "GET /wp-content/themes/gridfocus/images/default_og_image.jpg HTTP/1.0" 200 278199 "-" "-"
45.131.195.120 - - [15/Apr/2026:08:14:17 +0200] "GET /wp-admin/css/colors/blue/gold.php HTTP/1.1" 404 24411 "-" "Mozilla/5.0 (Windows NT 10.0; Win64; x64) AppleWebKit/537.36 (KHTML, like Gecko) Chrome/83.0.4103.61 Safari/537.36"
45.131.195.120 - - [15/Apr/2026:08:14:18 +0200] "GET /wp-includes/atomlib.php HTTP/1.1" 200 147 "-" "Mozilla/5.0 (Windows NT 10.0; WOW64; Trident/7.0; .NET4.0C; .NET4.0E; .NET CLR 2.0.50727; .NET CLR 3.0.30729; .NET CLR 3.5.30729; rv:11.0) like Gecko"
45.131.195.120 - - [15/Apr/2026:08:14:18 +0200] "GET /wp-includes/rest-api/index.php HTTP/1.1" 301 354 "-" "Mozilla/5.0 (Windows NT 10.0; Win64; x64) AppleWebKit/537.36 (KHTML, like Gecko) Chrome/70.0.3538.77 Safari/537.36"
95.216.2.94 - - [15/Apr/2026:08:14:19 +0200] "GET /wp-content/themes/gridfocus/images/default_og_image.jpg HTTP/1.0" 200 278199 "-" "-"
45.131.195.120 - - [15/Apr/2026:08:14:19 +0200] "GET /.well-known/about.php HTTP/1.1" 404 24399 "-" "Mozilla/5.0 (Windows NT 10.0; Win64; x64) AppleWebKit/537.36 (KHTML, like Gecko) Chrome/77.0.3865.90 Safari/537.36"
95.216.2.94 - - [15/Apr/2026:08:14:20 +0200] "GET /wp-content/themes/gridfocus/images/default_og_image.jpg HTTP/1.0" 200 278199 "-" "-"
45.131.195.120 - - [15/Apr/2026:08:14:19 +0200] "GET /.well-known/wincust.php HTTP/1.1" 404 24401 "-" "Mozilla/5.0 (X11; Linux i686; rv:79.0) Gecko/20100101 Firefox/79.0"
95.216.2.94 - - [15/Apr/2026:08:14:21 +0200] "GET /wp-content/themes/gridfocus/images/default_og_image.jpg HTTP/1.0" 200 278199 "-" "-"
45.131.195.120 - - [15/Apr/2026:08:14:20 +0200] "GET /wp-admin/css/colors/light/alfa-rex.php HTTP/1.1" 404 24416 "-" "Mozilla/5.0 (Windows NT 10.0; WOW64) AppleWebKit/537.36 (KHTML, like Gecko) Chrome/84.0.4147.105 Safari/537.36"
95.216.2.94 - - [15/Apr/2026:08:14:22 +0200] "GET /wp-content/themes/gridfocus/images/default_og_image.jpg HTTP/1.0" 200 278199 "-" "-"
45.131.195.120 - - [15/Apr/2026:08:14:21 +0200] "GET /wp-good.php HTTP/1.1" 404 24389 "-" "Mozilla/5.0 (Windows NT 10.0; Win64; x64) AppleWebKit/537.36 (KHTML, like Gecko) Chrome/79.0.3945.130 Safari/537.36"
45.131.195.120 - - [15/Apr/2026:08:14:22 +0200] "GET /wp-includes/index.php HTTP/1.1" 301 345 "-" "Mozilla/5.0 (Windows NT 10.0; Win64; x64) AppleWebKit/537.36 (KHTML, like Gecko) Chrome/69.0.3497.100 Safari/537.36"
95.216.2.94 - - [15/Apr/2026:08:14:23 +0200] "GET /wp-content/themes/gridfocus/images/default_og_image.jpg HTTP/1.0" 200 278199 "-" "-"
45.131.195.120 - - [15/Apr/2026:08:14:23 +0200] "GET /wp-includes/style-engine/wp-conflg.php HTTP/1.1" 404 24416 "-" "Mozilla/5.0 (Windows NT 6.1; Win64; x64) AppleWebKit/537.36 (KHTML, like Gecko) Chrome/80.0.3987.149 Safari/537.36"
95.216.2.94 - - [15/Apr/2026:08:14:24 +0200] "GET /wp-content/themes/gridfocus/images/default_og_image.jpg HTTP/1.0" 200 278199 "-" "-"
45.131.195.120 - - [15/Apr/2026:08:14:23 +0200] "GET /wp-includes/assets/autoload_classmap.php HTTP/1.1" 404 24418 "-" "Mozilla/5.0 (Windows NT 10.0; Win64; x64) AppleWebKit/537.36 (KHTML, like Gecko) Chrome/77.0.3865.90 Safari/537.36"
95.216.2.94 - - [15/Apr/2026:08:14:25 +0200] "GET /wp-content/themes/gridfocus/images/default_og_image.jpg HTTP/1.0" 200 278199 "-" "-"
45.131.195.120 - - [15/Apr/2026:08:14:24 +0200] "GET /wp-content/themes/twentytwentyfour/about.php HTTP/1.1" 404 24422 "-" "Mozilla/5.0 (Windows NT 10.0; Win64; x64) AppleWebKit/537.36 (KHTML, like Gecko) Chrome/84.0.4147.105 Safari/537.36 OPR/70.0.3728.95"
95.216.2.94 - - [15/Apr/2026:08:14:26 +0200] "GET /wp-content/themes/gridfocus/images/default_og_image.jpg HTTP/1.0" 200 278199 "-" "-"
45.131.195.120 - - [15/Apr/2026:08:14:25 +0200] "GET /randkeyword.PhP7 HTTP/1.1" 404 24394 "-" "Mozilla/5.0 (Windows NT 10.0; Win64; x64) AppleWebKit/537.36 (KHTML, like Gecko) Chrome/69.0.3497.100 Safari/537.36"
95.216.2.94 - - [15/Apr/2026:08:14:27 +0200] "GET /wp-content/themes/gridfocus/images/default_og_image.jpg HTTP/1.0" 200 278199 "-" "-"
45.131.195.120 - - [15/Apr/2026:08:14:26 +0200] "GET /wp-admin/js/widgets/about.php HTTP/1.1" 404 24407 "-" "Mozilla/5.0 (Macintosh; Intel Mac OS X 10_15_6) AppleWebKit/537.36 (KHTML, like Gecko) Chrome/84.0.4147.125 Safari/537.36"
95.216.2.94 - - [15/Apr/2026:08:14:27 +0200] "GET /wp-content/themes/gridfocus/images/default_og_image.jpg HTTP/1.0" 200 278199 "-" "-"
45.131.195.120 - - [15/Apr/2026:08:14:27 +0200] "GET /fonts/database.php HTTP/1.1" 404 24396 "-" "Mozilla/5.0 (Windows NT 10.0; Win64; x64) AppleWebKit/537.36 (KHTML, like Gecko) Chrome/74.0.3729.169 Safari/537.36"
95.216.2.94 - - [15/Apr/2026:08:14:28 +0200] "GET /wp-content/themes/gridfocus/images/default_og_image.jpg HTTP/1.0" 200 278199 "-" "-"
45.131.195.120 - - [15/Apr/2026:08:14:28 +0200] "GET /ff2.php HTTP/1.1" 404 24385 "-" "Mozilla/5.0 (Macintosh; Intel Mac OS X 10_15_6) AppleWebKit/537.36 (KHTML, like Gecko) Chrome/84.0.4147.105 Safari/537.36 OPR/70.0.3728.95"
95.216.2.94 - - [15/Apr/2026:08:14:29 +0200] "GET /wp-content/themes/gridfocus/images/default_og_image.jpg HTTP/1.0" 200 278199 "-" "-"
45.131.195.120 - - [15/Apr/2026:08:14:28 +0200] "GET /wp-includes/SimplePie/Exception-wp.php HTTP/1.1" 404 24416 "-" "Mozilla/5.0 (Macintosh; Intel Mac OS X 10_15_6) AppleWebKit/537.36 (KHTML, like Gecko) Chrome/84.0.4147.105 Safari/537.36 OPR/70.0.3728.95"
95.216.2.94 - - [15/Apr/2026:08:14:30 +0200] "GET /wp-content/themes/gridfocus/images/default_og_image.jpg HTTP/1.0" 200 278199 "-" "-"
45.131.195.120 - - [15/Apr/2026:08:14:29 +0200] "GET /wp-admin/plugin.php HTTP/1.1" 404 24397 "-" "Mozilla/5.0 (Windows NT 10.0; Win64; x64) AppleWebKit/537.36 (KHTML, like Gecko) Chrome/69.0.3497.100 Safari/537.36"
95.216.2.94 - - [15/Apr/2026:08:14:31 +0200] "GET /wp-content/themes/gridfocus/images/default_og_image.jpg HTTP/1.0" 200 278199 "-" "-"
45.131.195.120 - - [15/Apr/2026:08:14:30 +0200] "GET /wp-includes/rest-api/autoload_classmap.php HTTP/1.1" 404 24439 "-" "Mozilla/5.0 (Windows NT 10.0; WOW64; x64) AppleWebKit/537.36 (KHTML, like Gecko) Chrome/84.0.4147.105 Safari/537.36 OPR/70.0.3728.95"
95.216.2.94 - - [15/Apr/2026:08:14:32 +0200] "GET /wp-content/themes/gridfocus/images/default_og_image.jpg HTTP/1.0" 200 278199 "-" "-"
45.131.195.180 - - [15/Apr/2026:08:14:31 +0200] "GET /jp.php HTTP/1.1" 404 24384 "-" "Mozilla/5.0 (Windows NT 10.0; Win64; x64) AppleWebKit/537.36 (KHTML, like Gecko) Chrome/79.0.3945.88 Safari/537.36"
45.131.195.180 - - [15/Apr/2026:08:14:32 +0200] "GET /wp-atom.php HTTP/1.1" 301 354 "-" "Mozilla/5.0 (Windows NT 10.0; Win64; x64) AppleWebKit/537.36 (KHTML, like Gecko) Chrome/70.0.3538.110 Safari/537.36"
45.131.195.180 - - [15/Apr/2026:08:14:33 +0200] "GET /wp-admin/css/index.php HTTP/1.1" 301 346 "-" "Mozilla/5.0 (Windows NT 10.0; Win64; x64; rv:72.0) Gecko/20100101 Firefox/72.0"
95.216.2.94 - - [15/Apr/2026:08:14:34 +0200] "GET /wp-content/themes/gridfocus/images/default_og_image.jpg HTTP/1.0" 200 278199 "-" "-"
45.131.195.180 - - [15/Apr/2026:08:14:33 +0200] "GET /up.php HTTP/1.1" 404 24384 "-" "Mozilla/5.0 (Windows NT 6.3; Win64; x64; rv:73.0) Gecko/20100101 Firefox/73.0"
95.216.2.94 - - [15/Apr/2026:08:14:35 +0200] "GET /wp-content/themes/gridfocus/images/default_og_image.jpg HTTP/1.0" 200 278199 "-" "-"
45.131.195.180 - - [15/Apr/2026:08:14:34 +0200] "GET /wp-content/uploads/bypass.php HTTP/1.1" 404 24407 "-" "Mozilla/5.0 (Windows NT 10.0; Win64; x64) AppleWebKit/537.36 (KHTML, like Gecko) Chrome/75.0.3770.100 Safari/537.36"
95.216.2.94 - - [15/Apr/2026:08:14:35 +0200] "GET /wp-content/themes/gridfocus/images/default_og_image.jpg HTTP/1.0" 200 278199 "-" "-"
45.131.195.180 - - [15/Apr/2026:08:14:35 +0200] "GET /assets/images/admin.php HTTP/1.1" 404 24401 "-" "Mozilla/5.0 (Windows NT 10.0; WOW64; x64) AppleWebKit/537.36 (KHTML, like Gecko) Chrome/84.0.4147.105 Safari/537.36 OPR/70.0.3728.95"
45.131.195.180 - - [15/Apr/2026:08:14:36 +0200] "GET /wp-content/plugins/index.php HTTP/1.1" 200 147 "-" "Mozilla/5.0 (Windows NT 10.0; Win64; x64) AppleWebKit/537.36 (KHTML, like Gecko) Chrome/84.0.4147.105 Safari/537.36 OPR/70.0.3728.95"
95.216.2.94 - - [15/Apr/2026:08:14:36 +0200] "GET /wp-content/themes/gridfocus/images/default_og_image.jpg HTTP/1.0" 200 278199 "-" "-"
45.131.195.180 - - [15/Apr/2026:08:14:36 +0200] "GET /js/wp-login.php HTTP/1.1" 404 24393 "-" "Mozilla/5.0 (Windows NT 10.0; Win64; x64) AppleWebKit/537.36 (KHTML, like Gecko) Chrome/79.0.3945.130 Safari/537.36"
95.216.2.94 - - [15/Apr/2026:08:14:37 +0200] "GET /wp-content/themes/gridfocus/images/default_og_image.jpg HTTP/1.0" 200 278199 "-" "-"
45.131.195.180 - - [15/Apr/2026:08:14:37 +0200] "GET /simple/function.php HTTP/1.1" 404 24397 "-" "Mozilla/5.0 (X11; Fedora; Linux x86_64; rv:79.0) Gecko/20100101 Firefox/79.0"
95.216.2.94 - - [15/Apr/2026:08:14:38 +0200] "GET /wp-content/themes/gridfocus/images/default_og_image.jpg HTTP/1.0" 200 278199 "-" "-"
45.131.195.180 - - [15/Apr/2026:08:14:38 +0200] "GET /worm.PhP HTTP/1.1" 404 24386 "-" "Mozilla/5.0 (Windows NT 10.0; Win64; x64) AppleWebKit/537.36 (KHTML, like Gecko) Chrome/83.0.4103.97 Safari/537.36"
95.216.2.94 - - [15/Apr/2026:08:14:39 +0200] "GET /wp-content/themes/gridfocus/images/default_og_image.jpg HTTP/1.0" 200 278199 "-" "-"
45.131.195.180 - - [15/Apr/2026:08:14:38 +0200] "GET /ext.php HTTP/1.1" 404 24385 "-" "Mozilla/5.0 (Macintosh; Intel Mac OS X 10_15_6) AppleWebKit/537.36 (KHTML, like Gecko) Chrome/84.0.4147.105 Safari/537.36"
95.216.2.94 - - [15/Apr/2026:08:14:40 +0200] "GET /wp-content/themes/gridfocus/images/default_og_image.jpg HTTP/1.0" 200 278199 "-" "-"
45.131.195.180 - - [15/Apr/2026:08:14:39 +0200] "GET /delpaths.php HTTP/1.1" 404 24390 "-" "Mozilla/5.0 (Windows NT 10.0; WOW64) AppleWebKit/537.36 (KHTML, like Gecko) Chrome/84.0.4147.105 Safari/537.36"
95.216.2.94 - - [15/Apr/2026:08:14:41 +0200] "GET /wp-content/themes/gridfocus/images/default_og_image.jpg HTTP/1.0" 200 278199 "-" "-"
45.131.195.180 - - [15/Apr/2026:08:14:40 +0200] "GET /.well-known/pki-validation/1.php HTTP/1.1" 404 24410 "-" "Mozilla/5.0 (Windows NT 10.0; Win64; x64) AppleWebKit/537.36 (KHTML, like Gecko) Chrome/79.0.3945.130 Safari/537.36"
95.216.2.94 - - [15/Apr/2026:08:14:41 +0200] "GET /wp-content/themes/gridfocus/images/default_og_image.jpg HTTP/1.0" 200 278199 "-" "-"
45.131.195.180 - - [15/Apr/2026:08:14:41 +0200] "GET /wp-content/plugins/wp-login.php HTTP/1.1" 404 24409 "-" "Mozilla/5.0 (X11; Ubuntu; Linux i686; rv:79.0) Gecko/20100101 Firefox/79.0"
95.216.2.94 - - [15/Apr/2026:08:14:42 +0200] "GET /wp-content/themes/gridfocus/images/default_og_image.jpg HTTP/1.0" 200 278199 "-" "-"
45.131.195.180 - - [15/Apr/2026:08:14:42 +0200] "GET /.well-known/pki-validation/install.php HTTP/1.1" 404 24416 "-" "Mozilla/5.0 (Windows NT 10.0; Win64; x64; rv:75.0) Gecko/20100101 Firefox/75.0"
95.216.2.94 - - [15/Apr/2026:08:14:43 +0200] "GET /wp-content/themes/gridfocus/images/default_og_image.jpg HTTP/1.0" 200 278199 "-" "-"
45.131.195.180 - - [15/Apr/2026:08:14:42 +0200] "GET /wp-admin/css/colors/sunrise/admin.php HTTP/1.1" 404 24415 "-" "Mozilla/5.0 (Windows NT 10.0; Win64; x64; rv:79.0) Gecko/20100101 Firefox/79.0"
95.216.2.94 - - [15/Apr/2026:08:14:44 +0200] "GET /wp-content/themes/gridfocus/images/default_og_image.jpg HTTP/1.0" 200 278199 "-" "-"
45.131.195.180 - - [15/Apr/2026:08:14:43 +0200] "GET /gifclass.php HTTP/1.1" 404 24390 "-" "Mozilla/5.0 (Windows NT 10.0; WOW64; Trident/7.0; .NET4.0C; .NET4.0E; .NET CLR 2.0.50727; .NET CLR 3.0.30729; .NET CLR 3.5.30729; rv:11.0) like Gecko"
95.216.2.94 - - [15/Apr/2026:08:14:45 +0200] "GET /wp-content/themes/gridfocus/images/default_og_image.jpg HTTP/1.0" 200 278199 "-" "-"
45.131.195.180 - - [15/Apr/2026:08:14:44 +0200] "GET /plugin.php HTTP/1.1" 404 24388 "-" "Mozilla/5.0 (Windows NT 10.0; WOW64) AppleWebKit/537.36 (KHTML, like Gecko) Chrome/72.0.3626.121 Safari/537.36"
95.216.2.94 - - [15/Apr/2026:08:14:46 +0200] "GET /wp-content/themes/gridfocus/images/default_og_image.jpg HTTP/1.0" 200 278199 "-" "-"
45.131.195.180 - - [15/Apr/2026:08:14:45 +0200] "GET /wp-content/themes/twentytwentyfour/bypass.php HTTP/1.1" 404 24423 "-" "Mozilla/5.0 (Windows NT 10.0; Win64; x64; rv:77.0) Gecko/20100101 Firefox/77.0"
95.216.2.94 - - [15/Apr/2026:08:14:46 +0200] "POST /wp-cron.php?doing_wp_cron=1776233686.8659639358520507812500 HTTP/1.1" 500 199 "-" "WordPress/6.4.8; https://notes.rudomilov.ru"
95.216.2.94 - - [15/Apr/2026:08:14:46 +0200] "GET /wp-content/themes/gridfocus/images/default_og_image.jpg HTTP/1.0" 200 278199 "-" "-"
45.131.195.180 - - [15/Apr/2026:08:14:46 +0200] "GET /update-core.php HTTP/1.1" 404 24393 "-" "Mozilla/5.0 (Windows NT 10.0; Win64; x64) AppleWebKit/537.36 (KHTML, like Gecko) Chrome/84.0.4147.105 Safari/537.36"
95.216.2.94 - - [15/Apr/2026:08:14:47 +0200] "GET /wp-content/themes/gridfocus/images/default_og_image.jpg HTTP/1.0" 200 278199 "-" "-"
45.131.195.180 - - [15/Apr/2026:08:14:47 +0200] "GET /wp-admin/css/colors/blue/about.php HTTP/1.1" 404 24412 "-" "Mozilla/5.0 (Windows NT 10.0; WOW64; Trident/7.0; .NET4.0C; .NET4.0E; .NET CLR 2.0.50727; .NET CLR 3.0.30729; .NET CLR 3.5.30729; rv:11.0) like Gecko"
45.131.195.180 - - [15/Apr/2026:08:14:47 +0200] "GET /wp-mail.php HTTP/1.1" 500 199 "-" "Mozilla/5.0 (Windows NT 6.1; Win64; x64) AppleWebKit/537.36 (KHTML, like Gecko) Chrome/78.0.3904.108 Safari/537.36"
95.216.2.94 - - [15/Apr/2026:08:14:48 +0200] "GET /wp-content/themes/gridfocus/images/default_og_image.jpg HTTP/1.0" 200 278199 "-" "-"
45.131.195.161 - - [15/Apr/2026:08:14:48 +0200] "GET /wp-content/admin.php HTTP/1.1" 404 24398 "-" "Mozilla/5.0 (Windows NT 6.1; Win64; x64) AppleWebKit/537.36 (KHTML, like Gecko) Chrome/78.0.3904.108 Safari/537.36"
95.216.2.94 - - [15/Apr/2026:08:14:49 +0200] "GET /wp-content/themes/gridfocus/images/default_og_image.jpg HTTP/1.0" 200 278199 "-" "-"
45.131.195.161 - - [15/Apr/2026:08:14:49 +0200] "GET /wp-admin/defaults.php HTTP/1.1" 404 24399 "-" "Mozilla/5.0 (Windows NT 10.0; Win64; x64) AppleWebKit/537.36 (KHTML, like Gecko) Chrome/70.0.3538.77 Safari/537.36"
45.131.195.161 - - [15/Apr/2026:08:14:49 +0200] "GET /.well-known/acme-challenge/content.php HTTP/1.1" 404 441 "-" "Mozilla/5.0 (Windows NT 10.0; Win64; x64) AppleWebKit/537.36 (KHTML, like Gecko) Chrome/79.0.3945.130 Safari/537.36"
95.216.2.94 - - [15/Apr/2026:08:14:50 +0200] "GET /wp-content/themes/gridfocus/images/default_og_image.jpg HTTP/1.0" 200 278199 "-" "-"
45.131.195.161 - - [15/Apr/2026:08:14:49 +0200] "GET /wp-content/ALFA_DATA/alfacgiapi/bypass.php HTTP/1.1" 404 24420 "-" "Mozilla/5.0 (Windows NT 10.0; Win64; x64) AppleWebKit/537.36 (KHTML, like Gecko) Chrome/84.0.4147.105 Safari/537.36 OPR/70.0.3728.95"
95.216.2.94 - - [15/Apr/2026:08:14:51 +0200] "GET /wp-content/themes/gridfocus/images/default_og_image.jpg HTTP/1.0" 200 278199 "-" "-"
45.131.195.161 - - [15/Apr/2026:08:14:50 +0200] "GET /wp-admin/maint/about.php HTTP/1.1" 404 24402 "-" "Mozilla/5.0 (Macintosh; Intel Mac OS X 10_12_6) AppleWebKit/537.36 (KHTML, like Gecko) Chrome/58.0.3029.110 Safari/537.3"
95.216.2.94 - - [15/Apr/2026:08:14:52 +0200] "GET /wp-content/themes/gridfocus/images/default_og_image.jpg HTTP/1.0" 200 278199 "-" "-"
45.131.195.161 - - [15/Apr/2026:08:14:51 +0200] "GET /wp-admin/js/about.php HTTP/1.1" 404 24399 "-" "Mozilla/5.0 (Windows NT 6.1; Win64; x64) AppleWebKit/537.36 (KHTML, like Gecko) Chrome/58.0.3029.110 Safari/537.3"
95.216.2.94 - - [15/Apr/2026:08:14:53 +0200] "GET /wp-content/themes/gridfocus/images/default_og_image.jpg HTTP/1.0" 200 278199 "-" "-"
45.131.195.161 - - [15/Apr/2026:08:14:52 +0200] "GET /wp-content/uploads/2023/05/404.php HTTP/1.1" 404 24412 "-" "Mozilla/5.0 (X11; Linux x86_64) AppleWebKit/537.36 (KHTML, like Gecko) Chrome/84.0.4147.105 Safari/537.36"
95.216.2.94 - - [15/Apr/2026:08:14:53 +0200] "GET /wp-content/themes/gridfocus/images/default_og_image.jpg HTTP/1.0" 200 278199 "-" "-"
45.131.195.161 - - [15/Apr/2026:08:14:53 +0200] "GET /wp-admin/maint/maint.php HTTP/1.1" 404 24402 "-" "Mozilla/5.0 (compatible; MSIE 10.0; Windows NT 6.1; Trident/6.0)"
95.216.2.94 - - [15/Apr/2026:08:14:54 +0200] "GET /wp-content/themes/gridfocus/images/default_og_image.jpg HTTP/1.0" 200 278199 "-" "-"
45.131.195.161 - - [15/Apr/2026:08:14:54 +0200] "GET /assets/bypass.php HTTP/1.1" 404 24395 "-" "Mozilla/5.0 (Windows NT 6.3; Win64; x64; rv:73.0) Gecko/20100101 Firefox/73.0"
37.59.21.100 - - [15/Apr/2026:08:14:54 +0200] "GET /2006/12/15/ya-asotsialen/feed/ HTTP/1.1" 200 1287 "-" "Mozilla/5.0 (X11; Linux i686) AppleWebKit/537.36 (KHTML, like Gecko) Chrome/30.0.1599.66 Safari/537.36"
95.216.2.94 - - [15/Apr/2026:08:14:55 +0200] "GET /wp-content/themes/gridfocus/images/default_og_image.jpg HTTP/1.0" 200 278199 "-" "-"
45.131.195.161 - - [15/Apr/2026:08:14:54 +0200] "GET /aa.php HTTP/1.1" 404 24384 "-" "Mozilla/5.0 (Windows NT 6.1; Win64; x64) AppleWebKit/537.36 (KHTML, like Gecko) Chrome/80.0.3987.149 Safari/537.36"
95.216.2.94 - - [15/Apr/2026:08:14:56 +0200] "GET /wp-content/themes/gridfocus/images/default_og_image.jpg HTTP/1.0" 200 278199 "-" "-"
45.131.195.161 - - [15/Apr/2026:08:14:55 +0200] "GET /index2.php HTTP/1.1" 404 24388 "-" "Mozilla/5.0 (Windows NT 10.0; Win64; x64) AppleWebKit/537.36 (KHTML, like Gecko) Chrome/83.0.4103.61 Safari/537.36"
95.216.2.94 - - [15/Apr/2026:08:14:57 +0200] "GET /wp-content/themes/gridfocus/images/default_og_image.jpg HTTP/1.0" 200 278199 "-" "-"
45.131.195.161 - - [15/Apr/2026:08:14:56 +0200] "GET /wp-content/themes/hello-element/footer.php HTTP/1.1" 404 24420 "-" "Mozilla/5.0 (Windows NT 10.0; Win64; x64) AppleWebKit/537.36 (KHTML, like Gecko) Chrome/84.0.4147.105 Safari/537.36"
45.131.195.161 - - [15/Apr/2026:08:14:57 +0200] "GET /wp-admin/network/admin.php HTTP/1.1" 302 348 "-" "Mozilla/5.0 (Windows NT 10.0; Win64; x64) AppleWebKit/537.36 (KHTML, like Gecko) Chrome/81.0.4044.129 Safari/537.36"
95.216.2.94 - - [15/Apr/2026:08:14:58 +0200] "GET /wp-content/themes/gridfocus/images/default_og_image.jpg HTTP/1.0" 200 278199 "-" "-"
45.131.195.161 - - [15/Apr/2026:08:14:58 +0200] "GET /.well-known/pki-validation/2index.php HTTP/1.1" 404 24415 "-" "Mozilla/5.0 (Windows NT 10.0; Win64; x64) AppleWebKit/537.36 (KHTML, like Gecko) Chrome/58.0.3029.110 Safari/537.3"
95.216.2.94 - - [15/Apr/2026:08:14:59 +0200] "GET /wp-content/themes/gridfocus/images/default_og_image.jpg HTTP/1.0" 200 278199 "-" "-"
45.131.195.161 - - [15/Apr/2026:08:14:59 +0200] "GET /wp-content/languages/plugins.php HTTP/1.1" 404 24410 "-" "Mozilla/5.0 (Windows NT 10.0; Win64; x64; rv:76.0) Gecko/20100101 Firefox/76.0"
95.216.2.94 - - [15/Apr/2026:08:15:00 +0200] "GET /wp-content/themes/gridfocus/images/default_og_image.jpg HTTP/1.0" 200 278199 "-" "-"
45.131.195.161 - - [15/Apr/2026:08:14:59 +0200] "GET /shell.php HTTP/1.1" 404 24387 "-" "Mozilla/5.0 (Windows NT 10.0; WOW64) AppleWebKit/537.36 (KHTML, like Gecko) Chrome/72.0.3626.121 Safari/537.36"
95.216.2.94 - - [15/Apr/2026:08:15:01 +0200] "GET /wp-content/themes/gridfocus/images/default_og_image.jpg HTTP/1.0" 200 278199 "-" "-"
45.131.195.161 - - [15/Apr/2026:08:15:00 +0200] "GET /.well-known/content.php HTTP/1.1" 404 24401 "-" "Mozilla/5.0 (X11; Linux x86_64) AppleWebKit/537.36 (KHTML, like Gecko) Chrome/84.0.4147.105 Safari/537.36"
95.216.2.94 - - [15/Apr/2026:08:15:02 +0200] "GET /wp-content/themes/gridfocus/images/default_og_image.jpg HTTP/1.0" 200 278199 "-" "-"
45.131.195.161 - - [15/Apr/2026:08:15:01 +0200] "GET /wp-includes/Text/about.php HTTP/1.1" 404 24404 "-" "Mozilla/5.0 (Windows NT 10.0; WOW64; Trident/7.0; .NET4.0C; .NET4.0E; .NET CLR 2.0.50727; .NET CLR 3.0.30729; .NET CLR 3.5.30729; rv:11.0) like Gecko"
95.216.2.94 - - [15/Apr/2026:08:15:03 +0200] "GET /wp-content/themes/gridfocus/images/default_og_image.jpg HTTP/1.0" 200 278199 "-" "-"
45.131.195.161 - - [15/Apr/2026:08:15:02 +0200] "GET /wp-admin/network/atomlib.php HTTP/1.1" 404 24406 "-" "Mozilla/5.0 (X11; Linux i686; rv:79.0) Gecko/20100101 Firefox/79.0"
95.216.2.94 - - [15/Apr/2026:08:15:04 +0200] "GET /wp-content/themes/gridfocus/images/default_og_image.jpg HTTP/1.0" 200 278199 "-" "-"
45.131.195.161 - - [15/Apr/2026:08:15:03 +0200] "GET /.well-known/install.php HTTP/1.1" 404 24401 "-" "Mozilla/5.0 (Windows NT 6.1; Win64; x64) AppleWebKit/537.36 (KHTML, like Gecko) Chrome/78.0.3904.108 Safari/537.36"
95.216.2.94 - - [15/Apr/2026:08:15:04 +0200] "GET /wp-content/themes/gridfocus/images/default_og_image.jpg HTTP/1.0" 200 278199 "-" "-"
45.131.195.161 - - [15/Apr/2026:08:15:04 +0200] "GET /hehe.php HTTP/1.1" 404 24386 "-" "Mozilla/5.0 (Windows NT 6.3; Win64; x64; rv:73.0) Gecko/20100101 Firefox/73.0"
95.216.2.94 - - [15/Apr/2026:08:15:05 +0200] "GET /wp-content/themes/gridfocus/images/default_og_image.jpg HTTP/1.0" 200 278199 "-" "-"
45.131.195.161 - - [15/Apr/2026:08:15:05 +0200] "GET /wp-includes/fonts/autoload_classmap.php HTTP/1.1" 404 24417 "-" "Mozilla/5.0 (Windows NT 10.0; Win64; x64; rv:73.0) Gecko/20100101 Firefox/73.0"
95.216.2.94 - - [15/Apr/2026:08:15:06 +0200] "GET /wp-content/themes/gridfocus/images/default_og_image.jpg HTTP/1.0" 200 278199 "-" "-"
45.131.195.161 - - [15/Apr/2026:08:15:05 +0200] "GET /css/slider.php HTTP/1.1" 404 24392 "-" "Mozilla/5.0 (Windows NT 10.0; Win64; x64) AppleWebKit/537.36 (KHTML, like Gecko) Chrome/84.0.4147.105 Safari/537.36"
95.216.2.94 - - [15/Apr/2026:08:15:07 +0200] "GET /wp-content/themes/gridfocus/images/default_og_image.jpg HTTP/1.0" 200 278199 "-" "-"
45.131.195.161 - - [15/Apr/2026:08:15:06 +0200] "GET /dir.php HTTP/1.1" 404 24385 "-" "Mozilla/5.0 (Windows NT 10.0; Win64; x64; rv:73.0) Gecko/20100101 Firefox/73.0"
95.216.2.94 - - [15/Apr/2026:08:15:08 +0200] "GET /wp-content/themes/gridfocus/images/default_og_image.jpg HTTP/1.0" 200 278199 "-" "-"
45.131.195.161 - - [15/Apr/2026:08:15:07 +0200] "GET /wp-includes/css/atomlib.php HTTP/1.1" 404 24405 "-" "Mozilla/5.0 (Windows NT 6.1; Win64; x64) AppleWebKit/537.36 (KHTML, like Gecko) Chrome/78.0.3904.108 Safari/537.36"
95.216.2.94 - - [15/Apr/2026:08:15:09 +0200] "GET /wp-content/themes/gridfocus/images/default_og_image.jpg HTTP/1.0" 200 278199 "-" "-"
45.131.195.161 - - [15/Apr/2026:08:15:08 +0200] "GET /wp-content/style.php HTTP/1.1" 404 24398 "-" "Mozilla/5.0 (Windows NT 10.0; Win64; x64; rv:75.0) Gecko/20100101 Firefox/75.0"
95.216.2.94 - - [15/Apr/2026:08:15:10 +0200] "GET /wp-content/themes/gridfocus/images/default_og_image.jpg HTTP/1.0" 200 278199 "-" "-"
45.131.195.161 - - [15/Apr/2026:08:15:09 +0200] "GET /libraries/phpmailer/updates.php HTTP/1.1" 404 24409 "-" "Mozilla/5.0 (Windows NT 10.0; Win64; x64) AppleWebKit/537.36 (KHTML, like Gecko) Chrome/84.0.4147.105 Safari/537.36"
95.216.2.94 - - [15/Apr/2026:08:15:11 +0200] "GET /wp-content/themes/gridfocus/images/default_og_image.jpg HTTP/1.0" 200 278199 "-" "-"
45.131.195.161 - - [15/Apr/2026:08:15:10 +0200] "GET /nf_tracking.php HTTP/1.1" 404 24393 "-" "Mozilla/5.0 (Macintosh; Intel Mac OS X 10_15_6) AppleWebKit/537.36 (KHTML, like Gecko) Chrome/84.0.4147.125 Safari/537.36"
95.216.2.94 - - [15/Apr/2026:08:15:11 +0200] "GET /wp-content/themes/gridfocus/images/default_og_image.jpg HTTP/1.0" 200 278199 "-" "-"
45.131.195.161 - - [15/Apr/2026:08:15:11 +0200] "GET /wp-admin/css/about.php7 HTTP/1.1" 404 24401 "-" "Mozilla/5.0 (X11; Linux x86_64) AppleWebKit/537.36 (KHTML, like Gecko) Chrome/84.0.4147.105 Safari/537.36 OPR/70.0.3728.95"
95.216.2.94 - - [15/Apr/2026:08:15:12 +0200] "GET /wp-content/themes/gridfocus/images/default_og_image.jpg HTTP/1.0" 200 278199 "-" "-"
45.131.195.161 - - [15/Apr/2026:08:15:12 +0200] "GET /filefuns.php HTTP/1.1" 404 24390 "-" "Mozilla/5.0 (Windows NT 10.0; WOW64; x64) AppleWebKit/537.36 (KHTML, like Gecko) Chrome/84.0.4147.105 Safari/537.36 OPR/70.0.3728.95"
95.216.2.94 - - [15/Apr/2026:08:15:13 +0200] "GET /wp-content/themes/gridfocus/images/default_og_image.jpg HTTP/1.0" 200 278199 "-" "-"
45.131.195.161 - - [15/Apr/2026:08:15:13 +0200] "GET /.well-known/pki-validation/class_api.php HTTP/1.1" 404 24418 "-" "Mozilla/5.0 (Windows NT 10.0; Win64; x64; rv:72.0) Gecko/20100101 Firefox/72.0"
95.216.2.94 - - [15/Apr/2026:08:15:14 +0200] "GET /wp-content/themes/gridfocus/images/default_og_image.jpg HTTP/1.0" 200 278199 "-" "-"
45.131.195.161 - - [15/Apr/2026:08:15:13 +0200] "GET /l.php HTTP/1.1" 404 24383 "-" "Mozilla/5.0 (Windows NT 10.0; Win64; x64) AppleWebKit/537.36 (KHTML, like Gecko) Chrome/77.0.3865.90 Safari/537.36"
95.216.2.94 - - [15/Apr/2026:08:15:15 +0200] "GET /wp-content/themes/gridfocus/images/default_og_image.jpg HTTP/1.0" 200 278199 "-" "-"
45.131.195.161 - - [15/Apr/2026:08:15:14 +0200] "GET /repeater.php HTTP/1.1" 404 24390 "-" "Mozilla/5.0 (Windows NT 10.0; WOW64) AppleWebKit/537.36 (KHTML, like Gecko) Chrome/84.0.4147.105 Safari/537.36"
95.216.2.94 - - [15/Apr/2026:08:15:16 +0200] "GET /wp-content/themes/gridfocus/images/default_og_image.jpg HTTP/1.0" 200 278199 "-" "-"
45.131.195.161 - - [15/Apr/2026:08:15:15 +0200] "GET /wp-admin/wso.php HTTP/1.1" 404 24394 "-" "Mozilla/5.0 (Macintosh; Intel Mac OS X 10_10_1) AppleWebKit/537.36 (KHTML, like Gecko) Chrome/39.0.2171.95 Safari/537.36"
95.216.2.94 - - [15/Apr/2026:08:15:17 +0200] "GET /wp-content/themes/gridfocus/images/default_og_image.jpg HTTP/1.0" 200 278199 "-" "-"
45.131.195.161 - - [15/Apr/2026:08:15:16 +0200] "GET /wp-includes/sitemaps/autoload_classmap.php HTTP/1.1" 404 24420 "-" "Mozilla/5.0 (Windows NT 10.0; Win64; x64) AppleWebKit/537.36 (KHTML, like Gecko) Chrome/77.0.3865.90 Safari/537.36"
95.216.2.94 - - [15/Apr/2026:08:15:17 +0200] "GET /wp-content/themes/gridfocus/images/default_og_image.jpg HTTP/1.0" 200 278199 "-" "-"
45.131.195.161 - - [15/Apr/2026:08:15:17 +0200] "GET /contacts.php HTTP/1.1" 404 24390 "-" "Mozilla/5.0 (Macintosh; Intel Mac OS X 10_12_6) AppleWebKit/537.36 (KHTML, like Gecko) Chrome/58.0.3029.110 Safari/537.3"
95.216.2.94 - - [15/Apr/2026:08:15:18 +0200] "GET /wp-content/themes/gridfocus/images/default_og_image.jpg HTTP/1.0" 200 278199 "-" "-"
45.131.195.161 - - [15/Apr/2026:08:15:18 +0200] "GET /wsa.php HTTP/1.1" 404 24385 "-" "Mozilla/5.0 (Windows NT 10.0; Win64; x64; rv:66.0) Gecko/20100101 Firefox/66.0"
95.216.2.94 - - [15/Apr/2026:08:15:19 +0200] "GET /wp-content/themes/gridfocus/images/default_og_image.jpg HTTP/1.0" 200 278199 "-" "-"
45.131.195.161 - - [15/Apr/2026:08:15:19 +0200] "GET /wp-includes/SimplePie/about.php HTTP/1.1" 404 24409 "-" "Mozilla/5.0 (Windows NT 10.0; WOW64) AppleWebKit/537.36 (KHTML, like Gecko) Chrome/72.0.3626.121 Safari/537.36"
95.216.2.94 - - [15/Apr/2026:08:15:20 +0200] "GET /wp-content/themes/gridfocus/images/default_og_image.jpg HTTP/1.0" 200 278199 "-" "-"
45.131.195.161 - - [15/Apr/2026:08:15:19 +0200] "GET /firewall.php7 HTTP/1.1" 404 24391 "-" "Mozilla/5.0 (Windows NT 6.1; Win64; x64) AppleWebKit/537.36 (KHTML, like Gecko) Chrome/58.0.3029.110 Safari/537.3"
45.131.195.161 - - [15/Apr/2026:08:15:20 +0200] "GET /wp-includes/sodium_compat/index.php HTTP/1.1" 301 359 "-" "Mozilla/5.0 (Windows NT 10.0) AppleWebKit/537.36 (KHTML, like Gecko) Chrome/72.0.3626.121 Safari/537.36"
95.216.2.94 - - [15/Apr/2026:08:15:22 +0200] "GET /wp-content/themes/gridfocus/images/default_og_image.jpg HTTP/1.0" 200 278199 "-" "-"
45.131.195.161 - - [15/Apr/2026:08:15:21 +0200] "GET /wp-content/uploads/content.php HTTP/1.1" 404 24408 "-" "Mozilla/5.0 (Windows NT 10.0; Win64; x64; rv:73.0) Gecko/20100101 Firefox/73.0"
95.216.2.94 - - [15/Apr/2026:08:15:22 +0200] "GET /wp-content/themes/gridfocus/images/default_og_image.jpg HTTP/1.0" 200 278199 "-" "-"
45.131.195.161 - - [15/Apr/2026:08:15:22 +0200] "GET /lv.php HTTP/1.1" 404 24384 "-" "Mozilla/5.0 (Macintosh; Intel Mac OS X 10_15_6) AppleWebKit/537.36 (KHTML, like Gecko) Chrome/84.0.4147.105 Safari/537.36"
95.216.2.94 - - [15/Apr/2026:08:15:23 +0200] "GET /wp-content/themes/gridfocus/images/default_og_image.jpg HTTP/1.0" 200 278199 "-" "-"
45.131.195.161 - - [15/Apr/2026:08:15:23 +0200] "GET /images/js1.php HTTP/1.1" 404 24392 "-" "Mozilla/5.0 (Windows NT 10.0; Win64; x64) AppleWebKit/537.36 (KHTML, like Gecko) Chrome/81.0.4044.129 Safari/537.36"
95.216.2.94 - - [15/Apr/2026:08:15:24 +0200] "GET /wp-content/themes/gridfocus/images/default_og_image.jpg HTTP/1.0" 200 278199 "-" "-"
45.131.195.161 - - [15/Apr/2026:08:15:23 +0200] "GET /wp-admin/maint/file.php HTTP/1.1" 404 24401 "-" "Mozilla/5.0 (Windows NT 10.0) AppleWebKit/537.36 (KHTML, like Gecko) Chrome/84.0.4147.105 Safari/537.36"
45.131.195.161 - - [15/Apr/2026:08:15:24 +0200] "GET /.well-known/acme-challenge/file.php HTTP/1.1" 404 441 "-" "Mozilla/5.0 (Windows NT 10.0; Win64; x64) AppleWebKit/537.36 (KHTML, like Gecko) Chrome/70.0.3538.110 Safari/537.36"
45.131.195.161 - - [15/Apr/2026:08:15:24 +0200] "GET /.well-known/acme-challenge/admin.php HTTP/1.1" 404 441 "-" "Mozilla/5.0 (Windows NT 10.0; Win64; x64) AppleWebKit/537.36 (KHTML, like Gecko) Chrome/79.0.3945.130 Safari/537.36"
95.216.2.94 - - [15/Apr/2026:08:15:25 +0200] "GET /wp-content/themes/gridfocus/images/default_og_image.jpg HTTP/1.0" 200 278199 "-" "-"
45.131.195.161 - - [15/Apr/2026:08:15:24 +0200] "GET /wp-includes/images/autoload_classmap.php HTTP/1.1" 404 24418 "-" "Mozilla/5.0 (Linux x86_64; rv:79.0) Gecko/20100101 Firefox/79.0"
95.216.2.94 - - [15/Apr/2026:08:15:26 +0200] "GET /wp-content/themes/gridfocus/images/default_og_image.jpg HTTP/1.0" 200 278199 "-" "-"
45.131.195.161 - - [15/Apr/2026:08:15:25 +0200] "GET /wp-includes/ID3/wp-conflg.php HTTP/1.1" 404 24407 "-" "Mozilla/5.0 (Windows NT 10.0; WOW64; x64) AppleWebKit/537.36 (KHTML, like Gecko) Chrome/84.0.4147.105 Safari/537.36 OPR/70.0.3728.95"
45.131.195.161 - - [15/Apr/2026:08:15:26 +0200] "GET /wp-admin/theme-editor.php HTTP/1.1" 302 347 "-" "Mozilla/5.0 (Windows NT 6.3; Win64; x64; rv:73.0) Gecko/20100101 Firefox/73.0"
95.216.2.94 - - [15/Apr/2026:08:15:28 +0200] "GET /wp-content/themes/gridfocus/images/default_og_image.jpg HTTP/1.0" 200 278199 "-" "-"
45.131.195.161 - - [15/Apr/2026:08:15:27 +0200] "GET /wp-admin/css/colors/blue/abc.php HTTP/1.1" 404 24410 "-" "Mozilla/5.0 (Windows NT 10.0; WOW64) AppleWebKit/537.36 (KHTML, like Gecko) Chrome/72.0.3626.121 Safari/537.36"
95.216.2.94 - - [15/Apr/2026:08:15:28 +0200] "GET /wp-content/themes/gridfocus/images/default_og_image.jpg HTTP/1.0" 200 278199 "-" "-"
45.131.195.161 - - [15/Apr/2026:08:15:28 +0200] "GET /wp-admin/maint/wonder.php HTTP/1.1" 404 24403 "-" "Mozilla/5.0 (X11; Ubuntu; Linux x86_64; rv:79.0) Gecko/20100101 Firefox/79.0"
95.216.2.94 - - [15/Apr/2026:08:15:29 +0200] "GET /wp-content/themes/gridfocus/images/default_og_image.jpg HTTP/1.0" 200 278199 "-" "-"
45.131.195.161 - - [15/Apr/2026:08:15:29 +0200] "GET /wp-content/themes/twentytwentyfour/wonder.php HTTP/1.1" 404 24423 "-" "Mozilla/5.0 (Windows NT 10.0; Win64; x64) AppleWebKit/537.36 (KHTML, like Gecko) Chrome/70.0.3538.77 Safari/537.36"
95.216.2.94 - - [15/Apr/2026:08:15:30 +0200] "GET /wp-content/themes/gridfocus/images/default_og_image.jpg HTTP/1.0" 200 278199 "-" "-"
45.131.195.161 - - [15/Apr/2026:08:15:29 +0200] "GET /wp-content/plugins/fix/as.php HTTP/1.1" 404 24407 "-" "Mozilla/5.0 (Windows NT 10.0; Win64; x64) AppleWebKit/537.36 (KHTML, like Gecko) Chrome/81.0.4044.129 Safari/537.36"
95.216.2.94 - - [15/Apr/2026:08:15:31 +0200] "GET /wp-content/themes/gridfocus/images/default_og_image.jpg HTTP/1.0" 200 278199 "-" "-"
45.131.195.161 - - [15/Apr/2026:08:15:30 +0200] "GET /tox.php HTTP/1.1" 404 24385 "-" "Mozilla/5.0 (Windows NT 10.0; Win64; x64; rv:77.0) Gecko/20100101 Firefox/77.0"
45.131.195.161 - - [15/Apr/2026:08:15:31 +0200] "GET /wp-content/languages/index.php HTTP/1.1" 301 354 "-" "Mozilla/5.0 (Windows NT 10.0; Win64; x64; rv:71.0) Gecko/20100101 Firefox/71.0"
95.216.2.94 - - [15/Apr/2026:08:15:33 +0200] "GET /wp-content/themes/gridfocus/images/default_og_image.jpg HTTP/1.0" 200 278199 "-" "-"
45.131.195.161 - - [15/Apr/2026:08:15:32 +0200] "GET /wp-includes/js/dist/default.php HTTP/1.1" 404 24409 "-" "Mozilla/5.0 (Windows NT 10.0; Win64; x64) AppleWebKit/537.36 (KHTML, like Gecko) Chrome/81.0.4044.129 Safari/537.36"
95.216.2.94 - - [15/Apr/2026:08:15:33 +0200] "GET /wp-content/themes/gridfocus/images/default_og_image.jpg HTTP/1.0" 200 278199 "-" "-"
45.131.195.161 - - [15/Apr/2026:08:15:33 +0200] "GET /wp-admin/css/colors/tfileman.php HTTP/1.1" 404 24410 "-" "Mozilla/5.0 (Windows NT 6.1; Win64; x64) AppleWebKit/537.36 (KHTML, like Gecko) Chrome/58.0.3029.110 Safari/537.3"
95.216.2.94 - - [15/Apr/2026:08:15:34 +0200] "GET /wp-content/themes/gridfocus/images/default_og_image.jpg HTTP/1.0" 200 278199 "-" "-"
45.131.195.161 - - [15/Apr/2026:08:15:34 +0200] "GET /tiny.php HTTP/1.1" 404 24386 "-" "Mozilla/5.0 (Windows NT 10.0; Win64; x64) AppleWebKit/537.36 (KHTML, like Gecko) Chrome/81.0.4044.129 Safari/537.36"
95.216.2.94 - - [15/Apr/2026:08:15:35 +0200] "GET /wp-content/themes/gridfocus/images/default_og_image.jpg HTTP/1.0" 200 278199 "-" "-"
45.131.195.161 - - [15/Apr/2026:08:15:35 +0200] "GET /wp-admin/js/widgets/autoload_classmap.php HTTP/1.1" 404 24419 "-" "Mozilla/5.0 (Windows NT 10.0; Win64; x64) AppleWebKit/537.36 (KHTML, like Gecko) Chrome/70.0.3538.110 Safari/537.36"
95.216.2.94 - - [15/Apr/2026:08:15:36 +0200] "GET /wp-content/themes/gridfocus/images/default_og_image.jpg HTTP/1.0" 200 278199 "-" "-"
45.131.195.161 - - [15/Apr/2026:08:15:35 +0200] "GET /themes.php HTTP/1.1" 404 24388 "-" "Mozilla/5.0 (Macintosh; Intel Mac OS X 10.15; rv:79.0) Gecko/20100101 Firefox/79.0"
95.216.2.94 - - [15/Apr/2026:08:15:37 +0200] "GET /wp-content/themes/gridfocus/images/default_og_image.jpg HTTP/1.0" 200 278199 "-" "-"
45.131.195.161 - - [15/Apr/2026:08:15:36 +0200] "GET /wp-themes.php HTTP/1.1" 404 24391 "-" "Mozilla/5.0 (Windows NT 10.0; Win64; x64) AppleWebKit/537.36 (KHTML, like Gecko) Chrome/84.0.4147.105 Safari/537.36"
45.131.195.161 - - [15/Apr/2026:08:15:37 +0200] "GET /wp-includes/sodium_compat/src/index.php HTTP/1.1" 301 363 "-" "Mozilla/5.0 (Windows NT 10.0) AppleWebKit/537.36 (KHTML, like Gecko) Chrome/84.0.4147.105 Safari/537.36"
95.216.2.94 - - [15/Apr/2026:08:15:38 +0200] "GET /wp-content/themes/gridfocus/images/default_og_image.jpg HTTP/1.0" 200 278199 "-" "-"
45.131.195.161 - - [15/Apr/2026:08:15:38 +0200] "GET /wp-content/plugins/erinyani/asasx.php HTTP/1.1" 404 24415 "-" "Mozilla/5.0 (Windows NT 10.0; Win64; x64) AppleWebKit/537.36 (KHTML, like Gecko) Chrome/81.0.4044.129 Safari/537.36"
95.216.2.94 - - [15/Apr/2026:08:15:39 +0200] "GET /wp-content/themes/gridfocus/images/default_og_image.jpg HTTP/1.0" 200 278199 "-" "-"
45.131.195.161 - - [15/Apr/2026:08:15:39 +0200] "GET /mariju.php HTTP/1.1" 404 24388 "-" "Mozilla/5.0 (Windows NT 10.0; Win64; x64; rv:74.0) Gecko/20100101 Firefox/74.0"
95.216.2.94 - - [15/Apr/2026:08:15:40 +0200] "GET /wp-content/themes/gridfocus/images/default_og_image.jpg HTTP/1.0" 200 278199 "-" "-"
45.131.195.161 - - [15/Apr/2026:08:15:39 +0200] "GET /waf_defender.php HTTP/1.1" 404 24394 "-" "Mozilla/5.0 (Windows NT 10.0; WOW64; x64) AppleWebKit/537.36 (KHTML, like Gecko) Chrome/84.0.4147.105 Safari/537.36 OPR/70.0.3728.95"
95.216.2.94 - - [15/Apr/2026:08:15:41 +0200] "GET /wp-content/themes/gridfocus/images/default_og_image.jpg HTTP/1.0" 200 278199 "-" "-"
45.131.195.161 - - [15/Apr/2026:08:15:40 +0200] "GET /wp-admin/maint/cong.php HTTP/1.1" 404 24401 "-" "Mozilla/5.0 (Windows NT 10.0; Win64; x64; rv:72.0) Gecko/20100101 Firefox/72.0"
95.216.2.94 - - [15/Apr/2026:08:15:41 +0200] "GET /wp-content/uploads/2008/11/solution_0.png HTTP/1.0" 200 12873 "-" "-"
95.216.2.94 - - [15/Apr/2026:08:15:41 +0200] "GET /wp-content/uploads/2008/11/solution_2.png HTTP/1.0" 200 9951 "-" "-"
95.216.2.94 - - [15/Apr/2026:08:15:41 +0200] "GET /wp-content/uploads/2008/11/solution_3.gif HTTP/1.0" 200 28376 "-" "-"
95.216.2.94 - - [15/Apr/2026:08:15:41 +0200] "GET /wp-content/uploads/2008/11/solution_all.thumbnail.gif HTTP/1.0" 200 30890 "-" "-"
95.216.2.94 - - [15/Apr/2026:08:15:41 +0200] "GET /wp-content/uploads/2008/11/solution_all.gif HTTP/1.0" 200 100419 "-" "-"
95.216.2.94 - - [15/Apr/2026:08:15:41 +0200] "GET /wp-content/uploads/2008/11/solution_all.gif HTTP/1.0" 200 100419 "-" "-"
84.54.44.204 - - [15/Apr/2026:08:15:40 +0200] "GET /2008/11/28/informer-ie/comment-page-7/ HTTP/1.0" 200 88298 "https://notes.rudomilov.ru/2008/11/28/informer-ie/comment-page-7/#comment-853743" "Mozilla/5.0 (Windows NT 10.0; Win64; x64) AppleWebKit/537.36 (KHTML, like Gecko) Chrome/129.0.0.0 Safari/537.36"
84.54.44.204 - - [15/Apr/2026:08:15:41 +0200] "POST /wp-comments-post.php HTTP/1.0" 500 3555 "https://notes.rudomilov.ru/2008/11/28/informer-ie/comment-page-7/#comment-853743" "Mozilla/5.0 (Windows NT 10.0; Win64; x64) AppleWebKit/537.36 (KHTML, like Gecko) Chrome/129.0.0.0 Safari/537.36"
95.216.2.94 - - [15/Apr/2026:08:15:42 +0200] "GET /wp-content/themes/gridfocus/images/default_og_image.jpg HTTP/1.0" 200 278199 "-" "-"
45.131.195.161 - - [15/Apr/2026:08:15:41 +0200] "GET /av.php HTTP/1.1" 404 24384 "-" "Mozilla/5.0 (Windows NT 6.3; Win64; x64; rv:73.0) Gecko/20100101 Firefox/73.0"
95.216.2.94 - - [15/Apr/2026:08:15:46 +0200] "GET /wp-content/themes/gridfocus/images/default_og_image.jpg HTTP/1.0" 200 278199 "-" "-"
45.131.195.161 - - [15/Apr/2026:08:15:42 +0200] "GET /wp-admin/css/glex.php HTTP/1.1" 404 24399 "-" "Mozilla/5.0 (Windows NT 10.0; Win64; x64) AppleWebKit/537.36 (KHTML, like Gecko) Chrome/81.0.4044.129 Safari/537.36"
95.216.2.94 - - [15/Apr/2026:08:15:50 +0200] "POST /wp-cron.php?doing_wp_cron=1776233750.7800030708312988281250 HTTP/1.1" 500 199 "-" "WordPress/6.4.8; https://notes.rudomilov.ru"
95.216.2.94 - - [15/Apr/2026:08:15:51 +0200] "GET /wp-content/themes/gridfocus/images/default_og_image.jpg HTTP/1.0" 200 278199 "-" "-"
45.131.195.161 - - [15/Apr/2026:08:15:46 +0200] "GET /wp-admin/autoload_classmap.php HTTP/1.1" 404 24408 "-" "Mozilla/5.0 (Windows NT 10.0; Win64; x64) AppleWebKit/537.36 (KHTML, like Gecko) Chrome/83.0.4103.61 Safari/537.36"
95.216.2.94 - - [15/Apr/2026:08:15:52 +0200] "GET /wp-content/themes/gridfocus/images/default_og_image.jpg HTTP/1.0" 200 278199 "-" "-"
45.131.195.161 - - [15/Apr/2026:08:15:51 +0200] "GET /wp-includes/SimplePie/Parse/about.php HTTP/1.1" 404 24415 "-" "Mozilla/5.0 (Windows NT 10.0; Win64; x64) AppleWebKit/537.36 (KHTML, like Gecko) Chrome/83.0.4103.97 Safari/537.36"
45.131.195.161 - - [15/Apr/2026:08:15:52 +0200] "GET /.well-known/acme-challenge/about.php HTTP/1.1" 404 441 "-" "Mozilla/5.0 (Windows NT 10.0; Win64; x64; rv:67.0) Gecko/20100101 Firefox/67.0"
95.216.2.94 - - [15/Apr/2026:08:15:53 +0200] "GET /wp-content/themes/gridfocus/images/default_og_image.jpg HTTP/1.0" 200 278199 "-" "-"
45.131.195.161 - - [15/Apr/2026:08:15:52 +0200] "GET /wp-content/themes/twentytwentyfour/system_cache.php HTTP/1.1" 404 24429 "-" "Mozilla/5.0 (Windows NT 10.0; WOW64; x64) AppleWebKit/537.36 (KHTML, like Gecko) Chrome/84.0.4147.105 Safari/537.36 OPR/70.0.3728.95"
95.216.2.94 - - [15/Apr/2026:08:15:53 +0200] "GET /wp-content/themes/gridfocus/images/default_og_image.jpg HTTP/1.0" 200 278199 "-" "-"
45.131.195.161 - - [15/Apr/2026:08:15:53 +0200] "GET /wp-content/themes/sky-pro/js.php HTTP/1.1" 404 24410 "-" "Mozilla/5.0 (Windows NT 10.0; Win64; x64; rv:77.0) Gecko/20100101 Firefox/77.0"
95.216.2.94 - - [15/Apr/2026:08:15:54 +0200] "GET /wp-content/themes/gridfocus/images/default_og_image.jpg HTTP/1.0" 200 278199 "-" "-"
45.131.195.161 - - [15/Apr/2026:08:15:54 +0200] "GET /wp-includes/Text/wp-conflg.php HTTP/1.1" 404 24408 "-" "Mozilla/5.0 (Windows NT 10.0; Win64; x64; rv:66.0) Gecko/20100101 Firefox/66.0"
95.216.2.94 - - [15/Apr/2026:08:15:55 +0200] "GET /wp-content/themes/gridfocus/images/default_og_image.jpg HTTP/1.0" 200 278199 "-" "-"
45.131.195.161 - - [15/Apr/2026:08:15:55 +0200] "GET /wp-content/themes/pridmag/waf_defender.php HTTP/1.1" 404 24420 "-" "Mozilla/5.0 (Linux x86_64; rv:79.0) Gecko/20100101 Firefox/79.0"
95.216.2.94 - - [15/Apr/2026:08:15:56 +0200] "GET /wp-content/themes/gridfocus/images/default_og_image.jpg HTTP/1.0" 200 278199 "-" "-"
45.131.195.161 - - [15/Apr/2026:08:15:55 +0200] "GET /theme.php HTTP/1.1" 404 24387 "-" "Mozilla/5.0 (Windows NT 10.0; Win64; x64; rv:72.0) Gecko/20100101 Firefox/72.0"
95.216.2.94 - - [15/Apr/2026:08:15:57 +0200] "GET /wp-content/themes/gridfocus/images/default_og_image.jpg HTTP/1.0" 200 278199 "-" "-"
45.131.195.161 - - [15/Apr/2026:08:15:56 +0200] "GET /wp-content/themes/twentytwentytwo/waf_defender.php HTTP/1.1" 404 24428 "-" "Mozilla/5.0 (Windows NT 10.0; WOW64) AppleWebKit/537.36 (KHTML, like Gecko) Chrome/84.0.4147.105 Safari/537.36"
45.131.195.161 - - [15/Apr/2026:08:15:57 +0200] "GET /wp-admin/css/colors/coffee/index.php HTTP/1.1" 301 360 "-" "Mozilla/5.0 (Windows NT 6.1; Win64; x64) AppleWebKit/537.36 (KHTML, like Gecko) Chrome/80.0.3987.149 Safari/537.36"
