43.154.209.67 - - [15/Apr/2026:02:00:53 +0200] "GET /wp-content/themes/gridfocus/js/functions.js HTTP/1.1" 200 557 "-" "Mozilla/5.0 (Windows NT 10.0; Win64; x64) AppleWebKit/537.36 (KHTML, like Gecko) Chrome/141.0.0.0 Safari/537.36"
43.154.209.67 - - [15/Apr/2026:02:00:54 +0200] "GET /wp-includes/js/jquery/jquery-migrate.min.js?ver=3.4.1 HTTP/1.1" 200 5224 "-" "Mozilla/5.0 (Windows NT 10.0; Win64; x64) AppleWebKit/537.36 (KHTML, like Gecko) Chrome/141.0.0.0 Safari/537.36"
43.154.209.67 - - [15/Apr/2026:02:00:54 +0200] "GET /wp-includes/js/jquery/jquery.min.js?ver=3.7.1 HTTP/1.1" 200 30722 "-" "Mozilla/5.0 (Windows NT 10.0; Win64; x64) AppleWebKit/537.36 (KHTML, like Gecko) Chrome/141.0.0.0 Safari/537.36"
156.240.117.4 - - [15/Apr/2026:02:01:32 +0200] "GET /wp-content/uploads/2011/03/freerapid_main.jpg HTTP/1.1" 200 124400 "-" "python-requests/2.25.1"
95.216.2.94 - - [15/Apr/2026:02:03:09 +0200] "POST /wp-cron.php?doing_wp_cron=1776211389.8981928825378417968750 HTTP/1.1" 500 199 "-" "WordPress/6.4.8; https://notes.rudomilov.ru"
37.59.21.100 - - [15/Apr/2026:02:03:09 +0200] "GET /2008/07/27/flv-player-converter-avi/feed/ HTTP/1.1" 200 3862 "-" "Mozilla/5.0 (X11; Linux i686) AppleWebKit/537.36 (KHTML, like Gecko) Chrome/30.0.1599.66 Safari/537.36"
37.59.21.100 - - [15/Apr/2026:02:03:16 +0200] "GET /2007/01/20/formikariy/feed/ HTTP/1.1" 200 2042 "-" "Mozilla/5.0 (X11; Linux i686) AppleWebKit/537.36 (KHTML, like Gecko) Chrome/30.0.1599.66 Safari/537.36"
95.216.2.94 - - [15/Apr/2026:02:04:38 +0200] "POST /wp-cron.php?doing_wp_cron=1776211478.2362449169158935546875 HTTP/1.1" 500 4080 "-" "WordPress/6.4.8; https://notes.rudomilov.ru"
57.141.20.27 - - [15/Apr/2026:02:04:37 +0200] "GET /sitemap-pt-post-p1-2014-06.html HTTP/1.1" 200 6751 "-" "meta-externalagent/1.1 (+https://developers.facebook.com/docs/sharing/webmasters/crawler)"
95.216.2.94 - - [15/Apr/2026:02:05:29 +0200] "GET /wp-content/uploads/2008/11/solution_0.png HTTP/1.0" 200 12873 "-" "-"
95.216.2.94 - - [15/Apr/2026:02:05:29 +0200] "GET /wp-content/uploads/2008/11/solution_2.png HTTP/1.0" 200 9951 "-" "-"
95.216.2.94 - - [15/Apr/2026:02:05:29 +0200] "GET /wp-content/uploads/2008/11/solution_3.gif HTTP/1.0" 200 28376 "-" "-"
95.216.2.94 - - [15/Apr/2026:02:05:29 +0200] "GET /wp-content/uploads/2008/11/solution_all.thumbnail.gif HTTP/1.0" 200 30890 "-" "-"
95.216.2.94 - - [15/Apr/2026:02:05:29 +0200] "GET /wp-content/uploads/2008/11/solution_all.gif HTTP/1.0" 200 100419 "-" "-"
95.216.2.94 - - [15/Apr/2026:02:05:29 +0200] "GET /wp-content/uploads/2008/11/solution_all.gif HTTP/1.0" 200 100419 "-" "-"
186.121.162.223 - - [15/Apr/2026:02:05:28 +0200] "GET /2008/11/28/informer-ie/comment-page-1/?replytocom=48565 HTTP/1.1" 200 24589 "-" "Mozilla/5.0 (Windows NT 6.1; Win64; x64) AppleWebKit/537.36 (KHTML, like Gecko) Chrome/84.0.4147.135 Safari/537.36"
209.141.45.41 - - [15/Apr/2026:02:09:08 +0200] "GET /wp-login.php HTTP/1.1" 500 4080 "-" "Mozilla/5.0 (Windows NT 10.0; Win64; x64) AppleWebKit/537.36 (KHTML, like Gecko) Chrome/134.0.0.0 Safari/537.36"
95.216.2.94 - - [15/Apr/2026:02:11:33 +0200] "POST /wp-cron.php?doing_wp_cron=1776211893.7634921073913574218750 HTTP/1.1" 500 199 "-" "WordPress/6.4.8; https://notes.rudomilov.ru"
95.216.2.94 - - [15/Apr/2026:02:11:33 +0200] "GET /wp-content/uploads/2017/07/google_apps_free_domains_list.png HTTP/1.0" 200 16969 "-" "-"
95.216.2.94 - - [15/Apr/2026:02:11:33 +0200] "GET /wp-content/uploads/2017/07/gmail_settings_accounts_6.png HTTP/1.0" 200 23000 "-" "-"
95.216.2.94 - - [15/Apr/2026:02:11:33 +0200] "GET /wp-content/uploads/2017/07/gmail_settings_accounts_6.png HTTP/1.0" 200 23000 "-" "-"
129.226.174.80 - - [15/Apr/2026:02:11:33 +0200] "GET /2017/07/02/google-apps-new-domain-2017/ HTTP/1.1" 200 12729 "-" "Mozilla/5.0 (iPhone; CPU iPhone OS 13_2_3 like Mac OS X) AppleWebKit/605.1.15 (KHTML, like Gecko) Version/13.0.3 Mobile/15E148 Safari/604.1"
95.216.2.94 - - [15/Apr/2026:02:12:01 +0200] "GET /wp-content/uploads/2008/11/solution_0.png HTTP/1.0" 200 12873 "-" "-"
95.216.2.94 - - [15/Apr/2026:02:12:01 +0200] "GET /wp-content/uploads/2008/11/solution_2.png HTTP/1.0" 200 9951 "-" "-"
95.216.2.94 - - [15/Apr/2026:02:12:01 +0200] "GET /wp-content/uploads/2008/11/solution_3.gif HTTP/1.0" 200 28376 "-" "-"
95.216.2.94 - - [15/Apr/2026:02:12:01 +0200] "GET /wp-content/uploads/2008/11/solution_all.thumbnail.gif HTTP/1.0" 200 30890 "-" "-"
95.216.2.94 - - [15/Apr/2026:02:12:01 +0200] "GET /wp-content/uploads/2008/11/solution_all.gif HTTP/1.0" 200 100419 "-" "-"
95.216.2.94 - - [15/Apr/2026:02:12:01 +0200] "GET /wp-content/uploads/2008/11/solution_all.gif HTTP/1.0" 200 100419 "-" "-"
45.134.183.239 - - [15/Apr/2026:02:12:00 +0200] "GET /2008/11/28/informer-ie/comment-page-7/ HTTP/1.0" 200 84134 "http://notes.rudomilov.ru/2008/11/28/informer-ie/comment-page-7/" "Mozilla/5.0 (Windows NT 10.0; Win64; x64) AppleWebKit/537.36 (KHTML, like Gecko) Chrome/103.0.0.0 Safari/537.36 Herring/95.1.8810.11"
95.216.2.94 - - [15/Apr/2026:02:12:22 +0200] "GET /wp-content/uploads/2008/11/solution_0.png HTTP/1.0" 200 12873 "-" "-"
95.216.2.94 - - [15/Apr/2026:02:12:22 +0200] "GET /wp-content/uploads/2008/11/solution_2.png HTTP/1.0" 200 9951 "-" "-"
95.216.2.94 - - [15/Apr/2026:02:12:22 +0200] "GET /wp-content/uploads/2008/11/solution_3.gif HTTP/1.0" 200 28376 "-" "-"
95.216.2.94 - - [15/Apr/2026:02:12:22 +0200] "GET /wp-content/uploads/2008/11/solution_all.thumbnail.gif HTTP/1.0" 200 30890 "-" "-"
95.216.2.94 - - [15/Apr/2026:02:12:22 +0200] "GET /wp-content/uploads/2008/11/solution_all.gif HTTP/1.0" 200 100419 "-" "-"
95.216.2.94 - - [15/Apr/2026:02:12:22 +0200] "GET /wp-content/uploads/2008/11/solution_all.gif HTTP/1.0" 200 100419 "-" "-"
84.54.44.32 - - [15/Apr/2026:02:12:21 +0200] "GET /2008/11/28/informer-ie/comment-page-7/ HTTP/1.0" 200 88298 "https://notes.rudomilov.ru/2008/11/28/informer-ie/comment-page-7/" "Mozilla/5.0 (Windows NT 10.0; Win64; x64) AppleWebKit/537.36 (KHTML, like Gecko) Chrome/103.0.0.0 Safari/537.36 Herring/95.1.8810.11"
84.54.44.32 - - [15/Apr/2026:02:12:22 +0200] "POST /wp-comments-post.php HTTP/1.0" 500 3555 "https://notes.rudomilov.ru/2008/11/28/informer-ie/comment-page-7/" "Mozilla/5.0 (Windows NT 10.0; Win64; x64) AppleWebKit/537.36 (KHTML, like Gecko) Chrome/103.0.0.0 Safari/537.36 Herring/95.1.8810.11"
216.73.216.51 - - [15/Apr/2026:02:13:45 +0200] "GET /robots.txt HTTP/1.1" 200 4398 "-" "Mozilla/5.0 AppleWebKit/537.36 (KHTML, like Gecko; compatible; ClaudeBot/1.0; +claudebot@anthropic.com)"
95.216.2.94 - - [15/Apr/2026:02:13:46 +0200] "POST /wp-cron.php?doing_wp_cron=1776212026.2108590602874755859375 HTTP/1.1" 500 4080 "-" "WordPress/6.4.8; https://notes.rudomilov.ru"
216.73.216.51 - - [15/Apr/2026:02:13:45 +0200] "GET /sitemap.xml HTTP/1.1" 200 1724 "-" "Mozilla/5.0 AppleWebKit/537.36 (KHTML, like Gecko; compatible; ClaudeBot/1.0; +claudebot@anthropic.com)"
37.59.21.100 - - [15/Apr/2026:02:13:52 +0200] "GET /2006/12/15/ya-asotsialen/feed/ HTTP/1.1" 200 1287 "-" "Mozilla/5.0 (X11; Linux i686) AppleWebKit/537.36 (KHTML, like Gecko) Chrome/30.0.1599.66 Safari/537.36"
95.216.2.94 - - [15/Apr/2026:02:16:37 +0200] "POST /wp-cron.php?doing_wp_cron=1776212197.0976850986480712890625 HTTP/1.1" 500 199 "-" "WordPress/6.4.8; https://notes.rudomilov.ru"
95.216.2.94 - - [15/Apr/2026:02:16:37 +0200] "GET /wp-content/uploads/2007/10/nokia_sms_export_2.gif HTTP/1.0" 200 11447 "-" "-"
95.216.2.94 - - [15/Apr/2026:02:16:37 +0200] "GET /wp-content/uploads/2007/10/nokia_sms_export_1.gif HTTP/1.0" 200 11450 "-" "-"
95.216.2.94 - - [15/Apr/2026:02:16:37 +0200] "GET /wp-content/themes/gridfocus/images/default_og_image.jpg HTTP/1.0" 200 278199 "-" "-"
89.108.127.204 - - [15/Apr/2026:02:16:36 +0200] "GET /2007/10/25/arhivatsiya-sms-v-symbian-9/ HTTP/1.1" 200 39494 "-" "Mozilla/5.0 (compatible; pflink.ru/3.0)"
95.216.2.94 - - [15/Apr/2026:02:16:38 +0200] "GET /wp-content/uploads/2007/10/nokia_sms_export_2.gif HTTP/1.0" 200 11447 "-" "-"
95.216.2.94 - - [15/Apr/2026:02:16:38 +0200] "GET /wp-content/uploads/2007/10/nokia_sms_export_1.gif HTTP/1.0" 200 11450 "-" "-"
95.216.2.94 - - [15/Apr/2026:02:16:38 +0200] "GET /wp-content/themes/gridfocus/images/default_og_image.jpg HTTP/1.0" 200 278199 "-" "-"
89.108.127.204 - - [15/Apr/2026:02:16:38 +0200] "GET /2007/10/25/arhivatsiya-sms-v-symbian-9/ HTTP/1.1" 200 39493 "-" "Mozilla/5.0 (compatible; YandexBot/3.0)"
95.216.2.94 - - [15/Apr/2026:02:18:39 +0200] "POST /wp-cron.php?doing_wp_cron=1776212319.9410429000854492187500 HTTP/1.1" 500 4080 "-" "WordPress/6.4.8; https://notes.rudomilov.ru"
95.216.2.94 - - [15/Apr/2026:02:18:39 +0200] "GET /wp-content/themes/gridfocus/images/default_og_image.jpg HTTP/1.0" 200 278199 "-" "-"
43.157.52.37 - - [15/Apr/2026:02:18:39 +0200] "GET /2007/01/11/1s-predpriyatie-setevoy-marketing/ HTTP/1.1" 200 15145 "-" "Mozilla/5.0 (iPhone; CPU iPhone OS 13_2_3 like Mac OS X) AppleWebKit/605.1.15 (KHTML, like Gecko) Version/13.0.3 Mobile/15E148 Safari/604.1"
95.216.2.94 - - [15/Apr/2026:02:21:12 +0200] "POST /wp-cron.php?doing_wp_cron=1776212472.7744150161743164062500 HTTP/1.1" 500 199 "-" "WordPress/6.4.8; https://notes.rudomilov.ru"
95.216.2.94 - - [15/Apr/2026:02:21:12 +0200] "GET /wp-content/uploads/2015/11/IMG_4400-630x420.jpg HTTP/1.0" 200 50687 "-" "-"
95.216.2.94 - - [15/Apr/2026:02:21:12 +0200] "GET /wp-content/uploads/2015/11/IMG_4400.jpg HTTP/1.0" 200 135347 "-" "-"
95.216.2.94 - - [15/Apr/2026:02:21:12 +0200] "GET /wp-content/uploads/2015/11/IMG_4400.jpg HTTP/1.0" 200 135347 "-" "-"
109.122.192.47 - - [15/Apr/2026:02:21:12 +0200] "GET /2015/11/14/msata-like/ HTTP/1.1" 200 9171 "-" "Opera/9.80 (Windows NT 5.1; U; IBM EVV/3.0/EAK01AG9/LE; MRA 6.0 (build 5976); ru) Presto/2.10.229 Version/11.61"
95.216.2.94 - - [15/Apr/2026:02:22:51 +0200] "POST /wp-cron.php?doing_wp_cron=1776212571.1634540557861328125000 HTTP/1.1" 500 4080 "-" "WordPress/6.4.8; https://notes.rudomilov.ru"
95.216.2.94 - - [15/Apr/2026:02:22:51 +0200] "GET /wp-content/uploads/2007/10/ya_wm1.gif HTTP/1.0" 200 9470 "-" "-"
95.216.2.94 - - [15/Apr/2026:02:22:51 +0200] "GET /wp-content/themes/gridfocus/images/default_og_image.jpg HTTP/1.0" 200 278199 "-" "-"
66.249.66.1 - - [15/Apr/2026:02:22:50 +0200] "GET /2007/10/25/yandeks-gotovit-vebmasteram-panel/ HTTP/1.1" 200 14812 "-" "Mozilla/5.0 (Linux; Android 6.0.1; Nexus 5X Build/MMB29P) AppleWebKit/537.36 (KHTML, like Gecko) Chrome/146.0.7680.177 Mobile Safari/537.36 (compatible; GoogleOther)"
95.216.2.94 - - [15/Apr/2026:02:24:22 +0200] "POST /wp-cron.php?doing_wp_cron=1776212662.0603220462799072265625 HTTP/1.1" 500 4080 "-" "WordPress/6.4.8; https://notes.rudomilov.ru"
95.216.2.94 - - [15/Apr/2026:02:24:22 +0200] "GET /wp-content/uploads/2012/02/kindle-touch-001_gallery_post-500x330.jpg HTTP/1.0" 200 36850 "-" "-"
95.216.2.94 - - [15/Apr/2026:02:24:22 +0200] "GET /wp-content/uploads/2012/02/kindle-touch-001_gallery_post.jpg HTTP/1.0" 200 147332 "-" "-"
95.216.2.94 - - [15/Apr/2026:02:24:22 +0200] "GET /wp-content/uploads/2012/02/kindle-touch-001_gallery_post.jpg HTTP/1.0" 200 147332 "-" "-"
201.177.97.187 - - [15/Apr/2026:02:24:21 +0200] "GET /2012/02/22/kindle-touch-special-offer/?replytocom=495140 HTTP/1.1" 200 22801 "-" "Mozilla/5.0 (Windows NT 6.3; Win64; x64) AppleWebKit/537.36 (KHTML, like Gecko) Chrome/91.0.4472.114 Safari/537.36"
171.104.129.191 - - [15/Apr/2026:02:26:20 +0200] "POST /wp-comments-post.php HTTP/1.1" 500 4080 "-" "Mozilla/5.0 (Windows NT 10.0; Win64; x64) AppleWebKit/537.36 (KHTML, like Gecko) Chrome/108.0.0.0 Safari/537.36 Edg/108.0.1462.46"
95.216.2.94 - - [15/Apr/2026:02:27:07 +0200] "POST /wp-cron.php?doing_wp_cron=1776212827.1931939125061035156250 HTTP/1.1" 500 4080 "-" "WordPress/6.4.8; https://notes.rudomilov.ru"
95.216.2.94 - - [15/Apr/2026:02:27:07 +0200] "GET /wp-content/uploads/2008/11/silver-bullet.thumbnail.gif HTTP/1.0" 200 40641 "-" "-"
95.216.2.94 - - [15/Apr/2026:02:27:07 +0200] "GET /wp-content/uploads/2008/11/silver-bullet.gif HTTP/1.0" 200 50203 "-" "-"
95.216.2.94 - - [15/Apr/2026:02:27:07 +0200] "GET /wp-content/themes/gridfocus/images/default_og_image.jpg HTTP/1.0" 200 278199 "-" "-"
209.50.168.184 - - [15/Apr/2026:02:27:06 +0200] "GET /2008/11/15/pligg/ HTTP/1.1" 200 14851 "-" "Mozilla/5.0 (compatible; Googlebot/2.1; +http://www.google.com/bot.html)"
95.216.2.94 - - [15/Apr/2026:02:27:23 +0200] "GET /wp-content/themes/gridfocus/images/default_og_image.jpg HTTP/1.0" 200 278199 "-" "-"
43.134.141.244 - - [15/Apr/2026:02:27:23 +0200] "GET /tag/banki/ HTTP/1.1" 200 15864 "-" "Mozilla/5.0 (iPhone; CPU iPhone OS 13_2_3 like Mac OS X) AppleWebKit/605.1.15 (KHTML, like Gecko) Version/13.0.3 Mobile/15E148 Safari/604.1"
95.216.2.94 - - [15/Apr/2026:02:28:07 +0200] "POST /wp-cron.php?doing_wp_cron=1776212887.4240510463714599609375 HTTP/1.1" 500 199 "-" "WordPress/6.4.8; https://notes.rudomilov.ru"
95.216.2.94 - - [15/Apr/2026:02:28:07 +0200] "GET /wp-content/uploads/2008/11/solution_0.png HTTP/1.0" 200 12873 "-" "-"
95.216.2.94 - - [15/Apr/2026:02:28:07 +0200] "GET /wp-content/uploads/2008/11/solution_2.png HTTP/1.0" 200 9951 "-" "-"
95.216.2.94 - - [15/Apr/2026:02:28:07 +0200] "GET /wp-content/uploads/2008/11/solution_3.gif HTTP/1.0" 200 28376 "-" "-"
95.216.2.94 - - [15/Apr/2026:02:28:07 +0200] "GET /wp-content/uploads/2008/11/solution_all.thumbnail.gif HTTP/1.0" 200 30890 "-" "-"
95.216.2.94 - - [15/Apr/2026:02:28:07 +0200] "GET /wp-content/uploads/2008/11/solution_all.gif HTTP/1.0" 200 100419 "-" "-"
95.216.2.94 - - [15/Apr/2026:02:28:07 +0200] "GET /wp-content/uploads/2008/11/solution_all.gif HTTP/1.0" 200 100419 "-" "-"
146.103.55.76 - - [15/Apr/2026:02:28:06 +0200] "GET /2008/11/28/informer-ie/ HTTP/1.1" 200 19421 "-" "Mozilla/5.0 (Macintosh; Intel Mac OS X 10_15_7) AppleWebKit/537.36 (KHTML, like Gecko) Chrome/139.0.0.0 Safari/537.36"
35.90.126.145 - - [15/Apr/2026:02:28:09 +0200] "GET /wp-json/oembed/1.0/embed?url=https%3A%2F%2Fnotes.rudomilov.ru%2F2008%2F11%2F28%2Finformer-ie%2F&format=xml HTTP/1.1" 200 5607 "-" "axios/1.13.5"
95.216.2.94 - - [15/Apr/2026:02:30:37 +0200] "POST /wp-cron.php?doing_wp_cron=1776213037.2489140033721923828125 HTTP/1.1" 500 199 "-" "WordPress/6.4.8; https://notes.rudomilov.ru"
95.216.2.94 - - [15/Apr/2026:02:30:37 +0200] "GET /wp-content/uploads/2008/11/torrents.gif HTTP/1.0" 200 16346 "-" "-"
95.216.2.94 - - [15/Apr/2026:02:30:37 +0200] "GET /wp-content/themes/gridfocus/images/default_og_image.jpg HTTP/1.0" 200 278199 "-" "-"
145.223.62.64 - - [15/Apr/2026:02:30:36 +0200] "GET /2008/06/11/torrent-trackers/ HTTP/1.1" 200 16036 "-" "Mozilla/5.0 (Windows NT 10.0; Win64; x64) AppleWebKit/537.36 (KHTML, like Gecko) Chrome/139.0.0.0 Safari/537.36"
34.213.7.93 - - [15/Apr/2026:02:30:42 +0200] "GET /wp-json/oembed/1.0/embed?url=https%3A%2F%2Fnotes.rudomilov.ru%2F2008%2F06%2F11%2Ftorrent-trackers%2F&format=xml HTTP/1.1" 200 5630 "-" "axios/1.13.5"
95.216.2.94 - - [15/Apr/2026:02:40:07 +0200] "POST /wp-cron.php?doing_wp_cron=1776213607.3563740253448486328125 HTTP/1.1" 500 199 "-" "WordPress/6.4.8; https://notes.rudomilov.ru"
37.59.21.100 - - [15/Apr/2026:02:40:06 +0200] "GET /2011/02/05/vpn/feed/ HTTP/1.1" 200 3000 "-" "Mozilla/5.0 (X11; Linux i686) AppleWebKit/537.36 (KHTML, like Gecko) Chrome/30.0.1599.66 Safari/537.36"
95.216.2.94 - - [15/Apr/2026:02:43:19 +0200] "POST /wp-cron.php?doing_wp_cron=1776213799.6309559345245361328125 HTTP/1.1" 500 199 "-" "WordPress/6.4.8; https://notes.rudomilov.ru"
95.216.2.94 - - [15/Apr/2026:02:43:19 +0200] "GET /wp-content/themes/gridfocus/images/default_og_image.jpg HTTP/1.0" 200 278199 "-" "-"
101.32.15.141 - - [15/Apr/2026:02:43:19 +0200] "GET /tag/vtb/ HTTP/1.1" 200 11500 "-" "Mozilla/5.0 (iPhone; CPU iPhone OS 13_2_3 like Mac OS X) AppleWebKit/605.1.15 (KHTML, like Gecko) Version/13.0.3 Mobile/15E148 Safari/604.1"
95.216.2.94 - - [15/Apr/2026:02:49:25 +0200] "POST /wp-cron.php?doing_wp_cron=1776214165.4993729591369628906250 HTTP/1.1" 500 4080 "-" "WordPress/6.4.8; https://notes.rudomilov.ru"
95.216.2.94 - - [15/Apr/2026:02:49:25 +0200] "GET /wp-content/themes/gridfocus/images/default_og_image.jpg HTTP/1.0" 200 278199 "-" "-"
170.106.180.139 - - [15/Apr/2026:02:49:24 +0200] "GET /tag/foto/ HTTP/1.1" 200 13964 "-" "Mozilla/5.0 (iPhone; CPU iPhone OS 13_2_3 like Mac OS X) AppleWebKit/605.1.15 (KHTML, like Gecko) Version/13.0.3 Mobile/15E148 Safari/604.1"
95.216.2.94 - - [15/Apr/2026:02:50:08 +0200] "GET /wp-content/uploads/2008/11/silver-bullet.thumbnail.gif HTTP/1.0" 200 40641 "-" "-"
95.216.2.94 - - [15/Apr/2026:02:50:08 +0200] "GET /wp-content/uploads/2008/11/silver-bullet.gif HTTP/1.0" 200 50203 "-" "-"
95.216.2.94 - - [15/Apr/2026:02:50:08 +0200] "GET /wp-content/themes/gridfocus/images/default_og_image.jpg HTTP/1.0" 200 278199 "-" "-"
45.3.36.85 - - [15/Apr/2026:02:50:08 +0200] "GET /2008/11/15/pligg/ HTTP/1.1" 200 14851 "-" "Mozilla/5.0 (compatible; Googlebot/2.1; +http://www.google.com/bot.html)"
95.216.2.94 - - [15/Apr/2026:02:51:37 +0200] "POST /wp-cron.php?doing_wp_cron=1776214297.5496580600738525390625 HTTP/1.1" 500 4080 "-" "WordPress/6.4.8; https://notes.rudomilov.ru"
95.216.2.94 - - [15/Apr/2026:02:51:37 +0200] "GET /wp-content/themes/gridfocus/images/default_og_image.jpg HTTP/1.0" 200 278199 "-" "-"
145.223.131.51 - - [15/Apr/2026:02:51:36 +0200] "GET /tag/lebedev/ HTTP/1.1" 200 14914 "-" "Mozilla/5.0 (Macintosh; Intel Mac OS X 10_15_7) AppleWebKit/537.36 (KHTML, like Gecko) Chrome/120.0.0.0 Safari/537.36"
95.216.2.94 - - [15/Apr/2026:02:53:58 +0200] "POST /wp-cron.php?doing_wp_cron=1776214438.7989959716796875000000 HTTP/1.1" 500 199 "-" "WordPress/6.4.8; https://notes.rudomilov.ru"
37.59.21.100 - - [15/Apr/2026:02:53:58 +0200] "GET /2007/01/03/dolgozhdannyiy-anydata-adu-e100a/feed/ HTTP/1.1" 200 6129 "-" "Mozilla/5.0 (X11; Linux i686) AppleWebKit/537.36 (KHTML, like Gecko) Chrome/30.0.1599.66 Safari/537.36"
95.216.2.94 - - [15/Apr/2026:02:57:54 +0200] "POST /wp-cron.php?doing_wp_cron=1776214674.3201899528503417968750 HTTP/1.1" 500 4080 "-" "WordPress/6.4.8; https://notes.rudomilov.ru"
95.216.2.94 - - [15/Apr/2026:02:57:54 +0200] "GET /wp-content/uploads/2008/11/solution_0.png HTTP/1.0" 200 12873 "-" "-"
95.216.2.94 - - [15/Apr/2026:02:57:54 +0200] "GET /wp-content/uploads/2008/11/solution_2.png HTTP/1.0" 200 9951 "-" "-"
95.216.2.94 - - [15/Apr/2026:02:57:54 +0200] "GET /wp-content/uploads/2008/11/solution_3.gif HTTP/1.0" 200 28376 "-" "-"
95.216.2.94 - - [15/Apr/2026:02:57:54 +0200] "GET /wp-content/uploads/2008/11/solution_all.thumbnail.gif HTTP/1.0" 200 30890 "-" "-"
95.216.2.94 - - [15/Apr/2026:02:57:54 +0200] "GET /wp-content/uploads/2008/11/solution_all.gif HTTP/1.0" 200 100419 "-" "-"
95.216.2.94 - - [15/Apr/2026:02:57:54 +0200] "GET /wp-content/uploads/2008/11/solution_all.gif HTTP/1.0" 200 100419 "-" "-"
43.130.139.136 - - [15/Apr/2026:02:57:53 +0200] "GET /2008/11/28/informer-ie/ HTTP/1.1" 200 23341 "-" "Mozilla/5.0 (iPhone; CPU iPhone OS 13_2_3 like Mac OS X) AppleWebKit/605.1.15 (KHTML, like Gecko) Version/13.0.3 Mobile/15E148 Safari/604.1"
37.59.21.100 - - [15/Apr/2026:02:58:03 +0200] "GET /2007/07/07/photosight-rassyilaet-spam/feed/ HTTP/1.1" 200 1396 "-" "Mozilla/5.0 (X11; Linux i686) AppleWebKit/537.36 (KHTML, like Gecko) Chrome/30.0.1599.66 Safari/537.36"
52.167.144.169 - - [15/Apr/2026:02:58:40 +0200] "GET /wp-content/uploads/2007/05/3071b.jpg HTTP/1.1" 200 41183 "-" "Mozilla/5.0 AppleWebKit/537.36 (KHTML, like Gecko; compatible; bingbot/2.0; +http://www.bing.com/bingbot.htm) Chrome/116.0.1938.76 Safari/537.36"
95.216.2.94 - - [15/Apr/2026:03:04:31 +0200] "POST /wp-cron.php?doing_wp_cron=1776215071.9409139156341552734375 HTTP/1.1" 500 4080 "-" "WordPress/6.4.8; https://notes.rudomilov.ru"
95.216.2.94 - - [15/Apr/2026:03:04:31 +0200] "GET /wp-content/themes/gridfocus/images/default_og_image.jpg HTTP/1.0" 200 278199 "-" "-"
47.128.59.185 - - [15/Apr/2026:03:04:31 +0200] "GET / HTTP/1.1" 200 16921 "-" "Mozilla/5.0 (Linux; Android 5.0) AppleWebKit/537.36 (KHTML, like Gecko) Mobile Safari/537.36 (compatible; Bytespider; spider-feedback@bytedance.com)"
47.128.59.185 - - [15/Apr/2026:03:04:35 +0200] "GET /wp-content/uploads/2017/07/google_apps_free_domains_list-500x333.png HTTP/1.1" 206 908 "https://notes.rudomilov.ru/" "Mozilla/5.0 (Linux; Android 5.0) AppleWebKit/537.36 (KHTML, like Gecko) Mobile Safari/537.36 (compatible; Bytespider; spider-feedback@bytedance.com)"
47.128.59.185 - - [15/Apr/2026:03:04:37 +0200] "GET /wp-content/uploads/2016/01/clipconverter-500x67.jpg HTTP/1.1" 206 908 "https://notes.rudomilov.ru/" "Mozilla/5.0 (Linux; Android 5.0) AppleWebKit/537.36 (KHTML, like Gecko) Mobile Safari/537.36 (compatible; Bytespider; spider-feedback@bytedance.com)"
47.128.59.185 - - [15/Apr/2026:03:04:37 +0200] "GET /wp-content/uploads/2015/11/IMG_4400-500x333.jpg HTTP/1.1" 206 909 "https://notes.rudomilov.ru/" "Mozilla/5.0 (Linux; Android 5.0) AppleWebKit/537.36 (KHTML, like Gecko) Mobile Safari/537.36 (compatible; Bytespider; spider-feedback@bytedance.com)"
47.128.59.185 - - [15/Apr/2026:03:04:40 +0200] "GET /wp-content/uploads/2016/01/clipconverter-500x67.jpg HTTP/1.1" 304 325 "https://notes.rudomilov.ru/" "Mozilla/5.0 (Linux; Android 5.0) AppleWebKit/537.36 (KHTML, like Gecko) Mobile Safari/537.36 (compatible; Bytespider; spider-feedback@bytedance.com)"
47.128.59.185 - - [15/Apr/2026:03:04:40 +0200] "GET /wp-content/uploads/2015/11/IMG_4400-500x333.jpg HTTP/1.1" 304 889 "https://notes.rudomilov.ru/" "Mozilla/5.0 (Linux; Android 5.0) AppleWebKit/537.36 (KHTML, like Gecko) Mobile Safari/537.36 (compatible; Bytespider; spider-feedback@bytedance.com)"
47.128.59.185 - - [15/Apr/2026:03:04:40 +0200] "GET /wp-content/uploads/2015/11/IMG_4400-500x333.jpg HTTP/1.1" 206 32140 "https://notes.rudomilov.ru/" "Mozilla/5.0 (Linux; Android 5.0) AppleWebKit/537.36 (KHTML, like Gecko) Mobile Safari/537.36 (compatible; Bytespider; spider-feedback@bytedance.com)"
47.128.59.185 - - [15/Apr/2026:03:04:40 +0200] "GET /wp-content/uploads/2016/01/clipconverter-500x67.jpg HTTP/1.1" 206 6555 "https://notes.rudomilov.ru/" "Mozilla/5.0 (Linux; Android 5.0) AppleWebKit/537.36 (KHTML, like Gecko) Mobile Safari/537.36 (compatible; Bytespider; spider-feedback@bytedance.com)"
47.128.59.185 - - [15/Apr/2026:03:04:52 +0200] "GET /wp-content/uploads/2017/07/google_apps_free_domains_list.png HTTP/1.1" 206 1472 "https://notes.rudomilov.ru/" "Mozilla/5.0 (Linux; Android 5.0) AppleWebKit/537.36 (KHTML, like Gecko) Mobile Safari/537.36 (compatible; Bytespider; spider-feedback@bytedance.com)"
47.128.59.185 - - [15/Apr/2026:03:04:52 +0200] "GET /wp-content/uploads/2015/11/IMG_4400-630x420.jpg HTTP/1.1" 206 1473 "https://notes.rudomilov.ru/" "Mozilla/5.0 (Linux; Android 5.0) AppleWebKit/537.36 (KHTML, like Gecko) Mobile Safari/537.36 (compatible; Bytespider; spider-feedback@bytedance.com)"
47.128.59.185 - - [15/Apr/2026:03:04:52 +0200] "GET /wp-content/uploads/2016/01/clipconverter.jpg HTTP/1.1" 206 4693 "https://notes.rudomilov.ru/" "Mozilla/5.0 (Linux; Android 5.0) AppleWebKit/537.36 (KHTML, like Gecko) Mobile Safari/537.36 (compatible; Bytespider; spider-feedback@bytedance.com)"
47.128.59.185 - - [15/Apr/2026:03:04:52 +0200] "GET /wp-content/uploads/2015/10/fb_messages-630x420.jpg HTTP/1.1" 206 4694 "https://notes.rudomilov.ru/" "Mozilla/5.0 (Linux; Android 5.0) AppleWebKit/537.36 (KHTML, like Gecko) Mobile Safari/537.36 (compatible; Bytespider; spider-feedback@bytedance.com)"
47.128.59.185 - - [15/Apr/2026:03:04:53 +0200] "GET /wp-content/uploads/2015/11/IMG_4400-630x420.jpg HTTP/1.1" 304 325 "https://notes.rudomilov.ru/" "Mozilla/5.0 (Linux; Android 5.0) AppleWebKit/537.36 (KHTML, like Gecko) Mobile Safari/537.36 (compatible; Bytespider; spider-feedback@bytedance.com)"
47.128.59.185 - - [15/Apr/2026:03:04:53 +0200] "GET /wp-content/uploads/2015/11/IMG_4400-630x420.jpg HTTP/1.1" 206 47011 "https://notes.rudomilov.ru/" "Mozilla/5.0 (Linux; Android 5.0) AppleWebKit/537.36 (KHTML, like Gecko) Mobile Safari/537.36 (compatible; Bytespider; spider-feedback@bytedance.com)"
47.128.59.185 - - [15/Apr/2026:03:04:53 +0200] "GET /wp-content/uploads/2016/01/clipconverter.jpg HTTP/1.1" 304 325 "https://notes.rudomilov.ru/" "Mozilla/5.0 (Linux; Android 5.0) AppleWebKit/537.36 (KHTML, like Gecko) Mobile Safari/537.36 (compatible; Bytespider; spider-feedback@bytedance.com)"
47.128.59.185 - - [15/Apr/2026:03:04:53 +0200] "GET /wp-content/uploads/2015/10/fb_messages-630x420.jpg HTTP/1.1" 304 326 "https://notes.rudomilov.ru/" "Mozilla/5.0 (Linux; Android 5.0) AppleWebKit/537.36 (KHTML, like Gecko) Mobile Safari/537.36 (compatible; Bytespider; spider-feedback@bytedance.com)"
47.128.59.185 - - [15/Apr/2026:03:04:54 +0200] "GET /wp-content/uploads/2016/01/clipconverter.jpg HTTP/1.1" 206 10157 "https://notes.rudomilov.ru/" "Mozilla/5.0 (Linux; Android 5.0) AppleWebKit/537.36 (KHTML, like Gecko) Mobile Safari/537.36 (compatible; Bytespider; spider-feedback@bytedance.com)"
47.128.59.185 - - [15/Apr/2026:03:04:54 +0200] "GET /wp-content/uploads/2015/10/fb_messages-630x420.jpg HTTP/1.1" 206 88510 "https://notes.rudomilov.ru/" "Mozilla/5.0 (Linux; Android 5.0) AppleWebKit/537.36 (KHTML, like Gecko) Mobile Safari/537.36 (compatible; Bytespider; spider-feedback@bytedance.com)"
95.216.2.94 - - [15/Apr/2026:03:05:06 +0200] "GET /wp-content/uploads/2008/11/solution_0.png HTTP/1.0" 200 12873 "-" "-"
95.216.2.94 - - [15/Apr/2026:03:05:06 +0200] "GET /wp-content/uploads/2008/11/solution_2.png HTTP/1.0" 200 9951 "-" "-"
95.216.2.94 - - [15/Apr/2026:03:05:06 +0200] "GET /wp-content/uploads/2008/11/solution_3.gif HTTP/1.0" 200 28376 "-" "-"
95.216.2.94 - - [15/Apr/2026:03:05:06 +0200] "GET /wp-content/uploads/2008/11/solution_all.thumbnail.gif HTTP/1.0" 200 30890 "-" "-"
95.216.2.94 - - [15/Apr/2026:03:05:06 +0200] "GET /wp-content/uploads/2008/11/solution_all.gif HTTP/1.0" 200 100419 "-" "-"
95.216.2.94 - - [15/Apr/2026:03:05:06 +0200] "GET /wp-content/uploads/2008/11/solution_all.gif HTTP/1.0" 200 100419 "-" "-"
202.133.88.173 - - [15/Apr/2026:03:05:05 +0200] "GET /2008/11/28/informer-ie/comment-page-7/ HTTP/1.0" 200 84135 "http://notes.rudomilov.ru/2008/11/28/informer-ie/comment-page-7/" "Mozilla/5.0 (Windows NT 10.0; Win64; x64) AppleWebKit/537.36 (KHTML, like Gecko) Chrome/103.0.0.0 Safari/537.36 OpenWave/97.4.2043.44"
95.216.2.94 - - [15/Apr/2026:03:06:31 +0200] "POST /wp-cron.php?doing_wp_cron=1776215191.4350719451904296875000 HTTP/1.1" 500 199 "-" "WordPress/6.4.8; https://notes.rudomilov.ru"
95.216.2.94 - - [15/Apr/2026:03:06:31 +0200] "GET /wp-content/themes/gridfocus/images/default_og_image.jpg HTTP/1.0" 200 278199 "-" "-"
43.134.141.244 - - [15/Apr/2026:03:06:30 +0200] "GET /2007/12/16/bezlimit-mechta-idiota/ HTTP/1.1" 200 15815 "-" "Mozilla/5.0 (iPhone; CPU iPhone OS 13_2_3 like Mac OS X) AppleWebKit/605.1.15 (KHTML, like Gecko) Version/13.0.3 Mobile/15E148 Safari/604.1"
216.244.66.233 - - [15/Apr/2026:03:07:12 +0200] "GET /robots.txt HTTP/1.1" 200 1329 "-" "Mozilla/5.0 (compatible; DotBot/1.2; +https://opensiteexplorer.org/dotbot; help@moz.com)"
95.216.2.94 - - [15/Apr/2026:03:13:00 +0200] "POST /wp-cron.php?doing_wp_cron=1776215580.9447219371795654296875 HTTP/1.1" 500 4080 "-" "WordPress/6.4.8; https://notes.rudomilov.ru"
57.141.20.20 - - [15/Apr/2026:03:13:00 +0200] "GET /sitemap-pt-post-p2-2008-11.html HTTP/1.1" 200 7308 "-" "meta-externalagent/1.1 (+https://developers.facebook.com/docs/sharing/webmasters/crawler)"
95.216.2.94 - - [15/Apr/2026:03:13:23 +0200] "GET /wp-content/uploads/2008/11/solution_0.png HTTP/1.0" 200 12873 "-" "-"
95.216.2.94 - - [15/Apr/2026:03:13:23 +0200] "GET /wp-content/uploads/2008/11/solution_2.png HTTP/1.0" 200 9951 "-" "-"
95.216.2.94 - - [15/Apr/2026:03:13:23 +0200] "GET /wp-content/uploads/2008/11/solution_3.gif HTTP/1.0" 200 28376 "-" "-"
95.216.2.94 - - [15/Apr/2026:03:13:23 +0200] "GET /wp-content/uploads/2008/11/solution_all.thumbnail.gif HTTP/1.0" 200 30890 "-" "-"
95.216.2.94 - - [15/Apr/2026:03:13:23 +0200] "GET /wp-content/uploads/2008/11/solution_all.gif HTTP/1.0" 200 100419 "-" "-"
95.216.2.94 - - [15/Apr/2026:03:13:23 +0200] "GET /wp-content/uploads/2008/11/solution_all.gif HTTP/1.0" 200 100419 "-" "-"
81.24.92.211 - - [15/Apr/2026:03:13:22 +0200] "GET /2008/11/28/informer-ie/comment-page-7/ HTTP/1.0" 200 88297 "https://notes.rudomilov.ru/2008/11/28/informer-ie/comment-page-7/#comment-828809" "Mozilla/5.0 (Windows NT 10.0; Win64; x64) AppleWebKit/537.36 (KHTML, like Gecko) Chrome/130.0.0.0 Safari/537.36"
216.73.216.51 - - [15/Apr/2026:03:13:26 +0200] "GET /?p=866 HTTP/1.1" 301 4203 "-" "Mozilla/5.0 AppleWebKit/537.36 (KHTML, like Gecko; compatible; ClaudeBot/1.0; +claudebot@anthropic.com)"
95.216.2.94 - - [15/Apr/2026:03:13:29 +0200] "GET /wp-content/themes/gridfocus/images/default_og_image.jpg HTTP/1.0" 200 278199 "-" "-"
216.73.216.51 - - [15/Apr/2026:03:13:28 +0200] "GET /2013/09/28/check-spf-and-dkim/ HTTP/1.1" 200 17937 "https://notes.rudomilov.ru/?p=866" "Mozilla/5.0 AppleWebKit/537.36 (KHTML, like Gecko; compatible; ClaudeBot/1.0; +claudebot@anthropic.com)"
216.73.216.51 - - [15/Apr/2026:03:14:42 +0200] "GET /robots.txt HTTP/1.1" 200 4398 "-" "Mozilla/5.0 AppleWebKit/537.36 (KHTML, like Gecko; compatible; ClaudeBot/1.0; +claudebot@anthropic.com)"
95.216.2.94 - - [15/Apr/2026:03:14:42 +0200] "POST /wp-cron.php?doing_wp_cron=1776215682.8930010795593261718750 HTTP/1.1" 500 4080 "-" "WordPress/6.4.8; https://notes.rudomilov.ru"
95.216.2.94 - - [15/Apr/2026:03:14:42 +0200] "GET /wp-content/themes/gridfocus/images/default_og_image.jpg HTTP/1.0" 200 278199 "-" "-"
216.73.216.51 - - [15/Apr/2026:03:14:42 +0200] "GET /2013/09/28/check-spf-and-dkim/?replytocom=525905 HTTP/1.1" 200 14174 "-" "Mozilla/5.0 AppleWebKit/537.36 (KHTML, like Gecko; compatible; ClaudeBot/1.0; +claudebot@anthropic.com)"
95.216.2.94 - - [15/Apr/2026:03:16:40 +0200] "POST /wp-cron.php?doing_wp_cron=1776215800.2318038940429687500000 HTTP/1.1" 500 4080 "-" "WordPress/6.4.8; https://notes.rudomilov.ru"
95.216.2.94 - - [15/Apr/2026:03:16:40 +0200] "GET /wp-content/themes/gridfocus/images/default_og_image.jpg HTTP/1.0" 200 278199 "-" "-"
216.73.216.51 - - [15/Apr/2026:03:16:39 +0200] "GET /2013/09/28/check-spf-and-dkim/?replytocom=683397 HTTP/1.1" 200 17958 "-" "Mozilla/5.0 AppleWebKit/537.36 (KHTML, like Gecko; compatible; ClaudeBot/1.0; +claudebot@anthropic.com)"
37.59.21.100 - - [15/Apr/2026:03:16:46 +0200] "GET /2007/01/03/modem-na-cdma/feed/ HTTP/1.1" 200 1345 "-" "Mozilla/5.0 (X11; Linux i686) AppleWebKit/537.36 (KHTML, like Gecko) Chrome/30.0.1599.66 Safari/537.36"
95.216.2.94 - - [15/Apr/2026:03:19:16 +0200] "POST /wp-cron.php?doing_wp_cron=1776215956.5672309398651123046875 HTTP/1.1" 500 4080 "-" "WordPress/6.4.8; https://notes.rudomilov.ru"
95.216.2.94 - - [15/Apr/2026:03:19:16 +0200] "GET /wp-content/themes/gridfocus/images/default_og_image.jpg HTTP/1.0" 200 278199 "-" "-"
43.166.247.155 - - [15/Apr/2026:03:19:16 +0200] "GET /2007/01/11/1s-predpriyatie-setevoy-marketing/?replytocom=110 HTTP/1.1" 200 15163 "-" "Mozilla/5.0 (iPhone; CPU iPhone OS 13_2_3 like Mac OS X) AppleWebKit/605.1.15 (KHTML, like Gecko) Version/13.0.3 Mobile/15E148 Safari/604.1"
95.216.2.94 - - [15/Apr/2026:03:21:23 +0200] "POST /wp-cron.php?doing_wp_cron=1776216083.3657429218292236328125 HTTP/1.1" 500 4080 "-" "WordPress/6.4.8; https://notes.rudomilov.ru"
95.216.2.94 - - [15/Apr/2026:03:21:23 +0200] "GET /wp-content/uploads/2008/11/solution_0.png HTTP/1.0" 200 12873 "-" "-"
95.216.2.94 - - [15/Apr/2026:03:21:23 +0200] "GET /wp-content/uploads/2008/11/solution_2.png HTTP/1.0" 200 9951 "-" "-"
95.216.2.94 - - [15/Apr/2026:03:21:23 +0200] "GET /wp-content/uploads/2008/11/solution_3.gif HTTP/1.0" 200 28376 "-" "-"
95.216.2.94 - - [15/Apr/2026:03:21:23 +0200] "GET /wp-content/uploads/2008/11/solution_all.thumbnail.gif HTTP/1.0" 200 30890 "-" "-"
95.216.2.94 - - [15/Apr/2026:03:21:23 +0200] "GET /wp-content/uploads/2008/11/solution_all.gif HTTP/1.0" 200 100419 "-" "-"
95.216.2.94 - - [15/Apr/2026:03:21:23 +0200] "GET /wp-content/uploads/2008/11/solution_all.gif HTTP/1.0" 200 100419 "-" "-"
84.54.53.236 - - [15/Apr/2026:03:21:22 +0200] "GET /2008/11/28/informer-ie/comment-page-7/ HTTP/1.0" 200 88297 "https://notes.rudomilov.ru/2008/11/28/informer-ie/comment-page-7/#comment-856735" "Mozilla/5.0 (Windows NT 10.0; Win64; x64) AppleWebKit/537.36 (KHTML, like Gecko) Chrome/103.0.0.0 Safari/537.36 OpenWave/97.4.2043.44"
57.141.20.69 - - [15/Apr/2026:03:21:50 +0200] "GET /sitemap-pt-post-p1-2011-03.html HTTP/1.1" 200 6711 "-" "meta-externalagent/1.1 (+https://developers.facebook.com/docs/sharing/webmasters/crawler)"
95.216.2.94 - - [15/Apr/2026:03:22:15 +0200] "GET /wp-content/themes/gridfocus/images/default_og_image.jpg HTTP/1.0" 200 278199 "-" "-"
194.156.92.237 - - [15/Apr/2026:03:22:14 +0200] "GET / HTTP/1.0" 200 49201 "https://notes.rudomilov.ru/" "Mozilla/5.0 (Windows NT 10.0; Win64; x64) AppleWebKit/537.36 (KHTML, like Gecko) Chrome/103.0.0.0 Safari/537.36 OpenWave/97.4.2043.44"
95.216.2.94 - - [15/Apr/2026:03:24:46 +0200] "POST /wp-cron.php?doing_wp_cron=1776216286.6022050380706787109375 HTTP/1.1" 500 4080 "-" "WordPress/6.4.8; https://notes.rudomilov.ru"
95.216.2.94 - - [15/Apr/2026:03:24:46 +0200] "GET /wp-content/uploads/2008/11/solution_0.png HTTP/1.0" 200 12873 "-" "-"
95.216.2.94 - - [15/Apr/2026:03:24:46 +0200] "GET /wp-content/uploads/2008/11/solution_2.png HTTP/1.0" 200 9951 "-" "-"
95.216.2.94 - - [15/Apr/2026:03:24:46 +0200] "GET /wp-content/uploads/2008/11/solution_3.gif HTTP/1.0" 200 28376 "-" "-"
95.216.2.94 - - [15/Apr/2026:03:24:46 +0200] "GET /wp-content/uploads/2008/11/solution_all.thumbnail.gif HTTP/1.0" 200 30890 "-" "-"
95.216.2.94 - - [15/Apr/2026:03:24:46 +0200] "GET /wp-content/uploads/2008/11/solution_all.gif HTTP/1.0" 200 100419 "-" "-"
95.216.2.94 - - [15/Apr/2026:03:24:46 +0200] "GET /wp-content/uploads/2008/11/solution_all.gif HTTP/1.0" 200 100419 "-" "-"
190.217.20.45 - - [15/Apr/2026:03:24:46 +0200] "GET /2008/11/28/informer-ie/comment-page-3/?replytocom=51951 HTTP/1.1" 200 22001 "-" "Mozilla/5.0 (Macintosh; Intel Mac OS X 11_2) AppleWebKit/537.36 (KHTML, like Gecko) Chrome/96.0.4702.147 Safari/537.36"
95.216.2.94 - - [15/Apr/2026:03:27:28 +0200] "POST /wp-cron.php?doing_wp_cron=1776216448.5986249446868896484375 HTTP/1.1" 500 4080 "-" "WordPress/6.4.8; https://notes.rudomilov.ru"
95.216.2.94 - - [15/Apr/2026:03:27:28 +0200] "GET /wp-content/uploads/2008/11/silver-bullet.thumbnail.gif HTTP/1.0" 200 40641 "-" "-"
95.216.2.94 - - [15/Apr/2026:03:27:28 +0200] "GET /wp-content/uploads/2008/11/silver-bullet.gif HTTP/1.0" 200 50203 "-" "-"
95.216.2.94 - - [15/Apr/2026:03:27:28 +0200] "GET /wp-content/themes/gridfocus/images/default_og_image.jpg HTTP/1.0" 200 278199 "-" "-"
216.26.226.117 - - [15/Apr/2026:03:27:27 +0200] "GET /2008/11/15/pligg/ HTTP/1.1" 200 14851 "-" "Mozilla/5.0 (compatible; Googlebot/2.1; +http://www.google.com/bot.html)"
95.216.2.94 - - [15/Apr/2026:03:34:16 +0200] "POST /wp-cron.php?doing_wp_cron=1776216856.7822830677032470703125 HTTP/1.1" 500 199 "-" "WordPress/6.4.8; https://notes.rudomilov.ru"
95.216.2.94 - - [15/Apr/2026:03:34:16 +0200] "GET /wp-content/uploads/2008/02/nic_pers.gif HTTP/1.0" 200 18882 "-" "-"
95.216.2.94 - - [15/Apr/2026:03:34:16 +0200] "GET /wp-content/themes/gridfocus/images/default_og_image.jpg HTTP/1.0" 200 278199 "-" "-"
216.244.66.233 - - [15/Apr/2026:03:34:16 +0200] "GET /2008/02/29/nicru-razreshil-skryivat-informatsiyu-o-vladeltse-domena/comment-page-1/ HTTP/1.1" 200 35313 "-" "Mozilla/5.0 (compatible; DotBot/1.2; +https://opensiteexplorer.org/dotbot; help@moz.com)"
95.216.2.94 - - [15/Apr/2026:03:47:24 +0200] "POST /wp-cron.php?doing_wp_cron=1776217644.9358639717102050781250 HTTP/1.1" 500 4080 "-" "WordPress/6.4.8; https://notes.rudomilov.ru"
95.216.2.94 - - [15/Apr/2026:03:47:24 +0200] "GET /wp-content/uploads/2008/11/solution_0.png HTTP/1.0" 200 12873 "-" "-"
95.216.2.94 - - [15/Apr/2026:03:47:24 +0200] "GET /wp-content/uploads/2008/11/solution_2.png HTTP/1.0" 200 9951 "-" "-"
95.216.2.94 - - [15/Apr/2026:03:47:24 +0200] "GET /wp-content/uploads/2008/11/solution_3.gif HTTP/1.0" 200 28376 "-" "-"
95.216.2.94 - - [15/Apr/2026:03:47:25 +0200] "GET /wp-content/uploads/2008/11/solution_all.thumbnail.gif HTTP/1.0" 200 30890 "-" "-"
95.216.2.94 - - [15/Apr/2026:03:47:25 +0200] "GET /wp-content/uploads/2008/11/solution_all.gif HTTP/1.0" 200 100419 "-" "-"
95.216.2.94 - - [15/Apr/2026:03:47:25 +0200] "GET /wp-content/uploads/2008/11/solution_all.gif HTTP/1.0" 200 100419 "-" "-"
5.188.118.200 - - [15/Apr/2026:03:47:24 +0200] "GET /2008/11/28/informer-ie/comment-page-7/ HTTP/1.0" 200 88298 "https://notes.rudomilov.ru/2008/11/28/informer-ie/comment-page-7/#comment-828809" "Mozilla/5.0 (Windows NT 10.0; Win64; x64) AppleWebKit/537.36 (KHTML, like Gecko) Chrome/103.0.5060.66 Safari/537.36"
5.188.118.200 - - [15/Apr/2026:03:47:25 +0200] "POST /wp-comments-post.php HTTP/1.0" 500 3555 "https://notes.rudomilov.ru/2008/11/28/informer-ie/comment-page-7/#comment-828809" "Mozilla/5.0 (Windows NT 10.0; Win64; x64) AppleWebKit/537.36 (KHTML, like Gecko) Chrome/103.0.5060.66 Safari/537.36"
95.216.2.94 - - [15/Apr/2026:03:47:25 +0200] "GET /wp-content/uploads/2008/11/solution_0.png HTTP/1.0" 200 12873 "-" "-"
95.216.2.94 - - [15/Apr/2026:03:47:25 +0200] "GET /wp-content/uploads/2008/11/solution_2.png HTTP/1.0" 200 9951 "-" "-"
95.216.2.94 - - [15/Apr/2026:03:47:25 +0200] "GET /wp-content/uploads/2008/11/solution_3.gif HTTP/1.0" 200 28376 "-" "-"
95.216.2.94 - - [15/Apr/2026:03:47:25 +0200] "GET /wp-content/uploads/2008/11/solution_all.thumbnail.gif HTTP/1.0" 200 30890 "-" "-"
95.216.2.94 - - [15/Apr/2026:03:47:25 +0200] "GET /wp-content/uploads/2008/11/solution_all.gif HTTP/1.0" 200 100419 "-" "-"
95.216.2.94 - - [15/Apr/2026:03:47:25 +0200] "GET /wp-content/uploads/2008/11/solution_all.gif HTTP/1.0" 200 100419 "-" "-"
5.188.118.200 - - [15/Apr/2026:03:47:25 +0200] "GET /2008/11/28/informer-ie/comment-page-7/ HTTP/1.0" 200 88297 "https://notes.rudomilov.ru/2008/11/28/informer-ie/comment-page-7/#comment-828809" "Mozilla/5.0 (Windows NT 10.0; Win64; x64) AppleWebKit/537.36 (KHTML, like Gecko) Chrome/103.0.5060.66 Safari/537.36"
95.216.2.94 - - [15/Apr/2026:03:47:26 +0200] "GET /wp-content/uploads/2008/11/solution_0.png HTTP/1.0" 200 12873 "-" "-"
95.216.2.94 - - [15/Apr/2026:03:47:26 +0200] "GET /wp-content/uploads/2008/11/solution_2.png HTTP/1.0" 200 9951 "-" "-"
95.216.2.94 - - [15/Apr/2026:03:47:26 +0200] "GET /wp-content/uploads/2008/11/solution_3.gif HTTP/1.0" 200 28376 "-" "-"
95.216.2.94 - - [15/Apr/2026:03:47:26 +0200] "GET /wp-content/uploads/2008/11/solution_all.thumbnail.gif HTTP/1.0" 200 30890 "-" "-"
95.216.2.94 - - [15/Apr/2026:03:47:26 +0200] "GET /wp-content/uploads/2008/11/solution_all.gif HTTP/1.0" 200 100419 "-" "-"
95.216.2.94 - - [15/Apr/2026:03:47:26 +0200] "GET /wp-content/uploads/2008/11/solution_all.gif HTTP/1.0" 200 100419 "-" "-"
5.188.118.200 - - [15/Apr/2026:03:47:25 +0200] "GET /2008/11/28/informer-ie/comment-page-7/ HTTP/1.0" 200 88298 "https://notes.rudomilov.ru/2008/11/28/informer-ie/comment-page-7/" "Mozilla/5.0 (Windows NT 10.0; Win64; x64) AppleWebKit/537.36 (KHTML, like Gecko) Chrome/103.0.5060.66 Safari/537.36"
95.216.2.94 - - [15/Apr/2026:03:47:27 +0200] "GET /wp-content/uploads/2008/11/solution_0.png HTTP/1.0" 200 12873 "-" "-"
95.216.2.94 - - [15/Apr/2026:03:47:27 +0200] "GET /wp-content/uploads/2008/11/solution_2.png HTTP/1.0" 200 9951 "-" "-"
95.216.2.94 - - [15/Apr/2026:03:47:27 +0200] "GET /wp-content/uploads/2008/11/solution_3.gif HTTP/1.0" 200 28376 "-" "-"
95.216.2.94 - - [15/Apr/2026:03:47:27 +0200] "GET /wp-content/uploads/2008/11/solution_all.thumbnail.gif HTTP/1.0" 200 30890 "-" "-"
95.216.2.94 - - [15/Apr/2026:03:47:27 +0200] "GET /wp-content/uploads/2008/11/solution_all.gif HTTP/1.0" 200 100419 "-" "-"
95.216.2.94 - - [15/Apr/2026:03:47:27 +0200] "GET /wp-content/uploads/2008/11/solution_all.gif HTTP/1.0" 200 100419 "-" "-"
5.188.118.200 - - [15/Apr/2026:03:47:26 +0200] "GET /2008/11/28/informer-ie/comment-page-7/?replytocom=96294 HTTP/1.0" 200 88337 "https://notes.rudomilov.ru/2008/11/28/informer-ie/comment-page-7/?replytocom=96294" "Mozilla/5.0 (Windows NT 10.0; Win64; x64) AppleWebKit/537.36 (KHTML, like Gecko) Chrome/103.0.5060.66 Safari/537.36"
95.216.2.94 - - [15/Apr/2026:03:53:49 +0200] "POST /wp-cron.php?doing_wp_cron=1776218029.0019309520721435546875 HTTP/1.1" 500 199 "-" "WordPress/6.4.8; https://notes.rudomilov.ru"
37.59.21.100 - - [15/Apr/2026:03:53:48 +0200] "GET /2006/10/30/las-vegas-na-kamchatke-utopiya/feed/ HTTP/1.1" 200 1135 "-" "Mozilla/5.0 (X11; Linux i686) AppleWebKit/537.36 (KHTML, like Gecko) Chrome/30.0.1599.66 Safari/537.36"
95.216.2.94 - - [15/Apr/2026:03:55:35 +0200] "POST /wp-cron.php?doing_wp_cron=1776218135.0263519287109375000000 HTTP/1.1" 500 4080 "-" "WordPress/6.4.8; https://notes.rudomilov.ru"
95.216.2.94 - - [15/Apr/2026:03:55:35 +0200] "GET /wp-content/uploads/2008/11/silver-bullet.thumbnail.gif HTTP/1.0" 200 40641 "-" "-"
95.216.2.94 - - [15/Apr/2026:03:55:35 +0200] "GET /wp-content/uploads/2008/11/silver-bullet.gif HTTP/1.0" 200 50203 "-" "-"
95.216.2.94 - - [15/Apr/2026:03:55:35 +0200] "GET /wp-content/themes/gridfocus/images/default_og_image.jpg HTTP/1.0" 200 278199 "-" "-"
45.3.37.222 - - [15/Apr/2026:03:55:34 +0200] "GET /2008/11/15/pligg/ HTTP/1.1" 200 14851 "-" "Mozilla/5.0 (compatible; Googlebot/2.1; +http://www.google.com/bot.html)"
95.216.2.94 - - [15/Apr/2026:03:57:31 +0200] "POST /wp-cron.php?doing_wp_cron=1776218251.8148159980773925781250 HTTP/1.1" 500 199 "-" "WordPress/6.4.8; https://notes.rudomilov.ru"
95.216.2.94 - - [15/Apr/2026:03:57:31 +0200] "GET /wp-content/uploads/2008/12/hp_pav_artist.jpg HTTP/1.0" 200 79085 "-" "-"
95.216.2.94 - - [15/Apr/2026:03:57:31 +0200] "GET /wp-content/uploads/2008/12/hp_pavilion_dv2800_artist_edition_1.jpg HTTP/1.0" 200 32142 "-" "-"
95.216.2.94 - - [15/Apr/2026:03:57:31 +0200] "GET /wp-content/uploads/2008/12/finalists_2007.thumbnail.JPG HTTP/1.0" 200 27835 "-" "-"
95.216.2.94 - - [15/Apr/2026:03:57:31 +0200] "GET /wp-content/uploads/2008/12/finalists_2007.JPG HTTP/1.0" 200 74168 "-" "-"
95.216.2.94 - - [15/Apr/2026:03:57:32 +0200] "GET /wp-content/uploads/2008/12/finalists_2007.JPG HTTP/1.0" 200 74168 "-" "-"
107.172.116.193 - - [15/Apr/2026:03:57:31 +0200] "GET /2008/12/10/hp-dv2899er-artist-edition/ HTTP/1.1" 200 19721 "-" "Mozilla/5.0 (Windows NT 10.0; Win64; x64) AppleWebKit/537.36 (KHTML, like Gecko) Chrome/139.0.0.0 Safari/537.36"
34.212.134.184 - - [15/Apr/2026:03:57:34 +0200] "GET /wp-json/oembed/1.0/embed?url=https%3A%2F%2Fnotes.rudomilov.ru%2F2008%2F12%2F10%2Fhp-dv2899er-artist-edition%2F&format=xml HTTP/1.1" 200 5632 "-" "axios/1.13.5"
171.107.131.252 - - [15/Apr/2026:04:06:37 +0200] "POST /wp-comments-post.php HTTP/1.1" 500 4080 "-" "Mozilla/5.0 (Windows NT 10.0; Win64; x64) AppleWebKit/537.36 (KHTML, like Gecko) Chrome/108.0.0.0 Safari/537.36 Edg/108.0.1462.46"
95.216.2.94 - - [15/Apr/2026:04:09:10 +0200] "POST /wp-cron.php?doing_wp_cron=1776218950.2815549373626708984375 HTTP/1.1" 500 199 "-" "WordPress/6.4.8; https://notes.rudomilov.ru"
104.238.7.134 - - [15/Apr/2026:04:09:09 +0200] "GET /2007/01/30/stavim-subversion-za-5-minut HTTP/1.1" 301 349 "-" "Mozilla/5.0 (Windows NT 10.0; Win64; x64) AppleWebKit/537.36 (KHTML, like Gecko) Chrome/139.0.0.0 Safari/537.36"
95.216.2.94 - - [15/Apr/2026:04:09:12 +0200] "GET /wp-content/uploads/2007/01/svn5min_1.gif HTTP/1.0" 200 9685 "-" "-"
95.216.2.94 - - [15/Apr/2026:04:09:12 +0200] "GET /wp-content/uploads/2007/01/svn5min_2.gif HTTP/1.0" 200 9592 "-" "-"
95.216.2.94 - - [15/Apr/2026:04:09:12 +0200] "GET /wp-content/uploads/2007/01/svn5min_3.gif HTTP/1.0" 200 13887 "-" "-"
95.216.2.94 - - [15/Apr/2026:04:09:12 +0200] "GET /wp-content/uploads/2007/01/svn5min_3.gif HTTP/1.0" 200 13887 "-" "-"
104.238.7.134 - - [15/Apr/2026:04:09:11 +0200] "GET /2007/01/30/stavim-subversion-za-5-minut/ HTTP/1.1" 200 12143 "-" "Mozilla/5.0 (Windows NT 10.0; Win64; x64) AppleWebKit/537.36 (KHTML, like Gecko) Chrome/139.0.0.0 Safari/537.36"
34.221.131.130 - - [15/Apr/2026:04:09:14 +0200] "GET /wp-json/oembed/1.0/embed?url=https%3A%2F%2Fnotes.rudomilov.ru%2F2007%2F01%2F30%2Fstavim-subversion-za-5-minut%2F&format=xml HTTP/1.1" 200 5617 "-" "axios/1.13.5"
95.216.2.94 - - [15/Apr/2026:04:11:21 +0200] "POST /wp-cron.php?doing_wp_cron=1776219081.1804819107055664062500 HTTP/1.1" 500 4080 "-" "WordPress/6.4.8; https://notes.rudomilov.ru"
95.216.2.94 - - [15/Apr/2026:04:11:21 +0200] "GET /wp-content/uploads/2008/11/torrents.gif HTTP/1.0" 200 16346 "-" "-"
95.216.2.94 - - [15/Apr/2026:04:11:21 +0200] "GET /wp-content/themes/gridfocus/images/default_og_image.jpg HTTP/1.0" 200 278199 "-" "-"
91.84.114.150 - - [15/Apr/2026:04:11:20 +0200] "GET /2008/06/11/torrent-trackers/comment-page-16/ HTTP/1.0" 200 73618 "https://notes.rudomilov.ru/2008/06/11/torrent-trackers/comment-page-16/" "Mozilla/5.0 (Windows NT 10.0; Win64; x64) AppleWebKit/537.36 (KHTML, like Gecko) Chrome/131.0.0.0 Safari/537.36"
91.84.114.150 - - [15/Apr/2026:04:11:21 +0200] "POST /wp-comments-post.php HTTP/1.0" 500 3555 "https://notes.rudomilov.ru/2008/06/11/torrent-trackers/comment-page-16/" "Mozilla/5.0 (Windows NT 10.0; Win64; x64) AppleWebKit/537.36 (KHTML, like Gecko) Chrome/131.0.0.0 Safari/537.36"
95.216.2.94 - - [15/Apr/2026:04:12:15 +0200] "GET /wp-content/uploads/2012/02/kindle-touch-001_gallery_post-500x330.jpg HTTP/1.0" 200 36850 "-" "-"
95.216.2.94 - - [15/Apr/2026:04:12:15 +0200] "GET /wp-content/uploads/2012/02/kindle-touch-001_gallery_post.jpg HTTP/1.0" 200 147332 "-" "-"
95.216.2.94 - - [15/Apr/2026:04:12:15 +0200] "GET /wp-content/uploads/2012/02/kindle-touch-001_gallery_post.jpg HTTP/1.0" 200 147332 "-" "-"
181.94.225.90 - - [15/Apr/2026:04:12:15 +0200] "GET /2012/02/22/kindle-touch-special-offer/?replytocom=525550 HTTP/1.1" 200 22789 "-" "Mozilla/5.0 (Macintosh; Intel Mac OS X 10_15_3) AppleWebKit/537.36 (KHTML, like Gecko) Brave Chrome/78.0.3904.108 Safari/537.36"
95.216.2.94 - - [15/Apr/2026:04:13:02 +0200] "POST /wp-cron.php?doing_wp_cron=1776219182.0668148994445800781250 HTTP/1.1" 500 4080 "-" "WordPress/6.4.8; https://notes.rudomilov.ru"
95.216.2.94 - - [15/Apr/2026:04:13:02 +0200] "GET /wp-content/uploads/2009/03/dela-300x245.gif HTTP/1.0" 200 21479 "-" "-"
95.216.2.94 - - [15/Apr/2026:04:13:02 +0200] "GET /wp-content/uploads/2009/03/dela.gif HTTP/1.0" 200 66194 "-" "-"
95.216.2.94 - - [15/Apr/2026:04:13:02 +0200] "GET /wp-content/uploads/2009/03/dela.gif HTTP/1.0" 200 66194 "-" "-"
14.185.72.76 - - [15/Apr/2026:04:13:01 +0200] "GET /2009/03/22/vselisdelal/ HTTP/1.1" 200 14309 "-" "Mozilla/5.0 (Windows NT 6.3; Win64; x64) AppleWebKit/537.36 (KHTML, like Gecko) Chrome/74.0.3729.169 Safari/537.36"
95.216.2.94 - - [15/Apr/2026:04:13:49 +0200] "GET /wp-content/uploads/2008/11/solution_0.png HTTP/1.0" 200 12873 "-" "-"
95.216.2.94 - - [15/Apr/2026:04:13:49 +0200] "GET /wp-content/uploads/2008/11/solution_2.png HTTP/1.0" 200 9951 "-" "-"
95.216.2.94 - - [15/Apr/2026:04:13:49 +0200] "GET /wp-content/uploads/2008/11/solution_3.gif HTTP/1.0" 200 28376 "-" "-"
95.216.2.94 - - [15/Apr/2026:04:13:49 +0200] "GET /wp-content/uploads/2008/11/solution_all.thumbnail.gif HTTP/1.0" 200 30890 "-" "-"
95.216.2.94 - - [15/Apr/2026:04:13:49 +0200] "GET /wp-content/uploads/2008/11/solution_all.gif HTTP/1.0" 200 100419 "-" "-"
95.216.2.94 - - [15/Apr/2026:04:13:49 +0200] "GET /wp-content/uploads/2008/11/solution_all.gif HTTP/1.0" 200 100419 "-" "-"
95.216.2.94 - - [15/Apr/2026:04:13:49 +0200] "GET /wp-content/uploads/2008/11/solution_0.png HTTP/1.0" 200 12873 "-" "-"
95.216.2.94 - - [15/Apr/2026:04:13:49 +0200] "GET /wp-content/uploads/2008/11/solution_2.png HTTP/1.0" 200 9951 "-" "-"
95.216.2.94 - - [15/Apr/2026:04:13:49 +0200] "GET /wp-content/uploads/2008/11/solution_3.gif HTTP/1.0" 200 28376 "-" "-"
95.216.2.94 - - [15/Apr/2026:04:13:49 +0200] "GET /wp-content/uploads/2008/11/solution_all.thumbnail.gif HTTP/1.0" 200 30890 "-" "-"
95.216.2.94 - - [15/Apr/2026:04:13:49 +0200] "GET /wp-content/uploads/2008/11/solution_all.gif HTTP/1.0" 200 100419 "-" "-"
95.216.2.94 - - [15/Apr/2026:04:13:49 +0200] "GET /wp-content/uploads/2008/11/solution_all.gif HTTP/1.0" 200 100419 "-" "-"
5.1.11.250 - - [15/Apr/2026:04:13:48 +0200] "GET /2008/11/28/informer-ie/comment-page-7/ HTTP/1.0" 200 88298 "https://notes.rudomilov.ru/2008/11/28/informer-ie/comment-page-7/" "Mozilla/5.0 (Windows NT 10.0; Win64; x64) AppleWebKit/537.36 (KHTML, like Gecko) Chrome/130.0.0.0 Safari/537.36"
5.1.11.250 - - [15/Apr/2026:04:13:48 +0200] "GET /2008/11/28/informer-ie/comment-page-7/ HTTP/1.0" 200 88297 "https://notes.rudomilov.ru/2008/11/28/informer-ie/comment-page-7/" "Mozilla/5.0 (Windows NT 10.0; Win64; x64) AppleWebKit/537.36 (KHTML, like Gecko) Chrome/131.0.0.0 Safari/537.36"
5.1.11.250 - - [15/Apr/2026:04:13:49 +0200] "POST /wp-comments-post.php HTTP/1.0" 500 3555 "https://notes.rudomilov.ru/2008/11/28/informer-ie/comment-page-7/" "Mozilla/5.0 (Windows NT 10.0; Win64; x64) AppleWebKit/537.36 (KHTML, like Gecko) Chrome/130.0.0.0 Safari/537.36"
5.1.11.250 - - [15/Apr/2026:04:13:49 +0200] "POST /wp-comments-post.php HTTP/1.0" 500 3555 "https://notes.rudomilov.ru/2008/11/28/informer-ie/comment-page-7/" "Mozilla/5.0 (Windows NT 10.0; Win64; x64) AppleWebKit/537.36 (KHTML, like Gecko) Chrome/131.0.0.0 Safari/537.36"
95.216.2.94 - - [15/Apr/2026:04:14:10 +0200] "POST /wp-cron.php?doing_wp_cron=1776219250.3815820217132568359375 HTTP/1.1" 500 4080 "-" "WordPress/6.4.8; https://notes.rudomilov.ru"
95.216.2.94 - - [15/Apr/2026:04:14:10 +0200] "GET /wp-content/uploads/2008/11/solution_0.png HTTP/1.0" 200 12873 "-" "-"
95.216.2.94 - - [15/Apr/2026:04:14:10 +0200] "GET /wp-content/uploads/2008/11/solution_2.png HTTP/1.0" 200 9951 "-" "-"
95.216.2.94 - - [15/Apr/2026:04:14:10 +0200] "GET /wp-content/uploads/2008/11/solution_3.gif HTTP/1.0" 200 28376 "-" "-"
95.216.2.94 - - [15/Apr/2026:04:14:10 +0200] "GET /wp-content/uploads/2008/11/solution_all.thumbnail.gif HTTP/1.0" 200 30890 "-" "-"
