5.188.118.200 - - [15/Apr/2026:10:44:38 +0200] "GET /2008/11/28/informer-ie/comment-page-7/ HTTP/1.0" 200 88298 "https://notes.rudomilov.ru/2008/11/28/informer-ie/comment-page-7/#comment-828809" "Mozilla/5.0 (Windows NT 6.1; Win64; x64) AppleWebKit/537.36 (KHTML, like Gecko) Chrome/103.0.5060.66 Safari/537.36"
5.188.118.200 - - [15/Apr/2026:10:44:39 +0200] "POST /wp-comments-post.php HTTP/1.0" 500 3555 "https://notes.rudomilov.ru/2008/11/28/informer-ie/comment-page-7/#comment-828809" "Mozilla/5.0 (Windows NT 6.1; Win64; x64) AppleWebKit/537.36 (KHTML, like Gecko) Chrome/103.0.5060.66 Safari/537.36"
95.216.2.94 - - [15/Apr/2026:10:44:40 +0200] "GET /wp-content/uploads/2008/11/solution_0.png HTTP/1.0" 200 12873 "-" "-"
95.216.2.94 - - [15/Apr/2026:10:44:40 +0200] "GET /wp-content/uploads/2008/11/solution_2.png HTTP/1.0" 200 9951 "-" "-"
95.216.2.94 - - [15/Apr/2026:10:44:40 +0200] "GET /wp-content/uploads/2008/11/solution_3.gif HTTP/1.0" 200 28376 "-" "-"
95.216.2.94 - - [15/Apr/2026:10:44:40 +0200] "GET /wp-content/uploads/2008/11/solution_all.thumbnail.gif HTTP/1.0" 200 30890 "-" "-"
95.216.2.94 - - [15/Apr/2026:10:44:40 +0200] "GET /wp-content/uploads/2008/11/solution_all.gif HTTP/1.0" 200 100419 "-" "-"
95.216.2.94 - - [15/Apr/2026:10:44:40 +0200] "GET /wp-content/uploads/2008/11/solution_all.gif HTTP/1.0" 200 100419 "-" "-"
5.188.118.200 - - [15/Apr/2026:10:44:39 +0200] "GET /2008/11/28/informer-ie/comment-page-7/ HTTP/1.0" 200 88298 "https://notes.rudomilov.ru/2008/11/28/informer-ie/comment-page-7/#comment-828809" "Mozilla/5.0 (Windows NT 6.1; Win64; x64) AppleWebKit/537.36 (KHTML, like Gecko) Chrome/103.0.5060.66 Safari/537.36"
95.216.2.94 - - [15/Apr/2026:10:44:41 +0200] "GET /wp-content/uploads/2008/11/solution_0.png HTTP/1.0" 200 12873 "-" "-"
95.216.2.94 - - [15/Apr/2026:10:44:41 +0200] "GET /wp-content/uploads/2008/11/solution_2.png HTTP/1.0" 200 9951 "-" "-"
95.216.2.94 - - [15/Apr/2026:10:44:41 +0200] "GET /wp-content/uploads/2008/11/solution_3.gif HTTP/1.0" 200 28376 "-" "-"
95.216.2.94 - - [15/Apr/2026:10:44:41 +0200] "GET /wp-content/uploads/2008/11/solution_all.thumbnail.gif HTTP/1.0" 200 30890 "-" "-"
95.216.2.94 - - [15/Apr/2026:10:44:41 +0200] "GET /wp-content/uploads/2008/11/solution_all.gif HTTP/1.0" 200 100419 "-" "-"
95.216.2.94 - - [15/Apr/2026:10:44:41 +0200] "GET /wp-content/uploads/2008/11/solution_all.gif HTTP/1.0" 200 100419 "-" "-"
5.188.118.200 - - [15/Apr/2026:10:44:40 +0200] "GET /2008/11/28/informer-ie/comment-page-7/ HTTP/1.0" 200 88298 "https://notes.rudomilov.ru/2008/11/28/informer-ie/comment-page-7/" "Mozilla/5.0 (Windows NT 6.1; Win64; x64) AppleWebKit/537.36 (KHTML, like Gecko) Chrome/103.0.5060.66 Safari/537.36"
95.216.2.94 - - [15/Apr/2026:10:44:41 +0200] "GET /wp-content/uploads/2008/11/solution_0.png HTTP/1.0" 200 12873 "-" "-"
95.216.2.94 - - [15/Apr/2026:10:44:41 +0200] "GET /wp-content/uploads/2008/11/solution_2.png HTTP/1.0" 200 9951 "-" "-"
95.216.2.94 - - [15/Apr/2026:10:44:41 +0200] "GET /wp-content/uploads/2008/11/solution_3.gif HTTP/1.0" 200 28376 "-" "-"
95.216.2.94 - - [15/Apr/2026:10:44:41 +0200] "GET /wp-content/uploads/2008/11/solution_all.thumbnail.gif HTTP/1.0" 200 30890 "-" "-"
95.216.2.94 - - [15/Apr/2026:10:44:41 +0200] "GET /wp-content/uploads/2008/11/solution_all.gif HTTP/1.0" 200 100419 "-" "-"
95.216.2.94 - - [15/Apr/2026:10:44:41 +0200] "GET /wp-content/uploads/2008/11/solution_all.gif HTTP/1.0" 200 100419 "-" "-"
5.188.118.200 - - [15/Apr/2026:10:44:41 +0200] "GET /2008/11/28/informer-ie/comment-page-7/?replytocom=96294 HTTP/1.0" 200 88337 "https://notes.rudomilov.ru/2008/11/28/informer-ie/comment-page-7/?replytocom=96294" "Mozilla/5.0 (Windows NT 6.1; Win64; x64) AppleWebKit/537.36 (KHTML, like Gecko) Chrome/103.0.5060.66 Safari/537.36"
37.59.21.100 - - [15/Apr/2026:10:44:57 +0200] "GET /2006/10/11/doska-obyavleniy-obschagovskoy-seti/feed/ HTTP/1.1" 200 4533 "-" "Mozilla/5.0 (X11; Linux i686) AppleWebKit/537.36 (KHTML, like Gecko) Chrome/30.0.1599.66 Safari/537.36"
95.216.2.94 - - [15/Apr/2026:10:44:59 +0200] "GET /wp-content/themes/gridfocus/images/default_og_image.jpg HTTP/1.0" 200 278199 "-" "-"
20.5.169.175 - - [15/Apr/2026:10:44:58 +0200] "GET / HTTP/1.1" 200 16869 "-" "Mozilla/5.0 (X11; Linux x86_64; rv:1.9.5.20) Gecko/ Firefox/13.0"
37.59.21.100 - - [15/Apr/2026:10:45:31 +0200] "GET /2008/11/21/yandex-google-holywar/feed/ HTTP/1.1" 200 1110 "-" "Mozilla/5.0 (X11; Linux i686) AppleWebKit/537.36 (KHTML, like Gecko) Chrome/30.0.1599.66 Safari/537.36"
95.216.2.94 - - [15/Apr/2026:10:47:06 +0200] "POST /wp-cron.php?doing_wp_cron=1776242826.1064898967742919921875 HTTP/1.1" 500 4080 "-" "WordPress/6.4.8; https://notes.rudomilov.ru"
77.75.78.161 - - [15/Apr/2026:10:47:05 +0200] "GET /sitemap-pt-post-p1-2006-09.xml HTTP/1.1" 200 4922 "-" "Mozilla/5.0 (compatible; SeznamBot/4.0; +https://o-seznam.cz/napoveda/vyhledavani/en/seznambot-crawler/)"
43.157.149.188 - - [15/Apr/2026:10:47:32 +0200] "GET /2013/09/28/check-spf-and-dkim/embed/ HTTP/1.1" 200 11153 "-" "Mozilla/5.0 (iPhone; CPU iPhone OS 13_2_3 like Mac OS X) AppleWebKit/605.1.15 (KHTML, like Gecko) Version/13.0.3 Mobile/15E148 Safari/604.1"
95.216.2.94 - - [15/Apr/2026:10:50:23 +0200] "POST /wp-cron.php?doing_wp_cron=1776243023.1697878837585449218750 HTTP/1.1" 500 199 "-" "WordPress/6.4.8; https://notes.rudomilov.ru"
95.216.2.94 - - [15/Apr/2026:10:50:23 +0200] "GET /wp-content/themes/gridfocus/images/default_og_image.jpg HTTP/1.0" 200 278199 "-" "-"
216.244.66.233 - - [15/Apr/2026:10:50:22 +0200] "GET /2007/01/14/pervitin/?replytocom=46473 HTTP/1.1" 200 64264 "-" "Mozilla/5.0 (compatible; DotBot/1.2; +https://opensiteexplorer.org/dotbot; help@moz.com)"
95.216.2.94 - - [15/Apr/2026:10:52:34 +0200] "POST /wp-cron.php?doing_wp_cron=1776243154.7344300746917724609375 HTTP/1.1" 500 199 "-" "WordPress/6.4.8; https://notes.rudomilov.ru"
95.216.2.94 - - [15/Apr/2026:10:52:34 +0200] "GET /wp-content/uploads/2015/11/IMG_4400-630x420.jpg HTTP/1.0" 200 50687 "-" "-"
95.216.2.94 - - [15/Apr/2026:10:52:34 +0200] "GET /wp-content/uploads/2015/11/IMG_4400.jpg HTTP/1.0" 200 135347 "-" "-"
95.216.2.94 - - [15/Apr/2026:10:52:34 +0200] "GET /wp-content/uploads/2015/11/IMG_4400.jpg HTTP/1.0" 200 135347 "-" "-"
109.122.193.94 - - [15/Apr/2026:10:52:34 +0200] "GET /2015/11/14/msata-like/ HTTP/1.1" 200 9171 "-" "Mozilla/5.0 (Windows NT 10.0; WOW64) AppleWebKit/537.36 (KHTML, like Gecko) Chrome/47.0.2526.16 Safari/537.36"
37.59.21.100 - - [15/Apr/2026:10:52:46 +0200] "GET /2008/02/23/plagin-wp-noindex-dlya-wordpress/feed/ HTTP/1.1" 200 1984 "-" "Mozilla/5.0 (X11; Linux i686) AppleWebKit/537.36 (KHTML, like Gecko) Chrome/30.0.1599.66 Safari/537.36"
95.216.2.94 - - [15/Apr/2026:10:57:21 +0200] "POST /wp-cron.php?doing_wp_cron=1776243441.5311849117279052734375 HTTP/1.1" 500 4080 "-" "WordPress/6.4.8; https://notes.rudomilov.ru"
95.216.2.94 - - [15/Apr/2026:10:57:21 +0200] "GET /wp-content/uploads/2008/11/solution_0.png HTTP/1.0" 200 12873 "-" "-"
95.216.2.94 - - [15/Apr/2026:10:57:21 +0200] "GET /wp-content/uploads/2008/11/solution_2.png HTTP/1.0" 200 9951 "-" "-"
95.216.2.94 - - [15/Apr/2026:10:57:21 +0200] "GET /wp-content/uploads/2008/11/solution_3.gif HTTP/1.0" 200 28376 "-" "-"
95.216.2.94 - - [15/Apr/2026:10:57:21 +0200] "GET /wp-content/uploads/2008/11/solution_all.thumbnail.gif HTTP/1.0" 200 30890 "-" "-"
95.216.2.94 - - [15/Apr/2026:10:57:21 +0200] "GET /wp-content/uploads/2008/11/solution_all.gif HTTP/1.0" 200 100419 "-" "-"
95.216.2.94 - - [15/Apr/2026:10:57:21 +0200] "GET /wp-content/uploads/2008/11/solution_all.gif HTTP/1.0" 200 100419 "-" "-"
45.134.253.54 - - [15/Apr/2026:10:57:20 +0200] "GET /2008/11/28/informer-ie/comment-page-7/ HTTP/1.0" 200 88298 "https://notes.rudomilov.ru/2008/11/28/informer-ie/comment-page-7/#comment-856749" "Mozilla/5.0 (Windows NT 10.0; Win64; x64) AppleWebKit/537.36 (KHTML, like Gecko) Chrome/103.0.0.0 Safari/537.36 OpenWave/97.4.2043.44"
95.216.2.94 - - [15/Apr/2026:10:58:13 +0200] "GET /wp-content/themes/gridfocus/images/default_og_image.jpg HTTP/1.0" 200 278199 "-" "-"
45.87.252.68 - - [15/Apr/2026:10:58:12 +0200] "GET / HTTP/1.0" 200 49201 "https://notes.rudomilov.ru/" "Mozilla/5.0 (Windows NT 10.0; Win64; x64) AppleWebKit/537.36 (KHTML, like Gecko) Chrome/103.0.0.0 Safari/537.36 OpenWave/97.4.2043.44"
95.216.2.94 - - [15/Apr/2026:10:58:36 +0200] "POST /wp-cron.php?doing_wp_cron=1776243516.2317130565643310546875 HTTP/1.1" 500 4080 "-" "WordPress/6.4.8; https://notes.rudomilov.ru"
95.216.2.94 - - [15/Apr/2026:10:58:36 +0200] "GET /wp-content/uploads/2012/10/eos_utility_1-500x385.jpg HTTP/1.0" 200 47907 "-" "-"
95.216.2.94 - - [15/Apr/2026:10:58:36 +0200] "GET /wp-content/uploads/2012/10/eos_utility_1.jpg HTTP/1.0" 200 125282 "-" "-"
95.216.2.94 - - [15/Apr/2026:10:58:36 +0200] "GET /wp-content/uploads/2012/10/eos_utility_1.jpg HTTP/1.0" 200 125282 "-" "-"
43.164.197.224 - - [15/Apr/2026:10:58:35 +0200] "GET /2012/10/06/author-and-copyright-in-canon-eos-exif-thanks-to-eos-utility/ HTTP/1.1" 200 16622 "-" "Mozilla/5.0 (iPhone; CPU iPhone OS 13_2_3 like Mac OS X) AppleWebKit/605.1.15 (KHTML, like Gecko) Version/13.0.3 Mobile/15E148 Safari/604.1"
95.216.2.94 - - [15/Apr/2026:11:00:09 +0200] "POST /wp-cron.php?doing_wp_cron=1776243609.1633319854736328125000 HTTP/1.1" 500 4080 "-" "WordPress/6.4.8; https://notes.rudomilov.ru"
77.75.78.163 - - [15/Apr/2026:11:00:08 +0200] "GET /sitemap-pt-post-p1-2017-07.xml HTTP/1.1" 200 4681 "-" "Mozilla/5.0 (compatible; SeznamBot/4.0; +https://o-seznam.cz/napoveda/vyhledavani/en/seznambot-crawler/)"
37.59.21.100 - - [15/Apr/2026:11:01:01 +0200] "GET /2007/01/03/dolgozhdannyiy-anydata-adu-e100a/feed/ HTTP/1.1" 200 6129 "-" "Mozilla/5.0 (X11; Linux i686) AppleWebKit/537.36 (KHTML, like Gecko) Chrome/30.0.1599.66 Safari/537.36"
95.216.2.94 - - [15/Apr/2026:11:02:29 +0200] "POST /wp-cron.php?doing_wp_cron=1776243749.0911159515380859375000 HTTP/1.1" 500 4080 "-" "WordPress/6.4.8; https://notes.rudomilov.ru"
114.119.158.149 - - [15/Apr/2026:11:02:28 +0200] "GET /2006/12/13/vedma HTTP/1.1" 301 4194 "https://notes.rudomilov.ru/2006/12/13/vedma/" "Mozilla/5.0 (Linux; Android 7.0;) AppleWebKit/537.36 (KHTML, like Gecko) Mobile Safari/537.36 (compatible; PetalBot;+https://webmaster.petalsearch.com/site/petalbot)"
95.216.2.94 - - [15/Apr/2026:11:02:34 +0200] "GET /wp-content/themes/gridfocus/images/default_og_image.jpg HTTP/1.0" 200 278199 "-" "-"
114.119.158.149 - - [15/Apr/2026:11:02:33 +0200] "GET /2006/12/13/vedma/ HTTP/1.1" 200 12970 "https://notes.rudomilov.ru/2006/12/13/vedma/" "Mozilla/5.0 (Linux; Android 7.0;) AppleWebKit/537.36 (KHTML, like Gecko) Mobile Safari/537.36 (compatible; PetalBot;+https://webmaster.petalsearch.com/site/petalbot)"
95.216.2.94 - - [15/Apr/2026:11:04:04 +0200] "POST /wp-cron.php?doing_wp_cron=1776243844.3973190784454345703125 HTTP/1.1" 500 4080 "-" "WordPress/6.4.8; https://notes.rudomilov.ru"
77.75.78.163 - - [15/Apr/2026:11:04:03 +0200] "GET /sitemap-pt-post-p1-2011-10.xml HTTP/1.1" 200 1459 "-" "Mozilla/5.0 (compatible; SeznamBot/4.0; +https://o-seznam.cz/napoveda/vyhledavani/en/seznambot-crawler/)"
95.216.2.94 - - [15/Apr/2026:11:06:11 +0200] "POST /wp-cron.php?doing_wp_cron=1776243971.0403499603271484375000 HTTP/1.1" 500 4080 "-" "WordPress/6.4.8; https://notes.rudomilov.ru"
114.119.150.57 - - [15/Apr/2026:11:06:10 +0200] "GET /sitemap-pt-post-2006-09.xml HTTP/1.1" 200 4527 "-" "Mozilla/5.0 (Linux; Android 7.0;) AppleWebKit/537.36 (KHTML, like Gecko) Mobile Safari/537.36 (compatible; PetalBot;+https://webmaster.petalsearch.com/site/petalbot)"
95.216.2.94 - - [15/Apr/2026:11:07:18 +0200] "POST /wp-cron.php?doing_wp_cron=1776244038.3338110446929931640625 HTTP/1.1" 500 4080 "-" "WordPress/6.4.8; https://notes.rudomilov.ru"
95.216.2.94 - - [15/Apr/2026:11:07:18 +0200] "GET /wp-content/themes/gridfocus/images/default_og_image.jpg HTTP/1.0" 200 278199 "-" "-"
43.157.38.228 - - [15/Apr/2026:11:07:17 +0200] "GET /tag/adsense/ HTTP/1.1" 200 14213 "-" "Mozilla/5.0 (iPhone; CPU iPhone OS 13_2_3 like Mac OS X) AppleWebKit/605.1.15 (KHTML, like Gecko) Version/13.0.3 Mobile/15E148 Safari/604.1"
77.75.78.163 - - [15/Apr/2026:11:08:12 +0200] "GET /sitemap-pt-post-p1-2011-02.xml HTTP/1.1" 200 1452 "-" "Mozilla/5.0 (compatible; SeznamBot/4.0; +https://o-seznam.cz/napoveda/vyhledavani/en/seznambot-crawler/)"
95.216.2.94 - - [15/Apr/2026:11:09:17 +0200] "POST /wp-cron.php?doing_wp_cron=1776244157.8044049739837646484375 HTTP/1.1" 500 4080 "-" "WordPress/6.4.8; https://notes.rudomilov.ru"
114.119.131.248 - - [15/Apr/2026:11:09:17 +0200] "GET /2006/12/15/ya-asotsialen HTTP/1.1" 301 4202 "https://notes.rudomilov.ru/2006/12/page/2" "Mozilla/5.0 (Linux; Android 7.0;) AppleWebKit/537.36 (KHTML, like Gecko) Mobile Safari/537.36 (compatible; PetalBot;+https://webmaster.petalsearch.com/site/petalbot)"
95.216.2.94 - - [15/Apr/2026:11:09:21 +0200] "GET /wp-content/themes/gridfocus/images/default_og_image.jpg HTTP/1.0" 200 278199 "-" "-"
114.119.131.248 - - [15/Apr/2026:11:09:21 +0200] "GET /2006/12/15/ya-asotsialen/ HTTP/1.1" 200 13739 "https://notes.rudomilov.ru/2006/12/page/2" "Mozilla/5.0 (Linux; Android 7.0;) AppleWebKit/537.36 (KHTML, like Gecko) Mobile Safari/537.36 (compatible; PetalBot;+https://webmaster.petalsearch.com/site/petalbot)"
95.216.2.94 - - [15/Apr/2026:11:11:40 +0200] "POST /wp-cron.php?doing_wp_cron=1776244300.5934979915618896484375 HTTP/1.1" 500 4080 "-" "WordPress/6.4.8; https://notes.rudomilov.ru"
95.216.2.94 - - [15/Apr/2026:11:11:40 +0200] "GET /wp-content/uploads/2008/11/solution_0.png HTTP/1.0" 200 12873 "-" "-"
95.216.2.94 - - [15/Apr/2026:11:11:40 +0200] "GET /wp-content/uploads/2008/11/solution_2.png HTTP/1.0" 200 9951 "-" "-"
95.216.2.94 - - [15/Apr/2026:11:11:40 +0200] "GET /wp-content/uploads/2008/11/solution_3.gif HTTP/1.0" 200 28376 "-" "-"
95.216.2.94 - - [15/Apr/2026:11:11:40 +0200] "GET /wp-content/uploads/2008/11/solution_all.thumbnail.gif HTTP/1.0" 200 30890 "-" "-"
95.216.2.94 - - [15/Apr/2026:11:11:40 +0200] "GET /wp-content/uploads/2008/11/solution_all.gif HTTP/1.0" 200 100419 "-" "-"
95.216.2.94 - - [15/Apr/2026:11:11:40 +0200] "GET /wp-content/uploads/2008/11/solution_all.gif HTTP/1.0" 200 100419 "-" "-"
95.142.47.113 - - [15/Apr/2026:11:11:40 +0200] "GET /2008/11/28/informer-ie/comment-page-7/ HTTP/1.0" 200 88298 "https://notes.rudomilov.ru/2008/11/28/informer-ie/comment-page-7/#comment-828809" "Mozilla/5.0 (Windows NT 10.0; Win64; x64) AppleWebKit/537.36 (KHTML, like Gecko) Chrome/130.0.0.0 Safari/537.36"
95.142.47.113 - - [15/Apr/2026:11:11:40 +0200] "POST /wp-comments-post.php HTTP/1.0" 500 3555 "https://notes.rudomilov.ru/2008/11/28/informer-ie/comment-page-7/#comment-828809" "Mozilla/5.0 (Windows NT 10.0; Win64; x64) AppleWebKit/537.36 (KHTML, like Gecko) Chrome/130.0.0.0 Safari/537.36"
57.141.20.8 - - [15/Apr/2026:11:13:08 +0200] "GET /robots.txt HTTP/1.1" 206 1432 "-" "facebookexternalhit/1.1 (+http://www.facebook.com/externalhit_uatext.php)"
95.216.2.94 - - [15/Apr/2026:11:13:21 +0200] "POST /wp-cron.php?doing_wp_cron=1776244401.6533560752868652343750 HTTP/1.1" 500 4080 "-" "WordPress/6.4.8; https://notes.rudomilov.ru"
95.216.2.94 - - [15/Apr/2026:11:13:21 +0200] "GET /wp-content/themes/gridfocus/images/default_og_image.jpg HTTP/1.0" 200 278199 "-" "-"
114.119.135.186 - - [15/Apr/2026:11:13:21 +0200] "GET /2006/12/13/komp-auditorii/ HTTP/1.1" 200 13335 "https://notes.rudomilov.ru/2006/12/page/2" "Mozilla/5.0 (Linux; Android 7.0;) AppleWebKit/537.36 (KHTML, like Gecko) Mobile Safari/537.36 (compatible; PetalBot;+https://webmaster.petalsearch.com/site/petalbot)"
95.216.2.94 - - [15/Apr/2026:11:16:05 +0200] "POST /wp-cron.php?doing_wp_cron=1776244565.8342549800872802734375 HTTP/1.1" 500 4080 "-" "WordPress/6.4.8; https://notes.rudomilov.ru"
95.216.2.94 - - [15/Apr/2026:11:16:06 +0200] "GET /wp-content/themes/gridfocus/images/default_og_image.jpg HTTP/1.0" 200 278199 "-" "-"
114.119.134.165 - - [15/Apr/2026:11:16:05 +0200] "GET /2006/09/07/kitajskij-chaj-puyer-kak-aziatskij-istochnik/ HTTP/1.1" 200 14976 "https://notes.rudomilov.ru/2006/09" "Mozilla/5.0 (Linux; Android 7.0;) AppleWebKit/537.36 (KHTML, like Gecko) Mobile Safari/537.36 (compatible; PetalBot;+https://webmaster.petalsearch.com/site/petalbot)"
14.224.177.51 - - [15/Apr/2026:11:19:21 +0200] "GET /wp-content/uploads/2014/06/IMG_5310.jpg HTTP/1.1" 200 181127 "https://google.com, https://pixlife.ru/new/noutbuk-kak-monitor" "Mozilla/5.0 (Windows NT 10.0; Win64; x64) AppleWebKit/537.36 (KHTML, like Gecko) Chrome/68.0.3440.84 Safari/537.36 OPR/54.0.2952.71"
95.216.2.94 - - [15/Apr/2026:11:19:41 +0200] "POST /wp-cron.php?doing_wp_cron=1776244781.5974490642547607421875 HTTP/1.1" 500 199 "-" "WordPress/6.4.8; https://notes.rudomilov.ru"
37.59.21.100 - - [15/Apr/2026:11:19:41 +0200] "GET /2008/06/11/torrent-trackers/feed/ HTTP/1.1" 200 5374 "-" "Mozilla/5.0 (X11; Linux i686) AppleWebKit/537.36 (KHTML, like Gecko) Chrome/30.0.1599.66 Safari/537.36"
95.216.2.94 - - [15/Apr/2026:11:20:52 +0200] "POST /wp-cron.php?doing_wp_cron=1776244852.0821299552917480468750 HTTP/1.1" 500 4080 "-" "WordPress/6.4.8; https://notes.rudomilov.ru"
20.200.222.0 - - [15/Apr/2026:11:20:51 +0200] "GET /100.php HTTP/1.1" 301 4263 "-" "Mozilla/5.0 (Windows NT 10.0; Win64; x64) AppleWebKit/537.36 (KHTML, like Gecko) Chrome/120.0.0.0 Safari/537.36"
20.200.222.0 - - [15/Apr/2026:11:20:52 +0200] "GET /7.php HTTP/1.1" 301 492 "-" "Mozilla/5.0 (Windows NT 10.0; Win64; x64) AppleWebKit/537.36 (KHTML, like Gecko) Chrome/120.0.0.0 Safari/537.36"
20.200.222.0 - - [15/Apr/2026:11:20:53 +0200] "GET /php8.php HTTP/1.1" 301 495 "-" "Mozilla/5.0 (Windows NT 10.0; Win64; x64) AppleWebKit/537.36 (KHTML, like Gecko) Chrome/120.0.0.0 Safari/537.36"
20.200.222.0 - - [15/Apr/2026:11:20:54 +0200] "GET /shell.php HTTP/1.1" 301 496 "-" "Mozilla/5.0 (Windows NT 10.0; Win64; x64) AppleWebKit/537.36 (KHTML, like Gecko) Chrome/120.0.0.0 Safari/537.36"
20.200.222.0 - - [15/Apr/2026:11:20:55 +0200] "GET /adminfuns.php HTTP/1.1" 301 500 "-" "Mozilla/5.0 (Windows NT 10.0; Win64; x64) AppleWebKit/537.36 (KHTML, like Gecko) Chrome/120.0.0.0 Safari/537.36"
20.200.222.0 - - [15/Apr/2026:11:20:56 +0200] "GET /wp.php HTTP/1.1" 301 493 "-" "Mozilla/5.0 (Windows NT 10.0; Win64; x64) AppleWebKit/537.36 (KHTML, like Gecko) Chrome/120.0.0.0 Safari/537.36"
20.200.222.0 - - [15/Apr/2026:11:20:56 +0200] "GET /classwithtostring.php HTTP/1.1" 301 508 "-" "Mozilla/5.0 (Windows NT 10.0; Win64; x64) AppleWebKit/537.36 (KHTML, like Gecko) Chrome/120.0.0.0 Safari/537.36"
20.200.222.0 - - [15/Apr/2026:11:20:57 +0200] "GET /abcd.php HTTP/1.1" 301 495 "-" "Mozilla/5.0 (Windows NT 10.0; Win64; x64) AppleWebKit/537.36 (KHTML, like Gecko) Chrome/120.0.0.0 Safari/537.36"
20.200.222.0 - - [15/Apr/2026:11:20:58 +0200] "GET /as.php HTTP/1.1" 301 493 "-" "Mozilla/5.0 (Windows NT 10.0; Win64; x64) AppleWebKit/537.36 (KHTML, like Gecko) Chrome/120.0.0.0 Safari/537.36"
20.200.222.0 - - [15/Apr/2026:11:20:59 +0200] "GET /Exception-class.php HTTP/1.1" 301 506 "-" "Mozilla/5.0 (Windows NT 10.0; Win64; x64) AppleWebKit/537.36 (KHTML, like Gecko) Chrome/120.0.0.0 Safari/537.36"
20.200.222.0 - - [15/Apr/2026:11:21:00 +0200] "GET /1.php HTTP/1.1" 301 492 "-" "Mozilla/5.0 (Windows NT 10.0; Win64; x64) AppleWebKit/537.36 (KHTML, like Gecko) Chrome/120.0.0.0 Safari/537.36"
20.200.222.0 - - [15/Apr/2026:11:21:01 +0200] "GET /222.php HTTP/1.1" 301 494 "-" "Mozilla/5.0 (Windows NT 10.0; Win64; x64) AppleWebKit/537.36 (KHTML, like Gecko) Chrome/120.0.0.0 Safari/537.36"
20.200.222.0 - - [15/Apr/2026:11:21:02 +0200] "GET /item.php HTTP/1.1" 301 495 "-" "Mozilla/5.0 (Windows NT 10.0; Win64; x64) AppleWebKit/537.36 (KHTML, like Gecko) Chrome/120.0.0.0 Safari/537.36"
20.200.222.0 - - [15/Apr/2026:11:21:03 +0200] "GET /past.php HTTP/1.1" 301 495 "-" "Mozilla/5.0 (Windows NT 10.0; Win64; x64) AppleWebKit/537.36 (KHTML, like Gecko) Chrome/120.0.0.0 Safari/537.36"
20.200.222.0 - - [15/Apr/2026:11:21:04 +0200] "GET /t.php HTTP/1.1" 301 492 "-" "Mozilla/5.0 (Windows NT 10.0; Win64; x64) AppleWebKit/537.36 (KHTML, like Gecko) Chrome/120.0.0.0 Safari/537.36"
20.200.222.0 - - [15/Apr/2026:11:21:04 +0200] "GET /license.php HTTP/1.1" 301 498 "-" "Mozilla/5.0 (Windows NT 10.0; Win64; x64) AppleWebKit/537.36 (KHTML, like Gecko) Chrome/120.0.0.0 Safari/537.36"
20.200.222.0 - - [15/Apr/2026:11:21:05 +0200] "GET /b.php HTTP/1.1" 301 492 "-" "Mozilla/5.0 (Windows NT 10.0; Win64; x64) AppleWebKit/537.36 (KHTML, like Gecko) Chrome/120.0.0.0 Safari/537.36"
20.200.222.0 - - [15/Apr/2026:11:21:06 +0200] "GET /network.php HTTP/1.1" 301 498 "-" "Mozilla/5.0 (Windows NT 10.0; Win64; x64) AppleWebKit/537.36 (KHTML, like Gecko) Chrome/120.0.0.0 Safari/537.36"
20.200.222.0 - - [15/Apr/2026:11:21:07 +0200] "GET /V5.php HTTP/1.1" 301 493 "-" "Mozilla/5.0 (Windows NT 10.0; Win64; x64) AppleWebKit/537.36 (KHTML, like Gecko) Chrome/120.0.0.0 Safari/537.36"
20.200.222.0 - - [15/Apr/2026:11:21:08 +0200] "GET /g.php HTTP/1.1" 301 492 "-" "Mozilla/5.0 (Windows NT 10.0; Win64; x64) AppleWebKit/537.36 (KHTML, like Gecko) Chrome/120.0.0.0 Safari/537.36"
20.200.222.0 - - [15/Apr/2026:11:21:09 +0200] "GET /dialog.php HTTP/1.1" 301 497 "-" "Mozilla/5.0 (Windows NT 10.0; Win64; x64) AppleWebKit/537.36 (KHTML, like Gecko) Chrome/120.0.0.0 Safari/537.36"
20.200.222.0 - - [15/Apr/2026:11:21:10 +0200] "GET /in.php HTTP/1.1" 301 493 "-" "Mozilla/5.0 (Windows NT 10.0; Win64; x64) AppleWebKit/537.36 (KHTML, like Gecko) Chrome/120.0.0.0 Safari/537.36"
20.200.222.0 - - [15/Apr/2026:11:21:11 +0200] "GET /media.php HTTP/1.1" 301 496 "-" "Mozilla/5.0 (Windows NT 10.0; Win64; x64) AppleWebKit/537.36 (KHTML, like Gecko) Chrome/120.0.0.0 Safari/537.36"
20.200.222.0 - - [15/Apr/2026:11:21:12 +0200] "GET /my1.php HTTP/1.1" 301 494 "-" "Mozilla/5.0 (Windows NT 10.0; Win64; x64) AppleWebKit/537.36 (KHTML, like Gecko) Chrome/120.0.0.0 Safari/537.36"
20.200.222.0 - - [15/Apr/2026:11:21:13 +0200] "GET /f35.php HTTP/1.1" 301 494 "-" "Mozilla/5.0 (Windows NT 10.0; Win64; x64) AppleWebKit/537.36 (KHTML, like Gecko) Chrome/120.0.0.0 Safari/537.36"
20.200.222.0 - - [15/Apr/2026:11:21:14 +0200] "GET /alfa-rex.php7 HTTP/1.1" 301 500 "-" "Mozilla/5.0 (Windows NT 10.0; Win64; x64) AppleWebKit/537.36 (KHTML, like Gecko) Chrome/120.0.0.0 Safari/537.36"
20.200.222.0 - - [15/Apr/2026:11:21:15 +0200] "GET /ee.php HTTP/1.1" 301 493 "-" "Mozilla/5.0 (Windows NT 10.0; Win64; x64) AppleWebKit/537.36 (KHTML, like Gecko) Chrome/120.0.0.0 Safari/537.36"
20.200.222.0 - - [15/Apr/2026:11:21:16 +0200] "GET /ggfi.php HTTP/1.1" 301 495 "-" "Mozilla/5.0 (Windows NT 10.0; Win64; x64) AppleWebKit/537.36 (KHTML, like Gecko) Chrome/120.0.0.0 Safari/537.36"
20.200.222.0 - - [15/Apr/2026:11:21:17 +0200] "GET /b1ack.php HTTP/1.1" 301 496 "-" "Mozilla/5.0 (Windows NT 10.0; Win64; x64) AppleWebKit/537.36 (KHTML, like Gecko) Chrome/120.0.0.0 Safari/537.36"
20.200.222.0 - - [15/Apr/2026:11:21:17 +0200] "GET /bak.php HTTP/1.1" 301 494 "-" "Mozilla/5.0 (Windows NT 10.0; Win64; x64) AppleWebKit/537.36 (KHTML, like Gecko) Chrome/120.0.0.0 Safari/537.36"
20.200.222.0 - - [15/Apr/2026:11:21:18 +0200] "GET /inputs.php HTTP/1.1" 301 497 "-" "Mozilla/5.0 (Windows NT 10.0; Win64; x64) AppleWebKit/537.36 (KHTML, like Gecko) Chrome/120.0.0.0 Safari/537.36"
20.200.222.0 - - [15/Apr/2026:11:21:19 +0200] "GET /system_log.php HTTP/1.1" 301 501 "-" "Mozilla/5.0 (Windows NT 10.0; Win64; x64) AppleWebKit/537.36 (KHTML, like Gecko) Chrome/120.0.0.0 Safari/537.36"
20.200.222.0 - - [15/Apr/2026:11:21:20 +0200] "GET /lol.php HTTP/1.1" 301 494 "-" "Mozilla/5.0 (Windows NT 10.0; Win64; x64) AppleWebKit/537.36 (KHTML, like Gecko) Chrome/120.0.0.0 Safari/537.36"
20.200.222.0 - - [15/Apr/2026:11:21:21 +0200] "GET /geju.php HTTP/1.1" 301 495 "-" "Mozilla/5.0 (Windows NT 10.0; Win64; x64) AppleWebKit/537.36 (KHTML, like Gecko) Chrome/120.0.0.0 Safari/537.36"
20.200.222.0 - - [15/Apr/2026:11:21:22 +0200] "GET /class-t.api.php HTTP/1.1" 301 502 "-" "Mozilla/5.0 (Windows NT 10.0; Win64; x64) AppleWebKit/537.36 (KHTML, like Gecko) Chrome/120.0.0.0 Safari/537.36"
20.200.222.0 - - [15/Apr/2026:11:21:23 +0200] "GET /css.php HTTP/1.1" 301 494 "-" "Mozilla/5.0 (Windows NT 10.0; Win64; x64) AppleWebKit/537.36 (KHTML, like Gecko) Chrome/120.0.0.0 Safari/537.36"
20.200.222.0 - - [15/Apr/2026:11:21:24 +0200] "GET /xx.php HTTP/1.1" 301 493 "-" "Mozilla/5.0 (Windows NT 10.0; Win64; x64) AppleWebKit/537.36 (KHTML, like Gecko) Chrome/120.0.0.0 Safari/537.36"
20.200.222.0 - - [15/Apr/2026:11:21:25 +0200] "GET /0.php HTTP/1.1" 301 492 "-" "Mozilla/5.0 (Windows NT 10.0; Win64; x64) AppleWebKit/537.36 (KHTML, like Gecko) Chrome/120.0.0.0 Safari/537.36"
20.200.222.0 - - [15/Apr/2026:11:21:25 +0200] "GET /x.php HTTP/1.1" 301 492 "-" "Mozilla/5.0 (Windows NT 10.0; Win64; x64) AppleWebKit/537.36 (KHTML, like Gecko) Chrome/120.0.0.0 Safari/537.36"
20.200.222.0 - - [15/Apr/2026:11:21:26 +0200] "GET /wp-blog-header.php HTTP/1.1" 404 414 "-" "Mozilla/5.0 (Windows NT 10.0; Win64; x64) AppleWebKit/537.36 (KHTML, like Gecko) Chrome/120.0.0.0 Safari/537.36"
20.200.222.0 - - [15/Apr/2026:11:21:27 +0200] "GET /randkeyword.PhP7 HTTP/1.1" 301 503 "-" "Mozilla/5.0 (Windows NT 10.0; Win64; x64) AppleWebKit/537.36 (KHTML, like Gecko) Chrome/120.0.0.0 Safari/537.36"
20.200.222.0 - - [15/Apr/2026:11:21:28 +0200] "GET /ultra.php HTTP/1.1" 301 496 "-" "Mozilla/5.0 (Windows NT 10.0; Win64; x64) AppleWebKit/537.36 (KHTML, like Gecko) Chrome/120.0.0.0 Safari/537.36"
20.200.222.0 - - [15/Apr/2026:11:21:29 +0200] "GET /up.php HTTP/1.1" 301 493 "-" "Mozilla/5.0 (Windows NT 10.0; Win64; x64) AppleWebKit/537.36 (KHTML, like Gecko) Chrome/120.0.0.0 Safari/537.36"
20.200.222.0 - - [15/Apr/2026:11:21:30 +0200] "GET /y.php HTTP/1.1" 301 492 "-" "Mozilla/5.0 (Windows NT 10.0; Win64; x64) AppleWebKit/537.36 (KHTML, like Gecko) Chrome/120.0.0.0 Safari/537.36"
20.200.222.0 - - [15/Apr/2026:11:21:31 +0200] "GET /13.php HTTP/1.1" 301 493 "-" "Mozilla/5.0 (Windows NT 10.0; Win64; x64) AppleWebKit/537.36 (KHTML, like Gecko) Chrome/120.0.0.0 Safari/537.36"
20.200.222.0 - - [15/Apr/2026:11:21:32 +0200] "GET /aa.php HTTP/1.1" 301 493 "-" "Mozilla/5.0 (Windows NT 10.0; Win64; x64) AppleWebKit/537.36 (KHTML, like Gecko) Chrome/120.0.0.0 Safari/537.36"
20.200.222.0 - - [15/Apr/2026:11:21:33 +0200] "GET /chosen.php HTTP/1.1" 301 497 "-" "Mozilla/5.0 (Windows NT 10.0; Win64; x64) AppleWebKit/537.36 (KHTML, like Gecko) Chrome/120.0.0.0 Safari/537.36"
20.200.222.0 - - [15/Apr/2026:11:21:33 +0200] "GET /2.php HTTP/1.1" 301 492 "-" "Mozilla/5.0 (Windows NT 10.0; Win64; x64) AppleWebKit/537.36 (KHTML, like Gecko) Chrome/120.0.0.0 Safari/537.36"
20.200.222.0 - - [15/Apr/2026:11:21:34 +0200] "GET /abc.php HTTP/1.1" 301 494 "-" "Mozilla/5.0 (Windows NT 10.0; Win64; x64) AppleWebKit/537.36 (KHTML, like Gecko) Chrome/120.0.0.0 Safari/537.36"
20.200.222.0 - - [15/Apr/2026:11:21:35 +0200] "GET /about.php HTTP/1.1" 301 496 "-" "Mozilla/5.0 (Windows NT 10.0; Win64; x64) AppleWebKit/537.36 (KHTML, like Gecko) Chrome/120.0.0.0 Safari/537.36"
20.200.222.0 - - [15/Apr/2026:11:21:36 +0200] "GET /0x.php HTTP/1.1" 301 493 "-" "Mozilla/5.0 (Windows NT 10.0; Win64; x64) AppleWebKit/537.36 (KHTML, like Gecko) Chrome/120.0.0.0 Safari/537.36"
20.200.222.0 - - [15/Apr/2026:11:21:37 +0200] "GET /fff.php HTTP/1.1" 301 494 "-" "Mozilla/5.0 (Windows NT 10.0; Win64; x64) AppleWebKit/537.36 (KHTML, like Gecko) Chrome/120.0.0.0 Safari/537.36"
20.200.222.0 - - [15/Apr/2026:11:21:38 +0200] "GET /ff1.php HTTP/1.1" 301 494 "-" "Mozilla/5.0 (Windows NT 10.0; Win64; x64) AppleWebKit/537.36 (KHTML, like Gecko) Chrome/120.0.0.0 Safari/537.36"
20.200.222.0 - - [15/Apr/2026:11:21:39 +0200] "GET /wp-themes.php HTTP/1.1" 301 500 "-" "Mozilla/5.0 (Windows NT 10.0; Win64; x64) AppleWebKit/537.36 (KHTML, like Gecko) Chrome/120.0.0.0 Safari/537.36"
20.200.222.0 - - [15/Apr/2026:11:21:40 +0200] "GET /content.php HTTP/1.1" 301 498 "-" "Mozilla/5.0 (Windows NT 10.0; Win64; x64) AppleWebKit/537.36 (KHTML, like Gecko) Chrome/120.0.0.0 Safari/537.36"
20.200.222.0 - - [15/Apr/2026:11:21:41 +0200] "GET /r.php HTTP/1.1" 301 492 "-" "Mozilla/5.0 (Windows NT 10.0; Win64; x64) AppleWebKit/537.36 (KHTML, like Gecko) Chrome/120.0.0.0 Safari/537.36"
20.200.222.0 - - [15/Apr/2026:11:21:41 +0200] "GET /w.php HTTP/1.1" 301 492 "-" "Mozilla/5.0 (Windows NT 10.0; Win64; x64) AppleWebKit/537.36 (KHTML, like Gecko) Chrome/120.0.0.0 Safari/537.36"
20.200.222.0 - - [15/Apr/2026:11:21:42 +0200] "GET /edit.php HTTP/1.1" 301 495 "-" "Mozilla/5.0 (Windows NT 10.0; Win64; x64) AppleWebKit/537.36 (KHTML, like Gecko) Chrome/120.0.0.0 Safari/537.36"
20.200.222.0 - - [15/Apr/2026:11:21:43 +0200] "GET /wp-blog.php HTTP/1.1" 301 498 "-" "Mozilla/5.0 (Windows NT 10.0; Win64; x64) AppleWebKit/537.36 (KHTML, like Gecko) Chrome/120.0.0.0 Safari/537.36"
20.200.222.0 - - [15/Apr/2026:11:21:44 +0200] "GET /10.php HTTP/1.1" 301 493 "-" "Mozilla/5.0 (Windows NT 10.0; Win64; x64) AppleWebKit/537.36 (KHTML, like Gecko) Chrome/120.0.0.0 Safari/537.36"
20.200.222.0 - - [15/Apr/2026:11:21:45 +0200] "GET /p.php HTTP/1.1" 301 492 "-" "Mozilla/5.0 (Windows NT 10.0; Win64; x64) AppleWebKit/537.36 (KHTML, like Gecko) Chrome/120.0.0.0 Safari/537.36"
20.200.222.0 - - [15/Apr/2026:11:21:46 +0200] "GET /hplfuns.php HTTP/1.1" 301 498 "-" "Mozilla/5.0 (Windows NT 10.0; Win64; x64) AppleWebKit/537.36 (KHTML, like Gecko) Chrome/120.0.0.0 Safari/537.36"
20.200.222.0 - - [15/Apr/2026:11:21:47 +0200] "GET /bless.php HTTP/1.1" 301 496 "-" "Mozilla/5.0 (Windows NT 10.0; Win64; x64) AppleWebKit/537.36 (KHTML, like Gecko) Chrome/120.0.0.0 Safari/537.36"
20.200.222.0 - - [15/Apr/2026:11:21:48 +0200] "GET /php.php HTTP/1.1" 301 494 "-" "Mozilla/5.0 (Windows NT 10.0; Win64; x64) AppleWebKit/537.36 (KHTML, like Gecko) Chrome/120.0.0.0 Safari/537.36"
20.200.222.0 - - [15/Apr/2026:11:21:48 +0200] "GET /chosen.php HTTP/1.1" 301 497 "-" "Mozilla/5.0 (Windows NT 10.0; Win64; x64) AppleWebKit/537.36 (KHTML, like Gecko) Chrome/120.0.0.0 Safari/537.36"
20.200.222.0 - - [15/Apr/2026:11:21:49 +0200] "GET /ioxi-o.php HTTP/1.1" 301 497 "-" "Mozilla/5.0 (Windows NT 10.0; Win64; x64) AppleWebKit/537.36 (KHTML, like Gecko) Chrome/120.0.0.0 Safari/537.36"
20.200.222.0 - - [15/Apr/2026:11:21:50 +0200] "GET /av.php HTTP/1.1" 301 493 "-" "Mozilla/5.0 (Windows NT 10.0; Win64; x64) AppleWebKit/537.36 (KHTML, like Gecko) Chrome/120.0.0.0 Safari/537.36"
95.216.2.94 - - [15/Apr/2026:11:21:52 +0200] "POST /wp-cron.php?doing_wp_cron=1776244912.1594181060791015625000 HTTP/1.1" 500 4080 "-" "WordPress/6.4.8; https://notes.rudomilov.ru"
20.200.222.0 - - [15/Apr/2026:11:21:51 +0200] "GET /doc.php HTTP/1.1" 301 494 "-" "Mozilla/5.0 (Windows NT 10.0; Win64; x64) AppleWebKit/537.36 (KHTML, like Gecko) Chrome/120.0.0.0 Safari/537.36"
20.200.222.0 - - [15/Apr/2026:11:21:52 +0200] "GET /elp.php HTTP/1.1" 301 494 "-" "Mozilla/5.0 (Windows NT 10.0; Win64; x64) AppleWebKit/537.36 (KHTML, like Gecko) Chrome/120.0.0.0 Safari/537.36"
20.200.222.0 - - [15/Apr/2026:11:21:53 +0200] "GET /wp-user.php HTTP/1.1" 301 498 "-" "Mozilla/5.0 (Windows NT 10.0; Win64; x64) AppleWebKit/537.36 (KHTML, like Gecko) Chrome/120.0.0.0 Safari/537.36"
20.200.222.0 - - [15/Apr/2026:11:21:54 +0200] "GET /root.php HTTP/1.1" 301 495 "-" "Mozilla/5.0 (Windows NT 10.0; Win64; x64) AppleWebKit/537.36 (KHTML, like Gecko) Chrome/120.0.0.0 Safari/537.36"
20.200.222.0 - - [15/Apr/2026:11:21:55 +0200] "GET /alfa.php HTTP/1.1" 301 495 "-" "Mozilla/5.0 (Windows NT 10.0; Win64; x64) AppleWebKit/537.36 (KHTML, like Gecko) Chrome/120.0.0.0 Safari/537.36"
20.200.222.0 - - [15/Apr/2026:11:21:55 +0200] "GET /autoload_classmap.php HTTP/1.1" 301 508 "-" "Mozilla/5.0 (Windows NT 10.0; Win64; x64) AppleWebKit/537.36 (KHTML, like Gecko) Chrome/120.0.0.0 Safari/537.36"
20.200.222.0 - - [15/Apr/2026:11:21:56 +0200] "GET /file.php HTTP/1.1" 301 495 "-" "Mozilla/5.0 (Windows NT 10.0; Win64; x64) AppleWebKit/537.36 (KHTML, like Gecko) Chrome/120.0.0.0 Safari/537.36"
20.200.222.0 - - [15/Apr/2026:11:21:57 +0200] "GET /new.php HTTP/1.1" 301 494 "-" "Mozilla/5.0 (Windows NT 10.0; Win64; x64) AppleWebKit/537.36 (KHTML, like Gecko) Chrome/120.0.0.0 Safari/537.36"
20.200.222.0 - - [15/Apr/2026:11:21:58 +0200] "GET /ioxi-o.php HTTP/1.1" 301 497 "-" "Mozilla/5.0 (Windows NT 10.0; Win64; x64) AppleWebKit/537.36 (KHTML, like Gecko) Chrome/120.0.0.0 Safari/537.36"
20.200.222.0 - - [15/Apr/2026:11:21:59 +0200] "GET /mm.php HTTP/1.1" 301 493 "-" "Mozilla/5.0 (Windows NT 10.0; Win64; x64) AppleWebKit/537.36 (KHTML, like Gecko) Chrome/120.0.0.0 Safari/537.36"
20.200.222.0 - - [15/Apr/2026:11:22:00 +0200] "GET /oxshell.php HTTP/1.1" 301 498 "-" "Mozilla/5.0 (Windows NT 10.0; Win64; x64) AppleWebKit/537.36 (KHTML, like Gecko) Chrome/120.0.0.0 Safari/537.36"
20.200.222.0 - - [15/Apr/2026:11:22:01 +0200] "GET /load.php HTTP/1.1" 301 495 "-" "Mozilla/5.0 (Windows NT 10.0; Win64; x64) AppleWebKit/537.36 (KHTML, like Gecko) Chrome/120.0.0.0 Safari/537.36"
20.200.222.0 - - [15/Apr/2026:11:22:02 +0200] "GET /k.php HTTP/1.1" 301 492 "-" "Mozilla/5.0 (Windows NT 10.0; Win64; x64) AppleWebKit/537.36 (KHTML, like Gecko) Chrome/120.0.0.0 Safari/537.36"
20.200.222.0 - - [15/Apr/2026:11:22:02 +0200] "GET /atomlib.php HTTP/1.1" 301 498 "-" "Mozilla/5.0 (Windows NT 10.0; Win64; x64) AppleWebKit/537.36 (KHTML, like Gecko) Chrome/120.0.0.0 Safari/537.36"
20.200.222.0 - - [15/Apr/2026:11:22:03 +0200] "GET /buy.php HTTP/1.1" 301 494 "-" "Mozilla/5.0 (Windows NT 10.0; Win64; x64) AppleWebKit/537.36 (KHTML, like Gecko) Chrome/120.0.0.0 Safari/537.36"
20.200.222.0 - - [15/Apr/2026:11:22:04 +0200] "GET /info.php HTTP/1.1" 301 495 "-" "Mozilla/5.0 (Windows NT 10.0; Win64; x64) AppleWebKit/537.36 (KHTML, like Gecko) Chrome/120.0.0.0 Safari/537.36"
20.200.222.0 - - [15/Apr/2026:11:22:05 +0200] "GET /goods.php HTTP/1.1" 301 496 "-" "Mozilla/5.0 (Windows NT 10.0; Win64; x64) AppleWebKit/537.36 (KHTML, like Gecko) Chrome/120.0.0.0 Safari/537.36"
20.200.222.0 - - [15/Apr/2026:11:22:06 +0200] "GET /setup-config.php HTTP/1.1" 301 503 "-" "Mozilla/5.0 (Windows NT 10.0; Win64; x64) AppleWebKit/537.36 (KHTML, like Gecko) Chrome/120.0.0.0 Safari/537.36"
20.200.222.0 - - [15/Apr/2026:11:22:07 +0200] "GET /ss.php HTTP/1.1" 301 493 "-" "Mozilla/5.0 (Windows NT 10.0; Win64; x64) AppleWebKit/537.36 (KHTML, like Gecko) Chrome/120.0.0.0 Safari/537.36"
20.200.222.0 - - [15/Apr/2026:11:22:08 +0200] "GET /xmlrpc.php HTTP/1.1" 500 297 "-" "Mozilla/5.0 (Windows NT 10.0; Win64; x64) AppleWebKit/537.36 (KHTML, like Gecko) Chrome/120.0.0.0 Safari/537.36"
20.200.222.0 - - [15/Apr/2026:11:22:09 +0200] "GET /flower.php HTTP/1.1" 301 1046 "-" "Mozilla/5.0 (Windows NT 10.0; Win64; x64) AppleWebKit/537.36 (KHTML, like Gecko) Chrome/120.0.0.0 Safari/537.36"
20.200.222.0 - - [15/Apr/2026:11:22:10 +0200] "GET /al.php HTTP/1.1" 301 493 "-" "Mozilla/5.0 (Windows NT 10.0; Win64; x64) AppleWebKit/537.36 (KHTML, like Gecko) Chrome/120.0.0.0 Safari/537.36"
20.200.222.0 - - [15/Apr/2026:11:22:10 +0200] "GET /vv.php HTTP/1.1" 301 493 "-" "Mozilla/5.0 (Windows NT 10.0; Win64; x64) AppleWebKit/537.36 (KHTML, like Gecko) Chrome/120.0.0.0 Safari/537.36"
20.200.222.0 - - [15/Apr/2026:11:22:11 +0200] "GET /wp-signin.php HTTP/1.1" 301 500 "-" "Mozilla/5.0 (Windows NT 10.0; Win64; x64) AppleWebKit/537.36 (KHTML, like Gecko) Chrome/120.0.0.0 Safari/537.36"
20.200.222.0 - - [15/Apr/2026:11:22:12 +0200] "GET /wsa.php HTTP/1.1" 301 494 "-" "Mozilla/5.0 (Windows NT 10.0; Win64; x64) AppleWebKit/537.36 (KHTML, like Gecko) Chrome/120.0.0.0 Safari/537.36"
95.216.2.94 - - [15/Apr/2026:11:23:11 +0200] "POST /wp-cron.php?doing_wp_cron=1776244991.8153800964355468750000 HTTP/1.1" 500 199 "-" "WordPress/6.4.8; https://notes.rudomilov.ru"
114.119.135.186 - - [15/Apr/2026:11:23:11 +0200] "GET /2006/10/22/domennaya-zona-antarktidyi HTTP/1.1" 301 347 "https://notes.rudomilov.ru/sitemap-pt-post-2006-10.html" "Mozilla/5.0 (Linux; Android 7.0;) AppleWebKit/537.36 (KHTML, like Gecko) Mobile Safari/537.36 (compatible; PetalBot;+https://webmaster.petalsearch.com/site/petalbot)"
37.59.21.100 - - [15/Apr/2026:11:23:55 +0200] "GET /2006/12/15/ya-asotsialen/feed/ HTTP/1.1" 200 1287 "-" "Mozilla/5.0 (X11; Linux i686) AppleWebKit/537.36 (KHTML, like Gecko) Chrome/30.0.1599.66 Safari/537.36"
95.216.2.94 - - [15/Apr/2026:11:25:06 +0200] "POST /wp-cron.php?doing_wp_cron=1776245106.4100060462951660156250 HTTP/1.1" 500 199 "-" "WordPress/6.4.8; https://notes.rudomilov.ru"
37.59.21.100 - - [15/Apr/2026:11:25:05 +0200] "GET /2007/07/07/photosight-rassyilaet-spam/feed/ HTTP/1.1" 200 1396 "-" "Mozilla/5.0 (X11; Linux i686) AppleWebKit/537.36 (KHTML, like Gecko) Chrome/30.0.1599.66 Safari/537.36"
95.216.2.94 - - [15/Apr/2026:11:27:22 +0200] "POST /wp-cron.php?doing_wp_cron=1776245242.9551160335540771484375 HTTP/1.1" 500 4080 "-" "WordPress/6.4.8; https://notes.rudomilov.ru"
57.141.20.2 - - [15/Apr/2026:11:27:22 +0200] "GET /sitemap-tax-post_tag-2.html HTTP/1.1" 200 8021 "-" "meta-externalagent/1.1 (+https://developers.facebook.com/docs/sharing/webmasters/crawler)"
95.216.2.94 - - [15/Apr/2026:11:30:51 +0200] "POST /wp-cron.php?doing_wp_cron=1776245451.4182720184326171875000 HTTP/1.1" 500 4080 "-" "WordPress/6.4.8; https://notes.rudomilov.ru"
95.216.2.94 - - [15/Apr/2026:11:30:51 +0200] "GET /wp-content/uploads/2009/08/tunatic.gif HTTP/1.0" 200 10171 "-" "-"
95.216.2.94 - - [15/Apr/2026:11:30:51 +0200] "GET /wp-content/themes/gridfocus/images/default_og_image.jpg HTTP/1.0" 200 278199 "-" "-"
14.161.210.38 - - [15/Apr/2026:11:30:50 +0200] "GET /2009/08/16/tunatic/?replytocom=240654 HTTP/1.1" 200 18210 "-" "Mozilla/5.0 (Macintosh; Intel Mac OS X 10_15_2) AppleWebKit/537.36 (KHTML, like Gecko) Chrome/98.0.4758.80 Safari/537.36"
95.216.2.94 - - [15/Apr/2026:11:31:15 +0200] "GET /wp-content/uploads/2011/03/freerapid_main-500x316.jpg HTTP/1.0" 200 49024 "-" "-"
95.216.2.94 - - [15/Apr/2026:11:31:15 +0200] "GET /wp-content/uploads/2011/03/freerapid_main.jpg HTTP/1.0" 200 124378 "-" "-"
95.216.2.94 - - [15/Apr/2026:11:31:15 +0200] "GET /wp-content/uploads/2011/03/freerapid_main.jpg HTTP/1.0" 200 124378 "-" "-"
185.231.155.169 - - [15/Apr/2026:11:31:14 +0200] "GET /2011/03/28/freerapid/comment-page-1/ HTTP/1.0" 200 45040 "https://notes.rudomilov.ru/2011/03/28/freerapid/comment-page-1/#comment-844116" "Mozilla/5.0 (Windows NT 10.0; Win64; x64) AppleWebKit/537.36 (KHTML, like Gecko) Chrome/130.0.0.0 Safari/537.36"
185.231.155.169 - - [15/Apr/2026:11:31:15 +0200] "POST /wp-comments-post.php HTTP/1.0" 500 3555 "https://notes.rudomilov.ru/2011/03/28/freerapid/comment-page-1/#comment-844116" "Mozilla/5.0 (Windows NT 10.0; Win64; x64) AppleWebKit/537.36 (KHTML, like Gecko) Chrome/130.0.0.0 Safari/537.36"
95.216.2.94 - - [15/Apr/2026:11:32:09 +0200] "POST /wp-cron.php?doing_wp_cron=1776245529.5316460132598876953125 HTTP/1.1" 500 199 "-" "WordPress/6.4.8; https://notes.rudomilov.ru"
37.59.21.100 - - [15/Apr/2026:11:32:08 +0200] "GET /2011/02/05/vpn/feed/ HTTP/1.1" 200 3000 "-" "Mozilla/5.0 (X11; Linux i686) AppleWebKit/537.36 (KHTML, like Gecko) Chrome/30.0.1599.66 Safari/537.36"
57.141.20.56 - - [15/Apr/2026:11:32:54 +0200] "GET /sitemap-pt-post-p5-2006-11.xml HTTP/1.1" 200 5627 "-" "meta-externalagent/1.1 (+https://developers.facebook.com/docs/sharing/webmasters/crawler)"
95.108.213.95 - - [15/Apr/2026:11:37:25 +0200] "GET /robots.txt HTTP/1.1" 200 5244 "-" "Mozilla/5.0 (compatible; YandexBot/3.0; +http://yandex.com/bots)"
5.255.231.12 - - [15/Apr/2026:11:37:25 +0200] "GET /wp-content/uploads/2013/10/nist-1024x477.png HTTP/1.1" 304 4110 "-" "Mozilla/5.0 (compatible; YandexImages/3.0; +http://yandex.com/bots)"
95.216.2.94 - - [15/Apr/2026:11:38:00 +0200] "POST /wp-cron.php?doing_wp_cron=1776245880.5842690467834472656250 HTTP/1.1" 500 4080 "-" "WordPress/6.4.8; https://notes.rudomilov.ru"
77.75.78.163 - - [15/Apr/2026:11:38:00 +0200] "GET /sitemap-pt-post-p1-2012-02.xml HTTP/1.1" 200 4690 "-" "Mozilla/5.0 (compatible; SeznamBot/4.0; +https://o-seznam.cz/napoveda/vyhledavani/en/seznambot-crawler/)"
14.245.34.60 - - [15/Apr/2026:11:38:17 +0200] "GET /wp-content/uploads/2008/03/time_yandex.jpg HTTP/1.1" 200 41323 "https://uraltransklimat.ru/vremya-ssha-raznitsa-s-moskvoy-skolko-seychas" "Mozilla/5.0 (Windows NT 10.0; WOW64) AppleWebKit/537.36 (KHTML, like Gecko) Chrome/67.0.3396.62 Safari/537.36 OPR/53.0.2907.68"
95.216.2.94 - - [15/Apr/2026:11:41:14 +0200] "POST /wp-cron.php?doing_wp_cron=1776246074.2402050495147705078125 HTTP/1.1" 500 199 "-" "WordPress/6.4.8; https://notes.rudomilov.ru"
37.59.21.100 - - [15/Apr/2026:11:41:13 +0200] "GET /2008/07/27/flv-player-converter-avi/feed/ HTTP/1.1" 200 3862 "-" "Mozilla/5.0 (X11; Linux i686) AppleWebKit/537.36 (KHTML, like Gecko) Chrome/30.0.1599.66 Safari/537.36"
51.68.107.161 - - [15/Apr/2026:11:42:13 +0200] "GET /robots.txt HTTP/1.1" 200 595 "-" "Mozilla/5.0 (compatible; MJ12bot/v2.0.5; http://mj12bot.com/)"
95.216.2.94 - - [15/Apr/2026:11:42:14 +0200] "POST /wp-cron.php?doing_wp_cron=1776246134.6138660907745361328125 HTTP/1.1" 500 199 "-" "WordPress/6.4.8; https://notes.rudomilov.ru"
95.216.2.94 - - [15/Apr/2026:11:42:14 +0200] "GET /wp-content/themes/gridfocus/images/default_og_image.jpg HTTP/1.0" 200 278199 "-" "-"
51.68.107.161 - - [15/Apr/2026:11:42:14 +0200] "GET /?=PHPE9568F36-D428-11d2-A769-00AA001ACF42 HTTP/1.1" 200 13003 "-" "Mozilla/5.0 (compatible; MJ12bot/v2.0.5; http://mj12bot.com/)"
74.7.241.153 - - [15/Apr/2026:11:45:47 +0200] "GET /robots.txt HTTP/1.1" 200 4398 "-" "Mozilla/5.0 (Macintosh; Intel Mac OS X 10_15_7) AppleWebKit/537.36 (KHTML, like Gecko) Chrome/131.0.0.0 Safari/537.36; compatible; OAI-SearchBot/1.3; robots.txt; +https://openai.com/searchbot"
95.216.2.94 - - [15/Apr/2026:11:45:48 +0200] "POST /wp-cron.php?doing_wp_cron=1776246348.2581949234008789062500 HTTP/1.1" 500 4080 "-" "WordPress/6.4.8; https://notes.rudomilov.ru"
95.216.2.94 - - [15/Apr/2026:11:45:48 +0200] "GET /wp-content/themes/gridfocus/images/default_og_image.jpg HTTP/1.0" 200 278199 "-" "-"
74.7.243.44 - - [15/Apr/2026:11:45:47 +0200] "GET /2007/08/16/poisk-s-russkoy-morfologiey-sredstvami-php/ HTTP/1.1" 200 20062 "-" "Mozilla/5.0 (Macintosh; Intel Mac OS X 10_15_7) AppleWebKit/537.36 (KHTML, like Gecko) Chrome/131.0.0.0 Safari/537.36; compatible; OAI-SearchBot/1.3; +https://openai.com/searchbot"
74.7.229.214 - - [15/Apr/2026:11:45:50 +0200] "GET /wp-json/oembed/1.0/embed?format=xml&url=https%3A%2F%2Fnotes.rudomilov.ru%2F2007%2F08%2F16%2Fpoisk-s-russkoy-morfologiey-sredstvami-php%2F HTTP/1.1" 200 5619 "https://notes.rudomilov.ru/2007/08/16/poisk-s-russkoy-morfologiey-sredstvami-php/" "Mozilla/5.0 (Macintosh; Intel Mac OS X 10_15_7) AppleWebKit/537.36 (KHTML, like Gecko) Chrome/131.0.0.0 Safari/537.36; compatible; OAI-SearchBot/1.3; +https://openai.com/searchbot"
74.7.229.214 - - [15/Apr/2026:11:45:53 +0200] "GET /?p=195 HTTP/1.1" 301 444 "https://notes.rudomilov.ru/2007/08/16/poisk-s-russkoy-morfologiey-sredstvami-php/" "Mozilla/5.0 (Macintosh; Intel Mac OS X 10_15_7) AppleWebKit/537.36 (KHTML, like Gecko) Chrome/131.0.0.0 Safari/537.36; compatible; OAI-SearchBot/1.3; +https://openai.com/searchbot"
95.216.2.94 - - [15/Apr/2026:11:45:54 +0200] "GET /wp-content/themes/gridfocus/images/default_og_image.jpg HTTP/1.0" 200 278199 "-" "-"
74.7.229.214 - - [15/Apr/2026:11:45:54 +0200] "GET /2007/08/16/poisk-s-russkoy-morfologiey-sredstvami-php/ HTTP/1.1" 200 16279 "https://notes.rudomilov.ru/?p=195" "Mozilla/5.0 (Macintosh; Intel Mac OS X 10_15_7) AppleWebKit/537.36 (KHTML, like Gecko) Chrome/131.0.0.0 Safari/537.36; compatible; OAI-SearchBot/1.3; +https://openai.com/searchbot"
74.7.227.60 - - [15/Apr/2026:11:45:55 +0200] "GET /xmlrpc.php?rsd HTTP/1.1" 500 4080 "https://notes.rudomilov.ru/?p=195" "Mozilla/5.0 AppleWebKit/537.36 (KHTML, like Gecko; compatible; GPTBot/1.3; +https://openai.com/gptbot)"
74.7.229.214 - - [15/Apr/2026:11:45:55 +0200] "GET /?p=195 HTTP/1.1" 301 444 "https://notes.rudomilov.ru/2007/08/16/poisk-s-russkoy-morfologiey-sredstvami-php/" "Mozilla/5.0 (Macintosh; Intel Mac OS X 10_15_7) AppleWebKit/537.36 (KHTML, like Gecko) Chrome/131.0.0.0 Safari/537.36; compatible; OAI-SearchBot/1.3; +https://openai.com/searchbot"
95.216.2.94 - - [15/Apr/2026:11:45:57 +0200] "GET /wp-content/themes/gridfocus/images/default_og_image.jpg HTTP/1.0" 200 278199 "-" "-"
74.7.229.214 - - [15/Apr/2026:11:45:56 +0200] "GET /2007/08/16/poisk-s-russkoy-morfologiey-sredstvami-php/ HTTP/1.1" 200 16279 "https://notes.rudomilov.ru/?p=195" "Mozilla/5.0 (Macintosh; Intel Mac OS X 10_15_7) AppleWebKit/537.36 (KHTML, like Gecko) Chrome/131.0.0.0 Safari/537.36; compatible; OAI-SearchBot/1.3; +https://openai.com/searchbot"
74.7.229.214 - - [15/Apr/2026:11:45:58 +0200] "GET /wp-json/wp/v2/posts/195 HTTP/1.1" 200 22320 "https://notes.rudomilov.ru/2007/08/16/poisk-s-russkoy-morfologiey-sredstvami-php/" "Mozilla/5.0 (Macintosh; Intel Mac OS X 10_15_7) AppleWebKit/537.36 (KHTML, like Gecko) Chrome/131.0.0.0 Safari/537.36; compatible; OAI-SearchBot/1.3; +https://openai.com/searchbot"
74.7.229.214 - - [15/Apr/2026:11:46:00 +0200] "GET /wp-json/oembed/1.0/embed?url=https%3A%2F%2Fnotes.rudomilov.ru%2F2007%2F08%2F16%2Fpoisk-s-russkoy-morfologiey-sredstvami-php%2F HTTP/1.1" 200 3535 "https://notes.rudomilov.ru/2007/08/16/poisk-s-russkoy-morfologiey-sredstvami-php/" "Mozilla/5.0 (Macintosh; Intel Mac OS X 10_15_7) AppleWebKit/537.36 (KHTML, like Gecko) Chrome/131.0.0.0 Safari/537.36; compatible; OAI-SearchBot/1.3; +https://openai.com/searchbot"
95.216.2.94 - - [15/Apr/2026:11:49:50 +0200] "POST /wp-cron.php?doing_wp_cron=1776246590.4899849891662597656250 HTTP/1.1" 500 199 "-" "WordPress/6.4.8; https://notes.rudomilov.ru"
37.59.21.100 - - [15/Apr/2026:11:49:49 +0200] "GET /2007/02/02/golden-wi-fi-kommercheskiy/feed/ HTTP/1.1" 200 2703 "-" "Mozilla/5.0 (X11; Linux i686) AppleWebKit/537.36 (KHTML, like Gecko) Chrome/30.0.1599.66 Safari/537.36"
95.216.2.94 - - [15/Apr/2026:11:52:38 +0200] "POST /wp-cron.php?doing_wp_cron=1776246758.6771459579467773437500 HTTP/1.1" 500 4080 "-" "WordPress/6.4.8; https://notes.rudomilov.ru"
95.216.2.94 - - [15/Apr/2026:11:52:38 +0200] "GET /wp-content/uploads/2008/11/solution_0.png HTTP/1.0" 200 12873 "-" "-"
95.216.2.94 - - [15/Apr/2026:11:52:38 +0200] "GET /wp-content/uploads/2008/11/solution_2.png HTTP/1.0" 200 9951 "-" "-"
95.216.2.94 - - [15/Apr/2026:11:52:38 +0200] "GET /wp-content/uploads/2008/11/solution_3.gif HTTP/1.0" 200 28376 "-" "-"
95.216.2.94 - - [15/Apr/2026:11:52:38 +0200] "GET /wp-content/uploads/2008/11/solution_all.thumbnail.gif HTTP/1.0" 200 30890 "-" "-"
95.216.2.94 - - [15/Apr/2026:11:52:38 +0200] "GET /wp-content/uploads/2008/11/solution_all.gif HTTP/1.0" 200 100419 "-" "-"
95.216.2.94 - - [15/Apr/2026:11:52:38 +0200] "GET /wp-content/uploads/2008/11/solution_all.gif HTTP/1.0" 200 100419 "-" "-"
93.183.90.232 - - [15/Apr/2026:11:52:38 +0200] "GET /2008/11/28/informer-ie/comment-page-7/ HTTP/1.0" 200 88297 "https://notes.rudomilov.ru/2008/11/28/informer-ie/comment-page-7/" "Mozilla/5.0 (Windows NT 10.0; Win64; x64) AppleWebKit/537.36 (KHTML, like Gecko) Chrome/131.0.0.0 Safari/537.36 Avast/131.0.0.0"
93.183.90.232 - - [15/Apr/2026:11:52:39 +0200] "POST /wp-comments-post.php HTTP/1.0" 500 3555 "https://notes.rudomilov.ru/2008/11/28/informer-ie/comment-page-7/" "Mozilla/5.0 (Windows NT 10.0; Win64; x64) AppleWebKit/537.36 (KHTML, like Gecko) Chrome/131.0.0.0 Safari/537.36 Avast/131.0.0.0"
37.59.21.100 - - [15/Apr/2026:11:52:49 +0200] "GET /2007/01/03/modem-na-cdma/feed/ HTTP/1.1" 200 1345 "-" "Mozilla/5.0 (X11; Linux i686) AppleWebKit/537.36 (KHTML, like Gecko) Chrome/30.0.1599.66 Safari/537.36"
95.216.2.94 - - [15/Apr/2026:11:55:25 +0200] "POST /wp-cron.php?doing_wp_cron=1776246925.4804570674896240234375 HTTP/1.1" 500 4080 "-" "WordPress/6.4.8; https://notes.rudomilov.ru"
95.216.2.94 - - [15/Apr/2026:11:55:25 +0200] "GET /wp-content/themes/gridfocus/images/default_og_image.jpg HTTP/1.0" 200 278199 "-" "-"
40.77.167.159 - - [15/Apr/2026:11:55:24 +0200] "GET /2006/11/19/telefon-moey-mechtyi/ HTTP/1.1" 200 13857 "-" "Mozilla/5.0 AppleWebKit/537.36 (KHTML, like Gecko; compatible; bingbot/2.0; +http://www.bing.com/bingbot.htm) Chrome/116.0.1938.76 Safari/537.36"
37.59.21.100 - - [15/Apr/2026:11:56:01 +0200] "GET /2008/10/04/sape-lawyer/feed/ HTTP/1.1" 200 1826 "-" "Mozilla/5.0 (X11; Linux i686) AppleWebKit/537.36 (KHTML, like Gecko) Chrome/30.0.1599.66 Safari/537.36"
95.216.2.94 - - [15/Apr/2026:11:59:40 +0200] "POST /wp-cron.php?doing_wp_cron=1776247180.2882800102233886718750 HTTP/1.1" 500 199 "-" "WordPress/6.4.8; https://notes.rudomilov.ru"
95.216.2.94 - - [15/Apr/2026:11:59:40 +0200] "GET /wp-content/uploads/2007/12/svc_error1.jpg HTTP/1.0" 200 46154 "-" "-"
95.216.2.94 - - [15/Apr/2026:11:59:40 +0200] "GET /wp-content/uploads/2007/12/svc_kis_1.gif HTTP/1.0" 200 20911 "-" "-"
95.216.2.94 - - [15/Apr/2026:11:59:40 +0200] "GET /wp-content/uploads/2007/12/svc_kis_2.gif HTTP/1.0" 200 19724 "-" "-"
95.216.2.94 - - [15/Apr/2026:11:59:40 +0200] "GET /wp-content/uploads/2007/12/svc_kis_3.gif HTTP/1.0" 200 13835 "-" "-"
95.216.2.94 - - [15/Apr/2026:11:59:40 +0200] "GET /wp-content/uploads/2007/12/svc_utorrent.gif HTTP/1.0" 200 18718 "-" "-"
95.216.2.94 - - [15/Apr/2026:11:59:40 +0200] "GET /wp-content/uploads/2007/12/svc_utorrent.gif HTTP/1.0" 200 18718 "-" "-"
206.189.92.49 - - [15/Apr/2026:11:59:39 +0200] "GET /2007/12/07/problemyi-s-generic-host-process/ HTTP/1.1" 200 84621 "-" "-"
206.189.92.49 - - [15/Apr/2026:11:59:42 +0200] "POST /wp-comments-post.php HTTP/1.1" 500 224 "-" "-"
95.216.2.94 - - [15/Apr/2026:12:05:37 +0200] "POST /wp-cron.php?doing_wp_cron=1776247537.2833199501037597656250 HTTP/1.1" 500 4080 "-" "WordPress/6.4.8; https://notes.rudomilov.ru"
57.141.20.66 - - [15/Apr/2026:12:05:36 +0200] "GET /sitemap-pt-post-p1-2007-01.html HTTP/1.1" 200 8662 "-" "meta-externalagent/1.1 (+https://developers.facebook.com/docs/sharing/webmasters/crawler)"
