HEX
Server: Apache/2.4.59 (Debian)
System: Linux skycube.cz 4.19.0-25-amd64 #1 SMP Debian 4.19.289-2 (2023-08-08) x86_64
User: ilya (534)
PHP: 7.3.31-1~deb10u7
Disabled: pcntl_alarm,pcntl_fork,pcntl_waitpid,pcntl_wait,pcntl_wifexited,pcntl_wifstopped,pcntl_wifsignaled,pcntl_wifcontinued,pcntl_wexitstatus,pcntl_wtermsig,pcntl_wstopsig,pcntl_signal,pcntl_signal_get_handler,pcntl_signal_dispatch,pcntl_get_last_error,pcntl_strerror,pcntl_sigprocmask,pcntl_sigwaitinfo,pcntl_sigtimedwait,pcntl_exec,pcntl_getpriority,pcntl_setpriority,pcntl_async_signals,
Upload Files
File: /var/www/ilya/data/logs/blog.afish-ka.ru.access.log
43.152.72.247 - - [15/Apr/2026:00:03:32 +0200] "GET /wp-comments-post.php HTTP/1.1" 500 199 "-" "Mozilla/5.0 (iPhone; CPU iPhone OS 13_2_3 like Mac OS X) AppleWebKit/605.1.15 (KHTML, like Gecko) Version/13.0.3 Mobile/15E148 Safari/604.1"
38.242.238.115 - - [15/Apr/2026:00:11:53 +0200] "GET /robots.txt HTTP/1.1" 200 1085 "-" "Mozilla/5.0 (compatible; MJ12bot/v1.4.8; http://mj12bot.com/)"
95.216.2.94 - - [15/Apr/2026:00:14:12 +0200] "POST /wp-cron.php?doing_wp_cron=1776204852.8670129776000976562500 HTTP/1.1" 500 199 "-" "WordPress/6.4.8; http://blog.afish-ka.ru"
43.132.214.228 - - [15/Apr/2026:00:14:12 +0200] "GET /2012/11/socialnye_seti/feed/ HTTP/1.1" 200 1108 "-" "Mozilla/5.0 (iPhone; CPU iPhone OS 13_2_3 like Mac OS X) AppleWebKit/605.1.15 (KHTML, like Gecko) Version/13.0.3 Mobile/15E148 Safari/604.1"
95.216.2.94 - - [15/Apr/2026:00:24:40 +0200] "POST /wp-cron.php?doing_wp_cron=1776205480.8612129688262939453125 HTTP/1.1" 500 199 "-" "WordPress/6.4.8; http://blog.afish-ka.ru"
43.166.224.244 - - [15/Apr/2026:00:24:40 +0200] "GET /wp-json/oembed/1.0/embed?url=http%3A%2F%2Fblog.afish-ka.ru%2F2012%2F06%2Fvk-wdget%2F&format=xml HTTP/1.1" 200 1737 "-" "Mozilla/5.0 (iPhone; CPU iPhone OS 13_2_3 like Mac OS X) AppleWebKit/605.1.15 (KHTML, like Gecko) Version/13.0.3 Mobile/15E148 Safari/604.1"
95.216.2.94 - - [15/Apr/2026:00:30:56 +0200] "POST /wp-cron.php?doing_wp_cron=1776205855.6430230140686035156250 HTTP/1.1" 500 199 "-" "WordPress/6.4.8; http://blog.afish-ka.ru"
89.110.86.201 - - [15/Apr/2026:00:30:55 +0200] "GET / HTTP/1.0" 200 48352 "http://blog.afish-ka.ru/" "Mozilla/5.0 (Windows NT 6.3) AppleWebKit/537.36 (KHTML, like Gecko) Chrome/103.0.0.0 Safari/537.36"
89.110.86.201 - - [15/Apr/2026:00:30:56 +0200] "GET /2012/11/socialnye_seti/ HTTP/1.0" 200 30091 "http://blog.afish-ka.ru/2012/11/socialnye_seti/" "Mozilla/5.0 (Windows NT 6.3) AppleWebKit/537.36 (KHTML, like Gecko) Chrome/103.0.0.0 Safari/537.36"
89.110.86.201 - - [15/Apr/2026:00:30:57 +0200] "POST /wp-comments-post.php HTTP/1.0" 500 166 "http://blog.afish-ka.ru/2012/11/socialnye_seti/" "Mozilla/5.0 (Windows NT 6.3) AppleWebKit/537.36 (KHTML, like Gecko) Chrome/103.0.0.0 Safari/537.36"
185.121.234.50 - - [15/Apr/2026:00:31:32 +0200] "GET /2012/11/socialnye_seti/ HTTP/1.0" 200 30091 "http://blog.afish-ka.ru/2012/11/socialnye_seti/" "Mozilla/5.0 (Windows NT 10.0; Win64; x64) AppleWebKit/537.36 (KHTML, like Gecko) Chrome/129.0.0.0 Safari/537.36"
185.121.234.50 - - [15/Apr/2026:00:31:33 +0200] "GET /wp-login.php HTTP/1.0" 500 166 "http://blog.afish-ka.ru/wp-login.php" "Mozilla/5.0 (Windows NT 10.0; Win64; x64) AppleWebKit/537.36 (KHTML, like Gecko) Chrome/129.0.0.0 Safari/537.36"
185.121.234.50 - - [15/Apr/2026:00:31:33 +0200] "GET /2012/11/socialnye_seti/ HTTP/1.0" 200 30092 "http://blog.afish-ka.ru/2012/11/socialnye_seti/" "Mozilla/5.0 (Windows NT 10.0; Win64; x64) AppleWebKit/537.36 (KHTML, like Gecko) Chrome/129.0.0.0 Safari/537.36"
185.121.234.50 - - [15/Apr/2026:00:31:34 +0200] "GET /2012/11/socialnye_seti/ HTTP/1.0" 200 30091 "http://blog.afish-ka.ru/2012/11/socialnye_seti/" "Mozilla/5.0 (Windows NT 10.0; Win64; x64) AppleWebKit/537.36 (KHTML, like Gecko) Chrome/129.0.0.0 Safari/537.36"
185.121.234.50 - - [15/Apr/2026:00:31:34 +0200] "POST /wp-comments-post.php HTTP/1.0" 500 166 "http://blog.afish-ka.ru/2012/11/socialnye_seti/" "Mozilla/5.0 (Windows NT 10.0; Win64; x64) AppleWebKit/537.36 (KHTML, like Gecko) Chrome/129.0.0.0 Safari/537.36"
95.216.2.94 - - [15/Apr/2026:00:33:21 +0200] "POST /wp-cron.php?doing_wp_cron=1776206001.2261729240417480468750 HTTP/1.1" 500 199 "-" "WordPress/6.4.8; http://blog.afish-ka.ru"
181.177.89.235 - - [15/Apr/2026:00:33:20 +0200] "GET /2012/11/socialnye_seti/ HTTP/1.0" 200 30092 "http://blog.afish-ka.ru/2012/11/socialnye_seti/" "Mozilla/5.0 (Windows NT 10.0; Win64; x64) AppleWebKit/537.36 (KHTML, like Gecko) Chrome/129.0.0.0 Safari/537.36"
181.177.89.235 - - [15/Apr/2026:00:33:23 +0200] "POST /wp-comments-post.php HTTP/1.0" 500 166 "http://blog.afish-ka.ru/2012/11/socialnye_seti/" "Mozilla/5.0 (Windows NT 10.0; Win64; x64) AppleWebKit/537.36 (KHTML, like Gecko) Chrome/129.0.0.0 Safari/537.36"
181.177.89.235 - - [15/Apr/2026:00:33:24 +0200] "GET /2012/11/socialnye_seti/ HTTP/1.0" 200 30092 "http://blog.afish-ka.ru/2012/11/socialnye_seti/" "Mozilla/5.0 (Windows NT 10.0; Win64; x64) AppleWebKit/537.36 (KHTML, like Gecko) Chrome/129.0.0.0 Safari/537.36"
181.177.89.235 - - [15/Apr/2026:00:33:25 +0200] "GET /author/horen/ HTTP/1.0" 200 42990 "http://blog.afish-ka.ru/author/horen/" "Mozilla/5.0 (Windows NT 10.0; Win64; x64) AppleWebKit/537.36 (KHTML, like Gecko) Chrome/129.0.0.0 Safari/537.36"
43.164.196.57 - - [15/Apr/2026:00:33:40 +0200] "GET /comments/feed/ HTTP/1.1" 200 2529 "-" "Mozilla/5.0 (iPhone; CPU iPhone OS 13_2_3 like Mac OS X) AppleWebKit/605.1.15 (KHTML, like Gecko) Version/13.0.3 Mobile/15E148 Safari/604.1"
95.216.2.94 - - [15/Apr/2026:00:42:48 +0200] "POST /wp-cron.php?doing_wp_cron=1776206568.0705211162567138671875 HTTP/1.1" 500 199 "-" "WordPress/6.4.8; http://blog.afish-ka.ru"
43.158.91.71 - - [15/Apr/2026:00:42:47 +0200] "GET /2012/06/socialnye_set/ HTTP/1.1" 200 8292 "-" "Mozilla/5.0 (iPhone; CPU iPhone OS 13_2_3 like Mac OS X) AppleWebKit/605.1.15 (KHTML, like Gecko) Version/13.0.3 Mobile/15E148 Safari/604.1"
95.216.2.94 - - [15/Apr/2026:00:53:34 +0200] "POST /wp-cron.php?doing_wp_cron=1776207214.9035110473632812500000 HTTP/1.1" 500 199 "-" "WordPress/6.4.8; http://blog.afish-ka.ru"
43.157.181.189 - - [15/Apr/2026:00:53:34 +0200] "GET /2011/04/trebovanie-k-oformleniyu-materialov/ HTTP/1.1" 200 8707 "-" "Mozilla/5.0 (iPhone; CPU iPhone OS 13_2_3 like Mac OS X) AppleWebKit/605.1.15 (KHTML, like Gecko) Version/13.0.3 Mobile/15E148 Safari/604.1"
95.216.2.94 - - [15/Apr/2026:01:02:25 +0200] "POST /wp-cron.php?doing_wp_cron=1776207745.1198248863220214843750 HTTP/1.1" 500 199 "-" "WordPress/6.4.8; http://blog.afish-ka.ru"
43.153.122.30 - - [15/Apr/2026:01:02:24 +0200] "GET /2012/06/vk-wdget/embed/ HTTP/1.1" 200 7155 "-" "Mozilla/5.0 (iPhone; CPU iPhone OS 13_2_3 like Mac OS X) AppleWebKit/605.1.15 (KHTML, like Gecko) Version/13.0.3 Mobile/15E148 Safari/604.1"
95.216.2.94 - - [15/Apr/2026:01:12:28 +0200] "POST /wp-cron.php?doing_wp_cron=1776208348.3843410015106201171875 HTTP/1.1" 500 199 "-" "WordPress/6.4.8; http://blog.afish-ka.ru"
77.232.36.34 - - [15/Apr/2026:01:12:27 +0200] "GET /2012/11/socialnye_seti/ HTTP/1.0" 200 30091 "-" "Mozilla/5.0 (Windows NT 6.3; Win64; x64) AppleWebKit/537.36 (KHTML, like Gecko) Chrome/75.0.3770.100 Safari/537.36"
95.216.2.94 - - [15/Apr/2026:01:17:17 +0200] "POST /wp-cron.php?doing_wp_cron=1776208637.3557479381561279296875 HTTP/1.1" 500 199 "-" "WordPress/6.4.8; http://blog.afish-ka.ru"
45.39.18.27 - - [15/Apr/2026:01:17:16 +0200] "GET /2012/07/ HTTP/1.1" 200 6678 "-" "python-httpx/0.28.1"
77.81.103.249 - - [15/Apr/2026:01:17:27 +0200] "GET /%D1%80%D0%B5%D0%BA%D0%BB%D0%B0%D0%BC%D0%BE%D0%B4%D0%B0%D1%82%D0%B5%D0%BB%D1%8F%D0%BC/ HTTP/1.1" 200 8600 "-" "python-httpx/0.28.1"
216.74.115.179 - - [15/Apr/2026:01:17:55 +0200] "GET /default-2/ HTTP/1.1" 200 6956 "-" "python-httpx/0.28.1"
84.54.44.19 - - [15/Apr/2026:01:17:57 +0200] "GET /2012/01/ny2012/ HTTP/1.0" 200 31326 "http://blog.afish-ka.ru/2012/01/ny2012/#comment-37630" "Mozilla/5.0 (Windows NT 10.0; Win64; x64) AppleWebKit/537.36 (KHTML, like Gecko) Chrome/131.0.0.0 Safari/537.36 Avast/131.0.0.0"
84.54.44.19 - - [15/Apr/2026:01:17:58 +0200] "POST /wp-comments-post.php HTTP/1.0" 500 166 "http://blog.afish-ka.ru/2012/01/ny2012/#comment-37630" "Mozilla/5.0 (Windows NT 10.0; Win64; x64) AppleWebKit/537.36 (KHTML, like Gecko) Chrome/131.0.0.0 Safari/537.36 Avast/131.0.0.0"
95.216.2.94 - - [15/Apr/2026:01:21:23 +0200] "POST /wp-cron.php?doing_wp_cron=1776208883.4082839488983154296875 HTTP/1.1" 500 199 "-" "WordPress/6.4.8; http://blog.afish-ka.ru"
195.2.67.184 - - [15/Apr/2026:01:21:22 +0200] "GET /author/admin/ HTTP/1.0" 200 29611 "http://blog.afish-ka.ru/author/admin/" "Mozilla/5.0 (Windows NT 10.0; Win64; x64) AppleWebKit/537.36 (KHTML, like Gecko) Chrome/129.0.0.0 Safari/537.36"
195.2.67.184 - - [15/Apr/2026:01:21:23 +0200] "GET /2012/04/planeta-problemy/ HTTP/1.0" 200 34161 "http://blog.afish-ka.ru/2012/04/planeta-problemy/" "Mozilla/5.0 (Windows NT 10.0; Win64; x64) AppleWebKit/537.36 (KHTML, like Gecko) Chrome/129.0.0.0 Safari/537.36"
195.2.67.184 - - [15/Apr/2026:01:21:24 +0200] "POST /wp-comments-post.php HTTP/1.0" 500 166 "http://blog.afish-ka.ru/2012/04/planeta-problemy/" "Mozilla/5.0 (Windows NT 10.0; Win64; x64) AppleWebKit/537.36 (KHTML, like Gecko) Chrome/129.0.0.0 Safari/537.36"
95.216.2.94 - - [15/Apr/2026:01:25:26 +0200] "POST /wp-cron.php?doing_wp_cron=1776209126.7667000293731689453125 HTTP/1.1" 500 199 "-" "WordPress/6.4.8; http://blog.afish-ka.ru"
82.23.202.248 - - [15/Apr/2026:01:25:26 +0200] "GET /af-png/ HTTP/1.1" 200 7013 "-" "python-httpx/0.28.1"
95.216.2.94 - - [15/Apr/2026:01:28:40 +0200] "POST /wp-cron.php?doing_wp_cron=1776209320.0616140365600585937500 HTTP/1.1" 500 199 "-" "WordPress/6.4.8; http://blog.afish-ka.ru"
38.154.195.27 - - [15/Apr/2026:01:28:39 +0200] "GET /2012/06/vk_grou/ HTTP/1.1" 200 8236 "-" "python-httpx/0.28.1"
95.216.2.94 - - [15/Apr/2026:02:01:30 +0200] "POST /wp-cron.php?doing_wp_cron=1776211290.9047539234161376953125 HTTP/1.1" 500 199 "-" "WordPress/6.4.8; http://blog.afish-ka.ru"
89.124.75.154 - - [15/Apr/2026:02:01:30 +0200] "GET / HTTP/1.0" 200 48352 "http://blog.afish-ka.ru/" "Mozilla/5.0 (Windows NT 10.0; WOW64) AppleWebKit/537.36 (KHTML, like Gecko) Chrome/103.0.5060.114 Safari/537.36"
89.124.75.154 - - [15/Apr/2026:02:01:31 +0200] "GET /2012/11/socialnye_seti/ HTTP/1.0" 200 30092 "http://blog.afish-ka.ru/2012/11/socialnye_seti/" "Mozilla/5.0 (Windows NT 10.0; WOW64) AppleWebKit/537.36 (KHTML, like Gecko) Chrome/103.0.5060.114 Safari/537.36"
89.124.75.154 - - [15/Apr/2026:02:01:31 +0200] "POST /wp-comments-post.php HTTP/1.0" 500 166 "http://blog.afish-ka.ru/2012/11/socialnye_seti/" "Mozilla/5.0 (Windows NT 10.0; WOW64) AppleWebKit/537.36 (KHTML, like Gecko) Chrome/103.0.5060.114 Safari/537.36"
74.7.241.159 - - [15/Apr/2026:02:03:06 +0200] "GET /robots.txt HTTP/1.1" 200 494 "-" "Mozilla/5.0 (Macintosh; Intel Mac OS X 10_15_7) AppleWebKit/537.36 (KHTML, like Gecko) Chrome/131.0.0.0 Safari/537.36; compatible; OAI-SearchBot/1.3; robots.txt; +https://openai.com/searchbot"
74.7.241.61 - - [15/Apr/2026:02:03:05 +0200] "GET /sitemap.xml HTTP/1.1" 200 485 "-" "Mozilla/5.0 AppleWebKit/537.36 (KHTML, like Gecko; compatible; GPTBot/1.3; +https://openai.com/gptbot)"
216.73.216.1 - - [15/Apr/2026:02:10:34 +0200] "GET /robots.txt HTTP/1.1" 200 550 "-" "Mozilla/5.0 AppleWebKit/537.36 (KHTML, like Gecko; compatible; ClaudeBot/1.0; +claudebot@anthropic.com)"
216.73.216.1 - - [15/Apr/2026:02:10:35 +0200] "GET /robots.txt HTTP/1.1" 200 549 "-" ""
95.216.2.94 - - [15/Apr/2026:02:23:55 +0200] "POST /wp-cron.php?doing_wp_cron=1776212635.0859580039978027343750 HTTP/1.1" 500 199 "-" "WordPress/6.4.8; http://blog.afish-ka.ru"
89.110.118.225 - - [15/Apr/2026:02:23:54 +0200] "GET /2012/01/ny2012/ HTTP/1.0" 200 31326 "http://blog.afish-ka.ru/2012/01/ny2012/" "Mozilla/5.0 (Windows NT 10.0; Win64; x64) AppleWebKit/537.36 (KHTML, like Gecko) Chrome/129.0.0.0 Safari/537.36"
89.110.118.225 - - [15/Apr/2026:02:23:55 +0200] "POST /wp-comments-post.php HTTP/1.0" 500 166 "http://blog.afish-ka.ru/2012/01/ny2012/" "Mozilla/5.0 (Windows NT 10.0; Win64; x64) AppleWebKit/537.36 (KHTML, like Gecko) Chrome/129.0.0.0 Safari/537.36"
95.216.2.94 - - [15/Apr/2026:02:27:55 +0200] "POST /wp-cron.php?doing_wp_cron=1776212875.2919199466705322265625 HTTP/1.1" 500 199 "-" "WordPress/6.4.8; http://blog.afish-ka.ru"
36.5.191.49 - - [15/Apr/2026:02:27:54 +0200] "GET /2012/11/socialnye_seti/ HTTP/1.1" 200 8220 "http://blog.afish-ka.ru/" "Mozilla/5.0 (Windows NT 10.0; Win64; x64; Xbox; Xbox One) AppleWebKit/537.36 (KHTML, like Gecko) Chrome/114.0.0.0 Safari/537.36 Edge/44.18363.8131"
36.5.191.49 - - [15/Apr/2026:02:27:56 +0200] "GET /wp-login.php HTTP/1.1" 500 199 "http://blog.afish-ka.ru/2012/11/socialnye_seti/" "Mozilla/5.0 (Windows NT 6.3; Win64; x64) AppleWebKit/537.36 (KHTML, like Gecko) Chrome/103.0.0.0 Safari/537.36"
36.5.191.49 - - [15/Apr/2026:02:27:56 +0200] "GET /wp-login.php HTTP/1.1" 500 199 "http://blog.afish-ka.ru/2012/11/socialnye_seti/" "Mozilla/5.0 (Windows NT 6.3; Win64; x64) AppleWebKit/537.36 (KHTML, like Gecko) Chrome/103.0.0.0 Safari/537.36"
36.5.191.49 - - [15/Apr/2026:02:27:56 +0200] "GET /wp-login.php HTTP/1.1" 500 199 "http://blog.afish-ka.ru/2012/11/socialnye_seti/" "Mozilla/5.0 (Windows NT 6.3; Win64; x64) AppleWebKit/537.36 (KHTML, like Gecko) Chrome/103.0.0.0 Safari/537.36"
36.5.191.49 - - [15/Apr/2026:02:27:57 +0200] "GET /wp-login.php HTTP/1.1" 500 199 "http://blog.afish-ka.ru/wp-login.php" "Mozilla/5.0 (Windows NT 6.3; Win64; x64) AppleWebKit/537.36 (KHTML, like Gecko) Chrome/103.0.0.0 Safari/537.36"
36.5.191.49 - - [15/Apr/2026:02:27:57 +0200] "GET /wp-login.php HTTP/1.1" 500 199 "http://blog.afish-ka.ru/wp-login.php" "Mozilla/5.0 (Windows NT 6.3; Win64; x64) AppleWebKit/537.36 (KHTML, like Gecko) Chrome/103.0.0.0 Safari/537.36"
36.5.191.49 - - [15/Apr/2026:02:27:58 +0200] "GET /wp-login.php HTTP/1.1" 500 199 "http://blog.afish-ka.ru/wp-login.php" "Mozilla/5.0 (Windows NT 6.3; Win64; x64) AppleWebKit/537.36 (KHTML, like Gecko) Chrome/103.0.0.0 Safari/537.36"
195.2.78.191 - - [15/Apr/2026:02:28:12 +0200] "GET /2012/01/ny2012/ HTTP/1.0" 200 31327 "http://blog.afish-ka.ru/2012/01/ny2012/#comment-64931" "Mozilla/5.0 (Windows NT 10.0; Win64; x64) AppleWebKit/537.36 (KHTML, like Gecko) Chrome/129.0.0.0 Safari/537.36"
195.2.78.191 - - [15/Apr/2026:02:28:13 +0200] "POST /wp-comments-post.php HTTP/1.0" 500 166 "http://blog.afish-ka.ru/2012/01/ny2012/#comment-64931" "Mozilla/5.0 (Windows NT 10.0; Win64; x64) AppleWebKit/537.36 (KHTML, like Gecko) Chrome/129.0.0.0 Safari/537.36"
95.216.2.94 - - [15/Apr/2026:03:25:08 +0200] "POST /wp-cron.php?doing_wp_cron=1776216308.4052350521087646484375 HTTP/1.1" 500 199 "-" "WordPress/6.4.8; http://blog.afish-ka.ru"
144.172.94.217 - - [15/Apr/2026:03:25:07 +0200] "GET /2012/11/socialnye_seti/ HTTP/1.1" 200 8220 "-" "Mozilla/5.0 (compatible; Googlebot/2.1; +http://www.google.com/bot.html)"
91.84.114.150 - - [15/Apr/2026:03:50:40 +0200] "GET /2012/11/socialnye_seti/ HTTP/1.0" 200 30092 "http://blog.afish-ka.ru/2012/11/socialnye_seti/" "Mozilla/5.0 (Windows NT 10.0; Win64; x64) AppleWebKit/537.36 (KHTML, like Gecko) Chrome/131.0.0.0 Safari/537.36"
91.84.114.150 - - [15/Apr/2026:03:50:42 +0200] "POST /wp-comments-post.php HTTP/1.0" 500 166 "http://blog.afish-ka.ru/2012/11/socialnye_seti/" "Mozilla/5.0 (Windows NT 10.0; Win64; x64) AppleWebKit/537.36 (KHTML, like Gecko) Chrome/131.0.0.0 Safari/537.36"
95.216.2.94 - - [15/Apr/2026:04:24:10 +0200] "POST /wp-cron.php?doing_wp_cron=1776219850.0619990825653076171875 HTTP/1.1" 500 199 "-" "WordPress/6.4.8; http://blog.afish-ka.ru"
43.135.182.43 - - [15/Apr/2026:04:24:09 +0200] "GET / HTTP/1.1" 200 10831 "-" "Mozilla/5.0 (iPhone; CPU iPhone OS 13_2_3 like Mac OS X) AppleWebKit/605.1.15 (KHTML, like Gecko) Version/13.0.3 Mobile/15E148 Safari/604.1"
185.255.126.44 - - [15/Apr/2026:04:40:16 +0200] "GET /2012/01/ny2012/ HTTP/1.0" 200 31327 "http://blog.afish-ka.ru/2012/01/ny2012/" "Mozilla/5.0 (Windows NT 10.0; Win64; x64) AppleWebKit/537.36 (KHTML, like Gecko) Chrome/131.0.0.0 Safari/537.36 Avast/131.0.0.0"
185.255.126.36 - - [15/Apr/2026:04:40:18 +0200] "POST /wp-comments-post.php HTTP/1.0" 500 166 "http://blog.afish-ka.ru/2012/01/ny2012/" "Mozilla/5.0 (Windows NT 10.0; Win64; x64) AppleWebKit/537.36 (KHTML, like Gecko) Chrome/131.0.0.0 Safari/537.36 Avast/131.0.0.0"
95.216.2.94 - - [15/Apr/2026:04:48:07 +0200] "POST /wp-cron.php?doing_wp_cron=1776221287.6875209808349609375000 HTTP/1.1" 500 199 "-" "WordPress/6.4.8; http://blog.afish-ka.ru"
43.135.36.201 - - [15/Apr/2026:04:48:07 +0200] "GET /2012/04/planeta-problemy/ HTTP/1.1" 200 9388 "-" "Mozilla/5.0 (iPhone; CPU iPhone OS 13_2_3 like Mac OS X) AppleWebKit/605.1.15 (KHTML, like Gecko) Version/13.0.3 Mobile/15E148 Safari/604.1"
95.216.2.94 - - [15/Apr/2026:04:58:00 +0200] "POST /wp-cron.php?doing_wp_cron=1776221879.5994908809661865234375 HTTP/1.1" 500 199 "-" "WordPress/6.4.8; http://blog.afish-ka.ru"
43.157.172.39 - - [15/Apr/2026:04:57:58 +0200] "GET /2012/04/planeta-problemy/ HTTP/1.1" 200 9388 "-" "Mozilla/5.0 (iPhone; CPU iPhone OS 13_2_3 like Mac OS X) AppleWebKit/605.1.15 (KHTML, like Gecko) Version/13.0.3 Mobile/15E148 Safari/604.1"
95.216.2.94 - - [15/Apr/2026:05:07:24 +0200] "POST /wp-cron.php?doing_wp_cron=1776222443.6571578979492187500000 HTTP/1.1" 500 199 "-" "WordPress/6.4.8; http://blog.afish-ka.ru"
43.157.170.126 - - [15/Apr/2026:05:07:23 +0200] "GET /author/horen/ HTTP/1.1" 200 9014 "-" "Mozilla/5.0 (iPhone; CPU iPhone OS 13_2_3 like Mac OS X) AppleWebKit/605.1.15 (KHTML, like Gecko) Version/13.0.3 Mobile/15E148 Safari/604.1"
49.51.38.193 - - [15/Apr/2026:05:17:55 +0200] "GET /xmlrpc.php HTTP/1.1" 500 199 "-" "Mozilla/5.0 (iPhone; CPU iPhone OS 13_2_3 like Mac OS X) AppleWebKit/605.1.15 (KHTML, like Gecko) Version/13.0.3 Mobile/15E148 Safari/604.1"
43.153.67.21 - - [15/Apr/2026:05:28:26 +0200] "GET /wp-json/wp/v2/posts/136 HTTP/1.1" 200 15276 "-" "Mozilla/5.0 (iPhone; CPU iPhone OS 13_2_3 like Mac OS X) AppleWebKit/605.1.15 (KHTML, like Gecko) Version/13.0.3 Mobile/15E148 Safari/604.1"
95.216.2.94 - - [15/Apr/2026:05:40:10 +0200] "POST /wp-cron.php?doing_wp_cron=1776224409.5162889957427978515625 HTTP/1.1" 500 199 "-" "WordPress/6.4.8; http://blog.afish-ka.ru"
43.166.246.180 - - [15/Apr/2026:05:40:08 +0200] "GET /wp-json/oembed/1.0/embed?url=http%3A%2F%2Fblog.afish-ka.ru%2F2012%2F04%2Fplaneta-problemy%2F HTTP/1.1" 200 3486 "-" "Mozilla/5.0 (iPhone; CPU iPhone OS 13_2_3 like Mac OS X) AppleWebKit/605.1.15 (KHTML, like Gecko) Version/13.0.3 Mobile/15E148 Safari/604.1"
95.216.2.94 - - [15/Apr/2026:05:46:10 +0200] "POST /wp-cron.php?doing_wp_cron=1776224769.5146551132202148437500 HTTP/1.1" 500 199 "-" "WordPress/6.4.8; http://blog.afish-ka.ru"
91.84.114.45 - - [15/Apr/2026:05:46:08 +0200] "GET /2012/11/socialnye_seti/ HTTP/1.0" 200 30092 "http://blog.afish-ka.ru/2012/11/socialnye_seti/" "Mozilla/5.0 (Windows NT 10.0; Win64; x64) AppleWebKit/537.36 (KHTML, like Gecko) Chrome/130.0.0.0 Safari/537.36 CCleaner/130.0.0.0"
91.84.114.45 - - [15/Apr/2026:05:46:10 +0200] "POST /wp-comments-post.php HTTP/1.0" 500 166 "http://blog.afish-ka.ru/2012/11/socialnye_seti/" "Mozilla/5.0 (Windows NT 10.0; Win64; x64) AppleWebKit/537.36 (KHTML, like Gecko) Chrome/130.0.0.0 Safari/537.36 CCleaner/130.0.0.0"
95.216.2.94 - - [15/Apr/2026:05:48:31 +0200] "POST /wp-cron.php?doing_wp_cron=1776224911.4372289180755615234375 HTTP/1.1" 500 199 "-" "WordPress/6.4.8; http://blog.afish-ka.ru"
43.131.243.61 - - [15/Apr/2026:05:48:30 +0200] "GET /2012/04/planeta-problemy/ HTTP/1.1" 200 9389 "-" "Mozilla/5.0 (iPhone; CPU iPhone OS 13_2_3 like Mac OS X) AppleWebKit/605.1.15 (KHTML, like Gecko) Version/13.0.3 Mobile/15E148 Safari/604.1"
95.216.2.94 - - [15/Apr/2026:05:57:58 +0200] "POST /wp-cron.php?doing_wp_cron=1776225478.9844129085540771484375 HTTP/1.1" 500 199 "-" "WordPress/6.4.8; http://blog.afish-ka.ru"
43.156.109.53 - - [15/Apr/2026:05:57:58 +0200] "GET /2012/04/planeta-problemy/feed/ HTTP/1.1" 200 2396 "-" "Mozilla/5.0 (iPhone; CPU iPhone OS 13_2_3 like Mac OS X) AppleWebKit/605.1.15 (KHTML, like Gecko) Version/13.0.3 Mobile/15E148 Safari/604.1"
95.216.2.94 - - [15/Apr/2026:06:02:30 +0200] "POST /wp-cron.php?doing_wp_cron=1776225750.6350889205932617187500 HTTP/1.1" 500 199 "-" "WordPress/6.4.8; http://blog.afish-ka.ru"
2.57.23.96 - - [15/Apr/2026:06:02:29 +0200] "GET /2012/01/ny2012/ HTTP/1.1" 200 8431 "http://blog.afish-ka.ru/" "Mozilla/5.0 (X11; CrOS x86_64 14541.0.0) AppleWebKit/537.36 (KHTML, like Gecko) Chrome/144.0.0.0 Safari/537.36"
2.57.23.96 - - [15/Apr/2026:06:03:28 +0200] "GET /wp-login.php HTTP/1.1" 500 199 "http://blog.afish-ka.ru/2012/01/ny2012/" "Mozilla/5.0 (Windows NT 6.3; Win64; x64) AppleWebKit/537.36 (KHTML, like Gecko) Chrome/103.0.0.0 Safari/537.36"
45.8.255.178 - - [15/Apr/2026:06:03:29 +0200] "GET /wp-login.php HTTP/1.1" 500 199 "http://blog.afish-ka.ru/2012/01/ny2012/" "Mozilla/5.0 (Windows NT 6.3; Win64; x64) AppleWebKit/537.36 (KHTML, like Gecko) Chrome/103.0.0.0 Safari/537.36"
45.133.170.54 - - [15/Apr/2026:06:03:29 +0200] "GET /wp-login.php HTTP/1.1" 500 199 "http://blog.afish-ka.ru/2012/01/ny2012/" "Mozilla/5.0 (Windows NT 6.3; Win64; x64) AppleWebKit/537.36 (KHTML, like Gecko) Chrome/103.0.0.0 Safari/537.36"
45.133.170.83 - - [15/Apr/2026:06:03:30 +0200] "GET /wp-login.php HTTP/1.1" 500 199 "http://blog.afish-ka.ru/wp-login.php" "Mozilla/5.0 (Windows NT 6.3; Win64; x64) AppleWebKit/537.36 (KHTML, like Gecko) Chrome/103.0.0.0 Safari/537.36"
45.89.241.126 - - [15/Apr/2026:06:03:31 +0200] "GET /wp-login.php HTTP/1.1" 500 199 "http://blog.afish-ka.ru/wp-login.php" "Mozilla/5.0 (Windows NT 6.3; Win64; x64) AppleWebKit/537.36 (KHTML, like Gecko) Chrome/103.0.0.0 Safari/537.36"
45.89.241.163 - - [15/Apr/2026:06:03:31 +0200] "GET /wp-login.php HTTP/1.1" 500 199 "http://blog.afish-ka.ru/wp-login.php" "Mozilla/5.0 (Windows NT 6.3; Win64; x64) AppleWebKit/537.36 (KHTML, like Gecko) Chrome/103.0.0.0 Safari/537.36"
95.216.2.94 - - [15/Apr/2026:06:03:32 +0200] "POST /wp-cron.php?doing_wp_cron=1776225812.6343209743499755859375 HTTP/1.1" 500 199 "-" "WordPress/6.4.8; http://blog.afish-ka.ru"
2.57.23.165 - - [15/Apr/2026:06:03:31 +0200] "GET /2012/01/ny2012/ HTTP/1.1" 200 8431 "http://blog.afish-ka.ru/2012/01/ny2012/" "Mozilla/5.0 (Windows NT 6.3; Win64; x64) AppleWebKit/537.36 (KHTML, like Gecko) Chrome/103.0.0.0 Safari/537.36"
2.57.23.165 - - [15/Apr/2026:06:03:32 +0200] "GET /wp-content/themes/twentyten/style.css HTTP/1.1" 200 6283 "http://blog.afish-ka.ru/2012/01/ny2012/" "Mozilla/5.0 (Windows NT 10.0; Win64; x64) AppleWebKit/537.36 (KHTML, like Gecko) Chrome/145.0.0.0 Safari/537.36"
2.57.23.165 - - [15/Apr/2026:06:03:33 +0200] "GET /wp-includes/css/dist/block-library/style.min.css?ver=6.4.8 HTTP/1.1" 200 14841 "http://blog.afish-ka.ru/2012/01/ny2012/" "Mozilla/5.0 (Windows NT 10.0; Win64; x64) AppleWebKit/537.36 (KHTML, like Gecko) Chrome/145.0.0.0 Safari/537.36"
2.57.23.165 - - [15/Apr/2026:06:03:33 +0200] "GET /wp-includes/js/mediaelement/mediaelementplayer-legacy.min.css?ver=4.2.17 HTTP/1.1" 200 2930 "http://blog.afish-ka.ru/2012/01/ny2012/" "Mozilla/5.0 (Windows NT 10.0; Win64; x64) AppleWebKit/537.36 (KHTML, like Gecko) Chrome/145.0.0.0 Safari/537.36"
2.57.23.165 - - [15/Apr/2026:06:03:34 +0200] "GET /wp-includes/js/mediaelement/wp-mediaelement.min.css?ver=6.4.8 HTTP/1.1" 200 1494 "http://blog.afish-ka.ru/2012/01/ny2012/" "Mozilla/5.0 (Windows NT 10.0; Win64; x64) AppleWebKit/537.36 (KHTML, like Gecko) Chrome/145.0.0.0 Safari/537.36"
2.57.23.165 - - [15/Apr/2026:06:03:35 +0200] "GET /wp-content/plugins/jetpack/css/jetpack.css?ver=12.9.4 HTTP/1.1" 200 18865 "http://blog.afish-ka.ru/2012/01/ny2012/" "Mozilla/5.0 (Windows NT 10.0; Win64; x64) AppleWebKit/537.36 (KHTML, like Gecko) Chrome/145.0.0.0 Safari/537.36"
2.57.23.165 - - [15/Apr/2026:06:03:36 +0200] "POST /wp-comments-post.php HTTP/1.1" 500 199 "http://blog.afish-ka.ru/2012/01/ny2012/" "Mozilla/5.0 (Windows NT 6.3; Win64; x64) AppleWebKit/537.36 (KHTML, like Gecko) Chrome/103.0.0.0 Safari/537.36"
2.57.23.165 - - [15/Apr/2026:06:03:36 +0200] "POST /wp-comments-post.php HTTP/1.1" 500 199 "http://blog.afish-ka.ru/2012/01/ny2012/" "Mozilla/5.0 (Windows NT 6.3; Win64; x64) AppleWebKit/537.36 (KHTML, like Gecko) Chrome/103.0.0.0 Safari/537.36"
2.57.23.165 - - [15/Apr/2026:06:03:36 +0200] "POST /wp-comments-post.php HTTP/1.1" 500 199 "http://blog.afish-ka.ru/2012/01/ny2012/" "Mozilla/5.0 (Windows NT 6.3; Win64; x64) AppleWebKit/537.36 (KHTML, like Gecko) Chrome/103.0.0.0 Safari/537.36"
2.57.23.165 - - [15/Apr/2026:06:03:37 +0200] "POST /wp-comments-post.php HTTP/1.1" 500 199 "http://blog.afish-ka.ru/2012/01/ny2012/" "Mozilla/5.0 (Windows NT 6.3; Win64; x64) AppleWebKit/537.36 (KHTML, like Gecko) Chrome/103.0.0.0 Safari/537.36"
2.57.23.165 - - [15/Apr/2026:06:03:37 +0200] "GET /2012/01/ny2012/ HTTP/1.1" 200 8431 "-" "Mozilla/5.0 (compatible; Googlebot/2.1; +http://www.google.com/bot.html)"
95.216.2.94 - - [15/Apr/2026:06:06:05 +0200] "POST /wp-cron.php?doing_wp_cron=1776225965.2445940971374511718750 HTTP/1.1" 500 199 "-" "WordPress/6.4.8; http://blog.afish-ka.ru"
94.103.90.150 - - [15/Apr/2026:06:06:04 +0200] "GET /2012/11/socialnye_seti/ HTTP/1.0" 200 30092 "http://blog.afish-ka.ru/2012/11/socialnye_seti/#comment-48562" "Mozilla/5.0 (Windows NT 10.0; Win64; x64) AppleWebKit/537.36 (KHTML, like Gecko) Chrome/130.0.0.0 Safari/537.36 CCleaner/130.0.0.0"
94.103.90.150 - - [15/Apr/2026:06:06:05 +0200] "POST /wp-comments-post.php HTTP/1.0" 500 166 "http://blog.afish-ka.ru/2012/11/socialnye_seti/#comment-48562" "Mozilla/5.0 (Windows NT 10.0; Win64; x64) AppleWebKit/537.36 (KHTML, like Gecko) Chrome/130.0.0.0 Safari/537.36 CCleaner/130.0.0.0"
95.216.2.94 - - [15/Apr/2026:06:07:20 +0200] "POST /wp-cron.php?doing_wp_cron=1776226040.3276360034942626953125 HTTP/1.1" 500 199 "-" "WordPress/6.4.8; http://blog.afish-ka.ru"
2.57.23.165 - - [15/Apr/2026:06:07:19 +0200] "GET /2012/01/ny2012/ HTTP/1.1" 200 8431 "-" "Mozilla/5.0 (compatible; Googlebot/2.1; +http://www.google.com/bot.html)"
95.216.2.94 - - [15/Apr/2026:06:08:23 +0200] "POST /wp-cron.php?doing_wp_cron=1776226103.4358201026916503906250 HTTP/1.1" 500 199 "-" "WordPress/6.4.8; http://blog.afish-ka.ru"
43.135.133.194 - - [15/Apr/2026:06:08:22 +0200] "GET /wp-json/wp/v2/users/3 HTTP/1.1" 200 1102 "-" "Mozilla/5.0 (iPhone; CPU iPhone OS 13_2_3 like Mac OS X) AppleWebKit/605.1.15 (KHTML, like Gecko) Version/13.0.3 Mobile/15E148 Safari/604.1"
62.197.45.62 - - [15/Apr/2026:06:08:39 +0200] "GET /2012/01/ny2012/ HTTP/1.0" 200 31326 "http://blog.afish-ka.ru/2012/01/ny2012/#comment-70181" "Mozilla/5.0 (Windows NT 6.3; Win64; x64) AppleWebKit/537.36 (KHTML, like Gecko) Chrome/103.0.5060.66 Safari/537.36"
62.197.45.62 - - [15/Apr/2026:06:08:40 +0200] "POST /wp-comments-post.php HTTP/1.0" 500 166 "http://blog.afish-ka.ru/2012/01/ny2012/#comment-70181" "Mozilla/5.0 (Windows NT 6.3; Win64; x64) AppleWebKit/537.36 (KHTML, like Gecko) Chrome/103.0.5060.66 Safari/537.36"
95.216.2.94 - - [15/Apr/2026:06:10:49 +0200] "POST /wp-cron.php?doing_wp_cron=1776226249.5263459682464599609375 HTTP/1.1" 500 199 "-" "WordPress/6.4.8; http://blog.afish-ka.ru"
62.197.45.179 - - [15/Apr/2026:06:10:48 +0200] "GET /2012/01/ny2012/ HTTP/1.0" 200 31327 "http://blog.afish-ka.ru/2012/01/ny2012/#comment-70181" "Mozilla/5.0 (Windows NT 10.0; Win64; x64) AppleWebKit/537.36 (KHTML, like Gecko) Chrome/103.0.0.0 Safari/537.36"
62.197.45.179 - - [15/Apr/2026:06:10:53 +0200] "POST /wp-comments-post.php HTTP/1.0" 500 166 "http://blog.afish-ka.ru/2012/01/ny2012/#comment-70181" "Mozilla/5.0 (Windows NT 10.0; Win64; x64) AppleWebKit/537.36 (KHTML, like Gecko) Chrome/103.0.0.0 Safari/537.36"
95.216.2.94 - - [15/Apr/2026:06:18:14 +0200] "POST /wp-cron.php?doing_wp_cron=1776226694.7425739765167236328125 HTTP/1.1" 500 199 "-" "WordPress/6.4.8; http://blog.afish-ka.ru"
43.130.105.21 - - [15/Apr/2026:06:18:14 +0200] "GET /?p=136 HTTP/1.1" 301 330 "-" "Mozilla/5.0 (iPhone; CPU iPhone OS 13_2_3 like Mac OS X) AppleWebKit/605.1.15 (KHTML, like Gecko) Version/13.0.3 Mobile/15E148 Safari/604.1"
43.130.105.21 - - [15/Apr/2026:06:18:17 +0200] "GET /2012/04/planeta-problemy/ HTTP/1.1" 200 9389 "http://blog.afish-ka.ru/?p=136" "Mozilla/5.0 (iPhone; CPU iPhone OS 13_2_3 like Mac OS X) AppleWebKit/605.1.15 (KHTML, like Gecko) Version/13.0.3 Mobile/15E148 Safari/604.1"
95.216.2.94 - - [15/Apr/2026:06:41:30 +0200] "POST /wp-cron.php?doing_wp_cron=1776228090.1830990314483642578125 HTTP/1.1" 500 199 "-" "WordPress/6.4.8; http://blog.afish-ka.ru"
84.54.44.204 - - [15/Apr/2026:06:41:29 +0200] "GET /2012/11/socialnye_seti/ HTTP/1.0" 200 30092 "http://blog.afish-ka.ru/2012/11/socialnye_seti/" "Mozilla/5.0 (Windows NT 10.0; Win64; x64) AppleWebKit/537.36 (KHTML, like Gecko) Chrome/129.0.0.0 Safari/537.36"
84.54.44.204 - - [15/Apr/2026:06:41:30 +0200] "POST /wp-comments-post.php HTTP/1.0" 500 166 "http://blog.afish-ka.ru/2012/11/socialnye_seti/" "Mozilla/5.0 (Windows NT 10.0; Win64; x64) AppleWebKit/537.36 (KHTML, like Gecko) Chrome/129.0.0.0 Safari/537.36"
95.216.2.94 - - [15/Apr/2026:06:44:14 +0200] "POST /wp-cron.php?doing_wp_cron=1776228254.3307070732116699218750 HTTP/1.1" 500 199 "-" "WordPress/6.4.8; http://blog.afish-ka.ru"
84.54.44.204 - - [15/Apr/2026:06:44:13 +0200] "GET /2012/11/socialnye_seti/ HTTP/1.0" 200 30091 "http://blog.afish-ka.ru/2012/11/socialnye_seti/" "Mozilla/5.0 (Windows NT 10.0; Win64; x64) AppleWebKit/537.36 (KHTML, like Gecko) Chrome/129.0.0.0 Safari/537.36"
84.54.44.204 - - [15/Apr/2026:06:44:14 +0200] "POST /wp-comments-post.php HTTP/1.0" 500 166 "http://blog.afish-ka.ru/2012/11/socialnye_seti/" "Mozilla/5.0 (Windows NT 10.0; Win64; x64) AppleWebKit/537.36 (KHTML, like Gecko) Chrome/129.0.0.0 Safari/537.36"
95.216.2.94 - - [15/Apr/2026:07:00:47 +0200] "POST /wp-cron.php?doing_wp_cron=1776229246.5189640522003173828125 HTTP/1.1" 500 199 "-" "WordPress/6.4.8; http://blog.afish-ka.ru"
89.110.116.195 - - [15/Apr/2026:07:00:45 +0200] "GET /2012/01/ny2012/ HTTP/1.0" 200 31327 "http://blog.afish-ka.ru/2012/01/ny2012/" "Mozilla/5.0 (Windows NT 10.0; Win64; x64) AppleWebKit/537.36 (KHTML, like Gecko) Chrome/130.0.0.0 Safari/537.36"
89.110.116.195 - - [15/Apr/2026:07:00:47 +0200] "POST /wp-comments-post.php HTTP/1.0" 500 166 "http://blog.afish-ka.ru/2012/01/ny2012/" "Mozilla/5.0 (Windows NT 10.0; Win64; x64) AppleWebKit/537.36 (KHTML, like Gecko) Chrome/130.0.0.0 Safari/537.36"
69.171.231.20 - - [15/Apr/2026:07:01:10 +0200] "GET /robots.txt HTTP/1.1" 206 1130 "-" "facebookexternalhit/1.1 (+http://www.facebook.com/externalhit_uatext.php)"
95.216.2.94 - - [15/Apr/2026:07:08:42 +0200] "POST /wp-cron.php?doing_wp_cron=1776229722.0129690170288085937500 HTTP/1.1" 500 199 "-" "WordPress/6.4.8; http://blog.afish-ka.ru"
89.110.66.63 - - [15/Apr/2026:07:08:41 +0200] "GET /2012/01/ny2012/ HTTP/1.0" 200 31327 "http://blog.afish-ka.ru/2012/01/ny2012/" "Mozilla/5.0 (Windows NT 10.0; Win64; x64) AppleWebKit/537.36 (KHTML, like Gecko) Chrome/129.0.0.0 Safari/537.36"
89.110.66.63 - - [15/Apr/2026:07:08:42 +0200] "POST /wp-comments-post.php HTTP/1.0" 500 166 "http://blog.afish-ka.ru/2012/01/ny2012/" "Mozilla/5.0 (Windows NT 10.0; Win64; x64) AppleWebKit/537.36 (KHTML, like Gecko) Chrome/129.0.0.0 Safari/537.36"
95.216.2.94 - - [15/Apr/2026:07:36:53 +0200] "POST /wp-cron.php?doing_wp_cron=1776231413.0716609954833984375000 HTTP/1.1" 500 199 "-" "WordPress/6.4.8; http://blog.afish-ka.ru"
178.20.43.173 - - [15/Apr/2026:07:36:52 +0200] "GET /2012/11/socialnye_seti/ HTTP/1.0" 200 30092 "http://blog.afish-ka.ru/2012/11/socialnye_seti/#comment-59133" "Mozilla/5.0 (Windows NT 10.0; Win64; x64) AppleWebKit/537.36 (KHTML, like Gecko) Chrome/131.0.0.0 Safari/537.36 Avast/131.0.0.0"
178.20.43.173 - - [15/Apr/2026:07:36:53 +0200] "POST /wp-comments-post.php HTTP/1.0" 500 166 "http://blog.afish-ka.ru/2012/11/socialnye_seti/#comment-59133" "Mozilla/5.0 (Windows NT 10.0; Win64; x64) AppleWebKit/537.36 (KHTML, like Gecko) Chrome/131.0.0.0 Safari/537.36 Avast/131.0.0.0"
95.216.2.94 - - [15/Apr/2026:07:39:11 +0200] "POST /wp-cron.php?doing_wp_cron=1776231551.0166029930114746093750 HTTP/1.1" 500 199 "-" "WordPress/6.4.8; http://blog.afish-ka.ru"
45.92.1.25 - - [15/Apr/2026:07:39:10 +0200] "GET /txets.php HTTP/1.1" 404 19622 "-" "Mozilla/5.0 (Windows NT 10.0; Win64; x64) AppleWebKit/537.36 (KHTML, like Gecko) Chrome/91.0.4472.124 Safari/537.36"
45.92.1.25 - - [15/Apr/2026:07:39:11 +0200] "GET /wp-content/txets.php HTTP/1.1" 404 19622 "-" "Mozilla/5.0 (Windows NT 10.0; Win64; x64) AppleWebKit/537.36 (KHTML, like Gecko) Chrome/91.0.4472.124 Safari/537.36"
45.92.1.25 - - [15/Apr/2026:07:39:11 +0200] "GET /wp-includes/widgets/txets.php HTTP/1.1" 404 19622 "-" "Mozilla/5.0 (Windows NT 10.0; Win64; x64) AppleWebKit/537.36 (KHTML, like Gecko) Chrome/91.0.4472.124 Safari/537.36"
45.92.1.25 - - [15/Apr/2026:07:39:12 +0200] "GET /wp-includes/rest-api/txets.php HTTP/1.1" 404 19622 "-" "Mozilla/5.0 (Windows NT 10.0; Win64; x64) AppleWebKit/537.36 (KHTML, like Gecko) Chrome/91.0.4472.124 Safari/537.36"
45.92.1.25 - - [15/Apr/2026:07:39:13 +0200] "GET /wp-includes/blocks/post-template/txets.php HTTP/1.1" 404 19622 "-" "Mozilla/5.0 (Windows NT 10.0; Win64; x64) AppleWebKit/537.36 (KHTML, like Gecko) Chrome/91.0.4472.124 Safari/537.36"
45.92.1.25 - - [15/Apr/2026:07:39:14 +0200] "GET /wp-admin/txets.php HTTP/1.1" 404 19642 "-" "Mozilla/5.0 (Windows NT 10.0; Win64; x64) AppleWebKit/537.36 (KHTML, like Gecko) Chrome/91.0.4472.124 Safari/537.36"
45.92.1.25 - - [15/Apr/2026:07:39:14 +0200] "GET /wp-includes/txets.php HTTP/1.1" 404 19622 "-" "Mozilla/5.0 (Windows NT 10.0; Win64; x64) AppleWebKit/537.36 (KHTML, like Gecko) Chrome/91.0.4472.124 Safari/537.36"
45.92.1.25 - - [15/Apr/2026:07:39:15 +0200] "GET /schallfuns.php HTTP/1.1" 404 19622 "-" "Mozilla/5.0 (Windows NT 10.0; Win64; x64) AppleWebKit/537.36 (KHTML, like Gecko) Chrome/91.0.4472.124 Safari/537.36"
45.92.1.25 - - [15/Apr/2026:07:39:16 +0200] "GET /postnews.php HTTP/1.1" 404 19622 "-" "Mozilla/5.0 (Windows NT 10.0; Win64; x64) AppleWebKit/537.36 (KHTML, like Gecko) Chrome/91.0.4472.124 Safari/537.36"
95.216.2.94 - - [15/Apr/2026:07:42:35 +0200] "POST /wp-cron.php?doing_wp_cron=1776231755.2075560092926025390625 HTTP/1.1" 500 199 "-" "WordPress/6.4.8; http://blog.afish-ka.ru"
109.172.91.206 - - [15/Apr/2026:07:42:34 +0200] "GET /2012/11/socialnye_seti/ HTTP/1.0" 200 30092 "http://blog.afish-ka.ru/2012/11/socialnye_seti/" "Mozilla/5.0 (Windows NT 10.0; Win64; x64) AppleWebKit/537.36 (KHTML, like Gecko) Chrome/129.0.0.0 Safari/537.36"
109.172.91.206 - - [15/Apr/2026:07:42:35 +0200] "POST /wp-comments-post.php HTTP/1.0" 500 166 "http://blog.afish-ka.ru/2012/11/socialnye_seti/" "Mozilla/5.0 (Windows NT 10.0; Win64; x64) AppleWebKit/537.36 (KHTML, like Gecko) Chrome/129.0.0.0 Safari/537.36"
95.216.2.94 - - [15/Apr/2026:08:19:22 +0200] "POST /wp-cron.php?doing_wp_cron=1776233962.1327369213104248046875 HTTP/1.1" 500 199 "-" "WordPress/6.4.8; http://blog.afish-ka.ru"
178.20.44.140 - - [15/Apr/2026:08:19:21 +0200] "GET /2012/11/socialnye_seti/ HTTP/1.0" 200 30092 "http://blog.afish-ka.ru/2012/11/socialnye_seti/#comment-48562" "Mozilla/5.0 (Windows NT 10.0; Win64; x64) AppleWebKit/537.36 (KHTML, like Gecko) Chrome/131.0.0.0 Safari/537.36"
178.20.44.140 - - [15/Apr/2026:08:19:22 +0200] "POST /wp-comments-post.php HTTP/1.0" 500 166 "http://blog.afish-ka.ru/2012/11/socialnye_seti/#comment-48562" "Mozilla/5.0 (Windows NT 10.0; Win64; x64) AppleWebKit/537.36 (KHTML, like Gecko) Chrome/131.0.0.0 Safari/537.36"
85.208.96.205 - - [15/Apr/2026:08:39:16 +0200] "GET /robots.txt HTTP/1.1" 200 513 "-" "Mozilla/5.0 (compatible; SemrushBot/7~bl; +http://www.semrush.com/bot.html)"
95.216.2.94 - - [15/Apr/2026:08:39:18 +0200] "POST /wp-cron.php?doing_wp_cron=1776235157.3676519393920898437500 HTTP/1.1" 500 199 "-" "WordPress/6.4.8; http://blog.afish-ka.ru"
85.208.96.197 - - [15/Apr/2026:08:39:16 +0200] "GET /author/horen/page/2/ HTTP/1.1" 200 8361 "-" "Mozilla/5.0 (compatible; SemrushBot/7~bl; +http://www.semrush.com/bot.html)"
95.216.2.94 - - [15/Apr/2026:08:46:56 +0200] "POST /wp-cron.php?doing_wp_cron=1776235616.9002199172973632812500 HTTP/1.1" 500 199 "-" "WordPress/6.4.8; http://blog.afish-ka.ru"
89.110.68.32 - - [15/Apr/2026:08:46:56 +0200] "GET /2012/01/ny2012/ HTTP/1.0" 200 31327 "http://blog.afish-ka.ru/2012/01/ny2012/" "Mozilla/5.0 (Windows NT 10.0; Win64; x64) AppleWebKit/537.36 (KHTML, like Gecko) Chrome/131.0.0.0 Safari/537.36"
89.110.68.32 - - [15/Apr/2026:08:46:57 +0200] "POST /wp-comments-post.php HTTP/1.0" 500 166 "http://blog.afish-ka.ru/2012/01/ny2012/" "Mozilla/5.0 (Windows NT 10.0; Win64; x64) AppleWebKit/537.36 (KHTML, like Gecko) Chrome/131.0.0.0 Safari/537.36"
95.216.2.94 - - [15/Apr/2026:08:52:24 +0200] "POST /wp-cron.php?doing_wp_cron=1776235944.1559820175170898437500 HTTP/1.1" 500 199 "-" "WordPress/6.4.8; http://blog.afish-ka.ru"
185.255.126.167 - - [15/Apr/2026:08:52:23 +0200] "GET /2012/01/ny2012/ HTTP/1.0" 200 31326 "http://blog.afish-ka.ru/2012/01/ny2012/" "Mozilla/5.0 (Windows NT 10.0; Win64; x64) AppleWebKit/537.36 (KHTML, like Gecko) Chrome/131.0.0.0 Safari/537.36 Avast/131.0.0.0"
185.255.126.167 - - [15/Apr/2026:08:52:24 +0200] "POST /wp-comments-post.php HTTP/1.0" 500 166 "http://blog.afish-ka.ru/2012/01/ny2012/" "Mozilla/5.0 (Windows NT 10.0; Win64; x64) AppleWebKit/537.36 (KHTML, like Gecko) Chrome/131.0.0.0 Safari/537.36 Avast/131.0.0.0"
194.247.173.99 - - [15/Apr/2026:08:57:49 +0200] "GET /robots.txt HTTP/1.1" 200 1085 "-" "Mozilla/5.0 (compatible; MJ12bot/v1.4.8; http://mj12bot.com/)"
95.216.2.94 - - [15/Apr/2026:08:57:52 +0200] "POST /wp-cron.php?doing_wp_cron=1776236272.2201559543609619140625 HTTP/1.1" 500 199 "-" "WordPress/6.4.8; http://blog.afish-ka.ru"
194.247.173.99 - - [15/Apr/2026:08:57:51 +0200] "GET /2011/04/%D0%BF%D1%80%D0%B5%D0%B7%D0%B5%D0%BD%D1%82%D0%B0%D1%86%D0%B8%D1%8F-%D0%B4%D0%BB%D1%8F-%D1%80%D0%B5%D0%BA%D0%BB%D0%B0%D0%BC%D0%BE%D0%B4%D0%B0%D1%82%D0%B5%D0%BB%D0%B5%D0%B9/ HTTP/1.1" 200 9822 "-" "Mozilla/5.0 (compatible; MJ12bot/v1.4.8; http://mj12bot.com/)"
194.247.173.99 - - [15/Apr/2026:08:57:54 +0200] "GET /category/%D0%B1%D0%B5%D0%B7-%D1%80%D1%83%D0%B1%D1%80%D0%B8%D0%BA%D0%B8/ HTTP/1.1" 200 9362 "-" "Mozilla/5.0 (compatible; MJ12bot/v1.4.8; http://mj12bot.com/)"
194.247.173.99 - - [15/Apr/2026:08:57:57 +0200] "GET /category/%D0%B1%D0%B5%D0%B7-%D1%80%D1%83%D0%B1%D1%80%D0%B8%D0%BA%D0%B8/page/2/ HTTP/1.1" 200 7157 "-" "Mozilla/5.0 (compatible; MJ12bot/v1.4.8; http://mj12bot.com/)"
194.247.173.99 - - [15/Apr/2026:08:58:01 +0200] "GET /category/%D0%BF%D0%B0%D1%80%D1%82%D0%BD%D0%B5%D1%80%D0%B0%D0%BC/ HTTP/1.1" 200 7843 "-" "Mozilla/5.0 (compatible; MJ12bot/v1.4.8; http://mj12bot.com/)"
194.247.173.99 - - [15/Apr/2026:08:58:06 +0200] "GET /category/%D1%83%D0%B4%D0%BE%D0%B1%D1%81%D1%82%D0%B2%D0%B0/ HTTP/1.1" 200 7681 "-" "Mozilla/5.0 (compatible; MJ12bot/v1.4.8; http://mj12bot.com/)"
194.247.173.99 - - [15/Apr/2026:08:58:10 +0200] "GET /%D0%B1%D0%B5%D0%B7%D1%8B%D0%BC%D1%8F%D0%BD%D0%BD%D1%8B%D0%B9/ HTTP/1.1" 200 7046 "-" "Mozilla/5.0 (compatible; MJ12bot/v1.4.8; http://mj12bot.com/)"
194.247.173.99 - - [15/Apr/2026:08:58:12 +0200] "GET /%D0%BE%D0%B3%D1%80%D0%B0%D0%BD%D0%B8%D0%B7%D0%B0%D1%82%D0%BE%D1%80%D0%B0%D0%BC/ HTTP/1.1" 200 9176 "-" "Mozilla/5.0 (compatible; MJ12bot/v1.4.8; http://mj12bot.com/)"
194.247.173.99 - - [15/Apr/2026:08:58:16 +0200] "GET /%D1%80%D0%B5%D0%BA%D0%BB%D0%B0%D0%BC%D0%BE%D0%B4%D0%B0%D1%82%D0%B5%D0%BB%D1%8F%D0%BC/ HTTP/1.1" 200 8575 "-" "Mozilla/5.0 (compatible; MJ12bot/v1.4.8; http://mj12bot.com/)"
95.216.2.94 - - [15/Apr/2026:09:11:05 +0200] "POST /wp-cron.php?doing_wp_cron=1776237065.0645570755004882812500 HTTP/1.1" 500 199 "-" "WordPress/6.4.8; http://blog.afish-ka.ru"
185.255.126.98 - - [15/Apr/2026:09:11:04 +0200] "GET /2012/01/ny2012/ HTTP/1.0" 200 31326 "http://blog.afish-ka.ru/2012/01/ny2012/" "Mozilla/5.0 (Windows NT 10.0; Win64; x64) AppleWebKit/537.36 (KHTML, like Gecko) Chrome/131.0.0.0 Safari/537.36"
185.255.126.31 - - [15/Apr/2026:09:11:05 +0200] "POST /wp-comments-post.php HTTP/1.0" 500 166 "http://blog.afish-ka.ru/2012/01/ny2012/" "Mozilla/5.0 (Windows NT 10.0; Win64; x64) AppleWebKit/537.36 (KHTML, like Gecko) Chrome/131.0.0.0 Safari/537.36"
95.216.2.94 - - [15/Apr/2026:09:26:29 +0200] "POST /wp-cron.php?doing_wp_cron=1776237989.5349109172821044921875 HTTP/1.1" 500 199 "-" "WordPress/6.4.8; http://blog.afish-ka.ru"
185.121.232.229 - - [15/Apr/2026:09:26:28 +0200] "GET /2012/11/socialnye_seti/ HTTP/1.0" 200 30091 "http://blog.afish-ka.ru/2012/11/socialnye_seti/#comment-72314" "Mozilla/5.0 (Windows NT 10.0; Win64; x64) AppleWebKit/537.36 (KHTML, like Gecko) Chrome/130.0.0.0 Safari/537.36"
185.121.232.229 - - [15/Apr/2026:09:26:29 +0200] "POST /wp-comments-post.php HTTP/1.0" 500 166 "http://blog.afish-ka.ru/2012/11/socialnye_seti/#comment-72314" "Mozilla/5.0 (Windows NT 10.0; Win64; x64) AppleWebKit/537.36 (KHTML, like Gecko) Chrome/130.0.0.0 Safari/537.36"
95.216.2.94 - - [15/Apr/2026:10:02:54 +0200] "POST /wp-cron.php?doing_wp_cron=1776240174.3930571079254150390625 HTTP/1.1" 500 199 "-" "WordPress/6.4.8; http://blog.afish-ka.ru"
43.156.109.53 - - [15/Apr/2026:10:02:53 +0200] "GET / HTTP/1.1" 200 10831 "-" "Mozilla/5.0 (iPhone; CPU iPhone OS 13_2_3 like Mac OS X) AppleWebKit/605.1.15 (KHTML, like Gecko) Version/13.0.3 Mobile/15E148 Safari/604.1"
95.216.2.94 - - [15/Apr/2026:10:42:20 +0200] "POST /wp-cron.php?doing_wp_cron=1776242539.8163480758666992187500 HTTP/1.1" 500 199 "-" "WordPress/6.4.8; http://blog.afish-ka.ru"
84.54.44.204 - - [15/Apr/2026:10:42:19 +0200] "GET / HTTP/1.0" 200 48352 "http://blog.afish-ka.ru/" "Mozilla/5.0 (Windows NT 10.0; Win64; x64) AppleWebKit/537.36 (KHTML, like Gecko) Chrome/129.0.0.0 Safari/537.36"
84.54.44.204 - - [15/Apr/2026:10:42:20 +0200] "GET /2012/11/socialnye_seti/ HTTP/1.0" 200 30092 "http://blog.afish-ka.ru/2012/11/socialnye_seti/" "Mozilla/5.0 (Windows NT 10.0; Win64; x64) AppleWebKit/537.36 (KHTML, like Gecko) Chrome/129.0.0.0 Safari/537.36"
84.54.44.204 - - [15/Apr/2026:10:42:21 +0200] "POST /wp-comments-post.php HTTP/1.0" 500 166 "http://blog.afish-ka.ru/2012/11/socialnye_seti/" "Mozilla/5.0 (Windows NT 10.0; Win64; x64) AppleWebKit/537.36 (KHTML, like Gecko) Chrome/129.0.0.0 Safari/537.36"
95.216.2.94 - - [15/Apr/2026:10:52:34 +0200] "POST /wp-cron.php?doing_wp_cron=1776243153.8557949066162109375000 HTTP/1.1" 500 199 "-" "WordPress/6.4.8; http://blog.afish-ka.ru"
45.137.215.48 - - [15/Apr/2026:10:52:33 +0200] "GET /2012/01/ny2012/ HTTP/1.0" 200 31326 "http://blog.afish-ka.ru/2012/01/ny2012/#comment-70181" "Mozilla/5.0 (Windows NT 10.0; Win64; x64) AppleWebKit/537.36 (KHTML, like Gecko) Chrome/103.0.0.0 Safari/537.36"
45.137.215.48 - - [15/Apr/2026:10:52:34 +0200] "POST /wp-comments-post.php HTTP/1.0" 500 166 "http://blog.afish-ka.ru/2012/01/ny2012/#comment-70181" "Mozilla/5.0 (Windows NT 10.0; Win64; x64) AppleWebKit/537.36 (KHTML, like Gecko) Chrome/103.0.0.0 Safari/537.36"
95.216.2.94 - - [15/Apr/2026:11:15:14 +0200] "POST /wp-cron.php?doing_wp_cron=1776244514.8225579261779785156250 HTTP/1.1" 500 199 "-" "WordPress/6.4.8; http://blog.afish-ka.ru"
195.2.67.184 - - [15/Apr/2026:11:15:14 +0200] "GET /2012/01/ny2012/ HTTP/1.0" 200 31327 "http://blog.afish-ka.ru/2012/01/ny2012/" "Mozilla/5.0 (Windows NT 10.0; Win64; x64) AppleWebKit/537.36 (KHTML, like Gecko) Chrome/129.0.0.0 Safari/537.36"
195.2.67.184 - - [15/Apr/2026:11:15:15 +0200] "POST /wp-comments-post.php HTTP/1.0" 500 166 "http://blog.afish-ka.ru/2012/01/ny2012/" "Mozilla/5.0 (Windows NT 10.0; Win64; x64) AppleWebKit/537.36 (KHTML, like Gecko) Chrome/129.0.0.0 Safari/537.36"
36.111.32.232 - - [15/Apr/2026:11:46:22 +0200] "GET /wp-login.php HTTP/1.1" 500 199 "-" "Apache-HttpClient/4.5.2 (Java/1.8.0_151)"
95.216.2.94 - - [15/Apr/2026:11:46:27 +0200] "POST /wp-cron.php?doing_wp_cron=1776246386.9932250976562500000000 HTTP/1.1" 500 199 "-" "WordPress/6.4.8; http://blog.afish-ka.ru"
36.111.32.232 - - [15/Apr/2026:11:46:26 +0200] "GET /?author=1 HTTP/1.1" 301 307 "-" "Apache-HttpClient/4.5.2 (Java/1.8.0_151)"
36.111.32.232 - - [15/Apr/2026:11:46:27 +0200] "GET /author/admin/ HTTP/1.1" 200 7490 "-" "Apache-HttpClient/4.5.2 (Java/1.8.0_151)"
36.111.32.232 - - [15/Apr/2026:11:46:28 +0200] "GET /?author=2 HTTP/1.1" 404 19621 "-" "Apache-HttpClient/4.5.2 (Java/1.8.0_151)"
36.111.32.232 - - [15/Apr/2026:11:46:30 +0200] "GET /?author=3 HTTP/1.1" 301 306 "-" "Apache-HttpClient/4.5.2 (Java/1.8.0_151)"
36.111.32.232 - - [15/Apr/2026:11:46:31 +0200] "GET /author/horen/ HTTP/1.1" 200 9050 "-" "Apache-HttpClient/4.5.2 (Java/1.8.0_151)"
36.111.32.232 - - [15/Apr/2026:11:46:34 +0200] "GET /?author=4 HTTP/1.1" 200 6538 "-" "Apache-HttpClient/4.5.2 (Java/1.8.0_151)"
36.111.32.232 - - [15/Apr/2026:11:46:35 +0200] "GET /?author=5 HTTP/1.1" 200 6530 "-" "Apache-HttpClient/4.5.2 (Java/1.8.0_151)"
36.111.32.232 - - [15/Apr/2026:11:46:36 +0200] "GET /?author=6 HTTP/1.1" 200 6531 "-" "Apache-HttpClient/4.5.2 (Java/1.8.0_151)"
36.111.32.232 - - [15/Apr/2026:11:46:37 +0200] "GET /?author=7 HTTP/1.1" 404 19621 "-" "Apache-HttpClient/4.5.2 (Java/1.8.0_151)"
36.111.32.232 - - [15/Apr/2026:11:46:39 +0200] "GET /?author=8 HTTP/1.1" 404 19621 "-" "Apache-HttpClient/4.5.2 (Java/1.8.0_151)"
36.111.32.232 - - [15/Apr/2026:11:46:40 +0200] "GET /?author=9 HTTP/1.1" 404 19621 "-" "Apache-HttpClient/4.5.2 (Java/1.8.0_151)"
36.111.32.232 - - [15/Apr/2026:11:46:42 +0200] "GET /?author=10 HTTP/1.1" 404 19621 "-" "Apache-HttpClient/4.5.2 (Java/1.8.0_151)"
36.111.32.232 - - [15/Apr/2026:11:46:44 +0200] "GET /?author=11 HTTP/1.1" 404 19621 "-" "Apache-HttpClient/4.5.2 (Java/1.8.0_151)"
36.111.32.232 - - [15/Apr/2026:11:46:46 +0200] "GET /?author=12 HTTP/1.1" 404 19621 "-" "Apache-HttpClient/4.5.2 (Java/1.8.0_151)"
36.111.32.232 - - [15/Apr/2026:11:46:49 +0200] "GET /?author=13 HTTP/1.1" 404 19621 "-" "Apache-HttpClient/4.5.2 (Java/1.8.0_151)"
36.111.32.232 - - [15/Apr/2026:11:46:51 +0200] "GET /?author=14 HTTP/1.1" 404 19621 "-" "Apache-HttpClient/4.5.2 (Java/1.8.0_151)"
36.111.32.232 - - [15/Apr/2026:11:46:53 +0200] "GET /?author=15 HTTP/1.1" 404 19621 "-" "Apache-HttpClient/4.5.2 (Java/1.8.0_151)"
36.111.32.232 - - [15/Apr/2026:11:46:55 +0200] "GET /?author=16 HTTP/1.1" 404 19621 "-" "Apache-HttpClient/4.5.2 (Java/1.8.0_151)"
36.111.32.232 - - [15/Apr/2026:11:46:57 +0200] "GET /?author=17 HTTP/1.1" 404 19621 "-" "Apache-HttpClient/4.5.2 (Java/1.8.0_151)"
36.111.32.232 - - [15/Apr/2026:11:47:00 +0200] "GET /?author=18 HTTP/1.1" 404 19621 "-" "Apache-HttpClient/4.5.2 (Java/1.8.0_151)"
36.111.32.232 - - [15/Apr/2026:11:47:02 +0200] "GET /?author=19 HTTP/1.1" 404 19621 "-" "Apache-HttpClient/4.5.2 (Java/1.8.0_151)"
36.111.32.232 - - [15/Apr/2026:11:47:04 +0200] "GET /?author=20 HTTP/1.1" 404 19621 "-" "Apache-HttpClient/4.5.2 (Java/1.8.0_151)"
36.111.32.232 - - [15/Apr/2026:11:47:08 +0200] "GET /xmlrpc.php HTTP/1.1" 500 199 "-" "Apache-HttpClient/4.5.2 (Java/1.8.0_151)"
95.216.2.94 - - [15/Apr/2026:11:55:08 +0200] "POST /wp-cron.php?doing_wp_cron=1776246907.5438048839569091796875 HTTP/1.1" 500 199 "-" "WordPress/6.4.8; http://blog.afish-ka.ru"
64.31.20.22 - - [15/Apr/2026:11:55:06 +0200] "GET / HTTP/1.0" 200 48352 "http://blog.afish-ka.ru/" "Mozilla/5.0 (Windows NT 10.0; Win64; x64) AppleWebKit/537.36 (KHTML, like Gecko) Chrome/130.0.0.0 Safari/537.36"
64.31.20.22 - - [15/Apr/2026:11:55:09 +0200] "GET /2012/11/socialnye_seti/ HTTP/1.0" 200 30091 "http://blog.afish-ka.ru/2012/11/socialnye_seti/" "Mozilla/5.0 (Windows NT 10.0; Win64; x64) AppleWebKit/537.36 (KHTML, like Gecko) Chrome/130.0.0.0 Safari/537.36"
64.31.20.22 - - [15/Apr/2026:11:55:12 +0200] "POST /wp-comments-post.php HTTP/1.0" 500 166 "http://blog.afish-ka.ru/2012/11/socialnye_seti/" "Mozilla/5.0 (Windows NT 10.0; Win64; x64) AppleWebKit/537.36 (KHTML, like Gecko) Chrome/130.0.0.0 Safari/537.36"
95.216.2.94 - - [15/Apr/2026:11:56:41 +0200] "POST /wp-cron.php?doing_wp_cron=1776247001.5223450660705566406250 HTTP/1.1" 500 199 "-" "WordPress/6.4.8; http://blog.afish-ka.ru"
148.222.185.182 - - [15/Apr/2026:11:56:40 +0200] "GET /2012/01/ny2012/ HTTP/1.0" 200 31327 "http://blog.afish-ka.ru/2012/01/ny2012/#comment-70181" "Mozilla/5.0 (Windows NT 10.0; Win64; x64) AppleWebKit/537.36 (KHTML, like Gecko) Chrome/103.0.0.0 Safari/537.36 OpenWave/97.4.2043.44"
148.222.185.182 - - [15/Apr/2026:11:56:41 +0200] "POST /wp-comments-post.php HTTP/1.0" 500 166 "http://blog.afish-ka.ru/2012/01/ny2012/#comment-70181" "Mozilla/5.0 (Windows NT 10.0; Win64; x64) AppleWebKit/537.36 (KHTML, like Gecko) Chrome/103.0.0.0 Safari/537.36 OpenWave/97.4.2043.44"
95.216.2.94 - - [15/Apr/2026:12:15:51 +0200] "POST /wp-cron.php?doing_wp_cron=1776248151.4858620166778564453125 HTTP/1.1" 500 199 "-" "WordPress/6.4.8; http://blog.afish-ka.ru"
178.20.45.128 - - [15/Apr/2026:12:15:50 +0200] "GET /2012/11/socialnye_seti/ HTTP/1.0" 200 30092 "http://blog.afish-ka.ru/2012/11/socialnye_seti/#comment-59133" "Mozilla/5.0 (Windows NT 10.0; Win64; x64) AppleWebKit/537.36 (KHTML, like Gecko) Chrome/131.0.0.0 Safari/537.36"
178.20.45.128 - - [15/Apr/2026:12:15:51 +0200] "POST /wp-comments-post.php HTTP/1.0" 500 166 "http://blog.afish-ka.ru/2012/11/socialnye_seti/#comment-59133" "Mozilla/5.0 (Windows NT 10.0; Win64; x64) AppleWebKit/537.36 (KHTML, like Gecko) Chrome/131.0.0.0 Safari/537.36"
95.216.2.94 - - [15/Apr/2026:12:19:23 +0200] "POST /wp-cron.php?doing_wp_cron=1776248362.8184039592742919921875 HTTP/1.1" 500 199 "-" "WordPress/6.4.8; http://blog.afish-ka.ru"
82.147.85.86 - - [15/Apr/2026:12:19:22 +0200] "GET / HTTP/1.0" 200 48352 "http://blog.afish-ka.ru/" "Mozilla/5.0 (Windows NT 10.0; Win64; x64) AppleWebKit/537.36 (KHTML, like Gecko) Chrome/130.0.0.0 Safari/537.36"
82.147.85.86 - - [15/Apr/2026:12:19:23 +0200] "GET /2012/11/socialnye_seti/ HTTP/1.0" 200 30091 "http://blog.afish-ka.ru/2012/11/socialnye_seti/" "Mozilla/5.0 (Windows NT 10.0; Win64; x64) AppleWebKit/537.36 (KHTML, like Gecko) Chrome/130.0.0.0 Safari/537.36"
