45.131.195.139 - - [15/Apr/2026:08:33:43 +0200] "GET /admin/editor/engine.php HTTP/1.1" 404 16804 "-" "Mozilla/5.0 (Windows NT 6.1; Win64; x64) AppleWebKit/537.36 (KHTML, like Gecko) Chrome/80.0.3987.149 Safari/537.36"
45.131.195.139 - - [15/Apr/2026:08:33:44 +0200] "GET /wp-admin/post-new.php HTTP/1.1" 302 419 "-" "Mozilla/5.0 (Windows NT 10.0; Win64; x64) AppleWebKit/537.36 (KHTML, like Gecko) Chrome/79.0.3945.130 Safari/537.36"
45.131.195.139 - - [15/Apr/2026:08:33:45 +0200] "GET /lib/functions.php HTTP/1.1" 404 16804 "-" "Mozilla/5.0 (X11; Ubuntu; Linux x86_64; rv:79.0) Gecko/20100101 Firefox/79.0"
45.131.195.139 - - [15/Apr/2026:08:33:46 +0200] "GET /Assets/edit.php HTTP/1.1" 404 16804 "-" "Mozilla/5.0 (Macintosh; Intel Mac OS X 10_15_6) AppleWebKit/537.36 (KHTML, like Gecko) Chrome/84.0.4147.125 Safari/537.36"
45.131.195.139 - - [15/Apr/2026:08:33:47 +0200] "GET /wp-includes/theme-compat/wp-conflg.php HTTP/1.1" 404 16804 "-" "Mozilla/5.0 (X11; Fedora; Linux x86_64; rv:79.0) Gecko/20100101 Firefox/79.0"
45.131.195.139 - - [15/Apr/2026:08:33:48 +0200] "GET /assets/bootstrap-fileupload/lock2.php HTTP/1.1" 404 16804 "-" "Mozilla/5.0 (Windows NT 10.0; Win64; x64) AppleWebKit/537.36 (KHTML, like Gecko) Chrome/70.0.3538.110 Safari/537.36"
45.131.195.139 - - [15/Apr/2026:08:33:49 +0200] "GET /wp-content/plugins/envato-market/inc/class-envato-market-github.php HTTP/1.1" 404 16804 "-" "Mozilla/5.0 (Macintosh; Intel Mac OS X 10_15_6) AppleWebKit/537.36 (KHTML, like Gecko) Chrome/84.0.4147.105 Safari/537.36"
45.131.195.139 - - [15/Apr/2026:08:33:50 +0200] "GET /wp-content/plugins/wp-help/admin/wp-fclass.php HTTP/1.1" 404 16804 "-" "Mozilla/5.0 (Windows NT 10.0; Win64; x64; rv:67.0) Gecko/20100101 Firefox/67.0"
45.131.195.139 - - [15/Apr/2026:08:33:51 +0200] "GET /assets/jquery-ui/images/lock2.php HTTP/1.1" 404 16804 "-" "Mozilla/5.0 (Windows NT 10.0; Win64; x64) AppleWebKit/537.36 (KHTML, like Gecko) Chrome/70.0.3538.110 Safari/537.36"
45.131.195.139 - - [15/Apr/2026:08:33:52 +0200] "GET /wp-includes/js/tinymce/skins/wordpress/images/index.php HTTP/1.1" 301 392 "-" "Mozilla/5.0 (Windows NT 10.0) AppleWebKit/537.36 (KHTML, like Gecko) Chrome/72.0.3626.121 Safari/537.36"
45.131.195.139 - - [15/Apr/2026:08:33:53 +0200] "GET /wp-includes/Requests/library/index.php HTTP/1.1" 301 375 "-" "Mozilla/5.0 (Windows NT 10.0) AppleWebKit/537.36 (KHTML, like Gecko) Chrome/72.0.3626.121 Safari/537.36"
45.131.195.139 - - [15/Apr/2026:08:33:54 +0200] "GET /update/ HTTP/1.1" 404 16804 "-" "Mozilla/5.0 (Windows NT 10.0; Win64; x64; rv:79.0) Gecko/20100101 Firefox/79.0"
45.131.195.139 - - [15/Apr/2026:08:33:55 +0200] "GET /wp-content/ HTTP/1.1" 200 147 "-" "Mozilla/5.0 (Windows NT 10.0; Win64; x64; rv:74.0) Gecko/20100101 Firefox/74.0"
45.131.195.139 - - [15/Apr/2026:08:33:55 +0200] "GET /wp-admin/maint/ HTTP/1.1" 200 1138 "-" "Mozilla/5.0 (Windows NT 6.1; Win64; x64) AppleWebKit/537.36 (KHTML, like Gecko) Chrome/58.0.3029.110 Safari/537.3"
45.131.195.139 - - [15/Apr/2026:08:33:55 +0200] "GET /wp-admin/maint/repair.php HTTP/1.1" 200 2234 "-" "Mozilla/5.0 (Windows NT 6.1; Win64; x64) AppleWebKit/537.36 (KHTML, like Gecko) Chrome/74.0.3729.169 Safari/537.36"
45.131.195.139 - - [15/Apr/2026:08:33:56 +0200] "GET /themes/zMousse/ HTTP/1.1" 404 16812 "-" "Mozilla/5.0 (Macintosh; Intel Mac OS X 10_15_6) AppleWebKit/537.36 (KHTML, like Gecko) Chrome/84.0.4147.125 Safari/537.36"
45.131.195.139 - - [15/Apr/2026:08:33:57 +0200] "GET /wp-content/plugins/ubh/ HTTP/1.1" 404 16804 "-" "Mozilla/5.0 (Windows NT 10.0; Win64; x64; rv:72.0) Gecko/20100101 Firefox/72.0"
45.131.195.139 - - [15/Apr/2026:08:33:58 +0200] "GET /wp-admin/images/ HTTP/1.1" 200 18936 "-" "Mozilla/5.0 (Windows NT 6.1; Win64; x64) AppleWebKit/537.36 (KHTML, like Gecko) Chrome/79.0.3945.130 Safari/537.36"
45.131.195.139 - - [15/Apr/2026:08:33:58 +0200] "GET /wp-content/plugins/seoplugins/ HTTP/1.1" 404 16804 "-" "Mozilla/5.0 (Windows NT 10.0; Win64; x64; rv:67.0) Gecko/20100101 Firefox/67.0"
45.131.195.139 - - [15/Apr/2026:08:33:59 +0200] "GET /wp-content/themes/pridmag/ HTTP/1.1" 404 16804 "-" "Mozilla/5.0 (Windows NT 10.0; Win64; x64; rv:71.0) Gecko/20100101 Firefox/71.0"
45.131.195.139 - - [15/Apr/2026:08:34:00 +0200] "GET /wp-content/plugins/linkpreview/ HTTP/1.1" 404 16804 "-" "Mozilla/5.0 (Windows NT 10.0; Win64; x64; rv:71.0) Gecko/20100101 Firefox/71.0"
45.131.195.139 - - [15/Apr/2026:08:34:01 +0200] "GET /modules/mod_simplefileuploadv1.3/elements/ HTTP/1.1" 404 16804 "-" "Mozilla/5.0 (Windows NT 10.0; Win64; x64) AppleWebKit/537.36 (KHTML, like Gecko) Chrome/77.0.3865.90 Safari/537.36"
45.131.195.139 - - [15/Apr/2026:08:34:02 +0200] "GET /wp-content/plugins/pwnd/ HTTP/1.1" 404 16812 "-" "Mozilla/5.0 (X11; Ubuntu; Linux x86_64; rv:79.0) Gecko/20100101 Firefox/79.0"
45.131.195.139 - - [15/Apr/2026:08:34:03 +0200] "GET /wp-content/plugins/pwnd-1/ HTTP/1.1" 404 16812 "-" "Mozilla/5.0 (Windows NT 10.0; Win64; x64) AppleWebKit/537.36 (KHTML, like Gecko) Chrome/70.0.3538.77 Safari/537.36"
45.131.195.139 - - [15/Apr/2026:08:34:04 +0200] "GET /wp-admin/css/colors/midnight/ HTTP/1.1" 200 2004 "-" "Mozilla/5.0 (Windows NT 10.0; Win64; x64; rv:71.0) Gecko/20100101 Firefox/71.0"
45.131.195.139 - - [15/Apr/2026:08:34:04 +0200] "GET /vendor/phpunit/phpunit/src/Util/PHP/ HTTP/1.1" 301 291 "-" "Mozilla/5.0 (Windows NT 10.0; Win64; x64) AppleWebKit/537.36 (KHTML, like Gecko) Chrome/70.0.3538.77 Safari/537.36"
45.131.195.139 - - [15/Apr/2026:08:34:05 +0200] "GET /wp-includes/style-engine/ HTTP/1.1" 200 2220 "-" "Mozilla/5.0 (Macintosh; Intel Mac OS X 10_12_6) AppleWebKit/537.36 (KHTML, like Gecko) Chrome/58.0.3029.110 Safari/537.3"
45.131.195.139 - - [15/Apr/2026:08:34:05 +0200] "GET /wp-includes/style-engine/class-wp-style-engine-css-declarations.php HTTP/1.1" 200 147 "-" "Mozilla/5.0 (Windows NT 10.0; WOW64; x64) AppleWebKit/537.36 (KHTML, like Gecko) Chrome/84.0.4147.105 Safari/537.36 OPR/70.0.3728.95"
45.131.195.139 - - [15/Apr/2026:08:34:05 +0200] "GET /wp-includes/style-engine/class-wp-style-engine-css-rule.php HTTP/1.1" 200 147 "-" "Mozilla/5.0 (Windows NT 10.0; Win64; x64; rv:66.0) Gecko/20100101 Firefox/66.0"
45.131.195.139 - - [15/Apr/2026:08:34:05 +0200] "GET /wp-includes/style-engine/class-wp-style-engine-css-rules-store.php HTTP/1.1" 200 147 "-" "Mozilla/5.0 (Macintosh; Intel Mac OS X 10_15_6) AppleWebKit/537.36 (KHTML, like Gecko) Chrome/84.0.4147.105 Safari/537.36"
45.131.195.139 - - [15/Apr/2026:08:34:06 +0200] "GET /wp-includes/style-engine/class-wp-style-engine-processor.php HTTP/1.1" 200 147 "-" "Mozilla/5.0 (Windows NT 6.1; Win64; x64) AppleWebKit/537.36 (KHTML, like Gecko) Chrome/78.0.3904.108 Safari/537.36"
45.131.195.139 - - [15/Apr/2026:08:34:06 +0200] "GET /wp-includes/style-engine/class-wp-style-engine.php HTTP/1.1" 200 147 "-" "Mozilla/5.0 (compatible; MSIE 10.0; Windows NT 6.1; Trident/6.0)"
45.131.195.139 - - [15/Apr/2026:08:34:06 +0200] "GET /wp-content/plugins/core-plugin/ HTTP/1.1" 404 16804 "-" "Mozilla/5.0 (Windows NT 10.0; WOW64) AppleWebKit/537.36 (KHTML, like Gecko) Chrome/72.0.3626.121 Safari/537.36"
45.131.195.139 - - [15/Apr/2026:08:34:07 +0200] "GET /wp-content/plugins/ HTTP/1.1" 200 147 "-" "Mozilla/5.0 (Windows NT 10.0; Win64; x64; rv:77.0) Gecko/20100101 Firefox/77.0"
45.131.195.139 - - [15/Apr/2026:08:34:07 +0200] "GET /uploads/ HTTP/1.1" 404 16804 "-" "Mozilla/5.0 (X11; Linux x86_64) AppleWebKit/537.36 (KHTML, like Gecko) Chrome/84.0.4147.105 Safari/537.36 OPR/70.0.3728.95"
45.131.195.139 - - [15/Apr/2026:08:34:08 +0200] "GET /js/ HTTP/1.1" 404 16804 "-" "Mozilla/5.0 (Macintosh; Intel Mac OS X 10.15; rv:79.0) Gecko/20100101 Firefox/79.0"
45.131.195.139 - - [15/Apr/2026:08:34:09 +0200] "GET /.well-known/pki-validation/ HTTP/1.1" 404 16804 "-" "Mozilla/5.0 (Windows NT 6.1; Win64; x64) AppleWebKit/537.36 (KHTML, like Gecko) Chrome/74.0.3729.169 Safari/537.36"
45.131.195.139 - - [15/Apr/2026:08:34:10 +0200] "GET /wp-includes/js/ HTTP/1.1" 200 24838 "-" "Mozilla/5.0 (Windows NT 10.0) AppleWebKit/537.36 (KHTML, like Gecko) Chrome/84.0.4147.105 Safari/537.36"
45.131.195.139 - - [15/Apr/2026:08:34:10 +0200] "GET /wp-content/upgrade/ HTTP/1.1" 200 947 "-" "Mozilla/5.0 (Macintosh; Intel Mac OS X 10_15_6) AppleWebKit/537.36 (KHTML, like Gecko) Chrome/84.0.4147.105 Safari/537.36"
45.131.195.139 - - [15/Apr/2026:08:34:10 +0200] "GET /wp-content/languages/ HTTP/1.1" 200 21242 "-" "Mozilla/5.0 (X11; Linux x86_64) AppleWebKit/537.36 (KHTML, like Gecko) Chrome/84.0.4147.105 Safari/537.36"
45.131.195.139 - - [15/Apr/2026:08:34:10 +0200] "GET /wp-content/languages/admin-network-ru_RU.l10n.php HTTP/1.1" 200 147 "-" "Mozilla/5.0 (Windows NT 10.0; Win64; x64) AppleWebKit/537.36 (KHTML, like Gecko) Chrome/79.0.3945.79 Safari/537.36"
45.131.195.139 - - [15/Apr/2026:08:34:10 +0200] "GET /wp-content/languages/admin-ru_RU.l10n.php HTTP/1.1" 200 147 "-" "Mozilla/5.0 (Macintosh; Intel Mac OS X 10_12_6) AppleWebKit/537.36 (KHTML, like Gecko) Chrome/58.0.3029.110 Safari/537.3"
45.131.195.139 - - [15/Apr/2026:08:34:10 +0200] "GET /wp-content/languages/continents-cities-ru_RU.l10n.php HTTP/1.1" 200 147 "-" "Mozilla/5.0 (Macintosh; Intel Mac OS X 10_15_6) AppleWebKit/537.36 (KHTML, like Gecko) Chrome/84.0.4147.105 Safari/537.36 OPR/70.0.3728.95"
45.131.195.139 - - [15/Apr/2026:08:34:10 +0200] "GET /wp-content/languages/ru_RU.l10n.php HTTP/1.1" 200 147 "-" "Mozilla/5.0 (Windows NT 10.0; Win64; x64) AppleWebKit/537.36 (KHTML, like Gecko) Chrome/70.0.3538.77 Safari/537.36"
45.131.195.139 - - [15/Apr/2026:08:34:11 +0200] "GET /wp-content/languages/ru_RU.php HTTP/1.1" 200 147 "-" "Mozilla/5.0 (Windows NT 6.1; Win64; x64) AppleWebKit/537.36 (KHTML, like Gecko) Chrome/74.0.3729.169 Safari/537.36"
45.131.195.139 - - [15/Apr/2026:08:34:11 +0200] "GET /wp-content/themes/ HTTP/1.1" 200 147 "-" "Mozilla/5.0 (Windows NT 10.0; Win64; x64) AppleWebKit/537.36 (KHTML, like Gecko) Chrome/80.0.3987.149 Safari/537.36"
45.131.195.139 - - [15/Apr/2026:08:34:11 +0200] "GET /wp-content/plugins/elementor/ HTTP/1.1" 404 16804 "-" "Mozilla/5.0 (Windows NT 10.0; WOW64; Trident/7.0; .NET4.0C; .NET4.0E; .NET CLR 2.0.50727; .NET CLR 3.0.30729; .NET CLR 3.5.30729; rv:11.0) like Gecko"
45.131.195.139 - - [15/Apr/2026:08:34:12 +0200] "GET /wp-includes/IXR/ HTTP/1.1" 200 3193 "-" "Mozilla/5.0 (Windows NT 10.0; Win64; x64; rv:73.0) Gecko/20100101 Firefox/73.0"
45.131.195.139 - - [15/Apr/2026:08:34:12 +0200] "GET /wp-includes/IXR/class-IXR-base64.php HTTP/1.1" 200 147 "-" "Mozilla/5.0 (Windows NT 10.0; WOW64; x64) AppleWebKit/537.36 (KHTML, like Gecko) Chrome/84.0.4147.105 Safari/537.36 OPR/70.0.3728.95"
45.131.195.139 - - [15/Apr/2026:08:34:12 +0200] "GET /wp-includes/IXR/class-IXR-client.php HTTP/1.1" 200 147 "-" "Mozilla/5.0 (Windows NT 10.0; Win64; x64) AppleWebKit/537.36 (KHTML, like Gecko) Chrome/83.0.4103.61 Safari/537.36"
45.131.195.139 - - [15/Apr/2026:08:34:12 +0200] "GET /wp-includes/IXR/class-IXR-clientmulticall.php HTTP/1.1" 500 199 "-" "Mozilla/5.0 (Windows NT 10.0; Win64; x64) AppleWebKit/537.36 (KHTML, like Gecko) Chrome/70.0.3538.77 Safari/537.36"
45.131.195.195 - - [15/Apr/2026:08:34:12 +0200] "GET /wp-includes/IXR/class-IXR-date.php HTTP/1.1" 200 147 "-" "Mozilla/5.0 (Macintosh; Intel Mac OS X 10.15; rv:79.0) Gecko/20100101 Firefox/79.0"
45.131.195.195 - - [15/Apr/2026:08:34:13 +0200] "GET /wp-includes/IXR/class-IXR-error.php HTTP/1.1" 200 147 "-" "Mozilla/5.0 (Windows NT 10.0; Win64; x64) AppleWebKit/537.36 (KHTML, like Gecko) Chrome/70.0.3538.110 Safari/537.36"
45.131.195.195 - - [15/Apr/2026:08:34:13 +0200] "GET /wp-includes/IXR/class-IXR-introspectionserver.php HTTP/1.1" 500 199 "-" "Mozilla/5.0 (Windows NT 10.0; Win64; x64) AppleWebKit/537.36 (KHTML, like Gecko) Chrome/83.0.4103.97 Safari/537.36"
45.131.195.146 - - [15/Apr/2026:08:34:13 +0200] "GET /wp-includes/IXR/class-IXR-message.php HTTP/1.1" 200 147 "-" "Mozilla/5.0 (Windows NT 10.0; Win64; x64) AppleWebKit/537.36 (KHTML, like Gecko) Chrome/69.0.3497.100 Safari/537.36"
45.131.195.146 - - [15/Apr/2026:08:34:13 +0200] "GET /wp-includes/IXR/class-IXR-request.php HTTP/1.1" 200 147 "-" "Mozilla/5.0 (Windows NT 10.0) AppleWebKit/537.36 (KHTML, like Gecko) Chrome/84.0.4147.105 Safari/537.36"
45.131.195.146 - - [15/Apr/2026:08:34:13 +0200] "GET /wp-includes/IXR/class-IXR-server.php HTTP/1.1" 200 147 "-" "Mozilla/5.0 (Windows NT 10.0; Win64; x64; rv:72.0) Gecko/20100101 Firefox/72.0"
45.131.195.146 - - [15/Apr/2026:08:34:13 +0200] "GET /wp-includes/IXR/class-IXR-value.php HTTP/1.1" 200 147 "-" "Mozilla/5.0 (Windows NT 6.1; Win64; x64) AppleWebKit/537.36 (KHTML, like Gecko) Chrome/78.0.3904.108 Safari/537.36"
45.131.195.146 - - [15/Apr/2026:08:34:14 +0200] "GET /wp-includes/widgets/ HTTP/1.1" 200 5699 "-" "Mozilla/5.0 (X11; Linux x86_64) AppleWebKit/537.36 (KHTML, like Gecko) Chrome/84.0.4147.105 Safari/537.36"
45.131.195.146 - - [15/Apr/2026:08:34:14 +0200] "GET /wp-includes/widgets/class-wp-nav-menu-widget.php HTTP/1.1" 500 199 "-" "Mozilla/5.0 (Macintosh; Intel Mac OS X 10_15_6) AppleWebKit/537.36 (KHTML, like Gecko) Chrome/84.0.4147.105 Safari/537.36"
45.131.195.189 - - [15/Apr/2026:08:34:14 +0200] "GET /wp-includes/widgets/class-wp-widget-archives.php HTTP/1.1" 500 199 "-" "Mozilla/5.0 (Windows NT 10.0; Win64; x64) AppleWebKit/537.36 (KHTML, like Gecko) Chrome/79.0.3945.88 Safari/537.36"
45.131.195.185 - - [15/Apr/2026:08:34:14 +0200] "GET /wp-includes/widgets/class-wp-widget-block.php HTTP/1.1" 500 199 "-" "Mozilla/5.0 (Windows NT 10.0; Win64; x64; rv:73.0) Gecko/20100101 Firefox/73.0"
45.131.195.197 - - [15/Apr/2026:08:34:14 +0200] "GET /wp-includes/widgets/class-wp-widget-calendar.php HTTP/1.1" 500 199 "-" "Mozilla/5.0 (compatible; MSIE 10.0; Windows NT 6.1; Trident/6.0)"
45.131.195.144 - - [15/Apr/2026:08:34:15 +0200] "GET /wp-includes/widgets/class-wp-widget-categories.php HTTP/1.1" 500 199 "-" "Mozilla/5.0 (Windows NT 10.0; Win64; x64) AppleWebKit/537.36 (KHTML, like Gecko) Chrome/80.0.3987.149 Safari/537.36"
45.131.195.190 - - [15/Apr/2026:08:34:15 +0200] "GET /wp-includes/widgets/class-wp-widget-custom-html.php HTTP/1.1" 500 199 "-" "Mozilla/5.0 (X11; Ubuntu; Linux x86_64; rv:79.0) Gecko/20100101 Firefox/79.0"
45.131.195.164 - - [15/Apr/2026:08:34:15 +0200] "GET /wp-includes/widgets/class-wp-widget-links.php HTTP/1.1" 500 199 "-" "Mozilla/5.0 (Windows NT 10.0; Win64; x64) AppleWebKit/537.36 (KHTML, like Gecko) Chrome/74.0.3729.169 Safari/537.36"
45.131.195.115 - - [15/Apr/2026:08:34:15 +0200] "GET /wp-includes/widgets/class-wp-widget-media-audio.php HTTP/1.1" 500 199 "-" "Mozilla/5.0 (Macintosh; Intel Mac OS X 10_15_6) AppleWebKit/537.36 (KHTML, like Gecko) Chrome/84.0.4147.105 Safari/537.36"
45.131.195.119 - - [15/Apr/2026:08:34:16 +0200] "GET /wp-includes/widgets/class-wp-widget-media-gallery.php HTTP/1.1" 500 199 "-" "Mozilla/5.0 (Windows NT 10.0; Win64; x64) AppleWebKit/537.36 (KHTML, like Gecko) Chrome/75.0.3770.100 Safari/537.36"
45.131.195.160 - - [15/Apr/2026:08:34:16 +0200] "GET /wp-includes/widgets/class-wp-widget-media-image.php HTTP/1.1" 500 199 "-" "Mozilla/5.0 (X11; Linux i686; rv:79.0) Gecko/20100101 Firefox/79.0"
45.131.195.126 - - [15/Apr/2026:08:34:16 +0200] "GET /wp-includes/widgets/class-wp-widget-media-video.php HTTP/1.1" 500 199 "-" "Mozilla/5.0 (X11; Linux i686; rv:79.0) Gecko/20100101 Firefox/79.0"
45.131.195.166 - - [15/Apr/2026:08:34:16 +0200] "GET /wp-includes/widgets/class-wp-widget-media.php HTTP/1.1" 500 199 "-" "Mozilla/5.0 (X11; Ubuntu; Linux i686; rv:79.0) Gecko/20100101 Firefox/79.0"
45.131.195.184 - - [15/Apr/2026:08:34:17 +0200] "GET /wp-includes/widgets/class-wp-widget-meta.php HTTP/1.1" 500 199 "-" "Mozilla/5.0 (Windows NT 10.0) AppleWebKit/537.36 (KHTML, like Gecko) Chrome/72.0.3626.121 Safari/537.36"
45.131.195.165 - - [15/Apr/2026:08:34:17 +0200] "GET /wp-includes/widgets/class-wp-widget-pages.php HTTP/1.1" 500 199 "-" "Mozilla/5.0 (Windows NT 6.1; Win64; x64) AppleWebKit/537.36 (KHTML, like Gecko) Chrome/58.0.3029.110 Safari/537.3"
45.131.195.186 - - [15/Apr/2026:08:34:17 +0200] "GET /wp-includes/widgets/class-wp-widget-recent-comments.php HTTP/1.1" 500 199 "-" "Mozilla/5.0 (Windows NT 10.0; Win64; x64; rv:79.0) Gecko/20100101 Firefox/79.0"
95.216.2.94 - - [15/Apr/2026:08:34:47 +0200] "POST /wp-cron.php?doing_wp_cron=1776234887.6130669116973876953125 HTTP/1.1" 500 199 "-" "WordPress/6.9.4; http://www.eeggs.ru"
185.255.126.235 - - [15/Apr/2026:08:34:46 +0200] "GET / HTTP/1.0" 301 220 "http://eeggs.ru/" "Mozilla/5.0 (Windows NT 10.0; Win64; x64) AppleWebKit/537.36 (KHTML, like Gecko) Chrome/130.0.0.0 Safari/537.36 CCleaner/130.0.0.0"
185.255.126.40 - - [15/Apr/2026:08:34:47 +0200] "GET / HTTP/1.0" 200 30226 "http://www.eeggs.ru/" "Mozilla/5.0 (Windows NT 10.0; Win64; x64) AppleWebKit/537.36 (KHTML, like Gecko) Chrome/130.0.0.0 Safari/537.36 CCleaner/130.0.0.0"
185.255.126.3 - - [15/Apr/2026:08:34:49 +0200] "GET /web/efes/ HTTP/1.0" 200 24525 "http://www.eeggs.ru/web/efes/" "Mozilla/5.0 (Windows NT 10.0; Win64; x64) AppleWebKit/537.36 (KHTML, like Gecko) Chrome/130.0.0.0 Safari/537.36 CCleaner/130.0.0.0"
185.255.126.235 - - [15/Apr/2026:08:34:50 +0200] "POST /wp-comments-post.php HTTP/1.0" 500 166 "http://www.eeggs.ru/web/efes/" "Mozilla/5.0 (Windows NT 10.0; Win64; x64) AppleWebKit/537.36 (KHTML, like Gecko) Chrome/130.0.0.0 Safari/537.36 CCleaner/130.0.0.0"
95.216.2.94 - - [15/Apr/2026:08:36:24 +0200] "POST /wp-cron.php?doing_wp_cron=1776234984.9651439189910888671875 HTTP/1.1" 500 199 "-" "WordPress/6.9.4; http://www.eeggs.ru"
40.77.167.16 - - [15/Apr/2026:08:36:24 +0200] "GET /goods/Future-Maman-Avec-Inscription-With-Love-On-Your-Baby-Shower/590046 HTTP/1.1" 301 418 "-" "Mozilla/5.0 AppleWebKit/537.36 (KHTML, like Gecko; compatible; bingbot/2.0; +http://www.bing.com/bingbot.htm) Chrome/116.0.1938.76 Safari/537.36"
52.167.144.176 - - [15/Apr/2026:08:36:30 +0200] "GET /goods/Lunettes-De-Correction-Lunettes-X4-Carr-es-Coquelicots-Black/837642 HTTP/1.1" 301 419 "-" "Mozilla/5.0 AppleWebKit/537.36 (KHTML, like Gecko; compatible; bingbot/2.0; +http://www.bing.com/bingbot.htm) Chrome/116.0.1938.76 Safari/537.36"
52.167.144.176 - - [15/Apr/2026:08:36:30 +0200] "GET /goods/Chaussure-De-S-curit-Enfiler-Blanche-Mister-Materiaux/607757 HTTP/1.1" 301 412 "-" "Mozilla/5.0 AppleWebKit/537.36 (KHTML, like Gecko; compatible; bingbot/2.0; +http://www.bing.com/bingbot.htm) Chrome/116.0.1938.76 Safari/537.36"
152.228.220.143 - - [15/Apr/2026:08:36:33 +0200] "GET /category/os/feed/ HTTP/1.1" 200 5307 "-" "Mozilla/5.0 (X11; Linux i686) AppleWebKit/537.36 (KHTML, like Gecko) Chrome/30.0.1599.66 Safari/537.36"
66.249.66.34 - - [15/Apr/2026:08:37:00 +0200] "GET /robots.txt HTTP/1.1" 200 463 "-" "Mozilla/5.0 (compatible; Googlebot/2.1; +http://www.google.com/bot.html)"
66.249.66.32 - - [15/Apr/2026:08:37:01 +0200] "GET /goods/Protection-Pour-XIAOMI-MI-A2-LITE-Etui/536645 HTTP/1.1" 301 453 "-" "Mozilla/5.0 (Linux; Android 6.0.1; Nexus 5X Build/MMB29P) AppleWebKit/537.36 (KHTML, like Gecko) Chrome/146.0.7680.177 Mobile Safari/537.36 (compatible; Googlebot/2.1; +http://www.google.com/bot.html)"
66.249.66.198 - - [15/Apr/2026:08:37:02 +0200] "GET /goods/Protection-Pour-XIAOMI-MI-A2-LITE-Etui/536645 HTTP/1.1" 404 16849 "-" "Mozilla/5.0 (Linux; Android 6.0.1; Nexus 5X Build/MMB29P) AppleWebKit/537.36 (KHTML, like Gecko) Chrome/146.0.7680.177 Mobile Safari/537.36 (compatible; Googlebot/2.1; +http://www.google.com/bot.html)"
66.249.66.33 - - [15/Apr/2026:08:37:14 +0200] "GET /goods/Cartes-De-Pr-sentation-Pour-Colliers-Bijoux/1160121 HTTP/1.1" 301 459 "-" "Mozilla/5.0 (Linux; Android 6.0.1; Nexus 5X Build/MMB29P) AppleWebKit/537.36 (KHTML, like Gecko) Chrome/146.0.7680.177 Mobile Safari/537.36 (compatible; Googlebot/2.1; +http://www.google.com/bot.html)"
66.249.66.199 - - [15/Apr/2026:08:37:15 +0200] "GET /goods/Cartes-De-Pr-sentation-Pour-Colliers-Bijoux/1160121 HTTP/1.1" 404 16849 "-" "Mozilla/5.0 (Linux; Android 6.0.1; Nexus 5X Build/MMB29P) AppleWebKit/537.36 (KHTML, like Gecko) Chrome/146.0.7680.177 Mobile Safari/537.36 (compatible; Googlebot/2.1; +http://www.google.com/bot.html)"
152.228.220.143 - - [15/Apr/2026:08:37:22 +0200] "GET /software/padayushhie-knigi-winrar/feed/ HTTP/1.1" 200 1463 "-" "Mozilla/5.0 (X11; Linux i686) AppleWebKit/537.36 (KHTML, like Gecko) Chrome/30.0.1599.66 Safari/537.36"
40.77.167.6 - - [15/Apr/2026:08:38:15 +0200] "GET /wp-content/uploads/2008/03/3dmark_2001_2.jpg HTTP/1.1" 200 70503 "-" "Mozilla/5.0 AppleWebKit/537.36 (KHTML, like Gecko; compatible; bingbot/2.0; +http://www.bing.com/bingbot.htm) Chrome/116.0.1938.76 Safari/537.36"
66.249.66.33 - - [15/Apr/2026:08:38:20 +0200] "GET /robots.txt HTTP/1.1" 200 463 "-" "Mozilla/5.0 (compatible; Googlebot/2.1; +http://www.google.com/bot.html)"
95.216.2.94 - - [15/Apr/2026:08:38:20 +0200] "POST /wp-cron.php?doing_wp_cron=1776235100.7831180095672607421875 HTTP/1.1" 500 199 "-" "WordPress/6.9.4; http://www.eeggs.ru"
66.249.66.34 - - [15/Apr/2026:08:38:20 +0200] "GET /goods/Forme-Carr-e-Bande-Reflechissante-Adhesive-Pour-Les-Chaussures/661854 HTTP/1.1" 301 477 "-" "Mozilla/5.0 (Linux; Android 6.0.1; Nexus 5X Build/MMB29P) AppleWebKit/537.36 (KHTML, like Gecko) Chrome/146.0.7680.177 Mobile Safari/537.36 (compatible; Googlebot/2.1; +http://www.google.com/bot.html)"
66.249.66.199 - - [15/Apr/2026:08:38:21 +0200] "GET /goods/Forme-Carr-e-Bande-Reflechissante-Adhesive-Pour-Les-Chaussures/661854 HTTP/1.1" 404 16849 "-" "Mozilla/5.0 (Linux; Android 6.0.1; Nexus 5X Build/MMB29P) AppleWebKit/537.36 (KHTML, like Gecko) Chrome/146.0.7680.177 Mobile Safari/537.36 (compatible; Googlebot/2.1; +http://www.google.com/bot.html)"
66.249.66.34 - - [15/Apr/2026:08:38:30 +0200] "GET /goods/LU-Cie-Co-Le-Grand-Prix-Du-Roman-De-L-039-Acad-mie-Fran/702458 HTTP/1.1" 301 470 "-" "Mozilla/5.0 (Linux; Android 6.0.1; Nexus 5X Build/MMB29P) AppleWebKit/537.36 (KHTML, like Gecko) Chrome/146.0.7680.177 Mobile Safari/537.36 (compatible; Googlebot/2.1; +http://www.google.com/bot.html)"
66.249.66.199 - - [15/Apr/2026:08:38:31 +0200] "GET /goods/LU-Cie-Co-Le-Grand-Prix-Du-Roman-De-L-039-Acad-mie-Fran/702458 HTTP/1.1" 404 16849 "-" "Mozilla/5.0 (Linux; Android 6.0.1; Nexus 5X Build/MMB29P) AppleWebKit/537.36 (KHTML, like Gecko) Chrome/146.0.7680.177 Mobile Safari/537.36 (compatible; Googlebot/2.1; +http://www.google.com/bot.html)"
66.249.66.34 - - [15/Apr/2026:08:39:52 +0200] "GET /robots.txt HTTP/1.1" 200 463 "-" "Mozilla/5.0 (compatible; Googlebot/2.1; +http://www.google.com/bot.html)"
95.216.2.94 - - [15/Apr/2026:08:39:52 +0200] "POST /wp-cron.php?doing_wp_cron=1776235192.7865450382232666015625 HTTP/1.1" 500 199 "-" "WordPress/6.9.4; http://www.eeggs.ru"
66.249.66.34 - - [15/Apr/2026:08:39:52 +0200] "GET /goods/Climbing-Technology-CT-Belt-v/1067707 HTTP/1.1" 301 445 "-" "Mozilla/5.0 (Linux; Android 6.0.1; Nexus 5X Build/MMB29P) AppleWebKit/537.36 (KHTML, like Gecko) Chrome/146.0.7680.177 Mobile Safari/537.36 (compatible; Googlebot/2.1; +http://www.google.com/bot.html)"
66.249.66.199 - - [15/Apr/2026:08:39:53 +0200] "GET /goods/Climbing-Technology-CT-Belt-v/1067707 HTTP/1.1" 404 16849 "-" "Mozilla/5.0 (Linux; Android 6.0.1; Nexus 5X Build/MMB29P) AppleWebKit/537.36 (KHTML, like Gecko) Chrome/146.0.7680.177 Mobile Safari/537.36 (compatible; Googlebot/2.1; +http://www.google.com/bot.html)"
40.77.167.44 - - [15/Apr/2026:08:40:20 +0200] "GET /goods/Eric-Cantona-Portrait-Of-The-Artist-Who-Changed-English/929284 HTTP/1.1" 301 414 "-" "Mozilla/5.0 AppleWebKit/537.36 (KHTML, like Gecko; compatible; bingbot/2.0; +http://www.bing.com/bingbot.htm) Chrome/116.0.1938.76 Safari/537.36"
52.167.144.228 - - [15/Apr/2026:08:40:22 +0200] "GET /goods/Sapin-De-No-l-122-Cm-Tapis-En-Fausse-Fourrure-Avec-Broderie/796366 HTTP/1.1" 301 418 "-" "Mozilla/5.0 AppleWebKit/537.36 (KHTML, like Gecko; compatible; bingbot/2.0; +http://www.bing.com/bingbot.htm) Chrome/116.0.1938.76 Safari/537.36"
66.249.66.32 - - [15/Apr/2026:08:40:26 +0200] "GET /goods/Con-Separaci-n-De-Dedos-Transpirables-Calcetines-Lurbel/498062 HTTP/1.1" 301 470 "-" "Mozilla/5.0 (Linux; Android 6.0.1; Nexus 5X Build/MMB29P) AppleWebKit/537.36 (KHTML, like Gecko) Chrome/146.0.7680.177 Mobile Safari/537.36 (compatible; Googlebot/2.1; +http://www.google.com/bot.html)"
66.249.66.200 - - [15/Apr/2026:08:40:27 +0200] "GET /goods/Con-Separaci-n-De-Dedos-Transpirables-Calcetines-Lurbel/498062 HTTP/1.1" 404 16857 "-" "Mozilla/5.0 (Linux; Android 6.0.1; Nexus 5X Build/MMB29P) AppleWebKit/537.36 (KHTML, like Gecko) Chrome/146.0.7680.177 Mobile Safari/537.36 (compatible; Googlebot/2.1; +http://www.google.com/bot.html)"
40.77.167.44 - - [15/Apr/2026:08:40:39 +0200] "GET /goods/De-Chasse-Et-De-Survie-Lame-Fixe-Bushcraft-Tr-s/448272 HTTP/1.1" 301 406 "-" "Mozilla/5.0 AppleWebKit/537.36 (KHTML, like Gecko; compatible; bingbot/2.0; +http://www.bing.com/bingbot.htm) Chrome/116.0.1938.76 Safari/537.36"
144.76.32.190 - - [15/Apr/2026:08:40:47 +0200] "GET /robots.txt HTTP/1.1" 200 463 "-" "Mozilla/5.0 (compatible; SERankingBacklinksBot/1.0; +https://seranking.com/backlinks-crawler)"
144.76.32.190 - - [15/Apr/2026:08:40:47 +0200] "GET /goods/G-nstig-Online-Kaufen/792727 HTTP/1.1" 301 436 "-" "Mozilla/5.0 (compatible; SERankingBacklinksBot/1.0; +https://seranking.com/backlinks-crawler)"
144.76.32.190 - - [15/Apr/2026:08:40:48 +0200] "GET /robots.txt HTTP/1.1" 200 463 "-" "Mozilla/5.0 (compatible; SERankingBacklinksBot/1.0; +https://seranking.com/backlinks-crawler)"
144.76.32.190 - - [15/Apr/2026:08:40:48 +0200] "GET /goods/G-nstig-Online-Kaufen/792727 HTTP/1.1" 404 16860 "-" "Mozilla/5.0 (compatible; SERankingBacklinksBot/1.0; +https://seranking.com/backlinks-crawler)"
95.216.2.94 - - [15/Apr/2026:08:42:00 +0200] "POST /wp-cron.php?doing_wp_cron=1776235320.2164800167083740234375 HTTP/1.1" 500 199 "-" "WordPress/6.9.4; http://www.eeggs.ru"
52.167.144.228 - - [15/Apr/2026:08:41:59 +0200] "GET /goods/Montage-Pour-Mini-moulures-12-X-8-Mm-Couleur-Ivoire-Electro-Dh/469602 HTTP/1.1" 301 421 "-" "Mozilla/5.0 AppleWebKit/537.36 (KHTML, like Gecko; compatible; bingbot/2.0; +http://www.bing.com/bingbot.htm) Chrome/116.0.1938.76 Safari/537.36"
52.167.144.176 - - [15/Apr/2026:08:42:04 +0200] "GET /goods/Fruix-Yaourt-Aux-Fruits-Jaunes-Brass-8-X-125g/904992 HTTP/1.1" 301 404 "-" "Mozilla/5.0 AppleWebKit/537.36 (KHTML, like Gecko; compatible; bingbot/2.0; +http://www.bing.com/bingbot.htm) Chrome/116.0.1938.76 Safari/537.36"
66.249.66.197 - - [15/Apr/2026:08:42:23 +0200] "GET /robots.txt HTTP/1.1" 200 463 "-" "Mozilla/5.0 (compatible; Googlebot/2.1; +http://www.google.com/bot.html)"
66.249.66.3 - - [15/Apr/2026:08:42:23 +0200] "GET /goods/De-Connecteur-De-Broche-Pivotante-De-Baril-De-P-che/632467 HTTP/1.1" 301 466 "-" "Mozilla/5.0 (Linux; Android 6.0.1; Nexus 5X Build/MMB29P) AppleWebKit/537.36 (KHTML, like Gecko) Chrome/146.0.7680.177 Mobile Safari/537.36 (compatible; Googlebot/2.1; +http://www.google.com/bot.html)"
66.249.66.162 - - [15/Apr/2026:08:42:24 +0200] "GET /goods/De-Connecteur-De-Broche-Pivotante-De-Baril-De-P-che/632467 HTTP/1.1" 404 16849 "-" "Mozilla/5.0 (Linux; Android 6.0.1; Nexus 5X Build/MMB29P) AppleWebKit/537.36 (KHTML, like Gecko) Chrome/146.0.7680.177 Mobile Safari/537.36 (compatible; Googlebot/2.1; +http://www.google.com/bot.html)"
95.216.2.94 - - [15/Apr/2026:08:45:17 +0200] "POST /wp-cron.php?doing_wp_cron=1776235517.3644459247589111328125 HTTP/1.1" 500 199 "-" "WordPress/6.9.4; http://www.eeggs.ru"
40.77.167.44 - - [15/Apr/2026:08:45:16 +0200] "GET /goods/SILICONE-PHYSIOLOGIQUE-6MOIS-PLUS/509479 HTTP/1.1" 301 392 "-" "Mozilla/5.0 AppleWebKit/537.36 (KHTML, like Gecko; compatible; bingbot/2.0; +http://www.bing.com/bingbot.htm) Chrome/116.0.1938.76 Safari/537.36"
40.77.167.44 - - [15/Apr/2026:08:45:17 +0200] "GET /goods/Rev-tement-En-Caoutchouc-Poids-2-X-3-Kg-Sport/1139709 HTTP/1.1" 301 405 "-" "Mozilla/5.0 AppleWebKit/537.36 (KHTML, like Gecko; compatible; bingbot/2.0; +http://www.bing.com/bingbot.htm) Chrome/116.0.1938.76 Safari/537.36"
40.77.167.44 - - [15/Apr/2026:08:45:18 +0200] "GET /goods/Toiture-EPDM-45-Mm-X-15-Pi/458178 HTTP/1.1" 301 385 "-" "Mozilla/5.0 AppleWebKit/537.36 (KHTML, like Gecko; compatible; bingbot/2.0; +http://www.bing.com/bingbot.htm) Chrome/116.0.1938.76 Safari/537.36"
40.77.167.44 - - [15/Apr/2026:08:45:19 +0200] "GET /goods/Verrous-De-S-curit-L-039-preuve-Des-Enfants-Pour/1245260 HTTP/1.1" 301 408 "-" "Mozilla/5.0 AppleWebKit/537.36 (KHTML, like Gecko; compatible; bingbot/2.0; +http://www.bing.com/bingbot.htm) Chrome/116.0.1938.76 Safari/537.36"
66.249.66.168 - - [15/Apr/2026:08:45:24 +0200] "GET /goods/Vintage-Col-V-Manches-Bouffantes-Semi-Transparent-Pois/1179945 HTTP/1.1" 301 470 "-" "Mozilla/5.0 (Linux; Android 6.0.1; Nexus 5X Build/MMB29P) AppleWebKit/537.36 (KHTML, like Gecko) Chrome/146.0.7680.177 Mobile Safari/537.36 (compatible; Googlebot/2.1; +http://www.google.com/bot.html)"
66.249.66.200 - - [15/Apr/2026:08:45:26 +0200] "GET /goods/Vintage-Col-V-Manches-Bouffantes-Semi-Transparent-Pois/1179945 HTTP/1.1" 404 16849 "-" "Mozilla/5.0 (Linux; Android 6.0.1; Nexus 5X Build/MMB29P) AppleWebKit/537.36 (KHTML, like Gecko) Chrome/146.0.7680.177 Mobile Safari/537.36 (compatible; Googlebot/2.1; +http://www.google.com/bot.html)"
95.216.2.94 - - [15/Apr/2026:08:47:17 +0200] "POST /wp-cron.php?doing_wp_cron=1776235637.2197549343109130859375 HTTP/1.1" 500 199 "-" "WordPress/6.9.4; http://www.eeggs.ru"
40.77.167.44 - - [15/Apr/2026:08:47:16 +0200] "GET /goods/Propagateur-Medium-Seed-Et-Herb-Avec-Extension-De-Togo/868400 HTTP/1.1" 301 413 "-" "Mozilla/5.0 AppleWebKit/537.36 (KHTML, like Gecko; compatible; bingbot/2.0; +http://www.bing.com/bingbot.htm) Chrome/116.0.1938.76 Safari/537.36"
40.77.167.44 - - [15/Apr/2026:08:47:17 +0200] "GET /goods/D-039-OREILLE-SQUARE-MOISSANITE-ICE-ICE-PERSO/534736 HTTP/1.1" 301 404 "-" "Mozilla/5.0 AppleWebKit/537.36 (KHTML, like Gecko; compatible; bingbot/2.0; +http://www.bing.com/bingbot.htm) Chrome/116.0.1938.76 Safari/537.36"
52.167.144.181 - - [15/Apr/2026:08:47:20 +0200] "GET /goods/Notre-Top-10-Des-Possible-Dreams-Au-France/969607 HTTP/1.1" 301 401 "-" "Mozilla/5.0 AppleWebKit/537.36 (KHTML, like Gecko; compatible; bingbot/2.0; +http://www.bing.com/bingbot.htm) Chrome/116.0.1938.76 Safari/537.36"
95.216.2.94 - - [15/Apr/2026:08:49:10 +0200] "POST /wp-cron.php?doing_wp_cron=1776235750.5056331157684326171875 HTTP/1.1" 500 199 "-" "WordPress/6.9.4; http://www.eeggs.ru"
94.154.35.236 - - [15/Apr/2026:08:49:09 +0200] "HEAD /catalog.tar HTTP/1.1" 301 343 "-" "Mozilla/5.0 (Windows NT 10.0; Win64; x64) AppleWebKit/537.36 (KHTML, like Gecko) Chrome/101.0.4951.67 Safari/537.36"
94.154.35.236 - - [15/Apr/2026:08:49:10 +0200] "HEAD /catalog.tar HTTP/1.1" 404 330 "-" "Mozilla/5.0 (Windows NT 10.0; Win64; x64) AppleWebKit/537.36 (KHTML, like Gecko) Chrome/101.0.4951.67 Safari/537.36"
66.249.66.33 - - [15/Apr/2026:08:49:17 +0200] "GET /goods/LU-Cie-Co-Le-Grand-Prix-Du-Roman-De-L-039-Acad-mie-Fran/702458 HTTP/1.1" 301 470 "-" "Mozilla/5.0 (Linux; Android 6.0.1; Nexus 5X Build/MMB29P) AppleWebKit/537.36 (KHTML, like Gecko) Chrome/146.0.7680.177 Mobile Safari/537.36 (compatible; GoogleOther)"
66.249.66.38 - - [15/Apr/2026:08:49:18 +0200] "GET /goods/LU-Cie-Co-Le-Grand-Prix-Du-Roman-De-L-039-Acad-mie-Fran/702458 HTTP/1.1" 404 16860 "-" "Mozilla/5.0 (Linux; Android 6.0.1; Nexus 5X Build/MMB29P) AppleWebKit/537.36 (KHTML, like Gecko) Chrome/146.0.7680.177 Mobile Safari/537.36 (compatible; GoogleOther)"
95.216.2.94 - - [15/Apr/2026:08:50:31 +0200] "POST /wp-cron.php?doing_wp_cron=1776235831.3497049808502197265625 HTTP/1.1" 500 199 "-" "WordPress/6.9.4; http://www.eeggs.ru"
66.249.66.199 - - [15/Apr/2026:08:50:30 +0200] "GET /goods/Richard-Lange-Et-Les-Films-Pas-De-Vague-Et-Le-Jeu/821214 HTTP/1.1" 301 464 "-" "Mozilla/5.0 (Linux; Android 6.0.1; Nexus 5X Build/MMB29P) AppleWebKit/537.36 (KHTML, like Gecko) Chrome/146.0.7680.177 Mobile Safari/537.36 (compatible; Googlebot/2.1; +http://www.google.com/bot.html)"
66.249.66.39 - - [15/Apr/2026:08:50:31 +0200] "GET /goods/Richard-Lange-Et-Les-Films-Pas-De-Vague-Et-Le-Jeu/821214 HTTP/1.1" 404 16857 "-" "Mozilla/5.0 (Linux; Android 6.0.1; Nexus 5X Build/MMB29P) AppleWebKit/537.36 (KHTML, like Gecko) Chrome/146.0.7680.177 Mobile Safari/537.36 (compatible; Googlebot/2.1; +http://www.google.com/bot.html)"
66.249.66.32 - - [15/Apr/2026:08:50:50 +0200] "GET /goods/CALOGERO-Face-Au0300-La-Mer-Accords/790603 HTTP/1.1" 301 450 "-" "Mozilla/5.0 (Linux; Android 6.0.1; Nexus 5X Build/MMB29P) AppleWebKit/537.36 (KHTML, like Gecko) Chrome/146.0.7680.177 Mobile Safari/537.36 (compatible; Googlebot/2.1; +http://www.google.com/bot.html)"
66.249.66.12 - - [15/Apr/2026:08:50:51 +0200] "GET /goods/CALOGERO-Face-Au0300-La-Mer-Accords/790603 HTTP/1.1" 404 16849 "-" "Mozilla/5.0 (Linux; Android 6.0.1; Nexus 5X Build/MMB29P) AppleWebKit/537.36 (KHTML, like Gecko) Chrome/146.0.7680.177 Mobile Safari/537.36 (compatible; Googlebot/2.1; +http://www.google.com/bot.html)"
66.249.66.33 - - [15/Apr/2026:08:51:02 +0200] "GET /goods/R-glable-Et-Crochet-En-M-tal-U2013-Sangle-Serrage-Pour-Pagayer/785853 HTTP/1.1" 301 477 "-" "Mozilla/5.0 (Linux; Android 6.0.1; Nexus 5X Build/MMB29P) AppleWebKit/537.36 (KHTML, like Gecko) Chrome/146.0.7680.177 Mobile Safari/537.36 (compatible; Googlebot/2.1; +http://www.google.com/bot.html)"
66.249.66.76 - - [15/Apr/2026:08:51:03 +0200] "GET /goods/R-glable-Et-Crochet-En-M-tal-U2013-Sangle-Serrage-Pour-Pagayer/785853 HTTP/1.1" 404 16849 "-" "Mozilla/5.0 (Linux; Android 6.0.1; Nexus 5X Build/MMB29P) AppleWebKit/537.36 (KHTML, like Gecko) Chrome/146.0.7680.177 Mobile Safari/537.36 (compatible; Googlebot/2.1; +http://www.google.com/bot.html)"
95.216.2.94 - - [15/Apr/2026:08:51:37 +0200] "POST /wp-cron.php?doing_wp_cron=1776235897.8217520713806152343750 HTTP/1.1" 500 199 "-" "WordPress/6.9.4; http://www.eeggs.ru"
66.249.66.33 - - [15/Apr/2026:08:51:37 +0200] "GET /goods/T-shirt-Col-Roul-Pour-Homme-Manches-Courtes-En-Tricot/1266393 HTTP/1.1" 301 469 "-" "Mozilla/5.0 (Linux; Android 6.0.1; Nexus 5X Build/MMB29P) AppleWebKit/537.36 (KHTML, like Gecko) Chrome/146.0.7680.177 Mobile Safari/537.36 (compatible; Googlebot/2.1; +http://www.google.com/bot.html)"
66.249.66.37 - - [15/Apr/2026:08:51:38 +0200] "GET /goods/T-shirt-Col-Roul-Pour-Homme-Manches-Courtes-En-Tricot/1266393 HTTP/1.1" 404 16849 "-" "Mozilla/5.0 (Linux; Android 6.0.1; Nexus 5X Build/MMB29P) AppleWebKit/537.36 (KHTML, like Gecko) Chrome/146.0.7680.177 Mobile Safari/537.36 (compatible; Googlebot/2.1; +http://www.google.com/bot.html)"
95.216.2.94 - - [15/Apr/2026:08:54:20 +0200] "POST /wp-cron.php?doing_wp_cron=1776236060.5492920875549316406250 HTTP/1.1" 500 199 "-" "WordPress/6.9.4; http://www.eeggs.ru"
52.167.144.156 - - [15/Apr/2026:08:54:19 +0200] "GET /goods/Lot-De-200-Pailles-Jetables-Large-Goulot-De-200-Grandes/621921 HTTP/1.1" 301 414 "-" "Mozilla/5.0 AppleWebKit/537.36 (KHTML, like Gecko; compatible; bingbot/2.0; +http://www.bing.com/bingbot.htm) Chrome/116.0.1938.76 Safari/537.36"
95.216.2.94 - - [15/Apr/2026:08:55:59 +0200] "POST /wp-cron.php?doing_wp_cron=1776236159.1861340999603271484375 HTTP/1.1" 500 199 "-" "WordPress/6.9.4; http://www.eeggs.ru"
66.249.66.32 - - [15/Apr/2026:08:55:58 +0200] "GET /goods/L-Style-N9-Twin-Color-Shafts-Gr-n-SALE/819973 HTTP/1.1" 301 453 "-" "Mozilla/5.0 (Linux; Android 6.0.1; Nexus 5X Build/MMB29P) AppleWebKit/537.36 (KHTML, like Gecko) Chrome/146.0.7680.177 Mobile Safari/537.36 (compatible; Googlebot/2.1; +http://www.google.com/bot.html)"
66.249.66.199 - - [15/Apr/2026:08:55:59 +0200] "GET /goods/L-Style-N9-Twin-Color-Shafts-Gr-n-SALE/819973 HTTP/1.1" 404 16849 "-" "Mozilla/5.0 (Linux; Android 6.0.1; Nexus 5X Build/MMB29P) AppleWebKit/537.36 (KHTML, like Gecko) Chrome/146.0.7680.177 Mobile Safari/537.36 (compatible; Googlebot/2.1; +http://www.google.com/bot.html)"
95.216.2.94 - - [15/Apr/2026:08:57:28 +0200] "POST /wp-cron.php?doing_wp_cron=1776236248.4522290229797363281250 HTTP/1.1" 500 199 "-" "WordPress/6.9.4; http://www.eeggs.ru"
66.249.66.3 - - [15/Apr/2026:08:57:27 +0200] "GET /goods/EZVIZ-EP3x-Pro-2K-Sonnette-Sans-Fil-Avec-Cam-ra-Panneau/972705 HTTP/1.1" 301 470 "-" "Mozilla/5.0 (Linux; Android 6.0.1; Nexus 5X Build/MMB29P) AppleWebKit/537.36 (KHTML, like Gecko) Chrome/146.0.7680.177 Mobile Safari/537.36 (compatible; Googlebot/2.1; +http://www.google.com/bot.html)"
66.249.66.162 - - [15/Apr/2026:08:57:28 +0200] "GET /goods/EZVIZ-EP3x-Pro-2K-Sonnette-Sans-Fil-Avec-Cam-ra-Panneau/972705 HTTP/1.1" 404 16857 "-" "Mozilla/5.0 (Linux; Android 6.0.1; Nexus 5X Build/MMB29P) AppleWebKit/537.36 (KHTML, like Gecko) Chrome/146.0.7680.177 Mobile Safari/537.36 (compatible; Googlebot/2.1; +http://www.google.com/bot.html)"
66.249.66.168 - - [15/Apr/2026:08:57:29 +0200] "GET /goods/Sacs-De-Rangement-Avec-Cadre-En-M-tal-270-L-Sac-De/771298 HTTP/1.1" 301 465 "-" "Mozilla/5.0 (Linux; Android 6.0.1; Nexus 5X Build/MMB29P) AppleWebKit/537.36 (KHTML, like Gecko) Chrome/146.0.7680.177 Mobile Safari/537.36 (compatible; Googlebot/2.1; +http://www.google.com/bot.html)"
66.249.66.38 - - [15/Apr/2026:08:57:30 +0200] "GET /goods/Sacs-De-Rangement-Avec-Cadre-En-M-tal-270-L-Sac-De/771298 HTTP/1.1" 404 16849 "-" "Mozilla/5.0 (Linux; Android 6.0.1; Nexus 5X Build/MMB29P) AppleWebKit/537.36 (KHTML, like Gecko) Chrome/146.0.7680.177 Mobile Safari/537.36 (compatible; Googlebot/2.1; +http://www.google.com/bot.html)"
66.249.66.199 - - [15/Apr/2026:08:58:26 +0200] "GET /goods/039-arrosage-Goutte-Goutte-25M-Arrosage-Automatique-Pour/950169 HTTP/1.1" 301 471 "-" "Mozilla/5.0 (Linux; Android 6.0.1; Nexus 5X Build/MMB29P) AppleWebKit/537.36 (KHTML, like Gecko) Chrome/146.0.7680.177 Mobile Safari/537.36 (compatible; Googlebot/2.1; +http://www.google.com/bot.html)"
95.216.2.94 - - [15/Apr/2026:08:58:29 +0200] "POST /wp-cron.php?doing_wp_cron=1776236309.5444080829620361328125 HTTP/1.1" 500 199 "-" "WordPress/6.9.4; http://www.eeggs.ru"
66.249.66.200 - - [15/Apr/2026:08:58:28 +0200] "GET /goods/039-arrosage-Goutte-Goutte-25M-Arrosage-Automatique-Pour/950169 HTTP/1.1" 404 16849 "-" "Mozilla/5.0 (Linux; Android 6.0.1; Nexus 5X Build/MMB29P) AppleWebKit/537.36 (KHTML, like Gecko) Chrome/146.0.7680.177 Mobile Safari/537.36 (compatible; Googlebot/2.1; +http://www.google.com/bot.html)"
95.216.2.94 - - [15/Apr/2026:09:01:57 +0200] "POST /wp-cron.php?doing_wp_cron=1776236517.3885910511016845703125 HTTP/1.1" 500 199 "-" "WordPress/6.9.4; http://www.eeggs.ru"
40.77.167.28 - - [15/Apr/2026:09:01:56 +0200] "GET /goods/Lumineuse-The-Grinch-Et-Max-On-Snow-Mound-Multicolore-15-2-Cm/570248 HTTP/1.1" 301 420 "-" "Mozilla/5.0 AppleWebKit/537.36 (KHTML, like Gecko; compatible; bingbot/2.0; +http://www.bing.com/bingbot.htm) Chrome/116.0.1938.76 Safari/537.36"
40.77.167.28 - - [15/Apr/2026:09:01:57 +0200] "GET /goods/De-2-Paires-De-Bandes-De-Protection-Pour-Tibias-De-Football/431009 HTTP/1.1" 301 418 "-" "Mozilla/5.0 AppleWebKit/537.36 (KHTML, like Gecko; compatible; bingbot/2.0; +http://www.bing.com/bingbot.htm) Chrome/116.0.1938.76 Safari/537.36"
52.167.144.24 - - [15/Apr/2026:09:01:59 +0200] "GET /goods/Sans-Fil-TE-SG-18-10-Li-Solo/588122 HTTP/1.1" 301 387 "-" "Mozilla/5.0 AppleWebKit/537.36 (KHTML, like Gecko; compatible; bingbot/2.0; +http://www.bing.com/bingbot.htm) Chrome/116.0.1938.76 Safari/537.36"
52.167.144.195 - - [15/Apr/2026:09:02:00 +0200] "GET /goods/En-Filigrane-Celtique-Celtic-Rings-Ltd/1181509 HTTP/1.1" 301 398 "-" "Mozilla/5.0 AppleWebKit/537.36 (KHTML, like Gecko; compatible; bingbot/2.0; +http://www.bing.com/bingbot.htm) Chrome/116.0.1938.76 Safari/537.36"
52.167.144.195 - - [15/Apr/2026:09:02:01 +0200] "GET /goods/Vibrant-3V-44000rpm-Petit-Moteur-lectrique/431603 HTTP/1.1" 301 401 "-" "Mozilla/5.0 AppleWebKit/537.36 (KHTML, like Gecko; compatible; bingbot/2.0; +http://www.bing.com/bingbot.htm) Chrome/116.0.1938.76 Safari/537.36"
52.167.144.195 - - [15/Apr/2026:09:02:13 +0200] "GET /sitemaps.xml HTTP/1.1" 404 16812 "-" "Mozilla/5.0 AppleWebKit/537.36 (KHTML, like Gecko; compatible; bingbot/2.0; +http://www.bing.com/bingbot.htm) Chrome/116.0.1938.76 Safari/537.36"
66.249.66.3 - - [15/Apr/2026:09:02:23 +0200] "GET /goods/Polarized-Conduit-Al-MG-M-talTR90-Super-L-ger/540237 HTTP/1.1" 301 460 "-" "Mozilla/5.0 (Linux; Android 6.0.1; Nexus 5X Build/MMB29P) AppleWebKit/537.36 (KHTML, like Gecko) Chrome/146.0.7680.177 Mobile Safari/537.36 (compatible; Googlebot/2.1; +http://www.google.com/bot.html)"
66.249.66.76 - - [15/Apr/2026:09:02:24 +0200] "GET /goods/Polarized-Conduit-Al-MG-M-talTR90-Super-L-ger/540237 HTTP/1.1" 404 16849 "-" "Mozilla/5.0 (Linux; Android 6.0.1; Nexus 5X Build/MMB29P) AppleWebKit/537.36 (KHTML, like Gecko) Chrome/146.0.7680.177 Mobile Safari/537.36 (compatible; Googlebot/2.1; +http://www.google.com/bot.html)"
66.249.66.2 - - [15/Apr/2026:09:02:25 +0200] "GET /goods/Naturel-Fabriqu-Bambou-Eventail/650473 HTTP/1.1" 301 446 "-" "Mozilla/5.0 (Linux; Android 6.0.1; Nexus 5X Build/MMB29P) AppleWebKit/537.36 (KHTML, like Gecko) Chrome/146.0.7680.177 Mobile Safari/537.36 (compatible; Googlebot/2.1; +http://www.google.com/bot.html)"
66.249.66.162 - - [15/Apr/2026:09:02:26 +0200] "GET /goods/Naturel-Fabriqu-Bambou-Eventail/650473 HTTP/1.1" 404 16849 "-" "Mozilla/5.0 (Linux; Android 6.0.1; Nexus 5X Build/MMB29P) AppleWebKit/537.36 (KHTML, like Gecko) Chrome/146.0.7680.177 Mobile Safari/537.36 (compatible; Googlebot/2.1; +http://www.google.com/bot.html)"
66.249.66.166 - - [15/Apr/2026:09:02:27 +0200] "GET /goods/150cm-Narguil-Tuyau-Silicone-Aluminium-Et-Dyst-me-De/490950 HTTP/1.1" 301 467 "-" "Mozilla/5.0 (Linux; Android 6.0.1; Nexus 5X Build/MMB29P) AppleWebKit/537.36 (KHTML, like Gecko) Chrome/146.0.7680.177 Mobile Safari/537.36 (compatible; Googlebot/2.1; +http://www.google.com/bot.html)"
66.249.66.162 - - [15/Apr/2026:09:02:28 +0200] "GET /goods/150cm-Narguil-Tuyau-Silicone-Aluminium-Et-Dyst-me-De/490950 HTTP/1.1" 404 16848 "-" "Mozilla/5.0 (Linux; Android 6.0.1; Nexus 5X Build/MMB29P) AppleWebKit/537.36 (KHTML, like Gecko) Chrome/146.0.7680.177 Mobile Safari/537.36 (compatible; Googlebot/2.1; +http://www.google.com/bot.html)"
95.216.2.94 - - [15/Apr/2026:09:03:40 +0200] "POST /wp-cron.php?doing_wp_cron=1776236620.6406240463256835937500 HTTP/1.1" 500 199 "-" "WordPress/6.9.4; http://www.eeggs.ru"
45.137.215.48 - - [15/Apr/2026:09:03:39 +0200] "GET /web/efes/ HTTP/1.0" 200 24525 "http://www.eeggs.ru/web/efes/#comment-325325" "Mozilla/5.0 (Windows NT 6.1) AppleWebKit/537.36 (KHTML, like Gecko) Chrome/103.0.0.0 Safari/537.36"
45.137.215.48 - - [15/Apr/2026:09:03:40 +0200] "POST /wp-comments-post.php HTTP/1.0" 500 166 "http://www.eeggs.ru/web/efes/#comment-325325" "Mozilla/5.0 (Windows NT 6.1) AppleWebKit/537.36 (KHTML, like Gecko) Chrome/103.0.0.0 Safari/537.36"
66.249.66.32 - - [15/Apr/2026:09:04:30 +0200] "GET /goods/3-Jouets-Sensoriels-Avec-Anneau-Et-Picots-En-Caoutchouc-Lanxi-t/761576 HTTP/1.1" 301 478 "-" "Mozilla/5.0 (Linux; Android 6.0.1; Nexus 5X Build/MMB29P) AppleWebKit/537.36 (KHTML, like Gecko) Chrome/146.0.7680.177 Mobile Safari/537.36 (compatible; Googlebot/2.1; +http://www.google.com/bot.html)"
66.249.66.39 - - [15/Apr/2026:09:04:32 +0200] "GET /goods/3-Jouets-Sensoriels-Avec-Anneau-Et-Picots-En-Caoutchouc-Lanxi-t/761576 HTTP/1.1" 404 16849 "-" "Mozilla/5.0 (Linux; Android 6.0.1; Nexus 5X Build/MMB29P) AppleWebKit/537.36 (KHTML, like Gecko) Chrome/146.0.7680.177 Mobile Safari/537.36 (compatible; Googlebot/2.1; +http://www.google.com/bot.html)"
95.216.2.94 - - [15/Apr/2026:09:05:45 +0200] "POST /wp-cron.php?doing_wp_cron=1776236745.4382810592651367187500 HTTP/1.1" 500 199 "-" "WordPress/6.9.4; http://www.eeggs.ru"
66.249.66.34 - - [15/Apr/2026:09:05:44 +0200] "GET /goods/KNORR-Soupe-Liquide-Paysanne-Lentilles-Lard-Fum-1l-U2013/914577 HTTP/1.1" 301 471 "-" "Mozilla/5.0 (Linux; Android 6.0.1; Nexus 5X Build/MMB29P) AppleWebKit/537.36 (KHTML, like Gecko) Chrome/146.0.7680.177 Mobile Safari/537.36 (compatible; Googlebot/2.1; +http://www.google.com/bot.html)"
66.249.66.198 - - [15/Apr/2026:09:05:45 +0200] "GET /goods/KNORR-Soupe-Liquide-Paysanne-Lentilles-Lard-Fum-1l-U2013/914577 HTTP/1.1" 404 16849 "-" "Mozilla/5.0 (Linux; Android 6.0.1; Nexus 5X Build/MMB29P) AppleWebKit/537.36 (KHTML, like Gecko) Chrome/146.0.7680.177 Mobile Safari/537.36 (compatible; Googlebot/2.1; +http://www.google.com/bot.html)"
66.249.66.167 - - [15/Apr/2026:09:06:36 +0200] "GET /goods/Bois-Massif-De-Qualit-Sup-rieure-Avec-Moniteur-Professionnel/432148 HTTP/1.1" 301 475 "-" "Mozilla/5.0 (Linux; Android 6.0.1; Nexus 5X Build/MMB29P) AppleWebKit/537.36 (KHTML, like Gecko) Chrome/146.0.7680.177 Mobile Safari/537.36 (compatible; Googlebot/2.1; +http://www.google.com/bot.html)"
66.249.66.37 - - [15/Apr/2026:09:06:37 +0200] "GET /goods/Bois-Massif-De-Qualit-Sup-rieure-Avec-Moniteur-Professionnel/432148 HTTP/1.1" 404 16849 "-" "Mozilla/5.0 (Linux; Android 6.0.1; Nexus 5X Build/MMB29P) AppleWebKit/537.36 (KHTML, like Gecko) Chrome/146.0.7680.177 Mobile Safari/537.36 (compatible; Googlebot/2.1; +http://www.google.com/bot.html)"
95.216.2.94 - - [15/Apr/2026:09:11:26 +0200] "POST /wp-cron.php?doing_wp_cron=1776237086.9016098976135253906250 HTTP/1.1" 500 199 "-" "WordPress/6.9.4; http://www.eeggs.ru"
66.249.66.67 - - [15/Apr/2026:09:11:25 +0200] "GET /goods/MONALET-Housses-De-Coussin-Chr-tiennes-Cadeaux-Inspirants/1256704 HTTP/1.1" 301 473 "-" "Mozilla/5.0 (Linux; Android 6.0.1; Nexus 5X Build/MMB29P) AppleWebKit/537.36 (KHTML, like Gecko) Chrome/146.0.7680.177 Mobile Safari/537.36 (compatible; Googlebot/2.1; +http://www.google.com/bot.html)"
66.249.66.199 - - [15/Apr/2026:09:11:27 +0200] "GET /goods/MONALET-Housses-De-Coussin-Chr-tiennes-Cadeaux-Inspirants/1256704 HTTP/1.1" 404 16849 "-" "Mozilla/5.0 (Linux; Android 6.0.1; Nexus 5X Build/MMB29P) AppleWebKit/537.36 (KHTML, like Gecko) Chrome/146.0.7680.177 Mobile Safari/537.36 (compatible; Googlebot/2.1; +http://www.google.com/bot.html)"
95.216.2.94 - - [15/Apr/2026:09:12:29 +0200] "POST /wp-cron.php?doing_wp_cron=1776237149.3120679855346679687500 HTTP/1.1" 500 199 "-" "WordPress/6.9.4; http://www.eeggs.ru"
66.249.66.67 - - [15/Apr/2026:09:12:28 +0200] "GET /goods/Driver-Adaptateur-Bluetooth-5-3-USB-Pour/705775 HTTP/1.1" 301 455 "-" "Mozilla/5.0 (Linux; Android 6.0.1; Nexus 5X Build/MMB29P) AppleWebKit/537.36 (KHTML, like Gecko) Chrome/146.0.7680.177 Mobile Safari/537.36 (compatible; Googlebot/2.1; +http://www.google.com/bot.html)"
66.249.66.13 - - [15/Apr/2026:09:12:29 +0200] "GET /goods/Driver-Adaptateur-Bluetooth-5-3-USB-Pour/705775 HTTP/1.1" 404 16849 "-" "Mozilla/5.0 (Linux; Android 6.0.1; Nexus 5X Build/MMB29P) AppleWebKit/537.36 (KHTML, like Gecko) Chrome/146.0.7680.177 Mobile Safari/537.36 (compatible; Googlebot/2.1; +http://www.google.com/bot.html)"
95.216.2.94 - - [15/Apr/2026:09:13:58 +0200] "POST /wp-cron.php?doing_wp_cron=1776237238.8523540496826171875000 HTTP/1.1" 500 199 "-" "WordPress/6.9.4; http://www.eeggs.ru"
66.249.66.199 - - [15/Apr/2026:09:13:58 +0200] "GET /goods/Mugs-Personnalis-s-Pour-Fr-re-Cadeaux-Originaux-Et-Uniques/774269 HTTP/1.1" 301 473 "-" "Mozilla/5.0 (Linux; Android 6.0.1; Nexus 5X Build/MMB29P) AppleWebKit/537.36 (KHTML, like Gecko) Chrome/146.0.7680.177 Mobile Safari/537.36 (compatible; Googlebot/2.1; +http://www.google.com/bot.html)"
95.216.2.94 - - [15/Apr/2026:09:13:59 +0200] "POST /wp-cron.php?doing_wp_cron=1776237239.1736500263214111328125 HTTP/1.1" 500 199 "-" "WordPress/6.9.4; http://www.eeggs.ru"
66.249.66.4 - - [15/Apr/2026:09:13:58 +0200] "GET /goods/En-Dentelle-Noire-Voile-D-039-enterrement-De-Vie-De-Jeune/543595 HTTP/1.1" 301 472 "-" "Mozilla/5.0 (Linux; Android 6.0.1; Nexus 5X Build/MMB29P) AppleWebKit/537.36 (KHTML, like Gecko) Chrome/146.0.7680.177 Mobile Safari/537.36 (compatible; Googlebot/2.1; +http://www.google.com/bot.html)"
66.249.66.14 - - [15/Apr/2026:09:13:59 +0200] "GET /goods/Mugs-Personnalis-s-Pour-Fr-re-Cadeaux-Originaux-Et-Uniques/774269 HTTP/1.1" 404 16849 "-" "Mozilla/5.0 (Linux; Android 6.0.1; Nexus 5X Build/MMB29P) AppleWebKit/537.36 (KHTML, like Gecko) Chrome/146.0.7680.177 Mobile Safari/537.36 (compatible; Googlebot/2.1; +http://www.google.com/bot.html)"
66.249.66.37 - - [15/Apr/2026:09:13:59 +0200] "GET /goods/En-Dentelle-Noire-Voile-D-039-enterrement-De-Vie-De-Jeune/543595 HTTP/1.1" 404 16849 "-" "Mozilla/5.0 (Linux; Android 6.0.1; Nexus 5X Build/MMB29P) AppleWebKit/537.36 (KHTML, like Gecko) Chrome/146.0.7680.177 Mobile Safari/537.36 (compatible; Googlebot/2.1; +http://www.google.com/bot.html)"
95.216.2.94 - - [15/Apr/2026:09:16:30 +0200] "POST /wp-cron.php?doing_wp_cron=1776237390.7931680679321289062500 HTTP/1.1" 500 199 "-" "WordPress/6.9.4; http://www.eeggs.ru"
94.154.35.236 - - [15/Apr/2026:09:16:29 +0200] "HEAD /catalog.tar.bz2 HTTP/1.1" 301 347 "-" "Mozilla/5.0 (Windows NT 10.0; Win64; x64) AppleWebKit/537.36 (KHTML, like Gecko) Chrome/101.0.4951.67 Safari/537.36"
94.154.35.236 - - [15/Apr/2026:09:16:31 +0200] "HEAD /catalog.tar.bz2 HTTP/1.1" 404 330 "-" "Mozilla/5.0 (Windows NT 10.0; Win64; x64) AppleWebKit/537.36 (KHTML, like Gecko) Chrome/101.0.4951.67 Safari/537.36"
66.249.66.67 - - [15/Apr/2026:09:17:07 +0200] "GET /goods/Capuche-Gris-Femme-La-Halle/540853 HTTP/1.1" 301 442 "-" "Mozilla/5.0 (Linux; Android 6.0.1; Nexus 5X Build/MMB29P) AppleWebKit/537.36 (KHTML, like Gecko) Chrome/146.0.7680.177 Mobile Safari/537.36 (compatible; GoogleOther)"
66.249.66.199 - - [15/Apr/2026:09:17:08 +0200] "GET /goods/Capuche-Gris-Femme-La-Halle/540853 HTTP/1.1" 404 16860 "-" "Mozilla/5.0 (Linux; Android 6.0.1; Nexus 5X Build/MMB29P) AppleWebKit/537.36 (KHTML, like Gecko) Chrome/146.0.7680.177 Mobile Safari/537.36 (compatible; GoogleOther)"
66.249.66.2 - - [15/Apr/2026:09:17:20 +0200] "GET /goods/039-ext-rieur-10-W-900-Lm-Super-Lumineux-6000-K-Blanc-Froid/742864 HTTP/1.1" 301 474 "-" "Mozilla/5.0 (Linux; Android 6.0.1; Nexus 5X Build/MMB29P) AppleWebKit/537.36 (KHTML, like Gecko) Chrome/146.0.7680.177 Mobile Safari/537.36 (compatible; Googlebot/2.1; +http://www.google.com/bot.html)"
