66.249.66.66 - - [15/Apr/2026:09:17:21 +0200] "GET /goods/Face-En-Chenille-Tiss-Simple-Plaid-Avec-Franges/1080950 HTTP/1.1" 301 463 "-" "Mozilla/5.0 (Linux; Android 6.0.1; Nexus 5X Build/MMB29P) AppleWebKit/537.36 (KHTML, like Gecko) Chrome/146.0.7680.177 Mobile Safari/537.36 (compatible; Googlebot/2.1; +http://www.google.com/bot.html)"
66.249.66.199 - - [15/Apr/2026:09:17:21 +0200] "GET /goods/039-ext-rieur-10-W-900-Lm-Super-Lumineux-6000-K-Blanc-Froid/742864 HTTP/1.1" 404 16849 "-" "Mozilla/5.0 (Linux; Android 6.0.1; Nexus 5X Build/MMB29P) AppleWebKit/537.36 (KHTML, like Gecko) Chrome/146.0.7680.177 Mobile Safari/537.36 (compatible; Googlebot/2.1; +http://www.google.com/bot.html)"
66.249.66.13 - - [15/Apr/2026:09:17:22 +0200] "GET /goods/Face-En-Chenille-Tiss-Simple-Plaid-Avec-Franges/1080950 HTTP/1.1" 404 16849 "-" "Mozilla/5.0 (Linux; Android 6.0.1; Nexus 5X Build/MMB29P) AppleWebKit/537.36 (KHTML, like Gecko) Chrome/146.0.7680.177 Mobile Safari/537.36 (compatible; Googlebot/2.1; +http://www.google.com/bot.html)"
66.249.66.2 - - [15/Apr/2026:09:17:22 +0200] "GET /goods/Flipper-Coin-De-Dollar-Magn-tique/1040289 HTTP/1.1" 301 448 "-" "Mozilla/5.0 (Linux; Android 6.0.1; Nexus 5X Build/MMB29P) AppleWebKit/537.36 (KHTML, like Gecko) Chrome/146.0.7680.177 Mobile Safari/537.36 (compatible; Googlebot/2.1; +http://www.google.com/bot.html)"
66.249.66.161 - - [15/Apr/2026:09:17:24 +0200] "GET /goods/Flipper-Coin-De-Dollar-Magn-tique/1040289 HTTP/1.1" 404 16849 "-" "Mozilla/5.0 (Linux; Android 6.0.1; Nexus 5X Build/MMB29P) AppleWebKit/537.36 (KHTML, like Gecko) Chrome/146.0.7680.177 Mobile Safari/537.36 (compatible; Googlebot/2.1; +http://www.google.com/bot.html)"
185.121.232.229 - - [15/Apr/2026:09:17:25 +0200] "GET /web/efes/ HTTP/1.0" 200 24525 "http://www.eeggs.ru/web/efes/#comment-329647" "Mozilla/5.0 (Windows NT 10.0; Win64; x64) AppleWebKit/537.36 (KHTML, like Gecko) Chrome/130.0.0.0 Safari/537.36"
185.121.232.229 - - [15/Apr/2026:09:17:26 +0200] "POST /wp-comments-post.php HTTP/1.0" 500 166 "http://www.eeggs.ru/web/efes/#comment-329647" "Mozilla/5.0 (Windows NT 10.0; Win64; x64) AppleWebKit/537.36 (KHTML, like Gecko) Chrome/130.0.0.0 Safari/537.36"
95.216.2.94 - - [15/Apr/2026:09:17:53 +0200] "POST /wp-cron.php?doing_wp_cron=1776237473.9029710292816162109375 HTTP/1.1" 500 199 "-" "WordPress/6.9.4; http://www.eeggs.ru"
66.249.66.65 - - [15/Apr/2026:09:17:53 +0200] "GET /goods/sanitaire-RT2012-Tube-Isolant-Manchon-2ml-NF-FEU-BL-S3-d0/745236 HTTP/1.1" 301 472 "-" "Mozilla/5.0 (Linux; Android 6.0.1; Nexus 5X Build/MMB29P) AppleWebKit/537.36 (KHTML, like Gecko) Chrome/146.0.7680.177 Mobile Safari/537.36 (compatible; Googlebot/2.1; +http://www.google.com/bot.html)"
66.249.66.75 - - [15/Apr/2026:09:17:54 +0200] "GET /goods/sanitaire-RT2012-Tube-Isolant-Manchon-2ml-NF-FEU-BL-S3-d0/745236 HTTP/1.1" 404 16849 "-" "Mozilla/5.0 (Linux; Android 6.0.1; Nexus 5X Build/MMB29P) AppleWebKit/537.36 (KHTML, like Gecko) Chrome/146.0.7680.177 Mobile Safari/537.36 (compatible; Googlebot/2.1; +http://www.google.com/bot.html)"
95.216.2.94 - - [15/Apr/2026:09:19:47 +0200] "POST /wp-cron.php?doing_wp_cron=1776237587.9868450164794921875000 HTTP/1.1" 500 199 "-" "WordPress/6.9.4; http://www.eeggs.ru"
152.228.220.143 - - [15/Apr/2026:09:19:47 +0200] "GET /software/google-chrome/feed/ HTTP/1.1" 200 2231 "-" "Mozilla/5.0 (X11; Linux i686) AppleWebKit/537.36 (KHTML, like Gecko) Chrome/30.0.1599.66 Safari/537.36"
66.249.66.197 - - [15/Apr/2026:09:20:19 +0200] "GET /goods/De-3-Bas-De-No-l-Personnalis-s-En-Lin-Brod-Avec-Nom/656924 HTTP/1.1" 301 466 "-" "Mozilla/5.0 (Linux; Android 6.0.1; Nexus 5X Build/MMB29P) AppleWebKit/537.36 (KHTML, like Gecko) Chrome/146.0.7680.177 Mobile Safari/537.36 (compatible; Googlebot/2.1; +http://www.google.com/bot.html)"
66.249.66.167 - - [15/Apr/2026:09:20:19 +0200] "GET /goods/Capacit-Filtre-Eau-Personnel-Pour-Camping-Randonn-e/637369 HTTP/1.1" 301 466 "-" "Mozilla/5.0 (Linux; Android 6.0.1; Nexus 5X Build/MMB29P) AppleWebKit/537.36 (KHTML, like Gecko) Chrome/146.0.7680.177 Mobile Safari/537.36 (compatible; Googlebot/2.1; +http://www.google.com/bot.html)"
66.249.66.37 - - [15/Apr/2026:09:20:20 +0200] "GET /goods/De-3-Bas-De-No-l-Personnalis-s-En-Lin-Brod-Avec-Nom/656924 HTTP/1.1" 404 16849 "-" "Mozilla/5.0 (Linux; Android 6.0.1; Nexus 5X Build/MMB29P) AppleWebKit/537.36 (KHTML, like Gecko) Chrome/146.0.7680.177 Mobile Safari/537.36 (compatible; Googlebot/2.1; +http://www.google.com/bot.html)"
66.249.66.39 - - [15/Apr/2026:09:20:20 +0200] "GET /goods/Capacit-Filtre-Eau-Personnel-Pour-Camping-Randonn-e/637369 HTTP/1.1" 404 16849 "-" "Mozilla/5.0 (Linux; Android 6.0.1; Nexus 5X Build/MMB29P) AppleWebKit/537.36 (KHTML, like Gecko) Chrome/146.0.7680.177 Mobile Safari/537.36 (compatible; Googlebot/2.1; +http://www.google.com/bot.html)"
95.216.2.94 - - [15/Apr/2026:09:21:17 +0200] "POST /wp-cron.php?doing_wp_cron=1776237677.2410199642181396484375 HTTP/1.1" 500 199 "-" "WordPress/6.9.4; http://www.eeggs.ru"
185.12.124.78 - - [15/Apr/2026:09:21:16 +0200] "GET / HTTP/1.1" 301 290 "EEGGS.RU" "Mozilla/5.0 (compatible; BackupLand/1.0; https://go.backupland.com/; Domain check for viruses;)"
185.12.124.78 - - [15/Apr/2026:09:21:17 +0200] "GET / HTTP/1.1" 200 8237 "EEGGS.RU" "Mozilla/5.0 (compatible; BackupLand/1.0; https://go.backupland.com/; Domain check for viruses;)"
95.216.2.94 - - [15/Apr/2026:09:22:59 +0200] "POST /wp-cron.php?doing_wp_cron=1776237779.8048551082611083984375 HTTP/1.1" 500 199 "-" "WordPress/6.9.4; http://www.eeggs.ru"
66.249.66.2 - - [15/Apr/2026:09:22:59 +0200] "GET /goods/Analogique-Chronographe-tanche-Montres-De-Poignet-Montre-D/1159193 HTTP/1.1" 301 474 "-" "Mozilla/5.0 (Linux; Android 6.0.1; Nexus 5X Build/MMB29P) AppleWebKit/537.36 (KHTML, like Gecko) Chrome/146.0.7680.177 Mobile Safari/537.36 (compatible; Googlebot/2.1; +http://www.google.com/bot.html)"
66.249.66.38 - - [15/Apr/2026:09:23:00 +0200] "GET /goods/Analogique-Chronographe-tanche-Montres-De-Poignet-Montre-D/1159193 HTTP/1.1" 404 16857 "-" "Mozilla/5.0 (Linux; Android 6.0.1; Nexus 5X Build/MMB29P) AppleWebKit/537.36 (KHTML, like Gecko) Chrome/146.0.7680.177 Mobile Safari/537.36 (compatible; Googlebot/2.1; +http://www.google.com/bot.html)"
95.216.2.94 - - [15/Apr/2026:09:24:57 +0200] "POST /wp-cron.php?doing_wp_cron=1776237897.3285861015319824218750 HTTP/1.1" 500 199 "-" "WordPress/6.9.4; http://www.eeggs.ru"
152.228.220.143 - - [15/Apr/2026:09:24:56 +0200] "GET /software/skrytye-smajly-i-ikonki-v-skype/feed/ HTTP/1.1" 200 2281 "-" "Mozilla/5.0 (X11; Linux i686) AppleWebKit/537.36 (KHTML, like Gecko) Chrome/30.0.1599.66 Safari/537.36"
66.249.66.34 - - [15/Apr/2026:09:25:29 +0200] "GET /goods/5-Paires-De-Chaussettes-Basses-En-Dentelle-Pour-Femme/591490 HTTP/1.1" 301 468 "-" "Mozilla/5.0 (Linux; Android 6.0.1; Nexus 5X Build/MMB29P) AppleWebKit/537.36 (KHTML, like Gecko) Chrome/146.0.7680.177 Mobile Safari/537.36 (compatible; Googlebot/2.1; +http://www.google.com/bot.html)"
66.249.66.168 - - [15/Apr/2026:09:25:30 +0200] "GET /goods/1-Butiker-Hitta-B-sta-Priserna-H-r/511422 HTTP/1.1" 301 449 "-" "Mozilla/5.0 (Linux; Android 6.0.1; Nexus 5X Build/MMB29P) AppleWebKit/537.36 (KHTML, like Gecko) Chrome/146.0.7680.177 Mobile Safari/537.36 (compatible; Googlebot/2.1; +http://www.google.com/bot.html)"
66.249.66.37 - - [15/Apr/2026:09:25:31 +0200] "GET /goods/5-Paires-De-Chaussettes-Basses-En-Dentelle-Pour-Femme/591490 HTTP/1.1" 404 16849 "-" "Mozilla/5.0 (Linux; Android 6.0.1; Nexus 5X Build/MMB29P) AppleWebKit/537.36 (KHTML, like Gecko) Chrome/146.0.7680.177 Mobile Safari/537.36 (compatible; Googlebot/2.1; +http://www.google.com/bot.html)"
66.249.66.198 - - [15/Apr/2026:09:25:31 +0200] "GET /goods/1-Butiker-Hitta-B-sta-Priserna-H-r/511422 HTTP/1.1" 404 16849 "-" "Mozilla/5.0 (Linux; Android 6.0.1; Nexus 5X Build/MMB29P) AppleWebKit/537.36 (KHTML, like Gecko) Chrome/146.0.7680.177 Mobile Safari/537.36 (compatible; Googlebot/2.1; +http://www.google.com/bot.html)"
95.216.2.94 - - [15/Apr/2026:09:25:57 +0200] "POST /wp-cron.php?doing_wp_cron=1776237957.6125900745391845703125 HTTP/1.1" 500 199 "-" "WordPress/6.9.4; http://www.eeggs.ru"
66.249.66.198 - - [15/Apr/2026:09:25:56 +0200] "GET /goods/CHERUB-Accordeur-Chromatique-Pince-WST/1067049 HTTP/1.1" 301 454 "-" "Mozilla/5.0 (Linux; Android 6.0.1; Nexus 5X Build/MMB29P) AppleWebKit/537.36 (KHTML, like Gecko) Chrome/146.0.7680.177 Mobile Safari/537.36 (compatible; Googlebot/2.1; +http://www.google.com/bot.html)"
66.249.66.198 - - [15/Apr/2026:09:25:58 +0200] "GET /goods/CHERUB-Accordeur-Chromatique-Pince-WST/1067049 HTTP/1.1" 404 16849 "-" "Mozilla/5.0 (Linux; Android 6.0.1; Nexus 5X Build/MMB29P) AppleWebKit/537.36 (KHTML, like Gecko) Chrome/146.0.7680.177 Mobile Safari/537.36 (compatible; Googlebot/2.1; +http://www.google.com/bot.html)"
95.216.2.94 - - [15/Apr/2026:09:28:30 +0200] "POST /wp-cron.php?doing_wp_cron=1776238110.6342608928680419921875 HTTP/1.1" 500 199 "-" "WordPress/6.9.4; http://www.eeggs.ru"
66.249.66.32 - - [15/Apr/2026:09:28:29 +0200] "GET /goods/Capuche-Gris-Femme-La-Halle/540853 HTTP/1.1" 301 442 "-" "Mozilla/5.0 (Linux; Android 6.0.1; Nexus 5X Build/MMB29P) AppleWebKit/537.36 (KHTML, like Gecko) Chrome/146.0.7680.177 Mobile Safari/537.36 (compatible; Googlebot/2.1; +http://www.google.com/bot.html)"
66.249.66.200 - - [15/Apr/2026:09:28:30 +0200] "GET /goods/Capuche-Gris-Femme-La-Halle/540853 HTTP/1.1" 404 16849 "-" "Mozilla/5.0 (Linux; Android 6.0.1; Nexus 5X Build/MMB29P) AppleWebKit/537.36 (KHTML, like Gecko) Chrome/146.0.7680.177 Mobile Safari/537.36 (compatible; Googlebot/2.1; +http://www.google.com/bot.html)"
66.249.66.65 - - [15/Apr/2026:09:29:24 +0200] "GET /goods/Bain-Pour-Homme-Imprim-Aubergine-Dessin-Anim/758377 HTTP/1.1" 301 459 "-" "Mozilla/5.0 (Linux; Android 6.0.1; Nexus 5X Build/MMB29P) AppleWebKit/537.36 (KHTML, like Gecko) Chrome/146.0.7680.177 Mobile Safari/537.36 (compatible; Googlebot/2.1; +http://www.google.com/bot.html)"
66.249.66.14 - - [15/Apr/2026:09:29:25 +0200] "GET /goods/Bain-Pour-Homme-Imprim-Aubergine-Dessin-Anim/758377 HTTP/1.1" 404 16849 "-" "Mozilla/5.0 (Linux; Android 6.0.1; Nexus 5X Build/MMB29P) AppleWebKit/537.36 (KHTML, like Gecko) Chrome/146.0.7680.177 Mobile Safari/537.36 (compatible; Googlebot/2.1; +http://www.google.com/bot.html)"
66.249.66.66 - - [15/Apr/2026:09:29:26 +0200] "GET /goods/Push-Up-Classique-1068-Beige-80D/418495 HTTP/1.1" 301 447 "-" "Mozilla/5.0 (Linux; Android 6.0.1; Nexus 5X Build/MMB29P) AppleWebKit/537.36 (KHTML, like Gecko) Chrome/146.0.7680.177 Mobile Safari/537.36 (compatible; Googlebot/2.1; +http://www.google.com/bot.html)"
66.249.66.14 - - [15/Apr/2026:09:29:27 +0200] "GET /goods/Push-Up-Classique-1068-Beige-80D/418495 HTTP/1.1" 404 16848 "-" "Mozilla/5.0 (Linux; Android 6.0.1; Nexus 5X Build/MMB29P) AppleWebKit/537.36 (KHTML, like Gecko) Chrome/146.0.7680.177 Mobile Safari/537.36 (compatible; Googlebot/2.1; +http://www.google.com/bot.html)"
95.216.2.94 - - [15/Apr/2026:09:29:46 +0200] "POST /wp-cron.php?doing_wp_cron=1776238186.6446039676666259765625 HTTP/1.1" 500 199 "-" "WordPress/6.9.4; http://www.eeggs.ru"
40.77.167.63 - - [15/Apr/2026:09:29:45 +0200] "GET /goods/Lot-De-3-Spatules-En-Acier-Inoxydable-Avec-Manche-En-Bois/891038 HTTP/1.1" 301 416 "-" "Mozilla/5.0 AppleWebKit/537.36 (KHTML, like Gecko; compatible; bingbot/2.0; +http://www.bing.com/bingbot.htm) Chrome/116.0.1938.76 Safari/537.36"
40.77.167.132 - - [15/Apr/2026:09:29:49 +0200] "GET /goods/WHISKAS-Friandises-Saveur-Saumon-Pour-Chat-105G/1167847 HTTP/1.1" 301 407 "-" "Mozilla/5.0 AppleWebKit/537.36 (KHTML, like Gecko; compatible; bingbot/2.0; +http://www.bing.com/bingbot.htm) Chrome/116.0.1938.76 Safari/537.36"
40.77.167.132 - - [15/Apr/2026:09:29:51 +0200] "GET /goods/Fromage-Et-Les-Fromages-Emball-s-Individuellement/449229 HTTP/1.1" 301 408 "-" "Mozilla/5.0 AppleWebKit/537.36 (KHTML, like Gecko; compatible; bingbot/2.0; +http://www.bing.com/bingbot.htm) Chrome/116.0.1938.76 Safari/537.36"
95.216.2.94 - - [15/Apr/2026:09:32:23 +0200] "POST /wp-cron.php?doing_wp_cron=1776238343.1149380207061767578125 HTTP/1.1" 500 199 "-" "WordPress/6.9.4; http://www.eeggs.ru"
52.167.144.141 - - [15/Apr/2026:09:32:22 +0200] "GET /goods/D-COUDRE-De-Collection-En-Porcelaine-D-cor-De-La/996219 HTTP/1.1" 301 407 "-" "Mozilla/5.0 AppleWebKit/537.36 (KHTML, like Gecko; compatible; bingbot/2.0; +http://www.bing.com/bingbot.htm) Chrome/116.0.1938.76 Safari/537.36"
52.167.144.141 - - [15/Apr/2026:09:32:23 +0200] "GET /goods/100-Aluminium-Avec-Mousse-1-M-X-1-20-M-Isolation-Pour/456601 HTTP/1.1" 301 412 "-" "Mozilla/5.0 AppleWebKit/537.36 (KHTML, like Gecko; compatible; bingbot/2.0; +http://www.bing.com/bingbot.htm) Chrome/116.0.1938.76 Safari/537.36"
52.167.144.141 - - [15/Apr/2026:09:32:24 +0200] "GET /goods/Teak-Tuning-Planche-De-Touche-Graphique-Galaxy-Graphiques-Adh/1245225 HTTP/1.1" 301 421 "-" "Mozilla/5.0 AppleWebKit/537.36 (KHTML, like Gecko; compatible; bingbot/2.0; +http://www.bing.com/bingbot.htm) Chrome/116.0.1938.76 Safari/537.36"
52.167.144.236 - - [15/Apr/2026:09:32:29 +0200] "GET /goods/Rigides-Set-Nebraska-12Ltr-Incl-Kit-De-Montage-Chariot-Range/1058291 HTTP/1.1" 301 420 "-" "Mozilla/5.0 AppleWebKit/537.36 (KHTML, like Gecko; compatible; bingbot/2.0; +http://www.bing.com/bingbot.htm) Chrome/116.0.1938.76 Safari/537.36"
213.180.203.238 - - [15/Apr/2026:09:34:31 +0200] "GET /robots.txt HTTP/1.1" 200 630 "-" "Mozilla/5.0 (compatible; YandexBot/3.0; +http://yandex.com/bots)"
95.216.2.94 - - [15/Apr/2026:09:34:33 +0200] "POST /wp-cron.php?doing_wp_cron=1776238473.9747879505157470703125 HTTP/1.1" 500 199 "-" "WordPress/6.9.4; http://www.eeggs.ru"
213.180.203.92 - - [15/Apr/2026:09:34:33 +0200] "GET /os/windows-games/ HTTP/1.1" 200 9476 "-" "Mozilla/5.0 (compatible; YandexBot/3.0; +http://yandex.com/bots) AppleWebKit/537.36 (KHTML, like Gecko) Chrome/108.0.0.0"
152.228.220.143 - - [15/Apr/2026:09:35:01 +0200] "GET /hardware/ipod-breakout/feed/ HTTP/1.1" 200 1647 "-" "Mozilla/5.0 (X11; Linux i686) AppleWebKit/537.36 (KHTML, like Gecko) Chrome/30.0.1599.66 Safari/537.36"
95.216.2.94 - - [15/Apr/2026:09:36:22 +0200] "POST /wp-cron.php?doing_wp_cron=1776238582.7684938907623291015625 HTTP/1.1" 500 199 "-" "WordPress/6.9.4; http://www.eeggs.ru"
52.167.144.141 - - [15/Apr/2026:09:36:22 +0200] "GET /goods/Maxwell-House-Caf-Instantan-Granules-M-lange-Riche-En/1102479 HTTP/1.1" 301 413 "-" "Mozilla/5.0 AppleWebKit/537.36 (KHTML, like Gecko; compatible; bingbot/2.0; +http://www.bing.com/bingbot.htm) Chrome/116.0.1938.76 Safari/537.36"
66.249.66.199 - - [15/Apr/2026:09:37:09 +0200] "GET /goods/Autocollants-50-De-R-duction-25mm/753048 HTTP/1.1" 301 448 "-" "Mozilla/5.0 (Linux; Android 6.0.1; Nexus 5X Build/MMB29P) AppleWebKit/537.36 (KHTML, like Gecko) Chrome/146.0.7680.177 Mobile Safari/537.36 (compatible; Googlebot/2.1; +http://www.google.com/bot.html)"
66.249.66.77 - - [15/Apr/2026:09:37:11 +0200] "GET /goods/Autocollants-50-De-R-duction-25mm/753048 HTTP/1.1" 404 16849 "-" "Mozilla/5.0 (Linux; Android 6.0.1; Nexus 5X Build/MMB29P) AppleWebKit/537.36 (KHTML, like Gecko) Chrome/146.0.7680.177 Mobile Safari/537.36 (compatible; Googlebot/2.1; +http://www.google.com/bot.html)"
216.73.216.41 - - [15/Apr/2026:09:37:25 +0200] "GET /robots.txt HTTP/1.1" 200 463 "-" "Mozilla/5.0 AppleWebKit/537.36 (KHTML, like Gecko; compatible; ClaudeBot/1.0; +claudebot@anthropic.com)"
95.216.2.94 - - [15/Apr/2026:09:37:26 +0200] "POST /wp-cron.php?doing_wp_cron=1776238646.5944089889526367187500 HTTP/1.1" 500 199 "-" "WordPress/6.9.4; http://www.eeggs.ru"
216.73.216.41 - - [15/Apr/2026:09:37:25 +0200] "GET / HTTP/1.1" 301 289 "-" "Mozilla/5.0 AppleWebKit/537.36 (KHTML, like Gecko; compatible; ClaudeBot/1.0; +claudebot@anthropic.com)"
216.73.216.41 - - [15/Apr/2026:09:37:28 +0200] "GET / HTTP/1.1" 200 8238 "http://eeggs.ru/" "Mozilla/5.0 AppleWebKit/537.36 (KHTML, like Gecko; compatible; ClaudeBot/1.0; +claudebot@anthropic.com)"
52.167.144.141 - - [15/Apr/2026:09:37:43 +0200] "GET /goods/C-Adapter-Interface-Victron-Energy-MK3-USB-C-Connexion/648106 HTTP/1.1" 301 413 "-" "Mozilla/5.0 AppleWebKit/537.36 (KHTML, like Gecko; compatible; bingbot/2.0; +http://www.bing.com/bingbot.htm) Chrome/116.0.1938.76 Safari/537.36"
52.167.144.141 - - [15/Apr/2026:09:37:44 +0200] "GET /goods/bitm-tre-D-039-injecteur-Diesel-6-Cylindres-Pour-Testeur-De/977550 HTTP/1.1" 301 418 "-" "Mozilla/5.0 AppleWebKit/537.36 (KHTML, like Gecko; compatible; bingbot/2.0; +http://www.bing.com/bingbot.htm) Chrome/116.0.1938.76 Safari/537.36"
40.77.167.1 - - [15/Apr/2026:09:37:52 +0200] "GET /goods/X-Et-IPhone-XS-Harry-Potter-Lettre-Poudlard/825694 HTTP/1.1" 301 402 "-" "Mozilla/5.0 AppleWebKit/537.36 (KHTML, like Gecko; compatible; bingbot/2.0; +http://www.bing.com/bingbot.htm) Chrome/116.0.1938.76 Safari/537.36"
95.216.2.94 - - [15/Apr/2026:09:38:31 +0200] "POST /wp-cron.php?doing_wp_cron=1776238711.2681930065155029296875 HTTP/1.1" 500 199 "-" "WordPress/6.9.4; http://www.eeggs.ru"
66.249.66.2 - - [15/Apr/2026:09:38:30 +0200] "GET /goods/Camp-Chunky-Chalk-450-G-Chalk/1048328 HTTP/1.1" 301 445 "-" "Mozilla/5.0 (Linux; Android 6.0.1; Nexus 5X Build/MMB29P) AppleWebKit/537.36 (KHTML, like Gecko) Chrome/146.0.7680.177 Mobile Safari/537.36 (compatible; Googlebot/2.1; +http://www.google.com/bot.html)"
66.249.66.75 - - [15/Apr/2026:09:38:31 +0200] "GET /goods/Camp-Chunky-Chalk-450-G-Chalk/1048328 HTTP/1.1" 404 16849 "-" "Mozilla/5.0 (Linux; Android 6.0.1; Nexus 5X Build/MMB29P) AppleWebKit/537.36 (KHTML, like Gecko) Chrome/146.0.7680.177 Mobile Safari/537.36 (compatible; Googlebot/2.1; +http://www.google.com/bot.html)"
152.228.220.143 - - [15/Apr/2026:09:39:22 +0200] "GET /other/osmp-ny/feed/ HTTP/1.1" 200 1719 "-" "Mozilla/5.0 (X11; Linux i686) AppleWebKit/537.36 (KHTML, like Gecko) Chrome/30.0.1599.66 Safari/537.36"
95.216.2.94 - - [15/Apr/2026:09:40:39 +0200] "POST /wp-cron.php?doing_wp_cron=1776238838.9687039852142333984375 HTTP/1.1" 500 199 "-" "WordPress/6.9.4; http://www.eeggs.ru"
52.167.144.236 - - [15/Apr/2026:09:40:38 +0200] "GET /goods/ZYCDP-Robinet-De-Lavabo-Mural-Acier-Inoxydable-Robinet-Lavabo/700111 HTTP/1.1" 301 420 "-" "Mozilla/5.0 AppleWebKit/537.36 (KHTML, like Gecko; compatible; bingbot/2.0; +http://www.bing.com/bingbot.htm) Chrome/116.0.1938.76 Safari/537.36"
40.77.167.1 - - [15/Apr/2026:09:40:42 +0200] "GET /goods/Colle-Bijoux-Transparente-Rhinestone-Glue-Colle-Strass/1184079 HTTP/1.1" 301 414 "-" "Mozilla/5.0 AppleWebKit/537.36 (KHTML, like Gecko; compatible; bingbot/2.0; +http://www.bing.com/bingbot.htm) Chrome/116.0.1938.76 Safari/537.36"
66.249.66.198 - - [15/Apr/2026:09:40:53 +0200] "GET /goods/Roulettes-Bella-Sara-Romantic-38-Cm-2-Compartiments-Rose/913744 HTTP/1.1" 301 471 "-" "Mozilla/5.0 (Linux; Android 6.0.1; Nexus 5X Build/MMB29P) AppleWebKit/537.36 (KHTML, like Gecko) Chrome/146.0.7680.177 Mobile Safari/537.36 (compatible; Googlebot/2.1; +http://www.google.com/bot.html)"
66.249.66.198 - - [15/Apr/2026:09:40:54 +0200] "GET /goods/Roulettes-Bella-Sara-Romantic-38-Cm-2-Compartiments-Rose/913744 HTTP/1.1" 404 16849 "-" "Mozilla/5.0 (Linux; Android 6.0.1; Nexus 5X Build/MMB29P) AppleWebKit/537.36 (KHTML, like Gecko) Chrome/146.0.7680.177 Mobile Safari/537.36 (compatible; Googlebot/2.1; +http://www.google.com/bot.html)"
95.216.2.94 - - [15/Apr/2026:09:41:42 +0200] "POST /wp-cron.php?doing_wp_cron=1776238902.9312870502471923828125 HTTP/1.1" 500 199 "-" "WordPress/6.9.4; http://www.eeggs.ru"
178.20.42.76 - - [15/Apr/2026:09:41:42 +0200] "GET /web/efes/ HTTP/1.0" 200 24525 "http://www.eeggs.ru/web/efes/" "Mozilla/5.0 (Windows NT 10.0; Win64; x64) AppleWebKit/537.36 (KHTML, like Gecko) Chrome/130.0.0.0 Safari/537.36"
178.20.42.76 - - [15/Apr/2026:09:41:42 +0200] "POST /wp-comments-post.php HTTP/1.0" 500 166 "http://www.eeggs.ru/web/efes/" "Mozilla/5.0 (Windows NT 10.0; Win64; x64) AppleWebKit/537.36 (KHTML, like Gecko) Chrome/130.0.0.0 Safari/537.36"
66.249.66.199 - - [15/Apr/2026:09:42:35 +0200] "GET /goods/Flag-Long-Sleeve-Terminal-Tackle-PFG-Drapeau/1255549 HTTP/1.1" 301 460 "-" "Mozilla/5.0 (Linux; Android 6.0.1; Nexus 5X Build/MMB29P) AppleWebKit/537.36 (KHTML, like Gecko) Chrome/146.0.7680.177 Mobile Safari/537.36 (compatible; Googlebot/2.1; +http://www.google.com/bot.html)"
66.249.66.12 - - [15/Apr/2026:09:42:36 +0200] "GET /goods/Flag-Long-Sleeve-Terminal-Tackle-PFG-Drapeau/1255549 HTTP/1.1" 404 16849 "-" "Mozilla/5.0 (Linux; Android 6.0.1; Nexus 5X Build/MMB29P) AppleWebKit/537.36 (KHTML, like Gecko) Chrome/146.0.7680.177 Mobile Safari/537.36 (compatible; Googlebot/2.1; +http://www.google.com/bot.html)"
95.216.2.94 - - [15/Apr/2026:09:42:49 +0200] "POST /wp-cron.php?doing_wp_cron=1776238969.3968539237976074218750 HTTP/1.1" 500 199 "-" "WordPress/6.9.4; http://www.eeggs.ru"
40.77.167.1 - - [15/Apr/2026:09:42:48 +0200] "GET /goods/Pour-Le-Voyage-Piment-De-Mer/627450 HTTP/1.1" 301 387 "-" "Mozilla/5.0 AppleWebKit/537.36 (KHTML, like Gecko; compatible; bingbot/2.0; +http://www.bing.com/bingbot.htm) Chrome/116.0.1938.76 Safari/537.36"
95.216.2.94 - - [15/Apr/2026:09:43:50 +0200] "POST /wp-cron.php?doing_wp_cron=1776239030.5394830703735351562500 HTTP/1.1" 500 199 "-" "WordPress/6.9.4; http://www.eeggs.ru"
94.154.35.236 - - [15/Apr/2026:09:43:49 +0200] "HEAD /catalog.gz HTTP/1.1" 301 342 "-" "Mozilla/5.0 (Windows NT 10.0; Win64; x64) AppleWebKit/537.36 (KHTML, like Gecko) Chrome/101.0.4951.67 Safari/537.36"
94.154.35.236 - - [15/Apr/2026:09:43:50 +0200] "HEAD /catalog.gz HTTP/1.1" 404 330 "-" "Mozilla/5.0 (Windows NT 10.0; Win64; x64) AppleWebKit/537.36 (KHTML, like Gecko) Chrome/101.0.4951.67 Safari/537.36"
95.216.2.94 - - [15/Apr/2026:09:44:53 +0200] "POST /wp-cron.php?doing_wp_cron=1776239093.8105239868164062500000 HTTP/1.1" 500 199 "-" "WordPress/6.9.4; http://www.eeggs.ru"
216.73.216.41 - - [15/Apr/2026:09:44:53 +0200] "GET /goods.php HTTP/1.1" 301 411 "-" "Mozilla/5.0 AppleWebKit/537.36 (KHTML, like Gecko; compatible; ClaudeBot/1.0; +claudebot@anthropic.com)"
216.73.216.41 - - [15/Apr/2026:09:44:55 +0200] "GET /goods.php HTTP/1.1" 404 16860 "http://eeggs.ru/goods.php" "Mozilla/5.0 AppleWebKit/537.36 (KHTML, like Gecko; compatible; ClaudeBot/1.0; +claudebot@anthropic.com)"
95.216.2.94 - - [15/Apr/2026:09:47:27 +0200] "POST /wp-cron.php?doing_wp_cron=1776239247.6345651149749755859375 HTTP/1.1" 500 199 "-" "WordPress/6.9.4; http://www.eeggs.ru"
216.73.216.41 - - [15/Apr/2026:09:47:26 +0200] "GET / HTTP/1.1" 301 290 "-" "Mozilla/5.0 AppleWebKit/537.36 (KHTML, like Gecko; compatible; ClaudeBot/1.0; +claudebot@anthropic.com)"
52.167.144.218 - - [15/Apr/2026:09:48:09 +0200] "GET /goods/Tesla-Stylo-De-Retouche-Pour-R-paration-De-Rayures-Avec/555557 HTTP/1.1" 301 414 "-" "Mozilla/5.0 AppleWebKit/537.36 (KHTML, like Gecko; compatible; bingbot/2.0; +http://www.bing.com/bingbot.htm) Chrome/116.0.1938.76 Safari/537.36"
52.167.144.18 - - [15/Apr/2026:09:48:13 +0200] "GET /goods/De-Garniture-De-Baignoire-Et-Douche-1-Poign-e-Align-M-Core/570838 HTTP/1.1" 301 417 "-" "Mozilla/5.0 AppleWebKit/537.36 (KHTML, like Gecko; compatible; bingbot/2.0; +http://www.bing.com/bingbot.htm) Chrome/116.0.1938.76 Safari/537.36"
185.191.171.8 - - [15/Apr/2026:09:48:14 +0200] "GET /robots.txt HTTP/1.1" 200 426 "-" "Mozilla/5.0 (compatible; SemrushBot/7~bl; +http://www.semrush.com/bot.html)"
52.167.144.18 - - [15/Apr/2026:09:48:14 +0200] "GET /goods/De-Carbone-Niveau-1-2-16-A-110-V-240-V-C-ble-De-7-6-M-Avec/817652 HTTP/1.1" 301 417 "-" "Mozilla/5.0 AppleWebKit/537.36 (KHTML, like Gecko; compatible; bingbot/2.0; +http://www.bing.com/bingbot.htm) Chrome/116.0.1938.76 Safari/537.36"
85.208.96.212 - - [15/Apr/2026:09:48:14 +0200] "GET /web/artlebedev/ HTTP/1.1" 200 8427 "-" "Mozilla/5.0 (compatible; SemrushBot/7~bl; +http://www.semrush.com/bot.html)"
51.75.236.131 - - [15/Apr/2026:09:48:24 +0200] "GET /category/hardware/feed/ HTTP/1.1" 200 2915 "-" "Mozilla/5.0 (compatible; AhrefsBot/7.0; +http://ahrefs.com/robot/)"
95.216.2.94 - - [15/Apr/2026:09:48:59 +0200] "POST /wp-cron.php?doing_wp_cron=1776239339.2798440456390380859375 HTTP/1.1" 500 199 "-" "WordPress/6.9.4; http://www.eeggs.ru"
66.249.66.67 - - [15/Apr/2026:09:48:58 +0200] "GET /goods/ces-Plumes-De-Dinde-Spine-340-600-32-5-Pouces/954784 HTTP/1.1" 301 460 "-" "Mozilla/5.0 (Linux; Android 6.0.1; Nexus 5X Build/MMB29P) AppleWebKit/537.36 (KHTML, like Gecko) Chrome/146.0.7680.177 Mobile Safari/537.36 (compatible; Googlebot/2.1; +http://www.google.com/bot.html)"
66.249.66.198 - - [15/Apr/2026:09:48:59 +0200] "GET /goods/Sansevieria-039-039-Tough-Lady-quot-Sansevieria-Plante/761146 HTTP/1.1" 301 469 "-" "Mozilla/5.0 (Linux; Android 6.0.1; Nexus 5X Build/MMB29P) AppleWebKit/537.36 (KHTML, like Gecko) Chrome/146.0.7680.177 Mobile Safari/537.36 (compatible; Googlebot/2.1; +http://www.google.com/bot.html)"
66.249.66.167 - - [15/Apr/2026:09:48:59 +0200] "GET /goods/Tissu-Fleece-NBA-Dallas-Mavericks-City-Edition-Pour-Pcl0km/1116552 HTTP/1.1" 301 474 "-" "Mozilla/5.0 (Linux; Android 6.0.1; Nexus 5X Build/MMB29P) AppleWebKit/537.36 (KHTML, like Gecko) Chrome/146.0.7680.177 Mobile Safari/537.36 (compatible; Googlebot/2.1; +http://www.google.com/bot.html)"
66.249.66.13 - - [15/Apr/2026:09:49:00 +0200] "GET /goods/ces-Plumes-De-Dinde-Spine-340-600-32-5-Pouces/954784 HTTP/1.1" 404 16849 "-" "Mozilla/5.0 (Linux; Android 6.0.1; Nexus 5X Build/MMB29P) AppleWebKit/537.36 (KHTML, like Gecko) Chrome/146.0.7680.177 Mobile Safari/537.36 (compatible; Googlebot/2.1; +http://www.google.com/bot.html)"
66.249.66.77 - - [15/Apr/2026:09:49:01 +0200] "GET /about_eeggs/ HTTP/1.1" 200 7769 "-" "Mozilla/5.0 (compatible; Googlebot/2.1; +http://www.google.com/bot.html)"
66.249.66.163 - - [15/Apr/2026:09:49:02 +0200] "GET /goods/Sansevieria-039-039-Tough-Lady-quot-Sansevieria-Plante/761146 HTTP/1.1" 404 16849 "-" "Mozilla/5.0 (Linux; Android 6.0.1; Nexus 5X Build/MMB29P) AppleWebKit/537.36 (KHTML, like Gecko) Chrome/146.0.7680.177 Mobile Safari/537.36 (compatible; Googlebot/2.1; +http://www.google.com/bot.html)"
66.249.66.75 - - [15/Apr/2026:09:49:03 +0200] "GET /goods/Tissu-Fleece-NBA-Dallas-Mavericks-City-Edition-Pour-Pcl0km/1116552 HTTP/1.1" 404 16849 "-" "Mozilla/5.0 (Linux; Android 6.0.1; Nexus 5X Build/MMB29P) AppleWebKit/537.36 (KHTML, like Gecko) Chrome/146.0.7680.177 Mobile Safari/537.36 (compatible; Googlebot/2.1; +http://www.google.com/bot.html)"
66.249.66.66 - - [15/Apr/2026:09:49:03 +0200] "GET /goods/Vernier-Outil-Manuel-D-039-talonnage-De-0-150-Mm/1115848 HTTP/1.1" 301 464 "-" "Mozilla/5.0 (Linux; Android 6.0.1; Nexus 5X Build/MMB29P) AppleWebKit/537.36 (KHTML, like Gecko) Chrome/146.0.7680.177 Mobile Safari/537.36 (compatible; Googlebot/2.1; +http://www.google.com/bot.html)"
66.249.66.76 - - [15/Apr/2026:09:49:04 +0200] "GET /goods/Vernier-Outil-Manuel-D-039-talonnage-De-0-150-Mm/1115848 HTTP/1.1" 404 16849 "-" "Mozilla/5.0 (Linux; Android 6.0.1; Nexus 5X Build/MMB29P) AppleWebKit/537.36 (KHTML, like Gecko) Chrome/146.0.7680.177 Mobile Safari/537.36 (compatible; Googlebot/2.1; +http://www.google.com/bot.html)"
95.216.2.94 - - [15/Apr/2026:09:51:15 +0200] "POST /wp-cron.php?doing_wp_cron=1776239475.7681798934936523437500 HTTP/1.1" 500 199 "-" "WordPress/6.9.4; http://www.eeggs.ru"
66.249.66.33 - - [15/Apr/2026:09:51:15 +0200] "GET /goods/De-Stationner-Propri-t-Priv-e-Autosignal-tique/1090377 HTTP/1.1" 301 462 "-" "Mozilla/5.0 (Linux; Android 6.0.1; Nexus 5X Build/MMB29P) AppleWebKit/537.36 (KHTML, like Gecko) Chrome/146.0.7680.177 Mobile Safari/537.36 (compatible; Googlebot/2.1; +http://www.google.com/bot.html)"
66.249.66.38 - - [15/Apr/2026:09:51:16 +0200] "GET /goods/De-Stationner-Propri-t-Priv-e-Autosignal-tique/1090377 HTTP/1.1" 404 16849 "-" "Mozilla/5.0 (Linux; Android 6.0.1; Nexus 5X Build/MMB29P) AppleWebKit/537.36 (KHTML, like Gecko) Chrome/146.0.7680.177 Mobile Safari/537.36 (compatible; Googlebot/2.1; +http://www.google.com/bot.html)"
95.216.2.94 - - [15/Apr/2026:09:53:13 +0200] "POST /wp-cron.php?doing_wp_cron=1776239593.0147459506988525390625 HTTP/1.1" 500 199 "-" "WordPress/6.9.4; http://www.eeggs.ru"
66.249.66.3 - - [15/Apr/2026:09:53:12 +0200] "GET /goods/Maillon-De-Cha-ne-De-V-lo-En-Acier-FYDUN-Connecteur-Pour/1298536 HTTP/1.1" 301 472 "-" "Mozilla/5.0 (Linux; Android 6.0.1; Nexus 5X Build/MMB29P) AppleWebKit/537.36 (KHTML, like Gecko) Chrome/146.0.7680.177 Mobile Safari/537.36 (compatible; Googlebot/2.1; +http://www.google.com/bot.html)"
66.249.66.198 - - [15/Apr/2026:09:53:13 +0200] "GET /goods/Maillon-De-Cha-ne-De-V-lo-En-Acier-FYDUN-Connecteur-Pour/1298536 HTTP/1.1" 404 16849 "-" "Mozilla/5.0 (Linux; Android 6.0.1; Nexus 5X Build/MMB29P) AppleWebKit/537.36 (KHTML, like Gecko) Chrome/146.0.7680.177 Mobile Safari/537.36 (compatible; Googlebot/2.1; +http://www.google.com/bot.html)"
66.249.66.3 - - [15/Apr/2026:09:53:38 +0200] "GET /goods/KETTLER-Trampoline-D-039-ext-rieur-Jump-244-I-Trampoline-De/740188 HTTP/1.1" 301 474 "-" "Mozilla/5.0 (Linux; Android 6.0.1; Nexus 5X Build/MMB29P) AppleWebKit/537.36 (KHTML, like Gecko) Chrome/146.0.7680.177 Mobile Safari/537.36 (compatible; Googlebot/2.1; +http://www.google.com/bot.html)"
66.249.66.75 - - [15/Apr/2026:09:53:39 +0200] "GET /goods/KETTLER-Trampoline-D-039-ext-rieur-Jump-244-I-Trampoline-De/740188 HTTP/1.1" 404 16849 "-" "Mozilla/5.0 (Linux; Android 6.0.1; Nexus 5X Build/MMB29P) AppleWebKit/537.36 (KHTML, like Gecko) Chrome/146.0.7680.177 Mobile Safari/537.36 (compatible; Googlebot/2.1; +http://www.google.com/bot.html)"
95.216.2.94 - - [15/Apr/2026:09:55:22 +0200] "POST /wp-cron.php?doing_wp_cron=1776239722.4338059425354003906250 HTTP/1.1" 500 199 "-" "WordPress/6.9.4; http://www.eeggs.ru"
66.249.66.33 - - [15/Apr/2026:09:55:21 +0200] "GET /goods/Chenille-Cure-Pipe-G-ant-Cure-Pipes-En-Chenille-Tige-De-Fil/899966 HTTP/1.1" 301 474 "-" "Mozilla/5.0 (Linux; Android 6.0.1; Nexus 5X Build/MMB29P) AppleWebKit/537.36 (KHTML, like Gecko) Chrome/146.0.7680.177 Mobile Safari/537.36 (compatible; Googlebot/2.1; +http://www.google.com/bot.html)"
66.249.66.12 - - [15/Apr/2026:09:55:22 +0200] "GET /goods/Chenille-Cure-Pipe-G-ant-Cure-Pipes-En-Chenille-Tige-De-Fil/899966 HTTP/1.1" 404 16849 "-" "Mozilla/5.0 (Linux; Android 6.0.1; Nexus 5X Build/MMB29P) AppleWebKit/537.36 (KHTML, like Gecko) Chrome/146.0.7680.177 Mobile Safari/537.36 (compatible; Googlebot/2.1; +http://www.google.com/bot.html)"
95.216.2.94 - - [15/Apr/2026:09:56:57 +0200] "POST /wp-cron.php?doing_wp_cron=1776239817.4869809150695800781250 HTTP/1.1" 500 199 "-" "WordPress/6.9.4; http://www.eeggs.ru"
66.249.66.203 - - [15/Apr/2026:09:56:56 +0200] "GET /goods/De-Stationner-Propri-t-Priv-e-Autosignal-tique/1090377 HTTP/1.1" 301 462 "-" "Mozilla/5.0 (Linux; Android 6.0.1; Nexus 5X Build/MMB29P) AppleWebKit/537.36 (KHTML, like Gecko) Chrome/146.0.7680.177 Mobile Safari/537.36 (compatible; GoogleOther)"
66.249.66.200 - - [15/Apr/2026:09:56:57 +0200] "GET /goods/De-Stationner-Propri-t-Priv-e-Autosignal-tique/1090377 HTTP/1.1" 404 16860 "-" "Mozilla/5.0 (Linux; Android 6.0.1; Nexus 5X Build/MMB29P) AppleWebKit/537.36 (KHTML, like Gecko) Chrome/146.0.7680.177 Mobile Safari/537.36 (compatible; GoogleOther)"
95.216.2.94 - - [15/Apr/2026:10:00:10 +0200] "POST /wp-cron.php?doing_wp_cron=1776240010.1240050792694091796875 HTTP/1.1" 500 199 "-" "WordPress/6.9.4; http://www.eeggs.ru"
66.249.66.33 - - [15/Apr/2026:10:00:09 +0200] "GET /goods/Puerh-Tea-Ripe-T-Puerh-Cake-100g-3-5oz-2007-2010-Year/682640 HTTP/1.1" 301 468 "-" "Mozilla/5.0 (Linux; Android 6.0.1; Nexus 5X Build/MMB29P) AppleWebKit/537.36 (KHTML, like Gecko) Chrome/146.0.7680.177 Mobile Safari/537.36 (compatible; Googlebot/2.1; +http://www.google.com/bot.html)"
66.249.66.12 - - [15/Apr/2026:10:00:10 +0200] "GET /goods/Puerh-Tea-Ripe-T-Puerh-Cake-100g-3-5oz-2007-2010-Year/682640 HTTP/1.1" 404 16849 "-" "Mozilla/5.0 (Linux; Android 6.0.1; Nexus 5X Build/MMB29P) AppleWebKit/537.36 (KHTML, like Gecko) Chrome/146.0.7680.177 Mobile Safari/537.36 (compatible; Googlebot/2.1; +http://www.google.com/bot.html)"
66.249.66.66 - - [15/Apr/2026:10:00:35 +0200] "GET /goods/La-Maison-Maximisez-Les-Gains-En-Utilisant-Un-quipement/635313 HTTP/1.1" 301 470 "-" "Mozilla/5.0 (Linux; Android 6.0.1; Nexus 5X Build/MMB29P) AppleWebKit/537.36 (KHTML, like Gecko) Chrome/146.0.7680.177 Mobile Safari/537.36 (compatible; Googlebot/2.1; +http://www.google.com/bot.html)"
66.249.66.75 - - [15/Apr/2026:10:00:36 +0200] "GET /goods/La-Maison-Maximisez-Les-Gains-En-Utilisant-Un-quipement/635313 HTTP/1.1" 404 16849 "-" "Mozilla/5.0 (Linux; Android 6.0.1; Nexus 5X Build/MMB29P) AppleWebKit/537.36 (KHTML, like Gecko) Chrome/146.0.7680.177 Mobile Safari/537.36 (compatible; Googlebot/2.1; +http://www.google.com/bot.html)"
66.249.66.166 - - [15/Apr/2026:10:00:37 +0200] "GET /goods/ces-Boutons-De-Meuble-Boutons-Du2019Armoire-En-M-tal-Boutons-De/1133528 HTTP/1.1" 301 479 "-" "Mozilla/5.0 (Linux; Android 6.0.1; Nexus 5X Build/MMB29P) AppleWebKit/537.36 (KHTML, like Gecko) Chrome/146.0.7680.177 Mobile Safari/537.36 (compatible; Googlebot/2.1; +http://www.google.com/bot.html)"
66.249.66.162 - - [15/Apr/2026:10:00:38 +0200] "GET /goods/ces-Boutons-De-Meuble-Boutons-Du2019Armoire-En-M-tal-Boutons-De/1133528 HTTP/1.1" 404 16849 "-" "Mozilla/5.0 (Linux; Android 6.0.1; Nexus 5X Build/MMB29P) AppleWebKit/537.36 (KHTML, like Gecko) Chrome/146.0.7680.177 Mobile Safari/537.36 (compatible; Googlebot/2.1; +http://www.google.com/bot.html)"
95.216.2.94 - - [15/Apr/2026:10:02:19 +0200] "POST /wp-cron.php?doing_wp_cron=1776240139.5292301177978515625000 HTTP/1.1" 500 199 "-" "WordPress/6.9.4; http://www.eeggs.ru"
66.249.66.67 - - [15/Apr/2026:10:02:18 +0200] "GET /goods/Tritan-Bouteille-Bouteille-D-039-eau-Nalgene-Sustain/925611 HTTP/1.1" 301 467 "-" "Mozilla/5.0 (Linux; Android 6.0.1; Nexus 5X Build/MMB29P) AppleWebKit/537.36 (KHTML, like Gecko) Chrome/146.0.7680.177 Mobile Safari/537.36 (compatible; Googlebot/2.1; +http://www.google.com/bot.html)"
66.249.66.75 - - [15/Apr/2026:10:02:19 +0200] "GET /goods/Tritan-Bouteille-Bouteille-D-039-eau-Nalgene-Sustain/925611 HTTP/1.1" 404 16849 "-" "Mozilla/5.0 (Linux; Android 6.0.1; Nexus 5X Build/MMB29P) AppleWebKit/537.36 (KHTML, like Gecko) Chrome/146.0.7680.177 Mobile Safari/537.36 (compatible; Googlebot/2.1; +http://www.google.com/bot.html)"
66.249.66.198 - - [15/Apr/2026:10:02:38 +0200] "GET /goods/Pants-Pantalon-De-Gardien-De-But/1182769 HTTP/1.1" 301 448 "-" "Mozilla/5.0 (Linux; Android 6.0.1; Nexus 5X Build/MMB29P) AppleWebKit/537.36 (KHTML, like Gecko) Chrome/146.0.7680.177 Mobile Safari/537.36 (compatible; Googlebot/2.1; +http://www.google.com/bot.html)"
66.249.66.13 - - [15/Apr/2026:10:02:39 +0200] "GET /goods/Pants-Pantalon-De-Gardien-De-But/1182769 HTTP/1.1" 404 16849 "-" "Mozilla/5.0 (Linux; Android 6.0.1; Nexus 5X Build/MMB29P) AppleWebKit/537.36 (KHTML, like Gecko) Chrome/146.0.7680.177 Mobile Safari/537.36 (compatible; Googlebot/2.1; +http://www.google.com/bot.html)"
66.249.66.32 - - [15/Apr/2026:10:03:04 +0200] "GET /goods/edduvit-Parure-De-Lit-Damass-e-100-Coton-Pour-Tr-s-Grand-Lit/697151 HTTP/1.1" 301 475 "-" "Mozilla/5.0 (Linux; Android 6.0.1; Nexus 5X Build/MMB29P) AppleWebKit/537.36 (KHTML, like Gecko) Chrome/146.0.7680.177 Mobile Safari/537.36 (compatible; Googlebot/2.1; +http://www.google.com/bot.html)"
66.249.66.38 - - [15/Apr/2026:10:03:05 +0200] "GET /goods/edduvit-Parure-De-Lit-Damass-e-100-Coton-Pour-Tr-s-Grand-Lit/697151 HTTP/1.1" 404 16849 "-" "Mozilla/5.0 (Linux; Android 6.0.1; Nexus 5X Build/MMB29P) AppleWebKit/537.36 (KHTML, like Gecko) Chrome/146.0.7680.177 Mobile Safari/537.36 (compatible; Googlebot/2.1; +http://www.google.com/bot.html)"
95.216.2.94 - - [15/Apr/2026:10:05:04 +0200] "POST /wp-cron.php?doing_wp_cron=1776240304.3201389312744140625000 HTTP/1.1" 500 199 "-" "WordPress/6.9.4; http://www.eeggs.ru"
148.222.185.182 - - [15/Apr/2026:10:05:03 +0200] "GET /web/efes/ HTTP/1.0" 200 24525 "http://www.eeggs.ru/web/efes/#comment-325325" "Mozilla/5.0 (Windows NT 6.1; WOW64) AppleWebKit/537.36 (KHTML, like Gecko) Chrome/103.0.0.0 Safari/537.36"
148.222.185.182 - - [15/Apr/2026:10:05:04 +0200] "POST /wp-comments-post.php HTTP/1.0" 500 166 "http://www.eeggs.ru/web/efes/#comment-325325" "Mozilla/5.0 (Windows NT 6.1; WOW64) AppleWebKit/537.36 (KHTML, like Gecko) Chrome/103.0.0.0 Safari/537.36"
52.167.144.197 - - [15/Apr/2026:10:05:05 +0200] "GET /goods/La-Princesse-De-Cadignan-Annot-By-Honor-De-Balzac/430538 HTTP/1.1" 301 408 "-" "Mozilla/5.0 AppleWebKit/537.36 (KHTML, like Gecko; compatible; bingbot/2.0; +http://www.bing.com/bingbot.htm) Chrome/116.0.1938.76 Safari/537.36"
52.167.144.197 - - [15/Apr/2026:10:05:15 +0200] "GET /goods/Hex-Ciseaux-Set-3-Pi-ces-30-35-50-X/772409 HTTP/1.1" 301 394 "-" "Mozilla/5.0 AppleWebKit/537.36 (KHTML, like Gecko; compatible; bingbot/2.0; +http://www.bing.com/bingbot.htm) Chrome/116.0.1938.76 Safari/537.36"
52.167.144.197 - - [15/Apr/2026:10:05:16 +0200] "GET /goods/sus-Dans-Le-Berceau-Sculpture-En-R-sine-De-La-Naissance-De-J/861076 HTTP/1.1" 301 419 "-" "Mozilla/5.0 AppleWebKit/537.36 (KHTML, like Gecko; compatible; bingbot/2.0; +http://www.bing.com/bingbot.htm) Chrome/116.0.1938.76 Safari/537.36"
52.167.144.197 - - [15/Apr/2026:10:05:17 +0200] "GET /goods/DC12-Rel-De-Potencia-Omron-De-1-Polo-SPST-NA-Bobina-12V/944576 HTTP/1.1" 301 414 "-" "Mozilla/5.0 AppleWebKit/537.36 (KHTML, like Gecko; compatible; bingbot/2.0; +http://www.bing.com/bingbot.htm) Chrome/116.0.1938.76 Safari/537.36"
52.167.144.169 - - [15/Apr/2026:10:05:47 +0200] "GET /goods/Support-De-Pare-chocs-Avant-Droit-Gauche-Citroen-C3-II-10/1113428 HTTP/1.1" 301 417 "-" "Mozilla/5.0 AppleWebKit/537.36 (KHTML, like Gecko; compatible; bingbot/2.0; +http://www.bing.com/bingbot.htm) Chrome/116.0.1938.76 Safari/537.36"
36.111.32.235 - - [15/Apr/2026:10:05:48 +0200] "GET /wp-login.php HTTP/1.1" 301 414 "-" "Apache-HttpClient/4.5.2 (Java/1.8.0_151)"
52.167.144.197 - - [15/Apr/2026:10:05:53 +0200] "GET /goods/Pouces-Avec-Hoverkart-Pour-Enfants-Et-Adolescents/711779 HTTP/1.1" 301 408 "-" "Mozilla/5.0 AppleWebKit/537.36 (KHTML, like Gecko; compatible; bingbot/2.0; +http://www.bing.com/bingbot.htm) Chrome/116.0.1938.76 Safari/537.36"
36.111.32.235 - - [15/Apr/2026:10:05:56 +0200] "GET /wp-login.php HTTP/1.1" 302 466 "-" "Apache-HttpClient/4.5.2 (Java/1.8.0_151)"
95.216.2.94 - - [15/Apr/2026:10:07:16 +0200] "POST /wp-cron.php?doing_wp_cron=1776240436.3839240074157714843750 HTTP/1.1" 500 199 "-" "WordPress/6.9.4; http://www.eeggs.ru"
66.249.66.197 - - [15/Apr/2026:10:07:15 +0200] "GET /goods/Curlimals-H-risson-Higgle-Animal-Interactif-Violet-Avec/478305 HTTP/1.1" 301 470 "-" "Mozilla/5.0 (Linux; Android 6.0.1; Nexus 5X Build/MMB29P) AppleWebKit/537.36 (KHTML, like Gecko) Chrome/146.0.7680.177 Mobile Safari/537.36 (compatible; Googlebot/2.1; +http://www.google.com/bot.html)"
66.249.66.37 - - [15/Apr/2026:10:07:16 +0200] "GET /goods/Curlimals-H-risson-Higgle-Animal-Interactif-Violet-Avec/478305 HTTP/1.1" 404 16849 "-" "Mozilla/5.0 (Linux; Android 6.0.1; Nexus 5X Build/MMB29P) AppleWebKit/537.36 (KHTML, like Gecko) Chrome/146.0.7680.177 Mobile Safari/537.36 (compatible; Googlebot/2.1; +http://www.google.com/bot.html)"
95.216.2.94 - - [15/Apr/2026:10:08:19 +0200] "POST /wp-cron.php?doing_wp_cron=1776240499.7026340961456298828125 HTTP/1.1" 500 199 "-" "WordPress/6.9.4; http://www.eeggs.ru"
66.249.66.167 - - [15/Apr/2026:10:08:18 +0200] "GET /goods/Barts-Tec-Glove-Gants-Noir-Schwarz-Taille-Fabricant/1058721 HTTP/1.1" 301 467 "-" "Mozilla/5.0 (Linux; Android 6.0.1; Nexus 5X Build/MMB29P) AppleWebKit/537.36 (KHTML, like Gecko) Chrome/146.0.7680.177 Mobile Safari/537.36 (compatible; GoogleOther)"
66.249.66.38 - - [15/Apr/2026:10:08:20 +0200] "GET /goods/Barts-Tec-Glove-Gants-Noir-Schwarz-Taille-Fabricant/1058721 HTTP/1.1" 404 16860 "-" "Mozilla/5.0 (Linux; Android 6.0.1; Nexus 5X Build/MMB29P) AppleWebKit/537.36 (KHTML, like Gecko) Chrome/146.0.7680.177 Mobile Safari/537.36 (compatible; GoogleOther)"
144.76.32.190 - - [15/Apr/2026:10:10:52 +0200] "GET /robots.txt HTTP/1.1" 200 463 "-" "Mozilla/5.0 (compatible; SERankingBacklinksBot/1.0; +https://seranking.com/backlinks-crawler)"
95.216.2.94 - - [15/Apr/2026:10:10:53 +0200] "POST /wp-cron.php?doing_wp_cron=1776240653.2739560604095458984375 HTTP/1.1" 500 199 "-" "WordPress/6.9.4; http://www.eeggs.ru"
144.76.32.190 - - [15/Apr/2026:10:10:52 +0200] "GET /goods/Gazon-Scheppach-MS161/453542 HTTP/1.1" 301 436 "-" "Mozilla/5.0 (compatible; SERankingBacklinksBot/1.0; +https://seranking.com/backlinks-crawler)"
144.76.32.190 - - [15/Apr/2026:10:10:53 +0200] "GET /robots.txt HTTP/1.1" 200 463 "-" "Mozilla/5.0 (compatible; SERankingBacklinksBot/1.0; +https://seranking.com/backlinks-crawler)"
144.76.32.190 - - [15/Apr/2026:10:10:53 +0200] "GET /goods/Gazon-Scheppach-MS161/453542 HTTP/1.1" 404 16860 "-" "Mozilla/5.0 (compatible; SERankingBacklinksBot/1.0; +https://seranking.com/backlinks-crawler)"
94.154.35.236 - - [15/Apr/2026:10:11:08 +0200] "HEAD /catalog.7z HTTP/1.1" 301 342 "-" "Mozilla/5.0 (Windows NT 10.0; Win64; x64) AppleWebKit/537.36 (KHTML, like Gecko) Chrome/101.0.4951.67 Safari/537.36"
94.154.35.236 - - [15/Apr/2026:10:11:09 +0200] "HEAD /catalog.7z HTTP/1.1" 404 330 "-" "Mozilla/5.0 (Windows NT 10.0; Win64; x64) AppleWebKit/537.36 (KHTML, like Gecko) Chrome/101.0.4951.67 Safari/537.36"
95.216.2.94 - - [15/Apr/2026:10:12:03 +0200] "POST /wp-cron.php?doing_wp_cron=1776240723.9593970775604248046875 HTTP/1.1" 500 199 "-" "WordPress/6.9.4; http://www.eeggs.ru"
66.249.66.66 - - [15/Apr/2026:10:12:03 +0200] "GET /goods/DULSPUE-2-Cadenas-Casier-Avec-2-Cl-s-34x23x1cm-Petit-Cadenas/492043 HTTP/1.1" 301 475 "-" "Mozilla/5.0 (Linux; Android 6.0.1; Nexus 5X Build/MMB29P) AppleWebKit/537.36 (KHTML, like Gecko) Chrome/146.0.7680.177 Mobile Safari/537.36 (compatible; Googlebot/2.1; +http://www.google.com/bot.html)"
66.249.66.199 - - [15/Apr/2026:10:12:04 +0200] "GET /goods/DULSPUE-2-Cadenas-Casier-Avec-2-Cl-s-34x23x1cm-Petit-Cadenas/492043 HTTP/1.1" 404 16849 "-" "Mozilla/5.0 (Linux; Android 6.0.1; Nexus 5X Build/MMB29P) AppleWebKit/537.36 (KHTML, like Gecko) Chrome/146.0.7680.177 Mobile Safari/537.36 (compatible; Googlebot/2.1; +http://www.google.com/bot.html)"
66.249.66.65 - - [15/Apr/2026:10:12:04 +0200] "GET /goods/B-b-s-Jumeaux-Ketchup-Et-Moutarde/630537 HTTP/1.1" 301 448 "-" "Mozilla/5.0 (Linux; Android 6.0.1; Nexus 5X Build/MMB29P) AppleWebKit/537.36 (KHTML, like Gecko) Chrome/146.0.7680.177 Mobile Safari/537.36 (compatible; Googlebot/2.1; +http://www.google.com/bot.html)"
66.249.66.200 - - [15/Apr/2026:10:12:05 +0200] "GET /goods/B-b-s-Jumeaux-Ketchup-Et-Moutarde/630537 HTTP/1.1" 404 16849 "-" "Mozilla/5.0 (Linux; Android 6.0.1; Nexus 5X Build/MMB29P) AppleWebKit/537.36 (KHTML, like Gecko) Chrome/146.0.7680.177 Mobile Safari/537.36 (compatible; Googlebot/2.1; +http://www.google.com/bot.html)"
66.249.66.198 - - [15/Apr/2026:10:12:30 +0200] "GET /goods/Winshape-Collants-Fonctionnels-Pour-Femme-AEL102-Avec-Effet/1004648 HTTP/1.1" 301 475 "-" "Mozilla/5.0 (Linux; Android 6.0.1; Nexus 5X Build/MMB29P) AppleWebKit/537.36 (KHTML, like Gecko) Chrome/146.0.7680.177 Mobile Safari/537.36 (compatible; Googlebot/2.1; +http://www.google.com/bot.html)"
66.249.66.38 - - [15/Apr/2026:10:12:31 +0200] "GET /goods/Winshape-Collants-Fonctionnels-Pour-Femme-AEL102-Avec-Effet/1004648 HTTP/1.1" 404 16849 "-" "Mozilla/5.0 (Linux; Android 6.0.1; Nexus 5X Build/MMB29P) AppleWebKit/537.36 (KHTML, like Gecko) Chrome/146.0.7680.177 Mobile Safari/537.36 (compatible; Googlebot/2.1; +http://www.google.com/bot.html)"
66.249.66.197 - - [15/Apr/2026:10:12:57 +0200] "GET /goods/es-Spiral-es-Forets-tag-s-En-Cobalt-Foret-Unibit-Impact/937475 HTTP/1.1" 301 470 "-" "Mozilla/5.0 (Linux; Android 6.0.1; Nexus 5X Build/MMB29P) AppleWebKit/537.36 (KHTML, like Gecko) Chrome/146.0.7680.177 Mobile Safari/537.36 (compatible; Googlebot/2.1; +http://www.google.com/bot.html)"
66.249.66.198 - - [15/Apr/2026:10:12:58 +0200] "GET /goods/es-Spiral-es-Forets-tag-s-En-Cobalt-Foret-Unibit-Impact/937475 HTTP/1.1" 404 16849 "-" "Mozilla/5.0 (Linux; Android 6.0.1; Nexus 5X Build/MMB29P) AppleWebKit/537.36 (KHTML, like Gecko) Chrome/146.0.7680.177 Mobile Safari/537.36 (compatible; Googlebot/2.1; +http://www.google.com/bot.html)"
95.216.2.94 - - [15/Apr/2026:10:14:01 +0200] "POST /wp-cron.php?doing_wp_cron=1776240841.5924279689788818359375 HTTP/1.1" 500 199 "-" "WordPress/6.9.4; http://www.eeggs.ru"
66.249.66.3 - - [15/Apr/2026:10:14:00 +0200] "GET /goods/F-r-Z-gel-Und-Hilfsz-gel/1167294 HTTP/1.1" 301 440 "-" "Mozilla/5.0 (Linux; Android 6.0.1; Nexus 5X Build/MMB29P) AppleWebKit/537.36 (KHTML, like Gecko) Chrome/146.0.7680.177 Mobile Safari/537.36 (compatible; GoogleOther)"
66.249.66.13 - - [15/Apr/2026:10:14:02 +0200] "GET /goods/F-r-Z-gel-Und-Hilfsz-gel/1167294 HTTP/1.1" 404 16860 "-" "Mozilla/5.0 (Linux; Android 6.0.1; Nexus 5X Build/MMB29P) AppleWebKit/537.36 (KHTML, like Gecko) Chrome/146.0.7680.177 Mobile Safari/537.36 (compatible; GoogleOther)"
95.216.2.94 - - [15/Apr/2026:10:16:23 +0200] "POST /wp-cron.php?doing_wp_cron=1776240983.4224970340728759765625 HTTP/1.1" 500 199 "-" "WordPress/6.9.4; http://www.eeggs.ru"
66.249.66.66 - - [15/Apr/2026:10:16:22 +0200] "GET /goods/De-Porte-Arr-t-De-Porte-Lourd-Design-Mignon-De-Chien/870704 HTTP/1.1" 301 467 "-" "Mozilla/5.0 (Linux; Android 6.0.1; Nexus 5X Build/MMB29P) AppleWebKit/537.36 (KHTML, like Gecko) Chrome/146.0.7680.177 Mobile Safari/537.36 (compatible; Googlebot/2.1; +http://www.google.com/bot.html)"
66.249.66.200 - - [15/Apr/2026:10:16:23 +0200] "GET /goods/De-Porte-Arr-t-De-Porte-Lourd-Design-Mignon-De-Chien/870704 HTTP/1.1" 404 16849 "-" "Mozilla/5.0 (Linux; Android 6.0.1; Nexus 5X Build/MMB29P) AppleWebKit/537.36 (KHTML, like Gecko) Chrome/146.0.7680.177 Mobile Safari/537.36 (compatible; Googlebot/2.1; +http://www.google.com/bot.html)"
95.216.2.94 - - [15/Apr/2026:10:17:44 +0200] "POST /wp-cron.php?doing_wp_cron=1776241064.0469779968261718750000 HTTP/1.1" 500 199 "-" "WordPress/6.9.4; http://www.eeggs.ru"
66.249.66.198 - - [15/Apr/2026:10:17:43 +0200] "GET /goods/MagSafe-tui-Armor-Anti-Chute-Anneau-Pivotant-360/691094 HTTP/1.1" 301 463 "-" "Mozilla/5.0 (Linux; Android 6.0.1; Nexus 5X Build/MMB29P) AppleWebKit/537.36 (KHTML, like Gecko) Chrome/146.0.7680.177 Mobile Safari/537.36 (compatible; Googlebot/2.1; +http://www.google.com/bot.html)"
66.249.66.39 - - [15/Apr/2026:10:17:44 +0200] "GET /goods/MagSafe-tui-Armor-Anti-Chute-Anneau-Pivotant-360/691094 HTTP/1.1" 404 16849 "-" "Mozilla/5.0 (Linux; Android 6.0.1; Nexus 5X Build/MMB29P) AppleWebKit/537.36 (KHTML, like Gecko) Chrome/146.0.7680.177 Mobile Safari/537.36 (compatible; Googlebot/2.1; +http://www.google.com/bot.html)"
95.216.2.94 - - [15/Apr/2026:10:23:35 +0200] "POST /wp-cron.php?doing_wp_cron=1776241415.9688980579376220703125 HTTP/1.1" 500 199 "-" "WordPress/6.9.4; http://www.eeggs.ru"
66.249.66.66 - - [15/Apr/2026:10:23:35 +0200] "GET /goods/Au-Chocolat-24-Capsules-8-Mars-8-Twix-Milky-Way/1081670 HTTP/1.1" 301 463 "-" "Mozilla/5.0 (Linux; Android 6.0.1; Nexus 5X Build/MMB29P) AppleWebKit/537.36 (KHTML, like Gecko) Chrome/146.0.7680.177 Mobile Safari/537.36 (compatible; Googlebot/2.1; +http://www.google.com/bot.html)"
95.216.2.94 - - [15/Apr/2026:10:23:36 +0200] "POST /wp-cron.php?doing_wp_cron=1776241416.1773779392242431640625 HTTP/1.1" 500 199 "-" "WordPress/6.9.4; http://www.eeggs.ru"
66.249.66.33 - - [15/Apr/2026:10:23:35 +0200] "GET /goods/Rab-Pulse-Hoody-Sweat-Capuche-Homme/1088625 HTTP/1.1" 301 451 "-" "Mozilla/5.0 (Linux; Android 6.0.1; Nexus 5X Build/MMB29P) AppleWebKit/537.36 (KHTML, like Gecko) Chrome/146.0.7680.177 Mobile Safari/537.36 (compatible; Googlebot/2.1; +http://www.google.com/bot.html)"
66.249.66.77 - - [15/Apr/2026:10:23:36 +0200] "GET /goods/Au-Chocolat-24-Capsules-8-Mars-8-Twix-Milky-Way/1081670 HTTP/1.1" 404 16849 "-" "Mozilla/5.0 (Linux; Android 6.0.1; Nexus 5X Build/MMB29P) AppleWebKit/537.36 (KHTML, like Gecko) Chrome/146.0.7680.177 Mobile Safari/537.36 (compatible; Googlebot/2.1; +http://www.google.com/bot.html)"
66.249.66.38 - - [15/Apr/2026:10:23:37 +0200] "GET /goods/Rab-Pulse-Hoody-Sweat-Capuche-Homme/1088625 HTTP/1.1" 404 16849 "-" "Mozilla/5.0 (Linux; Android 6.0.1; Nexus 5X Build/MMB29P) AppleWebKit/537.36 (KHTML, like Gecko) Chrome/146.0.7680.177 Mobile Safari/537.36 (compatible; Googlebot/2.1; +http://www.google.com/bot.html)"
66.249.66.65 - - [15/Apr/2026:10:23:37 +0200] "GET /goods/De-Rideau-De-Douche-Demi-taille/825769 HTTP/1.1" 301 446 "-" "Mozilla/5.0 (Linux; Android 6.0.1; Nexus 5X Build/MMB29P) AppleWebKit/537.36 (KHTML, like Gecko) Chrome/146.0.7680.177 Mobile Safari/537.36 (compatible; Googlebot/2.1; +http://www.google.com/bot.html)"
66.249.66.33 - - [15/Apr/2026:10:23:38 +0200] "GET /goods/Tableau-Piles-Lampe-Pour-Photo-De-40-6-Cm-Et-clairage/782057 HTTP/1.1" 301 467 "-" "Mozilla/5.0 (Linux; Android 6.0.1; Nexus 5X Build/MMB29P) AppleWebKit/537.36 (KHTML, like Gecko) Chrome/146.0.7680.177 Mobile Safari/537.36 (compatible; Googlebot/2.1; +http://www.google.com/bot.html)"
66.249.66.76 - - [15/Apr/2026:10:23:39 +0200] "GET /goods/De-Rideau-De-Douche-Demi-taille/825769 HTTP/1.1" 404 16849 "-" "Mozilla/5.0 (Linux; Android 6.0.1; Nexus 5X Build/MMB29P) AppleWebKit/537.36 (KHTML, like Gecko) Chrome/146.0.7680.177 Mobile Safari/537.36 (compatible; Googlebot/2.1; +http://www.google.com/bot.html)"
66.249.66.13 - - [15/Apr/2026:10:23:39 +0200] "GET /goods/Tableau-Piles-Lampe-Pour-Photo-De-40-6-Cm-Et-clairage/782057 HTTP/1.1" 404 16849 "-" "Mozilla/5.0 (Linux; Android 6.0.1; Nexus 5X Build/MMB29P) AppleWebKit/537.36 (KHTML, like Gecko) Chrome/146.0.7680.177 Mobile Safari/537.36 (compatible; Googlebot/2.1; +http://www.google.com/bot.html)"
95.216.2.94 - - [15/Apr/2026:10:25:23 +0200] "POST /wp-cron.php?doing_wp_cron=1776241523.5831959247589111328125 HTTP/1.1" 500 199 "-" "WordPress/6.9.4; http://www.eeggs.ru"
