66.249.92.198 - - [15/Apr/2026:02:47:00 +0200] "GET /goods/Sans-Fil-99-Touches-Claviers-De-Jeu-E-sport-Bouton/1059516 HTTP/1.1" 404 16849 "-" "Mozilla/5.0 (Linux; Android 6.0.1; Nexus 5X Build/MMB29P) AppleWebKit/537.36 (KHTML, like Gecko) Chrome/146.0.7680.177 Mobile Safari/537.36 (compatible; AdsBot-Google-Mobile; +http://www.google.com/mobile/adsbot.html)"
95.216.2.94 - - [15/Apr/2026:02:50:54 +0200] "POST /wp-cron.php?doing_wp_cron=1776214254.5275669097900390625000 HTTP/1.1" 500 199 "-" "WordPress/6.9.4; http://www.eeggs.ru"
52.167.144.206 - - [15/Apr/2026:02:50:53 +0200] "GET /goods/Mode-D-039-emploi-M-rklin-43765-Fran-ais-16-Des-Pages/1119257 HTTP/1.1" 301 413 "-" "Mozilla/5.0 AppleWebKit/537.36 (KHTML, like Gecko; compatible; bingbot/2.0; +http://www.bing.com/bingbot.htm) Chrome/116.0.1938.76 Safari/537.36"
40.77.167.154 - - [15/Apr/2026:02:51:07 +0200] "GET /goods/Rond-Blanc-Alb-tre-En-Porcelaine-15-5-Cm-3-Cm-Yli-Revol/791062 HTTP/1.1" 301 414 "-" "Mozilla/5.0 AppleWebKit/537.36 (KHTML, like Gecko; compatible; bingbot/2.0; +http://www.bing.com/bingbot.htm) Chrome/116.0.1938.76 Safari/537.36"
40.77.167.154 - - [15/Apr/2026:02:51:08 +0200] "GET /goods/Mini-Figurines-De-Canards-En-R-sine-Mini-Canards-En-R-sine/945339 HTTP/1.1" 301 417 "-" "Mozilla/5.0 AppleWebKit/537.36 (KHTML, like Gecko; compatible; bingbot/2.0; +http://www.bing.com/bingbot.htm) Chrome/116.0.1938.76 Safari/537.36"
92.222.104.201 - - [15/Apr/2026:02:53:52 +0200] "GET /robots.txt HTTP/1.1" 200 407 "-" "Mozilla/5.0 (compatible; AhrefsBot/7.0; +http://ahrefs.com/robot/)"
95.216.2.94 - - [15/Apr/2026:02:54:04 +0200] "POST /wp-cron.php?doing_wp_cron=1776214443.9773690700531005859375 HTTP/1.1" 500 199 "-" "WordPress/6.9.4; http://www.eeggs.ru"
148.113.130.203 - - [15/Apr/2026:02:54:03 +0200] "GET /?sitemap933.xml HTTP/1.1" 301 249 "-" "Mozilla/5.0 (compatible; AhrefsBot/7.0; +http://ahrefs.com/robot/)"
148.113.130.203 - - [15/Apr/2026:02:54:04 +0200] "GET /?sitemap933.xml HTTP/1.1" 200 8112 "-" "Mozilla/5.0 (compatible; AhrefsBot/7.0; +http://ahrefs.com/robot/)"
95.216.2.94 - - [15/Apr/2026:02:57:42 +0200] "POST /wp-cron.php?doing_wp_cron=1776214662.8974740505218505859375 HTTP/1.1" 500 199 "-" "WordPress/6.9.4; http://www.eeggs.ru"
66.249.66.33 - - [15/Apr/2026:02:57:42 +0200] "GET /goods/RUBAN-ADHESIF-CLASSIQUE-MASQUAGE-BEIGE/630805 HTTP/1.1" 301 453 "-" "Mozilla/5.0 (Linux; Android 6.0.1; Nexus 5X Build/MMB29P) AppleWebKit/537.36 (KHTML, like Gecko) Chrome/146.0.7680.177 Mobile Safari/537.36 (compatible; Googlebot/2.1; +http://www.google.com/bot.html)"
66.249.66.200 - - [15/Apr/2026:02:57:43 +0200] "GET /goods/RUBAN-ADHESIF-CLASSIQUE-MASQUAGE-BEIGE/630805 HTTP/1.1" 404 16849 "-" "Mozilla/5.0 (Linux; Android 6.0.1; Nexus 5X Build/MMB29P) AppleWebKit/537.36 (KHTML, like Gecko) Chrome/146.0.7680.177 Mobile Safari/537.36 (compatible; Googlebot/2.1; +http://www.google.com/bot.html)"
66.249.66.33 - - [15/Apr/2026:02:58:41 +0200] "GET /goods/Values-Tactile-Push-Button-Switch-Micro-Momentary/471395 HTTP/1.1" 301 464 "-" "Mozilla/5.0 (Linux; Android 6.0.1; Nexus 5X Build/MMB29P) AppleWebKit/537.36 (KHTML, like Gecko) Chrome/146.0.7680.177 Mobile Safari/537.36 (compatible; Googlebot/2.1; +http://www.google.com/bot.html)"
95.216.2.94 - - [15/Apr/2026:02:58:43 +0200] "POST /wp-cron.php?doing_wp_cron=1776214723.2545309066772460937500 HTTP/1.1" 500 199 "-" "WordPress/6.9.4; http://www.eeggs.ru"
66.249.66.200 - - [15/Apr/2026:02:58:42 +0200] "GET /goods/Values-Tactile-Push-Button-Switch-Micro-Momentary/471395 HTTP/1.1" 404 16849 "-" "Mozilla/5.0 (Linux; Android 6.0.1; Nexus 5X Build/MMB29P) AppleWebKit/537.36 (KHTML, like Gecko) Chrome/146.0.7680.177 Mobile Safari/537.36 (compatible; Googlebot/2.1; +http://www.google.com/bot.html)"
95.216.2.94 - - [15/Apr/2026:02:59:54 +0200] "POST /wp-cron.php?doing_wp_cron=1776214794.7655870914459228515625 HTTP/1.1" 500 199 "-" "WordPress/6.9.4; http://www.eeggs.ru"
94.154.35.236 - - [15/Apr/2026:02:59:54 +0200] "HEAD /bkup.tar.bz2 HTTP/1.1" 301 344 "-" "Mozilla/5.0 (Windows NT 10.0; Win64; x64) AppleWebKit/537.36 (KHTML, like Gecko) Chrome/101.0.4951.67 Safari/537.36"
94.154.35.236 - - [15/Apr/2026:02:59:55 +0200] "HEAD /bkup.tar.bz2 HTTP/1.1" 404 330 "-" "Mozilla/5.0 (Windows NT 10.0; Win64; x64) AppleWebKit/537.36 (KHTML, like Gecko) Chrome/101.0.4951.67 Safari/537.36"
66.249.66.34 - - [15/Apr/2026:03:00:46 +0200] "GET /goods/coratifs-Pour-Table-Basse-D-coration-De-Chambre-Neutre-Esth/1113589 HTTP/1.1" 301 475 "-" "Mozilla/5.0 (Linux; Android 6.0.1; Nexus 5X Build/MMB29P) AppleWebKit/537.36 (KHTML, like Gecko) Chrome/146.0.7680.177 Mobile Safari/537.36 (compatible; Googlebot/2.1; +http://www.google.com/bot.html)"
66.249.66.199 - - [15/Apr/2026:03:00:47 +0200] "GET /goods/coratifs-Pour-Table-Basse-D-coration-De-Chambre-Neutre-Esth/1113589 HTTP/1.1" 404 16849 "-" "Mozilla/5.0 (Linux; Android 6.0.1; Nexus 5X Build/MMB29P) AppleWebKit/537.36 (KHTML, like Gecko) Chrome/146.0.7680.177 Mobile Safari/537.36 (compatible; Googlebot/2.1; +http://www.google.com/bot.html)"
95.216.2.94 - - [15/Apr/2026:03:01:01 +0200] "POST /wp-cron.php?doing_wp_cron=1776214861.4701259136199951171875 HTTP/1.1" 500 199 "-" "WordPress/6.9.4; http://www.eeggs.ru"
66.249.66.33 - - [15/Apr/2026:03:01:00 +0200] "GET /goods/Christmas-Tree-Pour-Femme-Taille/643970 HTTP/1.1" 301 447 "-" "Mozilla/5.0 (Linux; Android 6.0.1; Nexus 5X Build/MMB29P) AppleWebKit/537.36 (KHTML, like Gecko) Chrome/146.0.7680.177 Mobile Safari/537.36 (compatible; Googlebot/2.1; +http://www.google.com/bot.html)"
66.249.66.198 - - [15/Apr/2026:03:01:01 +0200] "GET /goods/Christmas-Tree-Pour-Femme-Taille/643970 HTTP/1.1" 404 16849 "-" "Mozilla/5.0 (Linux; Android 6.0.1; Nexus 5X Build/MMB29P) AppleWebKit/537.36 (KHTML, like Gecko) Chrome/146.0.7680.177 Mobile Safari/537.36 (compatible; Googlebot/2.1; +http://www.google.com/bot.html)"
95.216.2.94 - - [15/Apr/2026:03:02:31 +0200] "POST /wp-cron.php?doing_wp_cron=1776214951.0741610527038574218750 HTTP/1.1" 500 199 "-" "WordPress/6.9.4; http://www.eeggs.ru"
5.1.11.250 - - [15/Apr/2026:03:02:30 +0200] "GET /web/efes/ HTTP/1.0" 200 24525 "http://www.eeggs.ru/web/efes/" "Mozilla/5.0 (Windows NT 10.0; Win64; x64) AppleWebKit/537.36 (KHTML, like Gecko) Chrome/129.0.0.0 Safari/537.36"
5.1.11.250 - - [15/Apr/2026:03:02:31 +0200] "POST /wp-comments-post.php HTTP/1.0" 500 166 "http://www.eeggs.ru/web/efes/" "Mozilla/5.0 (Windows NT 10.0; Win64; x64) AppleWebKit/537.36 (KHTML, like Gecko) Chrome/129.0.0.0 Safari/537.36"
5.1.11.250 - - [15/Apr/2026:03:02:31 +0200] "GET /web/efes/ HTTP/1.0" 200 24525 "http://www.eeggs.ru/web/efes/" "Mozilla/5.0 (Windows NT 10.0; Win64; x64) AppleWebKit/537.36 (KHTML, like Gecko) Chrome/131.0.0.0 Safari/537.36"
5.1.11.250 - - [15/Apr/2026:03:02:32 +0200] "POST /wp-comments-post.php HTTP/1.0" 500 166 "http://www.eeggs.ru/web/efes/" "Mozilla/5.0 (Windows NT 10.0; Win64; x64) AppleWebKit/537.36 (KHTML, like Gecko) Chrome/131.0.0.0 Safari/537.36"
64.31.20.22 - - [15/Apr/2026:03:02:35 +0200] "GET /web/efes/ HTTP/1.0" 200 24525 "http://www.eeggs.ru/web/efes/#comment-325359/" "Mozilla/5.0 (Windows NT 10.0; Win64; x64) AppleWebKit/537.36 (KHTML, like Gecko) Chrome/131.0.0.0 Safari/537.36"
64.31.20.22 - - [15/Apr/2026:03:02:37 +0200] "POST /wp-comments-post.php HTTP/1.0" 500 166 "http://www.eeggs.ru/web/efes/#comment-325359/" "Mozilla/5.0 (Windows NT 10.0; Win64; x64) AppleWebKit/537.36 (KHTML, like Gecko) Chrome/131.0.0.0 Safari/537.36"
95.216.2.94 - - [15/Apr/2026:03:04:27 +0200] "POST /wp-cron.php?doing_wp_cron=1776215067.0899870395660400390625 HTTP/1.1" 500 199 "-" "WordPress/6.9.4; http://www.eeggs.ru"
66.249.66.32 - - [15/Apr/2026:03:04:26 +0200] "GET /goods/Collecteur-Silencieux-GP-Compatible-Avec-YZF-R125-2019/707663 HTTP/1.1" 301 469 "-" "Mozilla/5.0 (Linux; Android 6.0.1; Nexus 5X Build/MMB29P) AppleWebKit/537.36 (KHTML, like Gecko) Chrome/146.0.7680.177 Mobile Safari/537.36 (compatible; Googlebot/2.1; +http://www.google.com/bot.html)"
66.249.66.198 - - [15/Apr/2026:03:04:27 +0200] "GET /goods/Collecteur-Silencieux-GP-Compatible-Avec-YZF-R125-2019/707663 HTTP/1.1" 404 16857 "-" "Mozilla/5.0 (Linux; Android 6.0.1; Nexus 5X Build/MMB29P) AppleWebKit/537.36 (KHTML, like Gecko) Chrome/146.0.7680.177 Mobile Safari/537.36 (compatible; Googlebot/2.1; +http://www.google.com/bot.html)"
95.216.2.94 - - [15/Apr/2026:03:08:21 +0200] "POST /wp-cron.php?doing_wp_cron=1776215301.9137609004974365234375 HTTP/1.1" 500 199 "-" "WordPress/6.9.4; http://www.eeggs.ru"
66.249.66.33 - - [15/Apr/2026:03:08:21 +0200] "GET /goods/London-Boutons-De-Manchette-Yin-Yang/1231615 HTTP/1.1" 301 452 "-" "Mozilla/5.0 (Linux; Android 6.0.1; Nexus 5X Build/MMB29P) AppleWebKit/537.36 (KHTML, like Gecko) Chrome/146.0.7680.177 Mobile Safari/537.36 (compatible; Googlebot/2.1; +http://www.google.com/bot.html)"
66.249.66.200 - - [15/Apr/2026:03:08:22 +0200] "GET /goods/London-Boutons-De-Manchette-Yin-Yang/1231615 HTTP/1.1" 404 16849 "-" "Mozilla/5.0 (Linux; Android 6.0.1; Nexus 5X Build/MMB29P) AppleWebKit/537.36 (KHTML, like Gecko) Chrome/146.0.7680.177 Mobile Safari/537.36 (compatible; Googlebot/2.1; +http://www.google.com/bot.html)"
95.216.2.94 - - [15/Apr/2026:03:10:12 +0200] "POST /wp-cron.php?doing_wp_cron=1776215412.6418390274047851562500 HTTP/1.1" 500 199 "-" "WordPress/6.9.4; http://www.eeggs.ru"
52.167.144.160 - - [15/Apr/2026:03:10:11 +0200] "GET /goods/Lot-De-3-Slip-Fillette-Uni-Mimo-Coton/746280 HTTP/1.1" 301 396 "-" "Mozilla/5.0 AppleWebKit/537.36 (KHTML, like Gecko; compatible; bingbot/2.0; +http://www.bing.com/bingbot.htm) Chrome/116.0.1938.76 Safari/537.36"
52.167.144.211 - - [15/Apr/2026:03:10:16 +0200] "GET /goods/Coussin-Chauffant-Noyaux-De-Cerise-60x20cm-800g/1135919 HTTP/1.1" 301 407 "-" "Mozilla/5.0 AppleWebKit/537.36 (KHTML, like Gecko; compatible; bingbot/2.0; +http://www.bing.com/bingbot.htm) Chrome/116.0.1938.76 Safari/537.36"
66.249.66.34 - - [15/Apr/2026:03:10:32 +0200] "GET /goods/Pour-Homme-Veste-De-Smoking-Vintage-Avec-Waistcoat-Jupe-De/1042303 HTTP/1.1" 301 474 "-" "Mozilla/5.0 (Linux; Android 6.0.1; Nexus 5X Build/MMB29P) AppleWebKit/537.36 (KHTML, like Gecko) Chrome/146.0.7680.177 Mobile Safari/537.36 (compatible; Googlebot/2.1; +http://www.google.com/bot.html)"
66.249.66.200 - - [15/Apr/2026:03:10:33 +0200] "GET /goods/Pour-Homme-Veste-De-Smoking-Vintage-Avec-Waistcoat-Jupe-De/1042303 HTTP/1.1" 404 16849 "-" "Mozilla/5.0 (Linux; Android 6.0.1; Nexus 5X Build/MMB29P) AppleWebKit/537.36 (KHTML, like Gecko) Chrome/146.0.7680.177 Mobile Safari/537.36 (compatible; Googlebot/2.1; +http://www.google.com/bot.html)"
216.73.216.41 - - [15/Apr/2026:03:11:56 +0200] "GET /robots.txt HTTP/1.1" 200 463 "-" "Mozilla/5.0 AppleWebKit/537.36 (KHTML, like Gecko; compatible; ClaudeBot/1.0; +claudebot@anthropic.com)"
95.216.2.94 - - [15/Apr/2026:03:11:57 +0200] "POST /wp-cron.php?doing_wp_cron=1776215517.5167179107666015625000 HTTP/1.1" 500 199 "-" "WordPress/6.9.4; http://www.eeggs.ru"
216.73.216.41 - - [15/Apr/2026:03:11:56 +0200] "GET /goods.php HTTP/1.1" 301 410 "-" "Mozilla/5.0 AppleWebKit/537.36 (KHTML, like Gecko; compatible; ClaudeBot/1.0; +claudebot@anthropic.com)"
216.73.216.41 - - [15/Apr/2026:03:12:00 +0200] "GET /goods.php HTTP/1.1" 404 16860 "http://eeggs.ru/goods.php" "Mozilla/5.0 AppleWebKit/537.36 (KHTML, like Gecko; compatible; ClaudeBot/1.0; +claudebot@anthropic.com)"
52.167.144.169 - - [15/Apr/2026:03:12:39 +0200] "GET /goods/res-lentille-Color-e-Givr-e-Ronde-DC-3V-20A/1041430 HTTP/1.1" 301 403 "-" "Mozilla/5.0 AppleWebKit/537.36 (KHTML, like Gecko; compatible; bingbot/2.0; +http://www.bing.com/bingbot.htm) Chrome/116.0.1938.76 Safari/537.36"
52.167.144.169 - - [15/Apr/2026:03:12:40 +0200] "GET /goods/pouse-Homme-Animaux-De-Compagnie-Image-En-Verre-Personnalis/878869 HTTP/1.1" 301 418 "-" "Mozilla/5.0 AppleWebKit/537.36 (KHTML, like Gecko; compatible; bingbot/2.0; +http://www.bing.com/bingbot.htm) Chrome/116.0.1938.76 Safari/537.36"
52.167.144.160 - - [15/Apr/2026:03:12:46 +0200] "GET /goods/SELTMANN-WEIDEN-MARIE-LUISE-Soucoupe-De-Th-Soucoupe-Nostalgie/515874 HTTP/1.1" 301 420 "-" "Mozilla/5.0 AppleWebKit/537.36 (KHTML, like Gecko; compatible; bingbot/2.0; +http://www.bing.com/bingbot.htm) Chrome/116.0.1938.76 Safari/537.36"
52.167.144.160 - - [15/Apr/2026:03:12:47 +0200] "GET /goods/Des-Livres-En-Cadeau-Pour-Les-Amateurs-De-Science-Ressources/1216020 HTTP/1.1" 301 420 "-" "Mozilla/5.0 AppleWebKit/537.36 (KHTML, like Gecko; compatible; bingbot/2.0; +http://www.bing.com/bingbot.htm) Chrome/116.0.1938.76 Safari/537.36"
95.216.2.94 - - [15/Apr/2026:03:14:59 +0200] "POST /wp-cron.php?doing_wp_cron=1776215699.0787329673767089843750 HTTP/1.1" 500 199 "-" "WordPress/6.9.4; http://www.eeggs.ru"
52.167.144.169 - - [15/Apr/2026:03:14:58 +0200] "GET /goods/e-Tress-e-70cm-Triceps-Poulie-Fitness-Tech-U2013-Noire-FITNESS/726939 HTTP/1.1" 301 421 "-" "Mozilla/5.0 AppleWebKit/537.36 (KHTML, like Gecko; compatible; bingbot/2.0; +http://www.bing.com/bingbot.htm) Chrome/116.0.1938.76 Safari/537.36"
52.167.144.169 - - [15/Apr/2026:03:14:59 +0200] "GET /goods/3-Mini-Gants-De-Four-En-Silicone-pais-Gants-De-Cuisine/532297 HTTP/1.1" 301 413 "-" "Mozilla/5.0 AppleWebKit/537.36 (KHTML, like Gecko; compatible; bingbot/2.0; +http://www.bing.com/bingbot.htm) Chrome/116.0.1938.76 Safari/537.36"
152.228.220.143 - - [15/Apr/2026:03:15:45 +0200] "GET /software/google-chrome/feed/ HTTP/1.1" 200 2231 "-" "Mozilla/5.0 (X11; Linux i686) AppleWebKit/537.36 (KHTML, like Gecko) Chrome/30.0.1599.66 Safari/537.36"
95.216.2.94 - - [15/Apr/2026:03:16:40 +0200] "POST /wp-cron.php?doing_wp_cron=1776215800.2368519306182861328125 HTTP/1.1" 500 199 "-" "WordPress/6.9.4; http://www.eeggs.ru"
52.167.144.169 - - [15/Apr/2026:03:16:39 +0200] "GET /goods/Les-Noces-Pourpres-De-George-R-R-Martin/885976 HTTP/1.1" 301 398 "-" "Mozilla/5.0 AppleWebKit/537.36 (KHTML, like Gecko; compatible; bingbot/2.0; +http://www.bing.com/bingbot.htm) Chrome/116.0.1938.76 Safari/537.36"
52.167.144.211 - - [15/Apr/2026:03:16:43 +0200] "GET /goods/Filtres-Air-491588s-Compatibles-Avec-Les-Mod-les-Briggs/745118 HTTP/1.1" 301 414 "-" "Mozilla/5.0 AppleWebKit/537.36 (KHTML, like Gecko; compatible; bingbot/2.0; +http://www.bing.com/bingbot.htm) Chrome/116.0.1938.76 Safari/537.36"
52.167.144.160 - - [15/Apr/2026:03:16:44 +0200] "GET /goods/MM-HD-KE-BLAU-121895-F-r-Blanco/1219117 HTTP/1.1" 301 391 "-" "Mozilla/5.0 AppleWebKit/537.36 (KHTML, like Gecko; compatible; bingbot/2.0; +http://www.bing.com/bingbot.htm) Chrome/116.0.1938.76 Safari/537.36"
40.77.167.52 - - [15/Apr/2026:03:17:27 +0200] "GET /sitemap.xml.gz HTTP/1.1" 200 871 "-" "Mozilla/5.0 AppleWebKit/537.36 (KHTML, like Gecko; compatible; bingbot/2.0; +http://www.bing.com/bingbot.htm) Chrome/116.0.1938.76 Safari/537.36"
95.216.2.94 - - [15/Apr/2026:03:18:08 +0200] "POST /wp-cron.php?doing_wp_cron=1776215887.9270210266113281250000 HTTP/1.1" 500 199 "-" "WordPress/6.9.4; http://www.eeggs.ru"
66.249.66.33 - - [15/Apr/2026:03:18:07 +0200] "GET /goods/Veste-De-Ski-Killtec-Gar-on-Imperm-able-10000mm-Capuche/593333 HTTP/1.1" 301 470 "-" "Mozilla/5.0 (Linux; Android 6.0.1; Nexus 5X Build/MMB29P) AppleWebKit/537.36 (KHTML, like Gecko) Chrome/146.0.7680.177 Mobile Safari/537.36 (compatible; Googlebot/2.1; +http://www.google.com/bot.html)"
66.249.66.200 - - [15/Apr/2026:03:18:08 +0200] "GET /goods/Veste-De-Ski-Killtec-Gar-on-Imperm-able-10000mm-Capuche/593333 HTTP/1.1" 404 16849 "-" "Mozilla/5.0 (Linux; Android 6.0.1; Nexus 5X Build/MMB29P) AppleWebKit/537.36 (KHTML, like Gecko) Chrome/146.0.7680.177 Mobile Safari/537.36 (compatible; Googlebot/2.1; +http://www.google.com/bot.html)"
95.216.2.94 - - [15/Apr/2026:03:21:15 +0200] "POST /wp-cron.php?doing_wp_cron=1776216075.3141739368438720703125 HTTP/1.1" 500 199 "-" "WordPress/6.9.4; http://www.eeggs.ru"
216.73.216.41 - - [15/Apr/2026:03:21:14 +0200] "GET / HTTP/1.1" 301 290 "-" "Mozilla/5.0 AppleWebKit/537.36 (KHTML, like Gecko; compatible; ClaudeBot/1.0; +claudebot@anthropic.com)"
216.73.216.41 - - [15/Apr/2026:03:21:16 +0200] "GET / HTTP/1.1" 200 8238 "http://eeggs.ru/" "Mozilla/5.0 AppleWebKit/537.36 (KHTML, like Gecko; compatible; ClaudeBot/1.0; +claudebot@anthropic.com)"
40.77.167.26 - - [15/Apr/2026:03:21:31 +0200] "GET /atom.xml HTTP/1.1" 301 354 "-" "Mozilla/5.0 AppleWebKit/537.36 (KHTML, like Gecko; compatible; bingbot/2.0; +http://www.bing.com/bingbot.htm) Chrome/116.0.1938.76 Safari/537.36"
52.167.144.209 - - [15/Apr/2026:03:21:41 +0200] "GET /atom.xml HTTP/1.1" 404 16804 "-" "Mozilla/5.0 AppleWebKit/537.36 (KHTML, like Gecko; compatible; bingbot/2.0; +http://www.bing.com/bingbot.htm) Chrome/116.0.1938.76 Safari/537.36"
66.249.66.33 - - [15/Apr/2026:03:22:02 +0200] "GET /goods/De-2-Paires-De-Boucles-D-039-oreilles-Pendantes-En/1255902 HTTP/1.1" 301 466 "-" "Mozilla/5.0 (Linux; Android 6.0.1; Nexus 5X Build/MMB29P) AppleWebKit/537.36 (KHTML, like Gecko) Chrome/146.0.7680.177 Mobile Safari/537.36 (compatible; Googlebot/2.1; +http://www.google.com/bot.html)"
66.249.66.198 - - [15/Apr/2026:03:22:04 +0200] "GET /goods/De-2-Paires-De-Boucles-D-039-oreilles-Pendantes-En/1255902 HTTP/1.1" 404 16849 "-" "Mozilla/5.0 (Linux; Android 6.0.1; Nexus 5X Build/MMB29P) AppleWebKit/537.36 (KHTML, like Gecko) Chrome/146.0.7680.177 Mobile Safari/537.36 (compatible; Googlebot/2.1; +http://www.google.com/bot.html)"
95.216.2.94 - - [15/Apr/2026:03:23:49 +0200] "POST /wp-cron.php?doing_wp_cron=1776216229.2705669403076171875000 HTTP/1.1" 500 199 "-" "WordPress/6.9.4; http://www.eeggs.ru"
66.249.66.34 - - [15/Apr/2026:03:23:48 +0200] "GET /goods/Park-Sun-Sports-Spectrum-Classic/1021463 HTTP/1.1" 301 448 "-" "Mozilla/5.0 (Linux; Android 6.0.1; Nexus 5X Build/MMB29P) AppleWebKit/537.36 (KHTML, like Gecko) Chrome/146.0.7680.177 Mobile Safari/537.36 (compatible; Googlebot/2.1; +http://www.google.com/bot.html)"
66.249.66.198 - - [15/Apr/2026:03:23:49 +0200] "GET /goods/Park-Sun-Sports-Spectrum-Classic/1021463 HTTP/1.1" 404 16849 "-" "Mozilla/5.0 (Linux; Android 6.0.1; Nexus 5X Build/MMB29P) AppleWebKit/537.36 (KHTML, like Gecko) Chrome/146.0.7680.177 Mobile Safari/537.36 (compatible; Googlebot/2.1; +http://www.google.com/bot.html)"
95.216.2.94 - - [15/Apr/2026:03:25:38 +0200] "POST /wp-cron.php?doing_wp_cron=1776216338.9907610416412353515625 HTTP/1.1" 500 199 "-" "WordPress/6.9.4; http://www.eeggs.ru"
66.249.66.34 - - [15/Apr/2026:03:25:38 +0200] "GET /goods/LED-Dimmable-220V-SMD-Auto-redressement-120-LED-m-10W-m-1000lm-m/493283 HTTP/1.1" 301 479 "-" "Mozilla/5.0 (Linux; Android 6.0.1; Nexus 5X Build/MMB29P) AppleWebKit/537.36 (KHTML, like Gecko) Chrome/146.0.7680.177 Mobile Safari/537.36 (compatible; Googlebot/2.1; +http://www.google.com/bot.html)"
66.249.66.198 - - [15/Apr/2026:03:25:39 +0200] "GET /goods/LED-Dimmable-220V-SMD-Auto-redressement-120-LED-m-10W-m-1000lm-m/493283 HTTP/1.1" 404 16857 "-" "Mozilla/5.0 (Linux; Android 6.0.1; Nexus 5X Build/MMB29P) AppleWebKit/537.36 (KHTML, like Gecko) Chrome/146.0.7680.177 Mobile Safari/537.36 (compatible; Googlebot/2.1; +http://www.google.com/bot.html)"
66.249.66.32 - - [15/Apr/2026:03:26:28 +0200] "GET /goods/Unisexe-Poncho-De-Bain-Adulte-Capuche-S-chage-Rapide/871292 HTTP/1.1" 301 467 "-" "Mozilla/5.0 (Linux; Android 6.0.1; Nexus 5X Build/MMB29P) AppleWebKit/537.36 (KHTML, like Gecko) Chrome/146.0.7680.177 Mobile Safari/537.36 (compatible; Googlebot/2.1; +http://www.google.com/bot.html)"
66.249.66.200 - - [15/Apr/2026:03:26:29 +0200] "GET /goods/Unisexe-Poncho-De-Bain-Adulte-Capuche-S-chage-Rapide/871292 HTTP/1.1" 404 16849 "-" "Mozilla/5.0 (Linux; Android 6.0.1; Nexus 5X Build/MMB29P) AppleWebKit/537.36 (KHTML, like Gecko) Chrome/146.0.7680.177 Mobile Safari/537.36 (compatible; Googlebot/2.1; +http://www.google.com/bot.html)"
95.216.2.94 - - [15/Apr/2026:03:26:46 +0200] "POST /wp-cron.php?doing_wp_cron=1776216406.6623759269714355468750 HTTP/1.1" 500 199 "-" "WordPress/6.9.4; http://www.eeggs.ru"
94.154.35.236 - - [15/Apr/2026:03:26:45 +0200] "HEAD /bkup.gz HTTP/1.1" 301 339 "-" "Mozilla/5.0 (Windows NT 10.0; Win64; x64) AppleWebKit/537.36 (KHTML, like Gecko) Chrome/101.0.4951.67 Safari/537.36"
94.154.35.236 - - [15/Apr/2026:03:26:47 +0200] "HEAD /bkup.gz HTTP/1.1" 404 330 "-" "Mozilla/5.0 (Windows NT 10.0; Win64; x64) AppleWebKit/537.36 (KHTML, like Gecko) Chrome/101.0.4951.67 Safari/537.36"
144.76.32.190 - - [15/Apr/2026:03:26:57 +0200] "GET /robots.txt HTTP/1.1" 200 463 "-" "Mozilla/5.0 (compatible; SERankingBacklinksBot/1.0; +https://seranking.com/backlinks-crawler)"
144.76.32.190 - - [15/Apr/2026:03:26:57 +0200] "GET /goods/quot-Premium-quot-40g/829715 HTTP/1.1" 301 436 "-" "Mozilla/5.0 (compatible; SERankingBacklinksBot/1.0; +https://seranking.com/backlinks-crawler)"
144.76.32.190 - - [15/Apr/2026:03:26:58 +0200] "GET /robots.txt HTTP/1.1" 200 463 "-" "Mozilla/5.0 (compatible; SERankingBacklinksBot/1.0; +https://seranking.com/backlinks-crawler)"
144.76.32.190 - - [15/Apr/2026:03:26:58 +0200] "GET /goods/quot-Premium-quot-40g/829715 HTTP/1.1" 404 16860 "-" "Mozilla/5.0 (compatible; SERankingBacklinksBot/1.0; +https://seranking.com/backlinks-crawler)"
40.77.167.1 - - [15/Apr/2026:03:27:02 +0200] "GET /goods/From-Submarines-A-Visual-Explainer/693567 HTTP/1.1" 301 393 "-" "Mozilla/5.0 AppleWebKit/537.36 (KHTML, like Gecko; compatible; bingbot/2.0; +http://www.bing.com/bingbot.htm) Chrome/116.0.1938.76 Safari/537.36"
95.216.2.94 - - [15/Apr/2026:03:28:32 +0200] "POST /wp-cron.php?doing_wp_cron=1776216512.2727479934692382812500 HTTP/1.1" 500 199 "-" "WordPress/6.9.4; http://www.eeggs.ru"
66.249.66.32 - - [15/Apr/2026:03:28:31 +0200] "GET /goods/En-Acier-Inoxydable-Pour-vier-De/923230 HTTP/1.1" 301 447 "-" "Mozilla/5.0 (Linux; Android 6.0.1; Nexus 5X Build/MMB29P) AppleWebKit/537.36 (KHTML, like Gecko) Chrome/146.0.7680.177 Mobile Safari/537.36 (compatible; Googlebot/2.1; +http://www.google.com/bot.html)"
66.249.66.198 - - [15/Apr/2026:03:28:32 +0200] "GET /goods/En-Acier-Inoxydable-Pour-vier-De/923230 HTTP/1.1" 404 16849 "-" "Mozilla/5.0 (Linux; Android 6.0.1; Nexus 5X Build/MMB29P) AppleWebKit/537.36 (KHTML, like Gecko) Chrome/146.0.7680.177 Mobile Safari/537.36 (compatible; Googlebot/2.1; +http://www.google.com/bot.html)"
95.216.2.94 - - [15/Apr/2026:03:36:57 +0200] "POST /wp-cron.php?doing_wp_cron=1776217017.7912039756774902343750 HTTP/1.1" 500 199 "-" "WordPress/6.9.4; http://www.eeggs.ru"
152.228.220.143 - - [15/Apr/2026:03:36:57 +0200] "GET /software/adobe-flash-cs3/feed/ HTTP/1.1" 200 1499 "-" "Mozilla/5.0 (X11; Linux i686) AppleWebKit/537.36 (KHTML, like Gecko) Chrome/30.0.1599.66 Safari/537.36"
66.249.66.33 - - [15/Apr/2026:03:37:26 +0200] "GET /goods/Hawaiienne-V-ritable-Chemise-Hawa-enne-Homme-Manches-Courtes/721632 HTTP/1.1" 301 475 "-" "Mozilla/5.0 (Linux; Android 6.0.1; Nexus 5X Build/MMB29P) AppleWebKit/537.36 (KHTML, like Gecko) Chrome/146.0.7680.177 Mobile Safari/537.36 (compatible; Googlebot/2.1; +http://www.google.com/bot.html)"
66.249.66.200 - - [15/Apr/2026:03:37:27 +0200] "GET /goods/Hawaiienne-V-ritable-Chemise-Hawa-enne-Homme-Manches-Courtes/721632 HTTP/1.1" 404 16849 "-" "Mozilla/5.0 (Linux; Android 6.0.1; Nexus 5X Build/MMB29P) AppleWebKit/537.36 (KHTML, like Gecko) Chrome/146.0.7680.177 Mobile Safari/537.36 (compatible; Googlebot/2.1; +http://www.google.com/bot.html)"
95.216.2.94 - - [15/Apr/2026:03:39:23 +0200] "POST /wp-cron.php?doing_wp_cron=1776217163.6755249500274658203125 HTTP/1.1" 500 199 "-" "WordPress/6.9.4; http://www.eeggs.ru"
40.77.167.58 - - [15/Apr/2026:03:39:22 +0200] "GET /goods/Veredus-Graisse-Pour-Sabots-Green-Hoof-Ligne-Biocare/488319 HTTP/1.1" 301 411 "-" "Mozilla/5.0 AppleWebKit/537.36 (KHTML, like Gecko; compatible; bingbot/2.0; +http://www.bing.com/bingbot.htm) Chrome/116.0.1938.76 Safari/537.36"
40.77.167.58 - - [15/Apr/2026:03:39:24 +0200] "GET /goods/Kensington-Presentador-Inal-mbrico-Con-Control-De-Cursor-Talla/737150 HTTP/1.1" 301 421 "-" "Mozilla/5.0 AppleWebKit/537.36 (KHTML, like Gecko; compatible; bingbot/2.0; +http://www.bing.com/bingbot.htm) Chrome/116.0.1938.76 Safari/537.36"
40.77.167.58 - - [15/Apr/2026:03:39:25 +0200] "GET /goods/D-039-talonnage-U2013-1-Kg-X-M2-De-Pr-cision-Poids-En/765972 HTTP/1.1" 301 412 "-" "Mozilla/5.0 AppleWebKit/537.36 (KHTML, like Gecko; compatible; bingbot/2.0; +http://www.bing.com/bingbot.htm) Chrome/116.0.1938.76 Safari/537.36"
40.77.167.32 - - [15/Apr/2026:03:39:27 +0200] "GET /goods/Addams-Robe-Costume-Pour-Femmes-Costume-De-Cosplay/785696 HTTP/1.1" 301 409 "-" "Mozilla/5.0 AppleWebKit/537.36 (KHTML, like Gecko; compatible; bingbot/2.0; +http://www.bing.com/bingbot.htm) Chrome/116.0.1938.76 Safari/537.36"
66.249.66.34 - - [15/Apr/2026:03:39:36 +0200] "GET /goods/Cm-M-le-Vers-1-27-Cm-M-le-BSP-Pour-Raccord-De-Tuyau-De/1241721 HTTP/1.1" 301 470 "-" "Mozilla/5.0 (Linux; Android 6.0.1; Nexus 5X Build/MMB29P) AppleWebKit/537.36 (KHTML, like Gecko) Chrome/146.0.7680.177 Mobile Safari/537.36 (compatible; Googlebot/2.1; +http://www.google.com/bot.html)"
52.167.144.211 - - [15/Apr/2026:03:39:36 +0200] "GET /goods/Communications-En-Mer-Portable-Et-Fixe-ASN-Et/1024716 HTTP/1.1" 301 405 "-" "Mozilla/5.0 AppleWebKit/537.36 (KHTML, like Gecko; compatible; bingbot/2.0; +http://www.bing.com/bingbot.htm) Chrome/116.0.1938.76 Safari/537.36"
66.249.66.200 - - [15/Apr/2026:03:39:37 +0200] "GET /goods/Cm-M-le-Vers-1-27-Cm-M-le-BSP-Pour-Raccord-De-Tuyau-De/1241721 HTTP/1.1" 404 16849 "-" "Mozilla/5.0 (Linux; Android 6.0.1; Nexus 5X Build/MMB29P) AppleWebKit/537.36 (KHTML, like Gecko) Chrome/146.0.7680.177 Mobile Safari/537.36 (compatible; Googlebot/2.1; +http://www.google.com/bot.html)"
95.216.2.94 - - [15/Apr/2026:03:40:55 +0200] "POST /wp-cron.php?doing_wp_cron=1776217255.3061230182647705078125 HTTP/1.1" 500 199 "-" "WordPress/6.9.4; http://www.eeggs.ru"
152.228.220.143 - - [15/Apr/2026:03:40:54 +0200] "GET /software/skrytye-smajly-i-ikonki-v-skype/feed/ HTTP/1.1" 200 2281 "-" "Mozilla/5.0 (X11; Linux i686) AppleWebKit/537.36 (KHTML, like Gecko) Chrome/30.0.1599.66 Safari/537.36"
152.228.220.143 - - [15/Apr/2026:03:41:19 +0200] "GET /other/osmp-ny/feed/ HTTP/1.1" 200 1719 "-" "Mozilla/5.0 (X11; Linux i686) AppleWebKit/537.36 (KHTML, like Gecko) Chrome/30.0.1599.66 Safari/537.36"
54.37.118.80 - - [15/Apr/2026:03:41:43 +0200] "GET /feed/ HTTP/1.1" 304 186 "-" "Mozilla/5.0 (compatible; AhrefsBot/7.0; +http://ahrefs.com/robot/)"
95.216.2.94 - - [15/Apr/2026:03:42:23 +0200] "POST /wp-cron.php?doing_wp_cron=1776217343.4389529228210449218750 HTTP/1.1" 500 199 "-" "WordPress/6.9.4; http://www.eeggs.ru"
216.73.216.41 - - [15/Apr/2026:03:42:22 +0200] "GET / HTTP/1.1" 301 290 "-" "Mozilla/5.0 AppleWebKit/537.36 (KHTML, like Gecko; compatible; ClaudeBot/1.0; +claudebot@anthropic.com)"
95.216.2.94 - - [15/Apr/2026:03:44:27 +0200] "POST /wp-cron.php?doing_wp_cron=1776217467.2294719219207763671875 HTTP/1.1" 500 199 "-" "WordPress/6.9.4; http://www.eeggs.ru"
40.77.167.26 - - [15/Apr/2026:03:44:26 +0200] "GET /goods/Suivre-Ses-Objectifs-Pour-Tous-Les-Passionn-s-Et-D-butant-De/1198855 HTTP/1.1" 301 420 "-" "Mozilla/5.0 AppleWebKit/537.36 (KHTML, like Gecko; compatible; bingbot/2.0; +http://www.bing.com/bingbot.htm) Chrome/116.0.1938.76 Safari/537.36"
52.167.144.236 - - [15/Apr/2026:03:44:30 +0200] "GET /goods/Alexandrins-Crozes-Hermitage-2022-Vin-Rouge-De-La-Vall-e/454290 HTTP/1.1" 301 415 "-" "Mozilla/5.0 AppleWebKit/537.36 (KHTML, like Gecko; compatible; bingbot/2.0; +http://www.bing.com/bingbot.htm) Chrome/116.0.1938.76 Safari/537.36"
95.216.2.94 - - [15/Apr/2026:03:47:22 +0200] "POST /wp-cron.php?doing_wp_cron=1776217642.3077049255371093750000 HTTP/1.1" 500 199 "-" "WordPress/6.9.4; http://www.eeggs.ru"
91.84.114.150 - - [15/Apr/2026:03:47:21 +0200] "GET /web/efes/ HTTP/1.0" 200 24524 "http://www.eeggs.ru/web/efes/" "Mozilla/5.0 (Windows NT 10.0; Win64; x64) AppleWebKit/537.36 (KHTML, like Gecko) Chrome/131.0.0.0 Safari/537.36"
91.84.114.150 - - [15/Apr/2026:03:47:22 +0200] "POST /wp-comments-post.php HTTP/1.0" 500 166 "http://www.eeggs.ru/web/efes/" "Mozilla/5.0 (Windows NT 10.0; Win64; x64) AppleWebKit/537.36 (KHTML, like Gecko) Chrome/131.0.0.0 Safari/537.36"
149.88.110.49 - - [15/Apr/2026:03:47:58 +0200] "GET / HTTP/1.1" 301 290 "-" "Mozilla/5.0 (Windows NT 10.0; Win64; x64) AppleWebKit/537.36 (KHTML, like Gecko) Chrome/95.0.4638.69 Safari/537.36"
149.88.110.49 - - [15/Apr/2026:03:48:01 +0200] "GET //wp-includes/ID3/license.txt HTTP/1.1" 200 1706 "-" "Mozilla/5.0 (Windows NT 10.0; Win64; x64) AppleWebKit/537.36 (KHTML, like Gecko) Chrome/95.0.4638.69 Safari/537.36"
149.88.110.49 - - [15/Apr/2026:03:48:02 +0200] "GET //feed/ HTTP/1.1" 301 392 "-" "Mozilla/5.0 (Windows NT 10.0; Win64; x64) AppleWebKit/537.36 (KHTML, like Gecko) Chrome/95.0.4638.69 Safari/537.36"
149.88.110.49 - - [15/Apr/2026:03:48:04 +0200] "GET //xmlrpc.php?rsd HTTP/1.1" 500 199 "-" "Mozilla/5.0 (Windows NT 10.0; Win64; x64) AppleWebKit/537.36 (KHTML, like Gecko) Chrome/95.0.4638.69 Safari/537.36"
149.88.110.49 - - [15/Apr/2026:03:48:05 +0200] "GET //blog/wp-includes/wlwmanifest.xml HTTP/1.1" 301 434 "-" "Mozilla/5.0 (Windows NT 10.0; Win64; x64) AppleWebKit/537.36 (KHTML, like Gecko) Chrome/95.0.4638.69 Safari/537.36"
149.88.110.49 - - [15/Apr/2026:03:48:06 +0200] "GET //web/wp-includes/wlwmanifest.xml HTTP/1.1" 301 432 "-" "Mozilla/5.0 (Windows NT 10.0; Win64; x64) AppleWebKit/537.36 (KHTML, like Gecko) Chrome/95.0.4638.69 Safari/537.36"
149.88.110.49 - - [15/Apr/2026:03:48:07 +0200] "GET //wordpress/wp-includes/wlwmanifest.xml HTTP/1.1" 301 438 "-" "Mozilla/5.0 (Windows NT 10.0; Win64; x64) AppleWebKit/537.36 (KHTML, like Gecko) Chrome/95.0.4638.69 Safari/537.36"
149.88.110.49 - - [15/Apr/2026:03:48:08 +0200] "GET //wp/wp-includes/wlwmanifest.xml HTTP/1.1" 301 431 "-" "Mozilla/5.0 (Windows NT 10.0; Win64; x64) AppleWebKit/537.36 (KHTML, like Gecko) Chrome/95.0.4638.69 Safari/537.36"
149.88.110.49 - - [15/Apr/2026:03:48:09 +0200] "GET //2020/wp-includes/wlwmanifest.xml HTTP/1.1" 301 433 "-" "Mozilla/5.0 (Windows NT 10.0; Win64; x64) AppleWebKit/537.36 (KHTML, like Gecko) Chrome/95.0.4638.69 Safari/537.36"
149.88.110.49 - - [15/Apr/2026:03:48:10 +0200] "GET //2019/wp-includes/wlwmanifest.xml HTTP/1.1" 301 433 "-" "Mozilla/5.0 (Windows NT 10.0; Win64; x64) AppleWebKit/537.36 (KHTML, like Gecko) Chrome/95.0.4638.69 Safari/537.36"
149.88.110.49 - - [15/Apr/2026:03:48:11 +0200] "GET //2021/wp-includes/wlwmanifest.xml HTTP/1.1" 301 433 "-" "Mozilla/5.0 (Windows NT 10.0; Win64; x64) AppleWebKit/537.36 (KHTML, like Gecko) Chrome/95.0.4638.69 Safari/537.36"
149.88.110.49 - - [15/Apr/2026:03:48:12 +0200] "GET //shop/wp-includes/wlwmanifest.xml HTTP/1.1" 301 433 "-" "Mozilla/5.0 (Windows NT 10.0; Win64; x64) AppleWebKit/537.36 (KHTML, like Gecko) Chrome/95.0.4638.69 Safari/537.36"
149.88.110.49 - - [15/Apr/2026:03:48:13 +0200] "GET //wp1/wp-includes/wlwmanifest.xml HTTP/1.1" 301 432 "-" "Mozilla/5.0 (Windows NT 10.0; Win64; x64) AppleWebKit/537.36 (KHTML, like Gecko) Chrome/95.0.4638.69 Safari/537.36"
149.88.110.49 - - [15/Apr/2026:03:48:14 +0200] "GET //test/wp-includes/wlwmanifest.xml HTTP/1.1" 301 433 "-" "Mozilla/5.0 (Windows NT 10.0; Win64; x64) AppleWebKit/537.36 (KHTML, like Gecko) Chrome/95.0.4638.69 Safari/537.36"
149.88.110.49 - - [15/Apr/2026:03:48:15 +0200] "GET //site/wp-includes/wlwmanifest.xml HTTP/1.1" 301 433 "-" "Mozilla/5.0 (Windows NT 10.0; Win64; x64) AppleWebKit/537.36 (KHTML, like Gecko) Chrome/95.0.4638.69 Safari/537.36"
149.88.110.49 - - [15/Apr/2026:03:48:16 +0200] "GET //cms/wp-includes/wlwmanifest.xml HTTP/1.1" 301 432 "-" "Mozilla/5.0 (Windows NT 10.0; Win64; x64) AppleWebKit/537.36 (KHTML, like Gecko) Chrome/95.0.4638.69 Safari/537.36"
95.216.2.94 - - [15/Apr/2026:03:51:54 +0200] "POST /wp-cron.php?doing_wp_cron=1776217914.0528600215911865234375 HTTP/1.1" 500 199 "-" "WordPress/6.9.4; http://www.eeggs.ru"
66.249.66.33 - - [15/Apr/2026:03:51:53 +0200] "GET /goods/100-Crochets-Muraux-Perfor-s-De-10-Cm-Crochets-Muraux-Outils/651213 HTTP/1.1" 301 475 "-" "Mozilla/5.0 (Linux; Android 6.0.1; Nexus 5X Build/MMB29P) AppleWebKit/537.36 (KHTML, like Gecko) Chrome/146.0.7680.177 Mobile Safari/537.36 (compatible; Googlebot/2.1; +http://www.google.com/bot.html)"
66.249.66.200 - - [15/Apr/2026:03:51:54 +0200] "GET /goods/100-Crochets-Muraux-Perfor-s-De-10-Cm-Crochets-Muraux-Outils/651213 HTTP/1.1" 404 16849 "-" "Mozilla/5.0 (Linux; Android 6.0.1; Nexus 5X Build/MMB29P) AppleWebKit/537.36 (KHTML, like Gecko) Chrome/146.0.7680.177 Mobile Safari/537.36 (compatible; Googlebot/2.1; +http://www.google.com/bot.html)"
114.119.139.115 - - [15/Apr/2026:03:52:51 +0200] "GET /sitemap.html HTTP/1.1" 200 1441 "-" "Mozilla/5.0 (Linux; Android 7.0;) AppleWebKit/537.36 (KHTML, like Gecko) Mobile Safari/537.36 (compatible; PetalBot;+https://webmaster.petalsearch.com/site/petalbot)"
95.216.2.94 - - [15/Apr/2026:03:53:33 +0200] "POST /wp-cron.php?doing_wp_cron=1776218013.2786910533905029296875 HTTP/1.1" 500 199 "-" "WordPress/6.9.4; http://www.eeggs.ru"
94.154.35.236 - - [15/Apr/2026:03:53:32 +0200] "HEAD /bkup.7z HTTP/1.1" 301 339 "-" "Mozilla/5.0 (Windows NT 10.0; Win64; x64) AppleWebKit/537.36 (KHTML, like Gecko) Chrome/101.0.4951.67 Safari/537.36"
94.154.35.236 - - [15/Apr/2026:03:53:33 +0200] "HEAD /bkup.7z HTTP/1.1" 404 330 "-" "Mozilla/5.0 (Windows NT 10.0; Win64; x64) AppleWebKit/537.36 (KHTML, like Gecko) Chrome/101.0.4951.67 Safari/537.36"
212.102.48.216 - - [15/Apr/2026:03:53:54 +0200] "GET / HTTP/1.0" 301 220 "http://eeggs.ru/" "Mozilla/5.0 (Windows NT 10.0; Win64; x64) AppleWebKit/537.36 (KHTML, like Gecko) Chrome/131.0.0.0 Safari/537.36"
212.102.48.216 - - [15/Apr/2026:03:53:55 +0200] "GET / HTTP/1.0" 200 30226 "http://www.eeggs.ru/" "Mozilla/5.0 (Windows NT 10.0; Win64; x64) AppleWebKit/537.36 (KHTML, like Gecko) Chrome/131.0.0.0 Safari/537.36"
212.102.48.216 - - [15/Apr/2026:03:53:56 +0200] "GET /web/efes/ HTTP/1.0" 200 24524 "http://www.eeggs.ru/web/efes/" "Mozilla/5.0 (Windows NT 10.0; Win64; x64) AppleWebKit/537.36 (KHTML, like Gecko) Chrome/131.0.0.0 Safari/537.36"
212.102.48.216 - - [15/Apr/2026:03:53:58 +0200] "POST /wp-comments-post.php HTTP/1.0" 500 166 "http://www.eeggs.ru/web/efes/" "Mozilla/5.0 (Windows NT 10.0; Win64; x64) AppleWebKit/537.36 (KHTML, like Gecko) Chrome/131.0.0.0 Safari/537.36"
95.216.2.94 - - [15/Apr/2026:03:55:35 +0200] "POST /wp-cron.php?doing_wp_cron=1776218135.5604970455169677734375 HTTP/1.1" 500 199 "-" "WordPress/6.9.4; http://www.eeggs.ru"
107.150.52.58 - - [15/Apr/2026:03:55:34 +0200] "GET /wp-includes/x6edb8a/edit.php HTTP/1.1" 301 430 "http://eeggs.ru/wp-includes/x6edb8a/edit.php" "Mozilla/5.0 (Windows NT 10.0; Win64; x64) AppleWebKit/537.36 (KHTML, like Gecko) Chrome/58.0.3029.110 Safari/537.3"
107.150.52.58 - - [15/Apr/2026:03:56:16 +0200] "GET /wp-includes/x6edb8a/edit.php HTTP/1.1" 404 16860 "http://eeggs.ru/wp-includes/x6edb8a/edit.php" "Mozilla/5.0 (Windows NT 10.0; Win64; x64) AppleWebKit/537.36 (KHTML, like Gecko) Chrome/58.0.3029.110 Safari/537.3"
95.216.2.94 - - [15/Apr/2026:03:57:37 +0200] "POST /wp-cron.php?doing_wp_cron=1776218257.5673599243164062500000 HTTP/1.1" 500 199 "-" "WordPress/6.9.4; http://www.eeggs.ru"
89.124.101.67 - - [15/Apr/2026:03:57:36 +0200] "GET /web/efes/ HTTP/1.0" 200 24525 "http://www.eeggs.ru/web/efes/#comment-295824" "Mozilla/5.0 (Windows NT 10.0; Win64; x64) AppleWebKit/537.36 (KHTML, like Gecko) Chrome/130.0.0.0 Safari/537.36 CCleaner/130.0.0.0"
89.124.101.67 - - [15/Apr/2026:03:57:37 +0200] "POST /wp-comments-post.php HTTP/1.0" 500 166 "http://www.eeggs.ru/web/efes/#comment-295824" "Mozilla/5.0 (Windows NT 10.0; Win64; x64) AppleWebKit/537.36 (KHTML, like Gecko) Chrome/130.0.0.0 Safari/537.36 CCleaner/130.0.0.0"
216.73.216.41 - - [15/Apr/2026:04:00:34 +0200] "GET /robots.txt HTTP/1.1" 200 463 "-" "Mozilla/5.0 AppleWebKit/537.36 (KHTML, like Gecko; compatible; ClaudeBot/1.0; +claudebot@anthropic.com)"
95.216.2.94 - - [15/Apr/2026:04:00:35 +0200] "POST /wp-cron.php?doing_wp_cron=1776218435.9301049709320068359375 HTTP/1.1" 500 199 "-" "WordPress/6.9.4; http://www.eeggs.ru"
216.73.216.41 - - [15/Apr/2026:04:00:35 +0200] "GET /category/web/feed/ HTTP/1.1" 200 5563 "-" "Mozilla/5.0 AppleWebKit/537.36 (KHTML, like Gecko; compatible; ClaudeBot/1.0; +claudebot@anthropic.com)"
66.249.66.34 - - [15/Apr/2026:04:00:49 +0200] "GET /goods/Soit-Dit-En-Passant-Poche-Woody-Allen-Livre-Tous-Les-Livres/727253 HTTP/1.1" 301 474 "-" "Mozilla/5.0 (Linux; Android 6.0.1; Nexus 5X Build/MMB29P) AppleWebKit/537.36 (KHTML, like Gecko) Chrome/146.0.7680.177 Mobile Safari/537.36 (compatible; Googlebot/2.1; +http://www.google.com/bot.html)"
66.249.66.199 - - [15/Apr/2026:04:00:50 +0200] "GET /goods/Soit-Dit-En-Passant-Poche-Woody-Allen-Livre-Tous-Les-Livres/727253 HTTP/1.1" 404 16849 "-" "Mozilla/5.0 (Linux; Android 6.0.1; Nexus 5X Build/MMB29P) AppleWebKit/537.36 (KHTML, like Gecko) Chrome/146.0.7680.177 Mobile Safari/537.36 (compatible; Googlebot/2.1; +http://www.google.com/bot.html)"
95.216.2.94 - - [15/Apr/2026:04:01:52 +0200] "POST /wp-cron.php?doing_wp_cron=1776218512.4846069812774658203125 HTTP/1.1" 500 199 "-" "WordPress/6.9.4; http://www.eeggs.ru"
66.249.66.32 - - [15/Apr/2026:04:01:51 +0200] "GET /goods/6PR-P512-Pneu-Pour-Tondeuse-Gazon-Tondeuse/586822 HTTP/1.1" 301 457 "-" "Mozilla/5.0 (Linux; Android 6.0.1; Nexus 5X Build/MMB29P) AppleWebKit/537.36 (KHTML, like Gecko) Chrome/146.0.7680.177 Mobile Safari/537.36 (compatible; Googlebot/2.1; +http://www.google.com/bot.html)"
66.249.66.200 - - [15/Apr/2026:04:01:52 +0200] "GET /goods/6PR-P512-Pneu-Pour-Tondeuse-Gazon-Tondeuse/586822 HTTP/1.1" 404 16849 "-" "Mozilla/5.0 (Linux; Android 6.0.1; Nexus 5X Build/MMB29P) AppleWebKit/537.36 (KHTML, like Gecko) Chrome/146.0.7680.177 Mobile Safari/537.36 (compatible; Googlebot/2.1; +http://www.google.com/bot.html)"
152.228.220.143 - - [15/Apr/2026:04:01:59 +0200] "GET /software/firefox/feed/ HTTP/1.1" 200 1393 "-" "Mozilla/5.0 (X11; Linux i686) AppleWebKit/537.36 (KHTML, like Gecko) Chrome/30.0.1599.66 Safari/537.36"
95.216.2.94 - - [15/Apr/2026:04:03:07 +0200] "POST /wp-cron.php?doing_wp_cron=1776218587.4320809841156005859375 HTTP/1.1" 500 199 "-" "WordPress/6.9.4; http://www.eeggs.ru"
40.77.167.155 - - [15/Apr/2026:04:03:06 +0200] "GET /goods/TIRAS-ANALITICAS-DE-SAL-AQUACHECK/1198013 HTTP/1.1" 301 393 "-" "Mozilla/5.0 AppleWebKit/537.36 (KHTML, like Gecko; compatible; bingbot/2.0; +http://www.bing.com/bingbot.htm) Chrome/116.0.1938.76 Safari/537.36"
40.77.167.7 - - [15/Apr/2026:04:03:20 +0200] "GET /goods/Pont-Redresseur-Monophas-Grandado/1110189 HTTP/1.1" 301 393 "-" "Mozilla/5.0 AppleWebKit/537.36 (KHTML, like Gecko; compatible; bingbot/2.0; +http://www.bing.com/bingbot.htm) Chrome/116.0.1938.76 Safari/537.36"
40.77.167.27 - - [15/Apr/2026:04:03:22 +0200] "GET /goods/Thermocollant-Vetement-Dessin-Anim-Ecusson/1114314 HTTP/1.1" 301 402 "-" "Mozilla/5.0 AppleWebKit/537.36 (KHTML, like Gecko; compatible; bingbot/2.0; +http://www.bing.com/bingbot.htm) Chrome/116.0.1938.76 Safari/537.36"
40.77.167.27 - - [15/Apr/2026:04:03:24 +0200] "GET /goods/Botte-De-Pluie-Enfant-Bottes-Neige-Happy-Cherry-Taille-24/1290935 HTTP/1.1" 301 417 "-" "Mozilla/5.0 AppleWebKit/537.36 (KHTML, like Gecko; compatible; bingbot/2.0; +http://www.bing.com/bingbot.htm) Chrome/116.0.1938.76 Safari/537.36"
40.77.167.155 - - [15/Apr/2026:04:03:36 +0200] "GET /goods/enfants-Coudi-res-Prot-ge-poignets-6-En-1-Pour-Patinage/1297871 HTTP/1.1" 301 415 "-" "Mozilla/5.0 AppleWebKit/537.36 (KHTML, like Gecko; compatible; bingbot/2.0; +http://www.bing.com/bingbot.htm) Chrome/116.0.1938.76 Safari/537.36"
40.77.167.155 - - [15/Apr/2026:04:03:37 +0200] "GET /goods/tre-Laser-120m-M-tre-Laser-Num-rique-2-5mm-Avec-R-tro/ HTTP/1.1" 301 406 "-" "Mozilla/5.0 AppleWebKit/537.36 (KHTML, like Gecko; compatible; bingbot/2.0; +http://www.bing.com/bingbot.htm) Chrome/116.0.1938.76 Safari/537.36"
95.216.2.94 - - [15/Apr/2026:04:04:36 +0200] "POST /wp-cron.php?doing_wp_cron=1776218676.7655489444732666015625 HTTP/1.1" 500 199 "-" "WordPress/6.9.4; http://www.eeggs.ru"
40.77.167.155 - - [15/Apr/2026:04:04:36 +0200] "GET /goods/Bougie-Bobine-D-039-allumage-Pour-STIHL-021-023-025-MS210-MS230/846029 HTTP/1.1" 301 422 "-" "Mozilla/5.0 AppleWebKit/537.36 (KHTML, like Gecko; compatible; bingbot/2.0; +http://www.bing.com/bingbot.htm) Chrome/116.0.1938.76 Safari/537.36"
40.77.167.27 - - [15/Apr/2026:04:05:04 +0200] "GET /goods/Coupe-En-Alliage-Dor-Molybd-ne-cran-LCD-S-parateur-De/791328 HTTP/1.1" 301 412 "-" "Mozilla/5.0 AppleWebKit/537.36 (KHTML, like Gecko; compatible; bingbot/2.0; +http://www.bing.com/bingbot.htm) Chrome/116.0.1938.76 Safari/537.36"
40.77.167.27 - - [15/Apr/2026:04:05:05 +0200] "GET /goods/7271-Tupolev-Ant-5-1-72-Kit-Odelo-Pl-stico-Aazon-es/512601 HTTP/1.1" 301 410 "-" "Mozilla/5.0 AppleWebKit/537.36 (KHTML, like Gecko; compatible; bingbot/2.0; +http://www.bing.com/bingbot.htm) Chrome/116.0.1938.76 Safari/537.36"
66.249.66.33 - - [15/Apr/2026:04:05:07 +0200] "GET /goods/LC9X-Noir-Profond-R-paration-De-Peinture/1157343 HTTP/1.1" 301 456 "-" "Mozilla/5.0 (Linux; Android 6.0.1; Nexus 5X Build/MMB29P) AppleWebKit/537.36 (KHTML, like Gecko) Chrome/146.0.7680.177 Mobile Safari/537.36 (compatible; Googlebot/2.1; +http://www.google.com/bot.html)"
66.249.66.198 - - [15/Apr/2026:04:05:08 +0200] "GET /goods/LC9X-Noir-Profond-R-paration-De-Peinture/1157343 HTTP/1.1" 404 16849 "-" "Mozilla/5.0 (Linux; Android 6.0.1; Nexus 5X Build/MMB29P) AppleWebKit/537.36 (KHTML, like Gecko) Chrome/146.0.7680.177 Mobile Safari/537.36 (compatible; Googlebot/2.1; +http://www.google.com/bot.html)"
95.216.2.94 - - [15/Apr/2026:04:06:44 +0200] "POST /wp-cron.php?doing_wp_cron=1776218804.1886539459228515625000 HTTP/1.1" 500 199 "-" "WordPress/6.9.4; http://www.eeggs.ru"
66.249.66.32 - - [15/Apr/2026:04:06:43 +0200] "GET /goods/En-Ligne-Mascouche-Eco-Boutique-Un-Monde-A-Vie/741410 HTTP/1.1" 301 461 "-" "Mozilla/5.0 (Linux; Android 6.0.1; Nexus 5X Build/MMB29P) AppleWebKit/537.36 (KHTML, like Gecko) Chrome/146.0.7680.177 Mobile Safari/537.36 (compatible; Googlebot/2.1; +http://www.google.com/bot.html)"
66.249.66.198 - - [15/Apr/2026:04:06:44 +0200] "GET /goods/En-Ligne-Mascouche-Eco-Boutique-Un-Monde-A-Vie/741410 HTTP/1.1" 404 16849 "-" "Mozilla/5.0 (Linux; Android 6.0.1; Nexus 5X Build/MMB29P) AppleWebKit/537.36 (KHTML, like Gecko) Chrome/146.0.7680.177 Mobile Safari/537.36 (compatible; Googlebot/2.1; +http://www.google.com/bot.html)"
95.216.2.94 - - [15/Apr/2026:04:08:47 +0200] "POST /wp-cron.php?doing_wp_cron=1776218927.5526940822601318359375 HTTP/1.1" 500 199 "-" "WordPress/6.9.4; http://www.eeggs.ru"
195.2.79.165 - - [15/Apr/2026:04:08:46 +0200] "GET /web/efes/ HTTP/1.0" 200 24524 "http://www.eeggs.ru/web/efes/#comment-318809" "Mozilla/5.0 (Windows NT 10.0; Win64; x64) AppleWebKit/537.36 (KHTML, like Gecko) Chrome/129.0.0.0 Safari/537.36"
195.2.79.165 - - [15/Apr/2026:04:08:51 +0200] "POST /wp-comments-post.php HTTP/1.0" 500 166 "http://www.eeggs.ru/web/efes/#comment-318809" "Mozilla/5.0 (Windows NT 10.0; Win64; x64) AppleWebKit/537.36 (KHTML, like Gecko) Chrome/129.0.0.0 Safari/537.36"
95.216.2.94 - - [15/Apr/2026:04:13:10 +0200] "POST /wp-cron.php?doing_wp_cron=1776219190.8090209960937500000000 HTTP/1.1" 500 199 "-" "WordPress/6.9.4; http://www.eeggs.ru"
154.196.71.236 - - [15/Apr/2026:04:13:09 +0200] "GET /web/efes/ HTTP/1.0" 200 24525 "http://www.eeggs.ru/web/efes/" "Mozilla/5.0 (Windows NT 10.0; Win64; x64) AppleWebKit/537.36 (KHTML, like Gecko) Chrome/130.0.0.0 Safari/537.36"
154.196.71.236 - - [15/Apr/2026:04:13:10 +0200] "POST /wp-comments-post.php HTTP/1.0" 500 166 "http://www.eeggs.ru/web/efes/" "Mozilla/5.0 (Windows NT 10.0; Win64; x64) AppleWebKit/537.36 (KHTML, like Gecko) Chrome/130.0.0.0 Safari/537.36"
190.68.182.253 - - [15/Apr/2026:04:13:54 +0200] "GET http://www.eeggs.ru/wp-content/uploads/2008/03/dw_3_1.png HTTP/1.1" 200 6028 "https://photosreda.ru/novoe/kak-v-dreamweaver-sdelat-fon-kartinku" "Mozilla/5.0 (Windows NT 10.0; Win64; x64; rv:52.0.2) Gecko/20100101 Firefox/52.0.2"
95.216.2.94 - - [15/Apr/2026:04:15:30 +0200] "POST /wp-cron.php?doing_wp_cron=1776219330.6835179328918457031250 HTTP/1.1" 500 199 "-" "WordPress/6.9.4; http://www.eeggs.ru"
66.249.66.32 - - [15/Apr/2026:04:15:29 +0200] "GET /goods/Love-Torchons-100-Coton-Pour-Cuisine-The-Beatles/822216 HTTP/1.1" 301 463 "-" "Mozilla/5.0 (Linux; Android 6.0.1; Nexus 5X Build/MMB29P) AppleWebKit/537.36 (KHTML, like Gecko) Chrome/146.0.7680.177 Mobile Safari/537.36 (compatible; Googlebot/2.1; +http://www.google.com/bot.html)"
66.249.66.199 - - [15/Apr/2026:04:15:31 +0200] "GET /goods/Love-Torchons-100-Coton-Pour-Cuisine-The-Beatles/822216 HTTP/1.1" 404 16849 "-" "Mozilla/5.0 (Linux; Android 6.0.1; Nexus 5X Build/MMB29P) AppleWebKit/537.36 (KHTML, like Gecko) Chrome/146.0.7680.177 Mobile Safari/537.36 (compatible; Googlebot/2.1; +http://www.google.com/bot.html)"
95.216.2.94 - - [15/Apr/2026:04:17:47 +0200] "POST /wp-cron.php?doing_wp_cron=1776219467.3687829971313476562500 HTTP/1.1" 500 199 "-" "WordPress/6.9.4; http://www.eeggs.ru"
170.106.180.153 - - [15/Apr/2026:04:17:46 +0200] "GET / HTTP/1.1" 301 253 "-" "Mozilla/5.0 (iPhone; CPU iPhone OS 13_2_3 like Mac OS X) AppleWebKit/605.1.15 (KHTML, like Gecko) Version/13.0.3 Mobile/15E148 Safari/604.1"
170.106.180.153 - - [15/Apr/2026:04:17:48 +0200] "GET / HTTP/1.1" 200 8201 "http://eeggs.ru" "Mozilla/5.0 (iPhone; CPU iPhone OS 13_2_3 like Mac OS X) AppleWebKit/605.1.15 (KHTML, like Gecko) Version/13.0.3 Mobile/15E148 Safari/604.1"
66.249.66.33 - - [15/Apr/2026:04:18:20 +0200] "GET /goods/GigBAR-Bridge-ILS-Chauvet-DJ/440541 HTTP/1.1" 301 443 "-" "Mozilla/5.0 (Linux; Android 6.0.1; Nexus 5X Build/MMB29P) AppleWebKit/537.36 (KHTML, like Gecko) Chrome/146.0.7680.177 Mobile Safari/537.36 (compatible; Googlebot/2.1; +http://www.google.com/bot.html)"
66.249.66.199 - - [15/Apr/2026:04:18:21 +0200] "GET /goods/GigBAR-Bridge-ILS-Chauvet-DJ/440541 HTTP/1.1" 404 16849 "-" "Mozilla/5.0 (Linux; Android 6.0.1; Nexus 5X Build/MMB29P) AppleWebKit/537.36 (KHTML, like Gecko) Chrome/146.0.7680.177 Mobile Safari/537.36 (compatible; Googlebot/2.1; +http://www.google.com/bot.html)"
66.249.66.32 - - [15/Apr/2026:04:18:36 +0200] "GET /goods/A-6824-Veste-Avec-Capuche-Iconic-Homme/1222639 HTTP/1.1" 301 454 "-" "Mozilla/5.0 (Linux; Android 6.0.1; Nexus 5X Build/MMB29P) AppleWebKit/537.36 (KHTML, like Gecko) Chrome/146.0.7680.177 Mobile Safari/537.36 (compatible; Googlebot/2.1; +http://www.google.com/bot.html)"
66.249.66.199 - - [15/Apr/2026:04:18:37 +0200] "GET /goods/A-6824-Veste-Avec-Capuche-Iconic-Homme/1222639 HTTP/1.1" 404 16849 "-" "Mozilla/5.0 (Linux; Android 6.0.1; Nexus 5X Build/MMB29P) AppleWebKit/537.36 (KHTML, like Gecko) Chrome/146.0.7680.177 Mobile Safari/537.36 (compatible; Googlebot/2.1; +http://www.google.com/bot.html)"
95.216.2.94 - - [15/Apr/2026:04:20:11 +0200] "POST /wp-cron.php?doing_wp_cron=1776219611.8249371051788330078125 HTTP/1.1" 500 199 "-" "WordPress/6.9.4; http://www.eeggs.ru"
186.188.105.82 - - [15/Apr/2026:04:20:10 +0200] "GET http://eeggs.ru/goods/leur-D-039-irrigation-De-Jardin-Avec/833327 HTTP/1.1" 200 411 "-" "Mozilla/5.0 (Macintosh; Intel Mac OS X 11_2_0) AppleWebKit/537.36 (KHTML, like Gecko) Chrome/88.0.4324.96 Safari/537.36"
62.197.45.62 - - [15/Apr/2026:04:20:50 +0200] "GET /web/efes/ HTTP/1.0" 200 24525 "http://www.eeggs.ru/web/efes/#comment-325325" "Mozilla/5.0 (Windows NT 6.3) AppleWebKit/537.36 (KHTML, like Gecko) Chrome/103.0.0.0 Safari/537.36"
62.197.45.62 - - [15/Apr/2026:04:20:51 +0200] "POST /wp-comments-post.php HTTP/1.0" 500 166 "http://www.eeggs.ru/web/efes/#comment-325325" "Mozilla/5.0 (Windows NT 6.3) AppleWebKit/537.36 (KHTML, like Gecko) Chrome/103.0.0.0 Safari/537.36"
94.154.35.236 - - [15/Apr/2026:04:20:56 +0200] "HEAD /bkp.tar.gz HTTP/1.1" 301 342 "-" "Mozilla/5.0 (Windows NT 10.0; Win64; x64) AppleWebKit/537.36 (KHTML, like Gecko) Chrome/101.0.4951.67 Safari/537.36"
94.154.35.236 - - [15/Apr/2026:04:20:57 +0200] "HEAD /bkp.tar.gz HTTP/1.1" 404 330 "-" "Mozilla/5.0 (Windows NT 10.0; Win64; x64) AppleWebKit/537.36 (KHTML, like Gecko) Chrome/101.0.4951.67 Safari/537.36"
62.197.45.179 - - [15/Apr/2026:04:21:09 +0200] "GET /web/efes/ HTTP/1.0" 200 24525 "http://www.eeggs.ru/web/efes/#comment-325325" "Mozilla/5.0 (Windows NT 6.2; Win64; x64) AppleWebKit/537.36 (KHTML, like Gecko) Chrome/103.0.0.0 Safari/537.36"
62.197.45.179 - - [15/Apr/2026:04:21:10 +0200] "POST /wp-comments-post.php HTTP/1.0" 500 166 "http://www.eeggs.ru/web/efes/#comment-325325" "Mozilla/5.0 (Windows NT 6.2; Win64; x64) AppleWebKit/537.36 (KHTML, like Gecko) Chrome/103.0.0.0 Safari/537.36"
95.216.2.94 - - [15/Apr/2026:04:21:13 +0200] "POST /wp-cron.php?doing_wp_cron=1776219673.7241098880767822265625 HTTP/1.1" 500 199 "-" "WordPress/6.9.4; http://www.eeggs.ru"
185.206.124.56 - - [15/Apr/2026:04:21:12 +0200] "GET http://eeggs.ru/goods/Reducteur-De-Lit-B-b-ULLENBOOM-Sable-Floral-55-X-95-Cm/603563 HTTP/1.1" 301 478 "-" "Mozilla/5.0 (Windows NT 6.1; Win64; x64) AppleWebKit/537.36 (KHTML, like Gecko) Chrome/85.0.4183.102 Safari/537.36"
123.26.10.248 - - [15/Apr/2026:04:21:20 +0200] "GET http://eeggs.ru/goods/Forme-De-Feuille-En-C-ramique-Plateau-Bijoux-Mini-Plat/1126945 HTTP/1.1" 200 411 "-" "Mozilla/5.0 (Windows NT 10.0; WOW64) AppleWebKit/537.36 (KHTML, like Gecko) Chrome/79.0.3945.130 Safari/537.36 AOLShield/79.0.3945.5"
14.172.7.64 - - [15/Apr/2026:04:21:25 +0200] "GET http://eeggs.ru/goods/Reducteur-De-Lit-B-b-ULLENBOOM-Sable-Floral-55-X-95-Cm/603563 HTTP/1.1" 200 411 "-" "Mozilla/5.0 (Windows NT 6.1; WOW64) AppleWebKit/537.36 (KHTML, like Gecko) Chrome/107.0.0.0 Safari/537.36"
113.179.51.44 - - [15/Apr/2026:04:21:29 +0200] "GET http://eeggs.ru/goods/10-Leurres-Rotatifs-En-M-tal-Paillettes-Pour-Brochet-Truite/696364 HTTP/1.1" 301 483 "-" "Mozilla/5.0 (Macintosh; Intel Mac OS X 10_2) AppleWebKit/537.36 (KHTML, like Gecko) Chrome/98.0.4691.94 Safari/537.36"
