94.154.35.236 - - [15/Apr/2026:07:55:19 +0200] "HEAD /catalog.zip HTTP/1.1" 404 330 "-" "Mozilla/5.0 (Windows NT 10.0; Win64; x64) AppleWebKit/537.36 (KHTML, like Gecko) Chrome/101.0.4951.67 Safari/537.36"
95.216.2.94 - - [15/Apr/2026:07:55:26 +0200] "POST /wp-cron.php?doing_wp_cron=1776232526.3391869068145751953125 HTTP/1.1" 500 199 "-" "WordPress/6.9.4; http://www.eeggs.ru"
66.249.66.32 - - [15/Apr/2026:07:55:25 +0200] "GET /goods/Jaune-Perc-0-30-Ct-Or-Blanc-750-Demetra/447432 HTTP/1.1" 301 454 "-" "Mozilla/5.0 (Linux; Android 6.0.1; Nexus 5X Build/MMB29P) AppleWebKit/537.36 (KHTML, like Gecko) Chrome/146.0.7680.177 Mobile Safari/537.36 (compatible; GoogleOther)"
66.249.66.200 - - [15/Apr/2026:07:55:26 +0200] "GET /goods/Jaune-Perc-0-30-Ct-Or-Blanc-750-Demetra/447432 HTTP/1.1" 404 16860 "-" "Mozilla/5.0 (Linux; Android 6.0.1; Nexus 5X Build/MMB29P) AppleWebKit/537.36 (KHTML, like Gecko) Chrome/146.0.7680.177 Mobile Safari/537.36 (compatible; GoogleOther)"
66.249.66.33 - - [15/Apr/2026:07:55:56 +0200] "GET /goods/Dor-e-Peinte-La-Main-Pour-Homme-U2013-Carafe/952730 HTTP/1.1" 301 459 "-" "Mozilla/5.0 (Linux; Android 6.0.1; Nexus 5X Build/MMB29P) AppleWebKit/537.36 (KHTML, like Gecko) Chrome/146.0.7680.177 Mobile Safari/537.36 (compatible; Googlebot/2.1; +http://www.google.com/bot.html)"
66.249.66.199 - - [15/Apr/2026:07:55:57 +0200] "GET /goods/Dor-e-Peinte-La-Main-Pour-Homme-U2013-Carafe/952730 HTTP/1.1" 404 16849 "-" "Mozilla/5.0 (Linux; Android 6.0.1; Nexus 5X Build/MMB29P) AppleWebKit/537.36 (KHTML, like Gecko) Chrome/146.0.7680.177 Mobile Safari/537.36 (compatible; Googlebot/2.1; +http://www.google.com/bot.html)"
95.216.2.94 - - [15/Apr/2026:07:56:30 +0200] "POST /wp-cron.php?doing_wp_cron=1776232590.0628910064697265625000 HTTP/1.1" 500 199 "-" "WordPress/6.9.4; http://www.eeggs.ru"
66.249.66.32 - - [15/Apr/2026:07:56:29 +0200] "GET /goods/But-es-De-Frein-Rondes-En-Caoutchouc-82A-Pour/625877 HTTP/1.1" 301 460 "-" "Mozilla/5.0 (Linux; Android 6.0.1; Nexus 5X Build/MMB29P) AppleWebKit/537.36 (KHTML, like Gecko) Chrome/146.0.7680.177 Mobile Safari/537.36 (compatible; Googlebot/2.1; +http://www.google.com/bot.html)"
66.249.66.198 - - [15/Apr/2026:07:56:30 +0200] "GET /goods/But-es-De-Frein-Rondes-En-Caoutchouc-82A-Pour/625877 HTTP/1.1" 404 16857 "-" "Mozilla/5.0 (Linux; Android 6.0.1; Nexus 5X Build/MMB29P) AppleWebKit/537.36 (KHTML, like Gecko) Chrome/146.0.7680.177 Mobile Safari/537.36 (compatible; Googlebot/2.1; +http://www.google.com/bot.html)"
95.216.2.94 - - [15/Apr/2026:07:57:41 +0200] "POST /wp-cron.php?doing_wp_cron=1776232661.0614740848541259765625 HTTP/1.1" 500 199 "-" "WordPress/6.9.4; http://www.eeggs.ru"
77.75.76.163 - - [15/Apr/2026:07:57:40 +0200] "GET /?sitemap589.xml HTTP/1.1" 301 305 "-" "Mozilla/5.0 (compatible; SeznamBot/4.0; +https://o-seznam.cz/napoveda/vyhledavani/en/seznambot-crawler/)"
40.77.167.32 - - [15/Apr/2026:07:58:30 +0200] "GET /goods/Taille-Pantalon-De-Randonn-e-Pour-Hommes-Et-Femmes-Imperm/1270221 HTTP/1.1" 301 417 "-" "Mozilla/5.0 AppleWebKit/537.36 (KHTML, like Gecko; compatible; bingbot/2.0; +http://www.bing.com/bingbot.htm) Chrome/116.0.1938.76 Safari/537.36"
52.167.144.160 - - [15/Apr/2026:07:58:39 +0200] "GET /goods/Herren-Hoodie-Mit-K-ngurutasche-Und-Tunnelzug-Amber-Rose/821650 HTTP/1.1" 301 415 "-" "Mozilla/5.0 AppleWebKit/537.36 (KHTML, like Gecko; compatible; bingbot/2.0; +http://www.bing.com/bingbot.htm) Chrome/116.0.1938.76 Safari/537.36"
95.216.2.94 - - [15/Apr/2026:07:59:00 +0200] "POST /wp-cron.php?doing_wp_cron=1776232740.0150759220123291015625 HTTP/1.1" 500 199 "-" "WordPress/6.9.4; http://www.eeggs.ru"
193.124.64.82 - - [15/Apr/2026:07:58:58 +0200] "GET /web/efes/ HTTP/1.1" 200 8280 "-" "Mozilla/5.0 (compatible; Googlebot/2.1; +http://www.google.com/bot.html)"
66.249.66.32 - - [15/Apr/2026:07:59:17 +0200] "GET /goods/2-Rosace-Robinet-3-Tailles-En-1-rosace-Mitigeur-Douche/1142602 HTTP/1.1" 301 470 "-" "Mozilla/5.0 (Linux; Android 6.0.1; Nexus 5X Build/MMB29P) AppleWebKit/537.36 (KHTML, like Gecko) Chrome/146.0.7680.177 Mobile Safari/537.36 (compatible; Googlebot/2.1; +http://www.google.com/bot.html)"
66.249.66.198 - - [15/Apr/2026:07:59:18 +0200] "GET /goods/2-Rosace-Robinet-3-Tailles-En-1-rosace-Mitigeur-Douche/1142602 HTTP/1.1" 404 16849 "-" "Mozilla/5.0 (Linux; Android 6.0.1; Nexus 5X Build/MMB29P) AppleWebKit/537.36 (KHTML, like Gecko) Chrome/146.0.7680.177 Mobile Safari/537.36 (compatible; Googlebot/2.1; +http://www.google.com/bot.html)"
95.216.2.94 - - [15/Apr/2026:08:00:50 +0200] "POST /wp-cron.php?doing_wp_cron=1776232850.0036869049072265625000 HTTP/1.1" 500 199 "-" "WordPress/6.9.4; http://www.eeggs.ru"
66.249.66.32 - - [15/Apr/2026:08:00:49 +0200] "GET /goods/Jaune-Perc-0-30-Ct-Or-Blanc-750-Demetra/447432 HTTP/1.1" 301 454 "-" "Mozilla/5.0 (Linux; Android 6.0.1; Nexus 5X Build/MMB29P) AppleWebKit/537.36 (KHTML, like Gecko) Chrome/146.0.7680.177 Mobile Safari/537.36 (compatible; Googlebot/2.1; +http://www.google.com/bot.html)"
66.249.66.199 - - [15/Apr/2026:08:00:50 +0200] "GET /goods/Jaune-Perc-0-30-Ct-Or-Blanc-750-Demetra/447432 HTTP/1.1" 404 16849 "-" "Mozilla/5.0 (Linux; Android 6.0.1; Nexus 5X Build/MMB29P) AppleWebKit/537.36 (KHTML, like Gecko) Chrome/146.0.7680.177 Mobile Safari/537.36 (compatible; Googlebot/2.1; +http://www.google.com/bot.html)"
66.249.66.33 - - [15/Apr/2026:08:01:19 +0200] "GET /goods/D-039-t-D-contract-Taille-Haute-Avec-Poches-Pour-Femme/1145427 HTTP/1.1" 301 470 "-" "Mozilla/5.0 (Linux; Android 6.0.1; Nexus 5X Build/MMB29P) AppleWebKit/537.36 (KHTML, like Gecko) Chrome/146.0.7680.177 Mobile Safari/537.36 (compatible; Googlebot/2.1; +http://www.google.com/bot.html)"
66.249.66.199 - - [15/Apr/2026:08:01:21 +0200] "GET /goods/D-039-t-D-contract-Taille-Haute-Avec-Poches-Pour-Femme/1145427 HTTP/1.1" 404 16849 "-" "Mozilla/5.0 (Linux; Android 6.0.1; Nexus 5X Build/MMB29P) AppleWebKit/537.36 (KHTML, like Gecko) Chrome/146.0.7680.177 Mobile Safari/537.36 (compatible; Googlebot/2.1; +http://www.google.com/bot.html)"
95.216.2.94 - - [15/Apr/2026:08:02:22 +0200] "POST /wp-cron.php?doing_wp_cron=1776232942.3336179256439208984375 HTTP/1.1" 500 199 "-" "WordPress/6.9.4; http://www.eeggs.ru"
66.249.66.33 - - [15/Apr/2026:08:02:21 +0200] "GET /goods/BeMatik-Commutateur-Vid-o-HDMI-4x1-Avec-Multi-cran-Simultan/825393 HTTP/1.1" 301 474 "-" "Mozilla/5.0 (Linux; Android 6.0.1; Nexus 5X Build/MMB29P) AppleWebKit/537.36 (KHTML, like Gecko) Chrome/146.0.7680.177 Mobile Safari/537.36 (compatible; Googlebot/2.1; +http://www.google.com/bot.html)"
66.249.66.200 - - [15/Apr/2026:08:02:22 +0200] "GET /goods/BeMatik-Commutateur-Vid-o-HDMI-4x1-Avec-Multi-cran-Simultan/825393 HTTP/1.1" 404 16849 "-" "Mozilla/5.0 (Linux; Android 6.0.1; Nexus 5X Build/MMB29P) AppleWebKit/537.36 (KHTML, like Gecko) Chrome/146.0.7680.177 Mobile Safari/537.36 (compatible; Googlebot/2.1; +http://www.google.com/bot.html)"
66.249.66.32 - - [15/Apr/2026:08:03:01 +0200] "GET /goods/Precious-Moments-Lot-De-3-Figurines-We-Three-Kings-Wise-Men/902351 HTTP/1.1" 301 474 "-" "Mozilla/5.0 (Linux; Android 6.0.1; Nexus 5X Build/MMB29P) AppleWebKit/537.36 (KHTML, like Gecko) Chrome/146.0.7680.177 Mobile Safari/537.36 (compatible; Googlebot/2.1; +http://www.google.com/bot.html)"
66.249.66.199 - - [15/Apr/2026:08:03:02 +0200] "GET /goods/Precious-Moments-Lot-De-3-Figurines-We-Three-Kings-Wise-Men/902351 HTTP/1.1" 404 16849 "-" "Mozilla/5.0 (Linux; Android 6.0.1; Nexus 5X Build/MMB29P) AppleWebKit/537.36 (KHTML, like Gecko) Chrome/146.0.7680.177 Mobile Safari/537.36 (compatible; Googlebot/2.1; +http://www.google.com/bot.html)"
95.216.2.94 - - [15/Apr/2026:08:05:01 +0200] "POST /wp-cron.php?doing_wp_cron=1776233101.2792561054229736328125 HTTP/1.1" 500 199 "-" "WordPress/6.9.4; http://www.eeggs.ru"
52.167.144.20 - - [15/Apr/2026:08:05:00 +0200] "GET /goods/Pour-Google-Pixel-9-Pro-XL-Pixel-9-Pro-XL/852897 HTTP/1.1" 301 400 "-" "Mozilla/5.0 AppleWebKit/537.36 (KHTML, like Gecko; compatible; bingbot/2.0; +http://www.bing.com/bingbot.htm) Chrome/116.0.1938.76 Safari/537.36"
52.167.144.20 - - [15/Apr/2026:08:05:02 +0200] "GET /goods/Des-Recettes-Faciles-Pour-Les-Enfants-Mo/1016993 HTTP/1.1" 301 400 "-" "Mozilla/5.0 AppleWebKit/537.36 (KHTML, like Gecko; compatible; bingbot/2.0; +http://www.bing.com/bingbot.htm) Chrome/116.0.1938.76 Safari/537.36"
52.167.144.20 - - [15/Apr/2026:08:05:03 +0200] "GET /goods/Wera-05004841001-8790-C-Impaktor-Deep-Set-1Jeu-De-Douilles/544329 HTTP/1.1" 301 417 "-" "Mozilla/5.0 AppleWebKit/537.36 (KHTML, like Gecko; compatible; bingbot/2.0; +http://www.bing.com/bingbot.htm) Chrome/116.0.1938.76 Safari/537.36"
52.167.144.20 - - [15/Apr/2026:08:05:04 +0200] "GET /goods/Gants-Beuchat-Sirocco-Open-5-Mm/1162066 HTTP/1.1" 301 391 "-" "Mozilla/5.0 AppleWebKit/537.36 (KHTML, like Gecko; compatible; bingbot/2.0; +http://www.bing.com/bingbot.htm) Chrome/116.0.1938.76 Safari/537.36"
95.216.2.94 - - [15/Apr/2026:08:06:15 +0200] "POST /wp-cron.php?doing_wp_cron=1776233175.3525300025939941406250 HTTP/1.1" 500 199 "-" "WordPress/6.9.4; http://www.eeggs.ru"
66.249.66.32 - - [15/Apr/2026:08:06:14 +0200] "GET /goods/Dr-Schar-Le-Meilleur-Prix-Dans-Amazon/744663 HTTP/1.1" 301 452 "-" "Mozilla/5.0 (Linux; Android 6.0.1; Nexus 5X Build/MMB29P) AppleWebKit/537.36 (KHTML, like Gecko) Chrome/146.0.7680.177 Mobile Safari/537.36 (compatible; Googlebot/2.1; +http://www.google.com/bot.html)"
66.249.66.198 - - [15/Apr/2026:08:06:15 +0200] "GET /goods/Dr-Schar-Le-Meilleur-Prix-Dans-Amazon/744663 HTTP/1.1" 404 16849 "-" "Mozilla/5.0 (Linux; Android 6.0.1; Nexus 5X Build/MMB29P) AppleWebKit/537.36 (KHTML, like Gecko) Chrome/146.0.7680.177 Mobile Safari/537.36 (compatible; Googlebot/2.1; +http://www.google.com/bot.html)"
40.77.167.61 - - [15/Apr/2026:08:06:31 +0200] "GET /goods/Versafine-Clair-De-Tsukineko-Versafine-Clair-Verdant/527960 HTTP/1.1" 301 411 "-" "Mozilla/5.0 AppleWebKit/537.36 (KHTML, like Gecko; compatible; bingbot/2.0; +http://www.bing.com/bingbot.htm) Chrome/116.0.1938.76 Safari/537.36"
95.216.2.94 - - [15/Apr/2026:08:07:16 +0200] "POST /wp-cron.php?doing_wp_cron=1776233236.6404039859771728515625 HTTP/1.1" 500 199 "-" "WordPress/6.9.4; http://www.eeggs.ru"
66.249.66.32 - - [15/Apr/2026:08:07:15 +0200] "GET /goods/Bin-For-Cryotherapy-The-Ice-Barrel-Is-A-Foldable-Inflatable/806705 HTTP/1.1" 301 474 "-" "Mozilla/5.0 (Linux; Android 6.0.1; Nexus 5X Build/MMB29P) AppleWebKit/537.36 (KHTML, like Gecko) Chrome/146.0.7680.177 Mobile Safari/537.36 (compatible; Googlebot/2.1; +http://www.google.com/bot.html)"
66.249.66.200 - - [15/Apr/2026:08:07:16 +0200] "GET /goods/Bin-For-Cryotherapy-The-Ice-Barrel-Is-A-Foldable-Inflatable/806705 HTTP/1.1" 404 16857 "-" "Mozilla/5.0 (Linux; Android 6.0.1; Nexus 5X Build/MMB29P) AppleWebKit/537.36 (KHTML, like Gecko) Chrome/146.0.7680.177 Mobile Safari/537.36 (compatible; Googlebot/2.1; +http://www.google.com/bot.html)"
95.216.2.94 - - [15/Apr/2026:08:09:17 +0200] "POST /wp-cron.php?doing_wp_cron=1776233357.0696089267730712890625 HTTP/1.1" 500 199 "-" "WordPress/6.9.4; http://www.eeggs.ru"
52.167.144.197 - - [15/Apr/2026:08:09:16 +0200] "GET /goods/ITALIA-Siberia-Hydro-15-KW-Pellet-Stove-Hydro/1173868 HTTP/1.1" 301 405 "-" "Mozilla/5.0 AppleWebKit/537.36 (KHTML, like Gecko; compatible; bingbot/2.0; +http://www.bing.com/bingbot.htm) Chrome/116.0.1938.76 Safari/537.36"
66.249.66.32 - - [15/Apr/2026:08:10:05 +0200] "GET /goods/20-Pcs-Buse-De-Brumisation-En-Laiton-0-5mm/440824 HTTP/1.1" 301 457 "-" "Mozilla/5.0 (Linux; Android 6.0.1; Nexus 5X Build/MMB29P) AppleWebKit/537.36 (KHTML, like Gecko) Chrome/146.0.7680.177 Mobile Safari/537.36 (compatible; Googlebot/2.1; +http://www.google.com/bot.html)"
66.249.66.199 - - [15/Apr/2026:08:10:06 +0200] "GET /goods/20-Pcs-Buse-De-Brumisation-En-Laiton-0-5mm/440824 HTTP/1.1" 404 16849 "-" "Mozilla/5.0 (Linux; Android 6.0.1; Nexus 5X Build/MMB29P) AppleWebKit/537.36 (KHTML, like Gecko) Chrome/146.0.7680.177 Mobile Safari/537.36 (compatible; Googlebot/2.1; +http://www.google.com/bot.html)"
95.216.2.94 - - [15/Apr/2026:08:10:29 +0200] "POST /wp-cron.php?doing_wp_cron=1776233429.0690710544586181640625 HTTP/1.1" 500 199 "-" "WordPress/6.9.4; http://www.eeggs.ru"
52.167.144.20 - - [15/Apr/2026:08:10:28 +0200] "GET /sitemaps.xml HTTP/1.1" 301 358 "-" "Mozilla/5.0 AppleWebKit/537.36 (KHTML, like Gecko; compatible; bingbot/2.0; +http://www.bing.com/bingbot.htm) Chrome/116.0.1938.76 Safari/537.36"
66.249.66.32 - - [15/Apr/2026:08:10:30 +0200] "GET /goods/Garden-Trading-Fourche-Main-Hawkesbury/1010538 HTTP/1.1" 301 454 "-" "Mozilla/5.0 (Linux; Android 6.0.1; Nexus 5X Build/MMB29P) AppleWebKit/537.36 (KHTML, like Gecko) Chrome/146.0.7680.177 Mobile Safari/537.36 (compatible; Googlebot/2.1; +http://www.google.com/bot.html)"
66.249.66.200 - - [15/Apr/2026:08:10:31 +0200] "GET /goods/Garden-Trading-Fourche-Main-Hawkesbury/1010538 HTTP/1.1" 404 16849 "-" "Mozilla/5.0 (Linux; Android 6.0.1; Nexus 5X Build/MMB29P) AppleWebKit/537.36 (KHTML, like Gecko) Chrome/146.0.7680.177 Mobile Safari/537.36 (compatible; Googlebot/2.1; +http://www.google.com/bot.html)"
52.167.144.147 - - [15/Apr/2026:08:10:38 +0200] "GET /sitemaps.xml HTTP/1.1" 404 16804 "-" "Mozilla/5.0 AppleWebKit/537.36 (KHTML, like Gecko; compatible; bingbot/2.0; +http://www.bing.com/bingbot.htm) Chrome/116.0.1938.76 Safari/537.36"
95.216.2.94 - - [15/Apr/2026:08:11:35 +0200] "POST /wp-cron.php?doing_wp_cron=1776233495.8140659332275390625000 HTTP/1.1" 500 199 "-" "WordPress/6.9.4; http://www.eeggs.ru"
66.249.66.32 - - [15/Apr/2026:08:11:35 +0200] "GET /goods/La-Princesse-De-Cl-ves-U2013-La-Fran-aise/853225 HTTP/1.1" 301 456 "-" "Mozilla/5.0 (Linux; Android 6.0.1; Nexus 5X Build/MMB29P) AppleWebKit/537.36 (KHTML, like Gecko) Chrome/146.0.7680.177 Mobile Safari/537.36 (compatible; GoogleOther)"
66.249.66.199 - - [15/Apr/2026:08:11:36 +0200] "GET /goods/La-Princesse-De-Cl-ves-U2013-La-Fran-aise/853225 HTTP/1.1" 404 16860 "-" "Mozilla/5.0 (Linux; Android 6.0.1; Nexus 5X Build/MMB29P) AppleWebKit/537.36 (KHTML, like Gecko) Chrome/146.0.7680.177 Mobile Safari/537.36 (compatible; GoogleOther)"
89.110.68.32 - - [15/Apr/2026:08:12:02 +0200] "GET /web/efes/ HTTP/1.0" 200 24525 "http://www.eeggs.ru/web/efes/" "Mozilla/5.0 (Windows NT 10.0; Win64; x64) AppleWebKit/537.36 (KHTML, like Gecko) Chrome/130.0.0.0 Safari/537.36 CCleaner/130.0.0.0"
89.110.68.32 - - [15/Apr/2026:08:12:03 +0200] "POST /wp-comments-post.php HTTP/1.0" 500 166 "http://www.eeggs.ru/web/efes/" "Mozilla/5.0 (Windows NT 10.0; Win64; x64) AppleWebKit/537.36 (KHTML, like Gecko) Chrome/130.0.0.0 Safari/537.36 CCleaner/130.0.0.0"
95.216.2.94 - - [15/Apr/2026:08:13:30 +0200] "POST /wp-cron.php?doing_wp_cron=1776233610.4654839038848876953125 HTTP/1.1" 500 199 "-" "WordPress/6.9.4; http://www.eeggs.ru"
66.249.66.32 - - [15/Apr/2026:08:13:29 +0200] "GET /goods/Heroic-Fantasy-And-Science-Fiction-Magazine/1116320 HTTP/1.1" 301 459 "-" "Mozilla/5.0 (Linux; Android 6.0.1; Nexus 5X Build/MMB29P) AppleWebKit/537.36 (KHTML, like Gecko) Chrome/146.0.7680.177 Mobile Safari/537.36 (compatible; Googlebot/2.1; +http://www.google.com/bot.html)"
66.249.66.198 - - [15/Apr/2026:08:13:30 +0200] "GET /goods/Heroic-Fantasy-And-Science-Fiction-Magazine/1116320 HTTP/1.1" 404 16849 "-" "Mozilla/5.0 (Linux; Android 6.0.1; Nexus 5X Build/MMB29P) AppleWebKit/537.36 (KHTML, like Gecko) Chrome/146.0.7680.177 Mobile Safari/537.36 (compatible; Googlebot/2.1; +http://www.google.com/bot.html)"
95.216.2.94 - - [15/Apr/2026:08:15:30 +0200] "POST /wp-cron.php?doing_wp_cron=1776233730.3310670852661132812500 HTTP/1.1" 500 199 "-" "WordPress/6.9.4; http://www.eeggs.ru"
66.249.66.40 - - [15/Apr/2026:08:15:29 +0200] "GET /goods/Couvercles-En-Verre-Plat-Cercl-s-Inox-Tentation-De-DURANDAL-Non/808597 HTTP/1.1" 301 478 "-" "Mozilla/5.0 (Linux; Android 6.0.1; Nexus 5X Build/MMB29P) AppleWebKit/537.36 (KHTML, like Gecko) Chrome/146.0.7680.177 Mobile Safari/537.36 (compatible; Googlebot/2.1; +http://www.google.com/bot.html)"
66.249.66.199 - - [15/Apr/2026:08:15:30 +0200] "GET /goods/Couvercles-En-Verre-Plat-Cercl-s-Inox-Tentation-De-DURANDAL-Non/808597 HTTP/1.1" 404 16849 "-" "Mozilla/5.0 (Linux; Android 6.0.1; Nexus 5X Build/MMB29P) AppleWebKit/537.36 (KHTML, like Gecko) Chrome/146.0.7680.177 Mobile Safari/537.36 (compatible; Googlebot/2.1; +http://www.google.com/bot.html)"
45.131.195.131 - - [15/Apr/2026:08:16:02 +0200] "GET /bless.php HTTP/1.1" 404 16804 "-" "Mozilla/5.0 (Windows NT 10.0; Win64; x64) AppleWebKit/537.36 (KHTML, like Gecko) Chrome/79.0.3945.88 Safari/537.36"
45.131.195.131 - - [15/Apr/2026:08:16:03 +0200] "GET /O-Simple.php HTTP/1.1" 404 16804 "-" "Mozilla/5.0 (X11; Linux x86_64) AppleWebKit/537.36 (KHTML, like Gecko) Chrome/84.0.4147.105 Safari/537.36"
45.131.195.131 - - [15/Apr/2026:08:16:04 +0200] "GET /lock360.php HTTP/1.1" 404 16812 "-" "Mozilla/5.0 (Windows NT 10.0; Win64; x64) AppleWebKit/537.36 (KHTML, like Gecko) Chrome/69.0.3497.100 Safari/537.36"
45.131.195.131 - - [15/Apr/2026:08:16:05 +0200] "GET /zwso.php HTTP/1.1" 404 16812 "-" "Mozilla/5.0 (Windows NT 10.0; WOW64) AppleWebKit/537.36 (KHTML, like Gecko) Chrome/72.0.3626.121 Safari/537.36"
45.131.195.131 - - [15/Apr/2026:08:16:06 +0200] "GET /chosen.php HTTP/1.1" 404 16804 "-" "Mozilla/5.0 (Windows NT 10.0; Win64; x64) AppleWebKit/537.36 (KHTML, like Gecko) Chrome/75.0.3770.100 Safari/537.36"
45.131.195.131 - - [15/Apr/2026:08:16:07 +0200] "GET /about.php HTTP/1.1" 404 16804 "-" "Mozilla/5.0 (Macintosh; Intel Mac OS X 10_15_6) AppleWebKit/537.36 (KHTML, like Gecko) Chrome/84.0.4147.125 Safari/537.36"
45.131.195.131 - - [15/Apr/2026:08:16:08 +0200] "GET /admin.php HTTP/1.1" 404 16804 "-" "Mozilla/5.0 (Windows NT 10.0; Win64; x64) AppleWebKit/537.36 (KHTML, like Gecko) Chrome/79.0.3945.130 Safari/537.36"
45.131.195.131 - - [15/Apr/2026:08:16:09 +0200] "GET /mah.php HTTP/1.1" 404 16804 "-" "Mozilla/5.0 (Windows NT 10.0; Win64; x64; rv:66.0) Gecko/20100101 Firefox/66.0"
45.131.195.131 - - [15/Apr/2026:08:16:10 +0200] "GET /.wp/wso.php HTTP/1.1" 404 16804 "-" "Mozilla/5.0 (Macintosh; Intel Mac OS X 10_10_1) AppleWebKit/537.36 (KHTML, like Gecko) Chrome/39.0.2171.95 Safari/537.36"
45.131.195.131 - - [15/Apr/2026:08:16:11 +0200] "GET /core.php HTTP/1.1" 404 16804 "-" "Mozilla/5.0 (Windows NT 10.0; Win64; x64; rv:77.0) Gecko/20100101 Firefox/77.0"
45.131.195.131 - - [15/Apr/2026:08:16:12 +0200] "GET /robots.php HTTP/1.1" 404 16804 "-" "Mozilla/5.0 (Windows NT 10.0; WOW64) AppleWebKit/537.36 (KHTML, like Gecko) Chrome/84.0.4147.105 Safari/537.36"
45.131.195.131 - - [15/Apr/2026:08:16:13 +0200] "GET /inputs.php HTTP/1.1" 404 16804 "-" "Mozilla/5.0 (Windows NT 10.0; Win64; x64; rv:75.0) Gecko/20100101 Firefox/75.0"
45.131.195.131 - - [15/Apr/2026:08:16:14 +0200] "GET /mini.php HTTP/1.1" 404 16804 "-" "Mozilla/5.0 (X11; Linux x86_64) AppleWebKit/537.36 (KHTML, like Gecko) Chrome/84.0.4147.105 Safari/537.36"
45.131.195.131 - - [15/Apr/2026:08:16:15 +0200] "GET /goods.php HTTP/1.1" 404 16804 "-" "Mozilla/5.0 (compatible; MSIE 10.0; Windows NT 6.1; Trident/6.0)"
45.131.195.131 - - [15/Apr/2026:08:16:16 +0200] "GET /file5.php HTTP/1.1" 404 16804 "-" "Mozilla/5.0 (Windows NT 10.0; Win64; x64; rv:75.0) Gecko/20100101 Firefox/75.0"
45.131.195.131 - - [15/Apr/2026:08:16:17 +0200] "GET /ahax.php HTTP/1.1" 404 16804 "-" "Mozilla/5.0 (Windows NT 10.0; Win64; x64; rv:77.0) Gecko/20100101 Firefox/77.0"
45.131.195.131 - - [15/Apr/2026:08:16:18 +0200] "GET /f35.php HTTP/1.1" 404 16804 "-" "Mozilla/5.0 (Windows NT 10.0) AppleWebKit/537.36 (KHTML, like Gecko) Chrome/84.0.4147.105 Safari/537.36"
45.131.195.131 - - [15/Apr/2026:08:16:19 +0200] "GET /simple.php HTTP/1.1" 404 16804 "-" "Mozilla/5.0 (Windows NT 10.0; WOW64; Trident/7.0; .NET4.0C; .NET4.0E; .NET CLR 2.0.50727; .NET CLR 3.0.30729; .NET CLR 3.5.30729; rv:11.0) like Gecko"
45.131.195.131 - - [15/Apr/2026:08:16:20 +0200] "GET /amax.php HTTP/1.1" 404 16804 "-" "Mozilla/5.0 (Windows NT 10.0; Win64; x64; rv:77.0) Gecko/20100101 Firefox/77.0"
45.131.195.131 - - [15/Apr/2026:08:16:21 +0200] "GET /update/f35.php HTTP/1.1" 404 16804 "-" "Mozilla/5.0 (X11; Linux x86_64) AppleWebKit/537.36 (KHTML, like Gecko) Chrome/84.0.4147.105 Safari/537.36"
45.131.195.131 - - [15/Apr/2026:08:16:22 +0200] "GET /wp-content/hello.php HTTP/1.1" 404 16812 "-" "Mozilla/5.0 (Macintosh; Intel Mac OS X 10_15_6) AppleWebKit/537.36 (KHTML, like Gecko) Chrome/84.0.4147.105 Safari/537.36"
45.131.195.131 - - [15/Apr/2026:08:16:23 +0200] "GET /wp-admin/maint/bootstrap.php HTTP/1.1" 404 16804 "-" "Mozilla/5.0 (Windows NT 6.1; Win64; x64) AppleWebKit/537.36 (KHTML, like Gecko) Chrome/78.0.3904.108 Safari/537.36"
45.131.195.131 - - [15/Apr/2026:08:16:24 +0200] "GET /themes/zMousse/otuz1.php HTTP/1.1" 404 16804 "-" "Mozilla/5.0 (Macintosh; Intel Mac OS X 10_15_6) AppleWebKit/537.36 (KHTML, like Gecko) Chrome/84.0.4147.105 Safari/537.36"
45.131.195.131 - - [15/Apr/2026:08:16:25 +0200] "GET /wp-content/edit-wolf.php HTTP/1.1" 404 16812 "-" "Mozilla/5.0 (Windows NT 10.0; Win64; x64) AppleWebKit/537.36 (KHTML, like Gecko) Chrome/69.0.3497.100 Safari/537.36"
45.131.195.131 - - [15/Apr/2026:08:16:27 +0200] "GET /wp-content/plugins/ubh/up.php HTTP/1.1" 404 16812 "-" "Mozilla/5.0 (Windows NT 10.0; Win64; x64; rv:79.0) Gecko/20100101 Firefox/79.0"
45.131.195.131 - - [15/Apr/2026:08:16:28 +0200] "GET /wp-admin/images/bootstrap.php HTTP/1.1" 404 16804 "-" "Mozilla/5.0 (Windows NT 10.0; Win64; x64; rv:77.0) Gecko/20100101 Firefox/77.0"
45.131.195.131 - - [15/Apr/2026:08:16:29 +0200] "GET /images/upload.php HTTP/1.1" 404 16804 "-" "Mozilla/5.0 (Windows NT 10.0; Win64; x64; rv:75.0) Gecko/20100101 Firefox/75.0"
95.216.2.94 - - [15/Apr/2026:08:16:31 +0200] "POST /wp-cron.php?doing_wp_cron=1776233791.1828470230102539062500 HTTP/1.1" 500 199 "-" "WordPress/6.9.4; http://www.eeggs.ru"
45.131.195.131 - - [15/Apr/2026:08:16:30 +0200] "GET /wp-content/plugins/seoplugins/db.php?u HTTP/1.1" 404 16804 "-" "Mozilla/5.0 (Windows NT 10.0; Win64; x64; rv:77.0) Gecko/20100101 Firefox/77.0"
45.131.195.131 - - [15/Apr/2026:08:16:31 +0200] "GET /wp-content/themes/pridmag/db.php?u HTTP/1.1" 404 16804 "-" "Mozilla/5.0 (Macintosh; Intel Mac OS X 10_15_6) AppleWebKit/537.36 (KHTML, like Gecko) Chrome/84.0.4147.105 Safari/537.36 OPR/70.0.3728.95"
45.131.195.131 - - [15/Apr/2026:08:16:32 +0200] "GET /wp-content/plugins/linkpreview/db.php?u HTTP/1.1" 404 16804 "-" "Mozilla/5.0 (Windows NT 10.0; Win64; x64) AppleWebKit/537.36 (KHTML, like Gecko) Chrome/79.0.3945.79 Safari/537.36"
45.131.195.131 - - [15/Apr/2026:08:16:33 +0200] "GET /admin/uploads/bn_1_1754420677.phtml HTTP/1.1" 404 16804 "-" "Mozilla/5.0 (Windows NT 10.0; Win64; x64; rv:77.0) Gecko/20100101 Firefox/77.0"
45.131.195.131 - - [15/Apr/2026:08:16:34 +0200] "GET /modules/mod_simplefileuploadv1.3/elements/udd.php HTTP/1.1" 404 16812 "-" "Mozilla/5.0 (Windows NT 10.0; Win64; x64) AppleWebKit/537.36 (KHTML, like Gecko) Chrome/83.0.4103.97 Safari/537.36"
45.131.195.131 - - [15/Apr/2026:08:16:35 +0200] "GET /wp-content/plugins/pwnd/pwnd.php HTTP/1.1" 404 16804 "-" "Mozilla/5.0 (Linux x86_64; rv:79.0) Gecko/20100101 Firefox/79.0"
45.131.195.131 - - [15/Apr/2026:08:16:36 +0200] "GET /wp-content/plugins/pwnd-1/pwnd.php HTTP/1.1" 404 16804 "-" "Mozilla/5.0 (Windows NT 10.0; Win64; x64) AppleWebKit/537.36 (KHTML, like Gecko) Chrome/80.0.3987.149 Safari/537.36"
45.131.195.131 - - [15/Apr/2026:08:16:37 +0200] "GET /wp-admin/css/colors/midnight/admin.php HTTP/1.1" 404 16804 "-" "Mozilla/5.0 (X11; Linux i686; rv:79.0) Gecko/20100101 Firefox/79.0"
93.183.94.195 - - [15/Apr/2026:08:16:38 +0200] "GET /web/efes/ HTTP/1.0" 301 273 "http://eeggs.ru/web/efes/" "Mozilla/5.0 (Windows NT 10.0; Win64; x64) AppleWebKit/537.36 (KHTML, like Gecko) Chrome/130.0.0.0 Safari/537.36 CCleaner/130.0.0.0"
45.131.195.131 - - [15/Apr/2026:08:16:38 +0200] "GET /vendor/phpunit/phpunit/src/Util/PHP/kill.php HTTP/1.1" 404 16804 "-" "Mozilla/5.0 (Macintosh; Intel Mac OS X 10_15_6) AppleWebKit/537.36 (KHTML, like Gecko) Chrome/84.0.4147.105 Safari/537.36"
93.183.94.195 - - [15/Apr/2026:08:16:39 +0200] "GET /web/efes/ HTTP/1.0" 200 24525 "http://www.eeggs.ru/web/efes/" "Mozilla/5.0 (Windows NT 10.0; Win64; x64) AppleWebKit/537.36 (KHTML, like Gecko) Chrome/130.0.0.0 Safari/537.36 CCleaner/130.0.0.0"
45.131.195.131 - - [15/Apr/2026:08:16:39 +0200] "GET /wp-includes/style-engine/worksec.php HTTP/1.1" 404 16804 "-" "Mozilla/5.0 (Windows NT 10.0; Win64; x64) AppleWebKit/537.36 (KHTML, like Gecko) Chrome/83.0.4103.61 Safari/537.36"
93.183.94.195 - - [15/Apr/2026:08:16:41 +0200] "POST /wp-comments-post.php HTTP/1.0" 500 166 "http://www.eeggs.ru/web/efes/" "Mozilla/5.0 (Windows NT 10.0; Win64; x64) AppleWebKit/537.36 (KHTML, like Gecko) Chrome/130.0.0.0 Safari/537.36 CCleaner/130.0.0.0"
45.131.195.131 - - [15/Apr/2026:08:16:40 +0200] "GET /wp-admin/images/wp-conflg.php HTTP/1.1" 404 16804 "-" "Mozilla/5.0 (Windows NT 10.0; Win64; x64) AppleWebKit/537.36 (KHTML, like Gecko) Chrome/83.0.4103.97 Safari/537.36"
45.131.195.131 - - [15/Apr/2026:08:16:41 +0200] "GET /wp-content/plugins/core-plugin/include.php HTTP/1.1" 404 16804 "-" "Mozilla/5.0 (Windows NT 10.0; WOW64; Trident/7.0; .NET4.0C; .NET4.0E; .NET CLR 2.0.50727; .NET CLR 3.0.30729; .NET CLR 3.5.30729; rv:11.0) like Gecko"
45.131.195.131 - - [15/Apr/2026:08:16:42 +0200] "GET /wp-content/plugins/envato-css.php HTTP/1.1" 404 16804 "-" "Mozilla/5.0 (Windows NT 10.0; Win64; x64; rv:66.0) Gecko/20100101 Firefox/66.0"
45.131.195.131 - - [15/Apr/2026:08:16:43 +0200] "GET /classwithtostring.php HTTP/1.1" 404 16804 "-" "Mozilla/5.0 (Windows NT 10.0; Win64; x64) AppleWebKit/537.36 (KHTML, like Gecko) Chrome/74.0.3729.169 Safari/537.36"
45.131.195.131 - - [15/Apr/2026:08:16:44 +0200] "GET /uploads/94056-upload.phtml HTTP/1.1" 404 16804 "-" "Mozilla/5.0 (Windows NT 10.0; Win64; x64) AppleWebKit/537.36 (KHTML, like Gecko) Chrome/84.0.4147.105 Safari/537.36"
45.131.195.131 - - [15/Apr/2026:08:16:45 +0200] "GET /index/function.php HTTP/1.1" 404 16804 "-" "Mozilla/5.0 (Windows NT 10.0; Win64; x64) AppleWebKit/537.36 (KHTML, like Gecko) Chrome/84.0.4147.105 Safari/537.36"
45.131.195.131 - - [15/Apr/2026:08:16:46 +0200] "GET /tinyfilemanager.php HTTP/1.1" 404 16804 "-" "Mozilla/5.0 (Macintosh; Intel Mac OS X 10_15_6) AppleWebKit/537.36 (KHTML, like Gecko) Chrome/84.0.4147.105 Safari/537.36 OPR/70.0.3728.95"
45.131.195.131 - - [15/Apr/2026:08:16:47 +0200] "GET /js/bas.php HTTP/1.1" 404 16804 "-" "Mozilla/5.0 (Linux x86_64; rv:79.0) Gecko/20100101 Firefox/79.0"
45.131.195.131 - - [15/Apr/2026:08:16:48 +0200] "GET /.well-known/pki-validation/moon.php HTTP/1.1" 404 16804 "-" "Mozilla/5.0 (Windows NT 10.0; Win64; x64) AppleWebKit/537.36 (KHTML, like Gecko) Chrome/74.0.3729.169 Safari/537.36"
45.131.195.131 - - [15/Apr/2026:08:16:49 +0200] "GET /file.php HTTP/1.1" 404 16812 "-" "Mozilla/5.0 (Macintosh; Intel Mac OS X 10_15_6) AppleWebKit/537.36 (KHTML, like Gecko) Chrome/84.0.4147.105 Safari/537.36 OPR/70.0.3728.95"
45.131.195.131 - - [15/Apr/2026:08:16:50 +0200] "GET /wp-includes/js/index.php HTTP/1.1" 301 361 "-" "Mozilla/5.0 (Windows NT 10.0; WOW64) AppleWebKit/537.36 (KHTML, like Gecko) Chrome/84.0.4147.105 Safari/537.36"
45.131.195.131 - - [15/Apr/2026:08:16:51 +0200] "GET /wp-content/upgrade/item.php HTTP/1.1" 404 16804 "-" "Mozilla/5.0 (X11; Linux i686; rv:79.0) Gecko/20100101 Firefox/79.0"
45.131.195.131 - - [15/Apr/2026:08:16:52 +0200] "GET /buy.php HTTP/1.1" 404 16804 "-" "Mozilla/5.0 (Windows NT 6.3; Win64; x64; rv:73.0) Gecko/20100101 Firefox/73.0"
45.131.195.131 - - [15/Apr/2026:08:16:53 +0200] "GET /wp-content/languages/wp-conflg.php HTTP/1.1" 404 16804 "-" "Mozilla/5.0 (Windows NT 10.0; Win64; x64; rv:72.0) Gecko/20100101 Firefox/72.0"
45.131.195.131 - - [15/Apr/2026:08:16:54 +0200] "GET /wp-content/themes/classwithtostring.php HTTP/1.1" 404 16804 "-" "Mozilla/5.0 (compatible; MSIE 10.0; Windows NT 6.1; Trident/6.0)"
45.131.195.131 - - [15/Apr/2026:08:16:56 +0200] "GET /wp-content/plugins/elementor/wp-wjvngrh.php HTTP/1.1" 404 16804 "-" "Mozilla/5.0 (Windows NT 10.0; Win64; x64) AppleWebKit/537.36 (KHTML, like Gecko) Chrome/58.0.3029.110 Safari/537.3"
45.131.195.131 - - [15/Apr/2026:08:16:57 +0200] "GET /wp-includes/IXR/fix.php7 HTTP/1.1" 404 16804 "-" "Mozilla/5.0 (Windows NT 10.0; WOW64) AppleWebKit/537.36 (KHTML, like Gecko) Chrome/72.0.3626.121 Safari/537.36"
45.131.195.131 - - [15/Apr/2026:08:16:58 +0200] "GET /wp-includes/widgets/dyqvcfqv.php HTTP/1.1" 404 16804 "-" "Mozilla/5.0 (Windows NT 10.0; Win64; x64) AppleWebKit/537.36 (KHTML, like Gecko) Chrome/77.0.3865.90 Safari/537.36"
45.131.195.131 - - [15/Apr/2026:08:16:59 +0200] "GET /admin/function.php HTTP/1.1" 404 16804 "-" "Mozilla/5.0 (Windows NT 10.0; Win64; x64) AppleWebKit/537.36 (KHTML, like Gecko) Chrome/80.0.3987.149 Safari/537.36"
45.131.195.131 - - [15/Apr/2026:08:17:00 +0200] "GET /wp-includes/images/smilies/about.php HTTP/1.1" 404 16804 "-" "Mozilla/5.0 (Windows NT 10.0; Win64; x64; rv:76.0) Gecko/20100101 Firefox/76.0"
45.131.195.131 - - [15/Apr/2026:08:17:01 +0200] "GET /wp-includes/js/crop/admin.php HTTP/1.1" 404 16804 "-" "Mozilla/5.0 (Macintosh; Intel Mac OS X 10_10_1) AppleWebKit/537.36 (KHTML, like Gecko) Chrome/39.0.2171.95 Safari/537.36"
45.131.195.131 - - [15/Apr/2026:08:17:02 +0200] "GET /wp-includes/PHPMailer/wp-conflg.php HTTP/1.1" 404 16804 "-" "Mozilla/5.0 (Windows NT 6.1; Win64; x64) AppleWebKit/537.36 (KHTML, like Gecko) Chrome/79.0.3945.130 Safari/537.36"
45.131.195.131 - - [15/Apr/2026:08:17:03 +0200] "GET /wp-includes/PHPMailer/admin.php HTTP/1.1" 404 16804 "-" "Mozilla/5.0 (Macintosh; Intel Mac OS X 10_15_6) AppleWebKit/537.36 (KHTML, like Gecko) Chrome/84.0.4147.105 Safari/537.36 OPR/70.0.3728.95"
45.131.195.131 - - [15/Apr/2026:08:17:04 +0200] "GET /wp-includes/widgets/wp-login.php HTTP/1.1" 404 16804 "-" "Mozilla/5.0 (Windows NT 10.0; Win64; x64; rv:76.0) Gecko/20100101 Firefox/76.0"
45.131.195.131 - - [15/Apr/2026:08:17:05 +0200] "GET /files/index.php HTTP/1.1" 301 352 "-" "Mozilla/5.0 (Windows NT 10.0; Win64; x64) AppleWebKit/537.36 (KHTML, like Gecko) Chrome/83.0.4103.61 Safari/537.36"
45.131.195.131 - - [15/Apr/2026:08:17:06 +0200] "GET /wp-includes/PHPMailer/options.php HTTP/1.1" 404 16804 "-" "Mozilla/5.0 (Windows NT 6.1; Win64; x64) AppleWebKit/537.36 (KHTML, like Gecko) Chrome/79.0.3945.130 Safari/537.36"
45.131.195.131 - - [15/Apr/2026:08:17:07 +0200] "GET /inc.php HTTP/1.1" 404 16804 "-" "Mozilla/5.0 (Windows NT 6.1; Win64; x64) AppleWebKit/537.36 (KHTML, like Gecko) Chrome/79.0.3945.130 Safari/537.36"
45.131.195.131 - - [15/Apr/2026:08:17:08 +0200] "GET /wp-content/index.php HTTP/1.1" 200 147 "-" "Mozilla/5.0 (X11; Ubuntu; Linux i686; rv:79.0) Gecko/20100101 Firefox/79.0"
45.131.195.131 - - [15/Apr/2026:08:17:08 +0200] "GET /filemanager.php HTTP/1.1" 404 16804 "-" "Mozilla/5.0 (Macintosh; Intel Mac OS X 10_12_6) AppleWebKit/537.36 (KHTML, like Gecko) Chrome/58.0.3029.110 Safari/537.3"
45.131.195.131 - - [15/Apr/2026:08:17:09 +0200] "GET /cgi-bin/bypass.php HTTP/1.1" 404 435 "-" "Mozilla/5.0 (X11; Fedora; Linux x86_64; rv:79.0) Gecko/20100101 Firefox/79.0"
45.131.195.131 - - [15/Apr/2026:08:17:09 +0200] "GET /.well-known/pki-validation/admin.php HTTP/1.1" 404 16804 "-" "Mozilla/5.0 (Windows NT 10.0; WOW64) AppleWebKit/537.36 (KHTML, like Gecko) Chrome/72.0.3626.121 Safari/537.36"
45.131.195.131 - - [15/Apr/2026:08:17:10 +0200] "GET /wp-includes/IXR/admin.php HTTP/1.1" 404 16804 "-" "Mozilla/5.0 (Windows NT 6.1; Win64; x64) AppleWebKit/537.36 (KHTML, like Gecko) Chrome/58.0.3029.110 Safari/537.3"
45.131.195.131 - - [15/Apr/2026:08:17:11 +0200] "GET /wp-admin/js/index.php HTTP/1.1" 301 358 "-" "Mozilla/5.0 (Windows NT 10.0; Win64; x64) AppleWebKit/537.36 (KHTML, like Gecko) Chrome/77.0.3865.90 Safari/537.36"
45.131.195.131 - - [15/Apr/2026:08:17:12 +0200] "GET /wp-includes/js/jquery/jquery.php HTTP/1.1" 404 16812 "-" "Mozilla/5.0 (Windows NT 10.0; Win64; x64) AppleWebKit/537.36 (KHTML, like Gecko) Chrome/74.0.3729.169 Safari/537.36"
45.131.195.131 - - [15/Apr/2026:08:17:13 +0200] "GET /function.php HTTP/1.1" 404 16804 "-" "Mozilla/5.0 (Windows NT 10.0; Win64; x64; rv:74.0) Gecko/20100101 Firefox/74.0"
45.131.195.131 - - [15/Apr/2026:08:17:14 +0200] "GET /wp-includes/block-supports/autoload_classmap.php HTTP/1.1" 404 16804 "-" "Mozilla/5.0 (Linux x86_64; rv:79.0) Gecko/20100101 Firefox/79.0"
45.131.195.131 - - [15/Apr/2026:08:17:15 +0200] "GET /wp-signup.php HTTP/1.1" 500 199 "-" "Mozilla/5.0 (Windows NT 10.0) AppleWebKit/537.36 (KHTML, like Gecko) Chrome/72.0.3626.121 Safari/537.36"
45.131.195.130 - - [15/Apr/2026:08:17:16 +0200] "GET /wp-admin/network/network.php HTTP/1.1" 404 16804 "-" "Mozilla/5.0 (Windows NT 10.0; Win64; x64; rv:66.0) Gecko/20100101 Firefox/66.0"
45.131.195.130 - - [15/Apr/2026:08:17:17 +0200] "GET /admin/upload/css.php HTTP/1.1" 404 16804 "-" "Mozilla/5.0 (Windows NT 10.0; Win64; x64) AppleWebKit/537.36 (KHTML, like Gecko) Chrome/83.0.4103.61 Safari/537.36"
45.131.195.130 - - [15/Apr/2026:08:17:18 +0200] "GET /wp-blog.php HTTP/1.1" 404 16804 "-" "Mozilla/5.0 (Windows NT 10.0; Win64; x64) AppleWebKit/537.36 (KHTML, like Gecko) Chrome/69.0.3497.100 Safari/537.36"
45.131.195.130 - - [15/Apr/2026:08:17:19 +0200] "GET /wp-admin/file.php HTTP/1.1" 404 16804 "-" "Mozilla/5.0 (Windows NT 10.0; Win64; x64) AppleWebKit/537.36 (KHTML, like Gecko) Chrome/84.0.4147.105 Safari/537.36 OPR/70.0.3728.95"
45.131.195.130 - - [15/Apr/2026:08:17:20 +0200] "GET /wp-content/plugins/admin.php HTTP/1.1" 404 16804 "-" "Mozilla/5.0 (Windows NT 10.0; Win64; x64) AppleWebKit/537.36 (KHTML, like Gecko) Chrome/74.0.3729.169 Safari/537.36"
45.131.195.130 - - [15/Apr/2026:08:17:21 +0200] "GET /wp-includes/blocks/table/int/tmpl/index.php HTTP/1.1" 301 380 "-" "Mozilla/5.0 (Windows NT 6.1; Win64; x64) AppleWebKit/537.36 (KHTML, like Gecko) Chrome/80.0.3987.149 Safari/537.36"
45.131.195.130 - - [15/Apr/2026:08:17:22 +0200] "GET /wp-l0gin.php HTTP/1.1" 404 16804 "-" "Mozilla/5.0 (Windows NT 10.0; Win64; x64) AppleWebKit/537.36 (KHTML, like Gecko) Chrome/69.0.3497.100 Safari/537.36"
45.131.195.130 - - [15/Apr/2026:08:17:23 +0200] "GET /wp-includes/js/jquery/suggest.php HTTP/1.1" 404 16804 "-" "Mozilla/5.0 (Windows NT 10.0; Win64; x64; rv:75.0) Gecko/20100101 Firefox/75.0"
45.131.195.130 - - [15/Apr/2026:08:17:24 +0200] "GET /new.php HTTP/1.1" 404 16804 "-" "Mozilla/5.0 (X11; Linux x86_64) AppleWebKit/537.36 (KHTML, like Gecko) Chrome/84.0.4147.105 Safari/537.36"
45.131.195.130 - - [15/Apr/2026:08:17:25 +0200] "GET /wp-content/plugins/pwnd-1/admin.php HTTP/1.1" 404 16812 "-" "Mozilla/5.0 (Windows NT 6.1; Win64; x64) AppleWebKit/537.36 (KHTML, like Gecko) Chrome/79.0.3945.130 Safari/537.36"
45.131.195.130 - - [15/Apr/2026:08:17:26 +0200] "GET /wp-includes/defaults.php HTTP/1.1" 404 16804 "-" "Mozilla/5.0 (Windows NT 10.0; Win64; x64) AppleWebKit/537.36 (KHTML, like Gecko) Chrome/79.0.3945.88 Safari/537.36"
45.131.195.130 - - [15/Apr/2026:08:17:27 +0200] "GET /images/DJP9.php HTTP/1.1" 404 16812 "-" "Mozilla/5.0 (Windows NT 6.1; Win64; x64) AppleWebKit/537.36 (KHTML, like Gecko) Chrome/80.0.3987.149 Safari/537.36"
45.131.195.130 - - [15/Apr/2026:08:17:28 +0200] "GET /wp-includes/customize/index.php HTTP/1.1" 301 368 "-" "Mozilla/5.0 (Windows NT 10.0; Win64; x64) AppleWebKit/537.36 (KHTML, like Gecko) Chrome/84.0.4147.105 Safari/537.36"
45.131.195.130 - - [15/Apr/2026:08:17:29 +0200] "GET /wp-admin/shell20211028.php HTTP/1.1" 404 16812 "-" "Mozilla/5.0 (Windows NT 10.0; Win64; x64) AppleWebKit/537.36 (KHTML, like Gecko) Chrome/77.0.3865.90 Safari/537.36"
95.216.2.94 - - [15/Apr/2026:08:17:31 +0200] "POST /wp-cron.php?doing_wp_cron=1776233851.4756040573120117187500 HTTP/1.1" 500 199 "-" "WordPress/6.9.4; http://www.eeggs.ru"
45.131.195.130 - - [15/Apr/2026:08:17:30 +0200] "GET /natural.php HTTP/1.1" 404 16804 "-" "Mozilla/5.0 (Windows NT 10.0; Win64; x64; rv:71.0) Gecko/20100101 Firefox/71.0"
45.131.195.130 - - [15/Apr/2026:08:17:31 +0200] "GET /item.php HTTP/1.1" 404 16804 "-" "Mozilla/5.0 (Windows NT 10.0; Win64; x64; rv:73.0) Gecko/20100101 Firefox/73.0"
45.131.195.130 - - [15/Apr/2026:08:17:32 +0200] "GET /function/function.php HTTP/1.1" 404 16804 "-" "Mozilla/5.0 (Windows NT 10.0; Win64; x64) AppleWebKit/537.36 (KHTML, like Gecko) Chrome/81.0.4044.129 Safari/537.36"
45.131.195.130 - - [15/Apr/2026:08:17:33 +0200] "GET /wp-includes/SimplePie/index.php HTTP/1.1" 301 368 "-" "Mozilla/5.0 (Windows NT 10.0; Win64; x64) AppleWebKit/537.36 (KHTML, like Gecko) Chrome/70.0.3538.77 Safari/537.36"
45.131.195.130 - - [15/Apr/2026:08:17:34 +0200] "GET /wp-admin/images/admin.php HTTP/1.1" 404 16804 "-" "Mozilla/5.0 (Macintosh; Intel Mac OS X 10_15_6) AppleWebKit/537.36 (KHTML, like Gecko) Chrome/84.0.4147.125 Safari/537.36"
45.131.195.130 - - [15/Apr/2026:08:17:36 +0200] "GET /wp-includes/theme-compat/about.php HTTP/1.1" 404 16804 "-" "Mozilla/5.0 (Windows NT 6.3; Win64; x64; rv:73.0) Gecko/20100101 Firefox/73.0"
45.131.195.130 - - [15/Apr/2026:08:17:37 +0200] "GET /about/function.php HTTP/1.1" 404 16804 "-" "Mozilla/5.0 (Windows NT 10.0; Win64; x64; rv:72.0) Gecko/20100101 Firefox/72.0"
45.131.195.130 - - [15/Apr/2026:08:17:38 +0200] "GET /wp-includes/Requests/index.php HTTP/1.1" 301 367 "-" "Mozilla/5.0 (Windows NT 10.0; WOW64) AppleWebKit/537.36 (KHTML, like Gecko) Chrome/84.0.4147.105 Safari/537.36"
45.131.195.130 - - [15/Apr/2026:08:17:39 +0200] "GET /wp-includes/ID3/about.php/wp-content/x/index.php HTTP/1.1" 301 385 "-" "Mozilla/5.0 (Windows NT 6.1; Win64; x64) AppleWebKit/537.36 (KHTML, like Gecko) Chrome/80.0.3987.149 Safari/537.36"
45.131.195.130 - - [15/Apr/2026:08:17:40 +0200] "GET /wp-includes/ID3/about.php HTTP/1.1" 404 16804 "-" "Mozilla/5.0 (Windows NT 10.0; Win64; x64) AppleWebKit/537.36 (KHTML, like Gecko) Chrome/70.0.3538.77 Safari/537.36"
45.131.195.130 - - [15/Apr/2026:08:17:41 +0200] "GET /wp-content/languages/404.php HTTP/1.1" 404 16804 "-" "Mozilla/5.0 (X11; Fedora; Linux x86_64; rv:79.0) Gecko/20100101 Firefox/79.0"
45.131.195.130 - - [15/Apr/2026:08:17:42 +0200] "GET /update/403.php HTTP/1.1" 404 16812 "-" "Mozilla/5.0 (Windows NT 10.0; Win64; x64) AppleWebKit/537.36 (KHTML, like Gecko) Chrome/74.0.3729.169 Safari/537.36"
45.131.195.130 - - [15/Apr/2026:08:17:43 +0200] "GET /default.php HTTP/1.1" 404 16804 "-" "Mozilla/5.0 (Windows NT 10.0; WOW64; x64) AppleWebKit/537.36 (KHTML, like Gecko) Chrome/84.0.4147.105 Safari/537.36 OPR/70.0.3728.95"
45.131.195.130 - - [15/Apr/2026:08:17:44 +0200] "GET /wp-includes/assets/info.php HTTP/1.1" 404 16804 "-" "Mozilla/5.0 (Windows NT 10.0; WOW64) AppleWebKit/537.36 (KHTML, like Gecko) Chrome/72.0.3626.121 Safari/537.36"
45.131.195.130 - - [15/Apr/2026:08:17:45 +0200] "GET /wp-includes/class.api.php HTTP/1.1" 404 16804 "-" "Mozilla/5.0 (X11; Linux x86_64) AppleWebKit/537.36 (KHTML, like Gecko) Chrome/84.0.4147.105 Safari/537.36"
45.131.195.130 - - [15/Apr/2026:08:17:46 +0200] "GET /wp-includes/fonts/index.php HTTP/1.1" 301 364 "-" "Mozilla/5.0 (Windows NT 6.1; Win64; x64) AppleWebKit/537.36 (KHTML, like Gecko) Chrome/79.0.3945.130 Safari/537.36"
45.131.195.130 - - [15/Apr/2026:08:17:47 +0200] "GET /wp-admin/chosen.php HTTP/1.1" 404 16804 "-" "Mozilla/5.0 (Windows NT 10.0; WOW64; x64) AppleWebKit/537.36 (KHTML, like Gecko) Chrome/84.0.4147.105 Safari/537.36 OPR/70.0.3728.95"
45.131.195.130 - - [15/Apr/2026:08:17:48 +0200] "GET /autoload_classmap/bypass.php HTTP/1.1" 404 16804 "-" "Mozilla/5.0 (Windows NT 10.0; Win64; x64; rv:75.0) Gecko/20100101 Firefox/75.0"
45.131.195.130 - - [15/Apr/2026:08:17:49 +0200] "GET /dropdown.php HTTP/1.1" 404 16804 "-" "Mozilla/5.0 (Windows NT 10.0; Win64; x64; rv:72.0) Gecko/20100101 Firefox/72.0"
45.131.195.130 - - [15/Apr/2026:08:17:50 +0200] "GET /images/admin.php HTTP/1.1" 404 16804 "-" "Mozilla/5.0 (Macintosh; Intel Mac OS X 10_15_6) AppleWebKit/537.36 (KHTML, like Gecko) Chrome/84.0.4147.125 Safari/537.36"
45.131.195.130 - - [15/Apr/2026:08:17:51 +0200] "GET /db.php HTTP/1.1" 404 16804 "-" "Mozilla/5.0 (Macintosh; Intel Mac OS X 10_15_6) AppleWebKit/537.36 (KHTML, like Gecko) Chrome/84.0.4147.105 Safari/537.36 OPR/70.0.3728.95"
45.131.195.130 - - [15/Apr/2026:08:17:52 +0200] "GET /.well-known/pki-validation/mariju.php HTTP/1.1" 404 16804 "-" "Mozilla/5.0 (Windows NT 10.0; Win64; x64) AppleWebKit/537.36 (KHTML, like Gecko) Chrome/74.0.3729.169 Safari/537.36"
45.131.195.130 - - [15/Apr/2026:08:17:53 +0200] "GET /mah/function.php HTTP/1.1" 404 16804 "-" "Mozilla/5.0 (Windows NT 10.0; Win64; x64; rv:75.0) Gecko/20100101 Firefox/75.0"
45.131.195.130 - - [15/Apr/2026:08:17:54 +0200] "GET /wp-content/plugins/bypass.php HTTP/1.1" 404 16804 "-" "Mozilla/5.0 (Macintosh; Intel Mac OS X 10_15_6) AppleWebKit/537.36 (KHTML, like Gecko) Chrome/84.0.4147.105 Safari/537.36"
45.131.195.130 - - [15/Apr/2026:08:17:55 +0200] "GET /wp-includes/admin.php HTTP/1.1" 404 16812 "-" "Mozilla/5.0 (X11; Fedora; Linux x86_64; rv:79.0) Gecko/20100101 Firefox/79.0"
45.131.195.130 - - [15/Apr/2026:08:17:56 +0200] "GET /wp-content/themes/tflow/up.php HTTP/1.1" 404 16804 "-" "Mozilla/5.0 (Windows NT 10.0; Win64; x64) AppleWebKit/537.36 (KHTML, like Gecko) Chrome/70.0.3538.110 Safari/537.36"
66.249.66.33 - - [15/Apr/2026:08:17:57 +0200] "GET /goods/De-Costume-Gris-Grau-019/848377 HTTP/1.1" 301 439 "-" "Mozilla/5.0 (Linux; Android 6.0.1; Nexus 5X Build/MMB29P) AppleWebKit/537.36 (KHTML, like Gecko) Chrome/146.0.7680.177 Mobile Safari/537.36 (compatible; Googlebot/2.1; +http://www.google.com/bot.html)"
45.131.195.130 - - [15/Apr/2026:08:17:57 +0200] "GET /wp-admin/function.php HTTP/1.1" 404 16804 "-" "Mozilla/5.0 (X11; Linux i686; rv:79.0) Gecko/20100101 Firefox/79.0"
66.249.66.198 - - [15/Apr/2026:08:17:58 +0200] "GET /goods/De-Costume-Gris-Grau-019/848377 HTTP/1.1" 404 16849 "-" "Mozilla/5.0 (Linux; Android 6.0.1; Nexus 5X Build/MMB29P) AppleWebKit/537.36 (KHTML, like Gecko) Chrome/146.0.7680.177 Mobile Safari/537.36 (compatible; Googlebot/2.1; +http://www.google.com/bot.html)"
45.131.195.130 - - [15/Apr/2026:08:17:58 +0200] "GET /templates/beez3/index.php HTTP/1.1" 301 362 "-" "Mozilla/5.0 (Windows NT 10.0; Win64; x64) AppleWebKit/537.36 (KHTML, like Gecko) Chrome/83.0.4103.97 Safari/537.36"
45.131.195.130 - - [15/Apr/2026:08:17:59 +0200] "GET /wp-admin/js/wp-login.php HTTP/1.1" 404 16812 "-" "Mozilla/5.0 (Windows NT 10.0; Win64; x64) AppleWebKit/537.36 (KHTML, like Gecko) Chrome/84.0.4147.105 Safari/537.36 OPR/70.0.3728.95"
45.131.195.130 - - [15/Apr/2026:08:18:00 +0200] "GET /install.php HTTP/1.1" 404 16804 "-" "Mozilla/5.0 (Windows NT 10.0; Win64; x64) AppleWebKit/537.36 (KHTML, like Gecko) Chrome/83.0.4103.97 Safari/537.36"
45.131.195.130 - - [15/Apr/2026:08:18:01 +0200] "GET /wp-admin/css/colors/blue/rk2.php HTTP/1.1" 404 16804 "-" "Mozilla/5.0 (Windows NT 10.0; Win64; x64) AppleWebKit/537.36 (KHTML, like Gecko) Chrome/69.0.3497.100 Safari/537.36"
45.131.195.130 - - [15/Apr/2026:08:18:02 +0200] "GET /images/class-config.php HTTP/1.1" 404 16804 "-" "Mozilla/5.0 (Windows NT 10.0; Win64; x64) AppleWebKit/537.36 (KHTML, like Gecko) Chrome/74.0.3729.157 Safari/537.36"
45.131.195.130 - - [15/Apr/2026:08:18:03 +0200] "GET /components/com_jea/views/form/tmpl/size.php HTTP/1.1" 404 16804 "-" "Mozilla/5.0 (Macintosh; Intel Mac OS X 10_12_6) AppleWebKit/537.36 (KHTML, like Gecko) Chrome/58.0.3029.110 Safari/537.3"
45.131.195.130 - - [15/Apr/2026:08:18:04 +0200] "GET /templates/beez/index.php HTTP/1.1" 301 361 "-" "Mozilla/5.0 (X11; Linux i686; rv:79.0) Gecko/20100101 Firefox/79.0"
45.131.195.130 - - [15/Apr/2026:08:18:05 +0200] "GET /bypass.php HTTP/1.1" 404 16804 "-" "Mozilla/5.0 (Windows NT 10.0; Win64; x64) AppleWebKit/537.36 (KHTML, like Gecko) Chrome/83.0.4103.61 Safari/537.36"
45.131.195.130 - - [15/Apr/2026:08:18:06 +0200] "GET /class.php HTTP/1.1" 404 16804 "-" "Mozilla/5.0 (Windows NT 10.0) AppleWebKit/537.36 (KHTML, like Gecko) Chrome/72.0.3626.121 Safari/537.36"
45.131.195.130 - - [15/Apr/2026:08:18:07 +0200] "GET /wp-admin/css/colors/light/profile.php HTTP/1.1" 404 16804 "-" "Mozilla/5.0 (Windows NT 10.0; Win64; x64) AppleWebKit/537.36 (KHTML, like Gecko) Chrome/74.0.3729.169 Safari/537.36"
45.131.195.130 - - [15/Apr/2026:08:18:09 +0200] "GET /wp-content/product.php HTTP/1.1" 404 16804 "-" "Mozilla/5.0 (Windows NT 10.0; Win64; x64) AppleWebKit/537.36 (KHTML, like Gecko) Chrome/84.0.4147.105 Safari/537.36"
45.131.195.130 - - [15/Apr/2026:08:18:10 +0200] "GET /wp-content/uploads/autoload_classmap.php HTTP/1.1" 404 16804 "-" "Mozilla/5.0 (Windows NT 6.1; Win64; x64) AppleWebKit/537.36 (KHTML, like Gecko) Chrome/58.0.3029.110 Safari/537.3"
45.131.195.130 - - [15/Apr/2026:08:18:11 +0200] "GET /vendor/phpunit/phpunit/src/Util/PHP/ask.php HTTP/1.1" 404 16804 "-" "Mozilla/5.0 (Windows NT 10.0; Win64; x64) AppleWebKit/537.36 (KHTML, like Gecko) Chrome/69.0.3497.100 Safari/537.36"
45.131.195.130 - - [15/Apr/2026:08:18:12 +0200] "GET /wp-includes/rest-api/about.php HTTP/1.1" 404 16804 "-" "Mozilla/5.0 (Windows NT 6.1; Win64; x64) AppleWebKit/537.36 (KHTML, like Gecko) Chrome/79.0.3945.130 Safari/537.36"
45.131.195.130 - - [15/Apr/2026:08:18:13 +0200] "GET /css/css.php HTTP/1.1" 404 16804 "-" "Mozilla/5.0 (Windows NT 10.0; Win64; x64; rv:71.0) Gecko/20100101 Firefox/71.0"
45.131.195.130 - - [15/Apr/2026:08:18:14 +0200] "GET /init.php HTTP/1.1" 404 16804 "-" "Mozilla/5.0 (Macintosh; Intel Mac OS X 10_12_6) AppleWebKit/537.36 (KHTML, like Gecko) Chrome/58.0.3029.110 Safari/537.3"
45.131.195.130 - - [15/Apr/2026:08:18:15 +0200] "GET /wp-admin/user/wp-login.php HTTP/1.1" 404 16804 "-" "Mozilla/5.0 (Windows NT 10.0; Win64; x64) AppleWebKit/537.36 (KHTML, like Gecko) Chrome/77.0.3865.90 Safari/537.36"
45.131.195.130 - - [15/Apr/2026:08:18:16 +0200] "GET /autoload_classmap/function.php HTTP/1.1" 404 16804 "-" "Mozilla/5.0 (compatible; MSIE 10.0; Windows NT 6.1; Trident/6.0)"
45.131.195.130 - - [15/Apr/2026:08:18:17 +0200] "GET /wp-includes/item.php HTTP/1.1" 404 16812 "-" "Mozilla/5.0 (Windows NT 10.0; Win64; x64) AppleWebKit/537.36 (KHTML, like Gecko) Chrome/74.0.3729.169 Safari/537.36"
45.131.195.130 - - [15/Apr/2026:08:18:18 +0200] "GET /assets/index.php HTTP/1.1" 301 353 "-" "Mozilla/5.0 (X11; Ubuntu; Linux x86_64; rv:79.0) Gecko/20100101 Firefox/79.0"
45.131.195.130 - - [15/Apr/2026:08:18:19 +0200] "GET /.well-known/pki-validation/index.php HTTP/1.1" 301 373 "-" "Mozilla/5.0 (Windows NT 10.0; Win64; x64; rv:74.0) Gecko/20100101 Firefox/74.0"
45.131.195.130 - - [15/Apr/2026:08:18:20 +0200] "GET /wp-content/uploads/admin.php HTTP/1.1" 404 16804 "-" "Mozilla/5.0 (Windows NT 10.0; Win64; x64; rv:77.0) Gecko/20100101 Firefox/77.0"
45.131.195.130 - - [15/Apr/2026:08:18:21 +0200] "GET /css/admin.php HTTP/1.1" 404 16812 "-" "Mozilla/5.0 (Macintosh; Intel Mac OS X 10_15_6) AppleWebKit/537.36 (KHTML, like Gecko) Chrome/84.0.4147.105 Safari/537.36"
45.131.195.130 - - [15/Apr/2026:08:18:23 +0200] "GET /adminfuns.php HTTP/1.1" 404 16812 "-" "Mozilla/5.0 (Windows NT 10.0; Win64; x64) AppleWebKit/537.36 (KHTML, like Gecko) Chrome/75.0.3770.100 Safari/537.36"
45.131.195.130 - - [15/Apr/2026:08:18:24 +0200] "GET /wp-admin/css/autoload_classmap.php HTTP/1.1" 404 16804 "-" "Mozilla/5.0 (Windows NT 10.0; Win64; x64; rv:67.0) Gecko/20100101 Firefox/67.0"
45.131.195.130 - - [15/Apr/2026:08:18:25 +0200] "GET /wp_wlx.php HTTP/1.1" 404 16804 "-" "Mozilla/5.0 (Windows NT 6.1; Win64; x64) AppleWebKit/537.36 (KHTML, like Gecko) Chrome/79.0.3945.130 Safari/537.36"
45.131.195.130 - - [15/Apr/2026:08:18:26 +0200] "GET /wp-admin/js/wp-conflg.php HTTP/1.1" 404 16804 "-" "Mozilla/5.0 (Windows NT 10.0; Win64; x64) AppleWebKit/537.36 (KHTML, like Gecko) Chrome/84.0.4147.105 Safari/537.36 OPR/70.0.3728.95"
45.131.195.130 - - [15/Apr/2026:08:18:27 +0200] "GET /wp-includes/assets/husky301.php HTTP/1.1" 404 16804 "-" "Mozilla/5.0 (Windows NT 10.0; WOW64) AppleWebKit/537.36 (KHTML, like Gecko) Chrome/72.0.3626.121 Safari/537.36"
45.131.195.130 - - [15/Apr/2026:08:18:28 +0200] "GET /wp.php HTTP/1.1" 404 16812 "-" "Mozilla/5.0 (Windows NT 10.0; Win64; x64; rv:76.0) Gecko/20100101 Firefox/76.0"
45.131.195.130 - - [15/Apr/2026:08:18:29 +0200] "GET /wp-admin/css/colors/blue/wp-trackback.php HTTP/1.1" 404 16812 "-" "Mozilla/5.0 (Windows NT 10.0; Win64; x64; rv:72.0) Gecko/20100101 Firefox/72.0"
95.216.2.94 - - [15/Apr/2026:08:18:32 +0200] "POST /wp-cron.php?doing_wp_cron=1776233912.0064380168914794921875 HTTP/1.1" 500 199 "-" "WordPress/6.9.4; http://www.eeggs.ru"
45.131.195.130 - - [15/Apr/2026:08:18:31 +0200] "GET /wp-content/themes/chosen.php HTTP/1.1" 404 16804 "-" "Mozilla/5.0 (Windows NT 10.0; Win64; x64; rv:74.0) Gecko/20100101 Firefox/74.0"
45.131.195.130 - - [15/Apr/2026:08:18:32 +0200] "GET /wp-header.php HTTP/1.1" 404 16812 "-" "Mozilla/5.0 (Macintosh; Intel Mac OS X 10_15_6) AppleWebKit/537.36 (KHTML, like Gecko) Chrome/84.0.4147.105 Safari/537.36 OPR/70.0.3728.95"
45.131.195.130 - - [15/Apr/2026:08:18:33 +0200] "GET /wp-content/themes/admin.php HTTP/1.1" 404 16804 "-" "Mozilla/5.0 (X11; Linux x86_64) AppleWebKit/537.36 (KHTML, like Gecko) Chrome/84.0.4147.105 Safari/537.36 OPR/70.0.3728.95"
45.131.195.130 - - [15/Apr/2026:08:18:34 +0200] "GET /Marvins.php HTTP/1.1" 404 16804 "-" "Mozilla/5.0 (X11; Linux i686; rv:79.0) Gecko/20100101 Firefox/79.0"
45.131.195.130 - - [15/Apr/2026:08:18:35 +0200] "GET /wp-content/about.php HTTP/1.1" 404 16804 "-" "Mozilla/5.0 (Windows NT 10.0; Win64; x64) AppleWebKit/537.36 (KHTML, like Gecko) Chrome/77.0.3865.90 Safari/537.36"
45.131.195.130 - - [15/Apr/2026:08:18:36 +0200] "GET /wp-class.php HTTP/1.1" 404 16804 "-" "Mozilla/5.0 (Windows NT 10.0; Win64; x64; rv:71.0) Gecko/20100101 Firefox/71.0"
45.131.195.130 - - [15/Apr/2026:08:18:37 +0200] "GET /wp-includes/images/smilies/index.php HTTP/1.1" 301 373 "-" "Mozilla/5.0 (Windows NT 10.0; Win64; x64) AppleWebKit/537.36 (KHTML, like Gecko) Chrome/77.0.3865.90 Safari/537.36"
