216.73.216.41 - - [15/Apr/2026:06:47:00 +0200] "GET / HTTP/1.1" 301 290 "-" "Mozilla/5.0 AppleWebKit/537.36 (KHTML, like Gecko; compatible; ClaudeBot/1.0; +claudebot@anthropic.com)"
66.249.66.33 - - [15/Apr/2026:06:47:15 +0200] "GET /goods/3-Gram-Bocal-De-3-Ml-Sans-BPA-Cosm-tique-chantillon-Vide-En/1156478 HTTP/1.1" 301 475 "-" "Mozilla/5.0 (Linux; Android 6.0.1; Nexus 5X Build/MMB29P) AppleWebKit/537.36 (KHTML, like Gecko) Chrome/146.0.7680.177 Mobile Safari/537.36 (compatible; Googlebot/2.1; +http://www.google.com/bot.html)"
66.249.66.198 - - [15/Apr/2026:06:47:17 +0200] "GET /goods/3-Gram-Bocal-De-3-Ml-Sans-BPA-Cosm-tique-chantillon-Vide-En/1156478 HTTP/1.1" 404 16849 "-" "Mozilla/5.0 (Linux; Android 6.0.1; Nexus 5X Build/MMB29P) AppleWebKit/537.36 (KHTML, like Gecko) Chrome/146.0.7680.177 Mobile Safari/537.36 (compatible; Googlebot/2.1; +http://www.google.com/bot.html)"
95.216.2.94 - - [15/Apr/2026:06:48:10 +0200] "POST /wp-cron.php?doing_wp_cron=1776228489.9980869293212890625000 HTTP/1.1" 500 199 "-" "WordPress/6.9.4; http://www.eeggs.ru"
66.249.66.33 - - [15/Apr/2026:06:48:09 +0200] "GET /goods/Igi-Co-Femme-D-ermione-Plat-Oxford-Champagne-38-EU-D-s/1156091 HTTP/1.1" 301 470 "-" "Mozilla/5.0 (Linux; Android 6.0.1; Nexus 5X Build/MMB29P) AppleWebKit/537.36 (KHTML, like Gecko) Chrome/146.0.7680.177 Mobile Safari/537.36 (compatible; Googlebot/2.1; +http://www.google.com/bot.html)"
66.249.66.199 - - [15/Apr/2026:06:48:10 +0200] "GET /goods/Igi-Co-Femme-D-ermione-Plat-Oxford-Champagne-38-EU-D-s/1156091 HTTP/1.1" 404 16849 "-" "Mozilla/5.0 (Linux; Android 6.0.1; Nexus 5X Build/MMB29P) AppleWebKit/537.36 (KHTML, like Gecko) Chrome/146.0.7680.177 Mobile Safari/537.36 (compatible; Googlebot/2.1; +http://www.google.com/bot.html)"
66.249.66.33 - - [15/Apr/2026:06:48:48 +0200] "GET /goods/Sol-3-En-1EC-TDS-CF-Testeur-De-Sol-Num-rique-Plante-De-Jardin/633683 HTTP/1.1" 301 476 "-" "Mozilla/5.0 (Linux; Android 6.0.1; Nexus 5X Build/MMB29P) AppleWebKit/537.36 (KHTML, like Gecko) Chrome/146.0.7680.177 Mobile Safari/537.36 (compatible; Googlebot/2.1; +http://www.google.com/bot.html)"
66.249.66.198 - - [15/Apr/2026:06:48:49 +0200] "GET /goods/Sol-3-En-1EC-TDS-CF-Testeur-De-Sol-Num-rique-Plante-De-Jardin/633683 HTTP/1.1" 404 16849 "-" "Mozilla/5.0 (Linux; Android 6.0.1; Nexus 5X Build/MMB29P) AppleWebKit/537.36 (KHTML, like Gecko) Chrome/146.0.7680.177 Mobile Safari/537.36 (compatible; Googlebot/2.1; +http://www.google.com/bot.html)"
95.216.2.94 - - [15/Apr/2026:06:51:57 +0200] "POST /wp-cron.php?doing_wp_cron=1776228717.8459610939025878906250 HTTP/1.1" 500 199 "-" "WordPress/6.9.4; http://www.eeggs.ru"
66.249.66.33 - - [15/Apr/2026:06:51:57 +0200] "GET /goods/ARCTIC-Case-Thermalright-TL-C12W-S-V3-Ventilateur-De/1158485 HTTP/1.1" 301 468 "-" "Mozilla/5.0 (Linux; Android 6.0.1; Nexus 5X Build/MMB29P) AppleWebKit/537.36 (KHTML, like Gecko) Chrome/146.0.7680.177 Mobile Safari/537.36 (compatible; Googlebot/2.1; +http://www.google.com/bot.html)"
66.249.66.198 - - [15/Apr/2026:06:51:58 +0200] "GET /goods/ARCTIC-Case-Thermalright-TL-C12W-S-V3-Ventilateur-De/1158485 HTTP/1.1" 404 16849 "-" "Mozilla/5.0 (Linux; Android 6.0.1; Nexus 5X Build/MMB29P) AppleWebKit/537.36 (KHTML, like Gecko) Chrome/146.0.7680.177 Mobile Safari/537.36 (compatible; Googlebot/2.1; +http://www.google.com/bot.html)"
52.167.144.163 - - [15/Apr/2026:06:52:23 +0200] "GET /goods/Pipette-Set-Short-And-Long-Hobby-Painting-Tools-A/822626 HTTP/1.1" 301 408 "-" "Mozilla/5.0 AppleWebKit/537.36 (KHTML, like Gecko; compatible; bingbot/2.0; +http://www.bing.com/bingbot.htm) Chrome/116.0.1938.76 Safari/537.36"
52.167.144.163 - - [15/Apr/2026:06:52:24 +0200] "GET /goods/Legere-Pas-Cher-Meilleures-Ofes-Neuf-Et-Occasion/543449 HTTP/1.1" 301 407 "-" "Mozilla/5.0 AppleWebKit/537.36 (KHTML, like Gecko; compatible; bingbot/2.0; +http://www.bing.com/bingbot.htm) Chrome/116.0.1938.76 Safari/537.36"
52.167.144.138 - - [15/Apr/2026:06:52:32 +0200] "GET /goods/Matelas-B-b-Berceau-Brise-Light-40-X-90-X-6-Cm-Carr/706737 HTTP/1.1" 301 410 "-" "Mozilla/5.0 AppleWebKit/537.36 (KHTML, like Gecko; compatible; bingbot/2.0; +http://www.bing.com/bingbot.htm) Chrome/116.0.1938.76 Safari/537.36"
52.167.144.189 - - [15/Apr/2026:06:52:36 +0200] "GET /goods/Motorola-Moto-Buds-couteurs-Bluetooth-5-3-Son-Haute-R/1287593 HTTP/1.1" 301 413 "-" "Mozilla/5.0 AppleWebKit/537.36 (KHTML, like Gecko; compatible; bingbot/2.0; +http://www.bing.com/bingbot.htm) Chrome/116.0.1938.76 Safari/537.36"
95.216.2.94 - - [15/Apr/2026:06:53:22 +0200] "POST /wp-cron.php?doing_wp_cron=1776228802.9881761074066162109375 HTTP/1.1" 500 199 "-" "WordPress/6.9.4; http://www.eeggs.ru"
192.36.109.116 - - [15/Apr/2026:06:53:22 +0200] "GET / HTTP/1.1" 301 253 "-" "Mozilla/5.0 (iPhone; CPU iPhone OS 17_3_1 like Mac OS X) AppleWebKit/605.1.15 (KHTML, like Gecko) Version/17.3.1 Mobile/15E148 Safari/604"
192.36.109.98 - - [15/Apr/2026:06:53:23 +0200] "GET / HTTP/1.1" 200 8201 "http://eeggs.ru/" "Mozilla/5.0 (iPhone; CPU iPhone OS 17_3_1 like Mac OS X) AppleWebKit/605.1.15 (KHTML, like Gecko) Version/17.3.1 Mobile/15E148 Safari/604"
192.36.109.96 - - [15/Apr/2026:06:53:24 +0200] "GET /os/windows-vista-disc-holographic-pictures/ HTTP/1.1" 200 8446 "-" "Mozilla/5.0 (iPhone; CPU iPhone OS 17_3_1 like Mac OS X) AppleWebKit/605.1.15 (KHTML, like Gecko) Version/17.3.1 Mobile/15E148 Safari/604"
192.36.109.125 - - [15/Apr/2026:06:53:25 +0200] "GET /software/skrytye-splesh-skriny-photoshop/ HTTP/1.1" 200 7867 "-" "Mozilla/5.0 (iPhone; CPU iPhone OS 17_3_1 like Mac OS X) AppleWebKit/605.1.15 (KHTML, like Gecko) Version/17.3.1 Mobile/15E148 Safari/604"
192.36.109.94 - - [15/Apr/2026:06:53:25 +0200] "GET /software/skrytye-smajly-i-ikonki-v-skype/ HTTP/1.1" 200 15697 "-" "Mozilla/5.0 (iPhone; CPU iPhone OS 17_3_1 like Mac OS X) AppleWebKit/605.1.15 (KHTML, like Gecko) Version/17.3.1 Mobile/15E148 Safari/604"
152.228.220.143 - - [15/Apr/2026:06:54:20 +0200] "GET /other/osmp-ny/feed/ HTTP/1.1" 200 1719 "-" "Mozilla/5.0 (X11; Linux i686) AppleWebKit/537.36 (KHTML, like Gecko) Chrome/30.0.1599.66 Safari/537.36"
95.216.2.94 - - [15/Apr/2026:06:54:47 +0200] "POST /wp-cron.php?doing_wp_cron=1776228887.1079850196838378906250 HTTP/1.1" 500 199 "-" "WordPress/6.9.4; http://www.eeggs.ru"
66.249.66.33 - - [15/Apr/2026:06:54:46 +0200] "GET /goods/L-039-Isle-aux-Coudres-Avec-Le-Moulin-Eau-jpg-Wikimedia-Co/736135 HTTP/1.1" 301 473 "-" "Mozilla/5.0 (Linux; Android 6.0.1; Nexus 5X Build/MMB29P) AppleWebKit/537.36 (KHTML, like Gecko) Chrome/146.0.7680.177 Mobile Safari/537.36 (compatible; Googlebot/2.1; +http://www.google.com/bot.html)"
66.249.66.198 - - [15/Apr/2026:06:54:47 +0200] "GET /goods/L-039-Isle-aux-Coudres-Avec-Le-Moulin-Eau-jpg-Wikimedia-Co/736135 HTTP/1.1" 404 16849 "-" "Mozilla/5.0 (Linux; Android 6.0.1; Nexus 5X Build/MMB29P) AppleWebKit/537.36 (KHTML, like Gecko) Chrome/146.0.7680.177 Mobile Safari/537.36 (compatible; Googlebot/2.1; +http://www.google.com/bot.html)"
52.167.144.138 - - [15/Apr/2026:06:54:53 +0200] "GET /goods/Hanes-Culottes-Pour-Femme-Noir-Noir-L/622730 HTTP/1.1" 301 396 "-" "Mozilla/5.0 AppleWebKit/537.36 (KHTML, like Gecko; compatible; bingbot/2.0; +http://www.bing.com/bingbot.htm) Chrome/116.0.1938.76 Safari/537.36"
52.167.144.189 - - [15/Apr/2026:06:54:58 +0200] "GET /goods/Helly-Hansen-Pantalon-Bretelles-Verglas-BC-Pour-Femme/1245575 HTTP/1.1" 301 413 "-" "Mozilla/5.0 AppleWebKit/537.36 (KHTML, like Gecko; compatible; bingbot/2.0; +http://www.bing.com/bingbot.htm) Chrome/116.0.1938.76 Safari/537.36"
52.167.144.189 - - [15/Apr/2026:06:54:59 +0200] "GET /goods/Bande-Anti-oiseaux-R-fl-chissante-Double-Face-Dissuasion-Des/725213 HTTP/1.1" 301 419 "-" "Mozilla/5.0 AppleWebKit/537.36 (KHTML, like Gecko; compatible; bingbot/2.0; +http://www.bing.com/bingbot.htm) Chrome/116.0.1938.76 Safari/537.36"
66.249.66.33 - - [15/Apr/2026:06:55:17 +0200] "GET /goods/Sac-Seau-Bi-mati-re-Noir-5/964228 HTTP/1.1" 301 441 "-" "Mozilla/5.0 (Linux; Android 6.0.1; Nexus 5X Build/MMB29P) AppleWebKit/537.36 (KHTML, like Gecko) Chrome/146.0.7680.177 Mobile Safari/537.36 (compatible; Googlebot/2.1; +http://www.google.com/bot.html)"
66.249.66.200 - - [15/Apr/2026:06:55:18 +0200] "GET /goods/Sac-Seau-Bi-mati-re-Noir-5/964228 HTTP/1.1" 404 16849 "-" "Mozilla/5.0 (Linux; Android 6.0.1; Nexus 5X Build/MMB29P) AppleWebKit/537.36 (KHTML, like Gecko) Chrome/146.0.7680.177 Mobile Safari/537.36 (compatible; Googlebot/2.1; +http://www.google.com/bot.html)"
95.216.2.94 - - [15/Apr/2026:06:58:30 +0200] "POST /wp-cron.php?doing_wp_cron=1776229110.2888209819793701171875 HTTP/1.1" 500 199 "-" "WordPress/6.9.4; http://www.eeggs.ru"
66.249.66.32 - - [15/Apr/2026:06:58:29 +0200] "GET /goods/El-Aut-ntico-Sabor-Americano-Sure-o-Desde/562139 HTTP/1.1" 301 456 "-" "Mozilla/5.0 (Linux; Android 6.0.1; Nexus 5X Build/MMB29P) AppleWebKit/537.36 (KHTML, like Gecko) Chrome/146.0.7680.177 Mobile Safari/537.36 (compatible; Googlebot/2.1; +http://www.google.com/bot.html)"
66.249.66.199 - - [15/Apr/2026:06:58:30 +0200] "GET /goods/El-Aut-ntico-Sabor-Americano-Sure-o-Desde/562139 HTTP/1.1" 404 16849 "-" "Mozilla/5.0 (Linux; Android 6.0.1; Nexus 5X Build/MMB29P) AppleWebKit/537.36 (KHTML, like Gecko) Chrome/146.0.7680.177 Mobile Safari/537.36 (compatible; Googlebot/2.1; +http://www.google.com/bot.html)"
95.216.2.94 - - [15/Apr/2026:06:59:46 +0200] "POST /wp-cron.php?doing_wp_cron=1776229186.6707448959350585937500 HTTP/1.1" 500 199 "-" "WordPress/6.9.4; http://www.eeggs.ru"
66.249.66.32 - - [15/Apr/2026:06:59:45 +0200] "GET /goods/radiateurs-Pour-Correspondre-La-D-coration-De-Votre-Maison/910630 HTTP/1.1" 301 473 "-" "Mozilla/5.0 (Linux; Android 6.0.1; Nexus 5X Build/MMB29P) AppleWebKit/537.36 (KHTML, like Gecko) Chrome/146.0.7680.177 Mobile Safari/537.36 (compatible; Googlebot/2.1; +http://www.google.com/bot.html)"
66.249.66.199 - - [15/Apr/2026:06:59:46 +0200] "GET /goods/radiateurs-Pour-Correspondre-La-D-coration-De-Votre-Maison/910630 HTTP/1.1" 404 16849 "-" "Mozilla/5.0 (Linux; Android 6.0.1; Nexus 5X Build/MMB29P) AppleWebKit/537.36 (KHTML, like Gecko) Chrome/146.0.7680.177 Mobile Safari/537.36 (compatible; Googlebot/2.1; +http://www.google.com/bot.html)"
95.216.2.94 - - [15/Apr/2026:07:01:39 +0200] "POST /wp-cron.php?doing_wp_cron=1776229299.1644868850708007812500 HTTP/1.1" 500 199 "-" "WordPress/6.9.4; http://www.eeggs.ru"
94.154.35.236 - - [15/Apr/2026:07:01:38 +0200] "HEAD /bkp.7z HTTP/1.1" 301 338 "-" "Mozilla/5.0 (Windows NT 10.0; Win64; x64) AppleWebKit/537.36 (KHTML, like Gecko) Chrome/101.0.4951.67 Safari/537.36"
94.154.35.236 - - [15/Apr/2026:07:01:39 +0200] "HEAD /bkp.7z HTTP/1.1" 404 330 "-" "Mozilla/5.0 (Windows NT 10.0; Win64; x64) AppleWebKit/537.36 (KHTML, like Gecko) Chrome/101.0.4951.67 Safari/537.36"
66.249.66.33 - - [15/Apr/2026:07:02:03 +0200] "GET /goods/The-Bunny-Trail-A-To-Z-Quilting/1216376 HTTP/1.1" 301 447 "-" "Mozilla/5.0 (Linux; Android 6.0.1; Nexus 5X Build/MMB29P) AppleWebKit/537.36 (KHTML, like Gecko) Chrome/146.0.7680.177 Mobile Safari/537.36 (compatible; Googlebot/2.1; +http://www.google.com/bot.html)"
66.249.66.200 - - [15/Apr/2026:07:02:04 +0200] "GET /goods/The-Bunny-Trail-A-To-Z-Quilting/1216376 HTTP/1.1" 404 16849 "-" "Mozilla/5.0 (Linux; Android 6.0.1; Nexus 5X Build/MMB29P) AppleWebKit/537.36 (KHTML, like Gecko) Chrome/146.0.7680.177 Mobile Safari/537.36 (compatible; Googlebot/2.1; +http://www.google.com/bot.html)"
95.216.2.94 - - [15/Apr/2026:07:02:48 +0200] "POST /wp-cron.php?doing_wp_cron=1776229368.6380910873413085937500 HTTP/1.1" 500 199 "-" "WordPress/6.9.4; http://www.eeggs.ru"
216.73.216.41 - - [15/Apr/2026:07:02:47 +0200] "GET / HTTP/1.1" 301 290 "-" "Mozilla/5.0 AppleWebKit/537.36 (KHTML, like Gecko; compatible; ClaudeBot/1.0; +claudebot@anthropic.com)"
216.73.216.41 - - [15/Apr/2026:07:02:49 +0200] "GET / HTTP/1.1" 200 8238 "http://eeggs.ru/" "Mozilla/5.0 AppleWebKit/537.36 (KHTML, like Gecko; compatible; ClaudeBot/1.0; +claudebot@anthropic.com)"
95.216.2.94 - - [15/Apr/2026:07:07:15 +0200] "POST /wp-cron.php?doing_wp_cron=1776229635.2636799812316894531250 HTTP/1.1" 500 199 "-" "WordPress/6.9.4; http://www.eeggs.ru"
52.167.144.173 - - [15/Apr/2026:07:07:14 +0200] "GET /films/flushed-away/flushed_3.jpg HTTP/1.1" 404 16804 "-" "Mozilla/5.0 AppleWebKit/537.36 (KHTML, like Gecko; compatible; bingbot/2.0; +http://www.bing.com/bingbot.htm) Chrome/116.0.1938.76 Safari/537.36"
95.216.2.94 - - [15/Apr/2026:07:08:46 +0200] "POST /wp-cron.php?doing_wp_cron=1776229726.0708360671997070312500 HTTP/1.1" 500 199 "-" "WordPress/6.9.4; http://www.eeggs.ru"
77.75.76.163 - - [15/Apr/2026:07:08:45 +0200] "GET /web/artlebedev/ HTTP/1.1" 200 8465 "-" "Mozilla/5.0 (compatible; SeznamBot/4.0; +https://o-seznam.cz/napoveda/vyhledavani/en/seznambot-crawler/)"
66.249.66.33 - - [15/Apr/2026:07:09:23 +0200] "GET /goods/Y-D-R-E-A-M-E-R-Hot-Wheels-Scoopa-Di-Fuego/649057 HTTP/1.1" 301 457 "-" "Mozilla/5.0 (Linux; Android 6.0.1; Nexus 5X Build/MMB29P) AppleWebKit/537.36 (KHTML, like Gecko) Chrome/146.0.7680.177 Mobile Safari/537.36 (compatible; Googlebot/2.1; +http://www.google.com/bot.html)"
66.249.66.198 - - [15/Apr/2026:07:09:24 +0200] "GET /goods/Y-D-R-E-A-M-E-R-Hot-Wheels-Scoopa-Di-Fuego/649057 HTTP/1.1" 404 16849 "-" "Mozilla/5.0 (Linux; Android 6.0.1; Nexus 5X Build/MMB29P) AppleWebKit/537.36 (KHTML, like Gecko) Chrome/146.0.7680.177 Mobile Safari/537.36 (compatible; Googlebot/2.1; +http://www.google.com/bot.html)"
178.156.219.45 - - [15/Apr/2026:07:09:27 +0200] "GET /films/simpsons-movie/ HTTP/1.1" 200 9475 "-" "Mozilla/5.0 (Windows NT 10.0; Win64; x64) AppleWebKit/537.36 (KHTML, like Gecko) Chrome/84.0.4147.105 Safari/537.36"
178.156.219.45 - - [15/Apr/2026:07:09:27 +0200] "GET /category/software/ HTTP/1.1" 200 8619 "-" "Mozilla/5.0 (Windows NT 10.0; Win64; x64) AppleWebKit/537.36 (KHTML, like Gecko) Chrome/84.0.4147.105 Safari/537.36"
178.156.226.64 - - [15/Apr/2026:07:09:27 +0200] "GET /category/web/ HTTP/1.1" 200 8826 "-" "Mozilla/5.0 (Windows NT 10.0; Win64; x64) AppleWebKit/537.36 (KHTML, like Gecko) Chrome/84.0.4147.105 Safari/537.36"
178.156.237.49 - - [15/Apr/2026:07:09:29 +0200] "GET /2008/02/ HTTP/1.1" 200 9676 "-" "Mozilla/5.0 (Windows NT 10.0; Win64; x64) AppleWebKit/537.36 (KHTML, like Gecko) Chrome/84.0.4147.105 Safari/537.36"
178.156.237.49 - - [15/Apr/2026:07:09:29 +0200] "GET /software/php/ HTTP/1.1" 200 8810 "-" "Mozilla/5.0 (Windows NT 10.0; Win64; x64) AppleWebKit/537.36 (KHTML, like Gecko) Chrome/84.0.4147.105 Safari/537.36"
95.216.2.94 - - [15/Apr/2026:07:11:21 +0200] "POST /wp-cron.php?doing_wp_cron=1776229881.9875380992889404296875 HTTP/1.1" 500 199 "-" "WordPress/6.9.4; http://www.eeggs.ru"
66.249.66.34 - - [15/Apr/2026:07:11:21 +0200] "GET /goods/Pour-Couvercle-De-Si-ge-De-Toilette-Fleurs/570832 HTTP/1.1" 301 457 "-" "Mozilla/5.0 (Linux; Android 6.0.1; Nexus 5X Build/MMB29P) AppleWebKit/537.36 (KHTML, like Gecko) Chrome/146.0.7680.177 Mobile Safari/537.36 (compatible; Googlebot/2.1; +http://www.google.com/bot.html)"
66.249.66.199 - - [15/Apr/2026:07:11:22 +0200] "GET /goods/Pour-Couvercle-De-Si-ge-De-Toilette-Fleurs/570832 HTTP/1.1" 404 16849 "-" "Mozilla/5.0 (Linux; Android 6.0.1; Nexus 5X Build/MMB29P) AppleWebKit/537.36 (KHTML, like Gecko) Chrome/146.0.7680.177 Mobile Safari/537.36 (compatible; Googlebot/2.1; +http://www.google.com/bot.html)"
144.76.32.190 - - [15/Apr/2026:07:12:11 +0200] "GET /robots.txt HTTP/1.1" 200 463 "-" "Mozilla/5.0 (compatible; SERankingBacklinksBot/1.0; +https://seranking.com/backlinks-crawler)"
144.76.32.190 - - [15/Apr/2026:07:12:11 +0200] "GET /goods/F-E-ARC-EN-CIEL-FILLE/527371 HTTP/1.1" 301 436 "-" "Mozilla/5.0 (compatible; SERankingBacklinksBot/1.0; +https://seranking.com/backlinks-crawler)"
144.76.32.190 - - [15/Apr/2026:07:12:12 +0200] "GET /robots.txt HTTP/1.1" 200 463 "-" "Mozilla/5.0 (compatible; SERankingBacklinksBot/1.0; +https://seranking.com/backlinks-crawler)"
144.76.32.190 - - [15/Apr/2026:07:12:12 +0200] "GET /goods/F-E-ARC-EN-CIEL-FILLE/527371 HTTP/1.1" 404 16860 "-" "Mozilla/5.0 (compatible; SERankingBacklinksBot/1.0; +https://seranking.com/backlinks-crawler)"
95.216.2.94 - - [15/Apr/2026:07:12:28 +0200] "POST /wp-cron.php?doing_wp_cron=1776229948.8542129993438720703125 HTTP/1.1" 500 199 "-" "WordPress/6.9.4; http://www.eeggs.ru"
66.249.66.33 - - [15/Apr/2026:07:12:28 +0200] "GET /goods/Ceinture-Abdominale-Ceinture-De-Maintien-Lombaire/677432 HTTP/1.1" 301 464 "-" "Mozilla/5.0 (Linux; Android 6.0.1; Nexus 5X Build/MMB29P) AppleWebKit/537.36 (KHTML, like Gecko) Chrome/146.0.7680.177 Mobile Safari/537.36 (compatible; Googlebot/2.1; +http://www.google.com/bot.html)"
66.249.66.200 - - [15/Apr/2026:07:12:29 +0200] "GET /goods/Ceinture-Abdominale-Ceinture-De-Maintien-Lombaire/677432 HTTP/1.1" 404 16849 "-" "Mozilla/5.0 (Linux; Android 6.0.1; Nexus 5X Build/MMB29P) AppleWebKit/537.36 (KHTML, like Gecko) Chrome/146.0.7680.177 Mobile Safari/537.36 (compatible; Googlebot/2.1; +http://www.google.com/bot.html)"
66.249.66.33 - - [15/Apr/2026:07:13:26 +0200] "GET /goods/Ttulpe-Verlo-30-Smart-Chauffe-eau-Plat-Montage-Universel-Pas/494768 HTTP/1.1" 301 475 "-" "Mozilla/5.0 (Linux; Android 6.0.1; Nexus 5X Build/MMB29P) AppleWebKit/537.36 (KHTML, like Gecko) Chrome/146.0.7680.177 Mobile Safari/537.36 (compatible; Googlebot/2.1; +http://www.google.com/bot.html)"
66.249.66.200 - - [15/Apr/2026:07:13:27 +0200] "GET /goods/Ttulpe-Verlo-30-Smart-Chauffe-eau-Plat-Montage-Universel-Pas/494768 HTTP/1.1" 404 16849 "-" "Mozilla/5.0 (Linux; Android 6.0.1; Nexus 5X Build/MMB29P) AppleWebKit/537.36 (KHTML, like Gecko) Chrome/146.0.7680.177 Mobile Safari/537.36 (compatible; Googlebot/2.1; +http://www.google.com/bot.html)"
95.216.2.94 - - [15/Apr/2026:07:13:36 +0200] "POST /wp-cron.php?doing_wp_cron=1776230016.3872249126434326171875 HTTP/1.1" 500 199 "-" "WordPress/6.9.4; http://www.eeggs.ru"
40.77.167.7 - - [15/Apr/2026:07:13:35 +0200] "GET /goods/Ceinture-Pivotant-360-Pour-Armoire/436485 HTTP/1.1" 301 393 "-" "Mozilla/5.0 AppleWebKit/537.36 (KHTML, like Gecko; compatible; bingbot/2.0; +http://www.bing.com/bingbot.htm) Chrome/116.0.1938.76 Safari/537.36"
40.77.167.7 - - [15/Apr/2026:07:13:36 +0200] "GET /goods/Mes-5-Meilleures-Eaux-De-Rose-En/1229713 HTTP/1.1" 301 392 "-" "Mozilla/5.0 AppleWebKit/537.36 (KHTML, like Gecko; compatible; bingbot/2.0; +http://www.bing.com/bingbot.htm) Chrome/116.0.1938.76 Safari/537.36"
40.77.167.7 - - [15/Apr/2026:07:13:37 +0200] "GET /goods/10-X-20mm-Universal-Motor-Carbon-Brushes/613039 HTTP/1.1" 301 399 "-" "Mozilla/5.0 AppleWebKit/537.36 (KHTML, like Gecko; compatible; bingbot/2.0; +http://www.bing.com/bingbot.htm) Chrome/116.0.1938.76 Safari/537.36"
66.249.66.33 - - [15/Apr/2026:07:13:37 +0200] "GET /goods/30-5-Cm-En-Noir-Avec-Tapis-De-20-3-X-25-4-Cm-Et-Dos-En-Lin-Doux/1131271 HTTP/1.1" 301 479 "-" "Mozilla/5.0 (Linux; Android 6.0.1; Nexus 5X Build/MMB29P) AppleWebKit/537.36 (KHTML, like Gecko) Chrome/146.0.7680.177 Mobile Safari/537.36 (compatible; Googlebot/2.1; +http://www.google.com/bot.html)"
66.249.66.198 - - [15/Apr/2026:07:13:39 +0200] "GET /goods/30-5-Cm-En-Noir-Avec-Tapis-De-20-3-X-25-4-Cm-Et-Dos-En-Lin-Doux/1131271 HTTP/1.1" 404 16849 "-" "Mozilla/5.0 (Linux; Android 6.0.1; Nexus 5X Build/MMB29P) AppleWebKit/537.36 (KHTML, like Gecko) Chrome/146.0.7680.177 Mobile Safari/537.36 (compatible; Googlebot/2.1; +http://www.google.com/bot.html)"
66.249.66.32 - - [15/Apr/2026:07:14:12 +0200] "GET /goods/6-Carr-s-En-Mousseline-De-Coton-Color-s-En/668712 HTTP/1.1" 301 457 "-" "Mozilla/5.0 (Linux; Android 6.0.1; Nexus 5X Build/MMB29P) AppleWebKit/537.36 (KHTML, like Gecko) Chrome/146.0.7680.177 Mobile Safari/537.36 (compatible; Googlebot/2.1; +http://www.google.com/bot.html)"
66.249.66.200 - - [15/Apr/2026:07:14:13 +0200] "GET /goods/6-Carr-s-En-Mousseline-De-Coton-Color-s-En/668712 HTTP/1.1" 404 16849 "-" "Mozilla/5.0 (Linux; Android 6.0.1; Nexus 5X Build/MMB29P) AppleWebKit/537.36 (KHTML, like Gecko) Chrome/146.0.7680.177 Mobile Safari/537.36 (compatible; Googlebot/2.1; +http://www.google.com/bot.html)"
95.216.2.94 - - [15/Apr/2026:07:15:30 +0200] "POST /wp-cron.php?doing_wp_cron=1776230130.3323800563812255859375 HTTP/1.1" 500 199 "-" "WordPress/6.9.4; http://www.eeggs.ru"
66.249.66.32 - - [15/Apr/2026:07:15:29 +0200] "GET /goods/Jouet-Telecommande-Bebe-Jouets-Sensoriels-Educatifs-Pour/1299122 HTTP/1.1" 301 472 "-" "Mozilla/5.0 (Linux; Android 6.0.1; Nexus 5X Build/MMB29P) AppleWebKit/537.36 (KHTML, like Gecko) Chrome/146.0.7680.177 Mobile Safari/537.36 (compatible; Googlebot/2.1; +http://www.google.com/bot.html)"
66.249.66.198 - - [15/Apr/2026:07:15:30 +0200] "GET /goods/Jouet-Telecommande-Bebe-Jouets-Sensoriels-Educatifs-Pour/1299122 HTTP/1.1" 404 16849 "-" "Mozilla/5.0 (Linux; Android 6.0.1; Nexus 5X Build/MMB29P) AppleWebKit/537.36 (KHTML, like Gecko) Chrome/146.0.7680.177 Mobile Safari/537.36 (compatible; Googlebot/2.1; +http://www.google.com/bot.html)"
216.73.216.41 - - [15/Apr/2026:07:15:58 +0200] "GET /goods.php HTTP/1.1" 301 411 "-" "Mozilla/5.0 AppleWebKit/537.36 (KHTML, like Gecko; compatible; ClaudeBot/1.0; +claudebot@anthropic.com)"
216.73.216.41 - - [15/Apr/2026:07:16:02 +0200] "GET /goods.php HTTP/1.1" 404 16860 "http://eeggs.ru/goods.php" "Mozilla/5.0 AppleWebKit/537.36 (KHTML, like Gecko; compatible; ClaudeBot/1.0; +claudebot@anthropic.com)"
66.249.66.33 - - [15/Apr/2026:07:16:04 +0200] "GET /goods/Super-Doux-Et-Chaud-Chapeau-D/1092810 HTTP/1.1" 301 445 "-" "Mozilla/5.0 (Linux; Android 6.0.1; Nexus 5X Build/MMB29P) AppleWebKit/537.36 (KHTML, like Gecko) Chrome/146.0.7680.177 Mobile Safari/537.36 (compatible; Googlebot/2.1; +http://www.google.com/bot.html)"
66.249.66.199 - - [15/Apr/2026:07:16:05 +0200] "GET /goods/Super-Doux-Et-Chaud-Chapeau-D/1092810 HTTP/1.1" 404 16849 "-" "Mozilla/5.0 (Linux; Android 6.0.1; Nexus 5X Build/MMB29P) AppleWebKit/537.36 (KHTML, like Gecko) Chrome/146.0.7680.177 Mobile Safari/537.36 (compatible; Googlebot/2.1; +http://www.google.com/bot.html)"
95.216.2.94 - - [15/Apr/2026:07:16:41 +0200] "POST /wp-cron.php?doing_wp_cron=1776230200.9123649597167968750000 HTTP/1.1" 500 199 "-" "WordPress/6.9.4; http://www.eeggs.ru"
40.77.167.7 - - [15/Apr/2026:07:16:40 +0200] "GET /goods/Point-Rouge-VORTEX-Defender-ST-3-MOA/1005645 HTTP/1.1" 301 396 "-" "Mozilla/5.0 AppleWebKit/537.36 (KHTML, like Gecko; compatible; bingbot/2.0; +http://www.bing.com/bingbot.htm) Chrome/116.0.1938.76 Safari/537.36"
40.77.167.7 - - [15/Apr/2026:07:16:41 +0200] "GET /goods/660-Artesano-Lot-De-6-Assiettes-Pain-Lavande-En-Acier/729174 HTTP/1.1" 301 412 "-" "Mozilla/5.0 AppleWebKit/537.36 (KHTML, like Gecko; compatible; bingbot/2.0; +http://www.bing.com/bingbot.htm) Chrome/116.0.1938.76 Safari/537.36"
52.167.144.18 - - [15/Apr/2026:07:16:43 +0200] "GET /goods/La-Tra-ne-En-Eau-Sal-e-Pour-Truites-App-ts-Durs/984957 HTTP/1.1" 301 406 "-" "Mozilla/5.0 AppleWebKit/537.36 (KHTML, like Gecko; compatible; bingbot/2.0; +http://www.bing.com/bingbot.htm) Chrome/116.0.1938.76 Safari/537.36"
52.167.144.18 - - [15/Apr/2026:07:16:44 +0200] "GET /goods/Achetez-Tampon-De-Gaze-Hydrophile-Pagasling-St-rile-40-Mm/1174161 HTTP/1.1" 301 417 "-" "Mozilla/5.0 AppleWebKit/537.36 (KHTML, like Gecko; compatible; bingbot/2.0; +http://www.bing.com/bingbot.htm) Chrome/116.0.1938.76 Safari/537.36"
52.167.144.18 - - [15/Apr/2026:07:16:46 +0200] "GET /goods/Uniquement-Au-Sol-Maison-Interrupteur-Controle-Temperature/919660 HTTP/1.1" 301 417 "-" "Mozilla/5.0 AppleWebKit/537.36 (KHTML, like Gecko; compatible; bingbot/2.0; +http://www.bing.com/bingbot.htm) Chrome/116.0.1938.76 Safari/537.36"
52.167.144.18 - - [15/Apr/2026:07:16:47 +0200] "GET /goods/COUVERCLE-EXT-RIEUR-20-CM-POUR-CUISEUR-VAPEUR-CRC800E-CUISINART/536731 HTTP/1.1" 301 422 "-" "Mozilla/5.0 AppleWebKit/537.36 (KHTML, like Gecko; compatible; bingbot/2.0; +http://www.bing.com/bingbot.htm) Chrome/116.0.1938.76 Safari/537.36"
38.122.112.255 - - [15/Apr/2026:07:16:49 +0200] "GET /wp-content/uploads/2008/03/premiere_3.thumbnail.jpg HTTP/1.1" 200 34379 "https://www.google.com/" "Mozilla/5.0 (Windows NT 10.0; Win64; x64) AppleWebKit/537.36 (KHTML, like Gecko) Chrome/131.0.0.0 Safari/537.36"
178.20.47.39 - - [15/Apr/2026:07:17:12 +0200] "GET /web/efes/ HTTP/1.0" 200 24524 "http://www.eeggs.ru/web/efes/" "Mozilla/5.0 (Windows NT 10.0; Win64; x64) AppleWebKit/537.36 (KHTML, like Gecko) Chrome/130.0.0.0 Safari/537.36 CCleaner/130.0.0.0"
178.20.47.39 - - [15/Apr/2026:07:17:13 +0200] "POST /wp-comments-post.php HTTP/1.0" 500 166 "http://www.eeggs.ru/web/efes/" "Mozilla/5.0 (Windows NT 10.0; Win64; x64) AppleWebKit/537.36 (KHTML, like Gecko) Chrome/130.0.0.0 Safari/537.36 CCleaner/130.0.0.0"
66.249.66.33 - - [15/Apr/2026:07:17:15 +0200] "GET /goods/ARBRES-MINIATURES-VERTS-Et-Beaux-Pour-Mod-lisme-Ferroviaire-Et/1264993 HTTP/1.1" 301 478 "-" "Mozilla/5.0 (Linux; Android 6.0.1; Nexus 5X Build/MMB29P) AppleWebKit/537.36 (KHTML, like Gecko) Chrome/146.0.7680.177 Mobile Safari/537.36 (compatible; Googlebot/2.1; +http://www.google.com/bot.html)"
66.249.66.199 - - [15/Apr/2026:07:17:16 +0200] "GET /goods/ARBRES-MINIATURES-VERTS-Et-Beaux-Pour-Mod-lisme-Ferroviaire-Et/1264993 HTTP/1.1" 404 16849 "-" "Mozilla/5.0 (Linux; Android 6.0.1; Nexus 5X Build/MMB29P) AppleWebKit/537.36 (KHTML, like Gecko) Chrome/146.0.7680.177 Mobile Safari/537.36 (compatible; Googlebot/2.1; +http://www.google.com/bot.html)"
95.216.2.94 - - [15/Apr/2026:07:18:14 +0200] "POST /wp-cron.php?doing_wp_cron=1776230294.2844719886779785156250 HTTP/1.1" 500 199 "-" "WordPress/6.9.4; http://www.eeggs.ru"
152.228.220.143 - - [15/Apr/2026:07:18:13 +0200] "GET /software/tetris-v-utorrent/feed/ HTTP/1.1" 200 1531 "-" "Mozilla/5.0 (X11; Linux i686) AppleWebKit/537.36 (KHTML, like Gecko) Chrome/30.0.1599.66 Safari/537.36"
95.216.2.94 - - [15/Apr/2026:07:22:24 +0200] "POST /wp-cron.php?doing_wp_cron=1776230544.2468729019165039062500 HTTP/1.1" 500 199 "-" "WordPress/6.9.4; http://www.eeggs.ru"
66.249.66.33 - - [15/Apr/2026:07:22:23 +0200] "GET /goods/Algiz-2-0-Lite-Icon-No-23-Rouge-Homme-Sport/414817 HTTP/1.1" 301 458 "-" "Mozilla/5.0 (Linux; Android 6.0.1; Nexus 5X Build/MMB29P) AppleWebKit/537.36 (KHTML, like Gecko) Chrome/146.0.7680.177 Mobile Safari/537.36 (compatible; Googlebot/2.1; +http://www.google.com/bot.html)"
66.249.66.200 - - [15/Apr/2026:07:22:24 +0200] "GET /goods/Algiz-2-0-Lite-Icon-No-23-Rouge-Homme-Sport/414817 HTTP/1.1" 404 16849 "-" "Mozilla/5.0 (Linux; Android 6.0.1; Nexus 5X Build/MMB29P) AppleWebKit/537.36 (KHTML, like Gecko) Chrome/146.0.7680.177 Mobile Safari/537.36 (compatible; Googlebot/2.1; +http://www.google.com/bot.html)"
95.216.2.94 - - [15/Apr/2026:07:23:30 +0200] "POST /wp-cron.php?doing_wp_cron=1776230610.3156170845031738281250 HTTP/1.1" 500 199 "-" "WordPress/6.9.4; http://www.eeggs.ru"
66.249.66.32 - - [15/Apr/2026:07:23:29 +0200] "GET /goods/Lisser-Creux-Respirant-R-sistant-Aux-Hautes-Temp-ratures/653762 HTTP/1.1" 301 471 "-" "Mozilla/5.0 (Linux; Android 6.0.1; Nexus 5X Build/MMB29P) AppleWebKit/537.36 (KHTML, like Gecko) Chrome/146.0.7680.177 Mobile Safari/537.36 (compatible; Googlebot/2.1; +http://www.google.com/bot.html)"
66.249.66.200 - - [15/Apr/2026:07:23:30 +0200] "GET /goods/Lisser-Creux-Respirant-R-sistant-Aux-Hautes-Temp-ratures/653762 HTTP/1.1" 404 16849 "-" "Mozilla/5.0 (Linux; Android 6.0.1; Nexus 5X Build/MMB29P) AppleWebKit/537.36 (KHTML, like Gecko) Chrome/146.0.7680.177 Mobile Safari/537.36 (compatible; Googlebot/2.1; +http://www.google.com/bot.html)"
95.216.2.94 - - [15/Apr/2026:07:24:37 +0200] "POST /wp-cron.php?doing_wp_cron=1776230677.0073380470275878906250 HTTP/1.1" 500 199 "-" "WordPress/6.9.4; http://www.eeggs.ru"
83.142.54.115 - - [15/Apr/2026:07:24:36 +0200] "GET /soft2000ware/skrytye-smajly-i-ikonki-v-skype/ HTTP/1.0" 301 305 "http://www.eeggs.ru/soft2000ware/skrytye-smajly-i-ikonki-v-skype/" "Mozilla/5.0 (Windows NT 10.0; Win64; x64) AppleWebKit/537.36 (KHTML, like Gecko) Chrome/130.0.0.0 Safari/537.36"
83.142.54.115 - - [15/Apr/2026:07:24:38 +0200] "GET /software/skrytye-smajly-i-ikonki-v-skype/ HTTP/1.0" 200 69598 "http://www.eeggs.ru/software/skrytye-smajly-i-ikonki-v-skype/" "Mozilla/5.0 (Windows NT 10.0; Win64; x64) AppleWebKit/537.36 (KHTML, like Gecko) Chrome/130.0.0.0 Safari/537.36"
83.142.54.115 - - [15/Apr/2026:07:24:48 +0200] "POST /wp-comments-post.php HTTP/1.0" 500 166 "http://www.eeggs.ru/software/skrytye-smajly-i-ikonki-v-skype/" "Mozilla/5.0 (Windows NT 10.0; Win64; x64) AppleWebKit/537.36 (KHTML, like Gecko) Chrome/130.0.0.0 Safari/537.36"
83.142.54.115 - - [15/Apr/2026:07:24:49 +0200] "GET /software/skrytye-smajly-i-ikonki-v-skype/ HTTP/1.0" 200 69598 "http://www.eeggs.ru/software/skrytye-smajly-i-ikonki-v-skype/" "Mozilla/5.0 (Windows NT 10.0; Win64; x64) AppleWebKit/537.36 (KHTML, like Gecko) Chrome/130.0.0.0 Safari/537.36"
95.216.2.94 - - [15/Apr/2026:07:25:56 +0200] "POST /wp-cron.php?doing_wp_cron=1776230756.6003820896148681640625 HTTP/1.1" 500 199 "-" "WordPress/6.9.4; http://www.eeggs.ru"
52.167.144.24 - - [15/Apr/2026:07:25:55 +0200] "GET /os/windows-vista-disc-holographic-pictures HTTP/1.1" 301 321 "-" "Mozilla/5.0 AppleWebKit/537.36 (KHTML, like Gecko; compatible; bingbot/2.0; +http://www.bing.com/bingbot.htm) Chrome/116.0.1938.76 Safari/537.36"
52.167.144.166 - - [15/Apr/2026:07:26:16 +0200] "GET /goods/De-Poche-Les-Lions-De-Sicile-Tome-1-Les-Florio-Stefania/768304 HTTP/1.1" 301 414 "-" "Mozilla/5.0 AppleWebKit/537.36 (KHTML, like Gecko; compatible; bingbot/2.0; +http://www.bing.com/bingbot.htm) Chrome/116.0.1938.76 Safari/537.36"
52.167.144.166 - - [15/Apr/2026:07:26:17 +0200] "GET /goods/ThreeH-R12-R12-AC-Seringue-D-039-injecteur-De-Colorant-L/490751 HTTP/1.1" 301 415 "-" "Mozilla/5.0 AppleWebKit/537.36 (KHTML, like Gecko; compatible; bingbot/2.0; +http://www.bing.com/bingbot.htm) Chrome/116.0.1938.76 Safari/537.36"
52.167.144.24 - - [15/Apr/2026:07:26:18 +0200] "GET /goods/Jacket-Outdoor-Jacket-Summit-Technical/1256344 HTTP/1.1" 301 398 "-" "Mozilla/5.0 AppleWebKit/537.36 (KHTML, like Gecko; compatible; bingbot/2.0; +http://www.bing.com/bingbot.htm) Chrome/116.0.1938.76 Safari/537.36"
52.167.144.166 - - [15/Apr/2026:07:26:19 +0200] "GET /goods/TRAZIONE-AMA-NRT465-BENZINA/410382 HTTP/1.1" 301 386 "-" "Mozilla/5.0 AppleWebKit/537.36 (KHTML, like Gecko; compatible; bingbot/2.0; +http://www.bing.com/bingbot.htm) Chrome/116.0.1938.76 Safari/537.36"
40.77.167.51 - - [15/Apr/2026:07:26:25 +0200] "GET /goods/L-039-ge-D-039-or-Cap-tien-1180/504814 HTTP/1.1" 301 390 "-" "Mozilla/5.0 AppleWebKit/537.36 (KHTML, like Gecko; compatible; bingbot/2.0; +http://www.bing.com/bingbot.htm) Chrome/116.0.1938.76 Safari/537.36"
52.167.144.24 - - [15/Apr/2026:07:26:31 +0200] "GET /goods/Walther-QS318S-Walther-Design-QS318S-Cadre-Photos-Argent-Cadre/890998 HTTP/1.1" 301 421 "-" "Mozilla/5.0 AppleWebKit/537.36 (KHTML, like Gecko; compatible; bingbot/2.0; +http://www.bing.com/bingbot.htm) Chrome/116.0.1938.76 Safari/537.36"
95.216.2.94 - - [15/Apr/2026:07:28:33 +0200] "POST /wp-cron.php?doing_wp_cron=1776230913.1853859424591064453125 HTTP/1.1" 500 199 "-" "WordPress/6.9.4; http://www.eeggs.ru"
178.20.45.128 - - [15/Apr/2026:07:28:32 +0200] "GET /web/efes/ HTTP/1.0" 200 24524 "http://www.eeggs.ru/web/efes/#comment-310252" "Mozilla/5.0 (Windows NT 10.0; Win64; x64) AppleWebKit/537.36 (KHTML, like Gecko) Chrome/130.0.0.0 Safari/537.36 CCleaner/130.0.0.0"
178.20.45.128 - - [15/Apr/2026:07:28:33 +0200] "POST /wp-comments-post.php HTTP/1.0" 500 166 "http://www.eeggs.ru/web/efes/#comment-310252" "Mozilla/5.0 (Windows NT 10.0; Win64; x64) AppleWebKit/537.36 (KHTML, like Gecko) Chrome/130.0.0.0 Safari/537.36 CCleaner/130.0.0.0"
94.154.35.236 - - [15/Apr/2026:07:28:34 +0200] "HEAD /catalog.tar.gz HTTP/1.1" 301 346 "-" "Mozilla/5.0 (Windows NT 10.0; Win64; x64) AppleWebKit/537.36 (KHTML, like Gecko) Chrome/101.0.4951.67 Safari/537.36"
94.154.35.236 - - [15/Apr/2026:07:28:35 +0200] "HEAD /catalog.tar.gz HTTP/1.1" 404 330 "-" "Mozilla/5.0 (Windows NT 10.0; Win64; x64) AppleWebKit/537.36 (KHTML, like Gecko) Chrome/101.0.4951.67 Safari/537.36"
66.249.66.33 - - [15/Apr/2026:07:29:12 +0200] "GET /goods/Climatisation-Et-R-frig-rateur-14-9-M-1-6-Cm/881347 HTTP/1.1" 301 459 "-" "Mozilla/5.0 (Linux; Android 6.0.1; Nexus 5X Build/MMB29P) AppleWebKit/537.36 (KHTML, like Gecko) Chrome/146.0.7680.177 Mobile Safari/537.36 (compatible; Googlebot/2.1; +http://www.google.com/bot.html)"
95.216.2.94 - - [15/Apr/2026:07:29:33 +0200] "POST /wp-cron.php?doing_wp_cron=1776230973.7145469188690185546875 HTTP/1.1" 500 199 "-" "WordPress/6.9.4; http://www.eeggs.ru"
182.42.111.156 - - [15/Apr/2026:07:29:32 +0200] "GET / HTTP/1.1" 200 8314 "-" "Mozilla/5.0 (iPhone; CPU iPhone OS 13_2_3 like Mac OS X) AppleWebKit/605.1.15 (KHTML, like Gecko) Version/13.0.3 Mobile/15E148 Safari/604.1"
95.216.2.94 - - [15/Apr/2026:07:29:34 +0200] "POST /wp-cron.php?doing_wp_cron=1776230974.0301499366760253906250 HTTP/1.1" 500 199 "-" "WordPress/6.9.4; http://www.eeggs.ru"
66.249.66.32 - - [15/Apr/2026:07:29:33 +0200] "GET /goods/Bouillotte-lectrique-Rechargeable-Par-USB-Avec-Housse-En/1265487 HTTP/1.1" 301 472 "-" "Mozilla/5.0 (Linux; Android 6.0.1; Nexus 5X Build/MMB29P) AppleWebKit/537.36 (KHTML, like Gecko) Chrome/146.0.7680.177 Mobile Safari/537.36 (compatible; Googlebot/2.1; +http://www.google.com/bot.html)"
66.249.66.200 - - [15/Apr/2026:07:29:36 +0200] "GET /goods/Bouillotte-lectrique-Rechargeable-Par-USB-Avec-Housse-En/1265487 HTTP/1.1" 404 16849 "-" "Mozilla/5.0 (Linux; Android 6.0.1; Nexus 5X Build/MMB29P) AppleWebKit/537.36 (KHTML, like Gecko) Chrome/146.0.7680.177 Mobile Safari/537.36 (compatible; Googlebot/2.1; +http://www.google.com/bot.html)"
109.248.14.93 - - [15/Apr/2026:07:29:52 +0200] "GET /web/efes/ HTTP/1.0" 200 24525 "http://www.eeggs.ru/web/efes/#comment-325215/" "Mozilla/5.0 (Windows NT 10.0; Win64; x64) AppleWebKit/537.36 (KHTML, like Gecko) Chrome/129.0.0.0 Safari/537.36"
109.248.14.93 - - [15/Apr/2026:07:29:53 +0200] "POST /wp-comments-post.php HTTP/1.0" 500 166 "http://www.eeggs.ru/web/efes/#comment-325215/" "Mozilla/5.0 (Windows NT 10.0; Win64; x64) AppleWebKit/537.36 (KHTML, like Gecko) Chrome/129.0.0.0 Safari/537.36"
66.249.66.34 - - [15/Apr/2026:07:30:00 +0200] "GET /goods/64-Hz-Fabriqu-Sheffield-En-Angleterre-Par/537579 HTTP/1.1" 301 456 "-" "Mozilla/5.0 (Linux; Android 6.0.1; Nexus 5X Build/MMB29P) AppleWebKit/537.36 (KHTML, like Gecko) Chrome/146.0.7680.177 Mobile Safari/537.36 (compatible; Googlebot/2.1; +http://www.google.com/bot.html)"
66.249.66.199 - - [15/Apr/2026:07:30:01 +0200] "GET /goods/64-Hz-Fabriqu-Sheffield-En-Angleterre-Par/537579 HTTP/1.1" 404 16849 "-" "Mozilla/5.0 (Linux; Android 6.0.1; Nexus 5X Build/MMB29P) AppleWebKit/537.36 (KHTML, like Gecko) Chrome/146.0.7680.177 Mobile Safari/537.36 (compatible; Googlebot/2.1; +http://www.google.com/bot.html)"
198.244.240.251 - - [15/Apr/2026:07:30:09 +0200] "GET /robots.txt HTTP/1.1" 200 407 "-" "Mozilla/5.0 (compatible; AhrefsBot/7.0; +http://ahrefs.com/robot/)"
51.75.236.140 - - [15/Apr/2026:07:30:20 +0200] "GET /web/efes/ HTTP/1.1" 200 8223 "-" "Mozilla/5.0 (compatible; AhrefsBot/7.0; +http://ahrefs.com/robot/)"
95.216.2.94 - - [15/Apr/2026:07:30:49 +0200] "POST /wp-cron.php?doing_wp_cron=1776231049.0260210037231445312500 HTTP/1.1" 500 199 "-" "WordPress/6.9.4; http://www.eeggs.ru"
52.167.144.18 - - [15/Apr/2026:07:30:48 +0200] "GET /goods/Tapis-Lavable-De-1-8-X-2-7-M-U2013-Tapis-Vintage-Boh-me-Antid/413098 HTTP/1.1" 301 420 "-" "Mozilla/5.0 AppleWebKit/537.36 (KHTML, like Gecko; compatible; bingbot/2.0; +http://www.bing.com/bingbot.htm) Chrome/116.0.1938.76 Safari/537.36"
52.167.144.166 - - [15/Apr/2026:07:30:58 +0200] "GET /goods/objectif-De-Cam-ra-De-T-lescope-2-En-T-Pour-Appareil-Photo-NX/891208 HTTP/1.1" 301 420 "-" "Mozilla/5.0 AppleWebKit/537.36 (KHTML, like Gecko; compatible; bingbot/2.0; +http://www.bing.com/bingbot.htm) Chrome/116.0.1938.76 Safari/537.36"
52.167.144.208 - - [15/Apr/2026:07:31:17 +0200] "GET /software/adobe-dreamweaver-cs3/ HTTP/1.1" 200 8489 "-" "Mozilla/5.0 AppleWebKit/537.36 (KHTML, like Gecko; compatible; bingbot/2.0; +http://www.bing.com/bingbot.htm) Chrome/116.0.1938.76 Safari/537.36"
77.75.76.163 - - [15/Apr/2026:07:31:42 +0200] "GET /?sitemap225.xml HTTP/1.1" 301 305 "-" "Mozilla/5.0 (compatible; SeznamBot/4.0; +https://o-seznam.cz/napoveda/vyhledavani/en/seznambot-crawler/)"
95.216.2.94 - - [15/Apr/2026:07:36:07 +0200] "POST /wp-cron.php?doing_wp_cron=1776231367.8012270927429199218750 HTTP/1.1" 500 199 "-" "WordPress/6.9.4; http://www.eeggs.ru"
66.249.66.32 - - [15/Apr/2026:07:36:07 +0200] "GET /goods/Een-Van-De-Meest-Populaire-Goliath-Rummikub-Original-Classic-In/847555 HTTP/1.1" 301 478 "-" "Mozilla/5.0 (Linux; Android 6.0.1; Nexus 5X Build/MMB29P) AppleWebKit/537.36 (KHTML, like Gecko) Chrome/146.0.7680.177 Mobile Safari/537.36 (compatible; Googlebot/2.1; +http://www.google.com/bot.html)"
66.249.66.198 - - [15/Apr/2026:07:36:08 +0200] "GET /goods/Een-Van-De-Meest-Populaire-Goliath-Rummikub-Original-Classic-In/847555 HTTP/1.1" 404 16849 "-" "Mozilla/5.0 (Linux; Android 6.0.1; Nexus 5X Build/MMB29P) AppleWebKit/537.36 (KHTML, like Gecko) Chrome/146.0.7680.177 Mobile Safari/537.36 (compatible; Googlebot/2.1; +http://www.google.com/bot.html)"
95.216.2.94 - - [15/Apr/2026:07:38:05 +0200] "POST /wp-cron.php?doing_wp_cron=1776231485.2383210659027099609375 HTTP/1.1" 500 199 "-" "WordPress/6.9.4; http://www.eeggs.ru"
109.172.91.206 - - [15/Apr/2026:07:38:04 +0200] "GET /web/efes/ HTTP/1.0" 200 24524 "http://www.eeggs.ru/web/efes/" "Mozilla/5.0 (Windows NT 10.0; Win64; x64) AppleWebKit/537.36 (KHTML, like Gecko) Chrome/129.0.0.0 Safari/537.36"
109.172.91.206 - - [15/Apr/2026:07:38:05 +0200] "POST /wp-comments-post.php HTTP/1.0" 500 166 "http://www.eeggs.ru/web/efes/" "Mozilla/5.0 (Windows NT 10.0; Win64; x64) AppleWebKit/537.36 (KHTML, like Gecko) Chrome/129.0.0.0 Safari/537.36"
178.130.43.171 - - [15/Apr/2026:07:38:56 +0200] "GET /web/efes/ HTTP/1.0" 301 273 "http://eeggs.ru/web/efes/" "Mozilla/5.0 (Windows NT 10.0; Win64; x64) AppleWebKit/537.36 (KHTML, like Gecko) Chrome/130.0.0.0 Safari/537.36"
178.130.43.171 - - [15/Apr/2026:07:38:57 +0200] "GET /web/efes/ HTTP/1.0" 200 24525 "http://www.eeggs.ru/web/efes/" "Mozilla/5.0 (Windows NT 10.0; Win64; x64) AppleWebKit/537.36 (KHTML, like Gecko) Chrome/130.0.0.0 Safari/537.36"
178.130.43.171 - - [15/Apr/2026:07:38:57 +0200] "GET /wp-login.php HTTP/1.0" 302 396 "http://www.eeggs.ru/wp-login.php" "Mozilla/5.0 (Windows NT 10.0; Win64; x64) AppleWebKit/537.36 (KHTML, like Gecko) Chrome/130.0.0.0 Safari/537.36"
178.130.43.171 - - [15/Apr/2026:07:38:58 +0200] "GET /wp-login.php HTTP/1.0" 302 396 "http://www.eeggs.ru/wp-login.php" "Mozilla/5.0 (Windows NT 10.0; Win64; x64) AppleWebKit/537.36 (KHTML, like Gecko) Chrome/130.0.0.0 Safari/537.36"
178.130.43.171 - - [15/Apr/2026:07:38:59 +0200] "GET /wp-login.php HTTP/1.0" 302 396 "http://www.eeggs.ru/wp-login.php" "Mozilla/5.0 (Windows NT 10.0; Win64; x64) AppleWebKit/537.36 (KHTML, like Gecko) Chrome/130.0.0.0 Safari/537.36"
178.130.43.171 - - [15/Apr/2026:07:39:00 +0200] "GET /wp-login.php HTTP/1.0" 302 396 "http://www.eeggs.ru/wp-login.php" "Mozilla/5.0 (Windows NT 10.0; Win64; x64) AppleWebKit/537.36 (KHTML, like Gecko) Chrome/130.0.0.0 Safari/537.36"
178.130.43.171 - - [15/Apr/2026:07:39:01 +0200] "GET /web/efes/ HTTP/1.0" 301 273 "http://eeggs.ru/web/efes/" "Mozilla/5.0 (Windows NT 10.0; Win64; x64) AppleWebKit/537.36 (KHTML, like Gecko) Chrome/130.0.0.0 Safari/537.36"
66.249.66.199 - - [15/Apr/2026:07:29:13 +0200] "GET /goods/Climatisation-Et-R-frig-rateur-14-9-M-1-6-Cm/881347 HTTP/1.1" 504 548 "-" "Mozilla/5.0 (Linux; Android 6.0.1; Nexus 5X Build/MMB29P) AppleWebKit/537.36 (KHTML, like Gecko) Chrome/146.0.7680.177 Mobile Safari/537.36 (compatible; Googlebot/2.1; +http://www.google.com/bot.html)"
216.73.216.41 - - [15/Apr/2026:07:39:29 +0200] "GET /robots.txt HTTP/1.1" 200 463 "-" "Mozilla/5.0 AppleWebKit/537.36 (KHTML, like Gecko; compatible; ClaudeBot/1.0; +claudebot@anthropic.com)"
95.216.2.94 - - [15/Apr/2026:07:39:30 +0200] "POST /wp-cron.php?doing_wp_cron=1776231570.5725119113922119140625 HTTP/1.1" 500 199 "-" "WordPress/6.9.4; http://www.eeggs.ru"
216.73.216.41 - - [15/Apr/2026:07:39:29 +0200] "GET / HTTP/1.1" 301 289 "-" "Mozilla/5.0 AppleWebKit/537.36 (KHTML, like Gecko; compatible; ClaudeBot/1.0; +claudebot@anthropic.com)"
216.73.216.41 - - [15/Apr/2026:07:39:32 +0200] "GET / HTTP/1.1" 200 8238 "http://eeggs.ru/" "Mozilla/5.0 AppleWebKit/537.36 (KHTML, like Gecko; compatible; ClaudeBot/1.0; +claudebot@anthropic.com)"
95.216.2.94 - - [15/Apr/2026:07:41:46 +0200] "POST /wp-cron.php?doing_wp_cron=1776231706.4947509765625000000000 HTTP/1.1" 500 199 "-" "WordPress/6.9.4; http://www.eeggs.ru"
83.217.213.120 - - [15/Apr/2026:07:41:45 +0200] "GET /web/efes/ HTTP/1.0" 200 24524 "http://www.eeggs.ru/web/efes/#comment-295594" "Mozilla/5.0 (Windows NT 10.0; Win64; x64) AppleWebKit/537.36 (KHTML, like Gecko) Chrome/129.0.0.0 Safari/537.36"
83.217.213.120 - - [15/Apr/2026:07:41:46 +0200] "POST /wp-comments-post.php HTTP/1.0" 500 166 "http://www.eeggs.ru/web/efes/#comment-295594" "Mozilla/5.0 (Windows NT 10.0; Win64; x64) AppleWebKit/537.36 (KHTML, like Gecko) Chrome/129.0.0.0 Safari/537.36"
146.190.77.231 - - [15/Apr/2026:07:42:13 +0200] "GET /.git/config HTTP/1.1" 301 413 "-" "Mozilla/5.0 (X11; Linux x86_64) AppleWebKit/537.36 (KHTML, like Gecko) Chrome/81.0.4044.129 Safari/537.36"
66.249.66.34 - - [15/Apr/2026:07:42:31 +0200] "GET /goods/Dissolvant-Express-SOFT-200ml-Prix/845377 HTTP/1.1" 301 449 "-" "Mozilla/5.0 (Linux; Android 6.0.1; Nexus 5X Build/MMB29P) AppleWebKit/537.36 (KHTML, like Gecko) Chrome/146.0.7680.177 Mobile Safari/537.36 (compatible; Googlebot/2.1; +http://www.google.com/bot.html)"
66.249.66.200 - - [15/Apr/2026:07:42:32 +0200] "GET /goods/Dissolvant-Express-SOFT-200ml-Prix/845377 HTTP/1.1" 404 16849 "-" "Mozilla/5.0 (Linux; Android 6.0.1; Nexus 5X Build/MMB29P) AppleWebKit/537.36 (KHTML, like Gecko) Chrome/146.0.7680.177 Mobile Safari/537.36 (compatible; Googlebot/2.1; +http://www.google.com/bot.html)"
69.30.215.34 - - [15/Apr/2026:07:42:37 +0200] "GET /wp-includes/x6edb8a/edit.php HTTP/1.1" 301 430 "http://eeggs.ru/wp-includes/x6edb8a/edit.php" "Mozilla/5.0 (Windows NT 10.0; Win64; x64) AppleWebKit/537.36 (KHTML, like Gecko) Chrome/58.0.3029.110 Safari/537.3"
95.216.2.94 - - [15/Apr/2026:07:43:04 +0200] "POST /wp-cron.php?doing_wp_cron=1776231784.8038010597229003906250 HTTP/1.1" 500 199 "-" "WordPress/6.9.4; http://www.eeggs.ru"
66.249.66.33 - - [15/Apr/2026:07:43:03 +0200] "GET /goods/Franklin-Sports-Blackhawk-3-5x1-8m-Pop-up-Facile-Pour-Int/958408 HTTP/1.1" 301 472 "-" "Mozilla/5.0 (Linux; Android 6.0.1; Nexus 5X Build/MMB29P) AppleWebKit/537.36 (KHTML, like Gecko) Chrome/146.0.7680.177 Mobile Safari/537.36 (compatible; Googlebot/2.1; +http://www.google.com/bot.html)"
66.249.66.200 - - [15/Apr/2026:07:43:05 +0200] "GET /goods/Franklin-Sports-Blackhawk-3-5x1-8m-Pop-up-Facile-Pour-Int/958408 HTTP/1.1" 404 16849 "-" "Mozilla/5.0 (Linux; Android 6.0.1; Nexus 5X Build/MMB29P) AppleWebKit/537.36 (KHTML, like Gecko) Chrome/146.0.7680.177 Mobile Safari/537.36 (compatible; Googlebot/2.1; +http://www.google.com/bot.html)"
69.30.215.34 - - [15/Apr/2026:07:43:07 +0200] "GET /wp-includes/x6edb8a/edit.php HTTP/1.1" 404 16860 "http://eeggs.ru/wp-includes/x6edb8a/edit.php" "Mozilla/5.0 (Windows NT 10.0; Win64; x64) AppleWebKit/537.36 (KHTML, like Gecko) Chrome/58.0.3029.110 Safari/537.3"
66.249.66.32 - - [15/Apr/2026:07:43:16 +0200] "GET /goods/Tefal-Cuisine-Evolutive-2-Hauteurs-Possibles-40-Accessoires/838848 HTTP/1.1" 301 474 "-" "Mozilla/5.0 (Linux; Android 6.0.1; Nexus 5X Build/MMB29P) AppleWebKit/537.36 (KHTML, like Gecko) Chrome/146.0.7680.177 Mobile Safari/537.36 (compatible; Googlebot/2.1; +http://www.google.com/bot.html)"
66.249.66.198 - - [15/Apr/2026:07:43:17 +0200] "GET /goods/Tefal-Cuisine-Evolutive-2-Hauteurs-Possibles-40-Accessoires/838848 HTTP/1.1" 404 16849 "-" "Mozilla/5.0 (Linux; Android 6.0.1; Nexus 5X Build/MMB29P) AppleWebKit/537.36 (KHTML, like Gecko) Chrome/146.0.7680.177 Mobile Safari/537.36 (compatible; Googlebot/2.1; +http://www.google.com/bot.html)"
95.216.2.94 - - [15/Apr/2026:07:44:40 +0200] "POST /wp-cron.php?doing_wp_cron=1776231880.0184309482574462890625 HTTP/1.1" 500 199 "-" "WordPress/6.9.4; http://www.eeggs.ru"
66.249.66.33 - - [15/Apr/2026:07:44:39 +0200] "GET /goods/KNORR-Soupe-Liquide-Paysanne-Lentilles-Lard-Fum-1l-U2013/914577 HTTP/1.1" 301 471 "-" "Mozilla/5.0 (Linux; Android 6.0.1; Nexus 5X Build/MMB29P) AppleWebKit/537.36 (KHTML, like Gecko) Chrome/146.0.7680.177 Mobile Safari/537.36 (compatible; GoogleOther)"
66.249.66.199 - - [15/Apr/2026:07:44:40 +0200] "GET /goods/KNORR-Soupe-Liquide-Paysanne-Lentilles-Lard-Fum-1l-U2013/914577 HTTP/1.1" 404 16860 "-" "Mozilla/5.0 (Linux; Android 6.0.1; Nexus 5X Build/MMB29P) AppleWebKit/537.36 (KHTML, like Gecko) Chrome/146.0.7680.177 Mobile Safari/537.36 (compatible; GoogleOther)"
90.1.156.202 - - [15/Apr/2026:07:45:33 +0200] "GET /goods/Piq-re-D-039-Insectes-Effet-Frais/676970 HTTP/1.1" 200 411 "https://www.google.com/" "Mozilla/5.0 (Macintosh; Intel Mac OS X 10.15; rv:140.0) Gecko/20100101 Firefox/140.0"
95.216.2.94 - - [15/Apr/2026:07:46:30 +0200] "POST /wp-cron.php?doing_wp_cron=1776231990.5155830383300781250000 HTTP/1.1" 500 199 "-" "WordPress/6.9.4; http://www.eeggs.ru"
40.77.167.154 - - [15/Apr/2026:07:46:29 +0200] "GET /goods/Corps-Et-Jambes-Peaux-Sensibles-Veet-Chez-Cora/901219 HTTP/1.1" 301 405 "-" "Mozilla/5.0 AppleWebKit/537.36 (KHTML, like Gecko; compatible; bingbot/2.0; +http://www.bing.com/bingbot.htm) Chrome/116.0.1938.76 Safari/537.36"
52.167.144.203 - - [15/Apr/2026:07:46:34 +0200] "GET /goods/teau-Du-Clos-Delord-Rouge-Bordeaux-Sup-rieur-Meilleur-Prix/946892 HTTP/1.1" 301 417 "-" "Mozilla/5.0 AppleWebKit/537.36 (KHTML, like Gecko; compatible; bingbot/2.0; +http://www.bing.com/bingbot.htm) Chrome/116.0.1938.76 Safari/537.36"
95.216.2.94 - - [15/Apr/2026:07:47:52 +0200] "POST /wp-cron.php?doing_wp_cron=1776232072.0168869495391845703125 HTTP/1.1" 500 199 "-" "WordPress/6.9.4; http://www.eeggs.ru"
40.77.167.154 - - [15/Apr/2026:07:47:51 +0200] "GET /goods/Shooting-Sports-Gear-Horror-Gost-Skul-Halloween-Cosplay-Tactical/541760 HTTP/1.1" 301 423 "-" "Mozilla/5.0 AppleWebKit/537.36 (KHTML, like Gecko; compatible; bingbot/2.0; +http://www.bing.com/bingbot.htm) Chrome/116.0.1938.76 Safari/537.36"
40.77.167.154 - - [15/Apr/2026:07:47:52 +0200] "GET /goods/Rideaux-En-Voile-Transparent-Effet-Lin-Pour/697354 HTTP/1.1" 301 402 "-" "Mozilla/5.0 AppleWebKit/537.36 (KHTML, like Gecko; compatible; bingbot/2.0; +http://www.bing.com/bingbot.htm) Chrome/116.0.1938.76 Safari/537.36"
95.216.2.94 - - [15/Apr/2026:07:49:25 +0200] "POST /wp-cron.php?doing_wp_cron=1776232165.3065090179443359375000 HTTP/1.1" 500 199 "-" "WordPress/6.9.4; http://www.eeggs.ru"
66.249.66.32 - - [15/Apr/2026:07:49:24 +0200] "GET /goods/Qualit-Grains-De-Caf-Dallmayr-Des-Prix/471373 HTTP/1.1" 301 453 "-" "Mozilla/5.0 (Linux; Android 6.0.1; Nexus 5X Build/MMB29P) AppleWebKit/537.36 (KHTML, like Gecko) Chrome/146.0.7680.177 Mobile Safari/537.36 (compatible; Googlebot/2.1; +http://www.google.com/bot.html)"
95.216.2.94 - - [15/Apr/2026:07:49:25 +0200] "POST /wp-cron.php?doing_wp_cron=1776232165.6163549423217773437500 HTTP/1.1" 500 199 "-" "WordPress/6.9.4; http://www.eeggs.ru"
66.249.66.32 - - [15/Apr/2026:07:49:24 +0200] "GET /goods/2-Mini-Albums-Photos-Personnaliser-Pour-24-Photos-10-X-15-Ou/1176942 HTTP/1.1" 301 476 "-" "Mozilla/5.0 (Linux; Android 6.0.1; Nexus 5X Build/MMB29P) AppleWebKit/537.36 (KHTML, like Gecko) Chrome/146.0.7680.177 Mobile Safari/537.36 (compatible; Googlebot/2.1; +http://www.google.com/bot.html)"
66.249.66.199 - - [15/Apr/2026:07:49:25 +0200] "GET /goods/Qualit-Grains-De-Caf-Dallmayr-Des-Prix/471373 HTTP/1.1" 404 16849 "-" "Mozilla/5.0 (Linux; Android 6.0.1; Nexus 5X Build/MMB29P) AppleWebKit/537.36 (KHTML, like Gecko) Chrome/146.0.7680.177 Mobile Safari/537.36 (compatible; Googlebot/2.1; +http://www.google.com/bot.html)"
66.249.66.199 - - [15/Apr/2026:07:49:25 +0200] "GET /goods/2-Mini-Albums-Photos-Personnaliser-Pour-24-Photos-10-X-15-Ou/1176942 HTTP/1.1" 404 16849 "-" "Mozilla/5.0 (Linux; Android 6.0.1; Nexus 5X Build/MMB29P) AppleWebKit/537.36 (KHTML, like Gecko) Chrome/146.0.7680.177 Mobile Safari/537.36 (compatible; Googlebot/2.1; +http://www.google.com/bot.html)"
95.216.2.94 - - [15/Apr/2026:07:52:59 +0200] "POST /wp-cron.php?doing_wp_cron=1776232379.0021131038665771484375 HTTP/1.1" 500 199 "-" "WordPress/6.9.4; http://www.eeggs.ru"
66.249.66.33 - - [15/Apr/2026:07:52:58 +0200] "GET /goods/Active-Clean-Skip-4-27-Kg-La-Belle-Vie-Courses-En-Ligne/1177320 HTTP/1.1" 301 471 "-" "Mozilla/5.0 (Linux; Android 6.0.1; Nexus 5X Build/MMB29P) AppleWebKit/537.36 (KHTML, like Gecko) Chrome/146.0.7680.177 Mobile Safari/537.36 (compatible; Googlebot/2.1; +http://www.google.com/bot.html)"
66.249.66.199 - - [15/Apr/2026:07:52:59 +0200] "GET /goods/Active-Clean-Skip-4-27-Kg-La-Belle-Vie-Courses-En-Ligne/1177320 HTTP/1.1" 404 16849 "-" "Mozilla/5.0 (Linux; Android 6.0.1; Nexus 5X Build/MMB29P) AppleWebKit/537.36 (KHTML, like Gecko) Chrome/146.0.7680.177 Mobile Safari/537.36 (compatible; Googlebot/2.1; +http://www.google.com/bot.html)"
95.216.2.94 - - [15/Apr/2026:07:54:22 +0200] "POST /wp-cron.php?doing_wp_cron=1776232462.8805060386657714843750 HTTP/1.1" 500 199 "-" "WordPress/6.9.4; http://www.eeggs.ru"
216.73.216.41 - - [15/Apr/2026:07:54:22 +0200] "GET / HTTP/1.1" 301 290 "-" "Mozilla/5.0 AppleWebKit/537.36 (KHTML, like Gecko; compatible; ClaudeBot/1.0; +claudebot@anthropic.com)"
94.154.35.236 - - [15/Apr/2026:07:55:17 +0200] "HEAD /catalog.zip HTTP/1.1" 301 343 "-" "Mozilla/5.0 (Windows NT 10.0; Win64; x64) AppleWebKit/537.36 (KHTML, like Gecko) Chrome/101.0.4951.67 Safari/537.36"
