66.249.66.198 - - [15/Apr/2026:06:10:27 +0200] "GET /goods/Rouge-Fleurs-Sauvages-Photo-Gratuite-Sur-Pixabay-Pixabay/1016823 HTTP/1.1" 404 16848 "-" "Mozilla/5.0 (Linux; Android 6.0.1; Nexus 5X Build/MMB29P) AppleWebKit/537.36 (KHTML, like Gecko) Chrome/146.0.7680.177 Mobile Safari/537.36 (compatible; Googlebot/2.1; +http://www.google.com/bot.html)"
66.249.66.32 - - [15/Apr/2026:06:10:27 +0200] "GET /goods/Alex-Bagage-Rigide-Valise-Moyenne-Trolley-Avec-4-Roues/1282367 HTTP/1.1" 301 469 "-" "Mozilla/5.0 (Linux; Android 6.0.1; Nexus 5X Build/MMB29P) AppleWebKit/537.36 (KHTML, like Gecko) Chrome/146.0.7680.177 Mobile Safari/537.36 (compatible; Googlebot/2.1; +http://www.google.com/bot.html)"
66.249.66.198 - - [15/Apr/2026:06:10:28 +0200] "GET /goods/commande-Qui-Remplace-CONTINENTAL-EDISON-CELED55UHDB7/1153350 HTTP/1.1" 404 16848 "-" "Mozilla/5.0 (Linux; Android 6.0.1; Nexus 5X Build/MMB29P) AppleWebKit/537.36 (KHTML, like Gecko) Chrome/146.0.7680.177 Mobile Safari/537.36 (compatible; Googlebot/2.1; +http://www.google.com/bot.html)"
66.249.66.198 - - [15/Apr/2026:06:10:28 +0200] "GET /goods/Couteau-D-sosser-saigner-14-Ou-16-Cm-Manche-Fibrox-Vert/1289086 HTTP/1.1" 404 16848 "-" "Mozilla/5.0 (Linux; Android 6.0.1; Nexus 5X Build/MMB29P) AppleWebKit/537.36 (KHTML, like Gecko) Chrome/146.0.7680.177 Mobile Safari/537.36 (compatible; Googlebot/2.1; +http://www.google.com/bot.html)"
66.249.66.32 - - [15/Apr/2026:06:10:29 +0200] "GET /goods/80-3-Mandrins-Pinces-De-Serrage-Haute-Pr-cision-0-003-quot/880379 HTTP/1.1" 301 472 "-" "Mozilla/5.0 (Linux; Android 6.0.1; Nexus 5X Build/MMB29P) AppleWebKit/537.36 (KHTML, like Gecko) Chrome/146.0.7680.177 Mobile Safari/537.36 (compatible; Googlebot/2.1; +http://www.google.com/bot.html)"
66.249.66.32 - - [15/Apr/2026:06:10:29 +0200] "GET /goods/Mini-Parapluie-De-Poche-Coupe-vent-Parapluie-Pliant-Parapluie-De/1066599 HTTP/1.1" 301 479 "-" "Mozilla/5.0 (Linux; Android 6.0.1; Nexus 5X Build/MMB29P) AppleWebKit/537.36 (KHTML, like Gecko) Chrome/146.0.7680.177 Mobile Safari/537.36 (compatible; Googlebot/2.1; +http://www.google.com/bot.html)"
66.249.66.198 - - [15/Apr/2026:06:10:30 +0200] "GET /goods/Alex-Bagage-Rigide-Valise-Moyenne-Trolley-Avec-4-Roues/1282367 HTTP/1.1" 404 16856 "-" "Mozilla/5.0 (Linux; Android 6.0.1; Nexus 5X Build/MMB29P) AppleWebKit/537.36 (KHTML, like Gecko) Chrome/146.0.7680.177 Mobile Safari/537.36 (compatible; Googlebot/2.1; +http://www.google.com/bot.html)"
66.249.66.32 - - [15/Apr/2026:06:10:30 +0200] "GET /goods/Homme-Verres-Whisky-Rotatifs-Pierres/716548 HTTP/1.1" 301 450 "-" "Mozilla/5.0 (Linux; Android 6.0.1; Nexus 5X Build/MMB29P) AppleWebKit/537.36 (KHTML, like Gecko) Chrome/146.0.7680.177 Mobile Safari/537.36 (compatible; Googlebot/2.1; +http://www.google.com/bot.html)"
66.249.66.32 - - [15/Apr/2026:06:10:31 +0200] "GET /goods/Knirps-A-200-Medium-Duomatic-Regenschirm/1060487 HTTP/1.1" 301 455 "-" "Mozilla/5.0 (Linux; Android 6.0.1; Nexus 5X Build/MMB29P) AppleWebKit/537.36 (KHTML, like Gecko) Chrome/146.0.7680.177 Mobile Safari/537.36 (compatible; Googlebot/2.1; +http://www.google.com/bot.html)"
66.249.66.198 - - [15/Apr/2026:06:10:31 +0200] "GET /goods/80-3-Mandrins-Pinces-De-Serrage-Haute-Pr-cision-0-003-quot/880379 HTTP/1.1" 404 16848 "-" "Mozilla/5.0 (Linux; Android 6.0.1; Nexus 5X Build/MMB29P) AppleWebKit/537.36 (KHTML, like Gecko) Chrome/146.0.7680.177 Mobile Safari/537.36 (compatible; Googlebot/2.1; +http://www.google.com/bot.html)"
66.249.66.198 - - [15/Apr/2026:06:10:32 +0200] "GET /goods/Mini-Parapluie-De-Poche-Coupe-vent-Parapluie-Pliant-Parapluie-De/1066599 HTTP/1.1" 404 16848 "-" "Mozilla/5.0 (Linux; Android 6.0.1; Nexus 5X Build/MMB29P) AppleWebKit/537.36 (KHTML, like Gecko) Chrome/146.0.7680.177 Mobile Safari/537.36 (compatible; Googlebot/2.1; +http://www.google.com/bot.html)"
66.249.66.32 - - [15/Apr/2026:06:10:32 +0200] "GET /goods/Parapluie-Isotoner-Mini-Ultra-Compact-Et-D-perlant-Mini/1069310 HTTP/1.1" 301 470 "-" "Mozilla/5.0 (Linux; Android 6.0.1; Nexus 5X Build/MMB29P) AppleWebKit/537.36 (KHTML, like Gecko) Chrome/146.0.7680.177 Mobile Safari/537.36 (compatible; Googlebot/2.1; +http://www.google.com/bot.html)"
66.249.66.198 - - [15/Apr/2026:06:10:33 +0200] "GET /goods/Homme-Verres-Whisky-Rotatifs-Pierres/716548 HTTP/1.1" 404 16848 "-" "Mozilla/5.0 (Linux; Android 6.0.1; Nexus 5X Build/MMB29P) AppleWebKit/537.36 (KHTML, like Gecko) Chrome/146.0.7680.177 Mobile Safari/537.36 (compatible; Googlebot/2.1; +http://www.google.com/bot.html)"
66.249.66.198 - - [15/Apr/2026:06:10:33 +0200] "GET /goods/Knirps-A-200-Medium-Duomatic-Regenschirm/1060487 HTTP/1.1" 404 16848 "-" "Mozilla/5.0 (Linux; Android 6.0.1; Nexus 5X Build/MMB29P) AppleWebKit/537.36 (KHTML, like Gecko) Chrome/146.0.7680.177 Mobile Safari/537.36 (compatible; Googlebot/2.1; +http://www.google.com/bot.html)"
66.249.66.32 - - [15/Apr/2026:06:10:34 +0200] "GET /goods/3D-Hedwig-Harry-POTTER-En-C-ramique-Maison/1020022 HTTP/1.1" 301 457 "-" "Mozilla/5.0 (Linux; Android 6.0.1; Nexus 5X Build/MMB29P) AppleWebKit/537.36 (KHTML, like Gecko) Chrome/146.0.7680.177 Mobile Safari/537.36 (compatible; Googlebot/2.1; +http://www.google.com/bot.html)"
66.249.66.32 - - [15/Apr/2026:06:10:34 +0200] "GET /goods/Closure-Leisure-Bra-1ut-France/499434 HTTP/1.1" 301 444 "-" "Mozilla/5.0 (Linux; Android 6.0.1; Nexus 5X Build/MMB29P) AppleWebKit/537.36 (KHTML, like Gecko) Chrome/146.0.7680.177 Mobile Safari/537.36 (compatible; Googlebot/2.1; +http://www.google.com/bot.html)"
66.249.66.198 - - [15/Apr/2026:06:10:35 +0200] "GET /goods/Parapluie-Isotoner-Mini-Ultra-Compact-Et-D-perlant-Mini/1069310 HTTP/1.1" 404 16856 "-" "Mozilla/5.0 (Linux; Android 6.0.1; Nexus 5X Build/MMB29P) AppleWebKit/537.36 (KHTML, like Gecko) Chrome/146.0.7680.177 Mobile Safari/537.36 (compatible; Googlebot/2.1; +http://www.google.com/bot.html)"
66.249.66.32 - - [15/Apr/2026:06:10:35 +0200] "GET /goods/De-Costume-Homme-Bleu-Dunkelblau-19/557001 HTTP/1.1" 301 449 "-" "Mozilla/5.0 (Linux; Android 6.0.1; Nexus 5X Build/MMB29P) AppleWebKit/537.36 (KHTML, like Gecko) Chrome/146.0.7680.177 Mobile Safari/537.36 (compatible; Googlebot/2.1; +http://www.google.com/bot.html)"
66.249.66.198 - - [15/Apr/2026:06:10:36 +0200] "GET /goods/3D-Hedwig-Harry-POTTER-En-C-ramique-Maison/1020022 HTTP/1.1" 404 16848 "-" "Mozilla/5.0 (Linux; Android 6.0.1; Nexus 5X Build/MMB29P) AppleWebKit/537.36 (KHTML, like Gecko) Chrome/146.0.7680.177 Mobile Safari/537.36 (compatible; Googlebot/2.1; +http://www.google.com/bot.html)"
66.249.66.198 - - [15/Apr/2026:06:10:36 +0200] "GET /goods/Closure-Leisure-Bra-1ut-France/499434 HTTP/1.1" 404 16848 "-" "Mozilla/5.0 (Linux; Android 6.0.1; Nexus 5X Build/MMB29P) AppleWebKit/537.36 (KHTML, like Gecko) Chrome/146.0.7680.177 Mobile Safari/537.36 (compatible; Googlebot/2.1; +http://www.google.com/bot.html)"
66.249.66.32 - - [15/Apr/2026:06:10:37 +0200] "GET /goods/Coupe-vent-Parapluie-Avec-Ouverture-Et-Fermeture-Automatique/1068403 HTTP/1.1" 301 475 "-" "Mozilla/5.0 (Linux; Android 6.0.1; Nexus 5X Build/MMB29P) AppleWebKit/537.36 (KHTML, like Gecko) Chrome/146.0.7680.177 Mobile Safari/537.36 (compatible; Googlebot/2.1; +http://www.google.com/bot.html)"
66.249.66.32 - - [15/Apr/2026:06:10:37 +0200] "GET /goods/PICARD-Toscana-Duffle-Bag-Black/474173 HTTP/1.1" 301 445 "-" "Mozilla/5.0 (Linux; Android 6.0.1; Nexus 5X Build/MMB29P) AppleWebKit/537.36 (KHTML, like Gecko) Chrome/146.0.7680.177 Mobile Safari/537.36 (compatible; Googlebot/2.1; +http://www.google.com/bot.html)"
66.249.66.198 - - [15/Apr/2026:06:10:38 +0200] "GET /goods/De-Costume-Homme-Bleu-Dunkelblau-19/557001 HTTP/1.1" 404 16848 "-" "Mozilla/5.0 (Linux; Android 6.0.1; Nexus 5X Build/MMB29P) AppleWebKit/537.36 (KHTML, like Gecko) Chrome/146.0.7680.177 Mobile Safari/537.36 (compatible; Googlebot/2.1; +http://www.google.com/bot.html)"
66.249.66.32 - - [15/Apr/2026:06:10:38 +0200] "GET /goods/PATROL-TODOS-A-UNA-BANDAI-NAMCO-Entertainment-Europe/1064480 HTTP/1.1" 301 467 "-" "Mozilla/5.0 (Linux; Android 6.0.1; Nexus 5X Build/MMB29P) AppleWebKit/537.36 (KHTML, like Gecko) Chrome/146.0.7680.177 Mobile Safari/537.36 (compatible; Googlebot/2.1; +http://www.google.com/bot.html)"
66.249.66.198 - - [15/Apr/2026:06:10:39 +0200] "GET /goods/Coupe-vent-Parapluie-Avec-Ouverture-Et-Fermeture-Automatique/1068403 HTTP/1.1" 404 16848 "-" "Mozilla/5.0 (Linux; Android 6.0.1; Nexus 5X Build/MMB29P) AppleWebKit/537.36 (KHTML, like Gecko) Chrome/146.0.7680.177 Mobile Safari/537.36 (compatible; Googlebot/2.1; +http://www.google.com/bot.html)"
66.249.66.32 - - [15/Apr/2026:06:10:39 +0200] "GET /goods/Seltmann-Weiden-Seltmann-Weiden-Amina-Ostfriesenrose-Teeservice/1070243 HTTP/1.1" 301 478 "-" "Mozilla/5.0 (Linux; Android 6.0.1; Nexus 5X Build/MMB29P) AppleWebKit/537.36 (KHTML, like Gecko) Chrome/146.0.7680.177 Mobile Safari/537.36 (compatible; Googlebot/2.1; +http://www.google.com/bot.html)"
66.249.66.198 - - [15/Apr/2026:06:10:40 +0200] "GET /goods/PICARD-Toscana-Duffle-Bag-Black/474173 HTTP/1.1" 404 16848 "-" "Mozilla/5.0 (Linux; Android 6.0.1; Nexus 5X Build/MMB29P) AppleWebKit/537.36 (KHTML, like Gecko) Chrome/146.0.7680.177 Mobile Safari/537.36 (compatible; Googlebot/2.1; +http://www.google.com/bot.html)"
66.249.66.32 - - [15/Apr/2026:06:10:40 +0200] "GET /goods/ble-De-Rechange-Pour-Fauteuil-Inclinable-Avec-Anneau-En-D/773335 HTTP/1.1" 301 471 "-" "Mozilla/5.0 (Linux; Android 6.0.1; Nexus 5X Build/MMB29P) AppleWebKit/537.36 (KHTML, like Gecko) Chrome/146.0.7680.177 Mobile Safari/537.36 (compatible; Googlebot/2.1; +http://www.google.com/bot.html)"
66.249.66.198 - - [15/Apr/2026:06:10:41 +0200] "GET /goods/PATROL-TODOS-A-UNA-BANDAI-NAMCO-Entertainment-Europe/1064480 HTTP/1.1" 404 16848 "-" "Mozilla/5.0 (Linux; Android 6.0.1; Nexus 5X Build/MMB29P) AppleWebKit/537.36 (KHTML, like Gecko) Chrome/146.0.7680.177 Mobile Safari/537.36 (compatible; Googlebot/2.1; +http://www.google.com/bot.html)"
95.216.2.94 - - [15/Apr/2026:06:10:42 +0200] "POST /wp-cron.php?doing_wp_cron=1776226242.5119369029998779296875 HTTP/1.1" 500 199 "-" "WordPress/6.9.4; http://www.eeggs.ru"
66.249.66.198 - - [15/Apr/2026:06:10:41 +0200] "GET /goods/Seltmann-Weiden-Seltmann-Weiden-Amina-Ostfriesenrose-Teeservice/1070243 HTTP/1.1" 404 16849 "-" "Mozilla/5.0 (Linux; Android 6.0.1; Nexus 5X Build/MMB29P) AppleWebKit/537.36 (KHTML, like Gecko) Chrome/146.0.7680.177 Mobile Safari/537.36 (compatible; Googlebot/2.1; +http://www.google.com/bot.html)"
66.249.66.32 - - [15/Apr/2026:06:10:42 +0200] "GET /goods/Avec-Collerette-Frais-e-Pour-Professionnels/804018 HTTP/1.1" 301 457 "-" "Mozilla/5.0 (Linux; Android 6.0.1; Nexus 5X Build/MMB29P) AppleWebKit/537.36 (KHTML, like Gecko) Chrome/146.0.7680.177 Mobile Safari/537.36 (compatible; Googlebot/2.1; +http://www.google.com/bot.html)"
66.249.66.198 - - [15/Apr/2026:06:10:42 +0200] "GET /goods/ble-De-Rechange-Pour-Fauteuil-Inclinable-Avec-Anneau-En-D/773335 HTTP/1.1" 404 16848 "-" "Mozilla/5.0 (Linux; Android 6.0.1; Nexus 5X Build/MMB29P) AppleWebKit/537.36 (KHTML, like Gecko) Chrome/146.0.7680.177 Mobile Safari/537.36 (compatible; Googlebot/2.1; +http://www.google.com/bot.html)"
66.249.66.32 - - [15/Apr/2026:06:10:43 +0200] "GET /goods/Main-Or-Sable-Chalumeau-Grand-Trou-Europ-en-Perles-De-Rondelle/725363 HTTP/1.1" 301 476 "-" "Mozilla/5.0 (Linux; Android 6.0.1; Nexus 5X Build/MMB29P) AppleWebKit/537.36 (KHTML, like Gecko) Chrome/146.0.7680.177 Mobile Safari/537.36 (compatible; Googlebot/2.1; +http://www.google.com/bot.html)"
66.249.66.32 - - [15/Apr/2026:06:10:43 +0200] "GET /goods/LED-Licorne-Lumineuse-Peluche-Chantante-Contr-le-Du/1002378 HTTP/1.1" 301 467 "-" "Mozilla/5.0 (Linux; Android 6.0.1; Nexus 5X Build/MMB29P) AppleWebKit/537.36 (KHTML, like Gecko) Chrome/146.0.7680.177 Mobile Safari/537.36 (compatible; Googlebot/2.1; +http://www.google.com/bot.html)"
66.249.66.32 - - [15/Apr/2026:06:10:44 +0200] "GET /goods/De-Pulv-risation-Intelligent-360-Degr-s-Pour-Terrariums-Avec/515736 HTTP/1.1" 301 474 "-" "Mozilla/5.0 (Linux; Android 6.0.1; Nexus 5X Build/MMB29P) AppleWebKit/537.36 (KHTML, like Gecko) Chrome/146.0.7680.177 Mobile Safari/537.36 (compatible; Googlebot/2.1; +http://www.google.com/bot.html)"
66.249.66.198 - - [15/Apr/2026:06:10:44 +0200] "GET /goods/Avec-Collerette-Frais-e-Pour-Professionnels/804018 HTTP/1.1" 404 16848 "-" "Mozilla/5.0 (Linux; Android 6.0.1; Nexus 5X Build/MMB29P) AppleWebKit/537.36 (KHTML, like Gecko) Chrome/146.0.7680.177 Mobile Safari/537.36 (compatible; Googlebot/2.1; +http://www.google.com/bot.html)"
66.249.66.32 - - [15/Apr/2026:06:10:45 +0200] "GET /goods/En-Polaire-Teddy-Blanc-LEOCLOTHO-Taille-36-43-Blanc/913295 HTTP/1.1" 301 465 "-" "Mozilla/5.0 (Linux; Android 6.0.1; Nexus 5X Build/MMB29P) AppleWebKit/537.36 (KHTML, like Gecko) Chrome/146.0.7680.177 Mobile Safari/537.36 (compatible; Googlebot/2.1; +http://www.google.com/bot.html)"
66.249.66.198 - - [15/Apr/2026:06:10:45 +0200] "GET /goods/Main-Or-Sable-Chalumeau-Grand-Trou-Europ-en-Perles-De-Rondelle/725363 HTTP/1.1" 404 16848 "-" "Mozilla/5.0 (Linux; Android 6.0.1; Nexus 5X Build/MMB29P) AppleWebKit/537.36 (KHTML, like Gecko) Chrome/146.0.7680.177 Mobile Safari/537.36 (compatible; Googlebot/2.1; +http://www.google.com/bot.html)"
66.249.66.198 - - [15/Apr/2026:06:10:46 +0200] "GET /goods/LED-Licorne-Lumineuse-Peluche-Chantante-Contr-le-Du/1002378 HTTP/1.1" 404 16848 "-" "Mozilla/5.0 (Linux; Android 6.0.1; Nexus 5X Build/MMB29P) AppleWebKit/537.36 (KHTML, like Gecko) Chrome/146.0.7680.177 Mobile Safari/537.36 (compatible; Googlebot/2.1; +http://www.google.com/bot.html)"
66.249.66.32 - - [15/Apr/2026:06:10:46 +0200] "GET /goods/99-9-Soft-Copper-Wire-23-Jauge-5M-Fil-De-Cuivre-Pure-Pour/726868 HTTP/1.1" 301 471 "-" "Mozilla/5.0 (Linux; Android 6.0.1; Nexus 5X Build/MMB29P) AppleWebKit/537.36 (KHTML, like Gecko) Chrome/146.0.7680.177 Mobile Safari/537.36 (compatible; Googlebot/2.1; +http://www.google.com/bot.html)"
66.249.66.198 - - [15/Apr/2026:06:10:47 +0200] "GET /goods/De-Pulv-risation-Intelligent-360-Degr-s-Pour-Terrariums-Avec/515736 HTTP/1.1" 404 16848 "-" "Mozilla/5.0 (Linux; Android 6.0.1; Nexus 5X Build/MMB29P) AppleWebKit/537.36 (KHTML, like Gecko) Chrome/146.0.7680.177 Mobile Safari/537.36 (compatible; Googlebot/2.1; +http://www.google.com/bot.html)"
66.249.66.198 - - [15/Apr/2026:06:10:47 +0200] "GET /goods/En-Polaire-Teddy-Blanc-LEOCLOTHO-Taille-36-43-Blanc/913295 HTTP/1.1" 404 16848 "-" "Mozilla/5.0 (Linux; Android 6.0.1; Nexus 5X Build/MMB29P) AppleWebKit/537.36 (KHTML, like Gecko) Chrome/146.0.7680.177 Mobile Safari/537.36 (compatible; Googlebot/2.1; +http://www.google.com/bot.html)"
66.249.66.32 - - [15/Apr/2026:06:10:48 +0200] "GET /goods/Chinoises-En-C-ramique-4-Pi-ces-Kung-Fu-Pour-Restaurant/1145203 HTTP/1.1" 301 470 "-" "Mozilla/5.0 (Linux; Android 6.0.1; Nexus 5X Build/MMB29P) AppleWebKit/537.36 (KHTML, like Gecko) Chrome/146.0.7680.177 Mobile Safari/537.36 (compatible; Googlebot/2.1; +http://www.google.com/bot.html)"
66.249.66.198 - - [15/Apr/2026:06:10:48 +0200] "GET /goods/99-9-Soft-Copper-Wire-23-Jauge-5M-Fil-De-Cuivre-Pure-Pour/726868 HTTP/1.1" 404 16848 "-" "Mozilla/5.0 (Linux; Android 6.0.1; Nexus 5X Build/MMB29P) AppleWebKit/537.36 (KHTML, like Gecko) Chrome/146.0.7680.177 Mobile Safari/537.36 (compatible; Googlebot/2.1; +http://www.google.com/bot.html)"
66.249.66.32 - - [15/Apr/2026:06:10:48 +0200] "GET /goods/Cappuccino-En-C-ramique-Noir-Mat-200-Ml-Tasse-Vintage/1207800 HTTP/1.1" 301 468 "-" "Mozilla/5.0 (Linux; Android 6.0.1; Nexus 5X Build/MMB29P) AppleWebKit/537.36 (KHTML, like Gecko) Chrome/146.0.7680.177 Mobile Safari/537.36 (compatible; Googlebot/2.1; +http://www.google.com/bot.html)"
66.249.66.32 - - [15/Apr/2026:06:10:49 +0200] "GET /goods/Malibu-Strapless-Underwired-Lightly-Padded-Halter-Bikini-Top/440329 HTTP/1.1" 301 475 "-" "Mozilla/5.0 (Linux; Android 6.0.1; Nexus 5X Build/MMB29P) AppleWebKit/537.36 (KHTML, like Gecko) Chrome/146.0.7680.177 Mobile Safari/537.36 (compatible; Googlebot/2.1; +http://www.google.com/bot.html)"
66.249.66.198 - - [15/Apr/2026:06:10:49 +0200] "GET /goods/Chinoises-En-C-ramique-4-Pi-ces-Kung-Fu-Pour-Restaurant/1145203 HTTP/1.1" 404 16848 "-" "Mozilla/5.0 (Linux; Android 6.0.1; Nexus 5X Build/MMB29P) AppleWebKit/537.36 (KHTML, like Gecko) Chrome/146.0.7680.177 Mobile Safari/537.36 (compatible; Googlebot/2.1; +http://www.google.com/bot.html)"
66.249.66.32 - - [15/Apr/2026:06:10:50 +0200] "GET /goods/S-Oliver-Jeansjacke-Gr-n/1159347 HTTP/1.1" 301 439 "-" "Mozilla/5.0 (Linux; Android 6.0.1; Nexus 5X Build/MMB29P) AppleWebKit/537.36 (KHTML, like Gecko) Chrome/146.0.7680.177 Mobile Safari/537.36 (compatible; Googlebot/2.1; +http://www.google.com/bot.html)"
66.249.66.198 - - [15/Apr/2026:06:10:51 +0200] "GET /goods/Cappuccino-En-C-ramique-Noir-Mat-200-Ml-Tasse-Vintage/1207800 HTTP/1.1" 404 16848 "-" "Mozilla/5.0 (Linux; Android 6.0.1; Nexus 5X Build/MMB29P) AppleWebKit/537.36 (KHTML, like Gecko) Chrome/146.0.7680.177 Mobile Safari/537.36 (compatible; Googlebot/2.1; +http://www.google.com/bot.html)"
66.249.66.32 - - [15/Apr/2026:06:10:51 +0200] "GET /goods/Molleton-BOSS-Pour-GARCON-Kids-Around/1159155 HTTP/1.1" 301 452 "-" "Mozilla/5.0 (Linux; Android 6.0.1; Nexus 5X Build/MMB29P) AppleWebKit/537.36 (KHTML, like Gecko) Chrome/146.0.7680.177 Mobile Safari/537.36 (compatible; Googlebot/2.1; +http://www.google.com/bot.html)"
66.249.66.198 - - [15/Apr/2026:06:10:52 +0200] "GET /goods/Malibu-Strapless-Underwired-Lightly-Padded-Halter-Bikini-Top/440329 HTTP/1.1" 404 16848 "-" "Mozilla/5.0 (Linux; Android 6.0.1; Nexus 5X Build/MMB29P) AppleWebKit/537.36 (KHTML, like Gecko) Chrome/146.0.7680.177 Mobile Safari/537.36 (compatible; Googlebot/2.1; +http://www.google.com/bot.html)"
66.249.66.198 - - [15/Apr/2026:06:10:52 +0200] "GET /goods/S-Oliver-Jeansjacke-Gr-n/1159347 HTTP/1.1" 404 16849 "-" "Mozilla/5.0 (Linux; Android 6.0.1; Nexus 5X Build/MMB29P) AppleWebKit/537.36 (KHTML, like Gecko) Chrome/146.0.7680.177 Mobile Safari/537.36 (compatible; Googlebot/2.1; +http://www.google.com/bot.html)"
66.249.66.32 - - [15/Apr/2026:06:10:53 +0200] "GET /goods/Lien-Rapide-Filet-Mousqueton-De-Verrouillage-Ovale-En-Acier/980573 HTTP/1.1" 301 473 "-" "Mozilla/5.0 (Linux; Android 6.0.1; Nexus 5X Build/MMB29P) AppleWebKit/537.36 (KHTML, like Gecko) Chrome/146.0.7680.177 Mobile Safari/537.36 (compatible; Googlebot/2.1; +http://www.google.com/bot.html)"
66.249.66.198 - - [15/Apr/2026:06:10:53 +0200] "GET /goods/Molleton-BOSS-Pour-GARCON-Kids-Around/1159155 HTTP/1.1" 404 16848 "-" "Mozilla/5.0 (Linux; Android 6.0.1; Nexus 5X Build/MMB29P) AppleWebKit/537.36 (KHTML, like Gecko) Chrome/146.0.7680.177 Mobile Safari/537.36 (compatible; Googlebot/2.1; +http://www.google.com/bot.html)"
66.249.66.32 - - [15/Apr/2026:06:10:54 +0200] "GET /goods/De-Porte-3D-Poisson-Corail-Marin-Auto/760468 HTTP/1.1" 301 451 "-" "Mozilla/5.0 (Linux; Android 6.0.1; Nexus 5X Build/MMB29P) AppleWebKit/537.36 (KHTML, like Gecko) Chrome/146.0.7680.177 Mobile Safari/537.36 (compatible; Googlebot/2.1; +http://www.google.com/bot.html)"
66.249.66.32 - - [15/Apr/2026:06:10:54 +0200] "GET /goods/De-Retard-GRT8-S1-Mini-Minuterie-De-Cycle-Asym-trique-ON/858120 HTTP/1.1" 301 471 "-" "Mozilla/5.0 (Linux; Android 6.0.1; Nexus 5X Build/MMB29P) AppleWebKit/537.36 (KHTML, like Gecko) Chrome/146.0.7680.177 Mobile Safari/537.36 (compatible; Googlebot/2.1; +http://www.google.com/bot.html)"
66.249.66.198 - - [15/Apr/2026:06:10:55 +0200] "GET /goods/Lien-Rapide-Filet-Mousqueton-De-Verrouillage-Ovale-En-Acier/980573 HTTP/1.1" 404 16848 "-" "Mozilla/5.0 (Linux; Android 6.0.1; Nexus 5X Build/MMB29P) AppleWebKit/537.36 (KHTML, like Gecko) Chrome/146.0.7680.177 Mobile Safari/537.36 (compatible; Googlebot/2.1; +http://www.google.com/bot.html)"
66.249.66.32 - - [15/Apr/2026:06:10:55 +0200] "GET /goods/L-039-isolant-Aluminium-Adapt-Vos-Besoins-Parlons/790443 HTTP/1.1" 301 463 "-" "Mozilla/5.0 (Linux; Android 6.0.1; Nexus 5X Build/MMB29P) AppleWebKit/537.36 (KHTML, like Gecko) Chrome/146.0.7680.177 Mobile Safari/537.36 (compatible; Googlebot/2.1; +http://www.google.com/bot.html)"
66.249.66.198 - - [15/Apr/2026:06:10:56 +0200] "GET /goods/De-Porte-3D-Poisson-Corail-Marin-Auto/760468 HTTP/1.1" 404 16848 "-" "Mozilla/5.0 (Linux; Android 6.0.1; Nexus 5X Build/MMB29P) AppleWebKit/537.36 (KHTML, like Gecko) Chrome/146.0.7680.177 Mobile Safari/537.36 (compatible; Googlebot/2.1; +http://www.google.com/bot.html)"
66.249.66.32 - - [15/Apr/2026:06:10:56 +0200] "GET /goods/35-Mm-Avec-Double-T-te-Sph-rique-Pour-Hero-13-Et-Hero-All/1200815 HTTP/1.1" 301 472 "-" "Mozilla/5.0 (Linux; Android 6.0.1; Nexus 5X Build/MMB29P) AppleWebKit/537.36 (KHTML, like Gecko) Chrome/146.0.7680.177 Mobile Safari/537.36 (compatible; Googlebot/2.1; +http://www.google.com/bot.html)"
66.249.66.198 - - [15/Apr/2026:06:10:57 +0200] "GET /goods/De-Retard-GRT8-S1-Mini-Minuterie-De-Cycle-Asym-trique-ON/858120 HTTP/1.1" 404 16848 "-" "Mozilla/5.0 (Linux; Android 6.0.1; Nexus 5X Build/MMB29P) AppleWebKit/537.36 (KHTML, like Gecko) Chrome/146.0.7680.177 Mobile Safari/537.36 (compatible; Googlebot/2.1; +http://www.google.com/bot.html)"
66.249.66.198 - - [15/Apr/2026:06:10:57 +0200] "GET /goods/L-039-isolant-Aluminium-Adapt-Vos-Besoins-Parlons/790443 HTTP/1.1" 404 16849 "-" "Mozilla/5.0 (Linux; Android 6.0.1; Nexus 5X Build/MMB29P) AppleWebKit/537.36 (KHTML, like Gecko) Chrome/146.0.7680.177 Mobile Safari/537.36 (compatible; Googlebot/2.1; +http://www.google.com/bot.html)"
66.249.66.32 - - [15/Apr/2026:06:10:58 +0200] "GET /goods/M-rklin-My-Wold-Signal-NEU-OVP-Kaufen-Auf/499218 HTTP/1.1" 301 455 "-" "Mozilla/5.0 (Linux; Android 6.0.1; Nexus 5X Build/MMB29P) AppleWebKit/537.36 (KHTML, like Gecko) Chrome/146.0.7680.177 Mobile Safari/537.36 (compatible; Googlebot/2.1; +http://www.google.com/bot.html)"
66.249.66.198 - - [15/Apr/2026:06:10:58 +0200] "GET /goods/35-Mm-Avec-Double-T-te-Sph-rique-Pour-Hero-13-Et-Hero-All/1200815 HTTP/1.1" 404 16848 "-" "Mozilla/5.0 (Linux; Android 6.0.1; Nexus 5X Build/MMB29P) AppleWebKit/537.36 (KHTML, like Gecko) Chrome/146.0.7680.177 Mobile Safari/537.36 (compatible; Googlebot/2.1; +http://www.google.com/bot.html)"
66.249.66.32 - - [15/Apr/2026:06:10:59 +0200] "GET /goods/En-Bois-Narex-D-butant-3-Outils/492223 HTTP/1.1" 301 445 "-" "Mozilla/5.0 (Linux; Android 6.0.1; Nexus 5X Build/MMB29P) AppleWebKit/537.36 (KHTML, like Gecko) Chrome/146.0.7680.177 Mobile Safari/537.36 (compatible; Googlebot/2.1; +http://www.google.com/bot.html)"
66.249.66.32 - - [15/Apr/2026:06:10:59 +0200] "GET /goods/RSET-ART2503-Set-Carboncillo-De-Dise-o-Art-stico-Aazon-es/1007343 HTTP/1.1" 301 473 "-" "Mozilla/5.0 (Linux; Android 6.0.1; Nexus 5X Build/MMB29P) AppleWebKit/537.36 (KHTML, like Gecko) Chrome/146.0.7680.177 Mobile Safari/537.36 (compatible; Googlebot/2.1; +http://www.google.com/bot.html)"
66.249.66.198 - - [15/Apr/2026:06:11:00 +0200] "GET /goods/M-rklin-My-Wold-Signal-NEU-OVP-Kaufen-Auf/499218 HTTP/1.1" 404 16848 "-" "Mozilla/5.0 (Linux; Android 6.0.1; Nexus 5X Build/MMB29P) AppleWebKit/537.36 (KHTML, like Gecko) Chrome/146.0.7680.177 Mobile Safari/537.36 (compatible; Googlebot/2.1; +http://www.google.com/bot.html)"
66.249.66.32 - - [15/Apr/2026:06:11:00 +0200] "GET /goods/Double-GODONNIER-Enfants-Bicolore-Empilable/1172268 HTTP/1.1" 301 458 "-" "Mozilla/5.0 (Linux; Android 6.0.1; Nexus 5X Build/MMB29P) AppleWebKit/537.36 (KHTML, like Gecko) Chrome/146.0.7680.177 Mobile Safari/537.36 (compatible; Googlebot/2.1; +http://www.google.com/bot.html)"
66.249.66.198 - - [15/Apr/2026:06:11:01 +0200] "GET /goods/En-Bois-Narex-D-butant-3-Outils/492223 HTTP/1.1" 404 16848 "-" "Mozilla/5.0 (Linux; Android 6.0.1; Nexus 5X Build/MMB29P) AppleWebKit/537.36 (KHTML, like Gecko) Chrome/146.0.7680.177 Mobile Safari/537.36 (compatible; Googlebot/2.1; +http://www.google.com/bot.html)"
66.249.66.32 - - [15/Apr/2026:06:11:01 +0200] "GET /goods/Fil-Fin-Et-Agrafes-Fil-Plat-De-6-14-Mm-Et-Clous-Jusqu/935938 HTTP/1.1" 301 467 "-" "Mozilla/5.0 (Linux; Android 6.0.1; Nexus 5X Build/MMB29P) AppleWebKit/537.36 (KHTML, like Gecko) Chrome/146.0.7680.177 Mobile Safari/537.36 (compatible; Googlebot/2.1; +http://www.google.com/bot.html)"
66.249.66.198 - - [15/Apr/2026:06:11:02 +0200] "GET /goods/RSET-ART2503-Set-Carboncillo-De-Dise-o-Art-stico-Aazon-es/1007343 HTTP/1.1" 404 16848 "-" "Mozilla/5.0 (Linux; Android 6.0.1; Nexus 5X Build/MMB29P) AppleWebKit/537.36 (KHTML, like Gecko) Chrome/146.0.7680.177 Mobile Safari/537.36 (compatible; Googlebot/2.1; +http://www.google.com/bot.html)"
66.249.66.198 - - [15/Apr/2026:06:11:02 +0200] "GET /goods/Double-GODONNIER-Enfants-Bicolore-Empilable/1172268 HTTP/1.1" 404 16849 "-" "Mozilla/5.0 (Linux; Android 6.0.1; Nexus 5X Build/MMB29P) AppleWebKit/537.36 (KHTML, like Gecko) Chrome/146.0.7680.177 Mobile Safari/537.36 (compatible; Googlebot/2.1; +http://www.google.com/bot.html)"
66.249.66.32 - - [15/Apr/2026:06:11:03 +0200] "GET /goods/Tapis-Evier-Cuisine-Tapis-D-039-vier-En-Silicone-Pliables/660366 HTTP/1.1" 301 471 "-" "Mozilla/5.0 (Linux; Android 6.0.1; Nexus 5X Build/MMB29P) AppleWebKit/537.36 (KHTML, like Gecko) Chrome/146.0.7680.177 Mobile Safari/537.36 (compatible; Googlebot/2.1; +http://www.google.com/bot.html)"
66.249.66.198 - - [15/Apr/2026:06:11:03 +0200] "GET /goods/Fil-Fin-Et-Agrafes-Fil-Plat-De-6-14-Mm-Et-Clous-Jusqu/935938 HTTP/1.1" 404 16848 "-" "Mozilla/5.0 (Linux; Android 6.0.1; Nexus 5X Build/MMB29P) AppleWebKit/537.36 (KHTML, like Gecko) Chrome/146.0.7680.177 Mobile Safari/537.36 (compatible; Googlebot/2.1; +http://www.google.com/bot.html)"
66.249.66.32 - - [15/Apr/2026:06:11:04 +0200] "GET /goods/Station-Drawing-Copy-Tracing-Caja-De-Luz-USB/1005921 HTTP/1.1" 301 459 "-" "Mozilla/5.0 (Linux; Android 6.0.1; Nexus 5X Build/MMB29P) AppleWebKit/537.36 (KHTML, like Gecko) Chrome/146.0.7680.177 Mobile Safari/537.36 (compatible; Googlebot/2.1; +http://www.google.com/bot.html)"
66.249.66.198 - - [15/Apr/2026:06:11:05 +0200] "GET /goods/Tapis-Evier-Cuisine-Tapis-D-039-vier-En-Silicone-Pliables/660366 HTTP/1.1" 404 16848 "-" "Mozilla/5.0 (Linux; Android 6.0.1; Nexus 5X Build/MMB29P) AppleWebKit/537.36 (KHTML, like Gecko) Chrome/146.0.7680.177 Mobile Safari/537.36 (compatible; Googlebot/2.1; +http://www.google.com/bot.html)"
66.249.66.198 - - [15/Apr/2026:06:11:06 +0200] "GET /goods/Station-Drawing-Copy-Tracing-Caja-De-Luz-USB/1005921 HTTP/1.1" 404 16848 "-" "Mozilla/5.0 (Linux; Android 6.0.1; Nexus 5X Build/MMB29P) AppleWebKit/537.36 (KHTML, like Gecko) Chrome/146.0.7680.177 Mobile Safari/537.36 (compatible; Googlebot/2.1; +http://www.google.com/bot.html)"
66.249.66.32 - - [15/Apr/2026:06:11:24 +0200] "GET /goods/De-Vidange-1-1-2-Oe-114-Mm-Oe-110-85-Mm-Diametre-Mm/1132850 HTTP/1.1" 301 467 "-" "Mozilla/5.0 (Linux; Android 6.0.1; Nexus 5X Build/MMB29P) AppleWebKit/537.36 (KHTML, like Gecko) Chrome/146.0.7680.177 Mobile Safari/537.36 (compatible; Googlebot/2.1; +http://www.google.com/bot.html)"
66.249.66.198 - - [15/Apr/2026:06:11:25 +0200] "GET /goods/De-Vidange-1-1-2-Oe-114-Mm-Oe-110-85-Mm-Diametre-Mm/1132850 HTTP/1.1" 404 16849 "-" "Mozilla/5.0 (Linux; Android 6.0.1; Nexus 5X Build/MMB29P) AppleWebKit/537.36 (KHTML, like Gecko) Chrome/146.0.7680.177 Mobile Safari/537.36 (compatible; Googlebot/2.1; +http://www.google.com/bot.html)"
95.216.2.94 - - [15/Apr/2026:06:12:39 +0200] "POST /wp-cron.php?doing_wp_cron=1776226359.8211050033569335937500 HTTP/1.1" 500 199 "-" "WordPress/6.9.4; http://www.eeggs.ru"
66.249.66.34 - - [15/Apr/2026:06:12:39 +0200] "GET /goods/Pour-Artisanat-Fleurs-D-co-DIY-Cure-Pipe-Chenille/1001733 HTTP/1.1" 301 465 "-" "Mozilla/5.0 (Linux; Android 6.0.1; Nexus 5X Build/MMB29P) AppleWebKit/537.36 (KHTML, like Gecko) Chrome/146.0.7680.177 Mobile Safari/537.36 (compatible; Googlebot/2.1; +http://www.google.com/bot.html)"
66.249.66.200 - - [15/Apr/2026:06:12:40 +0200] "GET /goods/Pour-Artisanat-Fleurs-D-co-DIY-Cure-Pipe-Chenille/1001733 HTTP/1.1" 404 16849 "-" "Mozilla/5.0 (Linux; Android 6.0.1; Nexus 5X Build/MMB29P) AppleWebKit/537.36 (KHTML, like Gecko) Chrome/146.0.7680.177 Mobile Safari/537.36 (compatible; Googlebot/2.1; +http://www.google.com/bot.html)"
95.216.2.94 - - [15/Apr/2026:06:14:02 +0200] "POST /wp-cron.php?doing_wp_cron=1776226442.0503330230712890625000 HTTP/1.1" 500 199 "-" "WordPress/6.9.4; http://www.eeggs.ru"
52.167.144.173 - - [15/Apr/2026:06:14:01 +0200] "GET /goods/10-Des-Couteaux-Kiwi-Au-France-Septembre/1266310 HTTP/1.1" 301 400 "-" "Mozilla/5.0 AppleWebKit/537.36 (KHTML, like Gecko; compatible; bingbot/2.0; +http://www.bing.com/bingbot.htm) Chrome/116.0.1938.76 Safari/537.36"
52.167.144.173 - - [15/Apr/2026:06:14:02 +0200] "GET /goods/Recettes-Guide-De-R-silience-Alimentaire-U2013-Oc-an-De/804724 HTTP/1.1" 301 414 "-" "Mozilla/5.0 AppleWebKit/537.36 (KHTML, like Gecko; compatible; bingbot/2.0; +http://www.bing.com/bingbot.htm) Chrome/116.0.1938.76 Safari/537.36"
52.167.144.181 - - [15/Apr/2026:06:14:13 +0200] "GET /goods/Aerzetix-C13128-10x-Condensateur-lectrolytique-Chimique-3300/565371 HTTP/1.1" 301 419 "-" "Mozilla/5.0 AppleWebKit/537.36 (KHTML, like Gecko; compatible; bingbot/2.0; +http://www.bing.com/bingbot.htm) Chrome/116.0.1938.76 Safari/537.36"
43.159.128.247 - - [15/Apr/2026:06:14:50 +0200] "GET / HTTP/1.1" 200 8314 "-" "Mozilla/5.0 (iPhone; CPU iPhone OS 13_2_3 like Mac OS X) AppleWebKit/605.1.15 (KHTML, like Gecko) Version/13.0.3 Mobile/15E148 Safari/604.1"
95.216.2.94 - - [15/Apr/2026:06:16:01 +0200] "POST /wp-cron.php?doing_wp_cron=1776226560.8329920768737792968750 HTTP/1.1" 500 199 "-" "WordPress/6.9.4; http://www.eeggs.ru"
66.249.66.34 - - [15/Apr/2026:06:16:00 +0200] "GET /goods/Jupe-Dynafit-Femme-Alpine-Pro-2-1-Black-Out/1062279 HTTP/1.1" 301 459 "-" "Mozilla/5.0 (Linux; Android 6.0.1; Nexus 5X Build/MMB29P) AppleWebKit/537.36 (KHTML, like Gecko) Chrome/146.0.7680.177 Mobile Safari/537.36 (compatible; Googlebot/2.1; +http://www.google.com/bot.html)"
66.249.66.200 - - [15/Apr/2026:06:16:01 +0200] "GET /goods/Jupe-Dynafit-Femme-Alpine-Pro-2-1-Black-Out/1062279 HTTP/1.1" 404 16849 "-" "Mozilla/5.0 (Linux; Android 6.0.1; Nexus 5X Build/MMB29P) AppleWebKit/537.36 (KHTML, like Gecko) Chrome/146.0.7680.177 Mobile Safari/537.36 (compatible; Googlebot/2.1; +http://www.google.com/bot.html)"
95.216.2.94 - - [15/Apr/2026:06:18:46 +0200] "POST /wp-cron.php?doing_wp_cron=1776226726.1053590774536132812500 HTTP/1.1" 500 199 "-" "WordPress/6.9.4; http://www.eeggs.ru"
66.249.66.33 - - [15/Apr/2026:06:18:45 +0200] "GET /goods/426C16FB3-4-4Go-M-moire-2666MHz-DDR4-CL16-DIMM/1202275 HTTP/1.1" 301 462 "-" "Mozilla/5.0 (Linux; Android 6.0.1; Nexus 5X Build/MMB29P) AppleWebKit/537.36 (KHTML, like Gecko) Chrome/146.0.7680.177 Mobile Safari/537.36 (compatible; Googlebot/2.1; +http://www.google.com/bot.html)"
66.249.66.200 - - [15/Apr/2026:06:18:46 +0200] "GET /goods/426C16FB3-4-4Go-M-moire-2666MHz-DDR4-CL16-DIMM/1202275 HTTP/1.1" 404 16849 "-" "Mozilla/5.0 (Linux; Android 6.0.1; Nexus 5X Build/MMB29P) AppleWebKit/537.36 (KHTML, like Gecko) Chrome/146.0.7680.177 Mobile Safari/537.36 (compatible; Googlebot/2.1; +http://www.google.com/bot.html)"
216.244.66.243 - - [15/Apr/2026:06:20:34 +0200] "GET /robots.txt HTTP/1.1" 200 574 "-" "Mozilla/5.0 (compatible; DotBot/1.2; +https://opensiteexplorer.org/dotbot; help@moz.com)"
95.216.2.94 - - [15/Apr/2026:06:20:53 +0200] "POST /wp-cron.php?doing_wp_cron=1776226853.6185278892517089843750 HTTP/1.1" 500 199 "-" "WordPress/6.9.4; http://www.eeggs.ru"
66.249.66.33 - - [15/Apr/2026:06:20:52 +0200] "GET /goods/HOM-Lot-De-2-Boxers-H01-Noir-Rouge/874155 HTTP/1.1" 301 449 "-" "Mozilla/5.0 (Linux; Android 6.0.1; Nexus 5X Build/MMB29P) AppleWebKit/537.36 (KHTML, like Gecko) Chrome/146.0.7680.177 Mobile Safari/537.36 (compatible; Googlebot/2.1; +http://www.google.com/bot.html)"
66.249.66.198 - - [15/Apr/2026:06:20:53 +0200] "GET /goods/HOM-Lot-De-2-Boxers-H01-Noir-Rouge/874155 HTTP/1.1" 404 16849 "-" "Mozilla/5.0 (Linux; Android 6.0.1; Nexus 5X Build/MMB29P) AppleWebKit/537.36 (KHTML, like Gecko) Chrome/146.0.7680.177 Mobile Safari/537.36 (compatible; Googlebot/2.1; +http://www.google.com/bot.html)"
95.216.2.94 - - [15/Apr/2026:06:24:12 +0200] "POST /wp-cron.php?doing_wp_cron=1776227052.0161850452423095703125 HTTP/1.1" 500 199 "-" "WordPress/6.9.4; http://www.eeggs.ru"
66.249.66.33 - - [15/Apr/2026:06:24:11 +0200] "GET /goods/taines-Dzi-Naturelles-Pour-La-Fabrication-De-Bijoux/873713 HTTP/1.1" 301 466 "-" "Mozilla/5.0 (Linux; Android 6.0.1; Nexus 5X Build/MMB29P) AppleWebKit/537.36 (KHTML, like Gecko) Chrome/146.0.7680.177 Mobile Safari/537.36 (compatible; Googlebot/2.1; +http://www.google.com/bot.html)"
66.249.66.198 - - [15/Apr/2026:06:24:12 +0200] "GET /goods/taines-Dzi-Naturelles-Pour-La-Fabrication-De-Bijoux/873713 HTTP/1.1" 404 16849 "-" "Mozilla/5.0 (Linux; Android 6.0.1; Nexus 5X Build/MMB29P) AppleWebKit/537.36 (KHTML, like Gecko) Chrome/146.0.7680.177 Mobile Safari/537.36 (compatible; Googlebot/2.1; +http://www.google.com/bot.html)"
91.142.73.116 - - [15/Apr/2026:06:24:55 +0200] "GET /web/efes/ HTTP/1.0" 200 24525 "http://www.eeggs.ru/web/efes/#comment-245673" "Mozilla/5.0 (Windows NT 10.0; Win64; x64) AppleWebKit/537.36 (KHTML, like Gecko) Chrome/130.0.0.0 Safari/537.36"
91.142.73.116 - - [15/Apr/2026:06:24:56 +0200] "POST /wp-comments-post.php HTTP/1.0" 500 166 "http://www.eeggs.ru/web/efes/#comment-245673" "Mozilla/5.0 (Windows NT 10.0; Win64; x64) AppleWebKit/537.36 (KHTML, like Gecko) Chrome/130.0.0.0 Safari/537.36"
95.216.2.94 - - [15/Apr/2026:06:26:52 +0200] "POST /wp-cron.php?doing_wp_cron=1776227212.0302259922027587890625 HTTP/1.1" 500 199 "-" "WordPress/6.9.4; http://www.eeggs.ru"
40.77.167.156 - - [15/Apr/2026:06:26:51 +0200] "GET /goods/2-Presse-pur-e-Ronds-En-Acier-Inoxydable-Ustensile-De-Cuisine/1087719 HTTP/1.1" 301 421 "-" "Mozilla/5.0 AppleWebKit/537.36 (KHTML, like Gecko; compatible; bingbot/2.0; +http://www.bing.com/bingbot.htm) Chrome/116.0.1938.76 Safari/537.36"
40.77.167.63 - - [15/Apr/2026:06:26:55 +0200] "GET /goods/store24-Haldiram-039-s-Mint-Lachha-200g/635509 HTTP/1.1" 301 398 "-" "Mozilla/5.0 AppleWebKit/537.36 (KHTML, like Gecko; compatible; bingbot/2.0; +http://www.bing.com/bingbot.htm) Chrome/116.0.1938.76 Safari/537.36"
66.249.66.34 - - [15/Apr/2026:06:26:57 +0200] "GET /goods/Pour-Filles-En-Argent-Sterling-Avec-Cheval-Cadeau-Pour-Femme/881821 HTTP/1.1" 301 475 "-" "Mozilla/5.0 (Linux; Android 6.0.1; Nexus 5X Build/MMB29P) AppleWebKit/537.36 (KHTML, like Gecko) Chrome/146.0.7680.177 Mobile Safari/537.36 (compatible; Googlebot/2.1; +http://www.google.com/bot.html)"
66.249.66.199 - - [15/Apr/2026:06:26:58 +0200] "GET /goods/Pour-Filles-En-Argent-Sterling-Avec-Cheval-Cadeau-Pour-Femme/881821 HTTP/1.1" 404 16849 "-" "Mozilla/5.0 (Linux; Android 6.0.1; Nexus 5X Build/MMB29P) AppleWebKit/537.36 (KHTML, like Gecko) Chrome/146.0.7680.177 Mobile Safari/537.36 (compatible; Googlebot/2.1; +http://www.google.com/bot.html)"
52.167.144.195 - - [15/Apr/2026:06:27:01 +0200] "GET /goods/4-Fingerboards-Ultra-DLX-Fingerboard-Element-Skateboards-Mini/1267332 HTTP/1.1" 301 421 "-" "Mozilla/5.0 AppleWebKit/537.36 (KHTML, like Gecko; compatible; bingbot/2.0; +http://www.bing.com/bingbot.htm) Chrome/116.0.1938.76 Safari/537.36"
52.167.144.195 - - [15/Apr/2026:06:27:02 +0200] "GET /goods/Cle-A-Bougie-Buzzetti-2-Temps-21-Mm-13-Mm-Renforcee/1289590 HTTP/1.1" 301 411 "-" "Mozilla/5.0 AppleWebKit/537.36 (KHTML, like Gecko; compatible; bingbot/2.0; +http://www.bing.com/bingbot.htm) Chrome/116.0.1938.76 Safari/537.36"
216.244.66.243 - - [15/Apr/2026:06:27:14 +0200] "GET /wp-content/uploads/2008/03/gta_san_andreas_max_pane_1.jpg HTTP/1.1" 200 70003 "-" "Mozilla/5.0 (compatible; DotBot/1.2; +https://opensiteexplorer.org/dotbot; help@moz.com)"
95.216.2.94 - - [15/Apr/2026:06:28:55 +0200] "POST /wp-cron.php?doing_wp_cron=1776227335.7185149192810058593750 HTTP/1.1" 500 199 "-" "WordPress/6.9.4; http://www.eeggs.ru"
152.228.220.143 - - [15/Apr/2026:06:28:54 +0200] "GET /software/skrytye-smajly-i-ikonki-v-skype/feed/ HTTP/1.1" 200 2281 "-" "Mozilla/5.0 (X11; Linux i686) AppleWebKit/537.36 (KHTML, like Gecko) Chrome/30.0.1599.66 Safari/537.36"
95.216.2.94 - - [15/Apr/2026:06:31:16 +0200] "POST /wp-cron.php?doing_wp_cron=1776227476.1431879997253417968750 HTTP/1.1" 500 199 "-" "WordPress/6.9.4; http://www.eeggs.ru"
66.249.66.33 - - [15/Apr/2026:06:31:15 +0200] "GET /goods/Elissa-Douchette-Inox-Tiger-15-303/1136632 HTTP/1.1" 301 450 "-" "Mozilla/5.0 (Linux; Android 6.0.1; Nexus 5X Build/MMB29P) AppleWebKit/537.36 (KHTML, like Gecko) Chrome/146.0.7680.177 Mobile Safari/537.36 (compatible; Googlebot/2.1; +http://www.google.com/bot.html)"
66.249.66.198 - - [15/Apr/2026:06:31:16 +0200] "GET /goods/Elissa-Douchette-Inox-Tiger-15-303/1136632 HTTP/1.1" 404 16849 "-" "Mozilla/5.0 (Linux; Android 6.0.1; Nexus 5X Build/MMB29P) AppleWebKit/537.36 (KHTML, like Gecko) Chrome/146.0.7680.177 Mobile Safari/537.36 (compatible; Googlebot/2.1; +http://www.google.com/bot.html)"
216.73.216.41 - - [15/Apr/2026:06:31:50 +0200] "GET /robots.txt HTTP/1.1" 200 463 "-" "Mozilla/5.0 AppleWebKit/537.36 (KHTML, like Gecko; compatible; ClaudeBot/1.0; +claudebot@anthropic.com)"
216.73.216.41 - - [15/Apr/2026:06:31:50 +0200] "GET / HTTP/1.1" 301 289 "-" "Mozilla/5.0 AppleWebKit/537.36 (KHTML, like Gecko; compatible; ClaudeBot/1.0; +claudebot@anthropic.com)"
216.73.216.41 - - [15/Apr/2026:06:31:56 +0200] "GET / HTTP/1.1" 200 8238 "http://eeggs.ru/" "Mozilla/5.0 AppleWebKit/537.36 (KHTML, like Gecko; compatible; ClaudeBot/1.0; +claudebot@anthropic.com)"
95.216.2.94 - - [15/Apr/2026:06:32:27 +0200] "POST /wp-cron.php?doing_wp_cron=1776227547.7507081031799316406250 HTTP/1.1" 500 199 "-" "WordPress/6.9.4; http://www.eeggs.ru"
15.235.98.26 - - [15/Apr/2026:06:32:26 +0200] "GET /?sitemap933.xml HTTP/1.1" 301 249 "-" "Mozilla/5.0 (compatible; AhrefsBot/7.0; +http://ahrefs.com/robot/)"
15.235.98.26 - - [15/Apr/2026:06:32:28 +0200] "GET /?sitemap933.xml HTTP/1.1" 200 8112 "-" "Mozilla/5.0 (compatible; AhrefsBot/7.0; +http://ahrefs.com/robot/)"
95.216.2.94 - - [15/Apr/2026:06:34:28 +0200] "POST /wp-cron.php?doing_wp_cron=1776227668.5043430328369140625000 HTTP/1.1" 500 199 "-" "WordPress/6.9.4; http://www.eeggs.ru"
178.20.45.159 - - [15/Apr/2026:06:34:27 +0200] "GET /web/efes/ HTTP/1.0" 200 24524 "http://www.eeggs.ru/web/efes/#comment-245673" "Mozilla/5.0 (Windows NT 10.0; Win64; x64) AppleWebKit/537.36 (KHTML, like Gecko) Chrome/131.0.0.0 Safari/537.36"
178.20.45.159 - - [15/Apr/2026:06:34:28 +0200] "POST /wp-comments-post.php HTTP/1.0" 500 166 "http://www.eeggs.ru/web/efes/#comment-245673" "Mozilla/5.0 (Windows NT 10.0; Win64; x64) AppleWebKit/537.36 (KHTML, like Gecko) Chrome/131.0.0.0 Safari/537.36"
66.249.66.33 - - [15/Apr/2026:06:34:31 +0200] "GET /goods/Of-A-New-Premier-League-Season-From-A-Football-Finance-Expert/672954 HTTP/1.1" 301 476 "-" "Mozilla/5.0 (Linux; Android 6.0.1; Nexus 5X Build/MMB29P) AppleWebKit/537.36 (KHTML, like Gecko) Chrome/146.0.7680.177 Mobile Safari/537.36 (compatible; Googlebot/2.1; +http://www.google.com/bot.html)"
66.249.66.200 - - [15/Apr/2026:06:34:32 +0200] "GET /goods/Of-A-New-Premier-League-Season-From-A-Football-Finance-Expert/672954 HTTP/1.1" 404 16849 "-" "Mozilla/5.0 (Linux; Android 6.0.1; Nexus 5X Build/MMB29P) AppleWebKit/537.36 (KHTML, like Gecko) Chrome/146.0.7680.177 Mobile Safari/537.36 (compatible; Googlebot/2.1; +http://www.google.com/bot.html)"
52.167.144.195 - - [15/Apr/2026:06:34:42 +0200] "GET /goods/Belle-Vous-Papier-Calque-A4-Translucide-Lot-De-100-Feuilles/482173 HTTP/1.1" 301 418 "-" "Mozilla/5.0 AppleWebKit/537.36 (KHTML, like Gecko; compatible; bingbot/2.0; +http://www.bing.com/bingbot.htm) Chrome/116.0.1938.76 Safari/537.36"
52.167.144.195 - - [15/Apr/2026:06:34:43 +0200] "GET /goods/Pi-ces-Dans-Un-Coffret-En-Bois-Avec-Feutres/711942 HTTP/1.1" 301 402 "-" "Mozilla/5.0 AppleWebKit/537.36 (KHTML, like Gecko; compatible; bingbot/2.0; +http://www.bing.com/bingbot.htm) Chrome/116.0.1938.76 Safari/537.36"
52.167.144.195 - - [15/Apr/2026:06:34:43 +0200] "GET /goods/Kit-Avec-Trou-Plaque-De-Montage-De-Charni-re-En-Acier/552620 HTTP/1.1" 301 412 "-" "Mozilla/5.0 AppleWebKit/537.36 (KHTML, like Gecko; compatible; bingbot/2.0; +http://www.bing.com/bingbot.htm) Chrome/116.0.1938.76 Safari/537.36"
52.167.144.195 - - [15/Apr/2026:06:34:44 +0200] "GET /goods/Fleurs-De-Prunier-Artificielles-D-coration-De/1288143 HTTP/1.1" 301 405 "-" "Mozilla/5.0 AppleWebKit/537.36 (KHTML, like Gecko; compatible; bingbot/2.0; +http://www.bing.com/bingbot.htm) Chrome/116.0.1938.76 Safari/537.36"
94.154.35.236 - - [15/Apr/2026:06:34:46 +0200] "HEAD /bkp.gz HTTP/1.1" 301 338 "-" "Mozilla/5.0 (Windows NT 10.0; Win64; x64) AppleWebKit/537.36 (KHTML, like Gecko) Chrome/101.0.4951.67 Safari/537.36"
40.77.167.156 - - [15/Apr/2026:06:34:47 +0200] "GET /goods/Ouvre-huitres-Silicone-Outil-Pratique-Pour-Fruits-De/976622 HTTP/1.1" 301 411 "-" "Mozilla/5.0 AppleWebKit/537.36 (KHTML, like Gecko; compatible; bingbot/2.0; +http://www.bing.com/bingbot.htm) Chrome/116.0.1938.76 Safari/537.36"
94.154.35.236 - - [15/Apr/2026:06:34:47 +0200] "HEAD /bkp.gz HTTP/1.1" 404 330 "-" "Mozilla/5.0 (Windows NT 10.0; Win64; x64) AppleWebKit/537.36 (KHTML, like Gecko) Chrome/101.0.4951.67 Safari/537.36"
40.77.167.156 - - [15/Apr/2026:06:34:48 +0200] "GET /goods/De-Rangement-D-s-DND-Poly-driques-DD-U2013-Peut-Contenir/424910 HTTP/1.1" 301 415 "-" "Mozilla/5.0 AppleWebKit/537.36 (KHTML, like Gecko; compatible; bingbot/2.0; +http://www.bing.com/bingbot.htm) Chrome/116.0.1938.76 Safari/537.36"
216.73.216.41 - - [15/Apr/2026:06:34:49 +0200] "GET /goods.php HTTP/1.1" 301 411 "-" "Mozilla/5.0 AppleWebKit/537.36 (KHTML, like Gecko; compatible; ClaudeBot/1.0; +claudebot@anthropic.com)"
40.77.167.156 - - [15/Apr/2026:06:34:50 +0200] "GET /goods/And-Construction-Rules-Of-Thumb-Sur-Apple-Books/949537 HTTP/1.1" 301 406 "-" "Mozilla/5.0 AppleWebKit/537.36 (KHTML, like Gecko; compatible; bingbot/2.0; +http://www.bing.com/bingbot.htm) Chrome/116.0.1938.76 Safari/537.36"
216.73.216.41 - - [15/Apr/2026:06:34:51 +0200] "GET /goods.php HTTP/1.1" 404 16860 "http://eeggs.ru/goods.php" "Mozilla/5.0 AppleWebKit/537.36 (KHTML, like Gecko; compatible; ClaudeBot/1.0; +claudebot@anthropic.com)"
66.249.66.33 - - [15/Apr/2026:06:35:01 +0200] "GET /goods/288-Broches-2666-MHz-PC4-21300-CL19-1-2-V-Informatique/967797 HTTP/1.1" 301 469 "-" "Mozilla/5.0 (Linux; Android 6.0.1; Nexus 5X Build/MMB29P) AppleWebKit/537.36 (KHTML, like Gecko) Chrome/146.0.7680.177 Mobile Safari/537.36 (compatible; Googlebot/2.1; +http://www.google.com/bot.html)"
66.249.66.199 - - [15/Apr/2026:06:35:02 +0200] "GET /goods/288-Broches-2666-MHz-PC4-21300-CL19-1-2-V-Informatique/967797 HTTP/1.1" 404 16849 "-" "Mozilla/5.0 (Linux; Android 6.0.1; Nexus 5X Build/MMB29P) AppleWebKit/537.36 (KHTML, like Gecko) Chrome/146.0.7680.177 Mobile Safari/537.36 (compatible; Googlebot/2.1; +http://www.google.com/bot.html)"
195.2.67.184 - - [15/Apr/2026:06:35:04 +0200] "GET /web/efes/ HTTP/1.0" 200 24525 "http://www.eeggs.ru/web/efes/#comment-242597" "Mozilla/5.0 (Windows NT 10.0; Win64; x64) AppleWebKit/537.36 (KHTML, like Gecko) Chrome/130.0.0.0 Safari/537.36 CCleaner/130.0.0.0"
195.2.67.184 - - [15/Apr/2026:06:35:05 +0200] "POST /wp-comments-post.php HTTP/1.0" 500 166 "http://www.eeggs.ru/web/efes/#comment-242597" "Mozilla/5.0 (Windows NT 10.0; Win64; x64) AppleWebKit/537.36 (KHTML, like Gecko) Chrome/130.0.0.0 Safari/537.36 CCleaner/130.0.0.0"
100.50.227.41 - - [15/Apr/2026:06:35:25 +0200] "GET /robots.txt HTTP/1.1" 200 426 "-" "Mozilla/5.0 (Macintosh; Intel Mac OS X 10_10_1) AppleWebKit/600.2.5 (KHTML, like Gecko) Version/8.0.2 Safari/600.2.5 (Gort)"
95.216.2.94 - - [15/Apr/2026:06:35:44 +0200] "POST /wp-cron.php?doing_wp_cron=1776227744.3257639408111572265625 HTTP/1.1" 500 199 "-" "WordPress/6.9.4; http://www.eeggs.ru"
66.249.66.33 - - [15/Apr/2026:06:35:43 +0200] "GET /goods/D-sosser-17-Cm-Acier-Inoxydable-Haute-Teneur-En/1185215 HTTP/1.1" 301 463 "-" "Mozilla/5.0 (Linux; Android 6.0.1; Nexus 5X Build/MMB29P) AppleWebKit/537.36 (KHTML, like Gecko) Chrome/146.0.7680.177 Mobile Safari/537.36 (compatible; Googlebot/2.1; +http://www.google.com/bot.html)"
66.249.66.198 - - [15/Apr/2026:06:35:44 +0200] "GET /goods/D-sosser-17-Cm-Acier-Inoxydable-Haute-Teneur-En/1185215 HTTP/1.1" 404 16849 "-" "Mozilla/5.0 (Linux; Android 6.0.1; Nexus 5X Build/MMB29P) AppleWebKit/537.36 (KHTML, like Gecko) Chrome/146.0.7680.177 Mobile Safari/537.36 (compatible; Googlebot/2.1; +http://www.google.com/bot.html)"
66.249.66.32 - - [15/Apr/2026:06:35:46 +0200] "GET /goods/In-Maiori-Tabulario-Et-Primaria-Bibliotheca-Partim-In-Casinensi/883402 HTTP/1.1" 301 478 "-" "Mozilla/5.0 (Linux; Android 6.0.1; Nexus 5X Build/MMB29P) AppleWebKit/537.36 (KHTML, like Gecko) Chrome/146.0.7680.177 Mobile Safari/537.36 (compatible; Googlebot/2.1; +http://www.google.com/bot.html)"
66.249.66.199 - - [15/Apr/2026:06:35:47 +0200] "GET /goods/In-Maiori-Tabulario-Et-Primaria-Bibliotheca-Partim-In-Casinensi/883402 HTTP/1.1" 404 16849 "-" "Mozilla/5.0 (Linux; Android 6.0.1; Nexus 5X Build/MMB29P) AppleWebKit/537.36 (KHTML, like Gecko) Chrome/146.0.7680.177 Mobile Safari/537.36 (compatible; Googlebot/2.1; +http://www.google.com/bot.html)"
146.190.77.231 - - [15/Apr/2026:06:36:05 +0200] "GET /.git/config HTTP/1.1" 301 413 "-" "Mozilla/5.0 (X11; Linux x86_64) AppleWebKit/537.36 (KHTML, like Gecko) Chrome/81.0.4044.129 Safari/537.36"
95.216.2.94 - - [15/Apr/2026:06:37:19 +0200] "POST /wp-cron.php?doing_wp_cron=1776227839.9554660320281982421875 HTTP/1.1" 500 199 "-" "WordPress/6.9.4; http://www.eeggs.ru"
40.77.167.57 - - [15/Apr/2026:06:37:19 +0200] "GET /goods/Manga-Corta-Para-Mujer-Color-Peach-Fizz-Talla-2XG-Plus/609333 HTTP/1.1" 301 413 "-" "Mozilla/5.0 AppleWebKit/537.36 (KHTML, like Gecko; compatible; bingbot/2.0; +http://www.bing.com/bingbot.htm) Chrome/116.0.1938.76 Safari/537.36"
40.77.167.55 - - [15/Apr/2026:06:37:22 +0200] "GET /goods/Le-Jardin-L-039-atelier-Ou-L-039-industrie/743064 HTTP/1.1" 301 401 "-" "Mozilla/5.0 AppleWebKit/537.36 (KHTML, like Gecko; compatible; bingbot/2.0; +http://www.bing.com/bingbot.htm) Chrome/116.0.1938.76 Safari/537.36"
40.77.167.36 - - [15/Apr/2026:06:37:24 +0200] "GET /goods/SOT-23-NPN-Transistor-0-1A-SMD/635360 HTTP/1.1" 301 389 "-" "Mozilla/5.0 AppleWebKit/537.36 (KHTML, like Gecko; compatible; bingbot/2.0; +http://www.bing.com/bingbot.htm) Chrome/116.0.1938.76 Safari/537.36"
95.216.2.94 - - [15/Apr/2026:06:39:12 +0200] "POST /wp-cron.php?doing_wp_cron=1776227952.3104360103607177734375 HTTP/1.1" 500 199 "-" "WordPress/6.9.4; http://www.eeggs.ru"
64.31.20.22 - - [15/Apr/2026:06:39:11 +0200] "GET /web/efes/ HTTP/1.0" 200 24525 "http://www.eeggs.ru/web/efes/#comment-325359/" "Mozilla/5.0 (Windows NT 10.0; Win64; x64) AppleWebKit/537.36 (KHTML, like Gecko) Chrome/131.0.0.0 Safari/537.36"
64.31.20.22 - - [15/Apr/2026:06:39:13 +0200] "POST /wp-comments-post.php HTTP/1.0" 500 166 "http://www.eeggs.ru/web/efes/#comment-325359/" "Mozilla/5.0 (Windows NT 10.0; Win64; x64) AppleWebKit/537.36 (KHTML, like Gecko) Chrome/131.0.0.0 Safari/537.36"
95.216.2.94 - - [15/Apr/2026:06:40:46 +0200] "POST /wp-cron.php?doing_wp_cron=1776228046.6864659786224365234375 HTTP/1.1" 500 199 "-" "WordPress/6.9.4; http://www.eeggs.ru"
152.228.220.143 - - [15/Apr/2026:06:40:45 +0200] "GET /software/google-chrome/feed/ HTTP/1.1" 200 2231 "-" "Mozilla/5.0 (X11; Linux i686) AppleWebKit/537.36 (KHTML, like Gecko) Chrome/30.0.1599.66 Safari/537.36"
95.216.2.94 - - [15/Apr/2026:06:41:50 +0200] "POST /wp-cron.php?doing_wp_cron=1776228110.5121068954467773437500 HTTP/1.1" 500 199 "-" "WordPress/6.9.4; http://www.eeggs.ru"
66.249.66.33 - - [15/Apr/2026:06:41:49 +0200] "GET /goods/Femme-Bikini-3-En-1-Pour-Femme-Poils-Pubiens/1134803 HTTP/1.1" 301 460 "-" "Mozilla/5.0 (Linux; Android 6.0.1; Nexus 5X Build/MMB29P) AppleWebKit/537.36 (KHTML, like Gecko) Chrome/146.0.7680.177 Mobile Safari/537.36 (compatible; Googlebot/2.1; +http://www.google.com/bot.html)"
66.249.66.199 - - [15/Apr/2026:06:41:50 +0200] "GET /goods/Femme-Bikini-3-En-1-Pour-Femme-Poils-Pubiens/1134803 HTTP/1.1" 404 16849 "-" "Mozilla/5.0 (Linux; Android 6.0.1; Nexus 5X Build/MMB29P) AppleWebKit/537.36 (KHTML, like Gecko) Chrome/146.0.7680.177 Mobile Safari/537.36 (compatible; Googlebot/2.1; +http://www.google.com/bot.html)"
178.20.44.82 - - [15/Apr/2026:06:42:19 +0200] "GET /web/efes/ HTTP/1.0" 301 273 "http://eeggs.ru/web/efes/" "Mozilla/5.0 (Windows NT 10.0; Win64; x64) AppleWebKit/537.36 (KHTML, like Gecko) Chrome/129.0.0.0 Safari/537.36"
178.20.44.82 - - [15/Apr/2026:06:42:19 +0200] "GET /web/efes/ HTTP/1.0" 200 24524 "http://www.eeggs.ru/web/efes/" "Mozilla/5.0 (Windows NT 10.0; Win64; x64) AppleWebKit/537.36 (KHTML, like Gecko) Chrome/129.0.0.0 Safari/537.36"
178.20.44.82 - - [15/Apr/2026:06:42:20 +0200] "POST /wp-comments-post.php HTTP/1.0" 500 166 "http://www.eeggs.ru/web/efes/" "Mozilla/5.0 (Windows NT 10.0; Win64; x64) AppleWebKit/537.36 (KHTML, like Gecko) Chrome/129.0.0.0 Safari/537.36"
95.216.2.94 - - [15/Apr/2026:06:45:50 +0200] "POST /wp-cron.php?doing_wp_cron=1776228350.8095190525054931640625 HTTP/1.1" 500 199 "-" "WordPress/6.9.4; http://www.eeggs.ru"
66.249.66.34 - - [15/Apr/2026:06:45:50 +0200] "GET /goods/Stor-As-New-Australia/673699 HTTP/1.1" 301 436 "-" "Mozilla/5.0 (Linux; Android 6.0.1; Nexus 5X Build/MMB29P) AppleWebKit/537.36 (KHTML, like Gecko) Chrome/146.0.7680.177 Mobile Safari/537.36 (compatible; Googlebot/2.1; +http://www.google.com/bot.html)"
66.249.66.200 - - [15/Apr/2026:06:45:51 +0200] "GET /goods/Stor-As-New-Australia/673699 HTTP/1.1" 404 16857 "-" "Mozilla/5.0 (Linux; Android 6.0.1; Nexus 5X Build/MMB29P) AppleWebKit/537.36 (KHTML, like Gecko) Chrome/146.0.7680.177 Mobile Safari/537.36 (compatible; Googlebot/2.1; +http://www.google.com/bot.html)"
95.216.2.94 - - [15/Apr/2026:06:47:01 +0200] "POST /wp-cron.php?doing_wp_cron=1776228420.8769969940185546875000 HTTP/1.1" 500 199 "-" "WordPress/6.9.4; http://www.eeggs.ru"
