66.249.66.65 - - [15/Apr/2026:10:25:22 +0200] "GET /goods/F-r-Z-gel-Und-Hilfsz-gel/1167294 HTTP/1.1" 301 440 "-" "Mozilla/5.0 (Linux; Android 6.0.1; Nexus 5X Build/MMB29P) AppleWebKit/537.36 (KHTML, like Gecko) Chrome/146.0.7680.177 Mobile Safari/537.36 (compatible; Googlebot/2.1; +http://www.google.com/bot.html)"
66.249.66.76 - - [15/Apr/2026:10:25:23 +0200] "GET /goods/F-r-Z-gel-Und-Hilfsz-gel/1167294 HTTP/1.1" 404 16849 "-" "Mozilla/5.0 (Linux; Android 6.0.1; Nexus 5X Build/MMB29P) AppleWebKit/537.36 (KHTML, like Gecko) Chrome/146.0.7680.177 Mobile Safari/537.36 (compatible; Googlebot/2.1; +http://www.google.com/bot.html)"
95.216.2.94 - - [15/Apr/2026:10:26:26 +0200] "POST /wp-cron.php?doing_wp_cron=1776241586.6410849094390869140625 HTTP/1.1" 500 199 "-" "WordPress/6.9.4; http://www.eeggs.ru"
52.167.144.180 - - [15/Apr/2026:10:26:25 +0200] "GET /goods/Nettoyeur-De-Capot-2-5-Litre-Cabriolet-Verdeck-Reiniger/1138623 HTTP/1.1" 301 415 "-" "Mozilla/5.0 AppleWebKit/537.36 (KHTML, like Gecko; compatible; bingbot/2.0; +http://www.bing.com/bingbot.htm) Chrome/116.0.1938.76 Safari/537.36"
52.167.144.180 - - [15/Apr/2026:10:26:26 +0200] "GET /goods/Noir-T-l-commande-Intelligente-Global-Verison-Pour-Projecteurs/512241 HTTP/1.1" 301 421 "-" "Mozilla/5.0 AppleWebKit/537.36 (KHTML, like Gecko; compatible; bingbot/2.0; +http://www.bing.com/bingbot.htm) Chrome/116.0.1938.76 Safari/537.36"
40.77.167.19 - - [15/Apr/2026:10:26:30 +0200] "GET /goods/Made-In-The-EU-Gavroche-Avec-Visi-re-Doublure-Hiver-Automne/655743 HTTP/1.1" 301 418 "-" "Mozilla/5.0 AppleWebKit/537.36 (KHTML, like Gecko; compatible; bingbot/2.0; +http://www.bing.com/bingbot.htm) Chrome/116.0.1938.76 Safari/537.36"
40.77.167.19 - - [15/Apr/2026:10:26:30 +0200] "GET /goods/Chicha-Embout-Buccal-R-utilisable-En-R-sine-De-Silicone-Avec/648381 HTTP/1.1" 301 419 "-" "Mozilla/5.0 AppleWebKit/537.36 (KHTML, like Gecko; compatible; bingbot/2.0; +http://www.bing.com/bingbot.htm) Chrome/116.0.1938.76 Safari/537.36"
216.73.216.41 - - [15/Apr/2026:10:26:50 +0200] "GET / HTTP/1.1" 301 290 "-" "Mozilla/5.0 AppleWebKit/537.36 (KHTML, like Gecko; compatible; ClaudeBot/1.0; +claudebot@anthropic.com)"
95.216.2.94 - - [15/Apr/2026:10:28:09 +0200] "POST /wp-cron.php?doing_wp_cron=1776241689.1328849792480468750000 HTTP/1.1" 500 199 "-" "WordPress/6.9.4; http://www.eeggs.ru"
66.249.66.3 - - [15/Apr/2026:10:28:08 +0200] "GET /goods/En-Cuir-Femme-Boutique-Cowboy/891936 HTTP/1.1" 301 444 "-" "Mozilla/5.0 (Linux; Android 6.0.1; Nexus 5X Build/MMB29P) AppleWebKit/537.36 (KHTML, like Gecko) Chrome/146.0.7680.177 Mobile Safari/537.36 (compatible; Googlebot/2.1; +http://www.google.com/bot.html)"
66.249.66.76 - - [15/Apr/2026:10:28:09 +0200] "GET /goods/En-Cuir-Femme-Boutique-Cowboy/891936 HTTP/1.1" 404 16849 "-" "Mozilla/5.0 (Linux; Android 6.0.1; Nexus 5X Build/MMB29P) AppleWebKit/537.36 (KHTML, like Gecko) Chrome/146.0.7680.177 Mobile Safari/537.36 (compatible; Googlebot/2.1; +http://www.google.com/bot.html)"
40.77.167.68 - - [15/Apr/2026:10:28:35 +0200] "GET /films/flushed-away/flushed_1.jpg HTTP/1.1" 404 16804 "-" "Mozilla/5.0 AppleWebKit/537.36 (KHTML, like Gecko; compatible; bingbot/2.0; +http://www.bing.com/bingbot.htm) Chrome/116.0.1938.76 Safari/537.36"
52.167.144.180 - - [15/Apr/2026:10:28:53 +0200] "GET /goods/De-12-Mm-De-Tubo-OD-X-10-Mm-OD-Rectos/934890 HTTP/1.1" 301 396 "-" "Mozilla/5.0 AppleWebKit/537.36 (KHTML, like Gecko; compatible; bingbot/2.0; +http://www.bing.com/bingbot.htm) Chrome/116.0.1938.76 Safari/537.36"
52.167.144.180 - - [15/Apr/2026:10:28:58 +0200] "GET /goods/Vibration-De-Radiateur-Passif-78-41-Mm-Membrane-De-Vibration/1137856 HTTP/1.1" 301 420 "-" "Mozilla/5.0 AppleWebKit/537.36 (KHTML, like Gecko; compatible; bingbot/2.0; +http://www.bing.com/bingbot.htm) Chrome/116.0.1938.76 Safari/537.36"
95.216.2.94 - - [15/Apr/2026:10:29:15 +0200] "POST /wp-cron.php?doing_wp_cron=1776241755.4463069438934326171875 HTTP/1.1" 500 199 "-" "WordPress/6.9.4; http://www.eeggs.ru"
152.228.220.143 - - [15/Apr/2026:10:29:14 +0200] "GET /software/tetris-v-utorrent/feed/ HTTP/1.1" 200 1531 "-" "Mozilla/5.0 (X11; Linux i686) AppleWebKit/537.36 (KHTML, like Gecko) Chrome/30.0.1599.66 Safari/537.36"
95.216.2.94 - - [15/Apr/2026:10:30:21 +0200] "POST /wp-cron.php?doing_wp_cron=1776241821.3685278892517089843750 HTTP/1.1" 500 199 "-" "WordPress/6.9.4; http://www.eeggs.ru"
40.77.167.48 - - [15/Apr/2026:10:30:20 +0200] "GET /goods/Souris-Grand-Format-Tapis-De-Souris-SUBSONIC-Harry-Potter/497452 HTTP/1.1" 301 416 "-" "Mozilla/5.0 AppleWebKit/537.36 (KHTML, like Gecko; compatible; bingbot/2.0; +http://www.bing.com/bingbot.htm) Chrome/116.0.1938.76 Safari/537.36"
40.77.167.48 - - [15/Apr/2026:10:30:22 +0200] "GET /goods/40-Tourtes-Sensationnelles-De-Philippe-Conticini/875412 HTTP/1.1" 301 407 "-" "Mozilla/5.0 AppleWebKit/537.36 (KHTML, like Gecko; compatible; bingbot/2.0; +http://www.bing.com/bingbot.htm) Chrome/116.0.1938.76 Safari/537.36"
40.77.167.48 - - [15/Apr/2026:10:30:23 +0200] "GET /goods/Tray-Suncast-Sonora-18-Inch-Lightweight-Durable-Plastic-18-Inch/577664 HTTP/1.1" 301 422 "-" "Mozilla/5.0 AppleWebKit/537.36 (KHTML, like Gecko; compatible; bingbot/2.0; +http://www.bing.com/bingbot.htm) Chrome/116.0.1938.76 Safari/537.36"
66.249.66.197 - - [15/Apr/2026:10:31:04 +0200] "GET /goods/B-chette-100-Chocolat-P-tisserie-Thauvin/647073 HTTP/1.1" 301 455 "-" "Mozilla/5.0 (Linux; Android 6.0.1; Nexus 5X Build/MMB29P) AppleWebKit/537.36 (KHTML, like Gecko) Chrome/146.0.7680.177 Mobile Safari/537.36 (compatible; GoogleOther)"
66.249.66.14 - - [15/Apr/2026:10:31:05 +0200] "GET /goods/B-chette-100-Chocolat-P-tisserie-Thauvin/647073 HTTP/1.1" 404 16860 "-" "Mozilla/5.0 (Linux; Android 6.0.1; Nexus 5X Build/MMB29P) AppleWebKit/537.36 (KHTML, like Gecko) Chrome/146.0.7680.177 Mobile Safari/537.36 (compatible; GoogleOther)"
95.216.2.94 - - [15/Apr/2026:10:32:24 +0200] "POST /wp-cron.php?doing_wp_cron=1776241944.2619860172271728515625 HTTP/1.1" 500 199 "-" "WordPress/6.9.4; http://www.eeggs.ru"
66.249.66.33 - - [15/Apr/2026:10:32:23 +0200] "GET /goods/AUTOCOLLANT-STICKER-PIRATE-Jack-Rackham-Calico-Drapeau-Pays-TT/414521 HTTP/1.1" 301 477 "-" "Mozilla/5.0 (Linux; Android 6.0.1; Nexus 5X Build/MMB29P) AppleWebKit/537.36 (KHTML, like Gecko) Chrome/146.0.7680.177 Mobile Safari/537.36 (compatible; Googlebot/2.1; +http://www.google.com/bot.html)"
66.249.66.39 - - [15/Apr/2026:10:32:24 +0200] "GET /goods/AUTOCOLLANT-STICKER-PIRATE-Jack-Rackham-Calico-Drapeau-Pays-TT/414521 HTTP/1.1" 404 16849 "-" "Mozilla/5.0 (Linux; Android 6.0.1; Nexus 5X Build/MMB29P) AppleWebKit/537.36 (KHTML, like Gecko) Chrome/146.0.7680.177 Mobile Safari/537.36 (compatible; Googlebot/2.1; +http://www.google.com/bot.html)"
66.249.66.33 - - [15/Apr/2026:10:32:50 +0200] "GET /goods/Cuisine-Armoire-Murale-De-Cuisine-Armoire-Suspendue-Porto/825107 HTTP/1.1" 301 472 "-" "Mozilla/5.0 (Linux; Android 6.0.1; Nexus 5X Build/MMB29P) AppleWebKit/537.36 (KHTML, like Gecko) Chrome/146.0.7680.177 Mobile Safari/537.36 (compatible; Googlebot/2.1; +http://www.google.com/bot.html)"
66.249.66.198 - - [15/Apr/2026:10:32:51 +0200] "GET /goods/Cuisine-Armoire-Murale-De-Cuisine-Armoire-Suspendue-Porto/825107 HTTP/1.1" 404 16849 "-" "Mozilla/5.0 (Linux; Android 6.0.1; Nexus 5X Build/MMB29P) AppleWebKit/537.36 (KHTML, like Gecko) Chrome/146.0.7680.177 Mobile Safari/537.36 (compatible; Googlebot/2.1; +http://www.google.com/bot.html)"
95.216.2.94 - - [15/Apr/2026:10:33:33 +0200] "POST /wp-cron.php?doing_wp_cron=1776242013.7840099334716796875000 HTTP/1.1" 500 199 "-" "WordPress/6.9.4; http://www.eeggs.ru"
52.167.144.180 - - [15/Apr/2026:10:33:33 +0200] "GET /goods/Couteaux-Universel-20-Emplacements-Grand-Bloc/932039 HTTP/1.1" 301 404 "-" "Mozilla/5.0 AppleWebKit/537.36 (KHTML, like Gecko; compatible; bingbot/2.0; +http://www.bing.com/bingbot.htm) Chrome/116.0.1938.76 Safari/537.36"
40.77.167.48 - - [15/Apr/2026:10:33:37 +0200] "GET /goods/Achat-Vente-Charles-Vignon-Muesli-Bio-Crousyillant-Superfruits/574975 HTTP/1.1" 301 421 "-" "Mozilla/5.0 AppleWebKit/537.36 (KHTML, like Gecko; compatible; bingbot/2.0; +http://www.bing.com/bingbot.htm) Chrome/116.0.1938.76 Safari/537.36"
66.249.66.167 - - [15/Apr/2026:10:34:05 +0200] "GET /goods/Catalogo-De-Kettlebell-16-Kg-En/715970 HTTP/1.1" 301 446 "-" "Mozilla/5.0 (Linux; Android 6.0.1; Nexus 5X Build/MMB29P) AppleWebKit/537.36 (KHTML, like Gecko) Chrome/146.0.7680.177 Mobile Safari/537.36 (compatible; Googlebot/2.1; +http://www.google.com/bot.html)"
66.249.66.12 - - [15/Apr/2026:10:34:06 +0200] "GET /goods/Catalogo-De-Kettlebell-16-Kg-En/715970 HTTP/1.1" 404 16849 "-" "Mozilla/5.0 (Linux; Android 6.0.1; Nexus 5X Build/MMB29P) AppleWebKit/537.36 (KHTML, like Gecko) Chrome/146.0.7680.177 Mobile Safari/537.36 (compatible; Googlebot/2.1; +http://www.google.com/bot.html)"
66.249.66.33 - - [15/Apr/2026:10:34:32 +0200] "GET /goods/De-Buis-Pour-L-039-int-rieur-Et-L-039-ext-rieur-Dans-Un/1279365 HTTP/1.1" 301 471 "-" "Mozilla/5.0 (Linux; Android 6.0.1; Nexus 5X Build/MMB29P) AppleWebKit/537.36 (KHTML, like Gecko) Chrome/146.0.7680.177 Mobile Safari/537.36 (compatible; Googlebot/2.1; +http://www.google.com/bot.html)"
95.216.2.94 - - [15/Apr/2026:10:34:34 +0200] "POST /wp-cron.php?doing_wp_cron=1776242074.1739580631256103515625 HTTP/1.1" 500 199 "-" "WordPress/6.9.4; http://www.eeggs.ru"
66.249.66.199 - - [15/Apr/2026:10:34:33 +0200] "GET /goods/De-Buis-Pour-L-039-int-rieur-Et-L-039-ext-rieur-Dans-Un/1279365 HTTP/1.1" 404 16849 "-" "Mozilla/5.0 (Linux; Android 6.0.1; Nexus 5X Build/MMB29P) AppleWebKit/537.36 (KHTML, like Gecko) Chrome/146.0.7680.177 Mobile Safari/537.36 (compatible; Googlebot/2.1; +http://www.google.com/bot.html)"
66.249.66.65 - - [15/Apr/2026:10:34:58 +0200] "GET /goods/Parsonver-IDW15-1-8-Pouces-Smartwatch-Bracelet-Sport-De-En-Nylon/832316 HTTP/1.1" 301 479 "-" "Mozilla/5.0 (Linux; Android 6.0.1; Nexus 5X Build/MMB29P) AppleWebKit/537.36 (KHTML, like Gecko) Chrome/146.0.7680.177 Mobile Safari/537.36 (compatible; Googlebot/2.1; +http://www.google.com/bot.html)"
66.249.66.65 - - [15/Apr/2026:10:34:59 +0200] "GET /goods/Galaxy-Tab-A-10-1-tui-En-EVA-L-ger-Haute-Protection-Anti/524287 HTTP/1.1" 301 471 "-" "Mozilla/5.0 (Linux; Android 6.0.1; Nexus 5X Build/MMB29P) AppleWebKit/537.36 (KHTML, like Gecko) Chrome/146.0.7680.177 Mobile Safari/537.36 (compatible; Googlebot/2.1; +http://www.google.com/bot.html)"
66.249.66.12 - - [15/Apr/2026:10:34:59 +0200] "GET /goods/Parsonver-IDW15-1-8-Pouces-Smartwatch-Bracelet-Sport-De-En-Nylon/832316 HTTP/1.1" 404 16849 "-" "Mozilla/5.0 (Linux; Android 6.0.1; Nexus 5X Build/MMB29P) AppleWebKit/537.36 (KHTML, like Gecko) Chrome/146.0.7680.177 Mobile Safari/537.36 (compatible; Googlebot/2.1; +http://www.google.com/bot.html)"
66.249.66.198 - - [15/Apr/2026:10:35:00 +0200] "GET /goods/Galaxy-Tab-A-10-1-tui-En-EVA-L-ger-Haute-Protection-Anti/524287 HTTP/1.1" 404 16849 "-" "Mozilla/5.0 (Linux; Android 6.0.1; Nexus 5X Build/MMB29P) AppleWebKit/537.36 (KHTML, like Gecko) Chrome/146.0.7680.177 Mobile Safari/537.36 (compatible; Googlebot/2.1; +http://www.google.com/bot.html)"
95.216.2.94 - - [15/Apr/2026:10:36:34 +0200] "POST /wp-cron.php?doing_wp_cron=1776242194.4822089672088623046875 HTTP/1.1" 500 199 "-" "WordPress/6.9.4; http://www.eeggs.ru"
52.167.144.180 - - [15/Apr/2026:10:36:33 +0200] "GET /goods/Billie-Jazz-Tome-1-Les-Auditions-Genevi-ve-Guilbault/1040082 HTTP/1.1" 301 412 "-" "Mozilla/5.0 AppleWebKit/537.36 (KHTML, like Gecko; compatible; bingbot/2.0; +http://www.bing.com/bingbot.htm) Chrome/116.0.1938.76 Safari/537.36"
66.249.66.198 - - [15/Apr/2026:10:36:45 +0200] "GET /goods/Courtes-Chemise-Hawaienne-Homme-Chemise-A-Fleur-Homme-Chemise/457031 HTTP/1.1" 301 476 "-" "Mozilla/5.0 (Linux; Android 6.0.1; Nexus 5X Build/MMB29P) AppleWebKit/537.36 (KHTML, like Gecko) Chrome/146.0.7680.177 Mobile Safari/537.36 (compatible; Googlebot/2.1; +http://www.google.com/bot.html)"
66.249.66.163 - - [15/Apr/2026:10:36:46 +0200] "GET /goods/Courtes-Chemise-Hawaienne-Homme-Chemise-A-Fleur-Homme-Chemise/457031 HTTP/1.1" 404 16849 "-" "Mozilla/5.0 (Linux; Android 6.0.1; Nexus 5X Build/MMB29P) AppleWebKit/537.36 (KHTML, like Gecko) Chrome/146.0.7680.177 Mobile Safari/537.36 (compatible; Googlebot/2.1; +http://www.google.com/bot.html)"
52.167.144.180 - - [15/Apr/2026:10:36:53 +0200] "GET /goods/Kit-Micro-RONI-G5-Glock-Noir-CAA/427117 HTTP/1.1" 301 391 "-" "Mozilla/5.0 AppleWebKit/537.36 (KHTML, like Gecko; compatible; bingbot/2.0; +http://www.bing.com/bingbot.htm) Chrome/116.0.1938.76 Safari/537.36"
95.216.2.94 - - [15/Apr/2026:10:38:14 +0200] "POST /wp-cron.php?doing_wp_cron=1776242294.7450120449066162109375 HTTP/1.1" 500 199 "-" "WordPress/6.9.4; http://www.eeggs.ru"
94.154.35.236 - - [15/Apr/2026:10:38:14 +0200] "HEAD /new.tar.gz HTTP/1.1" 301 342 "-" "Mozilla/5.0 (Windows NT 10.0; Win64; x64) AppleWebKit/537.36 (KHTML, like Gecko) Chrome/101.0.4951.67 Safari/537.36"
94.154.35.236 - - [15/Apr/2026:10:38:15 +0200] "HEAD /new.tar.gz HTTP/1.1" 404 330 "-" "Mozilla/5.0 (Windows NT 10.0; Win64; x64) AppleWebKit/537.36 (KHTML, like Gecko) Chrome/101.0.4951.67 Safari/537.36"
178.20.45.128 - - [15/Apr/2026:10:38:42 +0200] "GET /web/efes/ HTTP/1.0" 200 24524 "http://www.eeggs.ru/web/efes/#comment-318809" "Mozilla/5.0 (Windows NT 10.0; Win64; x64) AppleWebKit/537.36 (KHTML, like Gecko) Chrome/131.0.0.0 Safari/537.36 Avast/131.0.0.0"
178.20.45.128 - - [15/Apr/2026:10:38:43 +0200] "POST /wp-comments-post.php HTTP/1.0" 500 166 "http://www.eeggs.ru/web/efes/#comment-318809" "Mozilla/5.0 (Windows NT 10.0; Win64; x64) AppleWebKit/537.36 (KHTML, like Gecko) Chrome/131.0.0.0 Safari/537.36 Avast/131.0.0.0"
95.216.2.94 - - [15/Apr/2026:10:39:17 +0200] "POST /wp-cron.php?doing_wp_cron=1776242357.6527740955352783203125 HTTP/1.1" 500 199 "-" "WordPress/6.9.4; http://www.eeggs.ru"
66.249.66.34 - - [15/Apr/2026:10:39:16 +0200] "GET /goods/Femme-Travail-D-contract-Confortable-Bureau-Blazer/765265 HTTP/1.1" 301 465 "-" "Mozilla/5.0 (Linux; Android 6.0.1; Nexus 5X Build/MMB29P) AppleWebKit/537.36 (KHTML, like Gecko) Chrome/146.0.7680.177 Mobile Safari/537.36 (compatible; Googlebot/2.1; +http://www.google.com/bot.html)"
66.249.66.37 - - [15/Apr/2026:10:39:17 +0200] "GET /goods/Femme-Travail-D-contract-Confortable-Bureau-Blazer/765265 HTTP/1.1" 404 16849 "-" "Mozilla/5.0 (Linux; Android 6.0.1; Nexus 5X Build/MMB29P) AppleWebKit/537.36 (KHTML, like Gecko) Chrome/146.0.7680.177 Mobile Safari/537.36 (compatible; Googlebot/2.1; +http://www.google.com/bot.html)"
52.167.144.189 - - [15/Apr/2026:10:39:20 +0200] "GET /goods/De-Moto-Prot-gez-Votre-Moto-DS-COVERS/537478 HTTP/1.1" 301 396 "-" "Mozilla/5.0 AppleWebKit/537.36 (KHTML, like Gecko; compatible; bingbot/2.0; +http://www.bing.com/bingbot.htm) Chrome/116.0.1938.76 Safari/537.36"
52.167.144.16 - - [15/Apr/2026:10:39:25 +0200] "GET /goods/In-Thailand-A-Guide-To-The-Sport-In-The-Motherland-By-Matt/863761 HTTP/1.1" 301 417 "-" "Mozilla/5.0 AppleWebKit/537.36 (KHTML, like Gecko; compatible; bingbot/2.0; +http://www.bing.com/bingbot.htm) Chrome/116.0.1938.76 Safari/537.36"
52.167.144.16 - - [15/Apr/2026:10:39:26 +0200] "GET /goods/Achat-Table-Et-Plan-Langer-ROBA-Pas-Cher/940740 HTTP/1.1" 301 399 "-" "Mozilla/5.0 AppleWebKit/537.36 (KHTML, like Gecko; compatible; bingbot/2.0; +http://www.bing.com/bingbot.htm) Chrome/116.0.1938.76 Safari/537.36"
95.216.2.94 - - [15/Apr/2026:10:42:27 +0200] "POST /wp-cron.php?doing_wp_cron=1776242547.4581420421600341796875 HTTP/1.1" 500 199 "-" "WordPress/6.9.4; http://www.eeggs.ru"
66.249.66.34 - - [15/Apr/2026:10:42:26 +0200] "GET /goods/Courtes-Chemise-Hawaienne-Homme-Chemise-A-Fleur-Homme-Chemise/457031 HTTP/1.1" 301 476 "-" "Mozilla/5.0 (Linux; Android 6.0.1; Nexus 5X Build/MMB29P) AppleWebKit/537.36 (KHTML, like Gecko) Chrome/146.0.7680.177 Mobile Safari/537.36 (compatible; GoogleOther)"
66.249.66.75 - - [15/Apr/2026:10:42:27 +0200] "GET /goods/Courtes-Chemise-Hawaienne-Homme-Chemise-A-Fleur-Homme-Chemise/457031 HTTP/1.1" 404 16860 "-" "Mozilla/5.0 (Linux; Android 6.0.1; Nexus 5X Build/MMB29P) AppleWebKit/537.36 (KHTML, like Gecko) Chrome/146.0.7680.177 Mobile Safari/537.36 (compatible; GoogleOther)"
52.167.144.16 - - [15/Apr/2026:10:42:47 +0200] "GET /goods/Takywep-Urne-Caf-100-Tasses-14-L-U2013-Cafeti-re/1121973 HTTP/1.1" 301 408 "-" "Mozilla/5.0 AppleWebKit/537.36 (KHTML, like Gecko; compatible; bingbot/2.0; +http://www.bing.com/bingbot.htm) Chrome/116.0.1938.76 Safari/537.36"
95.216.2.94 - - [15/Apr/2026:10:44:07 +0200] "POST /wp-cron.php?doing_wp_cron=1776242647.5147960186004638671875 HTTP/1.1" 500 199 "-" "WordPress/6.9.4; http://www.eeggs.ru"
194.156.92.91 - - [15/Apr/2026:10:44:06 +0200] "GET /web/efes/ HTTP/1.0" 200 24524 "http://www.eeggs.ru/web/efes/#comment-325236/" "Mozilla/5.0 (Windows NT 10.0; Win64; x64) AppleWebKit/537.36 (KHTML, like Gecko) Chrome/129.0.0.0 Safari/537.36"
194.156.92.91 - - [15/Apr/2026:10:44:07 +0200] "POST /wp-comments-post.php HTTP/1.0" 500 166 "http://www.eeggs.ru/web/efes/#comment-325236/" "Mozilla/5.0 (Windows NT 10.0; Win64; x64) AppleWebKit/537.36 (KHTML, like Gecko) Chrome/129.0.0.0 Safari/537.36"
66.249.66.4 - - [15/Apr/2026:10:44:44 +0200] "GET /goods/En-Plastique-Design-R-tro-Panier-De-V-lo/838845 HTTP/1.1" 301 455 "-" "Mozilla/5.0 (Linux; Android 6.0.1; Nexus 5X Build/MMB29P) AppleWebKit/537.36 (KHTML, like Gecko) Chrome/146.0.7680.177 Mobile Safari/537.36 (compatible; Googlebot/2.1; +http://www.google.com/bot.html)"
66.249.66.13 - - [15/Apr/2026:10:44:45 +0200] "GET /goods/En-Plastique-Design-R-tro-Panier-De-V-lo/838845 HTTP/1.1" 404 16849 "-" "Mozilla/5.0 (Linux; Android 6.0.1; Nexus 5X Build/MMB29P) AppleWebKit/537.36 (KHTML, like Gecko) Chrome/146.0.7680.177 Mobile Safari/537.36 (compatible; Googlebot/2.1; +http://www.google.com/bot.html)"
95.216.2.94 - - [15/Apr/2026:10:45:52 +0200] "POST /wp-cron.php?doing_wp_cron=1776242752.6690568923950195312500 HTTP/1.1" 500 199 "-" "WordPress/6.9.4; http://www.eeggs.ru"
66.249.66.166 - - [15/Apr/2026:10:45:51 +0200] "GET /goods/Fille-Veste-Ipri-Licorne-Blouson-Anches-Longues/1013526 HTTP/1.1" 301 463 "-" "Mozilla/5.0 (Linux; Android 6.0.1; Nexus 5X Build/MMB29P) AppleWebKit/537.36 (KHTML, like Gecko) Chrome/146.0.7680.177 Mobile Safari/537.36 (compatible; Googlebot/2.1; +http://www.google.com/bot.html)"
66.249.66.39 - - [15/Apr/2026:10:45:52 +0200] "GET /goods/Fille-Veste-Ipri-Licorne-Blouson-Anches-Longues/1013526 HTTP/1.1" 404 16849 "-" "Mozilla/5.0 (Linux; Android 6.0.1; Nexus 5X Build/MMB29P) AppleWebKit/537.36 (KHTML, like Gecko) Chrome/146.0.7680.177 Mobile Safari/537.36 (compatible; Googlebot/2.1; +http://www.google.com/bot.html)"
66.249.66.4 - - [15/Apr/2026:10:46:36 +0200] "GET /goods/Slim-Fit-Formel-Affaires-Smoking-Gilet-Sans-Manche/1048941 HTTP/1.1" 301 466 "-" "Mozilla/5.0 (Linux; Android 6.0.1; Nexus 5X Build/MMB29P) AppleWebKit/537.36 (KHTML, like Gecko) Chrome/146.0.7680.177 Mobile Safari/537.36 (compatible; Googlebot/2.1; +http://www.google.com/bot.html)"
66.249.66.199 - - [15/Apr/2026:10:46:37 +0200] "GET /goods/La-Princesse-De-Cl-ves-U2013-La-Fran-aise/853225 HTTP/1.1" 301 456 "-" "Mozilla/5.0 (Linux; Android 6.0.1; Nexus 5X Build/MMB29P) AppleWebKit/537.36 (KHTML, like Gecko) Chrome/146.0.7680.177 Mobile Safari/537.36 (compatible; Googlebot/2.1; +http://www.google.com/bot.html)"
66.249.66.199 - - [15/Apr/2026:10:46:37 +0200] "GET /goods/Slim-Fit-Formel-Affaires-Smoking-Gilet-Sans-Manche/1048941 HTTP/1.1" 404 16849 "-" "Mozilla/5.0 (Linux; Android 6.0.1; Nexus 5X Build/MMB29P) AppleWebKit/537.36 (KHTML, like Gecko) Chrome/146.0.7680.177 Mobile Safari/537.36 (compatible; Googlebot/2.1; +http://www.google.com/bot.html)"
172.203.190.142 - - [15/Apr/2026:10:47:24 +0200] "GET /robots.txt HTTP/1.1" 200 407 "-" "Mozilla/5.0 (Macintosh; Intel Mac OS X 10_15_7) AppleWebKit/537.36 (KHTML, like Gecko) Chrome/131.0.0.0 Safari/537.36; compatible; OAI-SearchBot/1.0; +https://openai.com/searchbot"
95.216.2.94 - - [15/Apr/2026:10:47:29 +0200] "POST /wp-cron.php?doing_wp_cron=1776242849.4998519420623779296875 HTTP/1.1" 500 199 "-" "WordPress/6.9.4; http://www.eeggs.ru"
66.249.66.198 - - [15/Apr/2026:10:47:28 +0200] "GET /goods/KNORR-Soupe-Liquide-Paysanne-Lentilles-Lard-Fum-1l-U2013/914577 HTTP/1.1" 301 471 "-" "Mozilla/5.0 (Linux; Android 6.0.1; Nexus 5X Build/MMB29P) AppleWebKit/537.36 (KHTML, like Gecko) Chrome/146.0.7680.177 Mobile Safari/537.36 (compatible; Googlebot/2.1; +http://www.google.com/bot.html)"
95.216.2.94 - - [15/Apr/2026:10:47:29 +0200] "POST /wp-cron.php?doing_wp_cron=1776242849.6879780292510986328125 HTTP/1.1" 500 199 "-" "WordPress/6.9.4; http://www.eeggs.ru"
66.249.66.34 - - [15/Apr/2026:10:47:28 +0200] "GET /goods/Somos-Rice-Wht-Mex-Street-Ma-s-250-G/647286 HTTP/1.1" 301 451 "-" "Mozilla/5.0 (Linux; Android 6.0.1; Nexus 5X Build/MMB29P) AppleWebKit/537.36 (KHTML, like Gecko) Chrome/146.0.7680.177 Mobile Safari/537.36 (compatible; Googlebot/2.1; +http://www.google.com/bot.html)"
66.249.66.76 - - [15/Apr/2026:10:47:29 +0200] "GET /goods/Somos-Rice-Wht-Mex-Street-Ma-s-250-G/647286 HTTP/1.1" 404 16849 "-" "Mozilla/5.0 (Linux; Android 6.0.1; Nexus 5X Build/MMB29P) AppleWebKit/537.36 (KHTML, like Gecko) Chrome/146.0.7680.177 Mobile Safari/537.36 (compatible; Googlebot/2.1; +http://www.google.com/bot.html)"
66.249.66.32 - - [15/Apr/2026:10:48:18 +0200] "GET /goods/F-r-Z-gel-Und-Hilfsz-gel/1167294 HTTP/1.1" 301 440 "-" "Mozilla/5.0 (Linux; Android 6.0.1; Nexus 5X Build/MMB29P) AppleWebKit/537.36 (KHTML, like Gecko) Chrome/146.0.7680.177 Mobile Safari/537.36 (compatible; Googlebot/2.1; +http://www.google.com/bot.html)"
95.216.2.94 - - [15/Apr/2026:10:48:58 +0200] "POST /wp-cron.php?doing_wp_cron=1776242938.0087110996246337890625 HTTP/1.1" 500 199 "-" "WordPress/6.9.4; http://www.eeggs.ru"
66.249.66.33 - - [15/Apr/2026:10:48:57 +0200] "GET /goods/Courtes-Chemise-Hawaienne-Homme-Chemise-A-Fleur-Homme-Chemise/457031 HTTP/1.1" 301 476 "-" "Mozilla/5.0 (Linux; Android 6.0.1; Nexus 5X Build/MMB29P) AppleWebKit/537.36 (KHTML, like Gecko) Chrome/146.0.7680.177 Mobile Safari/537.36 (compatible; Googlebot/2.1; +http://www.google.com/bot.html)"
45.137.215.217 - - [15/Apr/2026:10:51:35 +0200] "POST /wp-comments-post.php HTTP/1.0" 500 166 "http://www.eeggs.ru/web/efes/#comment-325325" "Mozilla/5.0 (Windows NT 10.0; Win64; x64) AppleWebKit/537.36 (KHTML, like Gecko) Chrome/103.0.5060.66 Safari/537.36"
95.216.2.94 - - [15/Apr/2026:10:51:35 +0200] "POST /wp-cron.php?doing_wp_cron=1776243095.6282620429992675781250 HTTP/1.1" 500 199 "-" "WordPress/6.9.4; http://www.eeggs.ru"
45.137.215.217 - - [15/Apr/2026:10:51:34 +0200] "GET /web/efes/ HTTP/1.0" 200 24524 "http://www.eeggs.ru/web/efes/#comment-325325" "Mozilla/5.0 (Windows NT 10.0; Win64; x64) AppleWebKit/537.36 (KHTML, like Gecko) Chrome/103.0.5060.66 Safari/537.36"
66.249.66.2 - - [15/Apr/2026:10:51:43 +0200] "GET /goods/Tony-Robbins-The-Tony-Robbins-Foundation/1066532 HTTP/1.1" 301 456 "-" "Mozilla/5.0 (Linux; Android 6.0.1; Nexus 5X Build/MMB29P) AppleWebKit/537.36 (KHTML, like Gecko) Chrome/146.0.7680.177 Mobile Safari/537.36 (compatible; Googlebot/2.1; +http://www.google.com/bot.html)"
66.249.66.199 - - [15/Apr/2026:10:51:44 +0200] "GET /goods/Tony-Robbins-The-Tony-Robbins-Foundation/1066532 HTTP/1.1" 404 16849 "-" "Mozilla/5.0 (Linux; Android 6.0.1; Nexus 5X Build/MMB29P) AppleWebKit/537.36 (KHTML, like Gecko) Chrome/146.0.7680.177 Mobile Safari/537.36 (compatible; Googlebot/2.1; +http://www.google.com/bot.html)"
95.216.2.94 - - [15/Apr/2026:10:53:50 +0200] "POST /wp-cron.php?doing_wp_cron=1776243230.0440630912780761718750 HTTP/1.1" 500 199 "-" "WordPress/6.9.4; http://www.eeggs.ru"
66.249.66.32 - - [15/Apr/2026:10:53:49 +0200] "GET /goods/B-chette-100-Chocolat-P-tisserie-Thauvin/647073 HTTP/1.1" 301 455 "-" "Mozilla/5.0 (Linux; Android 6.0.1; Nexus 5X Build/MMB29P) AppleWebKit/537.36 (KHTML, like Gecko) Chrome/146.0.7680.177 Mobile Safari/537.36 (compatible; Googlebot/2.1; +http://www.google.com/bot.html)"
66.249.66.199 - - [15/Apr/2026:10:53:50 +0200] "GET /goods/B-chette-100-Chocolat-P-tisserie-Thauvin/647073 HTTP/1.1" 404 16849 "-" "Mozilla/5.0 (Linux; Android 6.0.1; Nexus 5X Build/MMB29P) AppleWebKit/537.36 (KHTML, like Gecko) Chrome/146.0.7680.177 Mobile Safari/537.36 (compatible; Googlebot/2.1; +http://www.google.com/bot.html)"
95.216.2.94 - - [15/Apr/2026:10:55:04 +0200] "POST /wp-cron.php?doing_wp_cron=1776243304.6626920700073242187500 HTTP/1.1" 500 199 "-" "WordPress/6.9.4; http://www.eeggs.ru"
66.249.66.167 - - [15/Apr/2026:10:55:03 +0200] "GET /goods/Parapluie-Transparent-Von-Lilienfeld-Parapluie-Bouquet-De-Roses/1292250 HTTP/1.1" 301 479 "-" "Mozilla/5.0 (Linux; Android 6.0.1; Nexus 5X Build/MMB29P) AppleWebKit/537.36 (KHTML, like Gecko) Chrome/146.0.7680.177 Mobile Safari/537.36 (compatible; Googlebot/2.1; +http://www.google.com/bot.html)"
66.249.66.12 - - [15/Apr/2026:10:55:04 +0200] "GET /goods/Parapluie-Transparent-Von-Lilienfeld-Parapluie-Bouquet-De-Roses/1292250 HTTP/1.1" 404 16849 "-" "Mozilla/5.0 (Linux; Android 6.0.1; Nexus 5X Build/MMB29P) AppleWebKit/537.36 (KHTML, like Gecko) Chrome/146.0.7680.177 Mobile Safari/537.36 (compatible; Googlebot/2.1; +http://www.google.com/bot.html)"
66.249.66.66 - - [15/Apr/2026:10:55:32 +0200] "GET /goods/Lot-De-2-Chevill-res-Professionnelles-Pour-Femme-homme/797043 HTTP/1.1" 301 469 "-" "Mozilla/5.0 (Linux; Android 6.0.1; Nexus 5X Build/MMB29P) AppleWebKit/537.36 (KHTML, like Gecko) Chrome/146.0.7680.177 Mobile Safari/537.36 (compatible; Googlebot/2.1; +http://www.google.com/bot.html)"
66.249.66.199 - - [15/Apr/2026:10:55:33 +0200] "GET /goods/Lot-De-2-Chevill-res-Professionnelles-Pour-Femme-homme/797043 HTTP/1.1" 404 16849 "-" "Mozilla/5.0 (Linux; Android 6.0.1; Nexus 5X Build/MMB29P) AppleWebKit/537.36 (KHTML, like Gecko) Chrome/146.0.7680.177 Mobile Safari/537.36 (compatible; Googlebot/2.1; +http://www.google.com/bot.html)"
95.216.2.94 - - [15/Apr/2026:10:57:48 +0200] "POST /wp-cron.php?doing_wp_cron=1776243468.1990990638732910156250 HTTP/1.1" 500 199 "-" "WordPress/6.9.4; http://www.eeggs.ru"
52.167.144.169 - - [15/Apr/2026:10:57:47 +0200] "GET /goods/G-ant-Des-Beaux-Arts-N-1-De-La-Vente-En-Ligne-De-Mat-riels/ HTTP/1.1" 301 411 "-" "Mozilla/5.0 AppleWebKit/537.36 (KHTML, like Gecko; compatible; bingbot/2.0; +http://www.bing.com/bingbot.htm) Chrome/116.0.1938.76 Safari/537.36"
52.167.144.232 - - [15/Apr/2026:10:57:51 +0200] "GET /goods/Feux-De-Jour-LED-C-t-Droit-Compatible/680976 HTTP/1.1" 301 396 "-" "Mozilla/5.0 AppleWebKit/537.36 (KHTML, like Gecko; compatible; bingbot/2.0; +http://www.bing.com/bingbot.htm) Chrome/116.0.1938.76 Safari/537.36"
52.167.144.232 - - [15/Apr/2026:10:57:52 +0200] "GET /goods/Ciseaux-De-Cuisine-Professionnel-Multiusage-Ciseaux/810785 HTTP/1.1" 301 410 "-" "Mozilla/5.0 AppleWebKit/537.36 (KHTML, like Gecko; compatible; bingbot/2.0; +http://www.bing.com/bingbot.htm) Chrome/116.0.1938.76 Safari/537.36"
52.167.144.232 - - [15/Apr/2026:10:57:53 +0200] "GET /goods/From-The-La-Dolce-Vita-Collection-Spellbinders-U2013/1264421 HTTP/1.1" 301 412 "-" "Mozilla/5.0 AppleWebKit/537.36 (KHTML, like Gecko; compatible; bingbot/2.0; +http://www.bing.com/bingbot.htm) Chrome/116.0.1938.76 Safari/537.36"
52.167.144.141 - - [15/Apr/2026:10:57:57 +0200] "GET /goods/608-Z-Roulement-Billes-Gorge-Profonde-Une-Rang-e-SKF/901879 HTTP/1.1" 301 411 "-" "Mozilla/5.0 AppleWebKit/537.36 (KHTML, like Gecko; compatible; bingbot/2.0; +http://www.bing.com/bingbot.htm) Chrome/116.0.1938.76 Safari/537.36"
66.249.66.199 - - [15/Apr/2026:10:58:12 +0200] "GET /goods/Nappe-En-Toile-Cir-e-De-160-Cm-De-Largeur-B6015-01-Bleu-Dor/1135772 HTTP/1.1" 301 475 "-" "Mozilla/5.0 (Linux; Android 6.0.1; Nexus 5X Build/MMB29P) AppleWebKit/537.36 (KHTML, like Gecko) Chrome/146.0.7680.177 Mobile Safari/537.36 (compatible; Googlebot/2.1; +http://www.google.com/bot.html)"
66.249.66.13 - - [15/Apr/2026:10:58:13 +0200] "GET /goods/Nappe-En-Toile-Cir-e-De-160-Cm-De-Largeur-B6015-01-Bleu-Dor/1135772 HTTP/1.1" 404 16849 "-" "Mozilla/5.0 (Linux; Android 6.0.1; Nexus 5X Build/MMB29P) AppleWebKit/537.36 (KHTML, like Gecko) Chrome/146.0.7680.177 Mobile Safari/537.36 (compatible; Googlebot/2.1; +http://www.google.com/bot.html)"
95.216.2.94 - - [15/Apr/2026:10:59:03 +0200] "POST /wp-cron.php?doing_wp_cron=1776243543.2463819980621337890625 HTTP/1.1" 500 199 "-" "WordPress/6.9.4; http://www.eeggs.ru"
66.249.66.33 - - [15/Apr/2026:10:59:02 +0200] "GET /goods/Wagner-Pendentif-l-phant-En-Argent-925-Avec-T-te-D/1189576 HTTP/1.1" 301 466 "-" "Mozilla/5.0 (Linux; Android 6.0.1; Nexus 5X Build/MMB29P) AppleWebKit/537.36 (KHTML, like Gecko) Chrome/146.0.7680.177 Mobile Safari/537.36 (compatible; Googlebot/2.1; +http://www.google.com/bot.html)"
66.249.66.76 - - [15/Apr/2026:10:59:03 +0200] "GET /goods/Wagner-Pendentif-l-phant-En-Argent-925-Avec-T-te-D/1189576 HTTP/1.1" 404 16849 "-" "Mozilla/5.0 (Linux; Android 6.0.1; Nexus 5X Build/MMB29P) AppleWebKit/537.36 (KHTML, like Gecko) Chrome/146.0.7680.177 Mobile Safari/537.36 (compatible; Googlebot/2.1; +http://www.google.com/bot.html)"
66.249.66.34 - - [15/Apr/2026:10:59:04 +0200] "GET /goods/100-Bandes-Adh-sives-En-Mousse-Pour-Touche-De-Skateboard-Noir/1126752 HTTP/1.1" 301 477 "-" "Mozilla/5.0 (Linux; Android 6.0.1; Nexus 5X Build/MMB29P) AppleWebKit/537.36 (KHTML, like Gecko) Chrome/146.0.7680.177 Mobile Safari/537.36 (compatible; Googlebot/2.1; +http://www.google.com/bot.html)"
66.249.66.200 - - [15/Apr/2026:10:59:05 +0200] "GET /goods/100-Bandes-Adh-sives-En-Mousse-Pour-Touche-De-Skateboard-Noir/1126752 HTTP/1.1" 404 16849 "-" "Mozilla/5.0 (Linux; Android 6.0.1; Nexus 5X Build/MMB29P) AppleWebKit/537.36 (KHTML, like Gecko) Chrome/146.0.7680.177 Mobile Safari/537.36 (compatible; Googlebot/2.1; +http://www.google.com/bot.html)"
95.216.2.94 - - [15/Apr/2026:11:00:58 +0200] "POST /wp-cron.php?doing_wp_cron=1776243658.1449320316314697265625 HTTP/1.1" 500 199 "-" "WordPress/6.9.4; http://www.eeggs.ru"
40.77.167.40 - - [15/Apr/2026:11:00:57 +0200] "GET /goods/Rangement-De-Carte-M-moire-Mauritius/1199280 HTTP/1.1" 301 396 "-" "Mozilla/5.0 AppleWebKit/537.36 (KHTML, like Gecko; compatible; bingbot/2.0; +http://www.bing.com/bingbot.htm) Chrome/116.0.1938.76 Safari/537.36"
40.77.167.40 - - [15/Apr/2026:11:00:58 +0200] "GET /goods/Football-Am-ricain-Cutters-The-Gamer-2-0-Navy/685584 HTTP/1.1" 301 404 "-" "Mozilla/5.0 AppleWebKit/537.36 (KHTML, like Gecko; compatible; bingbot/2.0; +http://www.bing.com/bingbot.htm) Chrome/116.0.1938.76 Safari/537.36"
195.2.76.137 - - [15/Apr/2026:11:01:32 +0200] "GET /web/efes/ HTTP/1.0" 200 24524 "http://www.eeggs.ru/web/efes/" "Mozilla/5.0 (Windows NT 10.0; Win64; x64) AppleWebKit/537.36 (KHTML, like Gecko) Chrome/129.0.0.0 Safari/537.36"
195.2.76.137 - - [15/Apr/2026:11:01:33 +0200] "POST /wp-comments-post.php HTTP/1.0" 500 166 "http://www.eeggs.ru/web/efes/" "Mozilla/5.0 (Windows NT 10.0; Win64; x64) AppleWebKit/537.36 (KHTML, like Gecko) Chrome/129.0.0.0 Safari/537.36"
95.216.2.94 - - [15/Apr/2026:11:02:31 +0200] "POST /wp-cron.php?doing_wp_cron=1776243751.7140181064605712890625 HTTP/1.1" 500 199 "-" "WordPress/6.9.4; http://www.eeggs.ru"
66.249.66.3 - - [15/Apr/2026:11:02:30 +0200] "GET /goods/De-Serrage-Pour-Femmes-Mode-Sans-Manches-Dos-Nu-Robe-Fronc-e/866751 HTTP/1.1" 301 475 "-" "Mozilla/5.0 (Linux; Android 6.0.1; Nexus 5X Build/MMB29P) AppleWebKit/537.36 (KHTML, like Gecko) Chrome/146.0.7680.177 Mobile Safari/537.36 (compatible; Googlebot/2.1; +http://www.google.com/bot.html)"
66.249.66.12 - - [15/Apr/2026:11:02:32 +0200] "GET /goods/De-Serrage-Pour-Femmes-Mode-Sans-Manches-Dos-Nu-Robe-Fronc-e/866751 HTTP/1.1" 404 16849 "-" "Mozilla/5.0 (Linux; Android 6.0.1; Nexus 5X Build/MMB29P) AppleWebKit/537.36 (KHTML, like Gecko) Chrome/146.0.7680.177 Mobile Safari/537.36 (compatible; Googlebot/2.1; +http://www.google.com/bot.html)"
40.77.167.40 - - [15/Apr/2026:11:02:59 +0200] "GET /goods/2-4-M-Joint-Solide-Zone-De-Pr-hension/747057 HTTP/1.1" 301 396 "-" "Mozilla/5.0 AppleWebKit/537.36 (KHTML, like Gecko; compatible; bingbot/2.0; +http://www.bing.com/bingbot.htm) Chrome/116.0.1938.76 Safari/537.36"
40.77.167.40 - - [15/Apr/2026:11:03:01 +0200] "GET /goods/Gondole-Haut-C-t-1-87-Wagons/537359 HTTP/1.1" 301 387 "-" "Mozilla/5.0 AppleWebKit/537.36 (KHTML, like Gecko; compatible; bingbot/2.0; +http://www.bing.com/bingbot.htm) Chrome/116.0.1938.76 Safari/537.36"
40.77.167.40 - - [15/Apr/2026:11:03:02 +0200] "GET /goods/Chauffant-lectrique-Lavable-30x60cm-Coussin-Chauffant-Dos/1109125 HTTP/1.1" 301 417 "-" "Mozilla/5.0 AppleWebKit/537.36 (KHTML, like Gecko; compatible; bingbot/2.0; +http://www.bing.com/bingbot.htm) Chrome/116.0.1938.76 Safari/537.36"
52.167.144.222 - - [15/Apr/2026:11:03:11 +0200] "GET /goods/acc-s-WiFi-Mobile-Appareil-De-Point-D-039-acc-s-WiFi-D/412446 HTTP/1.1" 301 413 "-" "Mozilla/5.0 AppleWebKit/537.36 (KHTML, like Gecko; compatible; bingbot/2.0; +http://www.bing.com/bingbot.htm) Chrome/116.0.1938.76 Safari/537.36"
85.208.96.199 - - [15/Apr/2026:11:04:49 +0200] "GET /robots.txt HTTP/1.1" 200 426 "-" "Mozilla/5.0 (compatible; SemrushBot/7~bl; +http://www.semrush.com/bot.html)"
95.216.2.94 - - [15/Apr/2026:11:04:51 +0200] "POST /wp-cron.php?doing_wp_cron=1776243891.2184479236602783203125 HTTP/1.1" 500 199 "-" "WordPress/6.9.4; http://www.eeggs.ru"
85.208.96.194 - - [15/Apr/2026:11:04:50 +0200] "GET /web/yahoo/ HTTP/1.1" 200 7618 "-" "Mozilla/5.0 (compatible; SemrushBot/7~bl; +http://www.semrush.com/bot.html)"
94.154.35.236 - - [15/Apr/2026:11:05:24 +0200] "HEAD /new.zip HTTP/1.1" 301 339 "-" "Mozilla/5.0 (Windows NT 10.0; Win64; x64) AppleWebKit/537.36 (KHTML, like Gecko) Chrome/101.0.4951.67 Safari/537.36"
94.154.35.236 - - [15/Apr/2026:11:05:25 +0200] "HEAD /new.zip HTTP/1.1" 404 330 "-" "Mozilla/5.0 (Windows NT 10.0; Win64; x64) AppleWebKit/537.36 (KHTML, like Gecko) Chrome/101.0.4951.67 Safari/537.36"
52.167.144.222 - - [15/Apr/2026:11:05:27 +0200] "GET /goods/Couteaux-Beurre-Couteaux-Fromage-Petits-Couteaux-Pain/1120175 HTTP/1.1" 301 413 "-" "Mozilla/5.0 AppleWebKit/537.36 (KHTML, like Gecko; compatible; bingbot/2.0; +http://www.bing.com/bingbot.htm) Chrome/116.0.1938.76 Safari/537.36"
52.167.144.222 - - [15/Apr/2026:11:05:28 +0200] "GET /goods/e-Grav-e-Personnalis-e-1-4-Lignes-19-5x14cm-Autocollante-Or/439284 HTTP/1.1" 301 418 "-" "Mozilla/5.0 AppleWebKit/537.36 (KHTML, like Gecko; compatible; bingbot/2.0; +http://www.bing.com/bingbot.htm) Chrome/116.0.1938.76 Safari/537.36"
40.77.167.40 - - [15/Apr/2026:11:05:39 +0200] "GET /goods/Ideal-Stencils-Pochoir-Che-Guevara-Par-Banksy-Art-Mural/867481 HTTP/1.1" 301 414 "-" "Mozilla/5.0 AppleWebKit/537.36 (KHTML, like Gecko; compatible; bingbot/2.0; +http://www.bing.com/bingbot.htm) Chrome/116.0.1938.76 Safari/537.36"
95.216.2.94 - - [15/Apr/2026:11:06:00 +0200] "POST /wp-cron.php?doing_wp_cron=1776243960.7777841091156005859375 HTTP/1.1" 500 199 "-" "WordPress/6.9.4; http://www.eeggs.ru"
66.249.66.32 - - [15/Apr/2026:11:06:00 +0200] "GET /goods/Couette-Cachemire-Linge-De-Lit-Percale-Tradition-Des-Vosges/671248 HTTP/1.1" 301 474 "-" "Mozilla/5.0 (Linux; Android 6.0.1; Nexus 5X Build/MMB29P) AppleWebKit/537.36 (KHTML, like Gecko) Chrome/146.0.7680.177 Mobile Safari/537.36 (compatible; Googlebot/2.1; +http://www.google.com/bot.html)"
66.249.66.162 - - [15/Apr/2026:11:06:01 +0200] "GET /goods/Couette-Cachemire-Linge-De-Lit-Percale-Tradition-Des-Vosges/671248 HTTP/1.1" 404 16849 "-" "Mozilla/5.0 (Linux; Android 6.0.1; Nexus 5X Build/MMB29P) AppleWebKit/537.36 (KHTML, like Gecko) Chrome/146.0.7680.177 Mobile Safari/537.36 (compatible; Googlebot/2.1; +http://www.google.com/bot.html)"
95.216.2.94 - - [15/Apr/2026:11:07:27 +0200] "POST /wp-cron.php?doing_wp_cron=1776244047.9456219673156738281250 HTTP/1.1" 500 199 "-" "WordPress/6.9.4; http://www.eeggs.ru"
66.249.66.4 - - [15/Apr/2026:11:07:27 +0200] "GET /goods/Bord-De-La-Crise-De-Nerfs-Ce-Secret-Bien-Gard-Qui-Risque-De/893400 HTTP/1.1" 301 474 "-" "Mozilla/5.0 (Linux; Android 6.0.1; Nexus 5X Build/MMB29P) AppleWebKit/537.36 (KHTML, like Gecko) Chrome/146.0.7680.177 Mobile Safari/537.36 (compatible; Googlebot/2.1; +http://www.google.com/bot.html)"
66.249.66.198 - - [15/Apr/2026:11:07:28 +0200] "GET /goods/Bord-De-La-Crise-De-Nerfs-Ce-Secret-Bien-Gard-Qui-Risque-De/893400 HTTP/1.1" 404 16849 "-" "Mozilla/5.0 (Linux; Android 6.0.1; Nexus 5X Build/MMB29P) AppleWebKit/537.36 (KHTML, like Gecko) Chrome/146.0.7680.177 Mobile Safari/537.36 (compatible; Googlebot/2.1; +http://www.google.com/bot.html)"
95.216.2.94 - - [15/Apr/2026:11:09:06 +0200] "POST /wp-cron.php?doing_wp_cron=1776244146.7215979099273681640625 HTTP/1.1" 500 199 "-" "WordPress/6.9.4; http://www.eeggs.ru"
66.249.66.34 - - [15/Apr/2026:11:09:05 +0200] "GET /goods/Programmable-Num-rique-Robuste-AC-220V-1W-30A-Minuterie/1298360 HTTP/1.1" 301 471 "-" "Mozilla/5.0 (Linux; Android 6.0.1; Nexus 5X Build/MMB29P) AppleWebKit/537.36 (KHTML, like Gecko) Chrome/146.0.7680.177 Mobile Safari/537.36 (compatible; Googlebot/2.1; +http://www.google.com/bot.html)"
66.249.66.13 - - [15/Apr/2026:11:09:07 +0200] "GET /goods/Programmable-Num-rique-Robuste-AC-220V-1W-30A-Minuterie/1298360 HTTP/1.1" 404 16849 "-" "Mozilla/5.0 (Linux; Android 6.0.1; Nexus 5X Build/MMB29P) AppleWebKit/537.36 (KHTML, like Gecko) Chrome/146.0.7680.177 Mobile Safari/537.36 (compatible; Googlebot/2.1; +http://www.google.com/bot.html)"
66.249.66.167 - - [15/Apr/2026:11:09:41 +0200] "GET /goods/Huepar-S04CG-Niveau-Laser-Professionnel-4D-360-Avec-cran-LCD/456381 HTTP/1.1" 301 475 "-" "Mozilla/5.0 (Linux; Android 6.0.1; Nexus 5X Build/MMB29P) AppleWebKit/537.36 (KHTML, like Gecko) Chrome/146.0.7680.177 Mobile Safari/537.36 (compatible; Googlebot/2.1; +http://www.google.com/bot.html)"
66.249.66.13 - - [15/Apr/2026:11:09:42 +0200] "GET /goods/Huepar-S04CG-Niveau-Laser-Professionnel-4D-360-Avec-cran-LCD/456381 HTTP/1.1" 404 16849 "-" "Mozilla/5.0 (Linux; Android 6.0.1; Nexus 5X Build/MMB29P) AppleWebKit/537.36 (KHTML, like Gecko) Chrome/146.0.7680.177 Mobile Safari/537.36 (compatible; Googlebot/2.1; +http://www.google.com/bot.html)"
95.216.2.94 - - [15/Apr/2026:11:11:33 +0200] "POST /wp-cron.php?doing_wp_cron=1776244293.8400170803070068359375 HTTP/1.1" 500 199 "-" "WordPress/6.9.4; http://www.eeggs.ru"
66.249.66.168 - - [15/Apr/2026:11:11:32 +0200] "GET /goods/Bouchon-De-R-servoir-De-Carburant-X-Offroad/865724 HTTP/1.1" 301 458 "-" "Mozilla/5.0 (Linux; Android 6.0.1; Nexus 5X Build/MMB29P) AppleWebKit/537.36 (KHTML, like Gecko) Chrome/146.0.7680.177 Mobile Safari/537.36 (compatible; Googlebot/2.1; +http://www.google.com/bot.html)"
66.249.66.161 - - [15/Apr/2026:11:11:34 +0200] "GET /goods/Bouchon-De-R-servoir-De-Carburant-X-Offroad/865724 HTTP/1.1" 404 16849 "-" "Mozilla/5.0 (Linux; Android 6.0.1; Nexus 5X Build/MMB29P) AppleWebKit/537.36 (KHTML, like Gecko) Chrome/146.0.7680.177 Mobile Safari/537.36 (compatible; Googlebot/2.1; +http://www.google.com/bot.html)"
95.216.2.94 - - [15/Apr/2026:11:15:11 +0200] "POST /wp-cron.php?doing_wp_cron=1776244511.6169230937957763671875 HTTP/1.1" 500 199 "-" "WordPress/6.9.4; http://www.eeggs.ru"
185.191.171.17 - - [15/Apr/2026:11:15:10 +0200] "GET /category/web/ HTTP/1.1" 200 8843 "-" "Mozilla/5.0 (compatible; SemrushBot/7~bl; +http://www.semrush.com/bot.html)"
198.244.242.74 - - [15/Apr/2026:11:16:33 +0200] "GET /robots.txt HTTP/1.1" 200 407 "-" "Mozilla/5.0 (compatible; AhrefsBot/7.0; +http://ahrefs.com/robot/)"
95.216.2.94 - - [15/Apr/2026:11:16:44 +0200] "POST /wp-cron.php?doing_wp_cron=1776244604.0766770839691162109375 HTTP/1.1" 500 199 "-" "WordPress/6.9.4; http://www.eeggs.ru"
37.59.204.141 - - [15/Apr/2026:11:16:43 +0200] "GET /?sitemap933.xml HTTP/1.1" 301 249 "-" "Mozilla/5.0 (compatible; AhrefsBot/7.0; +http://ahrefs.com/robot/)"
37.59.204.141 - - [15/Apr/2026:11:16:44 +0200] "GET /?sitemap933.xml HTTP/1.1" 200 8112 "-" "Mozilla/5.0 (compatible; AhrefsBot/7.0; +http://ahrefs.com/robot/)"
95.216.2.94 - - [15/Apr/2026:11:17:44 +0200] "POST /wp-cron.php?doing_wp_cron=1776244664.6942670345306396484375 HTTP/1.1" 500 199 "-" "WordPress/6.9.4; http://www.eeggs.ru"
40.77.167.11 - - [15/Apr/2026:11:17:43 +0200] "GET /goods/ARTOOLS-Couteau-A-Enduire-Inox-30-Cm-Couteaux-Achat-Prix/946905 HTTP/1.1" 301 415 "-" "Mozilla/5.0 AppleWebKit/537.36 (KHTML, like Gecko; compatible; bingbot/2.0; +http://www.bing.com/bingbot.htm) Chrome/116.0.1938.76 Safari/537.36"
40.77.167.11 - - [15/Apr/2026:11:17:44 +0200] "GET /goods/Glacon-Silicone-Moules-Gla-ons-Bacs-D-moulage-Facile/1066187 HTTP/1.1" 301 412 "-" "Mozilla/5.0 AppleWebKit/537.36 (KHTML, like Gecko; compatible; bingbot/2.0; +http://www.bing.com/bingbot.htm) Chrome/116.0.1938.76 Safari/537.36"
40.77.167.48 - - [15/Apr/2026:11:17:52 +0200] "GET /goods/DKDDSSS-Porte-Cartes-De-Cr-dit-Avec-RFID-Blocage-Et-Sac-Porte/534841 HTTP/1.1" 301 420 "-" "Mozilla/5.0 AppleWebKit/537.36 (KHTML, like Gecko; compatible; bingbot/2.0; +http://www.bing.com/bingbot.htm) Chrome/116.0.1938.76 Safari/537.36"
176.36.146.80 - - [15/Apr/2026:11:17:59 +0200] "GET /web/efes/ HTTP/1.1" 200 8279 "-" "Mozilla/5.0 (compatible; Googlebot/2.1; +http://www.google.com/bot.html)"
40.77.167.48 - - [15/Apr/2026:11:18:43 +0200] "GET /goods/Obeamiu-Lot-De-2-Supports-De-Lampe-De-Bureau-Pince-En-C-Avec/1252728 HTTP/1.1" 301 420 "-" "Mozilla/5.0 AppleWebKit/537.36 (KHTML, like Gecko; compatible; bingbot/2.0; +http://www.bing.com/bingbot.htm) Chrome/116.0.1938.76 Safari/537.36"
95.216.2.94 - - [15/Apr/2026:11:18:48 +0200] "POST /wp-cron.php?doing_wp_cron=1776244728.9310419559478759765625 HTTP/1.1" 500 199 "-" "WordPress/6.9.4; http://www.eeggs.ru"
40.77.167.11 - - [15/Apr/2026:11:18:48 +0200] "GET /goods/Enfants-En-Laine-quot-Shanna/720053 HTTP/1.1" 301 387 "-" "Mozilla/5.0 AppleWebKit/537.36 (KHTML, like Gecko; compatible; bingbot/2.0; +http://www.bing.com/bingbot.htm) Chrome/116.0.1938.76 Safari/537.36"
40.77.167.11 - - [15/Apr/2026:11:18:49 +0200] "GET /goods/Temps-De-Pousse-Gazon-Astuces-Pour-Une-Verdure-Rapide/718213 HTTP/1.1" 301 412 "-" "Mozilla/5.0 AppleWebKit/537.36 (KHTML, like Gecko; compatible; bingbot/2.0; +http://www.bing.com/bingbot.htm) Chrome/116.0.1938.76 Safari/537.36"
40.77.167.11 - - [15/Apr/2026:11:18:50 +0200] "GET /goods/De-Desecante-De-Gel-De-S-lice-De-0-18-Oz-Paquetes-Indicadores/771947 HTTP/1.1" 301 420 "-" "Mozilla/5.0 AppleWebKit/537.36 (KHTML, like Gecko; compatible; bingbot/2.0; +http://www.bing.com/bingbot.htm) Chrome/116.0.1938.76 Safari/537.36"
40.77.167.11 - - [15/Apr/2026:11:18:51 +0200] "GET /goods/10-Feuilles-Carnet-Avec-Grenade-Et-Lisse-Double-Face/454039 HTTP/1.1" 301 411 "-" "Mozilla/5.0 AppleWebKit/537.36 (KHTML, like Gecko; compatible; bingbot/2.0; +http://www.bing.com/bingbot.htm) Chrome/116.0.1938.76 Safari/537.36"
40.77.167.11 - - [15/Apr/2026:11:18:52 +0200] "GET /goods/Grue-Jeu-Avec-5-Figurines-EUR/736349 HTTP/1.1" 301 388 "-" "Mozilla/5.0 AppleWebKit/537.36 (KHTML, like Gecko; compatible; bingbot/2.0; +http://www.bing.com/bingbot.htm) Chrome/116.0.1938.76 Safari/537.36"
40.77.167.48 - - [15/Apr/2026:11:19:09 +0200] "GET /goods/Ventilateur-Pour-Vitres-Avec-Ouverture-Et-Fermeture-Avec-Filet/1053496 HTTP/1.1" 301 422 "-" "Mozilla/5.0 AppleWebKit/537.36 (KHTML, like Gecko; compatible; bingbot/2.0; +http://www.bing.com/bingbot.htm) Chrome/116.0.1938.76 Safari/537.36"
40.77.167.48 - - [15/Apr/2026:11:19:10 +0200] "GET /goods/4-Pi-ces-3-Petites-Et-1-Grande/1009106 HTTP/1.1" 301 390 "-" "Mozilla/5.0 AppleWebKit/537.36 (KHTML, like Gecko; compatible; bingbot/2.0; +http://www.bing.com/bingbot.htm) Chrome/116.0.1938.76 Safari/537.36"
40.77.167.48 - - [15/Apr/2026:11:19:11 +0200] "GET /goods/RM35JA32MW-Harmony-RM35-J-Relais-De-Contr-le-De-Courant/1171299 HTTP/1.1" 301 415 "-" "Mozilla/5.0 AppleWebKit/537.36 (KHTML, like Gecko; compatible; bingbot/2.0; +http://www.bing.com/bingbot.htm) Chrome/116.0.1938.76 Safari/537.36"
95.216.2.94 - - [15/Apr/2026:11:20:30 +0200] "POST /wp-cron.php?doing_wp_cron=1776244830.3532409667968750000000 HTTP/1.1" 500 199 "-" "WordPress/6.9.4; http://www.eeggs.ru"
66.249.66.198 - - [15/Apr/2026:11:20:29 +0200] "GET /goods/Broche-Oseau-En-mal-Et-Strass-Etsy-France/464916 HTTP/1.1" 301 456 "-" "Mozilla/5.0 (Linux; Android 6.0.1; Nexus 5X Build/MMB29P) AppleWebKit/537.36 (KHTML, like Gecko) Chrome/146.0.7680.177 Mobile Safari/537.36 (compatible; Googlebot/2.1; +http://www.google.com/bot.html)"
66.249.66.75 - - [15/Apr/2026:11:20:30 +0200] "GET /goods/Broche-Oseau-En-mal-Et-Strass-Etsy-France/464916 HTTP/1.1" 404 16849 "-" "Mozilla/5.0 (Linux; Android 6.0.1; Nexus 5X Build/MMB29P) AppleWebKit/537.36 (KHTML, like Gecko) Chrome/146.0.7680.177 Mobile Safari/537.36 (compatible; Googlebot/2.1; +http://www.google.com/bot.html)"
77.75.78.163 - - [15/Apr/2026:11:20:54 +0200] "GET /?sitemap933.xml HTTP/1.1" 301 305 "-" "Mozilla/5.0 (compatible; SeznamBot/4.0; +https://o-seznam.cz/napoveda/vyhledavani/en/seznambot-crawler/)"
52.167.144.175 - - [15/Apr/2026:11:21:27 +0200] "GET /wp-comments-post.php HTTP/1.1" 500 199 "-" "Mozilla/5.0 AppleWebKit/537.36 (KHTML, like Gecko; compatible; bingbot/2.0; +http://www.bing.com/bingbot.htm) Chrome/116.0.1938.76 Safari/537.36"
95.216.2.94 - - [15/Apr/2026:11:22:32 +0200] "POST /wp-cron.php?doing_wp_cron=1776244952.5402300357818603515625 HTTP/1.1" 500 199 "-" "WordPress/6.9.4; http://www.eeggs.ru"
66.249.66.3 - - [15/Apr/2026:11:22:31 +0200] "GET /goods/De-Coffre-De-V-lo-20-L-Sac-De-Rangeent-Pour-V-lo-Sac/899546 HTTP/1.1" 301 467 "-" "Mozilla/5.0 (Linux; Android 6.0.1; Nexus 5X Build/MMB29P) AppleWebKit/537.36 (KHTML, like Gecko) Chrome/146.0.7680.177 Mobile Safari/537.36 (compatible; Googlebot/2.1; +http://www.google.com/bot.html)"
66.249.66.39 - - [15/Apr/2026:11:22:32 +0200] "GET /goods/De-Coffre-De-V-lo-20-L-Sac-De-Rangeent-Pour-V-lo-Sac/899546 HTTP/1.1" 404 16849 "-" "Mozilla/5.0 (Linux; Android 6.0.1; Nexus 5X Build/MMB29P) AppleWebKit/537.36 (KHTML, like Gecko) Chrome/146.0.7680.177 Mobile Safari/537.36 (compatible; Googlebot/2.1; +http://www.google.com/bot.html)"
66.249.66.33 - - [15/Apr/2026:11:22:35 +0200] "GET /goods/2-Blocs-De-Taraudage-En-Poly-thyl-ne-Haute-Densit/468290 HTTP/1.1" 301 464 "-" "Mozilla/5.0 (Linux; Android 6.0.1; Nexus 5X Build/MMB29P) AppleWebKit/537.36 (KHTML, like Gecko) Chrome/146.0.7680.177 Mobile Safari/537.36 (compatible; Googlebot/2.1; +http://www.google.com/bot.html)"
66.249.66.38 - - [15/Apr/2026:11:22:36 +0200] "GET /goods/2-Blocs-De-Taraudage-En-Poly-thyl-ne-Haute-Densit/468290 HTTP/1.1" 404 16849 "-" "Mozilla/5.0 (Linux; Android 6.0.1; Nexus 5X Build/MMB29P) AppleWebKit/537.36 (KHTML, like Gecko) Chrome/146.0.7680.177 Mobile Safari/537.36 (compatible; Googlebot/2.1; +http://www.google.com/bot.html)"
66.249.66.66 - - [15/Apr/2026:11:23:11 +0200] "GET /goods/Riz-Basmati-Taureau-Ail-Vente-En-Ligne/1157894 HTTP/1.1" 301 454 "-" "Mozilla/5.0 (Linux; Android 6.0.1; Nexus 5X Build/MMB29P) AppleWebKit/537.36 (KHTML, like Gecko) Chrome/146.0.7680.177 Mobile Safari/537.36 (compatible; GoogleOther)"
66.249.66.198 - - [15/Apr/2026:11:23:12 +0200] "GET /goods/Riz-Basmati-Taureau-Ail-Vente-En-Ligne/1157894 HTTP/1.1" 404 16860 "-" "Mozilla/5.0 (Linux; Android 6.0.1; Nexus 5X Build/MMB29P) AppleWebKit/537.36 (KHTML, like Gecko) Chrome/146.0.7680.177 Mobile Safari/537.36 (compatible; GoogleOther)"
43.134.73.5 - - [15/Apr/2026:11:23:30 +0200] "GET / HTTP/1.1" 301 253 "-" "Mozilla/5.0 (iPhone; CPU iPhone OS 13_2_3 like Mac OS X) AppleWebKit/605.1.15 (KHTML, like Gecko) Version/13.0.3 Mobile/15E148 Safari/604.1"
95.216.2.94 - - [15/Apr/2026:11:23:33 +0200] "POST /wp-cron.php?doing_wp_cron=1776245013.2435240745544433593750 HTTP/1.1" 500 199 "-" "WordPress/6.9.4; http://www.eeggs.ru"
43.134.73.5 - - [15/Apr/2026:11:23:32 +0200] "GET / HTTP/1.1" 200 8201 "http://eeggs.ru" "Mozilla/5.0 (iPhone; CPU iPhone OS 13_2_3 like Mac OS X) AppleWebKit/605.1.15 (KHTML, like Gecko) Version/13.0.3 Mobile/15E148 Safari/604.1"
95.216.2.94 - - [15/Apr/2026:11:24:34 +0200] "POST /wp-cron.php?doing_wp_cron=1776245074.5237801074981689453125 HTTP/1.1" 500 199 "-" "WordPress/6.9.4; http://www.eeggs.ru"
66.249.66.167 - - [15/Apr/2026:11:24:33 +0200] "GET /goods/Riz-Basmati-Taureau-Ail-Vente-En-Ligne/1157894 HTTP/1.1" 301 454 "-" "Mozilla/5.0 (Linux; Android 6.0.1; Nexus 5X Build/MMB29P) AppleWebKit/537.36 (KHTML, like Gecko) Chrome/146.0.7680.177 Mobile Safari/537.36 (compatible; Googlebot/2.1; +http://www.google.com/bot.html)"
66.249.66.39 - - [15/Apr/2026:11:24:34 +0200] "GET /goods/Riz-Basmati-Taureau-Ail-Vente-En-Ligne/1157894 HTTP/1.1" 404 16849 "-" "Mozilla/5.0 (Linux; Android 6.0.1; Nexus 5X Build/MMB29P) AppleWebKit/537.36 (KHTML, like Gecko) Chrome/146.0.7680.177 Mobile Safari/537.36 (compatible; Googlebot/2.1; +http://www.google.com/bot.html)"
95.216.2.94 - - [15/Apr/2026:11:25:56 +0200] "POST /wp-cron.php?doing_wp_cron=1776245156.5418488979339599609375 HTTP/1.1" 500 199 "-" "WordPress/6.9.4; http://www.eeggs.ru"
66.249.66.4 - - [15/Apr/2026:11:25:55 +0200] "GET /goods/LES-FORMIGUETES-EL-PARDALET-FERIT/906991 HTTP/1.1" 301 448 "-" "Mozilla/5.0 (Linux; Android 6.0.1; Nexus 5X Build/MMB29P) AppleWebKit/537.36 (KHTML, like Gecko) Chrome/146.0.7680.177 Mobile Safari/537.36 (compatible; Googlebot/2.1; +http://www.google.com/bot.html)"
66.249.66.37 - - [15/Apr/2026:11:25:56 +0200] "GET /goods/LES-FORMIGUETES-EL-PARDALET-FERIT/906991 HTTP/1.1" 404 16849 "-" "Mozilla/5.0 (Linux; Android 6.0.1; Nexus 5X Build/MMB29P) AppleWebKit/537.36 (KHTML, like Gecko) Chrome/146.0.7680.177 Mobile Safari/537.36 (compatible; Googlebot/2.1; +http://www.google.com/bot.html)"
195.2.67.184 - - [15/Apr/2026:11:26:47 +0200] "GET /web/efes/ HTTP/1.0" 200 24524 "http://www.eeggs.ru/web/efes/" "Mozilla/5.0 (Windows NT 10.0; Win64; x64) AppleWebKit/537.36 (KHTML, like Gecko) Chrome/131.0.0.0 Safari/537.36"
195.2.67.184 - - [15/Apr/2026:11:26:48 +0200] "POST /wp-comments-post.php HTTP/1.0" 500 166 "http://www.eeggs.ru/web/efes/" "Mozilla/5.0 (Windows NT 10.0; Win64; x64) AppleWebKit/537.36 (KHTML, like Gecko) Chrome/131.0.0.0 Safari/537.36"
