95.216.2.94 - - [15/Apr/2026:01:07:56 +0200] "POST /wp-cron.php?doing_wp_cron=1776208076.4053649902343750000000 HTTP/1.1" 500 199 "-" "WordPress/6.9.4; http://www.eeggs.ru"
66.249.66.33 - - [15/Apr/2026:01:07:55 +0200] "GET /goods/URBAN-CLASSICS-Strickjacke-Urban-Classics-Damen-Ladies-Hooded/582385 HTTP/1.1" 301 476 "-" "Mozilla/5.0 (Linux; Android 6.0.1; Nexus 5X Build/MMB29P) AppleWebKit/537.36 (KHTML, like Gecko) Chrome/146.0.7680.177 Mobile Safari/537.36 (compatible; Googlebot/2.1; +http://www.google.com/bot.html)"
66.249.66.198 - - [15/Apr/2026:01:07:56 +0200] "GET /goods/URBAN-CLASSICS-Strickjacke-Urban-Classics-Damen-Ladies-Hooded/582385 HTTP/1.1" 404 16849 "-" "Mozilla/5.0 (Linux; Android 6.0.1; Nexus 5X Build/MMB29P) AppleWebKit/537.36 (KHTML, like Gecko) Chrome/146.0.7680.177 Mobile Safari/537.36 (compatible; Googlebot/2.1; +http://www.google.com/bot.html)"
95.216.2.94 - - [15/Apr/2026:01:09:27 +0200] "POST /wp-cron.php?doing_wp_cron=1776208167.8235859870910644531250 HTTP/1.1" 500 199 "-" "WordPress/6.9.4; http://www.eeggs.ru"
216.73.216.41 - - [15/Apr/2026:01:09:27 +0200] "GET / HTTP/1.1" 301 290 "-" "Mozilla/5.0 AppleWebKit/537.36 (KHTML, like Gecko; compatible; ClaudeBot/1.0; +claudebot@anthropic.com)"
216.73.216.41 - - [15/Apr/2026:01:09:30 +0200] "GET / HTTP/1.1" 200 8238 "http://eeggs.ru/" "Mozilla/5.0 AppleWebKit/537.36 (KHTML, like Gecko; compatible; ClaudeBot/1.0; +claudebot@anthropic.com)"
216.244.66.243 - - [15/Apr/2026:01:09:53 +0200] "GET /robots.txt HTTP/1.1" 200 574 "-" "Mozilla/5.0 (compatible; DotBot/1.2; +https://opensiteexplorer.org/dotbot; help@moz.com)"
95.216.2.94 - - [15/Apr/2026:01:10:45 +0200] "POST /wp-cron.php?doing_wp_cron=1776208245.8077020645141601562500 HTTP/1.1" 500 199 "-" "WordPress/6.9.4; http://www.eeggs.ru"
176.36.146.80 - - [15/Apr/2026:01:10:45 +0200] "GET /os/windows-vista-disc-holographic-pictures/ HTTP/1.0" 200 26014 "http://www.eeggs.ru/os/windows-vista-disc-holographic-pictures/" "Mozilla/5.0 (Windows NT 10.0; Win64; x64) AppleWebKit/537.36 (KHTML, like Gecko) Chrome/129.0.0.0 Safari/537.36"
176.36.146.80 - - [15/Apr/2026:01:10:46 +0200] "POST /wp-comments-post.php HTTP/1.0" 500 166 "http://www.eeggs.ru/os/windows-vista-disc-holographic-pictures/" "Mozilla/5.0 (Windows NT 10.0; Win64; x64) AppleWebKit/537.36 (KHTML, like Gecko) Chrome/129.0.0.0 Safari/537.36"
95.216.2.94 - - [15/Apr/2026:01:11:48 +0200] "POST /wp-cron.php?doing_wp_cron=1776208308.4190120697021484375000 HTTP/1.1" 500 199 "-" "WordPress/6.9.4; http://www.eeggs.ru"
94.154.35.236 - - [15/Apr/2026:01:11:47 +0200] "HEAD /bkup.tar.gz HTTP/1.1" 301 343 "-" "Mozilla/5.0 (Windows NT 10.0; Win64; x64) AppleWebKit/537.36 (KHTML, like Gecko) Chrome/101.0.4951.67 Safari/537.36"
94.154.35.236 - - [15/Apr/2026:01:11:49 +0200] "HEAD /bkup.tar.gz HTTP/1.1" 404 330 "-" "Mozilla/5.0 (Windows NT 10.0; Win64; x64) AppleWebKit/537.36 (KHTML, like Gecko) Chrome/101.0.4951.67 Safari/537.36"
66.249.66.32 - - [15/Apr/2026:01:12:26 +0200] "GET /goods/Pour-Basket-Football-Volley-Ball-Sac-De-Transport-De-Football/988102 HTTP/1.1" 301 476 "-" "Mozilla/5.0 (Linux; Android 6.0.1; Nexus 5X Build/MMB29P) AppleWebKit/537.36 (KHTML, like Gecko) Chrome/146.0.7680.177 Mobile Safari/537.36 (compatible; Googlebot/2.1; +http://www.google.com/bot.html)"
66.249.66.198 - - [15/Apr/2026:01:12:27 +0200] "GET /goods/Pour-Basket-Football-Volley-Ball-Sac-De-Transport-De-Football/988102 HTTP/1.1" 404 16849 "-" "Mozilla/5.0 (Linux; Android 6.0.1; Nexus 5X Build/MMB29P) AppleWebKit/537.36 (KHTML, like Gecko) Chrome/146.0.7680.177 Mobile Safari/537.36 (compatible; Googlebot/2.1; +http://www.google.com/bot.html)"
95.216.2.94 - - [15/Apr/2026:01:13:03 +0200] "POST /wp-cron.php?doing_wp_cron=1776208383.7915658950805664062500 HTTP/1.1" 500 199 "-" "WordPress/6.9.4; http://www.eeggs.ru"
40.77.167.8 - - [15/Apr/2026:01:13:02 +0200] "GET /goods/Pneu-16-X-6-5u20138-Cha-nes-2-Link-Pour-John-Deere-F-GX-LX-S/1060845 HTTP/1.1" 301 420 "-" "Mozilla/5.0 AppleWebKit/537.36 (KHTML, like Gecko; compatible; bingbot/2.0; +http://www.bing.com/bingbot.htm) Chrome/116.0.1938.76 Safari/537.36"
40.77.167.8 - - [15/Apr/2026:01:13:04 +0200] "GET /goods/MET-M-talliques-Machine-Coudre-Schmetz-Vente-En-Ligne/627117 HTTP/1.1" 301 412 "-" "Mozilla/5.0 AppleWebKit/537.36 (KHTML, like Gecko; compatible; bingbot/2.0; +http://www.bing.com/bingbot.htm) Chrome/116.0.1938.76 Safari/537.36"
66.249.66.33 - - [15/Apr/2026:01:13:33 +0200] "GET /goods/Crisant-Coque-Pour-Motorola-Moto-E13-Noir-Souple-TPU-Anti-Chute/438278 HTTP/1.1" 301 478 "-" "Mozilla/5.0 (Linux; Android 6.0.1; Nexus 5X Build/MMB29P) AppleWebKit/537.36 (KHTML, like Gecko) Chrome/146.0.7680.177 Mobile Safari/537.36 (compatible; Googlebot/2.1; +http://www.google.com/bot.html)"
66.249.66.198 - - [15/Apr/2026:01:13:34 +0200] "GET /goods/Crisant-Coque-Pour-Motorola-Moto-E13-Noir-Souple-TPU-Anti-Chute/438278 HTTP/1.1" 404 16849 "-" "Mozilla/5.0 (Linux; Android 6.0.1; Nexus 5X Build/MMB29P) AppleWebKit/537.36 (KHTML, like Gecko) Chrome/146.0.7680.177 Mobile Safari/537.36 (compatible; Googlebot/2.1; +http://www.google.com/bot.html)"
95.216.2.94 - - [15/Apr/2026:01:14:13 +0200] "POST /wp-cron.php?doing_wp_cron=1776208453.4733309745788574218750 HTTP/1.1" 500 199 "-" "WordPress/6.9.4; http://www.eeggs.ru"
176.36.146.80 - - [15/Apr/2026:01:14:12 +0200] "GET /web/efes/ HTTP/1.1" 200 8233 "-" "Mozilla/5.0 (compatible; Googlebot/2.1; +http://www.google.com/bot.html)"
95.216.2.94 - - [15/Apr/2026:01:15:31 +0200] "POST /wp-cron.php?doing_wp_cron=1776208531.2170870304107666015625 HTTP/1.1" 500 199 "-" "WordPress/6.9.4; http://www.eeggs.ru"
66.249.66.32 - - [15/Apr/2026:01:15:30 +0200] "GET /goods/De-Danse-De-Salon-Marque-Diamant-Mod-le-107-013/631764 HTTP/1.1" 301 462 "-" "Mozilla/5.0 (Linux; Android 6.0.1; Nexus 5X Build/MMB29P) AppleWebKit/537.36 (KHTML, like Gecko) Chrome/146.0.7680.177 Mobile Safari/537.36 (compatible; Googlebot/2.1; +http://www.google.com/bot.html)"
66.249.66.199 - - [15/Apr/2026:01:15:31 +0200] "GET /goods/De-Danse-De-Salon-Marque-Diamant-Mod-le-107-013/631764 HTTP/1.1" 404 16849 "-" "Mozilla/5.0 (Linux; Android 6.0.1; Nexus 5X Build/MMB29P) AppleWebKit/537.36 (KHTML, like Gecko) Chrome/146.0.7680.177 Mobile Safari/537.36 (compatible; Googlebot/2.1; +http://www.google.com/bot.html)"
216.244.66.243 - - [15/Apr/2026:01:15:46 +0200] "GET /software/yahoo/ HTTP/1.1" 301 288 "-" "Mozilla/5.0 (compatible; DotBot/1.2; +https://opensiteexplorer.org/dotbot; help@moz.com)"
146.103.99.150 - - [15/Apr/2026:01:16:21 +0200] "GET /web/efes/ HTTP/1.0" 200 24525 "http://www.eeggs.ru/web/efes/#comment-323475/" "Mozilla/5.0 (Windows NT 10.0; Win64; x64) AppleWebKit/537.36 (KHTML, like Gecko) Chrome/131.0.0.0 Safari/537.36"
146.103.99.150 - - [15/Apr/2026:01:16:22 +0200] "POST /wp-comments-post.php HTTP/1.0" 500 166 "http://www.eeggs.ru/web/efes/#comment-323475/" "Mozilla/5.0 (Windows NT 10.0; Win64; x64) AppleWebKit/537.36 (KHTML, like Gecko) Chrome/131.0.0.0 Safari/537.36"
95.216.2.94 - - [15/Apr/2026:01:17:30 +0200] "POST /wp-cron.php?doing_wp_cron=1776208650.1845149993896484375000 HTTP/1.1" 500 199 "-" "WordPress/6.9.4; http://www.eeggs.ru"
66.249.66.32 - - [15/Apr/2026:01:17:29 +0200] "GET /goods/URBAN-CLASSICS-Strickjacke-Urban-Classics-Damen-Ladies-Hooded/582385 HTTP/1.1" 301 476 "-" "Mozilla/5.0 (Linux; Android 6.0.1; Nexus 5X Build/MMB29P) AppleWebKit/537.36 (KHTML, like Gecko) Chrome/146.0.7680.177 Mobile Safari/537.36 (compatible; Googlebot/2.1; +http://www.google.com/bot.html)"
66.249.66.199 - - [15/Apr/2026:01:17:30 +0200] "GET /goods/URBAN-CLASSICS-Strickjacke-Urban-Classics-Damen-Ladies-Hooded/582385 HTTP/1.1" 404 16849 "-" "Mozilla/5.0 (Linux; Android 6.0.1; Nexus 5X Build/MMB29P) AppleWebKit/537.36 (KHTML, like Gecko) Chrome/146.0.7680.177 Mobile Safari/537.36 (compatible; Googlebot/2.1; +http://www.google.com/bot.html)"
66.249.66.33 - - [15/Apr/2026:01:17:59 +0200] "GET /goods/100-Hypoallerg-niques-R-sistants-Aux-Acariens-Avec-Housse-En/759764 HTTP/1.1" 301 475 "-" "Mozilla/5.0 (Linux; Android 6.0.1; Nexus 5X Build/MMB29P) AppleWebKit/537.36 (KHTML, like Gecko) Chrome/146.0.7680.177 Mobile Safari/537.36 (compatible; Googlebot/2.1; +http://www.google.com/bot.html)"
66.249.66.198 - - [15/Apr/2026:01:18:01 +0200] "GET /goods/100-Hypoallerg-niques-R-sistants-Aux-Acariens-Avec-Housse-En/759764 HTTP/1.1" 404 16857 "-" "Mozilla/5.0 (Linux; Android 6.0.1; Nexus 5X Build/MMB29P) AppleWebKit/537.36 (KHTML, like Gecko) Chrome/146.0.7680.177 Mobile Safari/537.36 (compatible; Googlebot/2.1; +http://www.google.com/bot.html)"
66.249.66.198 - - [15/Apr/2026:01:18:10 +0200] "GET /web/efes/ HTTP/1.1" 200 8232 "-" "Mozilla/5.0 (compatible; Googlebot/2.1; +http://www.google.com/bot.html)"
95.216.2.94 - - [15/Apr/2026:01:19:13 +0200] "POST /wp-cron.php?doing_wp_cron=1776208753.1343309879302978515625 HTTP/1.1" 500 199 "-" "WordPress/6.9.4; http://www.eeggs.ru"
40.77.167.1 - - [15/Apr/2026:01:19:12 +0200] "GET /goods/BENFEI-M-2-NVME-SATA-SSD-Geh-use-10-Gbit-s-USB-Typ-C-Typ-A-Zu/420751 HTTP/1.1" 301 420 "-" "Mozilla/5.0 AppleWebKit/537.36 (KHTML, like Gecko; compatible; bingbot/2.0; +http://www.bing.com/bingbot.htm) Chrome/116.0.1938.76 Safari/537.36"
66.249.66.33 - - [15/Apr/2026:01:19:45 +0200] "GET /goods/Du-Cu0153ur-Humain-Anatomie-Et-Physiologie-3B-Scientific/959128 HTTP/1.1" 301 471 "-" "Mozilla/5.0 (Linux; Android 6.0.1; Nexus 5X Build/MMB29P) AppleWebKit/537.36 (KHTML, like Gecko) Chrome/146.0.7680.177 Mobile Safari/537.36 (compatible; Googlebot/2.1; +http://www.google.com/bot.html)"
66.249.66.199 - - [15/Apr/2026:01:19:46 +0200] "GET /goods/Du-Cu0153ur-Humain-Anatomie-Et-Physiologie-3B-Scientific/959128 HTTP/1.1" 404 16849 "-" "Mozilla/5.0 (Linux; Android 6.0.1; Nexus 5X Build/MMB29P) AppleWebKit/537.36 (KHTML, like Gecko) Chrome/146.0.7680.177 Mobile Safari/537.36 (compatible; Googlebot/2.1; +http://www.google.com/bot.html)"
40.77.167.58 - - [15/Apr/2026:01:20:49 +0200] "GET /wp-content/languages/plugins/get/get.php?i=800x600x24x10xAmerica/Los_Angeles/ANGLE(Google,Vulkan1.3.0(SwiftShaderDevice(Subzero)(0x0000C0DE)),SwiftShaderdriver) HTTP/1.1" 404 202 "-" "Mozilla/5.0 AppleWebKit/537.36 (KHTML, like Gecko; compatible; bingbot/2.0; +http://www.bing.com/bingbot.htm) Chrome/116.0.1938.76 Safari/537.36"
95.216.2.94 - - [15/Apr/2026:01:23:54 +0200] "POST /wp-cron.php?doing_wp_cron=1776209034.4728019237518310546875 HTTP/1.1" 500 199 "-" "WordPress/6.9.4; http://www.eeggs.ru"
204.12.208.18 - - [15/Apr/2026:01:23:53 +0200] "GET /wp-includes/bre6295f/index.php HTTP/1.1" 301 423 "http://eeggs.ru/wp-includes/bre6295f/index.php" "Mozilla/5.0 (Macintosh; U; PPC Mac OS X; ja-jp) AppleWebKit/523.12.2 (KHTML, like Gecko) Version/3.0.4 Safari/523.12.2"
204.12.208.18 - - [15/Apr/2026:01:23:55 +0200] "GET /wp-includes/bre6295f/ HTTP/1.1" 404 16860 "http://eeggs.ru/wp-includes/bre6295f/index.php" "Mozilla/5.0 (Macintosh; U; PPC Mac OS X; ja-jp) AppleWebKit/523.12.2 (KHTML, like Gecko) Version/3.0.4 Safari/523.12.2"
95.216.2.94 - - [15/Apr/2026:01:26:02 +0200] "POST /wp-cron.php?doing_wp_cron=1776209162.0940749645233154296875 HTTP/1.1" 500 199 "-" "WordPress/6.9.4; http://www.eeggs.ru"
104.252.28.180 - - [15/Apr/2026:01:26:01 +0200] "GET /web/home-corbina/ HTTP/1.1" 200 8255 "-" "python-httpx/0.28.1"
95.216.2.94 - - [15/Apr/2026:01:27:07 +0200] "POST /wp-cron.php?doing_wp_cron=1776209227.4539070129394531250000 HTTP/1.1" 500 199 "-" "WordPress/6.9.4; http://www.eeggs.ru"
31.56.138.140 - - [15/Apr/2026:01:27:06 +0200] "GET /web/privet-yandeksa-konkurentam/ HTTP/1.1" 200 7902 "-" "python-httpx/0.28.1"
52.167.144.23 - - [15/Apr/2026:01:27:47 +0200] "GET /goods/The-Cruise-Of-The-Snark-A-Real-Life-South-Seas-Adventure-By-Jack/1197387 HTTP/1.1" 301 424 "-" "Mozilla/5.0 AppleWebKit/537.36 (KHTML, like Gecko; compatible; bingbot/2.0; +http://www.bing.com/bingbot.htm) Chrome/116.0.1938.76 Safari/537.36"
52.167.144.23 - - [15/Apr/2026:01:27:49 +0200] "GET /goods/Bagages-En-ABS-Avec-4-Roulettes-Et-Serrure-TSA-55cm-Bagage/883659 HTTP/1.1" 301 417 "-" "Mozilla/5.0 AppleWebKit/537.36 (KHTML, like Gecko; compatible; bingbot/2.0; +http://www.bing.com/bingbot.htm) Chrome/116.0.1938.76 Safari/537.36"
52.167.144.23 - - [15/Apr/2026:01:27:50 +0200] "GET /goods/De-Yoga-Sans-Couture-Pour-Femme-tenues-D-039-entra-nement/1179996 HTTP/1.1" 301 417 "-" "Mozilla/5.0 AppleWebKit/537.36 (KHTML, like Gecko; compatible; bingbot/2.0; +http://www.bing.com/bingbot.htm) Chrome/116.0.1938.76 Safari/537.36"
95.216.2.94 - - [15/Apr/2026:01:28:53 +0200] "POST /wp-cron.php?doing_wp_cron=1776209333.3453519344329833984375 HTTP/1.1" 500 199 "-" "WordPress/6.9.4; http://www.eeggs.ru"
40.77.167.44 - - [15/Apr/2026:01:28:52 +0200] "GET /goods/LOT-DE-3-PO-LES-FRIRE-20-24-28CM-EN-ALUMINIUM-FORG-LOT/608084 HTTP/1.1" 301 413 "-" "Mozilla/5.0 AppleWebKit/537.36 (KHTML, like Gecko; compatible; bingbot/2.0; +http://www.bing.com/bingbot.htm) Chrome/116.0.1938.76 Safari/537.36"
52.167.144.23 - - [15/Apr/2026:01:28:58 +0200] "GET /goods/Centrage-70-4-gt-66-6mm-Marron-4-Pi-ces/502806 HTTP/1.1" 301 398 "-" "Mozilla/5.0 AppleWebKit/537.36 (KHTML, like Gecko; compatible; bingbot/2.0; +http://www.bing.com/bingbot.htm) Chrome/116.0.1938.76 Safari/537.36"
40.77.179.180 - - [15/Apr/2026:01:37:18 +0200] "GET /wp-content/languages/plugins/get/get.php?i=800x600x24x8xAmerica/Los_Angeles/ANGLE(Google,Vulkan1.3.0(SwiftShaderDevice(Subzero)(0x0000C0DE)),SwiftShaderdriver) HTTP/1.1" 200 406 "http://www.eeggs.ru/other/osmp-ny/" "Mozilla/5.0 AppleWebKit/537.36 (KHTML, like Gecko; compatible; bingbot/2.0; +http://www.bing.com/bingbot.htm) Chrome/136.0.0.0 Safari/537.36"
95.216.2.94 - - [15/Apr/2026:01:37:32 +0200] "POST /wp-cron.php?doing_wp_cron=1776209852.5224978923797607421875 HTTP/1.1" 500 199 "-" "WordPress/6.9.4; http://www.eeggs.ru"
45.39.20.215 - - [15/Apr/2026:01:37:31 +0200] "GET /films/apocalypto/ HTTP/1.1" 200 8341 "-" "python-httpx/0.28.1"
95.216.2.94 - - [15/Apr/2026:01:38:38 +0200] "POST /wp-cron.php?doing_wp_cron=1776209918.9650080204010009765625 HTTP/1.1" 500 199 "-" "WordPress/6.9.4; http://www.eeggs.ru"
94.154.35.236 - - [15/Apr/2026:01:38:38 +0200] "HEAD /bkup.zip HTTP/1.1" 301 340 "-" "Mozilla/5.0 (Windows NT 10.0; Win64; x64) AppleWebKit/537.36 (KHTML, like Gecko) Chrome/101.0.4951.67 Safari/537.36"
94.154.35.236 - - [15/Apr/2026:01:38:39 +0200] "HEAD /bkup.zip HTTP/1.1" 404 330 "-" "Mozilla/5.0 (Windows NT 10.0; Win64; x64) AppleWebKit/537.36 (KHTML, like Gecko) Chrome/101.0.4951.67 Safari/537.36"
144.76.32.190 - - [15/Apr/2026:01:41:54 +0200] "GET /robots.txt HTTP/1.1" 200 463 "-" "Mozilla/5.0 (compatible; SERankingBacklinksBot/1.0; +https://seranking.com/backlinks-crawler)"
95.216.2.94 - - [15/Apr/2026:01:41:55 +0200] "POST /wp-cron.php?doing_wp_cron=1776210115.1377100944519042968750 HTTP/1.1" 500 199 "-" "WordPress/6.9.4; http://www.eeggs.ru"
144.76.32.190 - - [15/Apr/2026:01:41:54 +0200] "GET /goods/En-Bois-Sans-Traverse/526720 HTTP/1.1" 301 436 "-" "Mozilla/5.0 (compatible; SERankingBacklinksBot/1.0; +https://seranking.com/backlinks-crawler)"
144.76.32.190 - - [15/Apr/2026:01:41:55 +0200] "GET /robots.txt HTTP/1.1" 200 463 "-" "Mozilla/5.0 (compatible; SERankingBacklinksBot/1.0; +https://seranking.com/backlinks-crawler)"
144.76.32.190 - - [15/Apr/2026:01:41:55 +0200] "GET /goods/En-Bois-Sans-Traverse/526720 HTTP/1.1" 404 16860 "-" "Mozilla/5.0 (compatible; SERankingBacklinksBot/1.0; +https://seranking.com/backlinks-crawler)"
152.228.220.143 - - [15/Apr/2026:01:42:11 +0200] "GET /software/tetris-v-utorrent/feed/ HTTP/1.1" 200 1531 "-" "Mozilla/5.0 (X11; Linux i686) AppleWebKit/537.36 (KHTML, like Gecko) Chrome/30.0.1599.66 Safari/537.36"
47.128.60.33 - - [15/Apr/2026:01:42:47 +0200] "GET /robots.txt HTTP/1.1" 200 426 "-" "Mozilla/5.0 (Linux; Android 5.0) AppleWebKit/537.36 (KHTML, like Gecko) Mobile Safari/537.36 (compatible; Bytespider; spider-feedback@bytedance.com)"
95.216.2.94 - - [15/Apr/2026:01:43:36 +0200] "POST /wp-cron.php?doing_wp_cron=1776210216.4926478862762451171875 HTTP/1.1" 500 199 "-" "WordPress/6.9.4; http://www.eeggs.ru"
66.249.66.34 - - [15/Apr/2026:01:43:35 +0200] "GET /goods/0-7L-Bol-2-Vitesses-Lame/718267 HTTP/1.1" 301 439 "-" "Mozilla/5.0 (Linux; Android 6.0.1; Nexus 5X Build/MMB29P) AppleWebKit/537.36 (KHTML, like Gecko) Chrome/146.0.7680.177 Mobile Safari/537.36 (compatible; Googlebot/2.1; +http://www.google.com/bot.html)"
66.249.66.198 - - [15/Apr/2026:01:43:36 +0200] "GET /goods/0-7L-Bol-2-Vitesses-Lame/718267 HTTP/1.1" 404 16849 "-" "Mozilla/5.0 (Linux; Android 6.0.1; Nexus 5X Build/MMB29P) AppleWebKit/537.36 (KHTML, like Gecko) Chrome/146.0.7680.177 Mobile Safari/537.36 (compatible; Googlebot/2.1; +http://www.google.com/bot.html)"
142.111.93.92 - - [15/Apr/2026:01:44:17 +0200] "GET /software/adobe-flash-cs3/ HTTP/1.1" 200 8168 "-" "python-httpx/0.28.1"
95.216.2.94 - - [15/Apr/2026:01:45:17 +0200] "POST /wp-cron.php?doing_wp_cron=1776210317.1727459430694580078125 HTTP/1.1" 500 199 "-" "WordPress/6.9.4; http://www.eeggs.ru"
52.167.144.25 - - [15/Apr/2026:01:45:16 +0200] "GET /software/google-chrome HTTP/1.1" 301 301 "-" "Mozilla/5.0 AppleWebKit/537.36 (KHTML, like Gecko; compatible; bingbot/2.0; +http://www.bing.com/bingbot.htm) Chrome/116.0.1938.76 Safari/537.36"
95.216.2.94 - - [15/Apr/2026:01:46:36 +0200] "POST /wp-cron.php?doing_wp_cron=1776210396.4328169822692871093750 HTTP/1.1" 500 199 "-" "WordPress/6.9.4; http://www.eeggs.ru"
52.167.144.205 - - [15/Apr/2026:01:46:35 +0200] "GET /goods/Spiritual-Guide-For-The-Fifth-Age-Woltz-Howell/953905 HTTP/1.1" 301 405 "-" "Mozilla/5.0 AppleWebKit/537.36 (KHTML, like Gecko; compatible; bingbot/2.0; +http://www.bing.com/bingbot.htm) Chrome/116.0.1938.76 Safari/537.36"
52.167.144.25 - - [15/Apr/2026:01:46:39 +0200] "GET /goods/Hyundai-Tucson-NX4-Ioniq-5-Nexo-Solaris-Santa-Fe-TM-Sonata/1096467 HTTP/1.1" 301 418 "-" "Mozilla/5.0 AppleWebKit/537.36 (KHTML, like Gecko; compatible; bingbot/2.0; +http://www.bing.com/bingbot.htm) Chrome/116.0.1938.76 Safari/537.36"
52.167.144.25 - - [15/Apr/2026:01:46:40 +0200] "GET /goods/WEN-56380i-G-n-rateur-Onduleur-Portable-Super-Silencieux-De/1294855 HTTP/1.1" 301 419 "-" "Mozilla/5.0 AppleWebKit/537.36 (KHTML, like Gecko; compatible; bingbot/2.0; +http://www.bing.com/bingbot.htm) Chrome/116.0.1938.76 Safari/537.36"
52.167.144.25 - - [15/Apr/2026:01:46:41 +0200] "GET /goods/Photo-Personnalisable-Coller-En-Cuir/988229 HTTP/1.1" 301 395 "-" "Mozilla/5.0 AppleWebKit/537.36 (KHTML, like Gecko; compatible; bingbot/2.0; +http://www.bing.com/bingbot.htm) Chrome/116.0.1938.76 Safari/537.36"
95.216.2.94 - - [15/Apr/2026:01:50:44 +0200] "POST /wp-cron.php?doing_wp_cron=1776210644.1329700946807861328125 HTTP/1.1" 500 199 "-" "WordPress/6.9.4; http://www.eeggs.ru"
89.110.118.225 - - [15/Apr/2026:01:50:43 +0200] "GET /web/efes/ HTTP/1.0" 200 24525 "http://www.eeggs.ru/web/efes/" "Mozilla/5.0 (Windows NT 10.0; Win64; x64) AppleWebKit/537.36 (KHTML, like Gecko) Chrome/130.0.0.0 Safari/537.36"
89.110.118.225 - - [15/Apr/2026:01:50:44 +0200] "POST /wp-comments-post.php HTTP/1.0" 500 166 "http://www.eeggs.ru/web/efes/" "Mozilla/5.0 (Windows NT 10.0; Win64; x64) AppleWebKit/537.36 (KHTML, like Gecko) Chrome/130.0.0.0 Safari/537.36"
95.216.2.94 - - [15/Apr/2026:01:55:38 +0200] "POST /wp-cron.php?doing_wp_cron=1776210938.6795210838317871093750 HTTP/1.1" 500 199 "-" "WordPress/6.9.4; http://www.eeggs.ru"
66.249.66.33 - - [15/Apr/2026:01:55:37 +0200] "GET /goods/Lot-De-5-Mini-Vaporisateurs-De-Parfum-De-Voyage/1000863 HTTP/1.1" 301 463 "-" "Mozilla/5.0 (Linux; Android 6.0.1; Nexus 5X Build/MMB29P) AppleWebKit/537.36 (KHTML, like Gecko) Chrome/146.0.7680.177 Mobile Safari/537.36 (compatible; Googlebot/2.1; +http://www.google.com/bot.html)"
66.249.66.200 - - [15/Apr/2026:01:55:39 +0200] "GET /goods/Lot-De-5-Mini-Vaporisateurs-De-Parfum-De-Voyage/1000863 HTTP/1.1" 404 16849 "-" "Mozilla/5.0 (Linux; Android 6.0.1; Nexus 5X Build/MMB29P) AppleWebKit/537.36 (KHTML, like Gecko) Chrome/146.0.7680.177 Mobile Safari/537.36 (compatible; Googlebot/2.1; +http://www.google.com/bot.html)"
47.128.60.27 - - [15/Apr/2026:01:55:49 +0200] "GET /robots.txt HTTP/1.1" 200 426 "-" "Mozilla/5.0 (Linux; Android 5.0) AppleWebKit/537.36 (KHTML, like Gecko) Mobile Safari/537.36 (compatible; Bytespider; spider-feedback@bytedance.com)"
216.244.66.243 - - [15/Apr/2026:01:59:12 +0200] "GET /robots.txt HTTP/1.1" 200 574 "-" "Mozilla/5.0 (compatible; DotBot/1.2; +https://opensiteexplorer.org/dotbot; help@moz.com)"
95.216.2.94 - - [15/Apr/2026:02:01:02 +0200] "POST /wp-cron.php?doing_wp_cron=1776211262.6992790699005126953125 HTTP/1.1" 500 199 "-" "WordPress/6.9.4; http://www.eeggs.ru"
185.79.134.25 - - [15/Apr/2026:02:01:01 +0200] "GET / HTTP/1.1" 200 411 "-" "Linkfeed.ru"
66.249.66.33 - - [15/Apr/2026:02:01:25 +0200] "GET /goods/De-6-Bocaux-De-Conservation-130ml-Verre-Borosilicate-Sans-Bpa/697858 HTTP/1.1" 301 476 "-" "Mozilla/5.0 (Linux; Android 6.0.1; Nexus 5X Build/MMB29P) AppleWebKit/537.36 (KHTML, like Gecko) Chrome/146.0.7680.177 Mobile Safari/537.36 (compatible; Googlebot/2.1; +http://www.google.com/bot.html)"
66.249.66.198 - - [15/Apr/2026:02:01:26 +0200] "GET /goods/De-6-Bocaux-De-Conservation-130ml-Verre-Borosilicate-Sans-Bpa/697858 HTTP/1.1" 404 16849 "-" "Mozilla/5.0 (Linux; Android 6.0.1; Nexus 5X Build/MMB29P) AppleWebKit/537.36 (KHTML, like Gecko) Chrome/146.0.7680.177 Mobile Safari/537.36 (compatible; Googlebot/2.1; +http://www.google.com/bot.html)"
51.195.244.159 - - [15/Apr/2026:02:01:35 +0200] "GET /goods.php?sitemap493.xml HTTP/1.1" 301 370 "-" "Mozilla/5.0 (compatible; AhrefsBot/7.0; +http://ahrefs.com/robot/)"
51.195.244.159 - - [15/Apr/2026:02:01:38 +0200] "GET /goods.php?sitemap493.xml HTTP/1.1" 404 16804 "-" "Mozilla/5.0 (compatible; AhrefsBot/7.0; +http://ahrefs.com/robot/)"
192.252.214.17 - - [15/Apr/2026:02:01:57 +0200] "GET /web/efes/ HTTP/1.1" 301 343 "http://eeggs.ru/" "Mozilla/5.0 (X11; Ubuntu; Linux x86_64; rv:114.0) Gecko/20100101 Firefox/114.0"
192.252.214.17 - - [15/Apr/2026:02:02:00 +0200] "GET /web/efes/ HTTP/1.1" 200 8176 "http://eeggs.ru/web/efes/" "Mozilla/5.0 (X11; Ubuntu; Linux x86_64; rv:114.0) Gecko/20100101 Firefox/114.0"
95.216.2.94 - - [15/Apr/2026:02:02:06 +0200] "POST /wp-cron.php?doing_wp_cron=1776211325.9821949005126953125000 HTTP/1.1" 500 199 "-" "WordPress/6.9.4; http://www.eeggs.ru"
192.252.214.17 - - [15/Apr/2026:02:02:05 +0200] "GET /wp-login.php HTTP/1.1" 302 466 "http://www.eeggs.ru/web/efes/" "Mozilla/5.0 (Windows NT 6.3; Win64; x64) AppleWebKit/537.36 (KHTML, like Gecko) Chrome/103.0.0.0 Safari/537.36"
40.77.167.155 - - [15/Apr/2026:02:02:06 +0200] "GET /goods/Tableaux-En-Bois-Multicolores-quot-l-gumes-quot-20-X-20-Cm/411742 HTTP/1.1" 301 417 "-" "Mozilla/5.0 AppleWebKit/537.36 (KHTML, like Gecko; compatible; bingbot/2.0; +http://www.bing.com/bingbot.htm) Chrome/116.0.1938.76 Safari/537.36"
66.249.66.32 - - [15/Apr/2026:02:02:21 +0200] "GET /goods/JD-4-Pin-PWM-C-ble-Diviseur-Diviseur-De-Contr-le-Du/1040899 HTTP/1.1" 301 467 "-" "Mozilla/5.0 (Linux; Android 6.0.1; Nexus 5X Build/MMB29P) AppleWebKit/537.36 (KHTML, like Gecko) Chrome/146.0.7680.177 Mobile Safari/537.36 (compatible; Googlebot/2.1; +http://www.google.com/bot.html)"
66.249.66.199 - - [15/Apr/2026:02:02:22 +0200] "GET /goods/JD-4-Pin-PWM-C-ble-Diviseur-Diviseur-De-Contr-le-Du/1040899 HTTP/1.1" 404 16849 "-" "Mozilla/5.0 (Linux; Android 6.0.1; Nexus 5X Build/MMB29P) AppleWebKit/537.36 (KHTML, like Gecko) Chrome/146.0.7680.177 Mobile Safari/537.36 (compatible; Googlebot/2.1; +http://www.google.com/bot.html)"
47.91.104.88 - - [15/Apr/2026:02:02:39 +0200] "GET /wp-login.php HTTP/1.1" 302 466 "http://www.eeggs.ru/web/efes/" "Mozilla/5.0 (Windows NT 6.3; Win64; x64) AppleWebKit/537.36 (KHTML, like Gecko) Chrome/103.0.0.0 Safari/537.36"
95.216.2.94 - - [15/Apr/2026:02:03:12 +0200] "POST /wp-cron.php?doing_wp_cron=1776211392.2716450691223144531250 HTTP/1.1" 500 199 "-" "WordPress/6.9.4; http://www.eeggs.ru"
123.30.154.171 - - [15/Apr/2026:02:03:11 +0200] "GET /wp-login.php HTTP/1.0" 302 396 "http://www.eeggs.ru/wp-login.php" "Mozilla/5.0 (Windows NT 6.3; Win64; x64) AppleWebKit/537.36 (KHTML, like Gecko) Chrome/103.0.0.0 Safari/537.36"
52.167.144.206 - - [15/Apr/2026:02:03:16 +0200] "GET /goods/s-Original-Popcorn-Caramel-Pack-Of-2-2x140g-1x-Creamy/865413 HTTP/1.1" 301 412 "-" "Mozilla/5.0 AppleWebKit/537.36 (KHTML, like Gecko; compatible; bingbot/2.0; +http://www.bing.com/bingbot.htm) Chrome/116.0.1938.76 Safari/537.36"
40.77.167.11 - - [15/Apr/2026:02:03:21 +0200] "GET /goods/Nuit-Pour-Filles-Jeu-De-Nuit-Pour/950894 HTTP/1.1" 301 392 "-" "Mozilla/5.0 AppleWebKit/537.36 (KHTML, like Gecko; compatible; bingbot/2.0; +http://www.bing.com/bingbot.htm) Chrome/116.0.1938.76 Safari/537.36"
40.77.167.11 - - [15/Apr/2026:02:03:22 +0200] "GET /goods/C-Ethernet-Gigabit-Adaptateur-USB-C-Vers-RJ45-Ru00a8u00a6seau/ HTTP/1.1" 301 414 "-" "Mozilla/5.0 AppleWebKit/537.36 (KHTML, like Gecko; compatible; bingbot/2.0; +http://www.bing.com/bingbot.htm) Chrome/116.0.1938.76 Safari/537.36"
192.252.214.17 - - [15/Apr/2026:02:03:43 +0200] "GET /web/efes/ HTTP/1.1" 301 343 "http://eeggs.ru/web/efes/" "Mozilla/5.0 (Windows NT 6.3; Win64; x64) AppleWebKit/537.36 (KHTML, like Gecko) Chrome/103.0.0.0 Safari/537.36"
192.252.214.17 - - [15/Apr/2026:02:03:49 +0200] "GET /web/efes/ HTTP/1.1" 200 8177 "http://eeggs.ru/web/efes/" "Mozilla/5.0 (Windows NT 6.3; Win64; x64) AppleWebKit/537.36 (KHTML, like Gecko) Chrome/103.0.0.0 Safari/537.36"
182.93.78.5 - - [15/Apr/2026:02:03:58 +0200] "GET /wp-content/themes/minyx2Lite/style.css HTTP/1.1" 200 3960 "http://www.eeggs.ru/web/efes/" "Mozilla/5.0 (Windows NT 10.0; Win64; x64) AppleWebKit/537.36 (KHTML, like Gecko) Chrome/143.0.0.0 Safari/537.36"
182.93.78.5 - - [15/Apr/2026:02:04:20 +0200] "GET /wp-content/plugins/jetpack/css/jetpack.css?ver=12.8.2 HTTP/1.1" 200 18728 "http://www.eeggs.ru/web/efes/" "Mozilla/5.0 (Windows NT 10.0; Win64; x64) AppleWebKit/537.36 (KHTML, like Gecko) Chrome/143.0.0.0 Safari/537.36"
192.252.214.17 - - [15/Apr/2026:02:04:24 +0200] "POST /wp-comments-post.php HTTP/1.1" 500 199 "http://www.eeggs.ru/web/efes/" "Mozilla/5.0 (Windows NT 6.3; Win64; x64) AppleWebKit/537.36 (KHTML, like Gecko) Chrome/103.0.0.0 Safari/537.36"
192.252.214.17 - - [15/Apr/2026:02:04:27 +0200] "POST /wp-comments-post.php HTTP/1.1" 500 199 "http://www.eeggs.ru/web/efes/" "Mozilla/5.0 (Windows NT 6.3; Win64; x64) AppleWebKit/537.36 (KHTML, like Gecko) Chrome/103.0.0.0 Safari/537.36"
192.252.214.17 - - [15/Apr/2026:02:04:31 +0200] "POST /wp-comments-post.php HTTP/1.1" 500 199 "http://www.eeggs.ru/web/efes/" "Mozilla/5.0 (Windows NT 6.3; Win64; x64) AppleWebKit/537.36 (KHTML, like Gecko) Chrome/103.0.0.0 Safari/537.36"
192.252.214.17 - - [15/Apr/2026:02:04:34 +0200] "POST /wp-comments-post.php HTTP/1.1" 500 199 "http://www.eeggs.ru/web/efes/" "Mozilla/5.0 (Windows NT 6.3; Win64; x64) AppleWebKit/537.36 (KHTML, like Gecko) Chrome/103.0.0.0 Safari/537.36"
95.216.2.94 - - [15/Apr/2026:02:04:35 +0200] "POST /wp-cron.php?doing_wp_cron=1776211475.3542900085449218750000 HTTP/1.1" 500 199 "-" "WordPress/6.9.4; http://www.eeggs.ru"
66.249.66.32 - - [15/Apr/2026:02:04:34 +0200] "GET /goods/Professionnel-4D-16-Lignes-Autonivelant-Port-e-25m-Avec-Tr/493601 HTTP/1.1" 301 473 "-" "Mozilla/5.0 (Linux; Android 6.0.1; Nexus 5X Build/MMB29P) AppleWebKit/537.36 (KHTML, like Gecko) Chrome/146.0.7680.177 Mobile Safari/537.36 (compatible; Googlebot/2.1; +http://www.google.com/bot.html)"
66.249.66.198 - - [15/Apr/2026:02:04:35 +0200] "GET /goods/Professionnel-4D-16-Lignes-Autonivelant-Port-e-25m-Avec-Tr/493601 HTTP/1.1" 404 16849 "-" "Mozilla/5.0 (Linux; Android 6.0.1; Nexus 5X Build/MMB29P) AppleWebKit/537.36 (KHTML, like Gecko) Chrome/146.0.7680.177 Mobile Safari/537.36 (compatible; Googlebot/2.1; +http://www.google.com/bot.html)"
192.252.214.17 - - [15/Apr/2026:02:04:37 +0200] "GET /web/efes/ HTTP/1.1" 301 343 "-" "Mozilla/5.0 (Windows NT 6.3; Win64; x64) AppleWebKit/537.36 (KHTML, like Gecko) Chrome/103.0.0.0 Safari/537.36"
192.252.214.17 - - [15/Apr/2026:02:04:43 +0200] "GET /web/efes/ HTTP/1.1" 200 8178 "http://eeggs.ru/web/efes/" "Mozilla/5.0 (Windows NT 6.3; Win64; x64) AppleWebKit/537.36 (KHTML, like Gecko) Chrome/103.0.0.0 Safari/537.36"
94.154.35.236 - - [15/Apr/2026:02:05:20 +0200] "HEAD /bkup.rar HTTP/1.1" 301 340 "-" "Mozilla/5.0 (Windows NT 10.0; Win64; x64) AppleWebKit/537.36 (KHTML, like Gecko) Chrome/101.0.4951.67 Safari/537.36"
94.154.35.236 - - [15/Apr/2026:02:05:21 +0200] "HEAD /bkup.rar HTTP/1.1" 404 330 "-" "Mozilla/5.0 (Windows NT 10.0; Win64; x64) AppleWebKit/537.36 (KHTML, like Gecko) Chrome/101.0.4951.67 Safari/537.36"
216.244.66.243 - - [15/Apr/2026:02:06:46 +0200] "GET /wp-content/uploads/2008/03/gta_san_andreas_automat_2.jpg HTTP/1.1" 200 76988 "-" "Mozilla/5.0 (compatible; DotBot/1.2; +https://opensiteexplorer.org/dotbot; help@moz.com)"
95.216.2.94 - - [15/Apr/2026:02:09:16 +0200] "POST /wp-cron.php?doing_wp_cron=1776211756.9765779972076416015625 HTTP/1.1" 500 199 "-" "WordPress/6.9.4; http://www.eeggs.ru"
40.77.167.155 - - [15/Apr/2026:02:09:16 +0200] "GET /goods/En-Caoutchouc-Pour-Tennis-De-Table/1023503 HTTP/1.1" 301 394 "-" "Mozilla/5.0 AppleWebKit/537.36 (KHTML, like Gecko; compatible; bingbot/2.0; +http://www.bing.com/bingbot.htm) Chrome/116.0.1938.76 Safari/537.36"
40.77.167.155 - - [15/Apr/2026:02:09:17 +0200] "GET /goods/Avi-Everyday-Black-Black-P415-33W-X-30L-Femme/421177 HTTP/1.1" 301 404 "-" "Mozilla/5.0 AppleWebKit/537.36 (KHTML, like Gecko; compatible; bingbot/2.0; +http://www.bing.com/bingbot.htm) Chrome/116.0.1938.76 Safari/537.36"
40.77.167.11 - - [15/Apr/2026:02:09:21 +0200] "GET /goods/Pour-Tasse-Vin-3-En-1-Brosses-De-Nettoyage-Pour/552246 HTTP/1.1" 301 406 "-" "Mozilla/5.0 AppleWebKit/537.36 (KHTML, like Gecko; compatible; bingbot/2.0; +http://www.bing.com/bingbot.htm) Chrome/116.0.1938.76 Safari/537.36"
52.167.144.206 - - [15/Apr/2026:02:09:27 +0200] "GET /goods/Marches-Pour-Adultes-chelle-Pliante-Avec-Base/1041460 HTTP/1.1" 301 405 "-" "Mozilla/5.0 AppleWebKit/537.36 (KHTML, like Gecko; compatible; bingbot/2.0; +http://www.bing.com/bingbot.htm) Chrome/116.0.1938.76 Safari/537.36"
40.77.167.155 - - [15/Apr/2026:02:09:33 +0200] "GET /sitemap.xml.gz HTTP/1.1" 200 873 "-" "Mozilla/5.0 AppleWebKit/537.36 (KHTML, like Gecko; compatible; bingbot/2.0; +http://www.bing.com/bingbot.htm) Chrome/116.0.1938.76 Safari/537.36"
95.216.2.94 - - [15/Apr/2026:02:13:56 +0200] "POST /wp-cron.php?doing_wp_cron=1776212036.5851240158081054687500 HTTP/1.1" 500 199 "-" "WordPress/6.9.4; http://www.eeggs.ru"
183.215.23.242 - - [15/Apr/2026:02:13:55 +0200] "GET /web/efes/ HTTP/1.0" 301 273 "-" "Mozilla/5.0 (Windows NT 10.0; Win64; x64) AppleWebKit/537.36 (KHTML, like Gecko) Chrome/114.0.0.0 YaBrowser/22.7.0 Yowser/2.5 Safari/537.36"
40.77.167.15 - - [15/Apr/2026:02:13:56 +0200] "GET /goods/Gaz-Propane-Deluxe-Acier-Inoxydable-Saber-Doyon-Despr-s/953252 HTTP/1.1" 301 414 "-" "Mozilla/5.0 AppleWebKit/537.36 (KHTML, like Gecko; compatible; bingbot/2.0; +http://www.bing.com/bingbot.htm) Chrome/116.0.1938.76 Safari/537.36"
213.180.203.128 - - [15/Apr/2026:02:14:03 +0200] "GET /robots.txt HTTP/1.1" 200 630 "-" "Mozilla/5.0 (compatible; YandexBot/3.0; +http://yandex.com/bots)"
213.180.203.112 - - [15/Apr/2026:02:14:04 +0200] "GET /wp-content/uploads/2008/02/skype_emoticons.png HTTP/1.1" 200 6870 "-" "Mozilla/5.0 (compatible; YandexImages/3.0; +http://yandex.com/bots)"
183.215.23.242 - - [15/Apr/2026:02:14:03 +0200] "GET /web/efes/ HTTP/1.0" 200 24524 "http://eeggs.ru/web/efes/" "Mozilla/5.0 (Windows NT 10.0; Win64; x64) AppleWebKit/537.36 (KHTML, like Gecko) Chrome/114.0.0.0 YaBrowser/22.7.0 Yowser/2.5 Safari/537.36"
66.249.66.32 - - [15/Apr/2026:02:14:21 +0200] "GET /goods/Adultes-Diamant-Art-Kits-Jeune/1252571 HTTP/1.1" 301 446 "-" "Mozilla/5.0 (Linux; Android 6.0.1; Nexus 5X Build/MMB29P) AppleWebKit/537.36 (KHTML, like Gecko) Chrome/146.0.7680.177 Mobile Safari/537.36 (compatible; Googlebot/2.1; +http://www.google.com/bot.html)"
66.249.66.200 - - [15/Apr/2026:02:14:22 +0200] "GET /goods/Adultes-Diamant-Art-Kits-Jeune/1252571 HTTP/1.1" 404 16849 "-" "Mozilla/5.0 (Linux; Android 6.0.1; Nexus 5X Build/MMB29P) AppleWebKit/537.36 (KHTML, like Gecko) Chrome/146.0.7680.177 Mobile Safari/537.36 (compatible; Googlebot/2.1; +http://www.google.com/bot.html)"
66.249.66.32 - - [15/Apr/2026:02:14:23 +0200] "GET /goods/B-ton-En-Bois-Mini-Pot-Miel-Distributeur-Collectionner/833822 HTTP/1.1" 301 468 "-" "Mozilla/5.0 (Linux; Android 6.0.1; Nexus 5X Build/MMB29P) AppleWebKit/537.36 (KHTML, like Gecko) Chrome/146.0.7680.177 Mobile Safari/537.36 (compatible; Googlebot/2.1; +http://www.google.com/bot.html)"
66.249.66.200 - - [15/Apr/2026:02:14:24 +0200] "GET /goods/B-ton-En-Bois-Mini-Pot-Miel-Distributeur-Collectionner/833822 HTTP/1.1" 404 16848 "-" "Mozilla/5.0 (Linux; Android 6.0.1; Nexus 5X Build/MMB29P) AppleWebKit/537.36 (KHTML, like Gecko) Chrome/146.0.7680.177 Mobile Safari/537.36 (compatible; Googlebot/2.1; +http://www.google.com/bot.html)"
95.216.2.94 - - [15/Apr/2026:02:19:47 +0200] "POST /wp-cron.php?doing_wp_cron=1776212387.4980471134185791015625 HTTP/1.1" 500 199 "-" "WordPress/6.9.4; http://www.eeggs.ru"
198.235.24.57 - - [15/Apr/2026:02:19:46 +0200] "GET /wp-login.php HTTP/1.1" 302 410 "-" "Hello from Palo Alto Networks, find out more about our scans in https://docs-cortex.paloaltonetworks.com/r/1/Cortex-Xpanse/Scanning-activity"
198.235.24.57 - - [15/Apr/2026:02:19:48 +0200] "GET /wp-login.php HTTP/1.1" 302 410 "http://95.216.2.94:80/wp-login.php" "Hello from Palo Alto Networks, find out more about our scans in https://docs-cortex.paloaltonetworks.com/r/1/Cortex-Xpanse/Scanning-activity"
198.235.24.57 - - [15/Apr/2026:02:19:50 +0200] "GET /wp-login.php HTTP/1.1" 302 410 "http://www.eeggs.ru/wp-login.php" "Hello from Palo Alto Networks, find out more about our scans in https://docs-cortex.paloaltonetworks.com/r/1/Cortex-Xpanse/Scanning-activity"
198.235.24.57 - - [15/Apr/2026:02:19:51 +0200] "GET /wp-login.php HTTP/1.1" 302 410 "http://www.eeggs.ru/wp-login.php" "Hello from Palo Alto Networks, find out more about our scans in https://docs-cortex.paloaltonetworks.com/r/1/Cortex-Xpanse/Scanning-activity"
198.235.24.57 - - [15/Apr/2026:02:19:52 +0200] "GET /wp-login.php HTTP/1.1" 302 410 "http://www.eeggs.ru/wp-login.php" "Hello from Palo Alto Networks, find out more about our scans in https://docs-cortex.paloaltonetworks.com/r/1/Cortex-Xpanse/Scanning-activity"
95.216.2.94 - - [15/Apr/2026:02:23:48 +0200] "POST /wp-cron.php?doing_wp_cron=1776212628.4259700775146484375000 HTTP/1.1" 500 199 "-" "WordPress/6.9.4; http://www.eeggs.ru"
40.77.167.243 - - [15/Apr/2026:02:23:47 +0200] "GET /goods/Trivac-Sac-De-Collecte-De-Feuilles-Pour-Souffleur-Worx/577657 HTTP/1.1" 301 413 "-" "Mozilla/5.0 AppleWebKit/537.36 (KHTML, like Gecko; compatible; bingbot/2.0; +http://www.bing.com/bingbot.htm) Chrome/116.0.1938.76 Safari/537.36"
40.77.167.243 - - [15/Apr/2026:02:23:49 +0200] "GET /goods/Bulova-Maiden-Lane-Chronograph-98R214-Price-As-Of-March-2025/1176979 HTTP/1.1" 301 420 "-" "Mozilla/5.0 AppleWebKit/537.36 (KHTML, like Gecko; compatible; bingbot/2.0; +http://www.bing.com/bingbot.htm) Chrome/116.0.1938.76 Safari/537.36"
40.77.167.243 - - [15/Apr/2026:02:23:50 +0200] "GET /goods/Achetez-Bague-Pour-Homme-Vlad-En-Or-Jaune-585-Diamant-0-5-Carats/818126 HTTP/1.1" 301 423 "-" "Mozilla/5.0 AppleWebKit/537.36 (KHTML, like Gecko; compatible; bingbot/2.0; +http://www.bing.com/bingbot.htm) Chrome/116.0.1938.76 Safari/537.36"
52.167.144.222 - - [15/Apr/2026:02:23:51 +0200] "GET /goods/180-VDE-Pince-Universelle-180-Mm-Leroy-Merlin/791119 HTTP/1.1" 301 404 "-" "Mozilla/5.0 AppleWebKit/537.36 (KHTML, like Gecko; compatible; bingbot/2.0; +http://www.bing.com/bingbot.htm) Chrome/116.0.1938.76 Safari/537.36"
52.167.144.222 - - [15/Apr/2026:02:23:52 +0200] "GET /goods/Achetez-Des-Caniveaux-De-Drainage-En-Acier/493959 HTTP/1.1" 301 401 "-" "Mozilla/5.0 AppleWebKit/537.36 (KHTML, like Gecko; compatible; bingbot/2.0; +http://www.bing.com/bingbot.htm) Chrome/116.0.1938.76 Safari/537.36"
52.167.144.158 - - [15/Apr/2026:02:24:01 +0200] "GET /goods/Profi-Parts-Bras-De-Lavage-Bras-D-039-aspersion-Sup-rieur-Bras/1027309 HTTP/1.1" 301 422 "-" "Mozilla/5.0 AppleWebKit/537.36 (KHTML, like Gecko; compatible; bingbot/2.0; +http://www.bing.com/bingbot.htm) Chrome/116.0.1938.76 Safari/537.36"
152.228.220.143 - - [15/Apr/2026:02:24:20 +0200] "GET /software/padayushhie-knigi-winrar/feed/ HTTP/1.1" 200 1463 "-" "Mozilla/5.0 (X11; Linux i686) AppleWebKit/537.36 (KHTML, like Gecko) Chrome/30.0.1599.66 Safari/537.36"
95.216.2.94 - - [15/Apr/2026:02:25:24 +0200] "POST /wp-cron.php?doing_wp_cron=1776212724.6144731044769287109375 HTTP/1.1" 500 199 "-" "WordPress/6.9.4; http://www.eeggs.ru"
5.1.11.250 - - [15/Apr/2026:02:25:23 +0200] "GET /web/efes/ HTTP/1.0" 200 24525 "http://www.eeggs.ru/web/efes/" "Mozilla/5.0 (Windows NT 10.0; Win64; x64) AppleWebKit/537.36 (KHTML, like Gecko) Chrome/130.0.0.0 Safari/537.36 CCleaner/130.0.0.0"
5.1.11.250 - - [15/Apr/2026:02:25:24 +0200] "POST /wp-comments-post.php HTTP/1.0" 500 166 "http://www.eeggs.ru/web/efes/" "Mozilla/5.0 (Windows NT 10.0; Win64; x64) AppleWebKit/537.36 (KHTML, like Gecko) Chrome/130.0.0.0 Safari/537.36 CCleaner/130.0.0.0"
95.216.2.94 - - [15/Apr/2026:02:25:25 +0200] "POST /wp-cron.php?doing_wp_cron=1776212725.1464240550994873046875 HTTP/1.1" 500 199 "-" "WordPress/6.9.4; http://www.eeggs.ru"
5.1.11.250 - - [15/Apr/2026:02:25:24 +0200] "GET /web/efes/ HTTP/1.0" 200 24525 "http://www.eeggs.ru/web/efes/" "Mozilla/5.0 (Windows NT 10.0; Win64; x64) AppleWebKit/537.36 (KHTML, like Gecko) Chrome/131.0.0.0 Safari/537.36"
5.1.11.250 - - [15/Apr/2026:02:25:25 +0200] "POST /wp-comments-post.php HTTP/1.0" 500 166 "http://www.eeggs.ru/web/efes/" "Mozilla/5.0 (Windows NT 10.0; Win64; x64) AppleWebKit/537.36 (KHTML, like Gecko) Chrome/131.0.0.0 Safari/537.36"
95.216.2.94 - - [15/Apr/2026:02:26:54 +0200] "POST /wp-cron.php?doing_wp_cron=1776212814.1621770858764648437500 HTTP/1.1" 500 199 "-" "WordPress/6.9.4; http://www.eeggs.ru"
66.249.66.32 - - [15/Apr/2026:02:26:53 +0200] "GET /goods/De-2-Fils-De-Protection-D-039-cran-Pour-Otorola-Oto-G-Stylus/998540 HTTP/1.1" 301 475 "-" "Mozilla/5.0 (Linux; Android 6.0.1; Nexus 5X Build/MMB29P) AppleWebKit/537.36 (KHTML, like Gecko) Chrome/146.0.7680.177 Mobile Safari/537.36 (compatible; Googlebot/2.1; +http://www.google.com/bot.html)"
66.249.66.199 - - [15/Apr/2026:02:26:54 +0200] "GET /goods/De-2-Fils-De-Protection-D-039-cran-Pour-Otorola-Oto-G-Stylus/998540 HTTP/1.1" 404 16857 "-" "Mozilla/5.0 (Linux; Android 6.0.1; Nexus 5X Build/MMB29P) AppleWebKit/537.36 (KHTML, like Gecko) Chrome/146.0.7680.177 Mobile Safari/537.36 (compatible; Googlebot/2.1; +http://www.google.com/bot.html)"
52.167.144.158 - - [15/Apr/2026:02:27:47 +0200] "GET /goods/Collecte-De-Bouteilles-Consign-es-140-L/769283 HTTP/1.1" 301 398 "-" "Mozilla/5.0 AppleWebKit/537.36 (KHTML, like Gecko; compatible; bingbot/2.0; +http://www.bing.com/bingbot.htm) Chrome/116.0.1938.76 Safari/537.36"
95.216.2.94 - - [15/Apr/2026:02:28:19 +0200] "POST /wp-cron.php?doing_wp_cron=1776212899.3363769054412841796875 HTTP/1.1" 500 199 "-" "WordPress/6.9.4; http://www.eeggs.ru"
66.249.66.33 - - [15/Apr/2026:02:28:18 +0200] "GET /goods/3-2-Mm-0-1g-Rouge-Pour-Montage-De/887387 HTTP/1.1" 301 448 "-" "Mozilla/5.0 (Linux; Android 6.0.1; Nexus 5X Build/MMB29P) AppleWebKit/537.36 (KHTML, like Gecko) Chrome/146.0.7680.177 Mobile Safari/537.36 (compatible; Googlebot/2.1; +http://www.google.com/bot.html)"
66.249.66.199 - - [15/Apr/2026:02:28:19 +0200] "GET /goods/3-2-Mm-0-1g-Rouge-Pour-Montage-De/887387 HTTP/1.1" 404 16849 "-" "Mozilla/5.0 (Linux; Android 6.0.1; Nexus 5X Build/MMB29P) AppleWebKit/537.36 (KHTML, like Gecko) Chrome/146.0.7680.177 Mobile Safari/537.36 (compatible; Googlebot/2.1; +http://www.google.com/bot.html)"
95.216.2.94 - - [15/Apr/2026:02:30:49 +0200] "POST /wp-cron.php?doing_wp_cron=1776213049.3650319576263427734375 HTTP/1.1" 500 199 "-" "WordPress/6.9.4; http://www.eeggs.ru"
77.75.78.168 - - [15/Apr/2026:02:30:48 +0200] "GET /films/i-am-legend/ HTTP/1.1" 200 8156 "-" "Mozilla/5.0 (compatible; SeznamBot/4.0; +https://o-seznam.cz/napoveda/vyhledavani/en/seznambot-crawler/)"
66.249.66.32 - - [15/Apr/2026:02:31:05 +0200] "GET /goods/Ange-11-X-10-Mm-Mat-Et-Arri-re/1133356 HTTP/1.1" 301 446 "-" "Mozilla/5.0 (Linux; Android 6.0.1; Nexus 5X Build/MMB29P) AppleWebKit/537.36 (KHTML, like Gecko) Chrome/146.0.7680.177 Mobile Safari/537.36 (compatible; Googlebot/2.1; +http://www.google.com/bot.html)"
66.249.69.135 - - [15/Apr/2026:02:31:06 +0200] "GET /goods/Ange-11-X-10-Mm-Mat-Et-Arri-re/1133356 HTTP/1.1" 404 16849 "-" "Mozilla/5.0 (Linux; Android 6.0.1; Nexus 5X Build/MMB29P) AppleWebKit/537.36 (KHTML, like Gecko) Chrome/146.0.7680.177 Mobile Safari/537.36 (compatible; Googlebot/2.1; +http://www.google.com/bot.html)"
152.228.220.143 - - [15/Apr/2026:02:31:30 +0200] "GET /category/os/feed/ HTTP/1.1" 200 5307 "-" "Mozilla/5.0 (X11; Linux i686) AppleWebKit/537.36 (KHTML, like Gecko) Chrome/30.0.1599.66 Safari/537.36"
66.249.66.33 - - [15/Apr/2026:02:31:34 +0200] "GET /goods/Mug-Personnalis-Passion-Football/977200 HTTP/1.1" 301 447 "-" "Mozilla/5.0 (Linux; Android 6.0.1; Nexus 5X Build/MMB29P) AppleWebKit/537.36 (KHTML, like Gecko) Chrome/146.0.7680.177 Mobile Safari/537.36 (compatible; Googlebot/2.1; +http://www.google.com/bot.html)"
66.249.66.198 - - [15/Apr/2026:02:31:35 +0200] "GET /goods/Mug-Personnalis-Passion-Football/977200 HTTP/1.1" 404 16849 "-" "Mozilla/5.0 (Linux; Android 6.0.1; Nexus 5X Build/MMB29P) AppleWebKit/537.36 (KHTML, like Gecko) Chrome/146.0.7680.177 Mobile Safari/537.36 (compatible; Googlebot/2.1; +http://www.google.com/bot.html)"
95.216.2.94 - - [15/Apr/2026:02:32:04 +0200] "POST /wp-cron.php?doing_wp_cron=1776213124.6246259212493896484375 HTTP/1.1" 500 199 "-" "WordPress/6.9.4; http://www.eeggs.ru"
66.249.66.34 - - [15/Apr/2026:02:32:03 +0200] "GET /goods/Temps-De-Cicatrisation-D-039-une-Plaie/784308 HTTP/1.1" 301 453 "-" "Mozilla/5.0 (Linux; Android 6.0.1; Nexus 5X Build/MMB29P) AppleWebKit/537.36 (KHTML, like Gecko) Chrome/146.0.7680.177 Mobile Safari/537.36 (compatible; Googlebot/2.1; +http://www.google.com/bot.html)"
66.249.66.200 - - [15/Apr/2026:02:32:04 +0200] "GET /goods/Temps-De-Cicatrisation-D-039-une-Plaie/784308 HTTP/1.1" 404 16849 "-" "Mozilla/5.0 (Linux; Android 6.0.1; Nexus 5X Build/MMB29P) AppleWebKit/537.36 (KHTML, like Gecko) Chrome/146.0.7680.177 Mobile Safari/537.36 (compatible; Googlebot/2.1; +http://www.google.com/bot.html)"
66.249.66.33 - - [15/Apr/2026:02:32:17 +0200] "GET /goods/039-Essence-Avec-Pompe-D-039-Amor-age-Pour-D-broussailleuse/1189875 HTTP/1.1" 301 475 "-" "Mozilla/5.0 (Linux; Android 6.0.1; Nexus 5X Build/MMB29P) AppleWebKit/537.36 (KHTML, like Gecko) Chrome/146.0.7680.177 Mobile Safari/537.36 (compatible; Googlebot/2.1; +http://www.google.com/bot.html)"
66.249.66.199 - - [15/Apr/2026:02:32:18 +0200] "GET /goods/039-Essence-Avec-Pompe-D-039-Amor-age-Pour-D-broussailleuse/1189875 HTTP/1.1" 404 16849 "-" "Mozilla/5.0 (Linux; Android 6.0.1; Nexus 5X Build/MMB29P) AppleWebKit/537.36 (KHTML, like Gecko) Chrome/146.0.7680.177 Mobile Safari/537.36 (compatible; Googlebot/2.1; +http://www.google.com/bot.html)"
94.154.35.236 - - [15/Apr/2026:02:32:27 +0200] "HEAD /bkup.tar HTTP/1.1" 301 340 "-" "Mozilla/5.0 (Windows NT 10.0; Win64; x64) AppleWebKit/537.36 (KHTML, like Gecko) Chrome/101.0.4951.67 Safari/537.36"
94.154.35.236 - - [15/Apr/2026:02:32:29 +0200] "HEAD /bkup.tar HTTP/1.1" 404 330 "-" "Mozilla/5.0 (Windows NT 10.0; Win64; x64) AppleWebKit/537.36 (KHTML, like Gecko) Chrome/101.0.4951.67 Safari/537.36"
95.216.2.94 - - [15/Apr/2026:02:37:32 +0200] "POST /wp-cron.php?doing_wp_cron=1776213452.1117858886718750000000 HTTP/1.1" 500 199 "-" "WordPress/6.9.4; http://www.eeggs.ru"
40.77.167.25 - - [15/Apr/2026:02:37:31 +0200] "GET /goods/Lot-De-4-Moules-Anti-adh-sifs-Musubi-Triangulaires-Pour-Onigiri/1111622 HTTP/1.1" 301 423 "-" "Mozilla/5.0 AppleWebKit/537.36 (KHTML, like Gecko; compatible; bingbot/2.0; +http://www.bing.com/bingbot.htm) Chrome/116.0.1938.76 Safari/537.36"
52.167.144.227 - - [15/Apr/2026:02:37:35 +0200] "GET /goods/Da-Caccia-A-Lama-Fissa-Nieto-Cetreria-Olivo/423700 HTTP/1.1" 301 402 "-" "Mozilla/5.0 AppleWebKit/537.36 (KHTML, like Gecko; compatible; bingbot/2.0; +http://www.bing.com/bingbot.htm) Chrome/116.0.1938.76 Safari/537.36"
40.77.167.6 - - [15/Apr/2026:02:37:35 +0200] "GET /goods/La-Poubelle-Compost-MaxWorks-Efficacit-Et-Innovation/1188015 HTTP/1.1" 301 412 "-" "Mozilla/5.0 AppleWebKit/537.36 (KHTML, like Gecko; compatible; bingbot/2.0; +http://www.bing.com/bingbot.htm) Chrome/116.0.1938.76 Safari/537.36"
40.77.167.6 - - [15/Apr/2026:02:37:40 +0200] "GET /goods/6-Poor-Little-Rich-Girl-Viste-La-Calle/1064620 HTTP/1.1" 301 398 "-" "Mozilla/5.0 AppleWebKit/537.36 (KHTML, like Gecko; compatible; bingbot/2.0; +http://www.bing.com/bingbot.htm) Chrome/116.0.1938.76 Safari/537.36"
95.216.2.94 - - [15/Apr/2026:02:38:33 +0200] "POST /wp-cron.php?doing_wp_cron=1776213513.0888860225677490234375 HTTP/1.1" 500 199 "-" "WordPress/6.9.4; http://www.eeggs.ru"
40.77.167.25 - - [15/Apr/2026:02:38:32 +0200] "GET /goods/entretien-Du-Cuir-Du-Vinyle-Et-Des-Tissus/1187718 HTTP/1.1" 301 401 "-" "Mozilla/5.0 AppleWebKit/537.36 (KHTML, like Gecko; compatible; bingbot/2.0; +http://www.bing.com/bingbot.htm) Chrome/116.0.1938.76 Safari/537.36"
66.249.66.34 - - [15/Apr/2026:02:38:39 +0200] "GET /goods/Hawa-enne-Imprim-Manches-Courtes-Plage-Respirant-Ete/745600 HTTP/1.1" 301 467 "-" "Mozilla/5.0 (Linux; Android 6.0.1; Nexus 5X Build/MMB29P) AppleWebKit/537.36 (KHTML, like Gecko) Chrome/146.0.7680.177 Mobile Safari/537.36 (compatible; Googlebot/2.1; +http://www.google.com/bot.html)"
66.249.66.34 - - [15/Apr/2026:02:38:39 +0200] "GET /goods/Contre-Les-Rayons-Uv-Les-Rayons-Ultraviolets-Les-cran/1090295 HTTP/1.1" 301 469 "-" "Mozilla/5.0 (Linux; Android 6.0.1; Nexus 5X Build/MMB29P) AppleWebKit/537.36 (KHTML, like Gecko) Chrome/146.0.7680.177 Mobile Safari/537.36 (compatible; Googlebot/2.1; +http://www.google.com/bot.html)"
66.249.66.198 - - [15/Apr/2026:02:38:40 +0200] "GET /goods/Hawa-enne-Imprim-Manches-Courtes-Plage-Respirant-Ete/745600 HTTP/1.1" 404 16849 "-" "Mozilla/5.0 (Linux; Android 6.0.1; Nexus 5X Build/MMB29P) AppleWebKit/537.36 (KHTML, like Gecko) Chrome/146.0.7680.177 Mobile Safari/537.36 (compatible; Googlebot/2.1; +http://www.google.com/bot.html)"
66.249.66.200 - - [15/Apr/2026:02:38:40 +0200] "GET /goods/Contre-Les-Rayons-Uv-Les-Rayons-Ultraviolets-Les-cran/1090295 HTTP/1.1" 404 16849 "-" "Mozilla/5.0 (Linux; Android 6.0.1; Nexus 5X Build/MMB29P) AppleWebKit/537.36 (KHTML, like Gecko) Chrome/146.0.7680.177 Mobile Safari/537.36 (compatible; Googlebot/2.1; +http://www.google.com/bot.html)"
52.167.144.227 - - [15/Apr/2026:02:38:42 +0200] "GET /goods/Distribution-Des-Fusibles-Jauge-0-2-4-Entr-e-Jauge/618508 HTTP/1.1" 301 409 "-" "Mozilla/5.0 AppleWebKit/537.36 (KHTML, like Gecko; compatible; bingbot/2.0; +http://www.bing.com/bingbot.htm) Chrome/116.0.1938.76 Safari/537.36"
95.216.2.94 - - [15/Apr/2026:02:41:04 +0200] "POST /wp-cron.php?doing_wp_cron=1776213664.5537850856781005859375 HTTP/1.1" 500 199 "-" "WordPress/6.9.4; http://www.eeggs.ru"
52.167.144.227 - - [15/Apr/2026:02:41:03 +0200] "GET /goods/Riemot-Maillot-De-Bain-Homme-U2013-Piscine-Surf-S-chage-Rapide/1105163 HTTP/1.1" 301 422 "-" "Mozilla/5.0 AppleWebKit/537.36 (KHTML, like Gecko; compatible; bingbot/2.0; +http://www.bing.com/bingbot.htm) Chrome/116.0.1938.76 Safari/537.36"
111.88.158.125 - - [15/Apr/2026:02:41:21 +0200] "GET / HTTP/1.1" 301 234 "-" "Mozilla/5.0 (Windows NT 6.3; Win64; x64) AppleWebKit/537.36 (KHTML, like Gecko) Chrome/37.0.2049.0 Safari/537.36"
111.88.158.125 - - [15/Apr/2026:02:41:22 +0200] "GET / HTTP/1.1" 200 8295 "-" "Mozilla/5.0 (Windows NT 6.3; Win64; x64) AppleWebKit/537.36 (KHTML, like Gecko) Chrome/37.0.2049.0 Safari/537.36"
111.88.158.125 - - [15/Apr/2026:02:41:24 +0200] "GET /about/ HTTP/1.1" 200 6952 "-" "Mozilla/5.0 (Windows NT 6.3; Win64; x64) AppleWebKit/537.36 (KHTML, like Gecko) Chrome/37.0.2049.0 Safari/537.36"
95.216.2.94 - - [15/Apr/2026:02:45:29 +0200] "POST /wp-cron.php?doing_wp_cron=1776213929.8646440505981445312500 HTTP/1.1" 500 199 "-" "WordPress/6.9.4; http://www.eeggs.ru"
66.249.66.33 - - [15/Apr/2026:02:45:29 +0200] "GET /goods/A-Mano-Bijou-Pour-Moi/1115882 HTTP/1.1" 301 437 "-" "Mozilla/5.0 (Linux; Android 6.0.1; Nexus 5X Build/MMB29P) AppleWebKit/537.36 (KHTML, like Gecko) Chrome/146.0.7680.177 Mobile Safari/537.36 (compatible; Googlebot/2.1; +http://www.google.com/bot.html)"
66.249.66.198 - - [15/Apr/2026:02:45:30 +0200] "GET /goods/A-Mano-Bijou-Pour-Moi/1115882 HTTP/1.1" 404 16849 "-" "Mozilla/5.0 (Linux; Android 6.0.1; Nexus 5X Build/MMB29P) AppleWebKit/537.36 (KHTML, like Gecko) Chrome/146.0.7680.177 Mobile Safari/537.36 (compatible; Googlebot/2.1; +http://www.google.com/bot.html)"
40.77.167.1 - - [15/Apr/2026:02:45:54 +0200] "GET /xmlrpc.php HTTP/1.1" 500 199 "-" "Mozilla/5.0 AppleWebKit/537.36 (KHTML, like Gecko; compatible; bingbot/2.0; +http://www.bing.com/bingbot.htm) Chrome/116.0.1938.76 Safari/537.36"
95.216.2.94 - - [15/Apr/2026:02:47:00 +0200] "POST /wp-cron.php?doing_wp_cron=1776214020.2906289100646972656250 HTTP/1.1" 500 199 "-" "WordPress/6.9.4; http://www.eeggs.ru"
66.249.92.34 - - [15/Apr/2026:02:46:59 +0200] "GET /goods/Sans-Fil-99-Touches-Claviers-De-Jeu-E-sport-Bouton/1059516 HTTP/1.1" 301 466 "-" "Mozilla/5.0 (Linux; Android 6.0.1; Nexus 5X Build/MMB29P) AppleWebKit/537.36 (KHTML, like Gecko) Chrome/146.0.7680.177 Mobile Safari/537.36 (compatible; AdsBot-Google-Mobile; +http://www.google.com/mobile/adsbot.html)"
