HEX
Server: Apache/2.4.59 (Debian)
System: Linux skycube.cz 4.19.0-25-amd64 #1 SMP Debian 4.19.289-2 (2023-08-08) x86_64
User: ilya (534)
PHP: 7.3.31-1~deb10u7
Disabled: pcntl_alarm,pcntl_fork,pcntl_waitpid,pcntl_wait,pcntl_wifexited,pcntl_wifstopped,pcntl_wifsignaled,pcntl_wifcontinued,pcntl_wexitstatus,pcntl_wtermsig,pcntl_wstopsig,pcntl_signal,pcntl_signal_get_handler,pcntl_signal_dispatch,pcntl_get_last_error,pcntl_strerror,pcntl_sigprocmask,pcntl_sigwaitinfo,pcntl_sigtimedwait,pcntl_exec,pcntl_getpriority,pcntl_setpriority,pcntl_async_signals,
Upload Files
File: /var/www/ilya/data/logs/eeggs.ru.access.log
95.216.2.94 - - [15/Apr/2026:00:00:08 +0200] "POST /wp-cron.php?doing_wp_cron=1776204008.2560470104217529296875 HTTP/1.1" 500 199 "-" "WordPress/6.9.4; http://www.eeggs.ru"
52.167.144.215 - - [15/Apr/2026:00:00:07 +0200] "GET /goods/Mod-lisme-Ferroviaire-NOCH-BOULANGERS-5-Figurines/1232555 HTTP/1.1" 301 409 "-" "Mozilla/5.0 AppleWebKit/537.36 (KHTML, like Gecko; compatible; bingbot/2.0; +http://www.bing.com/bingbot.htm) Chrome/116.0.1938.76 Safari/537.36"
66.249.66.33 - - [15/Apr/2026:00:00:38 +0200] "GET /goods/Tension-De-Courroie-De-Tondeuse-GX21582-GX20377-Pour/1165432 HTTP/1.1" 301 468 "-" "Mozilla/5.0 (Linux; Android 6.0.1; Nexus 5X Build/MMB29P) AppleWebKit/537.36 (KHTML, like Gecko) Chrome/146.0.7680.177 Mobile Safari/537.36 (compatible; Googlebot/2.1; +http://www.google.com/bot.html)"
66.249.66.199 - - [15/Apr/2026:00:00:39 +0200] "GET /goods/Tension-De-Courroie-De-Tondeuse-GX21582-GX20377-Pour/1165432 HTTP/1.1" 404 16849 "-" "Mozilla/5.0 (Linux; Android 6.0.1; Nexus 5X Build/MMB29P) AppleWebKit/537.36 (KHTML, like Gecko) Chrome/146.0.7680.177 Mobile Safari/537.36 (compatible; Googlebot/2.1; +http://www.google.com/bot.html)"
66.249.66.32 - - [15/Apr/2026:00:00:56 +0200] "GET /goods/Toland-Home-Garden-1010697-Drapeau-National-De-La-Russie-71-1-X/792800 HTTP/1.1" 301 478 "-" "Mozilla/5.0 (Linux; Android 6.0.1; Nexus 5X Build/MMB29P) AppleWebKit/537.36 (KHTML, like Gecko) Chrome/146.0.7680.177 Mobile Safari/537.36 (compatible; Googlebot/2.1; +http://www.google.com/bot.html)"
66.249.66.198 - - [15/Apr/2026:00:00:57 +0200] "GET /goods/Toland-Home-Garden-1010697-Drapeau-National-De-La-Russie-71-1-X/792800 HTTP/1.1" 404 16849 "-" "Mozilla/5.0 (Linux; Android 6.0.1; Nexus 5X Build/MMB29P) AppleWebKit/537.36 (KHTML, like Gecko) Chrome/146.0.7680.177 Mobile Safari/537.36 (compatible; Googlebot/2.1; +http://www.google.com/bot.html)"
95.216.2.94 - - [15/Apr/2026:00:01:15 +0200] "POST /wp-cron.php?doing_wp_cron=1776204075.4050149917602539062500 HTTP/1.1" 500 199 "-" "WordPress/6.9.4; http://www.eeggs.ru"
66.249.66.33 - - [15/Apr/2026:00:01:14 +0200] "GET /goods/MARQUEUR-PERMANENT-TWIN-MARKER-NOIR/779785 HTTP/1.1" 301 450 "-" "Mozilla/5.0 (Linux; Android 6.0.1; Nexus 5X Build/MMB29P) AppleWebKit/537.36 (KHTML, like Gecko) Chrome/146.0.7680.177 Mobile Safari/537.36 (compatible; Googlebot/2.1; +http://www.google.com/bot.html)"
66.249.66.200 - - [15/Apr/2026:00:01:15 +0200] "GET /goods/MARQUEUR-PERMANENT-TWIN-MARKER-NOIR/779785 HTTP/1.1" 404 16849 "-" "Mozilla/5.0 (Linux; Android 6.0.1; Nexus 5X Build/MMB29P) AppleWebKit/537.36 (KHTML, like Gecko) Chrome/146.0.7680.177 Mobile Safari/537.36 (compatible; Googlebot/2.1; +http://www.google.com/bot.html)"
66.249.66.32 - - [15/Apr/2026:00:01:16 +0200] "GET /goods/De-Mat-Et-De-Fraise-Ingr-dients-Naturels-Uniquement-Th/1227951 HTTP/1.1" 301 470 "-" "Mozilla/5.0 (Linux; Android 6.0.1; Nexus 5X Build/MMB29P) AppleWebKit/537.36 (KHTML, like Gecko) Chrome/146.0.7680.177 Mobile Safari/537.36 (compatible; Googlebot/2.1; +http://www.google.com/bot.html)"
66.249.66.200 - - [15/Apr/2026:00:01:17 +0200] "GET /goods/De-Mat-Et-De-Fraise-Ingr-dients-Naturels-Uniquement-Th/1227951 HTTP/1.1" 404 16848 "-" "Mozilla/5.0 (Linux; Android 6.0.1; Nexus 5X Build/MMB29P) AppleWebKit/537.36 (KHTML, like Gecko) Chrome/146.0.7680.177 Mobile Safari/537.36 (compatible; Googlebot/2.1; +http://www.google.com/bot.html)"
66.249.66.32 - - [15/Apr/2026:00:01:35 +0200] "GET /goods/Recouvrement-Montage-Lat-ral-Acier-Inoxydable-V4A/455030 HTTP/1.1" 301 464 "-" "Mozilla/5.0 (Linux; Android 6.0.1; Nexus 5X Build/MMB29P) AppleWebKit/537.36 (KHTML, like Gecko) Chrome/146.0.7680.177 Mobile Safari/537.36 (compatible; Googlebot/2.1; +http://www.google.com/bot.html)"
66.249.66.200 - - [15/Apr/2026:00:01:36 +0200] "GET /goods/Recouvrement-Montage-Lat-ral-Acier-Inoxydable-V4A/455030 HTTP/1.1" 404 16857 "-" "Mozilla/5.0 (Linux; Android 6.0.1; Nexus 5X Build/MMB29P) AppleWebKit/537.36 (KHTML, like Gecko) Chrome/146.0.7680.177 Mobile Safari/537.36 (compatible; Googlebot/2.1; +http://www.google.com/bot.html)"
66.249.66.34 - - [15/Apr/2026:00:01:54 +0200] "GET /goods/De-3-Essuie-mains-Dr-les-De-Montagne-Bernois-Pour/1034606 HTTP/1.1" 301 465 "-" "Mozilla/5.0 (Linux; Android 6.0.1; Nexus 5X Build/MMB29P) AppleWebKit/537.36 (KHTML, like Gecko) Chrome/146.0.7680.177 Mobile Safari/537.36 (compatible; Googlebot/2.1; +http://www.google.com/bot.html)"
66.249.66.200 - - [15/Apr/2026:00:01:55 +0200] "GET /goods/De-3-Essuie-mains-Dr-les-De-Montagne-Bernois-Pour/1034606 HTTP/1.1" 404 16849 "-" "Mozilla/5.0 (Linux; Android 6.0.1; Nexus 5X Build/MMB29P) AppleWebKit/537.36 (KHTML, like Gecko) Chrome/146.0.7680.177 Mobile Safari/537.36 (compatible; Googlebot/2.1; +http://www.google.com/bot.html)"
66.249.66.32 - - [15/Apr/2026:00:02:14 +0200] "GET /goods/Lot-De-3-Paires-De-Chaussettes-Antid-rapantes-Cobalt-6/424986 HTTP/1.1" 301 469 "-" "Mozilla/5.0 (Linux; Android 6.0.1; Nexus 5X Build/MMB29P) AppleWebKit/537.36 (KHTML, like Gecko) Chrome/146.0.7680.177 Mobile Safari/537.36 (compatible; Googlebot/2.1; +http://www.google.com/bot.html)"
95.216.2.94 - - [15/Apr/2026:00:02:16 +0200] "POST /wp-cron.php?doing_wp_cron=1776204136.3984301090240478515625 HTTP/1.1" 500 199 "-" "WordPress/6.9.4; http://www.eeggs.ru"
66.249.66.199 - - [15/Apr/2026:00:02:15 +0200] "GET /goods/Lot-De-3-Paires-De-Chaussettes-Antid-rapantes-Cobalt-6/424986 HTTP/1.1" 404 16849 "-" "Mozilla/5.0 (Linux; Android 6.0.1; Nexus 5X Build/MMB29P) AppleWebKit/537.36 (KHTML, like Gecko) Chrome/146.0.7680.177 Mobile Safari/537.36 (compatible; Googlebot/2.1; +http://www.google.com/bot.html)"
66.249.66.33 - - [15/Apr/2026:00:02:54 +0200] "GET /goods/De-2-Outils-D-039-installation-De-Ceinture-Extensible-En-M-tal/1239514 HTTP/1.1" 301 478 "-" "Mozilla/5.0 (Linux; Android 6.0.1; Nexus 5X Build/MMB29P) AppleWebKit/537.36 (KHTML, like Gecko) Chrome/146.0.7680.177 Mobile Safari/537.36 (compatible; Googlebot/2.1; +http://www.google.com/bot.html)"
66.249.66.198 - - [15/Apr/2026:00:02:55 +0200] "GET /goods/De-2-Outils-D-039-installation-De-Ceinture-Extensible-En-M-tal/1239514 HTTP/1.1" 404 16849 "-" "Mozilla/5.0 (Linux; Android 6.0.1; Nexus 5X Build/MMB29P) AppleWebKit/537.36 (KHTML, like Gecko) Chrome/146.0.7680.177 Mobile Safari/537.36 (compatible; Googlebot/2.1; +http://www.google.com/bot.html)"
66.249.66.32 - - [15/Apr/2026:00:03:14 +0200] "GET /goods/Lot-De-25-Perles-Rondes-Facettes-En-Cristal-Transparent/893528 HTTP/1.1" 301 470 "-" "Mozilla/5.0 (Linux; Android 6.0.1; Nexus 5X Build/MMB29P) AppleWebKit/537.36 (KHTML, like Gecko) Chrome/146.0.7680.177 Mobile Safari/537.36 (compatible; Googlebot/2.1; +http://www.google.com/bot.html)"
66.249.66.200 - - [15/Apr/2026:00:03:15 +0200] "GET /goods/Lot-De-25-Perles-Rondes-Facettes-En-Cristal-Transparent/893528 HTTP/1.1" 404 16849 "-" "Mozilla/5.0 (Linux; Android 6.0.1; Nexus 5X Build/MMB29P) AppleWebKit/537.36 (KHTML, like Gecko) Chrome/146.0.7680.177 Mobile Safari/537.36 (compatible; Googlebot/2.1; +http://www.google.com/bot.html)"
95.216.2.94 - - [15/Apr/2026:00:04:16 +0200] "POST /wp-cron.php?doing_wp_cron=1776204256.6083869934082031250000 HTTP/1.1" 500 199 "-" "WordPress/6.9.4; http://www.eeggs.ru"
52.167.144.190 - - [15/Apr/2026:00:04:15 +0200] "GET /goods/ombrage-Filet-De-Camouflage-Ombrage-De-Camouflage-Auvent-En/805520 HTTP/1.1" 301 418 "-" "Mozilla/5.0 AppleWebKit/537.36 (KHTML, like Gecko; compatible; bingbot/2.0; +http://www.bing.com/bingbot.htm) Chrome/116.0.1938.76 Safari/537.36"
95.216.2.94 - - [15/Apr/2026:00:05:29 +0200] "POST /wp-cron.php?doing_wp_cron=1776204329.9820330142974853515625 HTTP/1.1" 500 199 "-" "WordPress/6.9.4; http://www.eeggs.ru"
84.54.44.19 - - [15/Apr/2026:00:05:29 +0200] "GET /web/efes/ HTTP/1.0" 200 24524 "http://www.eeggs.ru/web/efes/" "Mozilla/5.0 (Windows NT 10.0; Win64; x64) AppleWebKit/537.36 (KHTML, like Gecko) Chrome/131.0.0.0 Safari/537.36"
84.54.44.19 - - [15/Apr/2026:00:05:30 +0200] "POST /wp-comments-post.php HTTP/1.0" 500 166 "http://www.eeggs.ru/web/efes/" "Mozilla/5.0 (Windows NT 10.0; Win64; x64) AppleWebKit/537.36 (KHTML, like Gecko) Chrome/131.0.0.0 Safari/537.36"
52.167.144.190 - - [15/Apr/2026:00:06:06 +0200] "GET /goods/Enfants-Jeu-De-Tasses-De-Vitesse-Classique-Empilables/540018 HTTP/1.1" 301 412 "-" "Mozilla/5.0 AppleWebKit/537.36 (KHTML, like Gecko; compatible; bingbot/2.0; +http://www.bing.com/bingbot.htm) Chrome/116.0.1938.76 Safari/537.36"
52.167.144.171 - - [15/Apr/2026:00:06:12 +0200] "GET /goods/Rugby-Union-Threequarter-Play-A-Guide-To-Skills-Techniques/429962 HTTP/1.1" 301 417 "-" "Mozilla/5.0 AppleWebKit/537.36 (KHTML, like Gecko; compatible; bingbot/2.0; +http://www.bing.com/bingbot.htm) Chrome/116.0.1938.76 Safari/537.36"
95.216.2.94 - - [15/Apr/2026:00:08:26 +0200] "POST /wp-cron.php?doing_wp_cron=1776204506.7706749439239501953125 HTTP/1.1" 500 199 "-" "WordPress/6.9.4; http://www.eeggs.ru"
66.249.66.32 - - [15/Apr/2026:00:08:26 +0200] "GET /goods/Peluche-Gipsy-Toys-Ourson-Reveur-Sonore-30cm-Pas-Cher/1150369 HTTP/1.1" 301 469 "-" "Mozilla/5.0 (Linux; Android 6.0.1; Nexus 5X Build/MMB29P) AppleWebKit/537.36 (KHTML, like Gecko) Chrome/146.0.7680.177 Mobile Safari/537.36 (compatible; Googlebot/2.1; +http://www.google.com/bot.html)"
66.249.66.200 - - [15/Apr/2026:00:08:27 +0200] "GET /goods/Peluche-Gipsy-Toys-Ourson-Reveur-Sonore-30cm-Pas-Cher/1150369 HTTP/1.1" 404 16849 "-" "Mozilla/5.0 (Linux; Android 6.0.1; Nexus 5X Build/MMB29P) AppleWebKit/537.36 (KHTML, like Gecko) Chrome/146.0.7680.177 Mobile Safari/537.36 (compatible; Googlebot/2.1; +http://www.google.com/bot.html)"
52.167.144.215 - - [15/Apr/2026:00:08:45 +0200] "GET /goods/De-Remblai-Coco-1m-De-Large-B-che-De-Bassin-Tapis-Coco-750gr/417416 HTTP/1.1" 301 419 "-" "Mozilla/5.0 AppleWebKit/537.36 (KHTML, like Gecko; compatible; bingbot/2.0; +http://www.bing.com/bingbot.htm) Chrome/116.0.1938.76 Safari/537.36"
52.167.144.171 - - [15/Apr/2026:00:08:52 +0200] "GET /goods/Lite-CT-Noir-45-Chaussures-Tactiques-Et/497707 HTTP/1.1" 301 398 "-" "Mozilla/5.0 AppleWebKit/537.36 (KHTML, like Gecko; compatible; bingbot/2.0; +http://www.bing.com/bingbot.htm) Chrome/116.0.1938.76 Safari/537.36"
95.216.2.94 - - [15/Apr/2026:00:09:48 +0200] "POST /wp-cron.php?doing_wp_cron=1776204588.1688909530639648437500 HTTP/1.1" 500 199 "-" "WordPress/6.9.4; http://www.eeggs.ru"
52.167.144.215 - - [15/Apr/2026:00:09:47 +0200] "GET /goods/Poussoir-6A-1-Module-Noir/948371 HTTP/1.1" 301 384 "-" "Mozilla/5.0 AppleWebKit/537.36 (KHTML, like Gecko; compatible; bingbot/2.0; +http://www.bing.com/bingbot.htm) Chrome/116.0.1938.76 Safari/537.36"
95.216.2.94 - - [15/Apr/2026:00:10:49 +0200] "POST /wp-cron.php?doing_wp_cron=1776204649.2522919178009033203125 HTTP/1.1" 500 199 "-" "WordPress/6.9.4; http://www.eeggs.ru"
66.249.66.32 - - [15/Apr/2026:00:10:48 +0200] "GET /goods/PAXO-C-ble-USB-C-0-5m-10-Gbit-s-1-25-GByte-s-USB-3-2-Gen2/1076832 HTTP/1.1" 301 473 "-" "Mozilla/5.0 (Linux; Android 6.0.1; Nexus 5X Build/MMB29P) AppleWebKit/537.36 (KHTML, like Gecko) Chrome/146.0.7680.177 Mobile Safari/537.36 (compatible; Googlebot/2.1; +http://www.google.com/bot.html)"
66.249.66.198 - - [15/Apr/2026:00:10:49 +0200] "GET /goods/PAXO-C-ble-USB-C-0-5m-10-Gbit-s-1-25-GByte-s-USB-3-2-Gen2/1076832 HTTP/1.1" 404 16849 "-" "Mozilla/5.0 (Linux; Android 6.0.1; Nexus 5X Build/MMB29P) AppleWebKit/537.36 (KHTML, like Gecko) Chrome/146.0.7680.177 Mobile Safari/537.36 (compatible; Googlebot/2.1; +http://www.google.com/bot.html)"
180.101.244.65 - - [15/Apr/2026:00:12:12 +0200] "GET /wp-content/uploads/2008/03/gta_san_andreas_vice_city_3.jpg HTTP/1.1" 200 131053 "-" "Mozilla/5.0 (X11; Ubuntu; Linux x86_64; rv:72.0) Gecko/20100101 Firefox/72.0"
95.216.2.94 - - [15/Apr/2026:00:12:37 +0200] "POST /wp-cron.php?doing_wp_cron=1776204757.2881538867950439453125 HTTP/1.1" 500 199 "-" "WordPress/6.9.4; http://www.eeggs.ru"
40.77.167.243 - - [15/Apr/2026:00:12:36 +0200] "GET /goods/Kit-De-Panneau-Solaire-Portable-Et-Durable-Pour-Chargeurs-De/666715 HTTP/1.1" 301 419 "-" "Mozilla/5.0 AppleWebKit/537.36 (KHTML, like Gecko; compatible; bingbot/2.0; +http://www.bing.com/bingbot.htm) Chrome/116.0.1938.76 Safari/537.36"
95.216.2.94 - - [15/Apr/2026:00:16:59 +0200] "POST /wp-cron.php?doing_wp_cron=1776205019.5094189643859863281250 HTTP/1.1" 500 199 "-" "WordPress/6.9.4; http://www.eeggs.ru"
66.249.66.34 - - [15/Apr/2026:00:16:58 +0200] "GET /goods/Vinyle-De-Transfert-Thermique-De-12-Pouces-X-6/471923 HTTP/1.1" 301 461 "-" "Mozilla/5.0 (Linux; Android 6.0.1; Nexus 5X Build/MMB29P) AppleWebKit/537.36 (KHTML, like Gecko) Chrome/146.0.7680.177 Mobile Safari/537.36 (compatible; Googlebot/2.1; +http://www.google.com/bot.html)"
66.249.66.199 - - [15/Apr/2026:00:16:59 +0200] "GET /goods/Vinyle-De-Transfert-Thermique-De-12-Pouces-X-6/471923 HTTP/1.1" 404 16849 "-" "Mozilla/5.0 (Linux; Android 6.0.1; Nexus 5X Build/MMB29P) AppleWebKit/537.36 (KHTML, like Gecko) Chrome/146.0.7680.177 Mobile Safari/537.36 (compatible; Googlebot/2.1; +http://www.google.com/bot.html)"
94.154.35.236 - - [15/Apr/2026:00:17:27 +0200] "HEAD /api.gz HTTP/1.1" 301 338 "-" "Mozilla/5.0 (Windows NT 10.0; Win64; x64) AppleWebKit/537.36 (KHTML, like Gecko) Chrome/101.0.4951.67 Safari/537.36"
94.154.35.236 - - [15/Apr/2026:00:17:28 +0200] "HEAD /api.gz HTTP/1.1" 404 330 "-" "Mozilla/5.0 (Windows NT 10.0; Win64; x64) AppleWebKit/537.36 (KHTML, like Gecko) Chrome/101.0.4951.67 Safari/537.36"
216.244.66.243 - - [15/Apr/2026:00:19:23 +0200] "GET /robots.txt HTTP/1.1" 200 574 "-" "Mozilla/5.0 (compatible; DotBot/1.2; +https://opensiteexplorer.org/dotbot; help@moz.com)"
95.216.2.94 - - [15/Apr/2026:00:19:33 +0200] "POST /wp-cron.php?doing_wp_cron=1776205173.0442619323730468750000 HTTP/1.1" 500 199 "-" "WordPress/6.9.4; http://www.eeggs.ru"
66.249.66.32 - - [15/Apr/2026:00:19:32 +0200] "GET /goods/Lot-De-2-Mini-Passoires-En-Acier-Inoxydable-304-Avec-Bol/768025 HTTP/1.1" 301 471 "-" "Mozilla/5.0 (Linux; Android 6.0.1; Nexus 5X Build/MMB29P) AppleWebKit/537.36 (KHTML, like Gecko) Chrome/146.0.7680.177 Mobile Safari/537.36 (compatible; Googlebot/2.1; +http://www.google.com/bot.html)"
66.249.66.200 - - [15/Apr/2026:00:19:33 +0200] "GET /goods/Lot-De-2-Mini-Passoires-En-Acier-Inoxydable-304-Avec-Bol/768025 HTTP/1.1" 404 16849 "-" "Mozilla/5.0 (Linux; Android 6.0.1; Nexus 5X Build/MMB29P) AppleWebKit/537.36 (KHTML, like Gecko) Chrome/146.0.7680.177 Mobile Safari/537.36 (compatible; Googlebot/2.1; +http://www.google.com/bot.html)"
216.73.216.41 - - [15/Apr/2026:00:19:36 +0200] "GET /robots.txt HTTP/1.1" 200 463 "-" "Mozilla/5.0 AppleWebKit/537.36 (KHTML, like Gecko; compatible; ClaudeBot/1.0; +claudebot@anthropic.com)"
216.73.216.41 - - [15/Apr/2026:00:19:36 +0200] "GET /robots.txt HTTP/1.1" 200 462 "-" ""
216.73.216.41 - - [15/Apr/2026:00:19:36 +0200] "GET /software/zend-studio-authors/feed/ HTTP/1.1" 200 1645 "-" "Mozilla/5.0 AppleWebKit/537.36 (KHTML, like Gecko; compatible; ClaudeBot/1.0; +claudebot@anthropic.com)"
95.216.2.94 - - [15/Apr/2026:00:21:02 +0200] "POST /wp-cron.php?doing_wp_cron=1776205262.0289950370788574218750 HTTP/1.1" 500 199 "-" "WordPress/6.9.4; http://www.eeggs.ru"
89.249.21.36 - - [15/Apr/2026:00:21:01 +0200] "GET /films/apocalypto/ HTTP/1.1" 200 24893 "-" "Mozilla/5.0 (Windows NT 10.0; Win64; x64) AppleWebKit/537.36 (KHTML, like Gecko) Chrome/120.0.0.0 Safari/537.36"
216.73.216.41 - - [15/Apr/2026:00:21:38 +0200] "GET /?p=211 HTTP/1.1" 301 363 "-" "Mozilla/5.0 AppleWebKit/537.36 (KHTML, like Gecko; compatible; ClaudeBot/1.0; +claudebot@anthropic.com)"
216.73.216.41 - - [15/Apr/2026:00:21:42 +0200] "GET /software/zend-studio-authors/ HTTP/1.1" 200 8095 "http://www.eeggs.ru/?p=211" "Mozilla/5.0 AppleWebKit/537.36 (KHTML, like Gecko; compatible; ClaudeBot/1.0; +claudebot@anthropic.com)"
95.216.2.94 - - [15/Apr/2026:00:22:26 +0200] "POST /wp-cron.php?doing_wp_cron=1776205346.6940300464630126953125 HTTP/1.1" 500 199 "-" "WordPress/6.9.4; http://www.eeggs.ru"
66.249.66.32 - - [15/Apr/2026:00:22:25 +0200] "GET /goods/Lot-De-100-Lames-De-Rechange-En-Plastique-Pour-LIDL-Florabest/1176709 HTTP/1.1" 301 477 "-" "Mozilla/5.0 (Linux; Android 6.0.1; Nexus 5X Build/MMB29P) AppleWebKit/537.36 (KHTML, like Gecko) Chrome/146.0.7680.177 Mobile Safari/537.36 (compatible; Googlebot/2.1; +http://www.google.com/bot.html)"
66.249.66.199 - - [15/Apr/2026:00:22:27 +0200] "GET /goods/Lot-De-100-Lames-De-Rechange-En-Plastique-Pour-LIDL-Florabest/1176709 HTTP/1.1" 404 16849 "-" "Mozilla/5.0 (Linux; Android 6.0.1; Nexus 5X Build/MMB29P) AppleWebKit/537.36 (KHTML, like Gecko) Chrome/146.0.7680.177 Mobile Safari/537.36 (compatible; Googlebot/2.1; +http://www.google.com/bot.html)"
95.216.2.94 - - [15/Apr/2026:00:23:38 +0200] "POST /wp-cron.php?doing_wp_cron=1776205418.1285090446472167968750 HTTP/1.1" 500 199 "-" "WordPress/6.9.4; http://www.eeggs.ru"
40.77.167.143 - - [15/Apr/2026:00:23:37 +0200] "GET /goods/Gris-14-Mm-X-5-M-2-Unit-s-Leroy-Merlin/ HTTP/1.1" 301 391 "-" "Mozilla/5.0 AppleWebKit/537.36 (KHTML, like Gecko; compatible; bingbot/2.0; +http://www.bing.com/bingbot.htm) Chrome/116.0.1938.76 Safari/537.36"
95.216.2.94 - - [15/Apr/2026:00:23:38 +0200] "POST /wp-cron.php?doing_wp_cron=1776205418.5997929573059082031250 HTTP/1.1" 500 199 "-" "WordPress/6.9.4; http://www.eeggs.ru"
52.167.144.222 - - [15/Apr/2026:00:23:37 +0200] "GET /goods/Bonbons-Au-Caf-Cappuccino/438786 HTTP/1.1" 301 384 "-" "Mozilla/5.0 AppleWebKit/537.36 (KHTML, like Gecko; compatible; bingbot/2.0; +http://www.bing.com/bingbot.htm) Chrome/116.0.1938.76 Safari/537.36"
66.249.66.34 - - [15/Apr/2026:00:24:20 +0200] "GET /goods/Perche-Cueille-Fruit-Telescopique-4-M-Cueilleur-De-Fruits/1190624 HTTP/1.1" 301 473 "-" "Mozilla/5.0 (Linux; Android 6.0.1; Nexus 5X Build/MMB29P) AppleWebKit/537.36 (KHTML, like Gecko) Chrome/146.0.7680.177 Mobile Safari/537.36 (compatible; Googlebot/2.1; +http://www.google.com/bot.html)"
66.249.66.198 - - [15/Apr/2026:00:24:21 +0200] "GET /goods/Perche-Cueille-Fruit-Telescopique-4-M-Cueilleur-De-Fruits/1190624 HTTP/1.1" 404 16849 "-" "Mozilla/5.0 (Linux; Android 6.0.1; Nexus 5X Build/MMB29P) AppleWebKit/537.36 (KHTML, like Gecko) Chrome/146.0.7680.177 Mobile Safari/537.36 (compatible; Googlebot/2.1; +http://www.google.com/bot.html)"
95.216.2.94 - - [15/Apr/2026:00:24:39 +0200] "POST /wp-cron.php?doing_wp_cron=1776205479.6377251148223876953125 HTTP/1.1" 500 199 "-" "WordPress/6.9.4; http://www.eeggs.ru"
66.249.66.32 - - [15/Apr/2026:00:24:38 +0200] "GET /goods/Oniissy-Kit-De-R-paration-Thermostatique-Pour-Robinet-De/470632 HTTP/1.1" 301 471 "-" "Mozilla/5.0 (Linux; Android 6.0.1; Nexus 5X Build/MMB29P) AppleWebKit/537.36 (KHTML, like Gecko) Chrome/146.0.7680.177 Mobile Safari/537.36 (compatible; Googlebot/2.1; +http://www.google.com/bot.html)"
66.249.66.199 - - [15/Apr/2026:00:24:39 +0200] "GET /goods/Oniissy-Kit-De-R-paration-Thermostatique-Pour-Robinet-De/470632 HTTP/1.1" 404 16849 "-" "Mozilla/5.0 (Linux; Android 6.0.1; Nexus 5X Build/MMB29P) AppleWebKit/537.36 (KHTML, like Gecko) Chrome/146.0.7680.177 Mobile Safari/537.36 (compatible; Googlebot/2.1; +http://www.google.com/bot.html)"
216.244.66.243 - - [15/Apr/2026:00:25:22 +0200] "GET /2010/02/ HTTP/1.1" 301 242 "-" "Mozilla/5.0 (compatible; DotBot/1.2; +https://opensiteexplorer.org/dotbot; help@moz.com)"
95.216.2.94 - - [15/Apr/2026:00:27:55 +0200] "POST /wp-cron.php?doing_wp_cron=1776205675.7373750209808349609375 HTTP/1.1" 500 199 "-" "WordPress/6.9.4; http://www.eeggs.ru"
66.249.66.32 - - [15/Apr/2026:00:27:54 +0200] "GET /goods/Mm-paisseur-De-Paroi-De-1-Mm-Longueur-300-Mm-Tubes-Droits/887892 HTTP/1.1" 301 472 "-" "Mozilla/5.0 (Linux; Android 6.0.1; Nexus 5X Build/MMB29P) AppleWebKit/537.36 (KHTML, like Gecko) Chrome/146.0.7680.177 Mobile Safari/537.36 (compatible; Googlebot/2.1; +http://www.google.com/bot.html)"
66.249.66.198 - - [15/Apr/2026:00:27:56 +0200] "GET /goods/Mm-paisseur-De-Paroi-De-1-Mm-Longueur-300-Mm-Tubes-Droits/887892 HTTP/1.1" 404 16849 "-" "Mozilla/5.0 (Linux; Android 6.0.1; Nexus 5X Build/MMB29P) AppleWebKit/537.36 (KHTML, like Gecko) Chrome/146.0.7680.177 Mobile Safari/537.36 (compatible; Googlebot/2.1; +http://www.google.com/bot.html)"
95.216.2.94 - - [15/Apr/2026:00:29:51 +0200] "POST /wp-cron.php?doing_wp_cron=1776205791.6496651172637939453125 HTTP/1.1" 500 199 "-" "WordPress/6.9.4; http://www.eeggs.ru"
66.249.66.32 - - [15/Apr/2026:00:29:50 +0200] "GET /goods/L-P-Home-Gifts-Ornements-Nain-Avec-Libellule-Taille/866328 HTTP/1.1" 301 466 "-" "Mozilla/5.0 (Linux; Android 6.0.1; Nexus 5X Build/MMB29P) AppleWebKit/537.36 (KHTML, like Gecko) Chrome/146.0.7680.177 Mobile Safari/537.36 (compatible; Googlebot/2.1; +http://www.google.com/bot.html)"
66.249.66.200 - - [15/Apr/2026:00:29:51 +0200] "GET /goods/L-P-Home-Gifts-Ornements-Nain-Avec-Libellule-Taille/866328 HTTP/1.1" 404 16849 "-" "Mozilla/5.0 (Linux; Android 6.0.1; Nexus 5X Build/MMB29P) AppleWebKit/537.36 (KHTML, like Gecko) Chrome/146.0.7680.177 Mobile Safari/537.36 (compatible; Googlebot/2.1; +http://www.google.com/bot.html)"
52.167.144.237 - - [15/Apr/2026:00:30:08 +0200] "GET /sitemap-detail-2026-03-31.xml HTTP/1.1" 200 743 "-" "Mozilla/5.0 AppleWebKit/537.36 (KHTML, like Gecko; compatible; bingbot/2.0; +http://www.bing.com/bingbot.htm) Chrome/116.0.1938.76 Safari/537.36"
144.76.32.190 - - [15/Apr/2026:00:30:20 +0200] "GET /robots.txt HTTP/1.1" 200 463 "-" "Mozilla/5.0 (compatible; SERankingBacklinksBot/1.0; +https://seranking.com/backlinks-crawler)"
144.76.32.190 - - [15/Apr/2026:00:30:20 +0200] "GET /goods/De-Cuisine-Elemental-Ref/505878 HTTP/1.1" 301 439 "-" "Mozilla/5.0 (compatible; SERankingBacklinksBot/1.0; +https://seranking.com/backlinks-crawler)"
144.76.32.190 - - [15/Apr/2026:00:30:20 +0200] "GET /robots.txt HTTP/1.1" 200 463 "-" "Mozilla/5.0 (compatible; SERankingBacklinksBot/1.0; +https://seranking.com/backlinks-crawler)"
144.76.32.190 - - [15/Apr/2026:00:30:20 +0200] "GET /goods/De-Cuisine-Elemental-Ref/505878 HTTP/1.1" 404 16860 "-" "Mozilla/5.0 (compatible; SERankingBacklinksBot/1.0; +https://seranking.com/backlinks-crawler)"
95.216.2.94 - - [15/Apr/2026:00:31:12 +0200] "POST /wp-cron.php?doing_wp_cron=1776205872.2538459300994873046875 HTTP/1.1" 500 199 "-" "WordPress/6.9.4; http://www.eeggs.ru"
185.231.155.169 - - [15/Apr/2026:00:31:11 +0200] "GET /web/efes/ HTTP/1.0" 200 24525 "http://www.eeggs.ru/web/efes/#comment-310252" "Mozilla/5.0 (Windows NT 10.0; Win64; x64) AppleWebKit/537.36 (KHTML, like Gecko) Chrome/131.0.0.0 Safari/537.36 Avast/131.0.0.0"
185.231.155.169 - - [15/Apr/2026:00:31:12 +0200] "POST /wp-comments-post.php HTTP/1.0" 500 166 "http://www.eeggs.ru/web/efes/#comment-310252" "Mozilla/5.0 (Windows NT 10.0; Win64; x64) AppleWebKit/537.36 (KHTML, like Gecko) Chrome/131.0.0.0 Safari/537.36 Avast/131.0.0.0"
66.249.66.32 - - [15/Apr/2026:00:31:55 +0200] "GET /goods/Schutzauflagen-Pour-Mirka-Ponceuse-Avec-Dispositif-D-33-Trous/573841 HTTP/1.1" 301 476 "-" "Mozilla/5.0 (Linux; Android 6.0.1; Nexus 5X Build/MMB29P) AppleWebKit/537.36 (KHTML, like Gecko) Chrome/146.0.7680.177 Mobile Safari/537.36 (compatible; Googlebot/2.1; +http://www.google.com/bot.html)"
66.249.66.200 - - [15/Apr/2026:00:31:56 +0200] "GET /goods/Schutzauflagen-Pour-Mirka-Ponceuse-Avec-Dispositif-D-33-Trous/573841 HTTP/1.1" 404 16849 "-" "Mozilla/5.0 (Linux; Android 6.0.1; Nexus 5X Build/MMB29P) AppleWebKit/537.36 (KHTML, like Gecko) Chrome/146.0.7680.177 Mobile Safari/537.36 (compatible; Googlebot/2.1; +http://www.google.com/bot.html)"
95.216.2.94 - - [15/Apr/2026:00:33:17 +0200] "POST /wp-cron.php?doing_wp_cron=1776205997.9143419265747070312500 HTTP/1.1" 500 199 "-" "WordPress/6.9.4; http://www.eeggs.ru"
40.77.167.143 - - [15/Apr/2026:00:33:17 +0200] "GET /goods/Vinci-S-rie-7495-Pour-Peinture-L-039-Huile-Et-Acrylique/731086 HTTP/1.1" 301 414 "-" "Mozilla/5.0 AppleWebKit/537.36 (KHTML, like Gecko; compatible; bingbot/2.0; +http://www.bing.com/bingbot.htm) Chrome/116.0.1938.76 Safari/537.36"
95.216.2.94 - - [15/Apr/2026:00:34:51 +0200] "POST /wp-cron.php?doing_wp_cron=1776206091.0864269733428955078125 HTTP/1.1" 500 199 "-" "WordPress/6.9.4; http://www.eeggs.ru"
66.249.66.33 - - [15/Apr/2026:00:34:50 +0200] "GET /goods/Khaki-Navy-Scuba-Auto-Couleur-Du-Cadran-Noir-H82315131/1003766 HTTP/1.1" 301 470 "-" "Mozilla/5.0 (Linux; Android 6.0.1; Nexus 5X Build/MMB29P) AppleWebKit/537.36 (KHTML, like Gecko) Chrome/146.0.7680.177 Mobile Safari/537.36 (compatible; Googlebot/2.1; +http://www.google.com/bot.html)"
66.249.66.200 - - [15/Apr/2026:00:34:51 +0200] "GET /goods/Khaki-Navy-Scuba-Auto-Couleur-Du-Cadran-Noir-H82315131/1003766 HTTP/1.1" 404 16849 "-" "Mozilla/5.0 (Linux; Android 6.0.1; Nexus 5X Build/MMB29P) AppleWebKit/537.36 (KHTML, like Gecko) Chrome/146.0.7680.177 Mobile Safari/537.36 (compatible; Googlebot/2.1; +http://www.google.com/bot.html)"
66.249.66.34 - - [15/Apr/2026:00:35:29 +0200] "GET /goods/Rangers-D-guisement-COSMIC-FURY-Enfant-Acheter-Sur/710630 HTTP/1.1" 301 465 "-" "Mozilla/5.0 (Linux; Android 6.0.1; Nexus 5X Build/MMB29P) AppleWebKit/537.36 (KHTML, like Gecko) Chrome/146.0.7680.177 Mobile Safari/537.36 (compatible; Googlebot/2.1; +http://www.google.com/bot.html)"
66.249.66.198 - - [15/Apr/2026:00:35:30 +0200] "GET /goods/Rangers-D-guisement-COSMIC-FURY-Enfant-Acheter-Sur/710630 HTTP/1.1" 404 16849 "-" "Mozilla/5.0 (Linux; Android 6.0.1; Nexus 5X Build/MMB29P) AppleWebKit/537.36 (KHTML, like Gecko) Chrome/146.0.7680.177 Mobile Safari/537.36 (compatible; Googlebot/2.1; +http://www.google.com/bot.html)"
40.77.167.63 - - [15/Apr/2026:00:35:38 +0200] "GET /goods/16-Colliers-De-Serrage-De-12-Mm-Acier/446908 HTTP/1.1" 301 396 "-" "Mozilla/5.0 AppleWebKit/537.36 (KHTML, like Gecko; compatible; bingbot/2.0; +http://www.bing.com/bingbot.htm) Chrome/116.0.1938.76 Safari/537.36"
52.167.144.156 - - [15/Apr/2026:00:35:42 +0200] "GET /goods/Bois-Peut-Contenir-Des-Sachets-De-Th-Et-Des/1134196 HTTP/1.1" 301 403 "-" "Mozilla/5.0 AppleWebKit/537.36 (KHTML, like Gecko; compatible; bingbot/2.0; +http://www.bing.com/bingbot.htm) Chrome/116.0.1938.76 Safari/537.36"
216.73.216.41 - - [15/Apr/2026:00:37:01 +0200] "GET /robots.txt HTTP/1.1" 200 463 "-" "Mozilla/5.0 AppleWebKit/537.36 (KHTML, like Gecko; compatible; ClaudeBot/1.0; +claudebot@anthropic.com)"
95.216.2.94 - - [15/Apr/2026:00:37:02 +0200] "POST /wp-cron.php?doing_wp_cron=1776206222.2204320430755615234375 HTTP/1.1" 500 199 "-" "WordPress/6.9.4; http://www.eeggs.ru"
216.73.216.41 - - [15/Apr/2026:00:37:01 +0200] "GET / HTTP/1.1" 301 289 "-" "Mozilla/5.0 AppleWebKit/537.36 (KHTML, like Gecko; compatible; ClaudeBot/1.0; +claudebot@anthropic.com)"
216.73.216.41 - - [15/Apr/2026:00:37:07 +0200] "GET / HTTP/1.1" 200 8238 "http://eeggs.ru/" "Mozilla/5.0 AppleWebKit/537.36 (KHTML, like Gecko; compatible; ClaudeBot/1.0; +claudebot@anthropic.com)"
95.216.2.94 - - [15/Apr/2026:00:38:19 +0200] "POST /wp-cron.php?doing_wp_cron=1776206299.7761828899383544921875 HTTP/1.1" 500 199 "-" "WordPress/6.9.4; http://www.eeggs.ru"
152.228.220.143 - - [15/Apr/2026:00:38:19 +0200] "GET /other/osmp-ny/feed/ HTTP/1.1" 200 1719 "-" "Mozilla/5.0 (X11; Linux i686) AppleWebKit/537.36 (KHTML, like Gecko) Chrome/30.0.1599.66 Safari/537.36"
95.216.2.94 - - [15/Apr/2026:00:40:30 +0200] "POST /wp-cron.php?doing_wp_cron=1776206430.2271740436553955078125 HTTP/1.1" 500 199 "-" "WordPress/6.9.4; http://www.eeggs.ru"
66.249.66.33 - - [15/Apr/2026:00:40:29 +0200] "GET /goods/Petromax-Nous-Faisons-Revivre-L-039-histoire/462781 HTTP/1.1" 301 459 "-" "Mozilla/5.0 (Linux; Android 6.0.1; Nexus 5X Build/MMB29P) AppleWebKit/537.36 (KHTML, like Gecko) Chrome/146.0.7680.177 Mobile Safari/537.36 (compatible; Googlebot/2.1; +http://www.google.com/bot.html)"
66.249.66.198 - - [15/Apr/2026:00:40:30 +0200] "GET /goods/Petromax-Nous-Faisons-Revivre-L-039-histoire/462781 HTTP/1.1" 404 16849 "-" "Mozilla/5.0 (Linux; Android 6.0.1; Nexus 5X Build/MMB29P) AppleWebKit/537.36 (KHTML, like Gecko) Chrome/146.0.7680.177 Mobile Safari/537.36 (compatible; Googlebot/2.1; +http://www.google.com/bot.html)"
152.228.220.143 - - [15/Apr/2026:00:40:44 +0200] "GET /software/google-chrome/feed/ HTTP/1.1" 200 2231 "-" "Mozilla/5.0 (X11; Linux i686) AppleWebKit/537.36 (KHTML, like Gecko) Chrome/30.0.1599.66 Safari/537.36"
95.216.2.94 - - [15/Apr/2026:00:42:51 +0200] "POST /wp-cron.php?doing_wp_cron=1776206571.7202770709991455078125 HTTP/1.1" 500 199 "-" "WordPress/6.9.4; http://www.eeggs.ru"
66.249.66.32 - - [15/Apr/2026:00:42:50 +0200] "GET /goods/Pull-Manches-Longues-ET-COL-ROUL-68Y-Bleu-S-Femme/900361 HTTP/1.1" 301 464 "-" "Mozilla/5.0 (Linux; Android 6.0.1; Nexus 5X Build/MMB29P) AppleWebKit/537.36 (KHTML, like Gecko) Chrome/146.0.7680.177 Mobile Safari/537.36 (compatible; Googlebot/2.1; +http://www.google.com/bot.html)"
66.249.66.198 - - [15/Apr/2026:00:42:52 +0200] "GET /goods/Pull-Manches-Longues-ET-COL-ROUL-68Y-Bleu-S-Femme/900361 HTTP/1.1" 404 16849 "-" "Mozilla/5.0 (Linux; Android 6.0.1; Nexus 5X Build/MMB29P) AppleWebKit/537.36 (KHTML, like Gecko) Chrome/146.0.7680.177 Mobile Safari/537.36 (compatible; Googlebot/2.1; +http://www.google.com/bot.html)"
95.216.2.94 - - [15/Apr/2026:00:44:39 +0200] "POST /wp-cron.php?doing_wp_cron=1776206679.5724060535430908203125 HTTP/1.1" 500 199 "-" "WordPress/6.9.4; http://www.eeggs.ru"
94.154.35.236 - - [15/Apr/2026:00:44:38 +0200] "HEAD /api.7z HTTP/1.1" 301 338 "-" "Mozilla/5.0 (Windows NT 10.0; Win64; x64) AppleWebKit/537.36 (KHTML, like Gecko) Chrome/101.0.4951.67 Safari/537.36"
94.154.35.236 - - [15/Apr/2026:00:44:40 +0200] "HEAD /api.7z HTTP/1.1" 404 330 "-" "Mozilla/5.0 (Windows NT 10.0; Win64; x64) AppleWebKit/537.36 (KHTML, like Gecko) Chrome/101.0.4951.67 Safari/537.36"
66.249.66.32 - - [15/Apr/2026:00:44:52 +0200] "GET /goods/A-Glossary-Of-Football-Words-And-Phrases-From-Around-The-World/820290 HTTP/1.1" 301 477 "-" "Mozilla/5.0 (Linux; Android 6.0.1; Nexus 5X Build/MMB29P) AppleWebKit/537.36 (KHTML, like Gecko) Chrome/146.0.7680.177 Mobile Safari/537.36 (compatible; Googlebot/2.1; +http://www.google.com/bot.html)"
66.249.66.199 - - [15/Apr/2026:00:44:53 +0200] "GET /goods/A-Glossary-Of-Football-Words-And-Phrases-From-Around-The-World/820290 HTTP/1.1" 404 16849 "-" "Mozilla/5.0 (Linux; Android 6.0.1; Nexus 5X Build/MMB29P) AppleWebKit/537.36 (KHTML, like Gecko) Chrome/146.0.7680.177 Mobile Safari/537.36 (compatible; Googlebot/2.1; +http://www.google.com/bot.html)"
95.216.2.94 - - [15/Apr/2026:00:46:49 +0200] "POST /wp-cron.php?doing_wp_cron=1776206809.3914480209350585937500 HTTP/1.1" 500 199 "-" "WordPress/6.9.4; http://www.eeggs.ru"
66.249.66.32 - - [15/Apr/2026:00:46:48 +0200] "GET /goods/History-Schroeder-George/662267 HTTP/1.1" 301 439 "-" "Mozilla/5.0 (Linux; Android 6.0.1; Nexus 5X Build/MMB29P) AppleWebKit/537.36 (KHTML, like Gecko) Chrome/146.0.7680.177 Mobile Safari/537.36 (compatible; Googlebot/2.1; +http://www.google.com/bot.html)"
66.249.66.199 - - [15/Apr/2026:00:46:49 +0200] "GET /goods/History-Schroeder-George/662267 HTTP/1.1" 404 16849 "-" "Mozilla/5.0 (Linux; Android 6.0.1; Nexus 5X Build/MMB29P) AppleWebKit/537.36 (KHTML, like Gecko) Chrome/146.0.7680.177 Mobile Safari/537.36 (compatible; Googlebot/2.1; +http://www.google.com/bot.html)"
95.216.2.94 - - [15/Apr/2026:00:47:54 +0200] "POST /wp-cron.php?doing_wp_cron=1776206874.2269430160522460937500 HTTP/1.1" 500 199 "-" "WordPress/6.9.4; http://www.eeggs.ru"
152.228.220.143 - - [15/Apr/2026:00:47:53 +0200] "GET /software/skrytye-smajly-i-ikonki-v-skype/feed/ HTTP/1.1" 200 2281 "-" "Mozilla/5.0 (X11; Linux i686) AppleWebKit/537.36 (KHTML, like Gecko) Chrome/30.0.1599.66 Safari/537.36"
89.249.21.36 - - [15/Apr/2026:00:47:55 +0200] "GET /software/adobe-illustrator-cs3/ HTTP/1.1" 200 26573 "-" "Mozilla/5.0 (Windows NT 10.0; Win64; x64) AppleWebKit/537.36 (KHTML, like Gecko) Chrome/120.0.0.0 Safari/537.36"
95.216.2.94 - - [15/Apr/2026:00:51:14 +0200] "POST /wp-cron.php?doing_wp_cron=1776207074.6397850513458251953125 HTTP/1.1" 500 199 "-" "WordPress/6.9.4; http://www.eeggs.ru"
216.73.216.41 - - [15/Apr/2026:00:51:13 +0200] "GET /software/winamp-sammy/feed/ HTTP/1.1" 200 1625 "-" "Mozilla/5.0 AppleWebKit/537.36 (KHTML, like Gecko; compatible; ClaudeBot/1.0; +claudebot@anthropic.com)"
216.73.216.41 - - [15/Apr/2026:00:51:21 +0200] "GET /?p=109 HTTP/1.1" 301 356 "-" "Mozilla/5.0 AppleWebKit/537.36 (KHTML, like Gecko; compatible; ClaudeBot/1.0; +claudebot@anthropic.com)"
66.249.66.34 - - [15/Apr/2026:00:51:24 +0200] "GET /goods/De-4-Crochets-En-Acier-Inoxydable-Organisateur-De/511353 HTTP/1.1" 301 464 "-" "Mozilla/5.0 (Linux; Android 6.0.1; Nexus 5X Build/MMB29P) AppleWebKit/537.36 (KHTML, like Gecko) Chrome/146.0.7680.177 Mobile Safari/537.36 (compatible; Googlebot/2.1; +http://www.google.com/bot.html)"
66.249.66.198 - - [15/Apr/2026:00:51:25 +0200] "GET /goods/De-4-Crochets-En-Acier-Inoxydable-Organisateur-De/511353 HTTP/1.1" 404 16849 "-" "Mozilla/5.0 (Linux; Android 6.0.1; Nexus 5X Build/MMB29P) AppleWebKit/537.36 (KHTML, like Gecko) Chrome/146.0.7680.177 Mobile Safari/537.36 (compatible; Googlebot/2.1; +http://www.google.com/bot.html)"
52.167.144.195 - - [15/Apr/2026:00:51:29 +0200] "GET /goods/Chaise-De-Sac-De-Haricot-Couverture-De-Pouf-2pcs-Caf-Prerryia/884157 HTTP/1.1" 301 420 "-" "Mozilla/5.0 AppleWebKit/537.36 (KHTML, like Gecko; compatible; bingbot/2.0; +http://www.bing.com/bingbot.htm) Chrome/116.0.1938.76 Safari/537.36"
40.77.167.243 - - [15/Apr/2026:00:51:34 +0200] "GET /goods/Farine-Semi-compl-te-De-Seigle-Bio/640862 HTTP/1.1" 301 393 "-" "Mozilla/5.0 AppleWebKit/537.36 (KHTML, like Gecko; compatible; bingbot/2.0; +http://www.bing.com/bingbot.htm) Chrome/116.0.1938.76 Safari/537.36"
40.77.167.243 - - [15/Apr/2026:00:51:35 +0200] "GET /goods/Porte-ustensiles-Pour-Comptoir-De-Cuisine-Organiseur/424510 HTTP/1.1" 301 411 "-" "Mozilla/5.0 AppleWebKit/537.36 (KHTML, like Gecko; compatible; bingbot/2.0; +http://www.bing.com/bingbot.htm) Chrome/116.0.1938.76 Safari/537.36"
40.77.167.243 - - [15/Apr/2026:00:51:36 +0200] "GET /goods/Corning-Pyrex-1000mL-Wide-Mouth-GLS80-Glass-Media-Bottle/1175001 HTTP/1.1" 301 416 "-" "Mozilla/5.0 AppleWebKit/537.36 (KHTML, like Gecko; compatible; bingbot/2.0; +http://www.bing.com/bingbot.htm) Chrome/116.0.1938.76 Safari/537.36"
95.216.2.94 - - [15/Apr/2026:00:52:17 +0200] "POST /wp-cron.php?doing_wp_cron=1776207137.4692010879516601562500 HTTP/1.1" 500 199 "-" "WordPress/6.9.4; http://www.eeggs.ru"
66.249.66.32 - - [15/Apr/2026:00:52:16 +0200] "GET /goods/XCVXZCSDAF-Cadeaux-Comm-moratifs-Pour-La-Perte-De-Maman-D/509118 HTTP/1.1" 301 472 "-" "Mozilla/5.0 (Linux; Android 6.0.1; Nexus 5X Build/MMB29P) AppleWebKit/537.36 (KHTML, like Gecko) Chrome/146.0.7680.177 Mobile Safari/537.36 (compatible; Googlebot/2.1; +http://www.google.com/bot.html)"
66.249.66.199 - - [15/Apr/2026:00:52:17 +0200] "GET /goods/XCVXZCSDAF-Cadeaux-Comm-moratifs-Pour-La-Perte-De-Maman-D/509118 HTTP/1.1" 404 16849 "-" "Mozilla/5.0 (Linux; Android 6.0.1; Nexus 5X Build/MMB29P) AppleWebKit/537.36 (KHTML, like Gecko) Chrome/146.0.7680.177 Mobile Safari/537.36 (compatible; Googlebot/2.1; +http://www.google.com/bot.html)"
66.249.66.32 - - [15/Apr/2026:00:53:10 +0200] "GET /goods/Gilet-Marron-En-Tweed-Pour-Homme-Coupe-Ajust-e/892718 HTTP/1.1" 301 461 "-" "Mozilla/5.0 (Linux; Android 6.0.1; Nexus 5X Build/MMB29P) AppleWebKit/537.36 (KHTML, like Gecko) Chrome/146.0.7680.177 Mobile Safari/537.36 (compatible; Googlebot/2.1; +http://www.google.com/bot.html)"
66.249.66.200 - - [15/Apr/2026:00:53:11 +0200] "GET /goods/Gilet-Marron-En-Tweed-Pour-Homme-Coupe-Ajust-e/892718 HTTP/1.1" 404 16849 "-" "Mozilla/5.0 (Linux; Android 6.0.1; Nexus 5X Build/MMB29P) AppleWebKit/537.36 (KHTML, like Gecko) Chrome/146.0.7680.177 Mobile Safari/537.36 (compatible; Googlebot/2.1; +http://www.google.com/bot.html)"
95.216.2.94 - - [15/Apr/2026:00:53:47 +0200] "POST /wp-cron.php?doing_wp_cron=1776207227.4992311000823974609375 HTTP/1.1" 500 199 "-" "WordPress/6.9.4; http://www.eeggs.ru"
66.249.66.32 - - [15/Apr/2026:00:53:46 +0200] "GET /goods/Kioqiear-Sac-Rembourr-Pour-Snowboard-Et-Bottes-Parfait-Pour/687562 HTTP/1.1" 301 474 "-" "Mozilla/5.0 (Linux; Android 6.0.1; Nexus 5X Build/MMB29P) AppleWebKit/537.36 (KHTML, like Gecko) Chrome/146.0.7680.177 Mobile Safari/537.36 (compatible; Googlebot/2.1; +http://www.google.com/bot.html)"
66.249.66.199 - - [15/Apr/2026:00:53:47 +0200] "GET /goods/Kioqiear-Sac-Rembourr-Pour-Snowboard-Et-Bottes-Parfait-Pour/687562 HTTP/1.1" 404 16849 "-" "Mozilla/5.0 (Linux; Android 6.0.1; Nexus 5X Build/MMB29P) AppleWebKit/537.36 (KHTML, like Gecko) Chrome/146.0.7680.177 Mobile Safari/537.36 (compatible; Googlebot/2.1; +http://www.google.com/bot.html)"
95.216.2.94 - - [15/Apr/2026:00:55:55 +0200] "POST /wp-cron.php?doing_wp_cron=1776207355.8665881156921386718750 HTTP/1.1" 500 199 "-" "WordPress/6.9.4; http://www.eeggs.ru"
216.73.216.41 - - [15/Apr/2026:00:55:55 +0200] "GET /goods.php HTTP/1.1" 301 411 "-" "Mozilla/5.0 AppleWebKit/537.36 (KHTML, like Gecko; compatible; ClaudeBot/1.0; +claudebot@anthropic.com)"
216.73.216.41 - - [15/Apr/2026:00:55:56 +0200] "GET /goods.php HTTP/1.1" 404 16860 "http://eeggs.ru/goods.php" "Mozilla/5.0 AppleWebKit/537.36 (KHTML, like Gecko; compatible; ClaudeBot/1.0; +claudebot@anthropic.com)"
40.77.167.243 - - [15/Apr/2026:00:56:22 +0200] "GET /goods/45-Tomate-Naturelle-En-Dose-Unique-Et-Huile-D/999022 HTTP/1.1" 301 404 "-" "Mozilla/5.0 AppleWebKit/537.36 (KHTML, like Gecko; compatible; bingbot/2.0; +http://www.bing.com/bingbot.htm) Chrome/116.0.1938.76 Safari/537.36"
40.77.167.243 - - [15/Apr/2026:00:56:23 +0200] "GET /goods/D-B-Squad-Blue-Ranger-Vs-A-Squad-Blue-Ranger-Spectrum/661143 HTTP/1.1" 301 412 "-" "Mozilla/5.0 AppleWebKit/537.36 (KHTML, like Gecko; compatible; bingbot/2.0; +http://www.bing.com/bingbot.htm) Chrome/116.0.1938.76 Safari/537.36"
40.77.167.243 - - [15/Apr/2026:00:56:25 +0200] "GET /goods/Ch-ne-Marron-40x22-Cm-Meuble-De-Rangement-Meuble-De-Lavabo-Avec/847324 HTTP/1.1" 301 422 "-" "Mozilla/5.0 AppleWebKit/537.36 (KHTML, like Gecko; compatible; bingbot/2.0; +http://www.bing.com/bingbot.htm) Chrome/116.0.1938.76 Safari/537.36"
66.249.92.32 - - [15/Apr/2026:00:56:40 +0200] "GET /goods/Foret-Piranha-Pour-Carrelage-Et-Verre-10-Mm/484138 HTTP/1.1" 301 458 "-" "Mozilla/5.0 (Linux; Android 6.0.1; Nexus 5X Build/MMB29P) AppleWebKit/537.36 (KHTML, like Gecko) Chrome/146.0.7680.177 Mobile Safari/537.36 (compatible; AdsBot-Google-Mobile; +http://www.google.com/mobile/adsbot.html)"
66.249.92.198 - - [15/Apr/2026:00:56:41 +0200] "GET /goods/Foret-Piranha-Pour-Carrelage-Et-Verre-10-Mm/484138 HTTP/1.1" 404 16849 "-" "Mozilla/5.0 (Linux; Android 6.0.1; Nexus 5X Build/MMB29P) AppleWebKit/537.36 (KHTML, like Gecko) Chrome/146.0.7680.177 Mobile Safari/537.36 (compatible; AdsBot-Google-Mobile; +http://www.google.com/mobile/adsbot.html)"
40.77.167.10 - - [15/Apr/2026:00:56:52 +0200] "GET /goods/Pearce-Grip-SW-MP-9-Shield-PLUS-9mm-Magazine-Extension-Mag-Ext/1247679 HTTP/1.1" 301 422 "-" "Mozilla/5.0 AppleWebKit/537.36 (KHTML, like Gecko; compatible; bingbot/2.0; +http://www.bing.com/bingbot.htm) Chrome/116.0.1938.76 Safari/537.36"
66.249.66.33 - - [15/Apr/2026:00:56:53 +0200] "GET /goods/Ravensburger-3x49-Pi-ces-Jeux-Jouets/602502 HTTP/1.1" 301 451 "-" "Mozilla/5.0 (Linux; Android 6.0.1; Nexus 5X Build/MMB29P) AppleWebKit/537.36 (KHTML, like Gecko) Chrome/146.0.7680.177 Mobile Safari/537.36 (compatible; Googlebot/2.1; +http://www.google.com/bot.html)"
66.249.66.198 - - [15/Apr/2026:00:56:54 +0200] "GET /goods/Ravensburger-3x49-Pi-ces-Jeux-Jouets/602502 HTTP/1.1" 404 16849 "-" "Mozilla/5.0 (Linux; Android 6.0.1; Nexus 5X Build/MMB29P) AppleWebKit/537.36 (KHTML, like Gecko) Chrome/146.0.7680.177 Mobile Safari/537.36 (compatible; Googlebot/2.1; +http://www.google.com/bot.html)"
95.216.2.94 - - [15/Apr/2026:00:57:04 +0200] "POST /wp-cron.php?doing_wp_cron=1776207424.6799490451812744140625 HTTP/1.1" 500 199 "-" "WordPress/6.9.4; http://www.eeggs.ru"
52.167.144.171 - - [15/Apr/2026:00:57:03 +0200] "GET /goods/Pour-Piano-Guitare-Violon-Batterie-Et-Autres-Instruments/1261216 HTTP/1.1" 301 416 "-" "Mozilla/5.0 AppleWebKit/537.36 (KHTML, like Gecko; compatible; bingbot/2.0; +http://www.bing.com/bingbot.htm) Chrome/116.0.1938.76 Safari/537.36"
52.167.144.171 - - [15/Apr/2026:00:57:05 +0200] "GET /goods/DUVAL-Transformateur-R-f/710296 HTTP/1.1" 301 383 "-" "Mozilla/5.0 AppleWebKit/537.36 (KHTML, like Gecko; compatible; bingbot/2.0; +http://www.bing.com/bingbot.htm) Chrome/116.0.1938.76 Safari/537.36"
216.73.216.41 - - [15/Apr/2026:00:58:02 +0200] "GET / HTTP/1.1" 301 290 "-" "Mozilla/5.0 AppleWebKit/537.36 (KHTML, like Gecko; compatible; ClaudeBot/1.0; +claudebot@anthropic.com)"
95.216.2.94 - - [15/Apr/2026:00:58:08 +0200] "POST /wp-cron.php?doing_wp_cron=1776207488.7106599807739257812500 HTTP/1.1" 500 199 "-" "WordPress/6.9.4; http://www.eeggs.ru"
216.73.216.41 - - [15/Apr/2026:00:58:07 +0200] "GET / HTTP/1.1" 200 8238 "http://eeggs.ru/" "Mozilla/5.0 AppleWebKit/537.36 (KHTML, like Gecko; compatible; ClaudeBot/1.0; +claudebot@anthropic.com)"
95.216.2.94 - - [15/Apr/2026:01:00:33 +0200] "POST /wp-cron.php?doing_wp_cron=1776207633.3989500999450683593750 HTTP/1.1" 500 199 "-" "WordPress/6.9.4; http://www.eeggs.ru"
66.249.66.32 - - [15/Apr/2026:01:00:32 +0200] "GET /goods/Of-A-Quality-Physical/972746 HTTP/1.1" 301 436 "-" "Mozilla/5.0 (Linux; Android 6.0.1; Nexus 5X Build/MMB29P) AppleWebKit/537.36 (KHTML, like Gecko) Chrome/146.0.7680.177 Mobile Safari/537.36 (compatible; Googlebot/2.1; +http://www.google.com/bot.html)"
66.249.66.199 - - [15/Apr/2026:01:00:33 +0200] "GET /goods/Of-A-Quality-Physical/972746 HTTP/1.1" 404 16857 "-" "Mozilla/5.0 (Linux; Android 6.0.1; Nexus 5X Build/MMB29P) AppleWebKit/537.36 (KHTML, like Gecko) Chrome/146.0.7680.177 Mobile Safari/537.36 (compatible; Googlebot/2.1; +http://www.google.com/bot.html)"
66.249.66.33 - - [15/Apr/2026:01:00:51 +0200] "GET /goods/De-Plaque-D-039-immatriculation-De-Moto-Chrom-De-L-039-US-Air/1108147 HTTP/1.1" 301 477 "-" "Mozilla/5.0 (Linux; Android 6.0.1; Nexus 5X Build/MMB29P) AppleWebKit/537.36 (KHTML, like Gecko) Chrome/146.0.7680.177 Mobile Safari/537.36 (compatible; Googlebot/2.1; +http://www.google.com/bot.html)"
66.249.66.198 - - [15/Apr/2026:01:00:52 +0200] "GET /goods/De-Plaque-D-039-immatriculation-De-Moto-Chrom-De-L-039-US-Air/1108147 HTTP/1.1" 404 16849 "-" "Mozilla/5.0 (Linux; Android 6.0.1; Nexus 5X Build/MMB29P) AppleWebKit/537.36 (KHTML, like Gecko) Chrome/146.0.7680.177 Mobile Safari/537.36 (compatible; Googlebot/2.1; +http://www.google.com/bot.html)"
5.39.1.224 - - [15/Apr/2026:01:01:11 +0200] "GET /other/osmp-ny/feed/ HTTP/1.1" 200 1700 "-" "Mozilla/5.0 (compatible; AhrefsBot/7.0; +http://ahrefs.com/robot/)"
40.77.167.35 - - [15/Apr/2026:01:01:18 +0200] "GET /other/osmp-ny/ HTTP/1.1" 200 8973 "-" "Mozilla/5.0 AppleWebKit/537.36 (KHTML, like Gecko; compatible; bingbot/2.0; +http://www.bing.com/bingbot.htm) Chrome/116.0.1938.76 Safari/537.36"
95.216.2.94 - - [15/Apr/2026:01:01:57 +0200] "POST /wp-cron.php?doing_wp_cron=1776207717.6372170448303222656250 HTTP/1.1" 500 199 "-" "WordPress/6.9.4; http://www.eeggs.ru"
89.249.21.36 - - [15/Apr/2026:01:01:56 +0200] "GET /software/mail-agent/ HTTP/1.1" 200 26525 "-" "Mozilla/5.0 (Windows NT 10.0; Win64; x64) AppleWebKit/537.36 (KHTML, like Gecko) Chrome/120.0.0.0 Safari/537.36"
95.216.2.94 - - [15/Apr/2026:01:03:04 +0200] "POST /wp-cron.php?doing_wp_cron=1776207783.9968309402465820312500 HTTP/1.1" 500 199 "-" "WordPress/6.9.4; http://www.eeggs.ru"
66.249.66.34 - - [15/Apr/2026:01:03:03 +0200] "GET /goods/Ml-Tissus-Cuir-Naturel-Et-Synth-tique/827400 HTTP/1.1" 301 452 "-" "Mozilla/5.0 (Linux; Android 6.0.1; Nexus 5X Build/MMB29P) AppleWebKit/537.36 (KHTML, like Gecko) Chrome/146.0.7680.177 Mobile Safari/537.36 (compatible; Googlebot/2.1; +http://www.google.com/bot.html)"
66.249.66.200 - - [15/Apr/2026:01:03:04 +0200] "GET /goods/Ml-Tissus-Cuir-Naturel-Et-Synth-tique/827400 HTTP/1.1" 404 16849 "-" "Mozilla/5.0 (Linux; Android 6.0.1; Nexus 5X Build/MMB29P) AppleWebKit/537.36 (KHTML, like Gecko) Chrome/146.0.7680.177 Mobile Safari/537.36 (compatible; Googlebot/2.1; +http://www.google.com/bot.html)"
52.167.144.171 - - [15/Apr/2026:01:03:35 +0200] "GET /goods/Gel-Douche-Creme-DOP-Douceurs-De-Nos-R-gions-Vanille-Douce-De/783743 HTTP/1.1" 301 420 "-" "Mozilla/5.0 AppleWebKit/537.36 (KHTML, like Gecko; compatible; bingbot/2.0; +http://www.bing.com/bingbot.htm) Chrome/116.0.1938.76 Safari/537.36"
52.167.144.171 - - [15/Apr/2026:01:03:36 +0200] "GET /goods/Car-Electrical-Spare-10x-Mini-Blade-Fuses-20-Amp-For/1134937 HTTP/1.1" 301 412 "-" "Mozilla/5.0 AppleWebKit/537.36 (KHTML, like Gecko; compatible; bingbot/2.0; +http://www.bing.com/bingbot.htm) Chrome/116.0.1938.76 Safari/537.36"
40.77.167.44 - - [15/Apr/2026:01:03:41 +0200] "GET /goods/TeraGanix-EM-Son-Bokashi-De-Qualit-Sup-rieure-Acc-l/730841 HTTP/1.1" 301 410 "-" "Mozilla/5.0 AppleWebKit/537.36 (KHTML, like Gecko; compatible; bingbot/2.0; +http://www.bing.com/bingbot.htm) Chrome/116.0.1938.76 Safari/537.36"
40.77.167.44 - - [15/Apr/2026:01:03:43 +0200] "GET /goods/U00c9quipement-D-039-exercice-Pour-L-039-int-rieur-Des/751466 HTTP/1.1" 301 413 "-" "Mozilla/5.0 AppleWebKit/537.36 (KHTML, like Gecko; compatible; bingbot/2.0; +http://www.bing.com/bingbot.htm) Chrome/116.0.1938.76 Safari/537.36"
95.216.2.94 - - [15/Apr/2026:01:04:23 +0200] "POST /wp-cron.php?doing_wp_cron=1776207863.1738018989562988281250 HTTP/1.1" 500 199 "-" "WordPress/6.9.4; http://www.eeggs.ru"
66.249.66.33 - - [15/Apr/2026:01:04:22 +0200] "GET /goods/Burt-S-Bees-Pyjamas-Pour-B-b-s-Gar-ons-Ensemble-De-Pyjama/1142063 HTTP/1.1" 301 473 "-" "Mozilla/5.0 (Linux; Android 6.0.1; Nexus 5X Build/MMB29P) AppleWebKit/537.36 (KHTML, like Gecko) Chrome/146.0.7680.177 Mobile Safari/537.36 (compatible; Googlebot/2.1; +http://www.google.com/bot.html)"
66.249.66.200 - - [15/Apr/2026:01:04:23 +0200] "GET /goods/Burt-S-Bees-Pyjamas-Pour-B-b-s-Gar-ons-Ensemble-De-Pyjama/1142063 HTTP/1.1" 404 16849 "-" "Mozilla/5.0 (Linux; Android 6.0.1; Nexus 5X Build/MMB29P) AppleWebKit/537.36 (KHTML, like Gecko) Chrome/146.0.7680.177 Mobile Safari/537.36 (compatible; Googlebot/2.1; +http://www.google.com/bot.html)"
66.249.66.34 - - [15/Apr/2026:01:05:02 +0200] "GET /goods/URBAN-CLASSICS-Strickjacke-Urban-Classics-Damen-Ladies-Hooded/582385 HTTP/1.1" 301 476 "-" "Mozilla/5.0 (Linux; Android 6.0.1; Nexus 5X Build/MMB29P) AppleWebKit/537.36 (KHTML, like Gecko) Chrome/146.0.7680.177 Mobile Safari/537.36 (compatible; Googlebot/2.1; +http://www.google.com/bot.html)"
66.249.66.198 - - [15/Apr/2026:01:05:03 +0200] "GET /goods/URBAN-CLASSICS-Strickjacke-Urban-Classics-Damen-Ladies-Hooded/582385 HTTP/1.1" 404 16849 "-" "Mozilla/5.0 (Linux; Android 6.0.1; Nexus 5X Build/MMB29P) AppleWebKit/537.36 (KHTML, like Gecko) Chrome/146.0.7680.177 Mobile Safari/537.36 (compatible; Googlebot/2.1; +http://www.google.com/bot.html)"
95.216.2.94 - - [15/Apr/2026:01:06:27 +0200] "POST /wp-cron.php?doing_wp_cron=1776207987.4149749279022216796875 HTTP/1.1" 500 199 "-" "WordPress/6.9.4; http://www.eeggs.ru"
212.102.48.216 - - [15/Apr/2026:01:06:26 +0200] "GET / HTTP/1.0" 301 220 "http://eeggs.ru/" "Mozilla/5.0 (Windows NT 10.0; Win64; x64) AppleWebKit/537.36 (KHTML, like Gecko) Chrome/129.0.0.0 Safari/537.36"
212.102.48.216 - - [15/Apr/2026:01:06:28 +0200] "GET / HTTP/1.0" 200 30226 "http://www.eeggs.ru/" "Mozilla/5.0 (Windows NT 10.0; Win64; x64) AppleWebKit/537.36 (KHTML, like Gecko) Chrome/129.0.0.0 Safari/537.36"
212.102.48.216 - - [15/Apr/2026:01:06:29 +0200] "GET /web/efes/ HTTP/1.0" 200 24525 "http://www.eeggs.ru/web/efes/" "Mozilla/5.0 (Windows NT 10.0; Win64; x64) AppleWebKit/537.36 (KHTML, like Gecko) Chrome/129.0.0.0 Safari/537.36"
212.102.48.216 - - [15/Apr/2026:01:06:30 +0200] "POST /wp-comments-post.php HTTP/1.0" 500 166 "http://www.eeggs.ru/web/efes/" "Mozilla/5.0 (Windows NT 10.0; Win64; x64) AppleWebKit/537.36 (KHTML, like Gecko) Chrome/129.0.0.0 Safari/537.36"
66.249.66.32 - - [15/Apr/2026:01:06:36 +0200] "GET /goods/LS-SWEAT-UNB-B-ndchen-Rppstrck-Kragen/693637 HTTP/1.1" 301 452 "-" "Mozilla/5.0 (Linux; Android 6.0.1; Nexus 5X Build/MMB29P) AppleWebKit/537.36 (KHTML, like Gecko) Chrome/146.0.7680.177 Mobile Safari/537.36 (compatible; Googlebot/2.1; +http://www.google.com/bot.html)"
66.249.66.199 - - [15/Apr/2026:01:06:37 +0200] "GET /goods/LS-SWEAT-UNB-B-ndchen-Rppstrck-Kragen/693637 HTTP/1.1" 404 16849 "-" "Mozilla/5.0 (Linux; Android 6.0.1; Nexus 5X Build/MMB29P) AppleWebKit/537.36 (KHTML, like Gecko) Chrome/146.0.7680.177 Mobile Safari/537.36 (compatible; Googlebot/2.1; +http://www.google.com/bot.html)"
66.249.66.33 - - [15/Apr/2026:01:06:54 +0200] "GET /goods/Table-Ronde-En-PVC-Tissu-Non-tiss-Style-Ceramique-Maison/950027 HTTP/1.1" 301 471 "-" "Mozilla/5.0 (Linux; Android 6.0.1; Nexus 5X Build/MMB29P) AppleWebKit/537.36 (KHTML, like Gecko) Chrome/146.0.7680.177 Mobile Safari/537.36 (compatible; Googlebot/2.1; +http://www.google.com/bot.html)"
66.249.66.198 - - [15/Apr/2026:01:06:55 +0200] "GET /goods/Table-Ronde-En-PVC-Tissu-Non-tiss-Style-Ceramique-Maison/950027 HTTP/1.1" 404 16849 "-" "Mozilla/5.0 (Linux; Android 6.0.1; Nexus 5X Build/MMB29P) AppleWebKit/537.36 (KHTML, like Gecko) Chrome/146.0.7680.177 Mobile Safari/537.36 (compatible; Googlebot/2.1; +http://www.google.com/bot.html)"
