113.163.213.170 - - [15/Apr/2026:04:21:32 +0200] "GET http://eeggs.ru/goods/Strength-Service-Th-En-Porcelaine-Th-i-re-En-C-ramique/926764 HTTP/1.1" 200 411 "-" "Mozilla/5.0 (Windows NT 10.0; WOW64) AppleWebKit/537.36 (KHTML, like Gecko) Chrome/86.0.4240.198 Safari/537.36"
14.191.95.177 - - [15/Apr/2026:04:21:38 +0200] "GET http://eeggs.ru/goods/10-Leurres-Rotatifs-En-M-tal-Paillettes-Pour-Brochet-Truite/696364 HTTP/1.1" 301 483 "-" "Mozilla/5.0 (Macintosh; Intel Mac OS X 11_2_3) AppleWebKit/537.36 (KHTML, like Gecko) Chrome/87.0.4280.67 Safari/537.36"
152.228.220.143 - - [15/Apr/2026:04:22:12 +0200] "GET /software/tetris-v-utorrent/feed/ HTTP/1.1" 200 1531 "-" "Mozilla/5.0 (X11; Linux i686) AppleWebKit/537.36 (KHTML, like Gecko) Chrome/30.0.1599.66 Safari/537.36"
14.164.229.221 - - [15/Apr/2026:04:22:12 +0200] "GET http://eeggs.ru/goods/TEX-XT-Gants-Black-black-Melange-noir/901096 HTTP/1.1" 301 461 "-" "Mozilla/5.0 (Windows NT 6.3) AppleWebKit/537.36 (KHTML, like Gecko) Chrome/88.0.4324.190 Safari/537.36"
95.216.2.94 - - [15/Apr/2026:04:22:24 +0200] "POST /wp-cron.php?doing_wp_cron=1776219744.2535479068756103515625 HTTP/1.1" 500 199 "-" "WordPress/6.9.4; http://www.eeggs.ru"
222.254.125.205 - - [15/Apr/2026:04:22:23 +0200] "GET http://eeggs.ru/goods/TEX-XT-Gants-Black-black-Melange-noir/901096 HTTP/1.1" 200 411 "-" "Mozilla/5.0 (Windows NT 10.0; Win64; x64) AppleWebKit/537.36 (KHTML, like Gecko) Chrome/98.0.4758.81 Safari/537.36"
95.216.2.94 - - [15/Apr/2026:04:23:41 +0200] "POST /wp-cron.php?doing_wp_cron=1776219821.4184870719909667968750 HTTP/1.1" 500 199 "-" "WordPress/6.9.4; http://www.eeggs.ru"
14.178.185.205 - - [15/Apr/2026:04:23:40 +0200] "GET http://eeggs.ru/goods/Infuseur-Th-Coutellerie-Henry/1091658 HTTP/1.1" 200 411 "-" "Mozilla/5.0 (Macintosh; Intel Mac OS X 10_12_6) AppleWebKit/537.36 (KHTML, like Gecko) Brave Chrome/78.0.3904.70 Safari/537.36"
14.226.175.191 - - [15/Apr/2026:04:23:41 +0200] "GET http://eeggs.ru/goods/En-Osier-Avec-2-Poign-es-Couverture-Et-Coussin-Pour-B-b-R/800817 HTTP/1.1" 200 411 "-" "Mozilla/5.0 (Windows NT 6.4; WOW64) AppleWebKit/537.36 (KHTML, like Gecko) Chrome/41.0.2225.0 Safari/537.36"
186.33.20.7 - - [15/Apr/2026:04:23:48 +0200] "GET http://eeggs.ru/cadeaux/ HTTP/1.1" 301 419 "-" "Mozilla/5.0 (Windows NT 6.3) AppleWebKit/537.36 (KHTML, like Gecko) Chrome/107.0.0.0 Safari/537.36"
14.168.45.35 - - [15/Apr/2026:04:24:22 +0200] "GET http://eeggs.ru/goods/Stock-Bureau-EDDING-Marqueur-Tableaux-Blancs-Retract-12-Etui/893614 HTTP/1.1" 200 411 "-" "Mozilla/5.0 (Windows NT 10.0; Win64; x64) AppleWebKit/537.36 (KHTML, like Gecko) Chrome/80.0.3987.163 Safari/537.36"
41.208.191.187 - - [15/Apr/2026:04:24:23 +0200] "GET http://eeggs.ru/goods/039-cran-En-Verre-Mat-Pour-FiiO-M5/764237 HTTP/1.1" 200 411 "-" "Mozilla/5.0 (Windows NT 10.0; WOW64) AppleWebKit/537.36 (KHTML, like Gecko) Chrome/87.0.4280.66 Safari/537.36"
14.165.253.220 - - [15/Apr/2026:04:24:23 +0200] "GET http://eeggs.ru/choisir-carte HTTP/1.1" 200 411 "-" "Mozilla/5.0 (Macintosh; Intel Mac OS X 10_15_5) AppleWebKit/537.36 (KHTML, like Gecko) Brave Chrome/84.0.4147.105 Safari/537.36"
95.216.2.94 - - [15/Apr/2026:04:25:07 +0200] "POST /wp-cron.php?doing_wp_cron=1776219907.1897120475769042968750 HTTP/1.1" 500 199 "-" "WordPress/6.9.4; http://www.eeggs.ru"
45.231.89.228 - - [15/Apr/2026:04:25:06 +0200] "GET http://eeggs.ru/ventes-flash HTTP/1.1" 301 423 "-" "Mozilla/5.0 (Macintosh; Intel Mac OS X 10_13_6) AppleWebKit/537.36 (KHTML, like Gecko) Chrome/68.0.3440.84 Safari/537.36"
113.184.51.251 - - [15/Apr/2026:04:25:11 +0200] "GET http://eeggs.ru/goods/4-Autocollants-En-Acrylique-Pour-Interrupteur-lectrique-Motif/849997 HTTP/1.1" 301 485 "-" "Mozilla/5.0 (Macintosh; Intel Mac OS X 10_15_7) AppleWebKit/537.36 (KHTML, like Gecko) Chrome/96.0.4664.55 Safari/537.36"
14.160.198.181 - - [15/Apr/2026:04:25:14 +0200] "GET http://eeggs.ru/goods/4-Autocollants-En-Acrylique-Pour-Interrupteur-lectrique-Motif/849997 HTTP/1.1" 200 411 "-" "Mozilla/5.0 (Macintosh; Intel Mac OS X 10_15_4) AppleWebKit/537.36 (KHTML, like Gecko) Brave Chrome/87.0.4280.101 Safari/537.36"
14.186.205.93 - - [15/Apr/2026:04:25:15 +0200] "GET http://eeggs.ru/ventes-flash HTTP/1.1" 200 411 "-" "Mozilla/5.0 (Macintosh; Intel Mac OS X 10_14_6) AppleWebKit/537.36 (KHTML, like Gecko) Chrome/107.0.0.0 Safari/537.36"
66.249.66.34 - - [15/Apr/2026:04:25:15 +0200] "GET /goods/DIETRICH-CHAPPEE-U2013-lectrode-D/871962 HTTP/1.1" 301 448 "-" "Mozilla/5.0 (Linux; Android 6.0.1; Nexus 5X Build/MMB29P) AppleWebKit/537.36 (KHTML, like Gecko) Chrome/146.0.7680.177 Mobile Safari/537.36 (compatible; Googlebot/2.1; +http://www.google.com/bot.html)"
66.249.66.200 - - [15/Apr/2026:04:25:16 +0200] "GET /goods/DIETRICH-CHAPPEE-U2013-lectrode-D/871962 HTTP/1.1" 404 16849 "-" "Mozilla/5.0 (Linux; Android 6.0.1; Nexus 5X Build/MMB29P) AppleWebKit/537.36 (KHTML, like Gecko) Chrome/146.0.7680.177 Mobile Safari/537.36 (compatible; Googlebot/2.1; +http://www.google.com/bot.html)"
66.249.66.32 - - [15/Apr/2026:04:25:16 +0200] "GET /goods/Couvre-Siege-Toilette-Protege-Wc-Cuvette-Pour-Enfant-Adulte-De/532138 HTTP/1.1" 301 477 "-" "Mozilla/5.0 (Linux; Android 6.0.1; Nexus 5X Build/MMB29P) AppleWebKit/537.36 (KHTML, like Gecko) Chrome/146.0.7680.177 Mobile Safari/537.36 (compatible; Googlebot/2.1; +http://www.google.com/bot.html)"
66.249.66.199 - - [15/Apr/2026:04:25:17 +0200] "GET /goods/Couvre-Siege-Toilette-Protege-Wc-Cuvette-Pour-Enfant-Adulte-De/532138 HTTP/1.1" 404 16849 "-" "Mozilla/5.0 (Linux; Android 6.0.1; Nexus 5X Build/MMB29P) AppleWebKit/537.36 (KHTML, like Gecko) Chrome/146.0.7680.177 Mobile Safari/537.36 (compatible; Googlebot/2.1; +http://www.google.com/bot.html)"
95.216.2.94 - - [15/Apr/2026:04:26:23 +0200] "POST /wp-cron.php?doing_wp_cron=1776219983.7332220077514648437500 HTTP/1.1" 500 199 "-" "WordPress/6.9.4; http://www.eeggs.ru"
66.249.66.32 - - [15/Apr/2026:04:26:22 +0200] "GET /goods/A-Visser-Crochet-Visser-Charge-Lourde-Crochets/1049048 HTTP/1.1" 301 462 "-" "Mozilla/5.0 (Linux; Android 6.0.1; Nexus 5X Build/MMB29P) AppleWebKit/537.36 (KHTML, like Gecko) Chrome/146.0.7680.177 Mobile Safari/537.36 (compatible; Googlebot/2.1; +http://www.google.com/bot.html)"
66.249.66.199 - - [15/Apr/2026:04:26:24 +0200] "GET /goods/A-Visser-Crochet-Visser-Charge-Lourde-Crochets/1049048 HTTP/1.1" 404 16849 "-" "Mozilla/5.0 (Linux; Android 6.0.1; Nexus 5X Build/MMB29P) AppleWebKit/537.36 (KHTML, like Gecko) Chrome/146.0.7680.177 Mobile Safari/537.36 (compatible; Googlebot/2.1; +http://www.google.com/bot.html)"
95.216.2.94 - - [15/Apr/2026:04:29:08 +0200] "POST /wp-cron.php?doing_wp_cron=1776220148.8504168987274169921875 HTTP/1.1" 500 199 "-" "WordPress/6.9.4; http://www.eeggs.ru"
66.249.66.33 - - [15/Apr/2026:04:29:08 +0200] "GET /goods/3D-Tapis-Graffiti-Console-De-Jeu-Motif-Tapis-Salon-Moderne/714391 HTTP/1.1" 301 473 "-" "Mozilla/5.0 (Linux; Android 6.0.1; Nexus 5X Build/MMB29P) AppleWebKit/537.36 (KHTML, like Gecko) Chrome/146.0.7680.177 Mobile Safari/537.36 (compatible; Googlebot/2.1; +http://www.google.com/bot.html)"
66.249.66.198 - - [15/Apr/2026:04:29:09 +0200] "GET /goods/3D-Tapis-Graffiti-Console-De-Jeu-Motif-Tapis-Salon-Moderne/714391 HTTP/1.1" 404 16849 "-" "Mozilla/5.0 (Linux; Android 6.0.1; Nexus 5X Build/MMB29P) AppleWebKit/537.36 (KHTML, like Gecko) Chrome/146.0.7680.177 Mobile Safari/537.36 (compatible; Googlebot/2.1; +http://www.google.com/bot.html)"
216.244.66.243 - - [15/Apr/2026:04:31:23 +0200] "GET /robots.txt HTTP/1.1" 200 574 "-" "Mozilla/5.0 (compatible; DotBot/1.2; +https://opensiteexplorer.org/dotbot; help@moz.com)"
95.216.2.94 - - [15/Apr/2026:04:31:48 +0200] "POST /wp-cron.php?doing_wp_cron=1776220308.2099919319152832031250 HTTP/1.1" 500 199 "-" "WordPress/6.9.4; http://www.eeggs.ru"
66.249.66.32 - - [15/Apr/2026:04:31:47 +0200] "GET /goods/Crochets-Mousqueton-SOULET-Mr-Bricolage/877097 HTTP/1.1" 301 454 "-" "Mozilla/5.0 (Linux; Android 6.0.1; Nexus 5X Build/MMB29P) AppleWebKit/537.36 (KHTML, like Gecko) Chrome/146.0.7680.177 Mobile Safari/537.36 (compatible; Googlebot/2.1; +http://www.google.com/bot.html)"
66.249.66.199 - - [15/Apr/2026:04:31:48 +0200] "GET /goods/Crochets-Mousqueton-SOULET-Mr-Bricolage/877097 HTTP/1.1" 404 16849 "-" "Mozilla/5.0 (Linux; Android 6.0.1; Nexus 5X Build/MMB29P) AppleWebKit/537.36 (KHTML, like Gecko) Chrome/146.0.7680.177 Mobile Safari/537.36 (compatible; Googlebot/2.1; +http://www.google.com/bot.html)"
51.161.65.150 - - [15/Apr/2026:04:32:04 +0200] "GET /goods.php?sitemap493.xml HTTP/1.1" 301 370 "-" "Mozilla/5.0 (compatible; AhrefsBot/7.0; +http://ahrefs.com/robot/)"
51.161.65.150 - - [15/Apr/2026:04:32:05 +0200] "GET /goods.php?sitemap493.xml HTTP/1.1" 404 16804 "-" "Mozilla/5.0 (compatible; AhrefsBot/7.0; +http://ahrefs.com/robot/)"
185.149.23.63 - - [15/Apr/2026:04:33:07 +0200] "POST /wp-comments-post.php HTTP/1.0" 500 166 "http://www.eeggs.ru/web/efes/#comment-325176/" "Mozilla/5.0 (Windows NT 10.0; Win64; x64) AppleWebKit/537.36 (KHTML, like Gecko) Chrome/129.0.0.0 Safari/537.36"
95.216.2.94 - - [15/Apr/2026:04:33:07 +0200] "POST /wp-cron.php?doing_wp_cron=1776220387.8075010776519775390625 HTTP/1.1" 500 199 "-" "WordPress/6.9.4; http://www.eeggs.ru"
185.149.23.63 - - [15/Apr/2026:04:33:06 +0200] "GET /web/efes/ HTTP/1.0" 200 24525 "http://www.eeggs.ru/web/efes/#comment-325176/" "Mozilla/5.0 (Windows NT 10.0; Win64; x64) AppleWebKit/537.36 (KHTML, like Gecko) Chrome/129.0.0.0 Safari/537.36"
66.249.66.32 - - [15/Apr/2026:04:33:59 +0200] "GET /goods/U2013-Montre-Intelligente-D-039-ext-rieur-Robuste-nergie/852690 HTTP/1.1" 301 471 "-" "Mozilla/5.0 (Linux; Android 6.0.1; Nexus 5X Build/MMB29P) AppleWebKit/537.36 (KHTML, like Gecko) Chrome/146.0.7680.177 Mobile Safari/537.36 (compatible; Googlebot/2.1; +http://www.google.com/bot.html)"
66.249.66.198 - - [15/Apr/2026:04:34:01 +0200] "GET /goods/U2013-Montre-Intelligente-D-039-ext-rieur-Robuste-nergie/852690 HTTP/1.1" 404 16849 "-" "Mozilla/5.0 (Linux; Android 6.0.1; Nexus 5X Build/MMB29P) AppleWebKit/537.36 (KHTML, like Gecko) Chrome/146.0.7680.177 Mobile Safari/537.36 (compatible; Googlebot/2.1; +http://www.google.com/bot.html)"
95.216.2.94 - - [15/Apr/2026:04:34:47 +0200] "POST /wp-cron.php?doing_wp_cron=1776220487.0486240386962890625000 HTTP/1.1" 500 199 "-" "WordPress/6.9.4; http://www.eeggs.ru"
66.249.66.33 - - [15/Apr/2026:04:34:46 +0200] "GET /goods/Sulfuris-Papier-Cuisson-Reutilisable-Four-R-sistant-Aux/955378 HTTP/1.1" 301 470 "-" "Mozilla/5.0 (Linux; Android 6.0.1; Nexus 5X Build/MMB29P) AppleWebKit/537.36 (KHTML, like Gecko) Chrome/146.0.7680.177 Mobile Safari/537.36 (compatible; Googlebot/2.1; +http://www.google.com/bot.html)"
66.249.66.198 - - [15/Apr/2026:04:34:47 +0200] "GET /goods/Sulfuris-Papier-Cuisson-Reutilisable-Four-R-sistant-Aux/955378 HTTP/1.1" 404 16849 "-" "Mozilla/5.0 (Linux; Android 6.0.1; Nexus 5X Build/MMB29P) AppleWebKit/537.36 (KHTML, like Gecko) Chrome/146.0.7680.177 Mobile Safari/537.36 (compatible; Googlebot/2.1; +http://www.google.com/bot.html)"
95.216.2.94 - - [15/Apr/2026:04:36:38 +0200] "POST /wp-cron.php?doing_wp_cron=1776220598.5736761093139648437500 HTTP/1.1" 500 199 "-" "WordPress/6.9.4; http://www.eeggs.ru"
84.17.59.158 - - [15/Apr/2026:04:36:37 +0200] "GET / HTTP/1.0" 301 220 "http://eeggs.ru/" "Mozilla/5.0 (Windows NT 10.0; Win64; x64) AppleWebKit/537.36 (KHTML, like Gecko) Chrome/130.0.0.0 Safari/537.36"
84.17.59.158 - - [15/Apr/2026:04:36:39 +0200] "GET / HTTP/1.0" 200 30226 "http://www.eeggs.ru/" "Mozilla/5.0 (Windows NT 10.0; Win64; x64) AppleWebKit/537.36 (KHTML, like Gecko) Chrome/130.0.0.0 Safari/537.36"
84.17.59.158 - - [15/Apr/2026:04:36:40 +0200] "GET /web/efes/ HTTP/1.0" 200 24525 "http://www.eeggs.ru/web/efes/" "Mozilla/5.0 (Windows NT 10.0; Win64; x64) AppleWebKit/537.36 (KHTML, like Gecko) Chrome/130.0.0.0 Safari/537.36"
84.17.59.158 - - [15/Apr/2026:04:36:41 +0200] "POST /wp-comments-post.php HTTP/1.0" 500 166 "http://www.eeggs.ru/web/efes/" "Mozilla/5.0 (Windows NT 10.0; Win64; x64) AppleWebKit/537.36 (KHTML, like Gecko) Chrome/130.0.0.0 Safari/537.36"
146.190.77.231 - - [15/Apr/2026:04:37:07 +0200] "GET /.git/config HTTP/1.1" 301 413 "-" "Mozilla/5.0 (X11; Linux x86_64) AppleWebKit/537.36 (KHTML, like Gecko) Chrome/81.0.4044.129 Safari/537.36"
95.216.2.94 - - [15/Apr/2026:04:40:16 +0200] "POST /wp-cron.php?doing_wp_cron=1776220816.0092110633850097656250 HTTP/1.1" 500 199 "-" "WordPress/6.9.4; http://www.eeggs.ru"
66.249.66.33 - - [15/Apr/2026:04:40:15 +0200] "GET /goods/P-les-16A-A-Voyant-Hager-SB/1179931 HTTP/1.1" 301 443 "-" "Mozilla/5.0 (Linux; Android 6.0.1; Nexus 5X Build/MMB29P) AppleWebKit/537.36 (KHTML, like Gecko) Chrome/146.0.7680.177 Mobile Safari/537.36 (compatible; Googlebot/2.1; +http://www.google.com/bot.html)"
66.249.66.198 - - [15/Apr/2026:04:40:16 +0200] "GET /goods/P-les-16A-A-Voyant-Hager-SB/1179931 HTTP/1.1" 404 16857 "-" "Mozilla/5.0 (Linux; Android 6.0.1; Nexus 5X Build/MMB29P) AppleWebKit/537.36 (KHTML, like Gecko) Chrome/146.0.7680.177 Mobile Safari/537.36 (compatible; Googlebot/2.1; +http://www.google.com/bot.html)"
216.244.66.243 - - [15/Apr/2026:04:40:56 +0200] "GET /category/os/ HTTP/1.1" 301 246 "-" "Mozilla/5.0 (compatible; DotBot/1.2; +https://opensiteexplorer.org/dotbot; help@moz.com)"
114.119.132.34 - - [15/Apr/2026:04:41:13 +0200] "GET /software/zend-studio-authors/ HTTP/1.1" 200 8059 "https://academic.ru/dic.nsf/ruwiki/1275856" "Mozilla/5.0 (Linux; Android 7.0;) AppleWebKit/537.36 (KHTML, like Gecko) Mobile Safari/537.36 (compatible; PetalBot;+https://webmaster.petalsearch.com/site/petalbot)"
95.216.2.94 - - [15/Apr/2026:04:41:39 +0200] "POST /wp-cron.php?doing_wp_cron=1776220899.4087989330291748046875 HTTP/1.1" 500 199 "-" "WordPress/6.9.4; http://www.eeggs.ru"
52.167.144.203 - - [15/Apr/2026:04:41:38 +0200] "GET /goods/A-Little-Black-Book-For-Football-Referees/911498 HTTP/1.1" 301 400 "-" "Mozilla/5.0 AppleWebKit/537.36 (KHTML, like Gecko; compatible; bingbot/2.0; +http://www.bing.com/bingbot.htm) Chrome/116.0.1938.76 Safari/537.36"
144.76.32.190 - - [15/Apr/2026:04:42:30 +0200] "GET /robots.txt HTTP/1.1" 200 463 "-" "Mozilla/5.0 (compatible; SERankingBacklinksBot/1.0; +https://seranking.com/backlinks-crawler)"
144.76.32.190 - - [15/Apr/2026:04:42:31 +0200] "GET /goods/En-Fonte-23-X-12-5-Cm/737189 HTTP/1.1" 301 436 "-" "Mozilla/5.0 (compatible; SERankingBacklinksBot/1.0; +https://seranking.com/backlinks-crawler)"
144.76.32.190 - - [15/Apr/2026:04:42:31 +0200] "GET /robots.txt HTTP/1.1" 200 463 "-" "Mozilla/5.0 (compatible; SERankingBacklinksBot/1.0; +https://seranking.com/backlinks-crawler)"
144.76.32.190 - - [15/Apr/2026:04:42:31 +0200] "GET /goods/En-Fonte-23-X-12-5-Cm/737189 HTTP/1.1" 404 16860 "-" "Mozilla/5.0 (compatible; SERankingBacklinksBot/1.0; +https://seranking.com/backlinks-crawler)"
95.216.2.94 - - [15/Apr/2026:04:42:47 +0200] "POST /wp-cron.php?doing_wp_cron=1776220967.0221769809722900390625 HTTP/1.1" 500 199 "-" "WordPress/6.9.4; http://www.eeggs.ru"
66.249.66.34 - - [15/Apr/2026:04:42:46 +0200] "GET /goods/es-3-En-1-EMOTION-Jean-Rose-Jeux-Jouets/1181904 HTTP/1.1" 301 455 "-" "Mozilla/5.0 (Linux; Android 6.0.1; Nexus 5X Build/MMB29P) AppleWebKit/537.36 (KHTML, like Gecko) Chrome/146.0.7680.177 Mobile Safari/537.36 (compatible; Googlebot/2.1; +http://www.google.com/bot.html)"
66.249.66.199 - - [15/Apr/2026:04:42:47 +0200] "GET /goods/es-3-En-1-EMOTION-Jean-Rose-Jeux-Jouets/1181904 HTTP/1.1" 404 16849 "-" "Mozilla/5.0 (Linux; Android 6.0.1; Nexus 5X Build/MMB29P) AppleWebKit/537.36 (KHTML, like Gecko) Chrome/146.0.7680.177 Mobile Safari/537.36 (compatible; Googlebot/2.1; +http://www.google.com/bot.html)"
66.249.66.33 - - [15/Apr/2026:04:43:38 +0200] "GET /goods/Homme-Engvik-Silver-Cloud-India-Ink/440501 HTTP/1.1" 301 450 "-" "Mozilla/5.0 (Linux; Android 6.0.1; Nexus 5X Build/MMB29P) AppleWebKit/537.36 (KHTML, like Gecko) Chrome/146.0.7680.177 Mobile Safari/537.36 (compatible; Googlebot/2.1; +http://www.google.com/bot.html)"
66.249.66.198 - - [15/Apr/2026:04:43:39 +0200] "GET /goods/Homme-Engvik-Silver-Cloud-India-Ink/440501 HTTP/1.1" 404 16849 "-" "Mozilla/5.0 (Linux; Android 6.0.1; Nexus 5X Build/MMB29P) AppleWebKit/537.36 (KHTML, like Gecko) Chrome/146.0.7680.177 Mobile Safari/537.36 (compatible; Googlebot/2.1; +http://www.google.com/bot.html)"
95.216.2.94 - - [15/Apr/2026:04:45:26 +0200] "POST /wp-cron.php?doing_wp_cron=1776221126.3652100563049316406250 HTTP/1.1" 500 199 "-" "WordPress/6.9.4; http://www.eeggs.ru"
66.249.66.33 - - [15/Apr/2026:04:45:25 +0200] "GET /goods/039-angle-Pegasos-Avec-Chauffage-1000-2000-W-Effet-Flamme-3D/847464 HTTP/1.1" 301 475 "-" "Mozilla/5.0 (Linux; Android 6.0.1; Nexus 5X Build/MMB29P) AppleWebKit/537.36 (KHTML, like Gecko) Chrome/146.0.7680.177 Mobile Safari/537.36 (compatible; Googlebot/2.1; +http://www.google.com/bot.html)"
66.249.66.198 - - [15/Apr/2026:04:45:26 +0200] "GET /goods/039-angle-Pegasos-Avec-Chauffage-1000-2000-W-Effet-Flamme-3D/847464 HTTP/1.1" 404 16849 "-" "Mozilla/5.0 (Linux; Android 6.0.1; Nexus 5X Build/MMB29P) AppleWebKit/537.36 (KHTML, like Gecko) Chrome/146.0.7680.177 Mobile Safari/537.36 (compatible; Googlebot/2.1; +http://www.google.com/bot.html)"
95.216.2.94 - - [15/Apr/2026:04:47:19 +0200] "POST /wp-cron.php?doing_wp_cron=1776221239.2779459953308105468750 HTTP/1.1" 500 199 "-" "WordPress/6.9.4; http://www.eeggs.ru"
66.249.66.40 - - [15/Apr/2026:04:47:18 +0200] "GET /goods/MDDJJRY-Lot-De-2-Filtres-De-Rechange-MERV-13-Pour-D/1284425 HTTP/1.1" 301 467 "-" "Mozilla/5.0 (Linux; Android 6.0.1; Nexus 5X Build/MMB29P) AppleWebKit/537.36 (KHTML, like Gecko) Chrome/146.0.7680.177 Mobile Safari/537.36 (compatible; Googlebot/2.1; +http://www.google.com/bot.html)"
66.249.66.199 - - [15/Apr/2026:04:47:19 +0200] "GET /goods/MDDJJRY-Lot-De-2-Filtres-De-Rechange-MERV-13-Pour-D/1284425 HTTP/1.1" 404 16849 "-" "Mozilla/5.0 (Linux; Android 6.0.1; Nexus 5X Build/MMB29P) AppleWebKit/537.36 (KHTML, like Gecko) Chrome/146.0.7680.177 Mobile Safari/537.36 (compatible; Googlebot/2.1; +http://www.google.com/bot.html)"
94.154.35.236 - - [15/Apr/2026:04:48:04 +0200] "HEAD /bkp.zip HTTP/1.1" 301 339 "-" "Mozilla/5.0 (Windows NT 10.0; Win64; x64) AppleWebKit/537.36 (KHTML, like Gecko) Chrome/101.0.4951.67 Safari/537.36"
94.154.35.236 - - [15/Apr/2026:04:48:06 +0200] "HEAD /bkp.zip HTTP/1.1" 404 330 "-" "Mozilla/5.0 (Windows NT 10.0; Win64; x64) AppleWebKit/537.36 (KHTML, like Gecko) Chrome/101.0.4951.67 Safari/537.36"
95.216.2.94 - - [15/Apr/2026:04:49:30 +0200] "POST /wp-cron.php?doing_wp_cron=1776221370.1512689590454101562500 HTTP/1.1" 500 199 "-" "WordPress/6.9.4; http://www.eeggs.ru"
66.249.66.32 - - [15/Apr/2026:04:49:29 +0200] "GET /goods/Mixte-Gar-on-W47521Z4-K00-W47521Z4-K00-LC/1138384 HTTP/1.1" 301 457 "-" "Mozilla/5.0 (Linux; Android 6.0.1; Nexus 5X Build/MMB29P) AppleWebKit/537.36 (KHTML, like Gecko) Chrome/146.0.7680.177 Mobile Safari/537.36 (compatible; Googlebot/2.1; +http://www.google.com/bot.html)"
66.249.66.198 - - [15/Apr/2026:04:49:30 +0200] "GET /goods/Mixte-Gar-on-W47521Z4-K00-W47521Z4-K00-LC/1138384 HTTP/1.1" 404 16849 "-" "Mozilla/5.0 (Linux; Android 6.0.1; Nexus 5X Build/MMB29P) AppleWebKit/537.36 (KHTML, like Gecko) Chrome/146.0.7680.177 Mobile Safari/537.36 (compatible; Googlebot/2.1; +http://www.google.com/bot.html)"
77.75.78.162 - - [15/Apr/2026:04:51:41 +0200] "GET /robots.txt HTTP/1.1" 200 463 "-" "Mozilla/5.0 (compatible; SeznamBot/4.0; +https://o-seznam.cz/napoveda/vyhledavani/en/seznambot-crawler/)"
95.216.2.94 - - [15/Apr/2026:04:51:43 +0200] "POST /wp-cron.php?doing_wp_cron=1776221503.4720199108123779296875 HTTP/1.1" 500 199 "-" "WordPress/6.9.4; http://www.eeggs.ru"
77.75.78.162 - - [15/Apr/2026:04:51:42 +0200] "GET /?sitemap365.xml HTTP/1.1" 301 304 "-" "Mozilla/5.0 (compatible; SeznamBot/4.0; +https://o-seznam.cz/napoveda/vyhledavani/en/seznambot-crawler/)"
95.216.2.94 - - [15/Apr/2026:04:53:20 +0200] "POST /wp-cron.php?doing_wp_cron=1776221600.7294259071350097656250 HTTP/1.1" 500 199 "-" "WordPress/6.9.4; http://www.eeggs.ru"
66.249.66.38 - - [15/Apr/2026:04:53:19 +0200] "GET /goods/De-Coton-Bordeaux-180x200-Cm-Leroy-Merlin/967022 HTTP/1.1" 301 456 "-" "Mozilla/5.0 (Linux; Android 6.0.1; Nexus 5X Build/MMB29P) AppleWebKit/537.36 (KHTML, like Gecko) Chrome/146.0.7680.177 Mobile Safari/537.36 (compatible; Googlebot/2.1; +http://www.google.com/bot.html)"
66.249.66.198 - - [15/Apr/2026:04:53:21 +0200] "GET /goods/De-Coton-Bordeaux-180x200-Cm-Leroy-Merlin/967022 HTTP/1.1" 404 16849 "-" "Mozilla/5.0 (Linux; Android 6.0.1; Nexus 5X Build/MMB29P) AppleWebKit/537.36 (KHTML, like Gecko) Chrome/146.0.7680.177 Mobile Safari/537.36 (compatible; Googlebot/2.1; +http://www.google.com/bot.html)"
95.216.2.94 - - [15/Apr/2026:04:55:16 +0200] "POST /wp-cron.php?doing_wp_cron=1776221716.3426840305328369140625 HTTP/1.1" 500 199 "-" "WordPress/6.9.4; http://www.eeggs.ru"
66.249.66.38 - - [15/Apr/2026:04:55:15 +0200] "GET /goods/Fontaine-Chocolat-lectrique-4-Niveaux-Fondue-Au-Chocolat/1157724 HTTP/1.1" 301 472 "-" "Mozilla/5.0 (Linux; Android 6.0.1; Nexus 5X Build/MMB29P) AppleWebKit/537.36 (KHTML, like Gecko) Chrome/146.0.7680.177 Mobile Safari/537.36 (compatible; Googlebot/2.1; +http://www.google.com/bot.html)"
66.249.66.199 - - [15/Apr/2026:04:55:17 +0200] "GET /goods/Fontaine-Chocolat-lectrique-4-Niveaux-Fondue-Au-Chocolat/1157724 HTTP/1.1" 404 16849 "-" "Mozilla/5.0 (Linux; Android 6.0.1; Nexus 5X Build/MMB29P) AppleWebKit/537.36 (KHTML, like Gecko) Chrome/146.0.7680.177 Mobile Safari/537.36 (compatible; Googlebot/2.1; +http://www.google.com/bot.html)"
95.216.2.94 - - [15/Apr/2026:04:56:25 +0200] "POST /wp-cron.php?doing_wp_cron=1776221785.3101649284362792968750 HTTP/1.1" 500 199 "-" "WordPress/6.9.4; http://www.eeggs.ru"
66.249.66.39 - - [15/Apr/2026:04:56:24 +0200] "GET /goods/Pour-Motorola-Moto-G24-6-Pi-ces-Film/1288114 HTTP/1.1" 301 452 "-" "Mozilla/5.0 (Linux; Android 6.0.1; Nexus 5X Build/MMB29P) AppleWebKit/537.36 (KHTML, like Gecko) Chrome/146.0.7680.177 Mobile Safari/537.36 (compatible; Googlebot/2.1; +http://www.google.com/bot.html)"
66.249.66.198 - - [15/Apr/2026:04:56:25 +0200] "GET /goods/Pour-Motorola-Moto-G24-6-Pi-ces-Film/1288114 HTTP/1.1" 404 16849 "-" "Mozilla/5.0 (Linux; Android 6.0.1; Nexus 5X Build/MMB29P) AppleWebKit/537.36 (KHTML, like Gecko) Chrome/146.0.7680.177 Mobile Safari/537.36 (compatible; Googlebot/2.1; +http://www.google.com/bot.html)"
66.249.66.39 - - [15/Apr/2026:04:57:17 +0200] "GET /goods/KICHOUSE-2-Pi-ces-Casseroles-Verre-Avec-Couvercle-Lot-De-Pots-De/988161 HTTP/1.1" 301 479 "-" "Mozilla/5.0 (Linux; Android 6.0.1; Nexus 5X Build/MMB29P) AppleWebKit/537.36 (KHTML, like Gecko) Chrome/146.0.7680.177 Mobile Safari/537.36 (compatible; Googlebot/2.1; +http://www.google.com/bot.html)"
66.249.66.200 - - [15/Apr/2026:04:57:18 +0200] "GET /goods/KICHOUSE-2-Pi-ces-Casseroles-Verre-Avec-Couvercle-Lot-De-Pots-De/988161 HTTP/1.1" 404 16849 "-" "Mozilla/5.0 (Linux; Android 6.0.1; Nexus 5X Build/MMB29P) AppleWebKit/537.36 (KHTML, like Gecko) Chrome/146.0.7680.177 Mobile Safari/537.36 (compatible; Googlebot/2.1; +http://www.google.com/bot.html)"
95.216.2.94 - - [15/Apr/2026:04:59:04 +0200] "POST /wp-cron.php?doing_wp_cron=1776221944.7161650657653808593750 HTTP/1.1" 500 199 "-" "WordPress/6.9.4; http://www.eeggs.ru"
66.249.66.39 - - [15/Apr/2026:04:59:03 +0200] "GET /goods/Enduite-Anti-taches-ASENA-4-Diam-tre-180-Cm/737440 HTTP/1.1" 301 458 "-" "Mozilla/5.0 (Linux; Android 6.0.1; Nexus 5X Build/MMB29P) AppleWebKit/537.36 (KHTML, like Gecko) Chrome/146.0.7680.177 Mobile Safari/537.36 (compatible; Googlebot/2.1; +http://www.google.com/bot.html)"
66.249.66.198 - - [15/Apr/2026:04:59:05 +0200] "GET /goods/Enduite-Anti-taches-ASENA-4-Diam-tre-180-Cm/737440 HTTP/1.1" 404 16849 "-" "Mozilla/5.0 (Linux; Android 6.0.1; Nexus 5X Build/MMB29P) AppleWebKit/537.36 (KHTML, like Gecko) Chrome/146.0.7680.177 Mobile Safari/537.36 (compatible; Googlebot/2.1; +http://www.google.com/bot.html)"
35.213.193.129 - - [15/Apr/2026:04:59:33 +0200] "GET / HTTP/1.1" 301 290 "-" "Mozilla/5.0 (Windows NT 10.0; Win64; x64) AppleWebKit/537.36 (KHTML, like Gecko; compatible; BuiltWith/1.4; rb.gy/xprgqj) Chrome/124.0.0.0 Safari/537.36"
35.213.193.129 - - [15/Apr/2026:04:59:35 +0200] "GET / HTTP/1.1" 200 8351 "-" "Mozilla/5.0 (Windows NT 10.0; Win64; x64) AppleWebKit/537.36 (KHTML, like Gecko; compatible; BuiltWith/1.4; rb.gy/xprgqj) Chrome/124.0.0.0 Safari/537.36"
35.213.193.129 - - [15/Apr/2026:04:59:37 +0200] "GET /wp-content/uploads/2008/09/aboutinternets.png HTTP/1.1" 200 40091 "-" "Mozilla/5.0 (Windows NT 10.0; Win64; x64) AppleWebKit/537.36 (KHTML, like Gecko; compatible; BuiltWith/1.4; rb.gy/xprgqj) Chrome/124.0.0.0 Safari/537.36"
95.216.2.94 - - [15/Apr/2026:05:02:12 +0200] "POST /wp-cron.php?doing_wp_cron=1776222132.0273630619049072265625 HTTP/1.1" 500 199 "-" "WordPress/6.9.4; http://www.eeggs.ru"
40.77.167.40 - - [15/Apr/2026:05:02:11 +0200] "GET /goods/Sans-BPA-Pour-Bocaux-Et-Bo-tes-De-Conserve-Couvercle-Silicone/651551 HTTP/1.1" 301 420 "-" "Mozilla/5.0 AppleWebKit/537.36 (KHTML, like Gecko; compatible; bingbot/2.0; +http://www.bing.com/bingbot.htm) Chrome/116.0.1938.76 Safari/537.36"
66.249.66.38 - - [15/Apr/2026:05:02:46 +0200] "GET /goods/En-Organza-Blanc-9x12cm-Pour-Mariage-Cadeaux-Bijoux-Ou/711196 HTTP/1.1" 301 469 "-" "Mozilla/5.0 (Linux; Android 6.0.1; Nexus 5X Build/MMB29P) AppleWebKit/537.36 (KHTML, like Gecko) Chrome/146.0.7680.177 Mobile Safari/537.36 (compatible; Googlebot/2.1; +http://www.google.com/bot.html)"
66.249.66.199 - - [15/Apr/2026:05:02:48 +0200] "GET /goods/En-Organza-Blanc-9x12cm-Pour-Mariage-Cadeaux-Bijoux-Ou/711196 HTTP/1.1" 404 16849 "-" "Mozilla/5.0 (Linux; Android 6.0.1; Nexus 5X Build/MMB29P) AppleWebKit/537.36 (KHTML, like Gecko) Chrome/146.0.7680.177 Mobile Safari/537.36 (compatible; Googlebot/2.1; +http://www.google.com/bot.html)"
77.102.155.213 - - [15/Apr/2026:05:03:02 +0200] "GET /robots.txt HTTP/1.1" 200 407 "-" "Mozilla/5.0"
150.228.21.192 - - [15/Apr/2026:05:03:04 +0200] "GET /software/zend-studio-authors HTTP/1.1" 200 411 "-" "Mozilla/5.0 (Windows NT 10.0; Win64; x64) AppleWebKit/537.36 (KHTML, like Gecko) Chrome/138.0.0.0 Safari/537.36"
78.145.164.189 - - [15/Apr/2026:05:03:06 +0200] "GET /software/zend-studio-authors HTTP/1.1" 200 411 "-" "Mozilla/5.0 (Windows NT 10.0; Win64; x64) AppleWebKit/537.36 (KHTML, like Gecko) Chrome/138.0.0.0 Safari/537.36"
86.40.100.171 - - [15/Apr/2026:05:03:08 +0200] "GET /software/zend-studio-authors HTTP/1.1" 200 356 "-" "Mozilla/5.0 (Windows NT 10.0; Win64; x64; rv:115.0) Gecko/20100101 Firefox/115.0"
77.103.171.96 - - [15/Apr/2026:05:03:11 +0200] "HEAD /favicon.ico HTTP/1.1" 200 244 "-" "Python/3.11 aiohttp/3.13.3"
95.216.2.94 - - [15/Apr/2026:05:03:13 +0200] "POST /wp-cron.php?doing_wp_cron=1776222193.2056140899658203125000 HTTP/1.1" 500 199 "-" "WordPress/6.9.4; http://www.eeggs.ru"
212.129.80.138 - - [15/Apr/2026:05:03:12 +0200] "GET /software/zend-studio-authors HTTP/1.1" 200 355 "-" "Mozilla/5.0 (Macintosh; Intel Mac OS X 13_4_1) AppleWebKit/605.1.15 (KHTML, like Gecko) Version/16.5 Safari/605.1.15"
40.77.167.40 - - [15/Apr/2026:05:04:02 +0200] "GET /goods/Veste-Moto-D-039-t-Chicane-En-Mesh/652190 HTTP/1.1" 301 393 "-" "Mozilla/5.0 AppleWebKit/537.36 (KHTML, like Gecko; compatible; bingbot/2.0; +http://www.bing.com/bingbot.htm) Chrome/116.0.1938.76 Safari/537.36"
40.77.167.40 - - [15/Apr/2026:05:04:03 +0200] "GET /goods/Salle-Manger-Chambre-Coucher-Collection-Madison-Poils/455525 HTTP/1.1" 301 412 "-" "Mozilla/5.0 AppleWebKit/537.36 (KHTML, like Gecko; compatible; bingbot/2.0; +http://www.bing.com/bingbot.htm) Chrome/116.0.1938.76 Safari/537.36"
95.216.2.94 - - [15/Apr/2026:05:05:50 +0200] "POST /wp-cron.php?doing_wp_cron=1776222350.7788939476013183593750 HTTP/1.1" 500 199 "-" "WordPress/6.9.4; http://www.eeggs.ru"
66.249.66.40 - - [15/Apr/2026:05:05:50 +0200] "GET /goods/Chauffage-45-W-Pour-Embouts-Filet-s-Noir/911164 HTTP/1.1" 301 455 "-" "Mozilla/5.0 (Linux; Android 6.0.1; Nexus 5X Build/MMB29P) AppleWebKit/537.36 (KHTML, like Gecko) Chrome/146.0.7680.177 Mobile Safari/537.36 (compatible; Googlebot/2.1; +http://www.google.com/bot.html)"
66.249.66.199 - - [15/Apr/2026:05:05:51 +0200] "GET /goods/Chauffage-45-W-Pour-Embouts-Filet-s-Noir/911164 HTTP/1.1" 404 16849 "-" "Mozilla/5.0 (Linux; Android 6.0.1; Nexus 5X Build/MMB29P) AppleWebKit/537.36 (KHTML, like Gecko) Chrome/146.0.7680.177 Mobile Safari/537.36 (compatible; Googlebot/2.1; +http://www.google.com/bot.html)"
40.77.167.40 - - [15/Apr/2026:05:06:30 +0200] "GET /goods/Housse-Boules-P-tanque-Pictogramme-Triplette-Et-Cochonnet-Avec/1164848 HTTP/1.1" 301 422 "-" "Mozilla/5.0 AppleWebKit/537.36 (KHTML, like Gecko; compatible; bingbot/2.0; +http://www.bing.com/bingbot.htm) Chrome/116.0.1938.76 Safari/537.36"
152.228.220.143 - - [15/Apr/2026:05:06:32 +0200] "GET /category/os/feed/ HTTP/1.1" 200 5307 "-" "Mozilla/5.0 (X11; Linux i686) AppleWebKit/537.36 (KHTML, like Gecko) Chrome/30.0.1599.66 Safari/537.36"
95.216.2.94 - - [15/Apr/2026:05:07:09 +0200] "POST /wp-cron.php?doing_wp_cron=1776222429.9094510078430175781250 HTTP/1.1" 500 199 "-" "WordPress/6.9.4; http://www.eeggs.ru"
40.77.167.19 - - [15/Apr/2026:05:07:09 +0200] "GET /goods/Mode-Gants-Tactiles-T-l-phone-Mobile-Smartphone-Gants-cran/648181 HTTP/1.1" 301 417 "-" "Mozilla/5.0 AppleWebKit/537.36 (KHTML, like Gecko; compatible; bingbot/2.0; +http://www.bing.com/bingbot.htm) Chrome/116.0.1938.76 Safari/537.36"
95.216.2.94 - - [15/Apr/2026:05:08:15 +0200] "POST /wp-cron.php?doing_wp_cron=1776222495.1415009498596191406250 HTTP/1.1" 500 199 "-" "WordPress/6.9.4; http://www.eeggs.ru"
66.249.66.33 - - [15/Apr/2026:05:08:14 +0200] "GET /goods/Verre-100x70cm-Image-Tableau-En-Verre-Decoration-Murale-Elephant/747211 HTTP/1.1" 301 479 "-" "Mozilla/5.0 (Linux; Android 6.0.1; Nexus 5X Build/MMB29P) AppleWebKit/537.36 (KHTML, like Gecko) Chrome/146.0.7680.177 Mobile Safari/537.36 (compatible; Googlebot/2.1; +http://www.google.com/bot.html)"
66.249.66.200 - - [15/Apr/2026:05:08:15 +0200] "GET /goods/Verre-100x70cm-Image-Tableau-En-Verre-Decoration-Murale-Elephant/747211 HTTP/1.1" 404 16849 "-" "Mozilla/5.0 (Linux; Android 6.0.1; Nexus 5X Build/MMB29P) AppleWebKit/537.36 (KHTML, like Gecko) Chrome/146.0.7680.177 Mobile Safari/537.36 (compatible; Googlebot/2.1; +http://www.google.com/bot.html)"
66.249.66.32 - - [15/Apr/2026:05:08:49 +0200] "GET /goods/Gel-Beaut-Your-Beauty-Boutique-Online/1269825 HTTP/1.1" 301 453 "-" "Mozilla/5.0 (Linux; Android 6.0.1; Nexus 5X Build/MMB29P) AppleWebKit/537.36 (KHTML, like Gecko) Chrome/146.0.7680.177 Mobile Safari/537.36 (compatible; Googlebot/2.1; +http://www.google.com/bot.html)"
66.249.66.199 - - [15/Apr/2026:05:08:50 +0200] "GET /goods/Gel-Beaut-Your-Beauty-Boutique-Online/1269825 HTTP/1.1" 404 16849 "-" "Mozilla/5.0 (Linux; Android 6.0.1; Nexus 5X Build/MMB29P) AppleWebKit/537.36 (KHTML, like Gecko) Chrome/146.0.7680.177 Mobile Safari/537.36 (compatible; Googlebot/2.1; +http://www.google.com/bot.html)"
95.216.2.94 - - [15/Apr/2026:05:11:25 +0200] "POST /wp-cron.php?doing_wp_cron=1776222685.2263140678405761718750 HTTP/1.1" 500 199 "-" "WordPress/6.9.4; http://www.eeggs.ru"
66.249.66.32 - - [15/Apr/2026:05:11:24 +0200] "GET /goods/Canne-P-che-R-tractable-En-Fibre-De-Verre/514111 HTTP/1.1" 301 456 "-" "Mozilla/5.0 (Linux; Android 6.0.1; Nexus 5X Build/MMB29P) AppleWebKit/537.36 (KHTML, like Gecko) Chrome/146.0.7680.177 Mobile Safari/537.36 (compatible; Googlebot/2.1; +http://www.google.com/bot.html)"
66.249.66.200 - - [15/Apr/2026:05:11:25 +0200] "GET /goods/Canne-P-che-R-tractable-En-Fibre-De-Verre/514111 HTTP/1.1" 404 16849 "-" "Mozilla/5.0 (Linux; Android 6.0.1; Nexus 5X Build/MMB29P) AppleWebKit/537.36 (KHTML, like Gecko) Chrome/146.0.7680.177 Mobile Safari/537.36 (compatible; Googlebot/2.1; +http://www.google.com/bot.html)"
66.249.66.32 - - [15/Apr/2026:05:11:57 +0200] "GET /goods/chage-De-Vaisselle-tag-re-D-039-vier-De-Cuisine/424547 HTTP/1.1" 301 462 "-" "Mozilla/5.0 (Linux; Android 6.0.1; Nexus 5X Build/MMB29P) AppleWebKit/537.36 (KHTML, like Gecko) Chrome/146.0.7680.177 Mobile Safari/537.36 (compatible; Googlebot/2.1; +http://www.google.com/bot.html)"
66.249.66.198 - - [15/Apr/2026:05:11:58 +0200] "GET /goods/chage-De-Vaisselle-tag-re-D-039-vier-De-Cuisine/424547 HTTP/1.1" 404 16849 "-" "Mozilla/5.0 (Linux; Android 6.0.1; Nexus 5X Build/MMB29P) AppleWebKit/537.36 (KHTML, like Gecko) Chrome/146.0.7680.177 Mobile Safari/537.36 (compatible; Googlebot/2.1; +http://www.google.com/bot.html)"
66.249.66.33 - - [15/Apr/2026:05:12:13 +0200] "GET /goods/160x220cm-Bonnet-50cm-Uni-Pur-Coton-ALTO-Marron-Chamois/618624 HTTP/1.1" 301 470 "-" "Mozilla/5.0 (Linux; Android 6.0.1; Nexus 5X Build/MMB29P) AppleWebKit/537.36 (KHTML, like Gecko) Chrome/146.0.7680.177 Mobile Safari/537.36 (compatible; Googlebot/2.1; +http://www.google.com/bot.html)"
66.249.66.199 - - [15/Apr/2026:05:12:14 +0200] "GET /goods/160x220cm-Bonnet-50cm-Uni-Pur-Coton-ALTO-Marron-Chamois/618624 HTTP/1.1" 404 16849 "-" "Mozilla/5.0 (Linux; Android 6.0.1; Nexus 5X Build/MMB29P) AppleWebKit/537.36 (KHTML, like Gecko) Chrome/146.0.7680.177 Mobile Safari/537.36 (compatible; Googlebot/2.1; +http://www.google.com/bot.html)"
95.216.2.94 - - [15/Apr/2026:05:12:42 +0200] "POST /wp-cron.php?doing_wp_cron=1776222762.7134139537811279296875 HTTP/1.1" 500 199 "-" "WordPress/6.9.4; http://www.eeggs.ru"
66.249.66.33 - - [15/Apr/2026:05:12:41 +0200] "GET /goods/V-Chaussure-De-Course-Femme-Gris-Rose-36-EU/663044 HTTP/1.1" 301 458 "-" "Mozilla/5.0 (Linux; Android 6.0.1; Nexus 5X Build/MMB29P) AppleWebKit/537.36 (KHTML, like Gecko) Chrome/146.0.7680.177 Mobile Safari/537.36 (compatible; Googlebot/2.1; +http://www.google.com/bot.html)"
66.249.66.198 - - [15/Apr/2026:05:12:43 +0200] "GET /goods/V-Chaussure-De-Course-Femme-Gris-Rose-36-EU/663044 HTTP/1.1" 404 16849 "-" "Mozilla/5.0 (Linux; Android 6.0.1; Nexus 5X Build/MMB29P) AppleWebKit/537.36 (KHTML, like Gecko) Chrome/146.0.7680.177 Mobile Safari/537.36 (compatible; Googlebot/2.1; +http://www.google.com/bot.html)"
95.216.2.94 - - [15/Apr/2026:05:13:43 +0200] "POST /wp-cron.php?doing_wp_cron=1776222823.6179740428924560546875 HTTP/1.1" 500 199 "-" "WordPress/6.9.4; http://www.eeggs.ru"
52.167.144.203 - - [15/Apr/2026:05:13:42 +0200] "GET /goods/Croissance-Primeur-Perfor-Anti-UV-2-X-10-M/791256 HTTP/1.1" 301 401 "-" "Mozilla/5.0 AppleWebKit/537.36 (KHTML, like Gecko; compatible; bingbot/2.0; +http://www.bing.com/bingbot.htm) Chrome/116.0.1938.76 Safari/537.36"
66.249.66.34 - - [15/Apr/2026:05:14:00 +0200] "GET /goods/Sac-De-Douche-Solaire-De-20-L-5-Avec-Bande-De-Douche-Pour-Le/563117 HTTP/1.1" 301 475 "-" "Mozilla/5.0 (Linux; Android 6.0.1; Nexus 5X Build/MMB29P) AppleWebKit/537.36 (KHTML, like Gecko) Chrome/146.0.7680.177 Mobile Safari/537.36 (compatible; Googlebot/2.1; +http://www.google.com/bot.html)"
66.249.66.199 - - [15/Apr/2026:05:14:01 +0200] "GET /goods/Sac-De-Douche-Solaire-De-20-L-5-Avec-Bande-De-Douche-Pour-Le/563117 HTTP/1.1" 404 16849 "-" "Mozilla/5.0 (Linux; Android 6.0.1; Nexus 5X Build/MMB29P) AppleWebKit/537.36 (KHTML, like Gecko) Chrome/146.0.7680.177 Mobile Safari/537.36 (compatible; Googlebot/2.1; +http://www.google.com/bot.html)"
66.249.66.33 - - [15/Apr/2026:05:14:15 +0200] "GET /goods/Table-D-039-ordinateur-Table-De-Chevet-En-Bambou-Table-De-Tour/673017 HTTP/1.1" 301 477 "-" "Mozilla/5.0 (Linux; Android 6.0.1; Nexus 5X Build/MMB29P) AppleWebKit/537.36 (KHTML, like Gecko) Chrome/146.0.7680.177 Mobile Safari/537.36 (compatible; Googlebot/2.1; +http://www.google.com/bot.html)"
66.249.66.198 - - [15/Apr/2026:05:14:16 +0200] "GET /goods/Table-D-039-ordinateur-Table-De-Chevet-En-Bambou-Table-De-Tour/673017 HTTP/1.1" 404 16849 "-" "Mozilla/5.0 (Linux; Android 6.0.1; Nexus 5X Build/MMB29P) AppleWebKit/537.36 (KHTML, like Gecko) Chrome/146.0.7680.177 Mobile Safari/537.36 (compatible; Googlebot/2.1; +http://www.google.com/bot.html)"
95.216.2.94 - - [15/Apr/2026:05:14:46 +0200] "POST /wp-cron.php?doing_wp_cron=1776222886.1213250160217285156250 HTTP/1.1" 500 199 "-" "WordPress/6.9.4; http://www.eeggs.ru"
94.154.35.236 - - [15/Apr/2026:05:14:45 +0200] "HEAD /bkp.rar HTTP/1.1" 301 339 "-" "Mozilla/5.0 (Windows NT 10.0; Win64; x64) AppleWebKit/537.36 (KHTML, like Gecko) Chrome/101.0.4951.67 Safari/537.36"
94.154.35.236 - - [15/Apr/2026:05:14:46 +0200] "HEAD /bkp.rar HTTP/1.1" 404 330 "-" "Mozilla/5.0 (Windows NT 10.0; Win64; x64) AppleWebKit/537.36 (KHTML, like Gecko) Chrome/101.0.4951.67 Safari/537.36"
95.216.2.94 - - [15/Apr/2026:05:15:55 +0200] "POST /wp-cron.php?doing_wp_cron=1776222955.6969320774078369140625 HTTP/1.1" 500 199 "-" "WordPress/6.9.4; http://www.eeggs.ru"
178.20.44.140 - - [15/Apr/2026:05:15:54 +0200] "GET /web/efes/ HTTP/1.0" 301 273 "http://eeggs.ru/web/efes/" "Mozilla/5.0 (Windows NT 10.0; Win64; x64) AppleWebKit/537.36 (KHTML, like Gecko) Chrome/131.0.0.0 Safari/537.36"
178.20.44.140 - - [15/Apr/2026:05:15:55 +0200] "GET /web/efes/ HTTP/1.0" 200 24524 "http://www.eeggs.ru/web/efes/" "Mozilla/5.0 (Windows NT 10.0; Win64; x64) AppleWebKit/537.36 (KHTML, like Gecko) Chrome/131.0.0.0 Safari/537.36"
178.20.44.140 - - [15/Apr/2026:05:15:56 +0200] "POST /wp-comments-post.php HTTP/1.0" 500 166 "http://www.eeggs.ru/web/efes/" "Mozilla/5.0 (Windows NT 10.0; Win64; x64) AppleWebKit/537.36 (KHTML, like Gecko) Chrome/131.0.0.0 Safari/537.36"
95.216.2.94 - - [15/Apr/2026:05:18:20 +0200] "POST /wp-cron.php?doing_wp_cron=1776223100.7126510143280029296875 HTTP/1.1" 500 199 "-" "WordPress/6.9.4; http://www.eeggs.ru"
66.249.66.32 - - [15/Apr/2026:05:18:19 +0200] "GET /goods/Lot-De-8-Paires-De-Chaussettes-Transparentes-Pour/648066 HTTP/1.1" 301 464 "-" "Mozilla/5.0 (Linux; Android 6.0.1; Nexus 5X Build/MMB29P) AppleWebKit/537.36 (KHTML, like Gecko) Chrome/146.0.7680.177 Mobile Safari/537.36 (compatible; Googlebot/2.1; +http://www.google.com/bot.html)"
66.249.66.198 - - [15/Apr/2026:05:18:21 +0200] "GET /goods/Lot-De-8-Paires-De-Chaussettes-Transparentes-Pour/648066 HTTP/1.1" 404 16849 "-" "Mozilla/5.0 (Linux; Android 6.0.1; Nexus 5X Build/MMB29P) AppleWebKit/537.36 (KHTML, like Gecko) Chrome/146.0.7680.177 Mobile Safari/537.36 (compatible; Googlebot/2.1; +http://www.google.com/bot.html)"
95.216.2.94 - - [15/Apr/2026:05:20:22 +0200] "POST /wp-cron.php?doing_wp_cron=1776223222.5214209556579589843750 HTTP/1.1" 500 199 "-" "WordPress/6.9.4; http://www.eeggs.ru"
66.249.66.34 - - [15/Apr/2026:05:20:21 +0200] "GET /goods/Deere-Silencieux-D-039-chappement-AL172375-Adaptable/1054596 HTTP/1.1" 301 468 "-" "Mozilla/5.0 (Linux; Android 6.0.1; Nexus 5X Build/MMB29P) AppleWebKit/537.36 (KHTML, like Gecko) Chrome/146.0.7680.177 Mobile Safari/537.36 (compatible; Googlebot/2.1; +http://www.google.com/bot.html)"
66.249.66.199 - - [15/Apr/2026:05:20:22 +0200] "GET /goods/Deere-Silencieux-D-039-chappement-AL172375-Adaptable/1054596 HTTP/1.1" 404 16849 "-" "Mozilla/5.0 (Linux; Android 6.0.1; Nexus 5X Build/MMB29P) AppleWebKit/537.36 (KHTML, like Gecko) Chrome/146.0.7680.177 Mobile Safari/537.36 (compatible; Googlebot/2.1; +http://www.google.com/bot.html)"
95.216.2.94 - - [15/Apr/2026:05:25:57 +0200] "POST /wp-cron.php?doing_wp_cron=1776223557.2707850933074951171875 HTTP/1.1" 500 199 "-" "WordPress/6.9.4; http://www.eeggs.ru"
66.249.66.34 - - [15/Apr/2026:05:25:56 +0200] "GET /goods/Per-Calzature-Spazzola-Per-La-Pulizia-Delle-Calzature-E-Panno/854910 HTTP/1.1" 301 476 "-" "Mozilla/5.0 (Linux; Android 6.0.1; Nexus 5X Build/MMB29P) AppleWebKit/537.36 (KHTML, like Gecko) Chrome/146.0.7680.177 Mobile Safari/537.36 (compatible; Googlebot/2.1; +http://www.google.com/bot.html)"
66.249.66.198 - - [15/Apr/2026:05:25:57 +0200] "GET /goods/Per-Calzature-Spazzola-Per-La-Pulizia-Delle-Calzature-E-Panno/854910 HTTP/1.1" 404 16849 "-" "Mozilla/5.0 (Linux; Android 6.0.1; Nexus 5X Build/MMB29P) AppleWebKit/537.36 (KHTML, like Gecko) Chrome/146.0.7680.177 Mobile Safari/537.36 (compatible; Googlebot/2.1; +http://www.google.com/bot.html)"
40.77.167.149 - - [15/Apr/2026:05:26:19 +0200] "GET /goods/Boue-Et-Selle-Harley-Davidson-OEM-5976-97-Ecrou-De-Garde-Boue/680192 HTTP/1.1" 301 420 "-" "Mozilla/5.0 AppleWebKit/537.36 (KHTML, like Gecko; compatible; bingbot/2.0; +http://www.bing.com/bingbot.htm) Chrome/116.0.1938.76 Safari/537.36"
66.249.66.32 - - [15/Apr/2026:05:26:20 +0200] "GET /goods/X8a-Silicone-Finition-Mate-Soft-Touch-Noir/815073 HTTP/1.1" 301 457 "-" "Mozilla/5.0 (Linux; Android 6.0.1; Nexus 5X Build/MMB29P) AppleWebKit/537.36 (KHTML, like Gecko) Chrome/146.0.7680.177 Mobile Safari/537.36 (compatible; Googlebot/2.1; +http://www.google.com/bot.html)"
66.249.66.198 - - [15/Apr/2026:05:26:21 +0200] "GET /goods/X8a-Silicone-Finition-Mate-Soft-Touch-Noir/815073 HTTP/1.1" 404 16849 "-" "Mozilla/5.0 (Linux; Android 6.0.1; Nexus 5X Build/MMB29P) AppleWebKit/537.36 (KHTML, like Gecko) Chrome/146.0.7680.177 Mobile Safari/537.36 (compatible; Googlebot/2.1; +http://www.google.com/bot.html)"
66.249.66.32 - - [15/Apr/2026:05:26:24 +0200] "GET /goods/M-tal-Professeur-Avec-Globe-Et-Porte/470803 HTTP/1.1" 301 450 "-" "Mozilla/5.0 (Linux; Android 6.0.1; Nexus 5X Build/MMB29P) AppleWebKit/537.36 (KHTML, like Gecko) Chrome/146.0.7680.177 Mobile Safari/537.36 (compatible; Googlebot/2.1; +http://www.google.com/bot.html)"
66.249.66.198 - - [15/Apr/2026:05:26:25 +0200] "GET /goods/M-tal-Professeur-Avec-Globe-Et-Porte/470803 HTTP/1.1" 404 16848 "-" "Mozilla/5.0 (Linux; Android 6.0.1; Nexus 5X Build/MMB29P) AppleWebKit/537.36 (KHTML, like Gecko) Chrome/146.0.7680.177 Mobile Safari/537.36 (compatible; Googlebot/2.1; +http://www.google.com/bot.html)"
95.216.2.94 - - [15/Apr/2026:05:27:42 +0200] "POST /wp-cron.php?doing_wp_cron=1776223662.1074659824371337890625 HTTP/1.1" 500 199 "-" "WordPress/6.9.4; http://www.eeggs.ru"
89.110.66.63 - - [15/Apr/2026:05:27:41 +0200] "GET /web/efes/ HTTP/1.0" 200 24525 "http://www.eeggs.ru/web/efes/" "Mozilla/5.0 (Windows NT 10.0; Win64; x64) AppleWebKit/537.36 (KHTML, like Gecko) Chrome/130.0.0.0 Safari/537.36"
89.110.66.63 - - [15/Apr/2026:05:27:42 +0200] "POST /wp-comments-post.php HTTP/1.0" 500 166 "http://www.eeggs.ru/web/efes/" "Mozilla/5.0 (Windows NT 10.0; Win64; x64) AppleWebKit/537.36 (KHTML, like Gecko) Chrome/130.0.0.0 Safari/537.36"
66.249.66.34 - - [15/Apr/2026:05:27:53 +0200] "GET /goods/Tournevis-Sonique-Doctor-Who-Achat-Vente-B-ton-p-e/649655 HTTP/1.1" 301 465 "-" "Mozilla/5.0 (Linux; Android 6.0.1; Nexus 5X Build/MMB29P) AppleWebKit/537.36 (KHTML, like Gecko) Chrome/146.0.7680.177 Mobile Safari/537.36 (compatible; Googlebot/2.1; +http://www.google.com/bot.html)"
66.249.66.199 - - [15/Apr/2026:05:27:54 +0200] "GET /goods/Tournevis-Sonique-Doctor-Who-Achat-Vente-B-ton-p-e/649655 HTTP/1.1" 404 16849 "-" "Mozilla/5.0 (Linux; Android 6.0.1; Nexus 5X Build/MMB29P) AppleWebKit/537.36 (KHTML, like Gecko) Chrome/146.0.7680.177 Mobile Safari/537.36 (compatible; Googlebot/2.1; +http://www.google.com/bot.html)"
95.216.2.94 - - [15/Apr/2026:05:28:46 +0200] "POST /wp-cron.php?doing_wp_cron=1776223726.1290740966796875000000 HTTP/1.1" 500 199 "-" "WordPress/6.9.4; http://www.eeggs.ru"
66.249.66.33 - - [15/Apr/2026:05:28:45 +0200] "GET /goods/Magazine-1-By-John-Wilks-Paperback-Book/538792 HTTP/1.1" 301 454 "-" "Mozilla/5.0 (Linux; Android 6.0.1; Nexus 5X Build/MMB29P) AppleWebKit/537.36 (KHTML, like Gecko) Chrome/146.0.7680.177 Mobile Safari/537.36 (compatible; Googlebot/2.1; +http://www.google.com/bot.html)"
66.249.66.198 - - [15/Apr/2026:05:28:46 +0200] "GET /goods/Magazine-1-By-John-Wilks-Paperback-Book/538792 HTTP/1.1" 404 16849 "-" "Mozilla/5.0 (Linux; Android 6.0.1; Nexus 5X Build/MMB29P) AppleWebKit/537.36 (KHTML, like Gecko) Chrome/146.0.7680.177 Mobile Safari/537.36 (compatible; Googlebot/2.1; +http://www.google.com/bot.html)"
95.216.2.94 - - [15/Apr/2026:05:29:47 +0200] "POST /wp-cron.php?doing_wp_cron=1776223787.9670069217681884765625 HTTP/1.1" 500 199 "-" "WordPress/6.9.4; http://www.eeggs.ru"
5.39.1.227 - - [15/Apr/2026:05:29:47 +0200] "GET /web/efes/feed/ HTTP/1.1" 200 1755 "-" "Mozilla/5.0 (compatible; AhrefsBot/7.0; +http://ahrefs.com/robot/)"
77.75.78.164 - - [15/Apr/2026:05:29:49 +0200] "GET /sitemap-pt-post-p1-2008-07.xml HTTP/1.1" 200 788 "-" "Mozilla/5.0 (compatible; SeznamBot/4.0; +https://o-seznam.cz/napoveda/vyhledavani/en/seznambot-crawler/)"
95.216.2.94 - - [15/Apr/2026:05:30:50 +0200] "POST /wp-cron.php?doing_wp_cron=1776223850.7318561077117919921875 HTTP/1.1" 500 199 "-" "WordPress/6.9.4; http://www.eeggs.ru"
66.249.66.32 - - [15/Apr/2026:05:30:49 +0200] "GET /goods/AJW-Casse-Noix-Avec-Poign-E-Antid-RapanteCasse-Noix-En-Acier/694539 HTTP/1.1" 301 475 "-" "Mozilla/5.0 (Linux; Android 6.0.1; Nexus 5X Build/MMB29P) AppleWebKit/537.36 (KHTML, like Gecko) Chrome/146.0.7680.177 Mobile Safari/537.36 (compatible; Googlebot/2.1; +http://www.google.com/bot.html)"
66.249.66.200 - - [15/Apr/2026:05:30:51 +0200] "GET /goods/AJW-Casse-Noix-Avec-Poign-E-Antid-RapanteCasse-Noix-En-Acier/694539 HTTP/1.1" 404 16849 "-" "Mozilla/5.0 (Linux; Android 6.0.1; Nexus 5X Build/MMB29P) AppleWebKit/537.36 (KHTML, like Gecko) Chrome/146.0.7680.177 Mobile Safari/537.36 (compatible; Googlebot/2.1; +http://www.google.com/bot.html)"
40.77.167.45 - - [15/Apr/2026:05:30:52 +0200] "GET /goods/HO-1-87-Evemodel-Lot-De-3-LED-3V-Pour-Maquettes-De-Gare/1279673 HTTP/1.1" 301 415 "-" "Mozilla/5.0 AppleWebKit/537.36 (KHTML, like Gecko; compatible; bingbot/2.0; +http://www.bing.com/bingbot.htm) Chrome/116.0.1938.76 Safari/537.36"
40.77.167.45 - - [15/Apr/2026:05:30:54 +0200] "GET /goods/101-Acoustic-Hits-For-Buskers-By-Paper-Plus/1101509 HTTP/1.1" 301 403 "-" "Mozilla/5.0 AppleWebKit/537.36 (KHTML, like Gecko; compatible; bingbot/2.0; +http://www.bing.com/bingbot.htm) Chrome/116.0.1938.76 Safari/537.36"
40.77.167.45 - - [15/Apr/2026:05:30:55 +0200] "GET /goods/Porcelaine-De-Limoges-Brocante/1136177 HTTP/1.1" 301 390 "-" "Mozilla/5.0 AppleWebKit/537.36 (KHTML, like Gecko; compatible; bingbot/2.0; +http://www.bing.com/bingbot.htm) Chrome/116.0.1938.76 Safari/537.36"
95.216.2.94 - - [15/Apr/2026:05:31:54 +0200] "POST /wp-cron.php?doing_wp_cron=1776223914.8457520008087158203125 HTTP/1.1" 500 199 "-" "WordPress/6.9.4; http://www.eeggs.ru"
66.249.66.34 - - [15/Apr/2026:05:31:54 +0200] "GET /goods/Compression-SCS-Stunt-Scooter-bar-Clamp/1169221 HTTP/1.1" 301 455 "-" "Mozilla/5.0 (Linux; Android 6.0.1; Nexus 5X Build/MMB29P) AppleWebKit/537.36 (KHTML, like Gecko) Chrome/146.0.7680.177 Mobile Safari/537.36 (compatible; Googlebot/2.1; +http://www.google.com/bot.html)"
66.249.66.198 - - [15/Apr/2026:05:31:55 +0200] "GET /goods/Compression-SCS-Stunt-Scooter-bar-Clamp/1169221 HTTP/1.1" 404 16849 "-" "Mozilla/5.0 (Linux; Android 6.0.1; Nexus 5X Build/MMB29P) AppleWebKit/537.36 (KHTML, like Gecko) Chrome/146.0.7680.177 Mobile Safari/537.36 (compatible; Googlebot/2.1; +http://www.google.com/bot.html)"
40.77.167.45 - - [15/Apr/2026:05:32:14 +0200] "GET /goods/rieur-Rabattable-PANO-Roc-Line/821941 HTTP/1.1" 301 389 "-" "Mozilla/5.0 AppleWebKit/537.36 (KHTML, like Gecko; compatible; bingbot/2.0; +http://www.bing.com/bingbot.htm) Chrome/116.0.1938.76 Safari/537.36"
152.228.220.143 - - [15/Apr/2026:05:32:22 +0200] "GET /software/padayushhie-knigi-winrar/feed/ HTTP/1.1" 200 1463 "-" "Mozilla/5.0 (X11; Linux i686) AppleWebKit/537.36 (KHTML, like Gecko) Chrome/30.0.1599.66 Safari/537.36"
52.167.144.205 - - [15/Apr/2026:05:32:42 +0200] "GET /goods/Faire-clore-Des-U0153ufs-De-B-b-Dragon-Dans-La-Nature/438096 HTTP/1.1" 301 412 "-" "Mozilla/5.0 AppleWebKit/537.36 (KHTML, like Gecko; compatible; bingbot/2.0; +http://www.bing.com/bingbot.htm) Chrome/116.0.1938.76 Safari/537.36"
95.216.2.94 - - [15/Apr/2026:05:34:48 +0200] "POST /wp-cron.php?doing_wp_cron=1776224088.7629098892211914062500 HTTP/1.1" 500 199 "-" "WordPress/6.9.4; http://www.eeggs.ru"
66.249.66.32 - - [15/Apr/2026:05:34:48 +0200] "GET /goods/DE-BASKETBALL-REVERSIBLE-ENFANT-SH500R-Nouvelle/1076436 HTTP/1.1" 301 463 "-" "Mozilla/5.0 (Linux; Android 6.0.1; Nexus 5X Build/MMB29P) AppleWebKit/537.36 (KHTML, like Gecko) Chrome/146.0.7680.177 Mobile Safari/537.36 (compatible; Googlebot/2.1; +http://www.google.com/bot.html)"
66.249.66.198 - - [15/Apr/2026:05:34:49 +0200] "GET /goods/DE-BASKETBALL-REVERSIBLE-ENFANT-SH500R-Nouvelle/1076436 HTTP/1.1" 404 16849 "-" "Mozilla/5.0 (Linux; Android 6.0.1; Nexus 5X Build/MMB29P) AppleWebKit/537.36 (KHTML, like Gecko) Chrome/146.0.7680.177 Mobile Safari/537.36 (compatible; Googlebot/2.1; +http://www.google.com/bot.html)"
95.216.2.94 - - [15/Apr/2026:05:36:40 +0200] "POST /wp-cron.php?doing_wp_cron=1776224200.7920799255371093750000 HTTP/1.1" 500 199 "-" "WordPress/6.9.4; http://www.eeggs.ru"
52.167.144.205 - - [15/Apr/2026:05:36:35 +0200] "GET /goods/m-tal-28mm-M42-HSS-Bim-tallique-Scie-Tr-pan/585154 HTTP/1.1" 301 402 "-" "Mozilla/5.0 AppleWebKit/537.36 (KHTML, like Gecko; compatible; bingbot/2.0; +http://www.bing.com/bingbot.htm) Chrome/116.0.1938.76 Safari/537.36"
52.167.144.205 - - [15/Apr/2026:05:37:22 +0200] "GET /goods/Porte-Monnaie-Et-Cles-Noir-Les-Copines-C-039-est-La-Vie-Noir/758584 HTTP/1.1" 301 419 "-" "Mozilla/5.0 AppleWebKit/537.36 (KHTML, like Gecko; compatible; bingbot/2.0; +http://www.bing.com/bingbot.htm) Chrome/116.0.1938.76 Safari/537.36"
95.216.2.94 - - [15/Apr/2026:05:38:47 +0200] "POST /wp-cron.php?doing_wp_cron=1776224326.9256870746612548828125 HTTP/1.1" 500 199 "-" "WordPress/6.9.4; http://www.eeggs.ru"
66.249.66.33 - - [15/Apr/2026:05:38:46 +0200] "GET /goods/Sweat-shirt-Pour-Hommes-NAPAPIJRI/524053 HTTP/1.1" 301 448 "-" "Mozilla/5.0 (Linux; Android 6.0.1; Nexus 5X Build/MMB29P) AppleWebKit/537.36 (KHTML, like Gecko) Chrome/146.0.7680.177 Mobile Safari/537.36 (compatible; Googlebot/2.1; +http://www.google.com/bot.html)"
