95.216.2.94 - - [15/Apr/2026:11:27:18 +0200] "POST /wp-cron.php?doing_wp_cron=1776245238.5869319438934326171875 HTTP/1.1" 500 199 "-" "WordPress/6.9.4; http://www.eeggs.ru"
66.249.66.3 - - [15/Apr/2026:11:27:17 +0200] "GET /goods/LES-FORMIGUETES-EL-PARDALET-FERIT/906991 HTTP/1.1" 301 448 "-" "Mozilla/5.0 (Linux; Android 6.0.1; Nexus 5X Build/MMB29P) AppleWebKit/537.36 (KHTML, like Gecko) Chrome/146.0.7680.177 Mobile Safari/537.36 (compatible; GoogleOther)"
66.249.66.76 - - [15/Apr/2026:11:27:18 +0200] "GET /goods/LES-FORMIGUETES-EL-PARDALET-FERIT/906991 HTTP/1.1" 404 16860 "-" "Mozilla/5.0 (Linux; Android 6.0.1; Nexus 5X Build/MMB29P) AppleWebKit/537.36 (KHTML, like Gecko) Chrome/146.0.7680.177 Mobile Safari/537.36 (compatible; GoogleOther)"
95.216.2.94 - - [15/Apr/2026:11:28:40 +0200] "POST /wp-cron.php?doing_wp_cron=1776245320.7935240268707275390625 HTTP/1.1" 500 199 "-" "WordPress/6.9.4; http://www.eeggs.ru"
66.249.66.3 - - [15/Apr/2026:11:28:40 +0200] "GET /goods/Talisman-Edition-Limit-e/1212321 HTTP/1.1" 301 440 "-" "Mozilla/5.0 (Linux; Android 6.0.1; Nexus 5X Build/MMB29P) AppleWebKit/537.36 (KHTML, like Gecko) Chrome/146.0.7680.177 Mobile Safari/537.36 (compatible; GoogleOther)"
66.249.66.163 - - [15/Apr/2026:11:28:41 +0200] "GET /goods/Talisman-Edition-Limit-e/1212321 HTTP/1.1" 404 16860 "-" "Mozilla/5.0 (Linux; Android 6.0.1; Nexus 5X Build/MMB29P) AppleWebKit/537.36 (KHTML, like Gecko) Chrome/146.0.7680.177 Mobile Safari/537.36 (compatible; GoogleOther)"
46.101.234.224 - - [15/Apr/2026:11:28:53 +0200] "GET / HTTP/1.1" 200 411 "-" "Mozilla/5.0 (X11; Linux x86_64) AppleWebKit/537.36 (KHTML, like Gecko) Chrome/142.0.0.0 Safari/537.36"
46.101.234.224 - - [15/Apr/2026:11:28:54 +0200] "GET /favicon.ico HTTP/1.1" 200 618 "http://eeggs.ru/" "Mozilla/5.0 (X11; Linux x86_64) AppleWebKit/537.36 (KHTML, like Gecko) Chrome/142.0.0.0 Safari/537.36"
77.75.78.163 - - [15/Apr/2026:11:29:05 +0200] "GET /?sitemapindex.xml HTTP/1.1" 301 307 "-" "Mozilla/5.0 (compatible; SeznamBot/4.0; +https://o-seznam.cz/napoveda/vyhledavani/en/seznambot-crawler/)"
95.216.2.94 - - [15/Apr/2026:11:31:24 +0200] "POST /wp-cron.php?doing_wp_cron=1776245484.8343799114227294921875 HTTP/1.1" 500 199 "-" "WordPress/6.9.4; http://www.eeggs.ru"
66.249.66.4 - - [15/Apr/2026:11:31:24 +0200] "GET /goods/Talisman-Edition-Limit-e/1212321 HTTP/1.1" 301 440 "-" "Mozilla/5.0 (Linux; Android 6.0.1; Nexus 5X Build/MMB29P) AppleWebKit/537.36 (KHTML, like Gecko) Chrome/146.0.7680.177 Mobile Safari/537.36 (compatible; Googlebot/2.1; +http://www.google.com/bot.html)"
94.154.35.236 - - [15/Apr/2026:11:32:23 +0200] "HEAD /new.rar HTTP/1.1" 301 339 "-" "Mozilla/5.0 (Windows NT 10.0; Win64; x64) AppleWebKit/537.36 (KHTML, like Gecko) Chrome/101.0.4951.67 Safari/537.36"
95.216.2.94 - - [15/Apr/2026:11:32:25 +0200] "POST /wp-cron.php?doing_wp_cron=1776245545.0749089717864990234375 HTTP/1.1" 500 199 "-" "WordPress/6.9.4; http://www.eeggs.ru"
94.154.35.236 - - [15/Apr/2026:11:32:24 +0200] "HEAD /new.rar HTTP/1.1" 404 330 "-" "Mozilla/5.0 (Windows NT 10.0; Win64; x64) AppleWebKit/537.36 (KHTML, like Gecko) Chrome/101.0.4951.67 Safari/537.36"
95.216.2.94 - - [15/Apr/2026:11:34:56 +0200] "POST /wp-cron.php?doing_wp_cron=1776245696.2686440944671630859375 HTTP/1.1" 500 199 "-" "WordPress/6.9.4; http://www.eeggs.ru"
66.249.66.65 - - [15/Apr/2026:11:34:55 +0200] "GET /goods/Mod-039-A-Way-Of-Life-039-Tasses-Mug-En-C-ramique/654201 HTTP/1.1" 301 464 "-" "Mozilla/5.0 (Linux; Android 6.0.1; Nexus 5X Build/MMB29P) AppleWebKit/537.36 (KHTML, like Gecko) Chrome/146.0.7680.177 Mobile Safari/537.36 (compatible; Googlebot/2.1; +http://www.google.com/bot.html)"
66.249.66.75 - - [15/Apr/2026:11:34:56 +0200] "GET /goods/Mod-039-A-Way-Of-Life-039-Tasses-Mug-En-C-ramique/654201 HTTP/1.1" 404 16849 "-" "Mozilla/5.0 (Linux; Android 6.0.1; Nexus 5X Build/MMB29P) AppleWebKit/537.36 (KHTML, like Gecko) Chrome/146.0.7680.177 Mobile Safari/537.36 (compatible; Googlebot/2.1; +http://www.google.com/bot.html)"
66.249.66.2 - - [15/Apr/2026:11:34:59 +0200] "GET /goods/Jeu-Accessoire-Jeu-De-Soci-t-Partir-De-10-Ans/1000921 HTTP/1.1" 301 461 "-" "Mozilla/5.0 (Linux; Android 6.0.1; Nexus 5X Build/MMB29P) AppleWebKit/537.36 (KHTML, like Gecko) Chrome/146.0.7680.177 Mobile Safari/537.36 (compatible; Googlebot/2.1; +http://www.google.com/bot.html)"
178.20.235.164 - - [15/Apr/2026:11:35:00 +0200] "GET /software/firefox HTTP/1.1" 301 314 "-" "Mozilla/5.0 (Windows NT 6.1; WOW64) AppleWebKit/537.36 (KHTML, like Gecko) Chrome/54.0.2840.71 Safari/537.36"
66.249.66.77 - - [15/Apr/2026:11:35:00 +0200] "GET /goods/Jeu-Accessoire-Jeu-De-Soci-t-Partir-De-10-Ans/1000921 HTTP/1.1" 404 16849 "-" "Mozilla/5.0 (Linux; Android 6.0.1; Nexus 5X Build/MMB29P) AppleWebKit/537.36 (KHTML, like Gecko) Chrome/146.0.7680.177 Mobile Safari/537.36 (compatible; Googlebot/2.1; +http://www.google.com/bot.html)"
178.20.235.164 - - [15/Apr/2026:11:35:01 +0200] "GET /software/firefox/ HTTP/1.1" 200 27826 "-" "Mozilla/5.0 (Windows NT 6.1; WOW64) AppleWebKit/537.36 (KHTML, like Gecko) Chrome/54.0.2840.71 Safari/537.36"
66.249.66.65 - - [15/Apr/2026:11:35:25 +0200] "GET /goods/Tony-Robbins-The-Tony-Robbins-Foundation/1066532 HTTP/1.1" 301 456 "-" "Mozilla/5.0 (Linux; Android 6.0.1; Nexus 5X Build/MMB29P) AppleWebKit/537.36 (KHTML, like Gecko) Chrome/146.0.7680.177 Mobile Safari/537.36 (compatible; GoogleOther)"
66.249.66.13 - - [15/Apr/2026:11:35:26 +0200] "GET /goods/Tony-Robbins-The-Tony-Robbins-Foundation/1066532 HTTP/1.1" 404 16860 "-" "Mozilla/5.0 (Linux; Android 6.0.1; Nexus 5X Build/MMB29P) AppleWebKit/537.36 (KHTML, like Gecko) Chrome/146.0.7680.177 Mobile Safari/537.36 (compatible; GoogleOther)"
185.231.154.128 - - [15/Apr/2026:11:35:54 +0200] "GET /web/efes/ HTTP/1.0" 200 24525 "http://www.eeggs.ru/web/efes/#comment-295594" "Mozilla/5.0 (Windows NT 10.0; Win64; x64) AppleWebKit/537.36 (KHTML, like Gecko) Chrome/130.0.0.0 Safari/537.36 CCleaner/130.0.0.0"
185.231.154.128 - - [15/Apr/2026:11:35:55 +0200] "POST /wp-comments-post.php HTTP/1.0" 500 166 "http://www.eeggs.ru/web/efes/#comment-295594" "Mozilla/5.0 (Windows NT 10.0; Win64; x64) AppleWebKit/537.36 (KHTML, like Gecko) Chrome/130.0.0.0 Safari/537.36 CCleaner/130.0.0.0"
95.216.2.94 - - [15/Apr/2026:11:36:53 +0200] "POST /wp-cron.php?doing_wp_cron=1776245813.5841560363769531250000 HTTP/1.1" 500 199 "-" "WordPress/6.9.4; http://www.eeggs.ru"
66.249.66.32 - - [15/Apr/2026:11:36:52 +0200] "GET /goods/Venise-Guide-Un-Grand-Week-end-Collectif/1048124 HTTP/1.1" 301 456 "-" "Mozilla/5.0 (Linux; Android 6.0.1; Nexus 5X Build/MMB29P) AppleWebKit/537.36 (KHTML, like Gecko) Chrome/146.0.7680.177 Mobile Safari/537.36 (compatible; GoogleOther)"
66.249.66.198 - - [15/Apr/2026:11:36:53 +0200] "GET /goods/Venise-Guide-Un-Grand-Week-end-Collectif/1048124 HTTP/1.1" 404 16860 "-" "Mozilla/5.0 (Linux; Android 6.0.1; Nexus 5X Build/MMB29P) AppleWebKit/537.36 (KHTML, like Gecko) Chrome/146.0.7680.177 Mobile Safari/537.36 (compatible; GoogleOther)"
95.216.2.94 - - [15/Apr/2026:11:38:15 +0200] "POST /wp-cron.php?doing_wp_cron=1776245895.0900340080261230468750 HTTP/1.1" 500 199 "-" "WordPress/6.9.4; http://www.eeggs.ru"
66.249.66.32 - - [15/Apr/2026:11:38:14 +0200] "GET /goods/Venise-Guide-Un-Grand-Week-end-Collectif/1048124 HTTP/1.1" 301 456 "-" "Mozilla/5.0 (Linux; Android 6.0.1; Nexus 5X Build/MMB29P) AppleWebKit/537.36 (KHTML, like Gecko) Chrome/146.0.7680.177 Mobile Safari/537.36 (compatible; Googlebot/2.1; +http://www.google.com/bot.html)"
66.249.66.162 - - [15/Apr/2026:11:38:15 +0200] "GET /goods/Venise-Guide-Un-Grand-Week-end-Collectif/1048124 HTTP/1.1" 404 16849 "-" "Mozilla/5.0 (Linux; Android 6.0.1; Nexus 5X Build/MMB29P) AppleWebKit/537.36 (KHTML, like Gecko) Chrome/146.0.7680.177 Mobile Safari/537.36 (compatible; Googlebot/2.1; +http://www.google.com/bot.html)"
52.167.144.197 - - [15/Apr/2026:11:38:52 +0200] "GET /goods/Lettres-Personnalisable-De-1-3-Lignes-Nom-Grav/495579 HTTP/1.1" 301 405 "-" "Mozilla/5.0 AppleWebKit/537.36 (KHTML, like Gecko; compatible; bingbot/2.0; +http://www.bing.com/bingbot.htm) Chrome/116.0.1938.76 Safari/537.36"
52.167.144.197 - - [15/Apr/2026:11:38:53 +0200] "GET /goods/Delikate-Gulaschgerichte-K-stliche-Mehlspeisen-Und-Andere/1224497 HTTP/1.1" 301 417 "-" "Mozilla/5.0 AppleWebKit/537.36 (KHTML, like Gecko; compatible; bingbot/2.0; +http://www.bing.com/bingbot.htm) Chrome/116.0.1938.76 Safari/537.36"
52.167.144.197 - - [15/Apr/2026:11:38:54 +0200] "GET /goods/En-Aluminium-Vides-En-Aluminium-De-15-Ml-Avec-Couvercles-A-Vis/788228 HTTP/1.1" 301 421 "-" "Mozilla/5.0 AppleWebKit/537.36 (KHTML, like Gecko; compatible; bingbot/2.0; +http://www.bing.com/bingbot.htm) Chrome/116.0.1938.76 Safari/537.36"
95.216.2.94 - - [15/Apr/2026:11:39:52 +0200] "POST /wp-cron.php?doing_wp_cron=1776245992.4573280811309814453125 HTTP/1.1" 500 199 "-" "WordPress/6.9.4; http://www.eeggs.ru"
217.29.59.24 - - [15/Apr/2026:11:39:51 +0200] "GET /web/efes/ HTTP/1.0" 301 273 "-" "Mozilla/5.0 (Windows NT 6.3; Win64; x64) AppleWebKit/537.36 (KHTML, like Gecko) Chrome/75.0.3770.100 Safari/537.36"
64.31.20.22 - - [15/Apr/2026:11:39:56 +0200] "GET /web/efes/ HTTP/1.0" 200 24524 "http://www.eeggs.ru/web/efes/#comment-325359/" "Mozilla/5.0 (Windows NT 10.0; Win64; x64) AppleWebKit/537.36 (KHTML, like Gecko) Chrome/130.0.0.0 Safari/537.36 CCleaner/130.0.0.0"
64.31.20.22 - - [15/Apr/2026:11:39:58 +0200] "POST /wp-comments-post.php HTTP/1.0" 500 166 "http://www.eeggs.ru/web/efes/#comment-325359/" "Mozilla/5.0 (Windows NT 10.0; Win64; x64) AppleWebKit/537.36 (KHTML, like Gecko) Chrome/130.0.0.0 Safari/537.36 CCleaner/130.0.0.0"
89.249.21.36 - - [15/Apr/2026:11:40:21 +0200] "GET /web/president08/ HTTP/1.1" 200 24962 "-" "Mozilla/5.0 (Windows NT 10.0; Win64; x64) AppleWebKit/537.36 (KHTML, like Gecko) Chrome/120.0.0.0 Safari/537.36"
89.249.21.36 - - [15/Apr/2026:11:40:23 +0200] "GET /web/president08/ HTTP/1.1" 200 24963 "-" "Mozilla/5.0 (Windows NT 10.0; Win64; x64) AppleWebKit/537.36 (KHTML, like Gecko) Chrome/120.0.0.0 Safari/537.36"
89.249.21.36 - - [15/Apr/2026:11:40:27 +0200] "GET / HTTP/1.1" 200 30612 "-" "Mozilla/5.0 (Windows NT 10.0; Win64; x64) AppleWebKit/537.36 (KHTML, like Gecko) Chrome/120.0.0.0 Safari/537.36"
66.249.66.75 - - [15/Apr/2026:11:31:25 +0200] "GET /goods/Talisman-Edition-Limit-e/1212321 HTTP/1.1" 504 548 "-" "Mozilla/5.0 (Linux; Android 6.0.1; Nexus 5X Build/MMB29P) AppleWebKit/537.36 (KHTML, like Gecko) Chrome/146.0.7680.177 Mobile Safari/537.36 (compatible; Googlebot/2.1; +http://www.google.com/bot.html)"
95.216.2.94 - - [15/Apr/2026:11:41:44 +0200] "POST /wp-cron.php?doing_wp_cron=1776246104.1655550003051757812500 HTTP/1.1" 500 199 "-" "WordPress/6.9.4; http://www.eeggs.ru"
52.167.144.197 - - [15/Apr/2026:11:41:43 +0200] "GET /goods/Voiture-Kit-De-Stylo-Retouche-Pour-Peugeot-KWE/1012411 HTTP/1.1" 301 406 "-" "Mozilla/5.0 AppleWebKit/537.36 (KHTML, like Gecko; compatible; bingbot/2.0; +http://www.bing.com/bingbot.htm) Chrome/116.0.1938.76 Safari/537.36"
40.77.167.53 - - [15/Apr/2026:11:41:48 +0200] "GET /goods/RHAPSODY-251210-NOIR-De-Chez-FELINA/1104084 HTTP/1.1" 301 395 "-" "Mozilla/5.0 AppleWebKit/537.36 (KHTML, like Gecko; compatible; bingbot/2.0; +http://www.bing.com/bingbot.htm) Chrome/116.0.1938.76 Safari/537.36"
66.249.66.66 - - [15/Apr/2026:11:42:20 +0200] "GET /goods/Chix-Ultimix-Duo-Pack-Ram-Rock-Ctrl-Alt-Magic-P/771262 HTTP/1.1" 301 462 "-" "Mozilla/5.0 (Linux; Android 6.0.1; Nexus 5X Build/MMB29P) AppleWebKit/537.36 (KHTML, like Gecko) Chrome/146.0.7680.177 Mobile Safari/537.36 (compatible; GoogleOther)"
66.249.66.13 - - [15/Apr/2026:11:42:21 +0200] "GET /goods/Chix-Ultimix-Duo-Pack-Ram-Rock-Ctrl-Alt-Magic-P/771262 HTTP/1.1" 404 16860 "-" "Mozilla/5.0 (Linux; Android 6.0.1; Nexus 5X Build/MMB29P) AppleWebKit/537.36 (KHTML, like Gecko) Chrome/146.0.7680.177 Mobile Safari/537.36 (compatible; GoogleOther)"
217.194.250.84 - - [15/Apr/2026:11:42:38 +0200] "GET / HTTP/1.1" 301 290 "-" "Mozilla/5.0 (Windows NT 10.0; Win64; x64) AppleWebKit/537.36 (KHTML, like Gecko) Chrome/120.0.0.0 Safari/537.36"
217.194.250.183 - - [15/Apr/2026:11:42:39 +0200] "GET / HTTP/1.1" 200 30612 "-" "Mozilla/5.0 (Windows NT 10.0; Win64; x64) AppleWebKit/537.36 (KHTML, like Gecko) Chrome/120.0.0.0 Safari/537.36"
95.216.2.94 - - [15/Apr/2026:11:45:06 +0200] "POST /wp-cron.php?doing_wp_cron=1776246306.7153189182281494140625 HTTP/1.1" 500 199 "-" "WordPress/6.9.4; http://www.eeggs.ru"
66.249.66.4 - - [15/Apr/2026:11:45:05 +0200] "GET /goods/Chix-Ultimix-Duo-Pack-Ram-Rock-Ctrl-Alt-Magic-P/771262 HTTP/1.1" 301 462 "-" "Mozilla/5.0 (Linux; Android 6.0.1; Nexus 5X Build/MMB29P) AppleWebKit/537.36 (KHTML, like Gecko) Chrome/146.0.7680.177 Mobile Safari/537.36 (compatible; Googlebot/2.1; +http://www.google.com/bot.html)"
66.249.66.75 - - [15/Apr/2026:11:45:06 +0200] "GET /goods/Chix-Ultimix-Duo-Pack-Ram-Rock-Ctrl-Alt-Magic-P/771262 HTTP/1.1" 404 16849 "-" "Mozilla/5.0 (Linux; Android 6.0.1; Nexus 5X Build/MMB29P) AppleWebKit/537.36 (KHTML, like Gecko) Chrome/146.0.7680.177 Mobile Safari/537.36 (compatible; Googlebot/2.1; +http://www.google.com/bot.html)"
40.77.167.32 - - [15/Apr/2026:11:45:24 +0200] "GET /goods/Une-Maison-De-Poupee-Henrik-Ibsen/726967 HTTP/1.1" 301 392 "-" "Mozilla/5.0 AppleWebKit/537.36 (KHTML, like Gecko; compatible; bingbot/2.0; +http://www.bing.com/bingbot.htm) Chrome/116.0.1938.76 Safari/537.36"
40.77.167.32 - - [15/Apr/2026:11:45:25 +0200] "GET /goods/volution-Des-Formes-De-Guerre-tude-Critique-De-Documents/591545 HTTP/1.1" 301 415 "-" "Mozilla/5.0 AppleWebKit/537.36 (KHTML, like Gecko; compatible; bingbot/2.0; +http://www.bing.com/bingbot.htm) Chrome/116.0.1938.76 Safari/537.36"
40.77.167.32 - - [15/Apr/2026:11:45:26 +0200] "GET /goods/Shooting-The-Stickbow-A-Practical-Approach-To-Classical-Archery/1270229 HTTP/1.1" 301 423 "-" "Mozilla/5.0 AppleWebKit/537.36 (KHTML, like Gecko; compatible; bingbot/2.0; +http://www.bing.com/bingbot.htm) Chrome/116.0.1938.76 Safari/537.36"
40.77.167.67 - - [15/Apr/2026:11:45:28 +0200] "GET /goods/Aux-Saveurs-Assorties-En-Sachet-120-Unit-s-Par-28/743728 HTTP/1.1" 301 408 "-" "Mozilla/5.0 AppleWebKit/537.36 (KHTML, like Gecko; compatible; bingbot/2.0; +http://www.bing.com/bingbot.htm) Chrome/116.0.1938.76 Safari/537.36"
95.216.2.94 - - [15/Apr/2026:11:46:27 +0200] "POST /wp-cron.php?doing_wp_cron=1776246387.3929610252380371093750 HTTP/1.1" 500 199 "-" "WordPress/6.9.4; http://www.eeggs.ru"
66.249.66.66 - - [15/Apr/2026:11:46:26 +0200] "GET /goods/Barts-Tec-Glove-Gants-Noir-Schwarz-Taille-Fabricant/1058721 HTTP/1.1" 301 467 "-" "Mozilla/5.0 (Linux; Android 6.0.1; Nexus 5X Build/MMB29P) AppleWebKit/537.36 (KHTML, like Gecko) Chrome/146.0.7680.177 Mobile Safari/537.36 (compatible; Googlebot/2.1; +http://www.google.com/bot.html)"
66.249.66.163 - - [15/Apr/2026:11:46:27 +0200] "GET /goods/Barts-Tec-Glove-Gants-Noir-Schwarz-Taille-Fabricant/1058721 HTTP/1.1" 404 16849 "-" "Mozilla/5.0 (Linux; Android 6.0.1; Nexus 5X Build/MMB29P) AppleWebKit/537.36 (KHTML, like Gecko) Chrome/146.0.7680.177 Mobile Safari/537.36 (compatible; Googlebot/2.1; +http://www.google.com/bot.html)"
152.228.220.143 - - [15/Apr/2026:11:46:34 +0200] "GET /category/os/feed/ HTTP/1.1" 200 5307 "-" "Mozilla/5.0 (X11; Linux i686) AppleWebKit/537.36 (KHTML, like Gecko) Chrome/30.0.1599.66 Safari/537.36"
95.216.2.94 - - [15/Apr/2026:11:48:33 +0200] "POST /wp-cron.php?doing_wp_cron=1776246513.5702850818634033203125 HTTP/1.1" 500 199 "-" "WordPress/6.9.4; http://www.eeggs.ru"
40.77.167.11 - - [15/Apr/2026:11:48:32 +0200] "GET /goods/Cuissard-CMP-Shorts-Homme-Lifestyle/873693 HTTP/1.1" 301 394 "-" "Mozilla/5.0 AppleWebKit/537.36 (KHTML, like Gecko; compatible; bingbot/2.0; +http://www.bing.com/bingbot.htm) Chrome/116.0.1938.76 Safari/537.36"
40.77.167.67 - - [15/Apr/2026:11:48:37 +0200] "GET /goods/Valve-Cover-Couvercle-De-Culasse-De-Cylindre-De-Moteur-Et-Anneau/800890 HTTP/1.1" 301 423 "-" "Mozilla/5.0 AppleWebKit/537.36 (KHTML, like Gecko; compatible; bingbot/2.0; +http://www.bing.com/bingbot.htm) Chrome/116.0.1938.76 Safari/537.36"
66.249.66.32 - - [15/Apr/2026:11:49:10 +0200] "GET /goods/Lot-De-2-Chevill-res-Professionnelles-Pour-Femme-homme/797043 HTTP/1.1" 301 469 "-" "Mozilla/5.0 (Linux; Android 6.0.1; Nexus 5X Build/MMB29P) AppleWebKit/537.36 (KHTML, like Gecko) Chrome/146.0.7680.177 Mobile Safari/537.36 (compatible; GoogleOther)"
66.249.66.198 - - [15/Apr/2026:11:49:11 +0200] "GET /goods/Lot-De-2-Chevill-res-Professionnelles-Pour-Femme-homme/797043 HTTP/1.1" 404 16860 "-" "Mozilla/5.0 (Linux; Android 6.0.1; Nexus 5X Build/MMB29P) AppleWebKit/537.36 (KHTML, like Gecko) Chrome/146.0.7680.177 Mobile Safari/537.36 (compatible; GoogleOther)"
95.216.2.94 - - [15/Apr/2026:11:50:08 +0200] "POST /wp-cron.php?doing_wp_cron=1776246608.6718430519104003906250 HTTP/1.1" 500 199 "-" "WordPress/6.9.4; http://www.eeggs.ru"
77.75.78.163 - - [15/Apr/2026:11:50:07 +0200] "GET /goods.php?sitemap493.xml HTTP/1.1" 301 426 "-" "Mozilla/5.0 (compatible; SeznamBot/4.0; +https://o-seznam.cz/napoveda/vyhledavani/en/seznambot-crawler/)"
66.249.66.35 - - [15/Apr/2026:11:50:30 +0200] "GET /sitemap-pt-post-p2-2008-03.xml HTTP/1.1" 200 820 "-" "Mozilla/5.0 (compatible; Googlebot/2.1; +http://www.google.com/bot.html)"
95.216.2.94 - - [15/Apr/2026:11:51:25 +0200] "POST /wp-cron.php?doing_wp_cron=1776246685.2544629573822021484375 HTTP/1.1" 500 199 "-" "WordPress/6.9.4; http://www.eeggs.ru"
40.77.167.32 - - [15/Apr/2026:11:51:24 +0200] "GET /goods/La-Baleine-Est-Le-Lien-Entre-La-Mer-Et-Les-Hommes-La/ HTTP/1.1" 301 405 "-" "Mozilla/5.0 AppleWebKit/537.36 (KHTML, like Gecko; compatible; bingbot/2.0; +http://www.bing.com/bingbot.htm) Chrome/116.0.1938.76 Safari/537.36"
40.77.167.32 - - [15/Apr/2026:11:51:25 +0200] "GET /goods/Cannes-De-Plage-Ultimate-BeachForce-5-00-M-Ensemble-De/808306 HTTP/1.1" 301 413 "-" "Mozilla/5.0 AppleWebKit/537.36 (KHTML, like Gecko; compatible; bingbot/2.0; +http://www.bing.com/bingbot.htm) Chrome/116.0.1938.76 Safari/537.36"
40.77.167.32 - - [15/Apr/2026:11:51:26 +0200] "GET /goods/1008-Jeans-Gar-on56Z6-56z6-176-Slim/1242778 HTTP/1.1" 301 395 "-" "Mozilla/5.0 AppleWebKit/537.36 (KHTML, like Gecko; compatible; bingbot/2.0; +http://www.bing.com/bingbot.htm) Chrome/116.0.1938.76 Safari/537.36"
40.77.167.67 - - [15/Apr/2026:11:51:27 +0200] "GET /goods/EPEVER-Contr-leur-De-Charge-PWM-VS1024AU-10A-12V-24V-Contr/1136221 HTTP/1.1" 301 418 "-" "Mozilla/5.0 AppleWebKit/537.36 (KHTML, like Gecko; compatible; bingbot/2.0; +http://www.bing.com/bingbot.htm) Chrome/116.0.1938.76 Safari/537.36"
40.77.167.11 - - [15/Apr/2026:11:51:28 +0200] "GET /goods/165mm-X-157mm-X-4mm-Nitrile-Caoutchouc-Joints/1218088 HTTP/1.1" 301 405 "-" "Mozilla/5.0 AppleWebKit/537.36 (KHTML, like Gecko; compatible; bingbot/2.0; +http://www.bing.com/bingbot.htm) Chrome/116.0.1938.76 Safari/537.36"
40.77.167.11 - - [15/Apr/2026:11:51:29 +0200] "GET /goods/Adaptateur-USB-3-0-A-Femelle-A-Femelle-Magasin-Cap/ HTTP/1.1" 301 403 "-" "Mozilla/5.0 AppleWebKit/537.36 (KHTML, like Gecko; compatible; bingbot/2.0; +http://www.bing.com/bingbot.htm) Chrome/116.0.1938.76 Safari/537.36"
95.216.2.94 - - [15/Apr/2026:11:52:36 +0200] "POST /wp-cron.php?doing_wp_cron=1776246756.2613370418548583984375 HTTP/1.1" 500 199 "-" "WordPress/6.9.4; http://www.eeggs.ru"
40.77.167.11 - - [15/Apr/2026:11:52:35 +0200] "GET /goods/Via-Velo-Antivol-Robuste-En-U-Pour-V-lo-Anse-De-15-Mm-22/1047545 HTTP/1.1" 301 416 "-" "Mozilla/5.0 AppleWebKit/537.36 (KHTML, like Gecko; compatible; bingbot/2.0; +http://www.bing.com/bingbot.htm) Chrome/116.0.1938.76 Safari/537.36"
40.77.167.11 - - [15/Apr/2026:11:52:36 +0200] "GET /goods/Kangten-Distributeur-De-C-r-ales-Mural-Distributeur-De-C-r/781265 HTTP/1.1" 301 417 "-" "Mozilla/5.0 AppleWebKit/537.36 (KHTML, like Gecko; compatible; bingbot/2.0; +http://www.bing.com/bingbot.htm) Chrome/116.0.1938.76 Safari/537.36"
93.183.90.232 - - [15/Apr/2026:11:52:53 +0200] "GET /web/efes/ HTTP/1.0" 200 24524 "http://www.eeggs.ru/web/efes/" "Mozilla/5.0 (Windows NT 10.0; Win64; x64) AppleWebKit/537.36 (KHTML, like Gecko) Chrome/131.0.0.0 Safari/537.36 Avast/131.0.0.0"
93.183.90.232 - - [15/Apr/2026:11:52:54 +0200] "POST /wp-comments-post.php HTTP/1.0" 500 166 "http://www.eeggs.ru/web/efes/" "Mozilla/5.0 (Windows NT 10.0; Win64; x64) AppleWebKit/537.36 (KHTML, like Gecko) Chrome/131.0.0.0 Safari/537.36 Avast/131.0.0.0"
66.249.66.3 - - [15/Apr/2026:11:53:16 +0200] "GET /goods/Carburateur-Tron-onneuse-Kit-De-Carburateur-Avec-Joint-De/499883 HTTP/1.1" 301 472 "-" "Mozilla/5.0 (Linux; Android 6.0.1; Nexus 5X Build/MMB29P) AppleWebKit/537.36 (KHTML, like Gecko) Chrome/146.0.7680.177 Mobile Safari/537.36 (compatible; GoogleOther)"
66.249.66.77 - - [15/Apr/2026:11:53:17 +0200] "GET /goods/Carburateur-Tron-onneuse-Kit-De-Carburateur-Avec-Joint-De/499883 HTTP/1.1" 404 16860 "-" "Mozilla/5.0 (Linux; Android 6.0.1; Nexus 5X Build/MMB29P) AppleWebKit/537.36 (KHTML, like Gecko) Chrome/146.0.7680.177 Mobile Safari/537.36 (compatible; GoogleOther)"
95.216.2.94 - - [15/Apr/2026:11:55:15 +0200] "POST /wp-cron.php?doing_wp_cron=1776246915.7675371170043945312500 HTTP/1.1" 500 199 "-" "WordPress/6.9.4; http://www.eeggs.ru"
40.77.167.156 - - [15/Apr/2026:11:55:14 +0200] "GET /goods/Charge-Xiaomi-Redmi-Note-13-Pro-4G-23117RA68G-NKS-Center/800468 HTTP/1.1" 301 415 "-" "Mozilla/5.0 AppleWebKit/537.36 (KHTML, like Gecko; compatible; bingbot/2.0; +http://www.bing.com/bingbot.htm) Chrome/116.0.1938.76 Safari/537.36"
40.77.167.156 - - [15/Apr/2026:11:55:17 +0200] "GET /goods/sol-Pour-Chaise-De-Bureau-3-Tailles-Tapis-De-Chaise-Anti-rayures/693379 HTTP/1.1" 301 423 "-" "Mozilla/5.0 AppleWebKit/537.36 (KHTML, like Gecko; compatible; bingbot/2.0; +http://www.bing.com/bingbot.htm) Chrome/116.0.1938.76 Safari/537.36"
152.228.220.143 - - [15/Apr/2026:11:55:22 +0200] "GET /web/pasxalnyj-krolik-google/feed/ HTTP/1.1" 200 1396 "-" "Mozilla/5.0 (X11; Linux i686) AppleWebKit/537.36 (KHTML, like Gecko) Chrome/30.0.1599.66 Safari/537.36"
66.249.66.198 - - [15/Apr/2026:11:56:01 +0200] "GET /goods/Carburateur-Tron-onneuse-Kit-De-Carburateur-Avec-Joint-De/499883 HTTP/1.1" 301 472 "-" "Mozilla/5.0 (Linux; Android 6.0.1; Nexus 5X Build/MMB29P) AppleWebKit/537.36 (KHTML, like Gecko) Chrome/146.0.7680.177 Mobile Safari/537.36 (compatible; Googlebot/2.1; +http://www.google.com/bot.html)"
66.249.66.199 - - [15/Apr/2026:11:56:02 +0200] "GET /goods/Carburateur-Tron-onneuse-Kit-De-Carburateur-Avec-Joint-De/499883 HTTP/1.1" 404 16849 "-" "Mozilla/5.0 (Linux; Android 6.0.1; Nexus 5X Build/MMB29P) AppleWebKit/537.36 (KHTML, like Gecko) Chrome/146.0.7680.177 Mobile Safari/537.36 (compatible; Googlebot/2.1; +http://www.google.com/bot.html)"
95.216.2.94 - - [15/Apr/2026:11:56:36 +0200] "POST /wp-cron.php?doing_wp_cron=1776246996.7594330310821533203125 HTTP/1.1" 500 199 "-" "WordPress/6.9.4; http://www.eeggs.ru"
52.167.144.211 - - [15/Apr/2026:11:56:35 +0200] "GET /os/windows-games/ HTTP/1.1" 200 9421 "-" "Mozilla/5.0 AppleWebKit/537.36 (KHTML, like Gecko; compatible; bingbot/2.0; +http://www.bing.com/bingbot.htm) Chrome/116.0.1938.76 Safari/537.36"
91.142.73.116 - - [15/Apr/2026:11:57:16 +0200] "GET /web/efes/ HTTP/1.0" 200 24524 "http://www.eeggs.ru/web/efes/" "Mozilla/5.0 (Windows NT 10.0; Win64; x64) AppleWebKit/537.36 (KHTML, like Gecko) Chrome/130.0.0.0 Safari/537.36"
91.142.73.116 - - [15/Apr/2026:11:57:17 +0200] "POST /wp-comments-post.php HTTP/1.0" 500 166 "http://www.eeggs.ru/web/efes/" "Mozilla/5.0 (Windows NT 10.0; Win64; x64) AppleWebKit/537.36 (KHTML, like Gecko) Chrome/130.0.0.0 Safari/537.36"
152.228.220.143 - - [15/Apr/2026:11:57:21 +0200] "GET /category/hardware/feed/ HTTP/1.1" 200 2934 "-" "Mozilla/5.0 (X11; Linux i686) AppleWebKit/537.36 (KHTML, like Gecko) Chrome/30.0.1599.66 Safari/537.36"
66.249.66.199 - - [15/Apr/2026:11:57:23 +0200] "GET /goods/MONALET-Housses-De-Coussin-Chr-tiennes-Cadeaux-Inspirants/1256704 HTTP/1.1" 301 473 "-" "Mozilla/5.0 (Linux; Android 6.0.1; Nexus 5X Build/MMB29P) AppleWebKit/537.36 (KHTML, like Gecko) Chrome/146.0.7680.177 Mobile Safari/537.36 (compatible; GoogleOther)"
66.249.66.199 - - [15/Apr/2026:11:57:24 +0200] "GET /goods/MONALET-Housses-De-Coussin-Chr-tiennes-Cadeaux-Inspirants/1256704 HTTP/1.1" 404 16860 "-" "Mozilla/5.0 (Linux; Android 6.0.1; Nexus 5X Build/MMB29P) AppleWebKit/537.36 (KHTML, like Gecko) Chrome/146.0.7680.177 Mobile Safari/537.36 (compatible; GoogleOther)"
95.216.2.94 - - [15/Apr/2026:11:58:34 +0200] "POST /wp-cron.php?doing_wp_cron=1776247114.5433890819549560546875 HTTP/1.1" 500 199 "-" "WordPress/6.9.4; http://www.eeggs.ru"
178.20.45.182 - - [15/Apr/2026:11:58:33 +0200] "GET /web/efes/ HTTP/1.0" 200 24525 "http://www.eeggs.ru/web/efes/#comment-295594" "Mozilla/5.0 (Windows NT 10.0; Win64; x64) AppleWebKit/537.36 (KHTML, like Gecko) Chrome/129.0.0.0 Safari/537.36"
178.20.45.182 - - [15/Apr/2026:11:58:34 +0200] "POST /wp-comments-post.php HTTP/1.0" 500 166 "http://www.eeggs.ru/web/efes/#comment-295594" "Mozilla/5.0 (Windows NT 10.0; Win64; x64) AppleWebKit/537.36 (KHTML, like Gecko) Chrome/129.0.0.0 Safari/537.36"
94.154.35.236 - - [15/Apr/2026:11:59:25 +0200] "HEAD /new.tar HTTP/1.1" 301 339 "-" "Mozilla/5.0 (Windows NT 10.0; Win64; x64) AppleWebKit/537.36 (KHTML, like Gecko) Chrome/101.0.4951.67 Safari/537.36"
94.154.35.236 - - [15/Apr/2026:11:59:26 +0200] "HEAD /new.tar HTTP/1.1" 404 330 "-" "Mozilla/5.0 (Windows NT 10.0; Win64; x64) AppleWebKit/537.36 (KHTML, like Gecko) Chrome/101.0.4951.67 Safari/537.36"
95.216.2.94 - - [15/Apr/2026:12:00:07 +0200] "POST /wp-cron.php?doing_wp_cron=1776247207.8818960189819335937500 HTTP/1.1" 500 199 "-" "WordPress/6.9.4; http://www.eeggs.ru"
66.249.66.198 - - [15/Apr/2026:12:00:07 +0200] "GET /goods/Nicofie-Outil-De-D-sherbeur-Manuel-2024-3-Pi-ces-Avec-Poign/652483 HTTP/1.1" 301 474 "-" "Mozilla/5.0 (Linux; Android 6.0.1; Nexus 5X Build/MMB29P) AppleWebKit/537.36 (KHTML, like Gecko) Chrome/146.0.7680.177 Mobile Safari/537.36 (compatible; GoogleOther)"
66.249.66.199 - - [15/Apr/2026:12:00:08 +0200] "GET /goods/Nicofie-Outil-De-D-sherbeur-Manuel-2024-3-Pi-ces-Avec-Poign/652483 HTTP/1.1" 404 16860 "-" "Mozilla/5.0 (Linux; Android 6.0.1; Nexus 5X Build/MMB29P) AppleWebKit/537.36 (KHTML, like Gecko) Chrome/146.0.7680.177 Mobile Safari/537.36 (compatible; GoogleOther)"
173.252.70.56 - - [15/Apr/2026:12:01:42 +0200] "GET /robots.txt HTTP/1.1" 206 675 "-" "facebookexternalhit/1.1 (+http://www.facebook.com/externalhit_uatext.php)"
95.216.2.94 - - [15/Apr/2026:12:03:25 +0200] "POST /wp-cron.php?doing_wp_cron=1776247405.3017909526824951171875 HTTP/1.1" 500 199 "-" "WordPress/6.9.4; http://www.eeggs.ru"
152.228.220.143 - - [15/Apr/2026:12:03:24 +0200] "GET /software/padayushhie-knigi-winrar/feed/ HTTP/1.1" 200 1463 "-" "Mozilla/5.0 (X11; Linux i686) AppleWebKit/537.36 (KHTML, like Gecko) Chrome/30.0.1599.66 Safari/537.36"
66.249.66.32 - - [15/Apr/2026:12:04:13 +0200] "GET /goods/Nicofie-Outil-De-D-sherbeur-Manuel-2024-3-Pi-ces-Avec-Poign/652483 HTTP/1.1" 301 474 "-" "Mozilla/5.0 (Linux; Android 6.0.1; Nexus 5X Build/MMB29P) AppleWebKit/537.36 (KHTML, like Gecko) Chrome/146.0.7680.177 Mobile Safari/537.36 (compatible; Googlebot/2.1; +http://www.google.com/bot.html)"
66.249.66.198 - - [15/Apr/2026:12:04:14 +0200] "GET /goods/Nicofie-Outil-De-D-sherbeur-Manuel-2024-3-Pi-ces-Avec-Poign/652483 HTTP/1.1" 404 16849 "-" "Mozilla/5.0 (Linux; Android 6.0.1; Nexus 5X Build/MMB29P) AppleWebKit/537.36 (KHTML, like Gecko) Chrome/146.0.7680.177 Mobile Safari/537.36 (compatible; Googlebot/2.1; +http://www.google.com/bot.html)"
95.216.2.94 - - [15/Apr/2026:12:05:36 +0200] "POST /wp-cron.php?doing_wp_cron=1776247536.1900749206542968750000 HTTP/1.1" 500 199 "-" "WordPress/6.9.4; http://www.eeggs.ru"
66.249.66.32 - - [15/Apr/2026:12:05:35 +0200] "GET /goods/Monty-Panesar-Rues-A-Near-Miss-At-Horsham/809461 HTTP/1.1" 301 456 "-" "Mozilla/5.0 (Linux; Android 6.0.1; Nexus 5X Build/MMB29P) AppleWebKit/537.36 (KHTML, like Gecko) Chrome/146.0.7680.177 Mobile Safari/537.36 (compatible; GoogleOther)"
66.249.66.77 - - [15/Apr/2026:12:05:36 +0200] "GET /goods/Monty-Panesar-Rues-A-Near-Miss-At-Horsham/809461 HTTP/1.1" 404 16860 "-" "Mozilla/5.0 (Linux; Android 6.0.1; Nexus 5X Build/MMB29P) AppleWebKit/537.36 (KHTML, like Gecko) Chrome/146.0.7680.177 Mobile Safari/537.36 (compatible; GoogleOther)"
18.97.9.97 - - [15/Apr/2026:12:07:13 +0200] "GET /robots.txt HTTP/1.1" 200 574 "-" "Mozilla/5.0 AppleWebKit/537.36 (KHTML, like Gecko; compatible; PerplexityBot/1.0; +https://perplexity.ai/perplexitybot)"
95.216.2.94 - - [15/Apr/2026:12:07:14 +0200] "POST /wp-cron.php?doing_wp_cron=1776247634.3297700881958007812500 HTTP/1.1" 500 199 "-" "WordPress/6.9.4; http://www.eeggs.ru"
18.97.9.99 - - [15/Apr/2026:12:07:13 +0200] "GET /goods/Ronde-De-Cuivre-Diam-tre-80-100Mm/930199 HTTP/1.1" 301 392 "-" "Mozilla/5.0 AppleWebKit/537.36 (KHTML, like Gecko; compatible; PerplexityBot/1.0; +https://perplexity.ai/perplexitybot)"
18.97.9.101 - - [15/Apr/2026:12:07:17 +0200] "GET /robots.txt HTTP/1.1" 200 574 "-" "Mozilla/5.0 AppleWebKit/537.36 (KHTML, like Gecko; compatible; PerplexityBot/1.0; +https://perplexity.ai/perplexitybot)"
18.97.9.100 - - [15/Apr/2026:12:07:17 +0200] "GET /goods/Ronde-De-Cuivre-Diam-tre-80-100Mm/930199 HTTP/1.1" 404 16812 "-" "Mozilla/5.0 AppleWebKit/537.36 (KHTML, like Gecko; compatible; PerplexityBot/1.0; +https://perplexity.ai/perplexitybot)"
66.249.66.166 - - [15/Apr/2026:12:07:30 +0200] "GET /goods/SES-SES-Labo-Slime-Licorne-Pas-Cher/1040486 HTTP/1.1" 301 451 "-" "Mozilla/5.0 (Linux; Android 6.0.1; Nexus 5X Build/MMB29P) AppleWebKit/537.36 (KHTML, like Gecko) Chrome/146.0.7680.177 Mobile Safari/537.36 (compatible; Googlebot/2.1; +http://www.google.com/bot.html)"
66.249.66.199 - - [15/Apr/2026:12:07:31 +0200] "GET /goods/SES-SES-Labo-Slime-Licorne-Pas-Cher/1040486 HTTP/1.1" 404 16849 "-" "Mozilla/5.0 (Linux; Android 6.0.1; Nexus 5X Build/MMB29P) AppleWebKit/537.36 (KHTML, like Gecko) Chrome/146.0.7680.177 Mobile Safari/537.36 (compatible; Googlebot/2.1; +http://www.google.com/bot.html)"
66.249.66.198 - - [15/Apr/2026:12:07:32 +0200] "GET /goods/De-100-Lames-De-Scalpel-Lames-Couteaux-Bistouri-N-11-Lame/1112335 HTTP/1.1" 301 473 "-" "Mozilla/5.0 (Linux; Android 6.0.1; Nexus 5X Build/MMB29P) AppleWebKit/537.36 (KHTML, like Gecko) Chrome/146.0.7680.177 Mobile Safari/537.36 (compatible; Googlebot/2.1; +http://www.google.com/bot.html)"
66.249.66.168 - - [15/Apr/2026:12:07:33 +0200] "GET /goods/Jeu-De-Soci-t-M-taphysique-Pendule-Divinations-Nappe-D/568835 HTTP/1.1" 301 469 "-" "Mozilla/5.0 (Linux; Android 6.0.1; Nexus 5X Build/MMB29P) AppleWebKit/537.36 (KHTML, like Gecko) Chrome/146.0.7680.177 Mobile Safari/537.36 (compatible; Googlebot/2.1; +http://www.google.com/bot.html)"
66.249.66.13 - - [15/Apr/2026:12:07:34 +0200] "GET /goods/De-100-Lames-De-Scalpel-Lames-Couteaux-Bistouri-N-11-Lame/1112335 HTTP/1.1" 404 16849 "-" "Mozilla/5.0 (Linux; Android 6.0.1; Nexus 5X Build/MMB29P) AppleWebKit/537.36 (KHTML, like Gecko) Chrome/146.0.7680.177 Mobile Safari/537.36 (compatible; Googlebot/2.1; +http://www.google.com/bot.html)"
66.249.66.200 - - [15/Apr/2026:12:07:34 +0200] "GET /goods/Jeu-De-Soci-t-M-taphysique-Pendule-Divinations-Nappe-D/568835 HTTP/1.1" 404 16849 "-" "Mozilla/5.0 (Linux; Android 6.0.1; Nexus 5X Build/MMB29P) AppleWebKit/537.36 (KHTML, like Gecko) Chrome/146.0.7680.177 Mobile Safari/537.36 (compatible; Googlebot/2.1; +http://www.google.com/bot.html)"
185.231.154.128 - - [15/Apr/2026:12:07:38 +0200] "GET /web/efes/ HTTP/1.0" 200 24525 "http://www.eeggs.ru/web/efes/#comment-310252" "Mozilla/5.0 (Windows NT 10.0; Win64; x64) AppleWebKit/537.36 (KHTML, like Gecko) Chrome/131.0.0.0 Safari/537.36 Avast/131.0.0.0"
185.231.154.128 - - [15/Apr/2026:12:07:39 +0200] "POST /wp-comments-post.php HTTP/1.0" 500 166 "http://www.eeggs.ru/web/efes/#comment-310252" "Mozilla/5.0 (Windows NT 10.0; Win64; x64) AppleWebKit/537.36 (KHTML, like Gecko) Chrome/131.0.0.0 Safari/537.36 Avast/131.0.0.0"
95.216.2.94 - - [15/Apr/2026:12:08:20 +0200] "POST /wp-cron.php?doing_wp_cron=1776247700.2460999488830566406250 HTTP/1.1" 500 199 "-" "WordPress/6.9.4; http://www.eeggs.ru"
66.249.66.32 - - [15/Apr/2026:12:08:19 +0200] "GET /goods/Monty-Panesar-Rues-A-Near-Miss-At-Horsham/809461 HTTP/1.1" 301 456 "-" "Mozilla/5.0 (Linux; Android 6.0.1; Nexus 5X Build/MMB29P) AppleWebKit/537.36 (KHTML, like Gecko) Chrome/146.0.7680.177 Mobile Safari/537.36 (compatible; Googlebot/2.1; +http://www.google.com/bot.html)"
66.249.66.12 - - [15/Apr/2026:12:08:20 +0200] "GET /goods/Monty-Panesar-Rues-A-Near-Miss-At-Horsham/809461 HTTP/1.1" 404 16849 "-" "Mozilla/5.0 (Linux; Android 6.0.1; Nexus 5X Build/MMB29P) AppleWebKit/537.36 (KHTML, like Gecko) Chrome/146.0.7680.177 Mobile Safari/537.36 (compatible; Googlebot/2.1; +http://www.google.com/bot.html)"
144.76.32.190 - - [15/Apr/2026:12:09:27 +0200] "GET /robots.txt HTTP/1.1" 200 463 "-" "Mozilla/5.0 (compatible; SERankingBacklinksBot/1.0; +https://seranking.com/backlinks-crawler)"
95.216.2.94 - - [15/Apr/2026:12:09:28 +0200] "POST /wp-cron.php?doing_wp_cron=1776247768.2417950630187988281250 HTTP/1.1" 500 199 "-" "WordPress/6.9.4; http://www.eeggs.ru"
144.76.32.190 - - [15/Apr/2026:12:09:27 +0200] "GET /goods/De-Jardin-Double-Face-30/655163 HTTP/1.1" 301 439 "-" "Mozilla/5.0 (compatible; SERankingBacklinksBot/1.0; +https://seranking.com/backlinks-crawler)"
144.76.32.190 - - [15/Apr/2026:12:09:28 +0200] "GET /robots.txt HTTP/1.1" 200 463 "-" "Mozilla/5.0 (compatible; SERankingBacklinksBot/1.0; +https://seranking.com/backlinks-crawler)"
144.76.32.190 - - [15/Apr/2026:12:09:28 +0200] "GET /goods/De-Jardin-Double-Face-30/655163 HTTP/1.1" 404 16860 "-" "Mozilla/5.0 (compatible; SERankingBacklinksBot/1.0; +https://seranking.com/backlinks-crawler)"
66.249.66.33 - - [15/Apr/2026:12:09:35 +0200] "GET /goods/Collection-Tasse-Caf-Tasse-Th-14oz/451477 HTTP/1.1" 301 449 "-" "Mozilla/5.0 (Linux; Android 6.0.1; Nexus 5X Build/MMB29P) AppleWebKit/537.36 (KHTML, like Gecko) Chrome/146.0.7680.177 Mobile Safari/537.36 (compatible; Googlebot/2.1; +http://www.google.com/bot.html)"
66.249.66.75 - - [15/Apr/2026:12:09:36 +0200] "GET /goods/Collection-Tasse-Caf-Tasse-Th-14oz/451477 HTTP/1.1" 404 16849 "-" "Mozilla/5.0 (Linux; Android 6.0.1; Nexus 5X Build/MMB29P) AppleWebKit/537.36 (KHTML, like Gecko) Chrome/146.0.7680.177 Mobile Safari/537.36 (compatible; Googlebot/2.1; +http://www.google.com/bot.html)"
66.249.66.34 - - [15/Apr/2026:12:09:41 +0200] "GET /goods/Heineken-Desperados-Original-Affligem-Pack-De-3-F-ts-5L/898178 HTTP/1.1" 301 470 "-" "Mozilla/5.0 (Linux; Android 6.0.1; Nexus 5X Build/MMB29P) AppleWebKit/537.36 (KHTML, like Gecko) Chrome/146.0.7680.177 Mobile Safari/537.36 (compatible; GoogleOther)"
66.249.66.13 - - [15/Apr/2026:12:09:42 +0200] "GET /goods/Heineken-Desperados-Original-Affligem-Pack-De-3-F-ts-5L/898178 HTTP/1.1" 404 16860 "-" "Mozilla/5.0 (Linux; Android 6.0.1; Nexus 5X Build/MMB29P) AppleWebKit/537.36 (KHTML, like Gecko) Chrome/146.0.7680.177 Mobile Safari/537.36 (compatible; GoogleOther)"
40.77.167.132 - - [15/Apr/2026:12:10:06 +0200] "GET /goods/Rouleau-Isolant-Thermique-Aluminium-R-flecteur-De-FindTheDeal/872346 HTTP/1.1" 301 420 "-" "Mozilla/5.0 AppleWebKit/537.36 (KHTML, like Gecko; compatible; bingbot/2.0; +http://www.bing.com/bingbot.htm) Chrome/116.0.1938.76 Safari/537.36"
95.216.2.94 - - [15/Apr/2026:12:10:47 +0200] "POST /wp-cron.php?doing_wp_cron=1776247847.8336679935455322265625 HTTP/1.1" 500 199 "-" "WordPress/6.9.4; http://www.eeggs.ru"
57.141.20.37 - - [15/Apr/2026:12:10:46 +0200] "GET /sitemap-pt-page-p1-2008-03.html HTTP/1.1" 200 2798 "-" "meta-externalagent/1.1 (+https://developers.facebook.com/docs/sharing/webmasters/crawler)"
152.228.220.143 - - [15/Apr/2026:12:11:19 +0200] "GET /software/mail-agent/feed/ HTTP/1.1" 200 1882 "-" "Mozilla/5.0 (X11; Linux i686) AppleWebKit/537.36 (KHTML, like Gecko) Chrome/30.0.1599.66 Safari/537.36"
95.216.2.94 - - [15/Apr/2026:12:11:53 +0200] "POST /wp-cron.php?doing_wp_cron=1776247913.6832098960876464843750 HTTP/1.1" 500 199 "-" "WordPress/6.9.4; http://www.eeggs.ru"
57.141.20.33 - - [15/Apr/2026:12:11:52 +0200] "GET /sitemap-pt-post-p1-2008-07.xml HTTP/1.1" 200 1149 "-" "meta-externalagent/1.1 (+https://developers.facebook.com/docs/sharing/webmasters/crawler)"
66.249.66.65 - - [15/Apr/2026:12:12:25 +0200] "GET /goods/Heineken-Desperados-Original-Affligem-Pack-De-3-F-ts-5L/898178 HTTP/1.1" 301 470 "-" "Mozilla/5.0 (Linux; Android 6.0.1; Nexus 5X Build/MMB29P) AppleWebKit/537.36 (KHTML, like Gecko) Chrome/146.0.7680.177 Mobile Safari/537.36 (compatible; Googlebot/2.1; +http://www.google.com/bot.html)"
66.249.66.14 - - [15/Apr/2026:12:12:26 +0200] "GET /goods/Heineken-Desperados-Original-Affligem-Pack-De-3-F-ts-5L/898178 HTTP/1.1" 404 16857 "-" "Mozilla/5.0 (Linux; Android 6.0.1; Nexus 5X Build/MMB29P) AppleWebKit/537.36 (KHTML, like Gecko) Chrome/146.0.7680.177 Mobile Safari/537.36 (compatible; Googlebot/2.1; +http://www.google.com/bot.html)"
74.7.241.146 - - [15/Apr/2026:12:12:58 +0200] "GET /robots.txt HTTP/1.1" 200 407 "-" "Mozilla/5.0 (Macintosh; Intel Mac OS X 10_15_7) AppleWebKit/537.36 (KHTML, like Gecko) Chrome/131.0.0.0 Safari/537.36; compatible; OAI-SearchBot/1.3; robots.txt; +https://openai.com/searchbot"
95.216.2.94 - - [15/Apr/2026:12:13:33 +0200] "POST /wp-cron.php?doing_wp_cron=1776248013.2754011154174804687500 HTTP/1.1" 500 199 "-" "WordPress/6.9.4; http://www.eeggs.ru"
52.167.144.197 - - [15/Apr/2026:12:13:32 +0200] "GET /goods/In-Both-Innings-Of-A-Lord-039-s-Test/1122380 HTTP/1.1" 301 396 "-" "Mozilla/5.0 AppleWebKit/537.36 (KHTML, like Gecko; compatible; bingbot/2.0; +http://www.bing.com/bingbot.htm) Chrome/116.0.1938.76 Safari/537.36"
40.77.167.132 - - [15/Apr/2026:12:13:37 +0200] "GET /goods/Mica-Micro-Ondes-Micro-ondes-De-Feuille-De-Mica-Micro-Onde/914822 HTTP/1.1" 301 417 "-" "Mozilla/5.0 AppleWebKit/537.36 (KHTML, like Gecko; compatible; bingbot/2.0; +http://www.bing.com/bingbot.htm) Chrome/116.0.1938.76 Safari/537.36"
40.77.167.132 - - [15/Apr/2026:12:13:38 +0200] "GET /goods/Compatible-Avec-Panasonic-Lumix-DMC-GM1-DMC-GX7/887154 HTTP/1.1" 301 406 "-" "Mozilla/5.0 AppleWebKit/537.36 (KHTML, like Gecko; compatible; bingbot/2.0; +http://www.bing.com/bingbot.htm) Chrome/116.0.1938.76 Safari/537.36"
66.249.66.168 - - [15/Apr/2026:12:13:47 +0200] "GET /goods/Bord-De-La-Crise-De-Nerfs-Ce-Secret-Bien-Gard-Qui-Risque-De/893400 HTTP/1.1" 301 474 "-" "Mozilla/5.0 (Linux; Android 6.0.1; Nexus 5X Build/MMB29P) AppleWebKit/537.36 (KHTML, like Gecko) Chrome/146.0.7680.177 Mobile Safari/537.36 (compatible; GoogleOther)"
66.249.66.199 - - [15/Apr/2026:12:13:48 +0200] "GET /goods/Bord-De-La-Crise-De-Nerfs-Ce-Secret-Bien-Gard-Qui-Risque-De/893400 HTTP/1.1" 404 16860 "-" "Mozilla/5.0 (Linux; Android 6.0.1; Nexus 5X Build/MMB29P) AppleWebKit/537.36 (KHTML, like Gecko) Chrome/146.0.7680.177 Mobile Safari/537.36 (compatible; GoogleOther)"
66.249.66.3 - - [15/Apr/2026:12:13:53 +0200] "GET /goods/angle-LUCA-L-SHAPE-MEDIUM-Gris-Clair-angle-Gauche/1021092 HTTP/1.1" 301 465 "-" "Mozilla/5.0 (Linux; Android 6.0.1; Nexus 5X Build/MMB29P) AppleWebKit/537.36 (KHTML, like Gecko) Chrome/146.0.7680.177 Mobile Safari/537.36 (compatible; Googlebot/2.1; +http://www.google.com/bot.html)"
66.249.66.198 - - [15/Apr/2026:12:13:54 +0200] "GET /goods/angle-LUCA-L-SHAPE-MEDIUM-Gris-Clair-angle-Gauche/1021092 HTTP/1.1" 404 16849 "-" "Mozilla/5.0 (Linux; Android 6.0.1; Nexus 5X Build/MMB29P) AppleWebKit/537.36 (KHTML, like Gecko) Chrome/146.0.7680.177 Mobile Safari/537.36 (compatible; Googlebot/2.1; +http://www.google.com/bot.html)"
95.216.2.94 - - [15/Apr/2026:12:16:42 +0200] "POST /wp-cron.php?doing_wp_cron=1776248202.1222169399261474609375 HTTP/1.1" 500 199 "-" "WordPress/6.9.4; http://www.eeggs.ru"
193.124.64.82 - - [15/Apr/2026:12:16:41 +0200] "GET /web/efes/ HTTP/1.1" 301 343 "http://eeggs.ru/" "Mozilla/5.0 (X11; Linux x86_64) AppleWebKit/537.36 (KHTML, like Gecko) Chrome/125.0.0.0 Safari/537.36"
193.124.64.82 - - [15/Apr/2026:12:16:42 +0200] "GET /web/efes/ HTTP/1.1" 200 8177 "http://eeggs.ru/web/efes/" "Mozilla/5.0 (X11; Linux x86_64) AppleWebKit/537.36 (KHTML, like Gecko) Chrome/125.0.0.0 Safari/537.36"
40.77.167.4 - - [15/Apr/2026:12:16:42 +0200] "GET /goods/Angleterre-En-Forme-De-Cairngorm-Motif-Abeilles-Occup-es-480-Ml/948437 HTTP/1.1" 301 422 "-" "Mozilla/5.0 AppleWebKit/537.36 (KHTML, like Gecko; compatible; bingbot/2.0; +http://www.bing.com/bingbot.htm) Chrome/116.0.1938.76 Safari/537.36"
40.77.167.4 - - [15/Apr/2026:12:16:44 +0200] "GET /goods/Roulement-Billes-En-Acier-Robuste-20-X-30-X-7-Mm-20307-2RS/660990 HTTP/1.1" 301 417 "-" "Mozilla/5.0 AppleWebKit/537.36 (KHTML, like Gecko; compatible; bingbot/2.0; +http://www.bing.com/bingbot.htm) Chrome/116.0.1938.76 Safari/537.36"
193.124.64.82 - - [15/Apr/2026:12:16:45 +0200] "GET /wp-content/themes/minyx2Lite/style.css HTTP/1.1" 200 3960 "http://www.eeggs.ru/web/efes/" "Mozilla/5.0 (Windows NT 10.0; Win64; x64) AppleWebKit/537.36 (KHTML, like Gecko) Chrome/145.0.0.0 Safari/537.36"
193.124.64.82 - - [15/Apr/2026:12:16:45 +0200] "GET /wp-content/plugins/jetpack/css/jetpack.css?ver=12.8.2 HTTP/1.1" 200 18728 "http://www.eeggs.ru/web/efes/" "Mozilla/5.0 (Windows NT 10.0; Win64; x64) AppleWebKit/537.36 (KHTML, like Gecko) Chrome/145.0.0.0 Safari/537.36"
193.124.64.82 - - [15/Apr/2026:12:16:45 +0200] "POST /wp-comments-post.php HTTP/1.1" 500 199 "http://www.eeggs.ru/web/efes/" "Mozilla/5.0 (X11; Linux x86_64) AppleWebKit/537.36 (KHTML, like Gecko) Chrome/125.0.0.0 Safari/537.36"
193.124.64.82 - - [15/Apr/2026:12:16:45 +0200] "POST /wp-comments-post.php HTTP/1.1" 500 199 "http://www.eeggs.ru/web/efes/" "Mozilla/5.0 (X11; Linux x86_64) AppleWebKit/537.36 (KHTML, like Gecko) Chrome/125.0.0.0 Safari/537.36"
193.124.64.82 - - [15/Apr/2026:12:16:45 +0200] "POST /wp-comments-post.php HTTP/1.1" 500 199 "http://www.eeggs.ru/web/efes/" "Mozilla/5.0 (X11; Linux x86_64) AppleWebKit/537.36 (KHTML, like Gecko) Chrome/125.0.0.0 Safari/537.36"
193.124.64.82 - - [15/Apr/2026:12:16:46 +0200] "POST /wp-comments-post.php HTTP/1.1" 500 199 "http://www.eeggs.ru/web/efes/" "Mozilla/5.0 (X11; Linux x86_64) AppleWebKit/537.36 (KHTML, like Gecko) Chrome/125.0.0.0 Safari/537.36"
52.167.144.184 - - [15/Apr/2026:12:16:45 +0200] "GET /goods/Sibel-Pet-Poivre-Noir-Moulu-160gr-Kara-Biber/930883 HTTP/1.1" 301 403 "-" "Mozilla/5.0 AppleWebKit/537.36 (KHTML, like Gecko; compatible; bingbot/2.0; +http://www.bing.com/bingbot.htm) Chrome/116.0.1938.76 Safari/537.36"
193.124.64.82 - - [15/Apr/2026:12:16:46 +0200] "GET /web/efes/ HTTP/1.1" 301 343 "-" "Mozilla/5.0 (compatible; Googlebot/2.1; +http://www.google.com/bot.html)"
193.124.64.82 - - [15/Apr/2026:12:16:46 +0200] "GET /web/efes/ HTTP/1.1" 200 8280 "http://eeggs.ru/web/efes/" "Mozilla/5.0 (compatible; Googlebot/2.1; +http://www.google.com/bot.html)"
52.167.144.184 - - [15/Apr/2026:12:17:12 +0200] "GET /goods/De-Germes-BioSnacky-Fitness-200g/766885 HTTP/1.1" 301 391 "-" "Mozilla/5.0 AppleWebKit/537.36 (KHTML, like Gecko; compatible; bingbot/2.0; +http://www.bing.com/bingbot.htm) Chrome/116.0.1938.76 Safari/537.36"
95.216.2.94 - - [15/Apr/2026:12:17:51 +0200] "POST /wp-cron.php?doing_wp_cron=1776248271.1150679588317871093750 HTTP/1.1" 500 199 "-" "WordPress/6.9.4; http://www.eeggs.ru"
40.77.167.154 - - [15/Apr/2026:12:17:50 +0200] "GET /os/windows-games/ HTTP/1.1" 200 9422 "-" "Mozilla/5.0 AppleWebKit/537.36 (KHTML, like Gecko; compatible; bingbot/2.0; +http://www.bing.com/bingbot.htm) Chrome/116.0.1938.76 Safari/537.36"
66.249.66.32 - - [15/Apr/2026:12:17:53 +0200] "GET /goods/Grand-Tuteur-Plantes-Lanternes-Ou-Pic-De-Jardin-Avec-Potence/1297332 HTTP/1.1" 301 476 "-" "Mozilla/5.0 (Linux; Android 6.0.1; Nexus 5X Build/MMB29P) AppleWebKit/537.36 (KHTML, like Gecko) Chrome/146.0.7680.177 Mobile Safari/537.36 (compatible; GoogleOther)"
66.249.66.77 - - [15/Apr/2026:12:17:54 +0200] "GET /goods/Grand-Tuteur-Plantes-Lanternes-Ou-Pic-De-Jardin-Avec-Potence/1297332 HTTP/1.1" 404 16860 "-" "Mozilla/5.0 (Linux; Android 6.0.1; Nexus 5X Build/MMB29P) AppleWebKit/537.36 (KHTML, like Gecko) Chrome/146.0.7680.177 Mobile Safari/537.36 (compatible; GoogleOther)"
66.249.66.197 - - [15/Apr/2026:12:18:34 +0200] "GET /goods/De-6-Verres-Vin-Rouge-0-58-L-Passe-Au-Lave/654986 HTTP/1.1" 301 457 "-" "Mozilla/5.0 (Linux; Android 6.0.1; Nexus 5X Build/MMB29P) AppleWebKit/537.36 (KHTML, like Gecko) Chrome/146.0.7680.177 Mobile Safari/537.36 (compatible; Googlebot/2.1; +http://www.google.com/bot.html)"
66.249.66.199 - - [15/Apr/2026:12:18:35 +0200] "GET /goods/De-6-Verres-Vin-Rouge-0-58-L-Passe-Au-Lave/654986 HTTP/1.1" 404 16849 "-" "Mozilla/5.0 (Linux; Android 6.0.1; Nexus 5X Build/MMB29P) AppleWebKit/537.36 (KHTML, like Gecko) Chrome/146.0.7680.177 Mobile Safari/537.36 (compatible; Googlebot/2.1; +http://www.google.com/bot.html)"
95.216.2.94 - - [15/Apr/2026:12:19:13 +0200] "POST /wp-cron.php?doing_wp_cron=1776248353.1664800643920898437500 HTTP/1.1" 500 199 "-" "WordPress/6.9.4; http://www.eeggs.ru"
195.2.84.198 - - [15/Apr/2026:12:19:12 +0200] "GET /web/efes/ HTTP/1.0" 200 24525 "http://www.eeggs.ru/web/efes/" "Mozilla/5.0 (Windows NT 10.0; Win64; x64) AppleWebKit/537.36 (KHTML, like Gecko) Chrome/129.0.0.0 Safari/537.36"
195.2.84.198 - - [15/Apr/2026:12:19:13 +0200] "POST /wp-comments-post.php HTTP/1.0" 500 166 "http://www.eeggs.ru/web/efes/" "Mozilla/5.0 (Windows NT 10.0; Win64; x64) AppleWebKit/537.36 (KHTML, like Gecko) Chrome/129.0.0.0 Safari/537.36"
57.141.20.39 - - [15/Apr/2026:12:19:40 +0200] "GET /sitemap-misc.xml HTTP/1.1" 200 1296 "-" "meta-externalagent/1.1 (+https://developers.facebook.com/docs/sharing/webmasters/crawler)"
193.124.64.82 - - [15/Apr/2026:12:19:57 +0200] "GET /web/efes/ HTTP/1.1" 301 343 "-" "Mozilla/5.0 (compatible; Googlebot/2.1; +http://www.google.com/bot.html)"
193.124.64.82 - - [15/Apr/2026:12:19:58 +0200] "GET /web/efes/ HTTP/1.1" 200 8280 "http://eeggs.ru/web/efes/" "Mozilla/5.0 (compatible; Googlebot/2.1; +http://www.google.com/bot.html)"
95.216.2.94 - - [15/Apr/2026:12:20:38 +0200] "POST /wp-cron.php?doing_wp_cron=1776248438.6892359256744384765625 HTTP/1.1" 500 199 "-" "WordPress/6.9.4; http://www.eeggs.ru"
66.249.66.34 - - [15/Apr/2026:12:20:37 +0200] "GET /goods/Blonde-8-5-Vol-Rince-Cochon-Chez-Casino-Shop/959505 HTTP/1.1" 301 459 "-" "Mozilla/5.0 (Linux; Android 6.0.1; Nexus 5X Build/MMB29P) AppleWebKit/537.36 (KHTML, like Gecko) Chrome/146.0.7680.177 Mobile Safari/537.36 (compatible; Googlebot/2.1; +http://www.google.com/bot.html)"
66.249.66.13 - - [15/Apr/2026:12:20:38 +0200] "GET /goods/Blonde-8-5-Vol-Rince-Cochon-Chez-Casino-Shop/959505 HTTP/1.1" 404 16849 "-" "Mozilla/5.0 (Linux; Android 6.0.1; Nexus 5X Build/MMB29P) AppleWebKit/537.36 (KHTML, like Gecko) Chrome/146.0.7680.177 Mobile Safari/537.36 (compatible; Googlebot/2.1; +http://www.google.com/bot.html)"
66.249.66.2 - - [15/Apr/2026:12:20:46 +0200] "GET /goods/Rideau-Brise-Bise-Voilage-Cuisine-Pattes-Transparent-Simple-D/640339 HTTP/1.1" 301 476 "-" "Mozilla/5.0 (Linux; Android 6.0.1; Nexus 5X Build/MMB29P) AppleWebKit/537.36 (KHTML, like Gecko) Chrome/146.0.7680.177 Mobile Safari/537.36 (compatible; Googlebot/2.1; +http://www.google.com/bot.html)"
66.249.66.12 - - [15/Apr/2026:12:20:47 +0200] "GET /goods/Rideau-Brise-Bise-Voilage-Cuisine-Pattes-Transparent-Simple-D/640339 HTTP/1.1" 404 16849 "-" "Mozilla/5.0 (Linux; Android 6.0.1; Nexus 5X Build/MMB29P) AppleWebKit/537.36 (KHTML, like Gecko) Chrome/146.0.7680.177 Mobile Safari/537.36 (compatible; Googlebot/2.1; +http://www.google.com/bot.html)"
66.249.66.12 - - [15/Apr/2026:12:20:59 +0200] "GET /category/web/ HTTP/1.1" 200 8879 "-" "Mozilla/5.0 (Linux; Android 6.0.1; Nexus 5X Build/MMB29P) AppleWebKit/537.36 (KHTML, like Gecko) Chrome/146.0.7680.177 Mobile Safari/537.36 (compatible; Googlebot/2.1; +http://www.google.com/bot.html)"
95.216.2.94 - - [15/Apr/2026:12:21:48 +0200] "POST /wp-cron.php?doing_wp_cron=1776248508.7221100330352783203125 HTTP/1.1" 500 199 "-" "WordPress/6.9.4; http://www.eeggs.ru"
152.228.220.143 - - [15/Apr/2026:12:21:47 +0200] "GET /software/google-chrome/feed/ HTTP/1.1" 200 2231 "-" "Mozilla/5.0 (X11; Linux i686) AppleWebKit/537.36 (KHTML, like Gecko) Chrome/30.0.1599.66 Safari/537.36"
66.249.66.167 - - [15/Apr/2026:12:22:00 +0200] "GET /goods/Blonde-8-5-Vol-Rince-Cochon-Chez-Casino-Shop/959505 HTTP/1.1" 301 459 "-" "Mozilla/5.0 (Linux; Android 6.0.1; Nexus 5X Build/MMB29P) AppleWebKit/537.36 (KHTML, like Gecko) Chrome/146.0.7680.177 Mobile Safari/537.36 (compatible; GoogleOther)"
52.167.144.172 - - [15/Apr/2026:12:22:00 +0200] "GET /goods/Dors-Bien-quot-B-b-Mixte-Oeko-Tex-Bio/1068155 HTTP/1.1" 301 397 "-" "Mozilla/5.0 AppleWebKit/537.36 (KHTML, like Gecko; compatible; bingbot/2.0; +http://www.bing.com/bingbot.htm) Chrome/116.0.1938.76 Safari/537.36"
66.249.66.13 - - [15/Apr/2026:12:22:00 +0200] "GET /goods/Blonde-8-5-Vol-Rince-Cochon-Chez-Casino-Shop/959505 HTTP/1.1" 404 16860 "-" "Mozilla/5.0 (Linux; Android 6.0.1; Nexus 5X Build/MMB29P) AppleWebKit/537.36 (KHTML, like Gecko) Chrome/146.0.7680.177 Mobile Safari/537.36 (compatible; GoogleOther)"
52.167.144.172 - - [15/Apr/2026:12:22:01 +0200] "GET /goods/Table-Billard-2-15-M-tres-Bois-De-Haute-Qualit-Pliable/686190 HTTP/1.1" 301 413 "-" "Mozilla/5.0 AppleWebKit/537.36 (KHTML, like Gecko; compatible; bingbot/2.0; +http://www.bing.com/bingbot.htm) Chrome/116.0.1938.76 Safari/537.36"
95.216.2.94 - - [15/Apr/2026:12:22:58 +0200] "POST /wp-cron.php?doing_wp_cron=1776248578.3382499217987060546875 HTTP/1.1" 500 199 "-" "WordPress/6.9.4; http://www.eeggs.ru"
152.228.220.143 - - [15/Apr/2026:12:22:57 +0200] "GET /software/skrytye-smajly-i-ikonki-v-skype/feed/ HTTP/1.1" 200 2281 "-" "Mozilla/5.0 (X11; Linux i686) AppleWebKit/537.36 (KHTML, like Gecko) Chrome/30.0.1599.66 Safari/537.36"
