66.249.66.198 - - [15/Apr/2026:05:38:47 +0200] "GET /goods/Sweat-shirt-Pour-Hommes-NAPAPIJRI/524053 HTTP/1.1" 404 16849 "-" "Mozilla/5.0 (Linux; Android 6.0.1; Nexus 5X Build/MMB29P) AppleWebKit/537.36 (KHTML, like Gecko) Chrome/146.0.7680.177 Mobile Safari/537.36 (compatible; Googlebot/2.1; +http://www.google.com/bot.html)"
95.216.2.94 - - [15/Apr/2026:05:39:59 +0200] "POST /wp-cron.php?doing_wp_cron=1776224399.1017351150512695312500 HTTP/1.1" 500 199 "-" "WordPress/6.9.4; http://www.eeggs.ru"
66.249.66.32 - - [15/Apr/2026:05:39:58 +0200] "GET /goods/Manche-Serfouette-En-Bois-Bellota/1207353 HTTP/1.1" 301 449 "-" "Mozilla/5.0 (Linux; Android 6.0.1; Nexus 5X Build/MMB29P) AppleWebKit/537.36 (KHTML, like Gecko) Chrome/146.0.7680.177 Mobile Safari/537.36 (compatible; Googlebot/2.1; +http://www.google.com/bot.html)"
66.249.66.198 - - [15/Apr/2026:05:39:59 +0200] "GET /goods/Manche-Serfouette-En-Bois-Bellota/1207353 HTTP/1.1" 404 16849 "-" "Mozilla/5.0 (Linux; Android 6.0.1; Nexus 5X Build/MMB29P) AppleWebKit/537.36 (KHTML, like Gecko) Chrome/146.0.7680.177 Mobile Safari/537.36 (compatible; Googlebot/2.1; +http://www.google.com/bot.html)"
40.77.167.68 - - [15/Apr/2026:05:40:58 +0200] "GET /goods/Albane-Hemon-M-lanie-Denizot-Librairie-Vents-De-Terre/1247048 HTTP/1.1" 301 413 "-" "Mozilla/5.0 AppleWebKit/537.36 (KHTML, like Gecko; compatible; bingbot/2.0; +http://www.bing.com/bingbot.htm) Chrome/116.0.1938.76 Safari/537.36"
95.216.2.94 - - [15/Apr/2026:05:41:03 +0200] "POST /wp-cron.php?doing_wp_cron=1776224463.9282500743865966796875 HTTP/1.1" 500 199 "-" "WordPress/6.9.4; http://www.eeggs.ru"
40.77.167.241 - - [15/Apr/2026:05:41:03 +0200] "GET /goods/Ruban-De-Satin-De-32-M-X-6-Mm-078-Vert-Tilleul-Ruban/1150792 HTTP/1.1" 301 412 "-" "Mozilla/5.0 AppleWebKit/537.36 (KHTML, like Gecko; compatible; bingbot/2.0; +http://www.bing.com/bingbot.htm) Chrome/116.0.1938.76 Safari/537.36"
94.154.35.236 - - [15/Apr/2026:05:41:13 +0200] "HEAD /bkp.tar HTTP/1.1" 301 339 "-" "Mozilla/5.0 (Windows NT 10.0; Win64; x64) AppleWebKit/537.36 (KHTML, like Gecko) Chrome/101.0.4951.67 Safari/537.36"
94.154.35.236 - - [15/Apr/2026:05:41:15 +0200] "HEAD /bkp.tar HTTP/1.1" 404 330 "-" "Mozilla/5.0 (Windows NT 10.0; Win64; x64) AppleWebKit/537.36 (KHTML, like Gecko) Chrome/101.0.4951.67 Safari/537.36"
95.216.2.94 - - [15/Apr/2026:05:42:35 +0200] "POST /wp-cron.php?doing_wp_cron=1776224555.3141050338745117187500 HTTP/1.1" 500 199 "-" "WordPress/6.9.4; http://www.eeggs.ru"
91.84.114.45 - - [15/Apr/2026:05:42:34 +0200] "GET /web/efes/ HTTP/1.0" 200 24525 "http://www.eeggs.ru/web/efes/" "Mozilla/5.0 (Windows NT 10.0; Win64; x64) AppleWebKit/537.36 (KHTML, like Gecko) Chrome/131.0.0.0 Safari/537.36"
91.84.114.45 - - [15/Apr/2026:05:42:35 +0200] "POST /wp-comments-post.php HTTP/1.0" 500 166 "http://www.eeggs.ru/web/efes/" "Mozilla/5.0 (Windows NT 10.0; Win64; x64) AppleWebKit/537.36 (KHTML, like Gecko) Chrome/131.0.0.0 Safari/537.36"
95.216.2.94 - - [15/Apr/2026:05:44:55 +0200] "POST /wp-cron.php?doing_wp_cron=1776224695.6460940837860107421875 HTTP/1.1" 500 199 "-" "WordPress/6.9.4; http://www.eeggs.ru"
40.77.167.79 - - [15/Apr/2026:05:44:54 +0200] "GET /goods/039-interrupteur-Cl-2-Positions-Maintenu-Interrupteur-Cle/ HTTP/1.1" 301 410 "-" "Mozilla/5.0 AppleWebKit/537.36 (KHTML, like Gecko; compatible; bingbot/2.0; +http://www.bing.com/bingbot.htm) Chrome/116.0.1938.76 Safari/537.36"
40.77.167.241 - - [15/Apr/2026:05:45:03 +0200] "GET /goods/Manteau-Classique-D-039-hiver-Pour-Homme-paisse-Et-Chaude-D/857681 HTTP/1.1" 301 418 "-" "Mozilla/5.0 AppleWebKit/537.36 (KHTML, like Gecko; compatible; bingbot/2.0; +http://www.bing.com/bingbot.htm) Chrome/116.0.1938.76 Safari/537.36"
40.77.167.241 - - [15/Apr/2026:05:45:04 +0200] "GET /goods/Outils-Kit-D-039-outils-Cl-Facom-RS/896099 HTTP/1.1" 301 394 "-" "Mozilla/5.0 AppleWebKit/537.36 (KHTML, like Gecko; compatible; bingbot/2.0; +http://www.bing.com/bingbot.htm) Chrome/116.0.1938.76 Safari/537.36"
40.77.167.241 - - [15/Apr/2026:05:45:05 +0200] "GET /goods/Drapeaux-De-Marquage-Orange-38-1-X-10-2-X-12/532374 HTTP/1.1" 301 403 "-" "Mozilla/5.0 AppleWebKit/537.36 (KHTML, like Gecko; compatible; bingbot/2.0; +http://www.bing.com/bingbot.htm) Chrome/116.0.1938.76 Safari/537.36"
40.77.167.79 - - [15/Apr/2026:05:45:07 +0200] "GET /goods/Traction-Pour-La-Musculation-Le-Fitness-Le-Bodybuilding/1128312 HTTP/1.1" 301 415 "-" "Mozilla/5.0 AppleWebKit/537.36 (KHTML, like Gecko; compatible; bingbot/2.0; +http://www.bing.com/bingbot.htm) Chrome/116.0.1938.76 Safari/537.36"
40.77.167.68 - - [15/Apr/2026:05:45:08 +0200] "GET /goods/e-Rose-Musqu-e-En-Poudre-Pour-Chien-Et-Chat-500g-Poudre/453336 HTTP/1.1" 301 414 "-" "Mozilla/5.0 AppleWebKit/537.36 (KHTML, like Gecko; compatible; bingbot/2.0; +http://www.bing.com/bingbot.htm) Chrome/116.0.1938.76 Safari/537.36"
40.77.167.68 - - [15/Apr/2026:05:45:19 +0200] "GET /goods/quot-ELECTRIC-LIME-SAVILE-BLUE-quot-A-H-CYKLER/654780 HTTP/1.1" 301 405 "-" "Mozilla/5.0 AppleWebKit/537.36 (KHTML, like Gecko; compatible; bingbot/2.0; +http://www.bing.com/bingbot.htm) Chrome/116.0.1938.76 Safari/537.36"
40.77.167.68 - - [15/Apr/2026:05:45:20 +0200] "GET /goods/Micro-ondes-50x15cm-Parfum/670339 HTTP/1.1" 301 385 "-" "Mozilla/5.0 AppleWebKit/537.36 (KHTML, like Gecko; compatible; bingbot/2.0; +http://www.bing.com/bingbot.htm) Chrome/116.0.1938.76 Safari/537.36"
17.241.227.129 - - [15/Apr/2026:05:47:43 +0200] "GET /robots.txt HTTP/1.1" 200 407 "-" "Mozilla/5.0 (Macintosh; Intel Mac OS X 10_15_7) AppleWebKit/605.1.15 (KHTML, like Gecko) Version/17.4 Safari/605.1.15 (Applebot/0.1; +http://www.apple.com/go/applebot)"
95.216.2.94 - - [15/Apr/2026:05:47:44 +0200] "POST /wp-cron.php?doing_wp_cron=1776224864.4893798828125000000000 HTTP/1.1" 500 199 "-" "WordPress/6.9.4; http://www.eeggs.ru"
17.241.227.129 - - [15/Apr/2026:05:47:43 +0200] "GET /goods/Plat-Bo-te-De-Carton-Ondul-25-4-Cm-De-Long-X-25-4-Cm-De/1035317 HTTP/1.1" 404 16804 "-" "Mozilla/5.0 (Macintosh; Intel Mac OS X 10_15_7) AppleWebKit/605.1.15 (KHTML, like Gecko) Version/17.4 Safari/605.1.15 (Applebot/0.1; +http://www.apple.com/go/applebot)"
66.249.66.32 - - [15/Apr/2026:05:47:59 +0200] "GET /goods/Homemade-Spa-Ulei-Esential-De-Lemongrass-Cymbopogon-Citratus/674939 HTTP/1.1" 301 475 "-" "Mozilla/5.0 (Linux; Android 6.0.1; Nexus 5X Build/MMB29P) AppleWebKit/537.36 (KHTML, like Gecko) Chrome/146.0.7680.177 Mobile Safari/537.36 (compatible; Googlebot/2.1; +http://www.google.com/bot.html)"
66.249.66.200 - - [15/Apr/2026:05:48:00 +0200] "GET /goods/Homemade-Spa-Ulei-Esential-De-Lemongrass-Cymbopogon-Citratus/674939 HTTP/1.1" 404 16849 "-" "Mozilla/5.0 (Linux; Android 6.0.1; Nexus 5X Build/MMB29P) AppleWebKit/537.36 (KHTML, like Gecko) Chrome/146.0.7680.177 Mobile Safari/537.36 (compatible; Googlebot/2.1; +http://www.google.com/bot.html)"
95.216.2.94 - - [15/Apr/2026:05:49:27 +0200] "POST /wp-cron.php?doing_wp_cron=1776224967.8236460685729980468750 HTTP/1.1" 500 199 "-" "WordPress/6.9.4; http://www.eeggs.ru"
66.249.66.34 - - [15/Apr/2026:05:49:27 +0200] "GET /goods/Peint-3d-Bleu-Lac-Ciel-Paysage-Autocollants-Mur-Etanche/667876 HTTP/1.1" 301 470 "-" "Mozilla/5.0 (Linux; Android 6.0.1; Nexus 5X Build/MMB29P) AppleWebKit/537.36 (KHTML, like Gecko) Chrome/146.0.7680.177 Mobile Safari/537.36 (compatible; Googlebot/2.1; +http://www.google.com/bot.html)"
66.249.66.198 - - [15/Apr/2026:05:49:28 +0200] "GET /goods/Peint-3d-Bleu-Lac-Ciel-Paysage-Autocollants-Mur-Etanche/667876 HTTP/1.1" 404 16849 "-" "Mozilla/5.0 (Linux; Android 6.0.1; Nexus 5X Build/MMB29P) AppleWebKit/537.36 (KHTML, like Gecko) Chrome/146.0.7680.177 Mobile Safari/537.36 (compatible; Googlebot/2.1; +http://www.google.com/bot.html)"
77.75.78.164 - - [15/Apr/2026:05:49:41 +0200] "GET /?sitemap680.xml HTTP/1.1" 301 305 "-" "Mozilla/5.0 (compatible; SeznamBot/4.0; +https://o-seznam.cz/napoveda/vyhledavani/en/seznambot-crawler/)"
146.190.77.231 - - [15/Apr/2026:05:49:56 +0200] "GET /.git/config HTTP/1.1" 301 413 "-" "Mozilla/5.0 (X11; Linux x86_64) AppleWebKit/537.36 (KHTML, like Gecko) Chrome/81.0.4044.129 Safari/537.36"
17.241.75.6 - - [15/Apr/2026:05:50:02 +0200] "GET /wp-content/themes/minyx2Lite/style.css HTTP/1.1" 200 3960 "http://www.eeggs.ru/goods/Plat-Bo-te-De-Carton-Ondul-25-4-Cm-De-Long-X-25-4-Cm-De/1035317" "Mozilla/5.0 (Macintosh; Intel Mac OS X 10_15_7) AppleWebKit/605.1.15 (KHTML, like Gecko) Version/17.4 Safari/605.1.15 (Applebot/0.1; +http://www.apple.com/go/applebot)"
17.241.75.91 - - [15/Apr/2026:05:50:04 +0200] "GET /wp-content/plugins/jetpack/css/jetpack.css?ver=12.8.2 HTTP/1.1" 200 18728 "http://www.eeggs.ru/goods/Plat-Bo-te-De-Carton-Ondul-25-4-Cm-De-Long-X-25-4-Cm-De/1035317" "Mozilla/5.0 (Macintosh; Intel Mac OS X 10_15_7) AppleWebKit/605.1.15 (KHTML, like Gecko) Version/17.4 Safari/605.1.15 (Applebot/0.1; +http://www.apple.com/go/applebot)"
17.241.227.24 - - [15/Apr/2026:05:50:05 +0200] "GET /wp-content/themes/minyx2Lite/script.js HTTP/1.1" 200 2064 "http://www.eeggs.ru/goods/Plat-Bo-te-De-Carton-Ondul-25-4-Cm-De-Long-X-25-4-Cm-De/1035317" "Mozilla/5.0 (Macintosh; Intel Mac OS X 10_15_7) AppleWebKit/605.1.15 (KHTML, like Gecko) Version/17.4 Safari/605.1.15 (Applebot/0.1; +http://www.apple.com/go/applebot)"
17.241.219.143 - - [15/Apr/2026:05:50:06 +0200] "GET /wp-content/languages/plugins/get/get.php?i=1920x1080x24x8xUTC/AppleGPU HTTP/1.1" 200 406 "http://www.eeggs.ru/goods/Plat-Bo-te-De-Carton-Ondul-25-4-Cm-De-Long-X-25-4-Cm-De/1035317" "Mozilla/5.0 (Macintosh; Intel Mac OS X 10_15_7) AppleWebKit/605.1.15 (KHTML, like Gecko) Version/17.4 Safari/605.1.15 (Applebot/0.1; +http://www.apple.com/go/applebot)"
95.216.2.94 - - [15/Apr/2026:05:50:57 +0200] "POST /wp-cron.php?doing_wp_cron=1776225057.3031740188598632812500 HTTP/1.1" 500 199 "-" "WordPress/6.9.4; http://www.eeggs.ru"
66.249.66.33 - - [15/Apr/2026:05:50:56 +0200] "GET /goods/V-tements-Pour-Fille-Ligne-A/1175437 HTTP/1.1" 301 444 "-" "Mozilla/5.0 (Linux; Android 6.0.1; Nexus 5X Build/MMB29P) AppleWebKit/537.36 (KHTML, like Gecko) Chrome/146.0.7680.177 Mobile Safari/537.36 (compatible; Googlebot/2.1; +http://www.google.com/bot.html)"
66.249.66.198 - - [15/Apr/2026:05:50:57 +0200] "GET /goods/V-tements-Pour-Fille-Ligne-A/1175437 HTTP/1.1" 404 16849 "-" "Mozilla/5.0 (Linux; Android 6.0.1; Nexus 5X Build/MMB29P) AppleWebKit/537.36 (KHTML, like Gecko) Chrome/146.0.7680.177 Mobile Safari/537.36 (compatible; Googlebot/2.1; +http://www.google.com/bot.html)"
95.216.2.94 - - [15/Apr/2026:05:53:37 +0200] "POST /wp-cron.php?doing_wp_cron=1776225217.2669279575347900390625 HTTP/1.1" 500 199 "-" "WordPress/6.9.4; http://www.eeggs.ru"
66.249.66.34 - - [15/Apr/2026:05:53:36 +0200] "GET /goods/ne-Feu-De-Recul-24V-12V-Montage-En/1066494 HTTP/1.1" 301 450 "-" "Mozilla/5.0 (Linux; Android 6.0.1; Nexus 5X Build/MMB29P) AppleWebKit/537.36 (KHTML, like Gecko) Chrome/146.0.7680.177 Mobile Safari/537.36 (compatible; Googlebot/2.1; +http://www.google.com/bot.html)"
66.249.66.199 - - [15/Apr/2026:05:53:37 +0200] "GET /goods/ne-Feu-De-Recul-24V-12V-Montage-En/1066494 HTTP/1.1" 404 16849 "-" "Mozilla/5.0 (Linux; Android 6.0.1; Nexus 5X Build/MMB29P) AppleWebKit/537.36 (KHTML, like Gecko) Chrome/146.0.7680.177 Mobile Safari/537.36 (compatible; Googlebot/2.1; +http://www.google.com/bot.html)"
66.249.66.34 - - [15/Apr/2026:05:54:24 +0200] "GET /goods/De-Sac-Main-Pour-Sacs-Main-Organiseur-De-Sac-Fourre-tout/606814 HTTP/1.1" 301 471 "-" "Mozilla/5.0 (Linux; Android 6.0.1; Nexus 5X Build/MMB29P) AppleWebKit/537.36 (KHTML, like Gecko) Chrome/146.0.7680.177 Mobile Safari/537.36 (compatible; Googlebot/2.1; +http://www.google.com/bot.html)"
66.249.66.199 - - [15/Apr/2026:05:54:25 +0200] "GET /goods/De-Sac-Main-Pour-Sacs-Main-Organiseur-De-Sac-Fourre-tout/606814 HTTP/1.1" 404 16849 "-" "Mozilla/5.0 (Linux; Android 6.0.1; Nexus 5X Build/MMB29P) AppleWebKit/537.36 (KHTML, like Gecko) Chrome/146.0.7680.177 Mobile Safari/537.36 (compatible; Googlebot/2.1; +http://www.google.com/bot.html)"
144.76.32.190 - - [15/Apr/2026:05:56:49 +0200] "GET /robots.txt HTTP/1.1" 200 463 "-" "Mozilla/5.0 (compatible; SERankingBacklinksBot/1.0; +https://seranking.com/backlinks-crawler)"
95.216.2.94 - - [15/Apr/2026:05:56:50 +0200] "POST /wp-cron.php?doing_wp_cron=1776225410.0192179679870605468750 HTTP/1.1" 500 199 "-" "WordPress/6.9.4; http://www.eeggs.ru"
144.76.32.190 - - [15/Apr/2026:05:56:49 +0200] "GET /goods/De-Harry-Potter-Quai-9-3/490600 HTTP/1.1" 301 439 "-" "Mozilla/5.0 (compatible; SERankingBacklinksBot/1.0; +https://seranking.com/backlinks-crawler)"
144.76.32.190 - - [15/Apr/2026:05:56:50 +0200] "GET /robots.txt HTTP/1.1" 200 463 "-" "Mozilla/5.0 (compatible; SERankingBacklinksBot/1.0; +https://seranking.com/backlinks-crawler)"
144.76.32.190 - - [15/Apr/2026:05:56:50 +0200] "GET /goods/De-Harry-Potter-Quai-9-3/490600 HTTP/1.1" 404 16860 "-" "Mozilla/5.0 (compatible; SERankingBacklinksBot/1.0; +https://seranking.com/backlinks-crawler)"
95.216.2.94 - - [15/Apr/2026:05:59:47 +0200] "POST /wp-cron.php?doing_wp_cron=1776225587.9281079769134521484375 HTTP/1.1" 500 199 "-" "WordPress/6.9.4; http://www.eeggs.ru"
40.77.167.44 - - [15/Apr/2026:05:59:47 +0200] "GET /goods/Mod-le-De-Pulls-King-Cole-Tricot-s-En-Rond-En-Bramble-DK/581666 HTTP/1.1" 301 415 "-" "Mozilla/5.0 AppleWebKit/537.36 (KHTML, like Gecko; compatible; bingbot/2.0; +http://www.bing.com/bingbot.htm) Chrome/116.0.1938.76 Safari/537.36"
66.249.66.32 - - [15/Apr/2026:05:59:54 +0200] "GET /goods/Oreilles-M-daille-Acier-Dor-Et-Goutte-Perles-R-sine-Vieux/847688 HTTP/1.1" 301 472 "-" "Mozilla/5.0 (Linux; Android 6.0.1; Nexus 5X Build/MMB29P) AppleWebKit/537.36 (KHTML, like Gecko) Chrome/146.0.7680.177 Mobile Safari/537.36 (compatible; Googlebot/2.1; +http://www.google.com/bot.html)"
66.249.66.199 - - [15/Apr/2026:05:59:55 +0200] "GET /goods/Oreilles-M-daille-Acier-Dor-Et-Goutte-Perles-R-sine-Vieux/847688 HTTP/1.1" 404 16849 "-" "Mozilla/5.0 (Linux; Android 6.0.1; Nexus 5X Build/MMB29P) AppleWebKit/537.36 (KHTML, like Gecko) Chrome/146.0.7680.177 Mobile Safari/537.36 (compatible; Googlebot/2.1; +http://www.google.com/bot.html)"
40.77.167.14 - - [15/Apr/2026:05:59:58 +0200] "GET /goods/Nicpro-24-Artiste-Pinceaux-Professionnel-Nylon-Art-Pinceaux/ HTTP/1.1" 301 412 "-" "Mozilla/5.0 AppleWebKit/537.36 (KHTML, like Gecko; compatible; bingbot/2.0; +http://www.bing.com/bingbot.htm) Chrome/116.0.1938.76 Safari/537.36"
52.167.144.145 - - [15/Apr/2026:06:00:03 +0200] "GET /goods/Enregistreur-De-Cassette-Universel-Convertisseur-De-Cassette-Vers/635398 HTTP/1.1" 301 424 "-" "Mozilla/5.0 AppleWebKit/537.36 (KHTML, like Gecko; compatible; bingbot/2.0; +http://www.bing.com/bingbot.htm) Chrome/116.0.1938.76 Safari/537.36"
207.180.11.33 - - [15/Apr/2026:06:00:28 +0200] "GET /wp-content/uploads/2008/03/gta_san_andreas_vice_city_2_2.jpg HTTP/1.1" 200 74960 "-" "Mozilla/5.0 (Linux; Android 10; K) AppleWebKit/537.36 (KHTML, like Gecko) Chrome/122.0.0.0 Mobile Safari/537.36"
89.249.18.173 - - [15/Apr/2026:06:01:45 +0200] "GET /robots.txt HTTP/1.1" 200 574 "-" "Mozilla/5.0 (Windows NT 10.0; Win64; x64; rv:109.0) Gecko/20100101 Firefox/113.0"
95.216.2.94 - - [15/Apr/2026:06:01:46 +0200] "POST /wp-cron.php?doing_wp_cron=1776225706.4389019012451171875000 HTTP/1.1" 500 199 "-" "WordPress/6.9.4; http://www.eeggs.ru"
89.249.18.173 - - [15/Apr/2026:06:01:45 +0200] "GET /web/efes/ HTTP/1.1" 200 8279 "-" "Mozilla/5.0 (Windows NT 10.0; Win64; x64; rv:109.0) Gecko/20100101 Firefox/113.0"
89.249.18.173 - - [15/Apr/2026:06:01:47 +0200] "GET /web/president08/ HTTP/1.1" 200 8351 "-" "Mozilla/5.0 (Windows NT 10.0; Win64; x64; rv:109.0) Gecko/20100101 Firefox/113.0"
89.249.18.173 - - [15/Apr/2026:06:01:49 +0200] "GET /web/president08/ HTTP/1.1" 301 350 "-" "Mozilla/5.0 (Windows NT 10.0; Win64; x64; rv:109.0) Gecko/20100101 Firefox/113.0"
89.249.18.173 - - [15/Apr/2026:06:01:50 +0200] "GET /web/president08/ HTTP/1.1" 200 24963 "-" "Mozilla/5.0 (Windows NT 10.0; Win64; x64; rv:109.0) Gecko/20100101 Firefox/113.0"
89.249.18.173 - - [15/Apr/2026:06:01:52 +0200] "GET /web/president08/ HTTP/1.1" 301 294 "-" "Mozilla/5.0 (Windows NT 10.0; Win64; x64; rv:109.0) Gecko/20100101 Firefox/113.0"
89.249.18.173 - - [15/Apr/2026:06:01:52 +0200] "GET /web/president08/ HTTP/1.1" 200 24906 "-" "Mozilla/5.0 (Windows NT 10.0; Win64; x64; rv:109.0) Gecko/20100101 Firefox/113.0"
95.216.2.94 - - [15/Apr/2026:06:03:42 +0200] "POST /wp-cron.php?doing_wp_cron=1776225822.8210730552673339843750 HTTP/1.1" 500 199 "-" "WordPress/6.9.4; http://www.eeggs.ru"
191.102.156.254 - - [15/Apr/2026:06:03:41 +0200] "GET /web/efes/ HTTP/1.0" 200 340 "http://www.eeggs.ru/web/efes/" "Mozilla/5.0 (Windows NT 10.0; Win64; x64) AppleWebKit/537.36 (KHTML, like Gecko) Chrome/129.0.0.0 Safari/537.36"
52.167.144.231 - - [15/Apr/2026:06:04:20 +0200] "GET /goods/Manche-En-Bois-Coup-De-Coeur-En-Cuisine/441276 HTTP/1.1" 301 398 "-" "Mozilla/5.0 AppleWebKit/537.36 (KHTML, like Gecko; compatible; bingbot/2.0; +http://www.bing.com/bingbot.htm) Chrome/116.0.1938.76 Safari/537.36"
52.167.144.231 - - [15/Apr/2026:06:04:20 +0200] "GET /goods/Homme-Maillot-De-Cyclisme-UGLY-FROG-Design-Cr-ne-Styl/726085 HTTP/1.1" 301 412 "-" "Mozilla/5.0 AppleWebKit/537.36 (KHTML, like Gecko; compatible; bingbot/2.0; +http://www.bing.com/bingbot.htm) Chrome/116.0.1938.76 Safari/537.36"
95.216.2.94 - - [15/Apr/2026:06:04:59 +0200] "POST /wp-cron.php?doing_wp_cron=1776225899.9725959300994873046875 HTTP/1.1" 500 199 "-" "WordPress/6.9.4; http://www.eeggs.ru"
52.167.144.150 - - [15/Apr/2026:06:04:58 +0200] "GET /goods/Cache-Moyeu-Remplacement-Pour-Renault-57mm-Noir/ HTTP/1.1" 301 400 "-" "Mozilla/5.0 AppleWebKit/537.36 (KHTML, like Gecko; compatible; bingbot/2.0; +http://www.bing.com/bingbot.htm) Chrome/116.0.1938.76 Safari/537.36"
52.167.144.231 - - [15/Apr/2026:06:05:03 +0200] "GET /goods/Colonne-Vert-brale-Enseignement-M-dical/1061338 HTTP/1.1" 301 399 "-" "Mozilla/5.0 AppleWebKit/537.36 (KHTML, like Gecko; compatible; bingbot/2.0; +http://www.bing.com/bingbot.htm) Chrome/116.0.1938.76 Safari/537.36"
52.167.144.231 - - [15/Apr/2026:06:05:04 +0200] "GET /goods/Couronne-De-No-l-De-66-Cm-paisse-Et-Luxuriante-Douce-Et/702724 HTTP/1.1" 301 414 "-" "Mozilla/5.0 AppleWebKit/537.36 (KHTML, like Gecko; compatible; bingbot/2.0; +http://www.bing.com/bingbot.htm) Chrome/116.0.1938.76 Safari/537.36"
52.167.144.231 - - [15/Apr/2026:06:05:05 +0200] "GET /goods/Cerclage-En-Acier-Pour-Feuillard-En-Acier-En-Plastique-Cerclage/501090 HTTP/1.1" 301 422 "-" "Mozilla/5.0 AppleWebKit/537.36 (KHTML, like Gecko; compatible; bingbot/2.0; +http://www.bing.com/bingbot.htm) Chrome/116.0.1938.76 Safari/537.36"
95.216.2.94 - - [15/Apr/2026:06:07:15 +0200] "POST /wp-cron.php?doing_wp_cron=1776226035.8229939937591552734375 HTTP/1.1" 500 199 "-" "WordPress/6.9.4; http://www.eeggs.ru"
66.249.66.32 - - [15/Apr/2026:06:07:15 +0200] "GET /goods/Sticker-WC-Sticker-Pour-Abattant-De-WC-Fleur/690242 HTTP/1.1" 301 459 "-" "Mozilla/5.0 (Linux; Android 6.0.1; Nexus 5X Build/MMB29P) AppleWebKit/537.36 (KHTML, like Gecko) Chrome/146.0.7680.177 Mobile Safari/537.36 (compatible; Googlebot/2.1; +http://www.google.com/bot.html)"
66.249.66.199 - - [15/Apr/2026:06:07:16 +0200] "GET /goods/Sticker-WC-Sticker-Pour-Abattant-De-WC-Fleur/690242 HTTP/1.1" 404 16849 "-" "Mozilla/5.0 (Linux; Android 6.0.1; Nexus 5X Build/MMB29P) AppleWebKit/537.36 (KHTML, like Gecko) Chrome/146.0.7680.177 Mobile Safari/537.36 (compatible; Googlebot/2.1; +http://www.google.com/bot.html)"
94.154.35.236 - - [15/Apr/2026:06:07:55 +0200] "HEAD /bkp.tar.bz2 HTTP/1.1" 301 343 "-" "Mozilla/5.0 (Windows NT 10.0; Win64; x64) AppleWebKit/537.36 (KHTML, like Gecko) Chrome/101.0.4951.67 Safari/537.36"
94.154.35.236 - - [15/Apr/2026:06:07:56 +0200] "HEAD /bkp.tar.bz2 HTTP/1.1" 404 330 "-" "Mozilla/5.0 (Windows NT 10.0; Win64; x64) AppleWebKit/537.36 (KHTML, like Gecko) Chrome/101.0.4951.67 Safari/537.36"
89.110.116.195 - - [15/Apr/2026:06:08:11 +0200] "GET /web/efes/ HTTP/1.0" 200 24524 "http://www.eeggs.ru/web/efes/" "Mozilla/5.0 (Windows NT 10.0; Win64; x64) AppleWebKit/537.36 (KHTML, like Gecko) Chrome/131.0.0.0 Safari/537.36"
89.110.116.195 - - [15/Apr/2026:06:08:12 +0200] "POST /wp-comments-post.php HTTP/1.0" 500 166 "http://www.eeggs.ru/web/efes/" "Mozilla/5.0 (Windows NT 10.0; Win64; x64) AppleWebKit/537.36 (KHTML, like Gecko) Chrome/131.0.0.0 Safari/537.36"
95.216.2.94 - - [15/Apr/2026:06:09:42 +0200] "POST /wp-cron.php?doing_wp_cron=1776226182.2443430423736572265625 HTTP/1.1" 500 199 "-" "WordPress/6.9.4; http://www.eeggs.ru"
66.249.66.33 - - [15/Apr/2026:06:09:41 +0200] "GET /goods/De-D-coration-Int-rieure-Faux-Livre-Pour-Le-Salon-D/785023 HTTP/1.1" 301 466 "-" "Mozilla/5.0 (Linux; Android 6.0.1; Nexus 5X Build/MMB29P) AppleWebKit/537.36 (KHTML, like Gecko) Chrome/146.0.7680.177 Mobile Safari/537.36 (compatible; Googlebot/2.1; +http://www.google.com/bot.html)"
66.249.66.34 - - [15/Apr/2026:06:09:42 +0200] "GET /goods/Bou-e-De-Natation-Paillettes-Arc-En-Ciel-Pour-Adolescents/1165998 HTTP/1.1" 301 473 "-" "Mozilla/5.0 (Linux; Android 6.0.1; Nexus 5X Build/MMB29P) AppleWebKit/537.36 (KHTML, like Gecko) Chrome/146.0.7680.177 Mobile Safari/537.36 (compatible; Googlebot/2.1; +http://www.google.com/bot.html)"
66.249.66.198 - - [15/Apr/2026:06:09:42 +0200] "GET /goods/De-D-coration-Int-rieure-Faux-Livre-Pour-Le-Salon-D/785023 HTTP/1.1" 404 16849 "-" "Mozilla/5.0 (Linux; Android 6.0.1; Nexus 5X Build/MMB29P) AppleWebKit/537.36 (KHTML, like Gecko) Chrome/146.0.7680.177 Mobile Safari/537.36 (compatible; Googlebot/2.1; +http://www.google.com/bot.html)"
66.249.66.33 - - [15/Apr/2026:06:09:43 +0200] "GET /goods/U00e0-La-Main-En-Coton-Indien-Fait-U00e0-La-Main-Pour-Lit-Simple/760351 HTTP/1.1" 301 478 "-" "Mozilla/5.0 (Linux; Android 6.0.1; Nexus 5X Build/MMB29P) AppleWebKit/537.36 (KHTML, like Gecko) Chrome/146.0.7680.177 Mobile Safari/537.36 (compatible; Googlebot/2.1; +http://www.google.com/bot.html)"
66.249.66.200 - - [15/Apr/2026:06:09:43 +0200] "GET /goods/Bou-e-De-Natation-Paillettes-Arc-En-Ciel-Pour-Adolescents/1165998 HTTP/1.1" 404 16849 "-" "Mozilla/5.0 (Linux; Android 6.0.1; Nexus 5X Build/MMB29P) AppleWebKit/537.36 (KHTML, like Gecko) Chrome/146.0.7680.177 Mobile Safari/537.36 (compatible; Googlebot/2.1; +http://www.google.com/bot.html)"
66.249.66.33 - - [15/Apr/2026:06:09:44 +0200] "GET /goods/Hamac-Chaise-Chaise-Hamac-Ou-Chaise-Suspendu/582435 HTTP/1.1" 301 458 "-" "Mozilla/5.0 (Linux; Android 6.0.1; Nexus 5X Build/MMB29P) AppleWebKit/537.36 (KHTML, like Gecko) Chrome/146.0.7680.177 Mobile Safari/537.36 (compatible; Googlebot/2.1; +http://www.google.com/bot.html)"
66.249.66.200 - - [15/Apr/2026:06:09:44 +0200] "GET /goods/U00e0-La-Main-En-Coton-Indien-Fait-U00e0-La-Main-Pour-Lit-Simple/760351 HTTP/1.1" 404 16848 "-" "Mozilla/5.0 (Linux; Android 6.0.1; Nexus 5X Build/MMB29P) AppleWebKit/537.36 (KHTML, like Gecko) Chrome/146.0.7680.177 Mobile Safari/537.36 (compatible; Googlebot/2.1; +http://www.google.com/bot.html)"
66.249.66.33 - - [15/Apr/2026:06:09:45 +0200] "GET /goods/De-Transport-Portable-Compatible-Avec-Station/1092435 HTTP/1.1" 301 460 "-" "Mozilla/5.0 (Linux; Android 6.0.1; Nexus 5X Build/MMB29P) AppleWebKit/537.36 (KHTML, like Gecko) Chrome/146.0.7680.177 Mobile Safari/537.36 (compatible; Googlebot/2.1; +http://www.google.com/bot.html)"
66.249.66.200 - - [15/Apr/2026:06:09:45 +0200] "GET /goods/Hamac-Chaise-Chaise-Hamac-Ou-Chaise-Suspendu/582435 HTTP/1.1" 404 16848 "-" "Mozilla/5.0 (Linux; Android 6.0.1; Nexus 5X Build/MMB29P) AppleWebKit/537.36 (KHTML, like Gecko) Chrome/146.0.7680.177 Mobile Safari/537.36 (compatible; Googlebot/2.1; +http://www.google.com/bot.html)"
66.249.66.32 - - [15/Apr/2026:06:09:46 +0200] "GET /goods/Jardiaffaires-30-Brins-4mm-X-42cm-De-Fil-Professionnel-Carr/1092653 HTTP/1.1" 301 475 "-" "Mozilla/5.0 (Linux; Android 6.0.1; Nexus 5X Build/MMB29P) AppleWebKit/537.36 (KHTML, like Gecko) Chrome/146.0.7680.177 Mobile Safari/537.36 (compatible; Googlebot/2.1; +http://www.google.com/bot.html)"
66.249.66.199 - - [15/Apr/2026:06:09:46 +0200] "GET /goods/De-Transport-Portable-Compatible-Avec-Station/1092435 HTTP/1.1" 404 16849 "-" "Mozilla/5.0 (Linux; Android 6.0.1; Nexus 5X Build/MMB29P) AppleWebKit/537.36 (KHTML, like Gecko) Chrome/146.0.7680.177 Mobile Safari/537.36 (compatible; Googlebot/2.1; +http://www.google.com/bot.html)"
66.249.66.33 - - [15/Apr/2026:06:09:47 +0200] "GET /goods/COUVRE-SAC-A-DOS-REVERSIBLE-80L/871062 HTTP/1.1" 301 445 "-" "Mozilla/5.0 (Linux; Android 6.0.1; Nexus 5X Build/MMB29P) AppleWebKit/537.36 (KHTML, like Gecko) Chrome/146.0.7680.177 Mobile Safari/537.36 (compatible; Googlebot/2.1; +http://www.google.com/bot.html)"
66.249.66.198 - - [15/Apr/2026:06:09:48 +0200] "GET /goods/Jardiaffaires-30-Brins-4mm-X-42cm-De-Fil-Professionnel-Carr/1092653 HTTP/1.1" 404 16849 "-" "Mozilla/5.0 (Linux; Android 6.0.1; Nexus 5X Build/MMB29P) AppleWebKit/537.36 (KHTML, like Gecko) Chrome/146.0.7680.177 Mobile Safari/537.36 (compatible; Googlebot/2.1; +http://www.google.com/bot.html)"
66.249.66.33 - - [15/Apr/2026:06:09:48 +0200] "GET /goods/Pour-YT5139-YT-5139-8231-513901-YAT/753891 HTTP/1.1" 301 449 "-" "Mozilla/5.0 (Linux; Android 6.0.1; Nexus 5X Build/MMB29P) AppleWebKit/537.36 (KHTML, like Gecko) Chrome/146.0.7680.177 Mobile Safari/537.36 (compatible; Googlebot/2.1; +http://www.google.com/bot.html)"
66.249.66.199 - - [15/Apr/2026:06:09:49 +0200] "GET /goods/COUVRE-SAC-A-DOS-REVERSIBLE-80L/871062 HTTP/1.1" 404 16848 "-" "Mozilla/5.0 (Linux; Android 6.0.1; Nexus 5X Build/MMB29P) AppleWebKit/537.36 (KHTML, like Gecko) Chrome/146.0.7680.177 Mobile Safari/537.36 (compatible; Googlebot/2.1; +http://www.google.com/bot.html)"
66.249.66.199 - - [15/Apr/2026:06:09:49 +0200] "GET /goods/Pour-YT5139-YT-5139-8231-513901-YAT/753891 HTTP/1.1" 404 16849 "-" "Mozilla/5.0 (Linux; Android 6.0.1; Nexus 5X Build/MMB29P) AppleWebKit/537.36 (KHTML, like Gecko) Chrome/146.0.7680.177 Mobile Safari/537.36 (compatible; Googlebot/2.1; +http://www.google.com/bot.html)"
66.249.66.32 - - [15/Apr/2026:06:09:50 +0200] "GET /goods/extraction-De-Roulement-D-039-arbre-D-039-entr-e-Pour-Arbres/500706 HTTP/1.1" 301 474 "-" "Mozilla/5.0 (Linux; Android 6.0.1; Nexus 5X Build/MMB29P) AppleWebKit/537.36 (KHTML, like Gecko) Chrome/146.0.7680.177 Mobile Safari/537.36 (compatible; Googlebot/2.1; +http://www.google.com/bot.html)"
66.249.66.32 - - [15/Apr/2026:06:09:50 +0200] "GET /goods/Tab-10-10-1-Pouces-2022-TB328FU-TB328XU/1249976 HTTP/1.1" 301 455 "-" "Mozilla/5.0 (Linux; Android 6.0.1; Nexus 5X Build/MMB29P) AppleWebKit/537.36 (KHTML, like Gecko) Chrome/146.0.7680.177 Mobile Safari/537.36 (compatible; Googlebot/2.1; +http://www.google.com/bot.html)"
66.249.66.32 - - [15/Apr/2026:06:09:51 +0200] "GET /goods/Des-Femmes-2024-U2013-Sac-Main-Jaune-Bouquet-Mimosa-Ours/576311 HTTP/1.1" 301 470 "-" "Mozilla/5.0 (Linux; Android 6.0.1; Nexus 5X Build/MMB29P) AppleWebKit/537.36 (KHTML, like Gecko) Chrome/146.0.7680.177 Mobile Safari/537.36 (compatible; Googlebot/2.1; +http://www.google.com/bot.html)"
66.249.66.198 - - [15/Apr/2026:06:09:52 +0200] "GET /goods/extraction-De-Roulement-D-039-arbre-D-039-entr-e-Pour-Arbres/500706 HTTP/1.1" 404 16848 "-" "Mozilla/5.0 (Linux; Android 6.0.1; Nexus 5X Build/MMB29P) AppleWebKit/537.36 (KHTML, like Gecko) Chrome/146.0.7680.177 Mobile Safari/537.36 (compatible; Googlebot/2.1; +http://www.google.com/bot.html)"
66.249.66.198 - - [15/Apr/2026:06:09:53 +0200] "GET /goods/Tab-10-10-1-Pouces-2022-TB328FU-TB328XU/1249976 HTTP/1.1" 404 16849 "-" "Mozilla/5.0 (Linux; Android 6.0.1; Nexus 5X Build/MMB29P) AppleWebKit/537.36 (KHTML, like Gecko) Chrome/146.0.7680.177 Mobile Safari/537.36 (compatible; Googlebot/2.1; +http://www.google.com/bot.html)"
66.249.66.32 - - [15/Apr/2026:06:09:53 +0200] "GET /goods/Disque-Lae-Widia-Avec-40-Pointes-Pour-D-broussailleuse/1092829 HTTP/1.1" 301 469 "-" "Mozilla/5.0 (Linux; Android 6.0.1; Nexus 5X Build/MMB29P) AppleWebKit/537.36 (KHTML, like Gecko) Chrome/146.0.7680.177 Mobile Safari/537.36 (compatible; Googlebot/2.1; +http://www.google.com/bot.html)"
66.249.66.198 - - [15/Apr/2026:06:09:54 +0200] "GET /goods/Des-Femmes-2024-U2013-Sac-Main-Jaune-Bouquet-Mimosa-Ours/576311 HTTP/1.1" 404 16848 "-" "Mozilla/5.0 (Linux; Android 6.0.1; Nexus 5X Build/MMB29P) AppleWebKit/537.36 (KHTML, like Gecko) Chrome/146.0.7680.177 Mobile Safari/537.36 (compatible; Googlebot/2.1; +http://www.google.com/bot.html)"
66.249.66.32 - - [15/Apr/2026:06:09:54 +0200] "GET /goods/Poisson-Et-De-Jeu-Pliante-Avec-vier-Table-De-Camping-Pliante/1027038 HTTP/1.1" 301 475 "-" "Mozilla/5.0 (Linux; Android 6.0.1; Nexus 5X Build/MMB29P) AppleWebKit/537.36 (KHTML, like Gecko) Chrome/146.0.7680.177 Mobile Safari/537.36 (compatible; Googlebot/2.1; +http://www.google.com/bot.html)"
66.249.66.198 - - [15/Apr/2026:06:09:55 +0200] "GET /goods/Disque-Lae-Widia-Avec-40-Pointes-Pour-D-broussailleuse/1092829 HTTP/1.1" 404 16848 "-" "Mozilla/5.0 (Linux; Android 6.0.1; Nexus 5X Build/MMB29P) AppleWebKit/537.36 (KHTML, like Gecko) Chrome/146.0.7680.177 Mobile Safari/537.36 (compatible; Googlebot/2.1; +http://www.google.com/bot.html)"
66.249.66.32 - - [15/Apr/2026:06:09:55 +0200] "GET /goods/2-Sacs-De-Collecte-De-Feuilles-50026858-WGBAG500-Pour-Aspirateur/1093012 HTTP/1.1" 301 479 "-" "Mozilla/5.0 (Linux; Android 6.0.1; Nexus 5X Build/MMB29P) AppleWebKit/537.36 (KHTML, like Gecko) Chrome/146.0.7680.177 Mobile Safari/537.36 (compatible; Googlebot/2.1; +http://www.google.com/bot.html)"
66.249.66.32 - - [15/Apr/2026:06:09:56 +0200] "GET /goods/De-Pompiers-En-Bois-12-Pi-ces-Multicolore-8-Pompiers-NEUF/1189905 HTTP/1.1" 301 473 "-" "Mozilla/5.0 (Linux; Android 6.0.1; Nexus 5X Build/MMB29P) AppleWebKit/537.36 (KHTML, like Gecko) Chrome/146.0.7680.177 Mobile Safari/537.36 (compatible; Googlebot/2.1; +http://www.google.com/bot.html)"
66.249.66.198 - - [15/Apr/2026:06:09:56 +0200] "GET /goods/Poisson-Et-De-Jeu-Pliante-Avec-vier-Table-De-Camping-Pliante/1027038 HTTP/1.1" 404 16848 "-" "Mozilla/5.0 (Linux; Android 6.0.1; Nexus 5X Build/MMB29P) AppleWebKit/537.36 (KHTML, like Gecko) Chrome/146.0.7680.177 Mobile Safari/537.36 (compatible; Googlebot/2.1; +http://www.google.com/bot.html)"
66.249.66.198 - - [15/Apr/2026:06:09:57 +0200] "GET /goods/2-Sacs-De-Collecte-De-Feuilles-50026858-WGBAG500-Pour-Aspirateur/1093012 HTTP/1.1" 404 16848 "-" "Mozilla/5.0 (Linux; Android 6.0.1; Nexus 5X Build/MMB29P) AppleWebKit/537.36 (KHTML, like Gecko) Chrome/146.0.7680.177 Mobile Safari/537.36 (compatible; Googlebot/2.1; +http://www.google.com/bot.html)"
66.249.66.32 - - [15/Apr/2026:06:09:57 +0200] "GET /goods/Tron-onneuse-Stihl-036-MS360/1092628 HTTP/1.1" 301 443 "-" "Mozilla/5.0 (Linux; Android 6.0.1; Nexus 5X Build/MMB29P) AppleWebKit/537.36 (KHTML, like Gecko) Chrome/146.0.7680.177 Mobile Safari/537.36 (compatible; Googlebot/2.1; +http://www.google.com/bot.html)"
66.249.66.198 - - [15/Apr/2026:06:09:58 +0200] "GET /goods/De-Pompiers-En-Bois-12-Pi-ces-Multicolore-8-Pompiers-NEUF/1189905 HTTP/1.1" 404 16848 "-" "Mozilla/5.0 (Linux; Android 6.0.1; Nexus 5X Build/MMB29P) AppleWebKit/537.36 (KHTML, like Gecko) Chrome/146.0.7680.177 Mobile Safari/537.36 (compatible; Googlebot/2.1; +http://www.google.com/bot.html)"
66.249.66.32 - - [15/Apr/2026:06:09:58 +0200] "GET /goods/Carburateur-Remplacement-Pour-Tecumseh-640020-640020A-640020B/1092832 HTTP/1.1" 301 476 "-" "Mozilla/5.0 (Linux; Android 6.0.1; Nexus 5X Build/MMB29P) AppleWebKit/537.36 (KHTML, like Gecko) Chrome/146.0.7680.177 Mobile Safari/537.36 (compatible; Googlebot/2.1; +http://www.google.com/bot.html)"
66.249.66.32 - - [15/Apr/2026:06:09:59 +0200] "GET /goods/ION-Batterie-4000mAh-18V-Pour-Tondeuse-Gazon-Robot-Tondeuse/1092620 HTTP/1.1" 301 474 "-" "Mozilla/5.0 (Linux; Android 6.0.1; Nexus 5X Build/MMB29P) AppleWebKit/537.36 (KHTML, like Gecko) Chrome/146.0.7680.177 Mobile Safari/537.36 (compatible; Googlebot/2.1; +http://www.google.com/bot.html)"
66.249.66.198 - - [15/Apr/2026:06:09:59 +0200] "GET /goods/Tron-onneuse-Stihl-036-MS360/1092628 HTTP/1.1" 404 16848 "-" "Mozilla/5.0 (Linux; Android 6.0.1; Nexus 5X Build/MMB29P) AppleWebKit/537.36 (KHTML, like Gecko) Chrome/146.0.7680.177 Mobile Safari/537.36 (compatible; Googlebot/2.1; +http://www.google.com/bot.html)"
66.249.66.198 - - [15/Apr/2026:06:10:00 +0200] "GET /goods/Carburateur-Remplacement-Pour-Tecumseh-640020-640020A-640020B/1092832 HTTP/1.1" 404 16848 "-" "Mozilla/5.0 (Linux; Android 6.0.1; Nexus 5X Build/MMB29P) AppleWebKit/537.36 (KHTML, like Gecko) Chrome/146.0.7680.177 Mobile Safari/537.36 (compatible; Googlebot/2.1; +http://www.google.com/bot.html)"
66.249.66.32 - - [15/Apr/2026:06:10:00 +0200] "GET /goods/Ergonomique-Chaise-D-039-Ordinateur-En-Maille-Respirante/760733 HTTP/1.1" 301 470 "-" "Mozilla/5.0 (Linux; Android 6.0.1; Nexus 5X Build/MMB29P) AppleWebKit/537.36 (KHTML, like Gecko) Chrome/146.0.7680.177 Mobile Safari/537.36 (compatible; Googlebot/2.1; +http://www.google.com/bot.html)"
66.249.66.198 - - [15/Apr/2026:06:10:01 +0200] "GET /goods/ION-Batterie-4000mAh-18V-Pour-Tondeuse-Gazon-Robot-Tondeuse/1092620 HTTP/1.1" 404 16848 "-" "Mozilla/5.0 (Linux; Android 6.0.1; Nexus 5X Build/MMB29P) AppleWebKit/537.36 (KHTML, like Gecko) Chrome/146.0.7680.177 Mobile Safari/537.36 (compatible; Googlebot/2.1; +http://www.google.com/bot.html)"
66.249.66.32 - - [15/Apr/2026:06:10:01 +0200] "GET /goods/Dentelle-Asym-trique-Gland-Tricot/691135 HTTP/1.1" 301 447 "-" "Mozilla/5.0 (Linux; Android 6.0.1; Nexus 5X Build/MMB29P) AppleWebKit/537.36 (KHTML, like Gecko) Chrome/146.0.7680.177 Mobile Safari/537.36 (compatible; Googlebot/2.1; +http://www.google.com/bot.html)"
66.249.66.198 - - [15/Apr/2026:06:10:02 +0200] "GET /goods/Ergonomique-Chaise-D-039-Ordinateur-En-Maille-Respirante/760733 HTTP/1.1" 404 16848 "-" "Mozilla/5.0 (Linux; Android 6.0.1; Nexus 5X Build/MMB29P) AppleWebKit/537.36 (KHTML, like Gecko) Chrome/146.0.7680.177 Mobile Safari/537.36 (compatible; Googlebot/2.1; +http://www.google.com/bot.html)"
66.249.66.32 - - [15/Apr/2026:06:10:02 +0200] "GET /goods/Issue-109-By-Neil-Clarke-A-C-Wise-Rich-Larson-Hao-Jingfang/551324 HTTP/1.1" 301 472 "-" "Mozilla/5.0 (Linux; Android 6.0.1; Nexus 5X Build/MMB29P) AppleWebKit/537.36 (KHTML, like Gecko) Chrome/146.0.7680.177 Mobile Safari/537.36 (compatible; Googlebot/2.1; +http://www.google.com/bot.html)"
66.249.66.32 - - [15/Apr/2026:06:10:03 +0200] "GET /goods/Alimentaire-Blanc-Les-Artistes-Ed-lices-Colorant-Alimentaire/564444 HTTP/1.1" 301 475 "-" "Mozilla/5.0 (Linux; Android 6.0.1; Nexus 5X Build/MMB29P) AppleWebKit/537.36 (KHTML, like Gecko) Chrome/146.0.7680.177 Mobile Safari/537.36 (compatible; Googlebot/2.1; +http://www.google.com/bot.html)"
66.249.66.198 - - [15/Apr/2026:06:10:03 +0200] "GET /goods/Dentelle-Asym-trique-Gland-Tricot/691135 HTTP/1.1" 404 16848 "-" "Mozilla/5.0 (Linux; Android 6.0.1; Nexus 5X Build/MMB29P) AppleWebKit/537.36 (KHTML, like Gecko) Chrome/146.0.7680.177 Mobile Safari/537.36 (compatible; Googlebot/2.1; +http://www.google.com/bot.html)"
66.249.66.32 - - [15/Apr/2026:06:10:04 +0200] "GET /goods/Clarkesworld-Issue-221-Clarke-Neil-Vega-Roc-o-Moore/551216 HTTP/1.1" 301 465 "-" "Mozilla/5.0 (Linux; Android 6.0.1; Nexus 5X Build/MMB29P) AppleWebKit/537.36 (KHTML, like Gecko) Chrome/146.0.7680.177 Mobile Safari/537.36 (compatible; Googlebot/2.1; +http://www.google.com/bot.html)"
66.249.66.198 - - [15/Apr/2026:06:10:04 +0200] "GET /goods/Issue-109-By-Neil-Clarke-A-C-Wise-Rich-Larson-Hao-Jingfang/551324 HTTP/1.1" 404 16848 "-" "Mozilla/5.0 (Linux; Android 6.0.1; Nexus 5X Build/MMB29P) AppleWebKit/537.36 (KHTML, like Gecko) Chrome/146.0.7680.177 Mobile Safari/537.36 (compatible; Googlebot/2.1; +http://www.google.com/bot.html)"
66.249.66.198 - - [15/Apr/2026:06:10:05 +0200] "GET /goods/Alimentaire-Blanc-Les-Artistes-Ed-lices-Colorant-Alimentaire/564444 HTTP/1.1" 404 16848 "-" "Mozilla/5.0 (Linux; Android 6.0.1; Nexus 5X Build/MMB29P) AppleWebKit/537.36 (KHTML, like Gecko) Chrome/146.0.7680.177 Mobile Safari/537.36 (compatible; Googlebot/2.1; +http://www.google.com/bot.html)"
66.249.66.32 - - [15/Apr/2026:06:10:05 +0200] "GET /goods/Las-Se-as-De-Identidad-De-Los-Jacksonville-Jaguars-Spanish/1001428 HTTP/1.1" 301 473 "-" "Mozilla/5.0 (Linux; Android 6.0.1; Nexus 5X Build/MMB29P) AppleWebKit/537.36 (KHTML, like Gecko) Chrome/146.0.7680.177 Mobile Safari/537.36 (compatible; Googlebot/2.1; +http://www.google.com/bot.html)"
66.249.66.198 - - [15/Apr/2026:06:10:06 +0200] "GET /goods/Clarkesworld-Issue-221-Clarke-Neil-Vega-Roc-o-Moore/551216 HTTP/1.1" 404 16848 "-" "Mozilla/5.0 (Linux; Android 6.0.1; Nexus 5X Build/MMB29P) AppleWebKit/537.36 (KHTML, like Gecko) Chrome/146.0.7680.177 Mobile Safari/537.36 (compatible; Googlebot/2.1; +http://www.google.com/bot.html)"
66.249.66.32 - - [15/Apr/2026:06:10:06 +0200] "GET /goods/Mills-Built-In-1972-By-Phil-Ward-A/1125173 HTTP/1.1" 301 449 "-" "Mozilla/5.0 (Linux; Android 6.0.1; Nexus 5X Build/MMB29P) AppleWebKit/537.36 (KHTML, like Gecko) Chrome/146.0.7680.177 Mobile Safari/537.36 (compatible; Googlebot/2.1; +http://www.google.com/bot.html)"
66.249.66.32 - - [15/Apr/2026:06:10:07 +0200] "GET /goods/200-Mini-pingles-Rondes-Fendues-Attaches-Parisiennes/1205627 HTTP/1.1" 301 467 "-" "Mozilla/5.0 (Linux; Android 6.0.1; Nexus 5X Build/MMB29P) AppleWebKit/537.36 (KHTML, like Gecko) Chrome/146.0.7680.177 Mobile Safari/537.36 (compatible; Googlebot/2.1; +http://www.google.com/bot.html)"
66.249.66.198 - - [15/Apr/2026:06:10:07 +0200] "GET /goods/Las-Se-as-De-Identidad-De-Los-Jacksonville-Jaguars-Spanish/1001428 HTTP/1.1" 404 16848 "-" "Mozilla/5.0 (Linux; Android 6.0.1; Nexus 5X Build/MMB29P) AppleWebKit/537.36 (KHTML, like Gecko) Chrome/146.0.7680.177 Mobile Safari/537.36 (compatible; Googlebot/2.1; +http://www.google.com/bot.html)"
66.249.66.32 - - [15/Apr/2026:06:10:08 +0200] "GET /goods/Ciffre-Sarong-Pareo-Lunghi-Dhoti-Jupe-Enveloppante-Ch-le-Blanc/631833 HTTP/1.1" 301 476 "-" "Mozilla/5.0 (Linux; Android 6.0.1; Nexus 5X Build/MMB29P) AppleWebKit/537.36 (KHTML, like Gecko) Chrome/146.0.7680.177 Mobile Safari/537.36 (compatible; Googlebot/2.1; +http://www.google.com/bot.html)"
66.249.66.198 - - [15/Apr/2026:06:10:08 +0200] "GET /goods/Mills-Built-In-1972-By-Phil-Ward-A/1125173 HTTP/1.1" 404 16848 "-" "Mozilla/5.0 (Linux; Android 6.0.1; Nexus 5X Build/MMB29P) AppleWebKit/537.36 (KHTML, like Gecko) Chrome/146.0.7680.177 Mobile Safari/537.36 (compatible; Googlebot/2.1; +http://www.google.com/bot.html)"
66.249.66.198 - - [15/Apr/2026:06:10:09 +0200] "GET /goods/200-Mini-pingles-Rondes-Fendues-Attaches-Parisiennes/1205627 HTTP/1.1" 404 16848 "-" "Mozilla/5.0 (Linux; Android 6.0.1; Nexus 5X Build/MMB29P) AppleWebKit/537.36 (KHTML, like Gecko) Chrome/146.0.7680.177 Mobile Safari/537.36 (compatible; Googlebot/2.1; +http://www.google.com/bot.html)"
66.249.66.32 - - [15/Apr/2026:06:10:10 +0200] "GET /goods/Pour-B-b-Brosse-De-Massage-Propre-Pour-Les-Dents-Des-Bebes/1180280 HTTP/1.1" 301 473 "-" "Mozilla/5.0 (Linux; Android 6.0.1; Nexus 5X Build/MMB29P) AppleWebKit/537.36 (KHTML, like Gecko) Chrome/146.0.7680.177 Mobile Safari/537.36 (compatible; Googlebot/2.1; +http://www.google.com/bot.html)"
66.249.66.198 - - [15/Apr/2026:06:10:10 +0200] "GET /goods/Ciffre-Sarong-Pareo-Lunghi-Dhoti-Jupe-Enveloppante-Ch-le-Blanc/631833 HTTP/1.1" 404 16848 "-" "Mozilla/5.0 (Linux; Android 6.0.1; Nexus 5X Build/MMB29P) AppleWebKit/537.36 (KHTML, like Gecko) Chrome/146.0.7680.177 Mobile Safari/537.36 (compatible; Googlebot/2.1; +http://www.google.com/bot.html)"
66.249.66.32 - - [15/Apr/2026:06:10:11 +0200] "GET /goods/Gaming-Chaise-D-039-ordinateur-De-Bureau-Haut-Dossier/1276929 HTTP/1.1" 301 468 "-" "Mozilla/5.0 (Linux; Android 6.0.1; Nexus 5X Build/MMB29P) AppleWebKit/537.36 (KHTML, like Gecko) Chrome/146.0.7680.177 Mobile Safari/537.36 (compatible; Googlebot/2.1; +http://www.google.com/bot.html)"
66.249.66.32 - - [15/Apr/2026:06:10:12 +0200] "GET /goods/T-l-commande-Rc390230068434-Pour-Televiseur-Aya-Goodmans/1266495 HTTP/1.1" 301 472 "-" "Mozilla/5.0 (Linux; Android 6.0.1; Nexus 5X Build/MMB29P) AppleWebKit/537.36 (KHTML, like Gecko) Chrome/146.0.7680.177 Mobile Safari/537.36 (compatible; Googlebot/2.1; +http://www.google.com/bot.html)"
66.249.66.198 - - [15/Apr/2026:06:10:12 +0200] "GET /goods/Pour-B-b-Brosse-De-Massage-Propre-Pour-Les-Dents-Des-Bebes/1180280 HTTP/1.1" 404 16848 "-" "Mozilla/5.0 (Linux; Android 6.0.1; Nexus 5X Build/MMB29P) AppleWebKit/537.36 (KHTML, like Gecko) Chrome/146.0.7680.177 Mobile Safari/537.36 (compatible; Googlebot/2.1; +http://www.google.com/bot.html)"
66.249.66.32 - - [15/Apr/2026:06:10:12 +0200] "GET /goods/Foulard-Soie-Imprim-Baroque-Noir-Multi-Guess-La-Redoute/1016310 HTTP/1.1" 301 470 "-" "Mozilla/5.0 (Linux; Android 6.0.1; Nexus 5X Build/MMB29P) AppleWebKit/537.36 (KHTML, like Gecko) Chrome/146.0.7680.177 Mobile Safari/537.36 (compatible; Googlebot/2.1; +http://www.google.com/bot.html)"
66.249.66.198 - - [15/Apr/2026:06:10:13 +0200] "GET /goods/Gaming-Chaise-D-039-ordinateur-De-Bureau-Haut-Dossier/1276929 HTTP/1.1" 404 16848 "-" "Mozilla/5.0 (Linux; Android 6.0.1; Nexus 5X Build/MMB29P) AppleWebKit/537.36 (KHTML, like Gecko) Chrome/146.0.7680.177 Mobile Safari/537.36 (compatible; Googlebot/2.1; +http://www.google.com/bot.html)"
66.249.66.198 - - [15/Apr/2026:06:10:13 +0200] "GET /goods/T-l-commande-Rc390230068434-Pour-Televiseur-Aya-Goodmans/1266495 HTTP/1.1" 404 16849 "-" "Mozilla/5.0 (Linux; Android 6.0.1; Nexus 5X Build/MMB29P) AppleWebKit/537.36 (KHTML, like Gecko) Chrome/146.0.7680.177 Mobile Safari/537.36 (compatible; Googlebot/2.1; +http://www.google.com/bot.html)"
66.249.66.32 - - [15/Apr/2026:06:10:14 +0200] "GET /goods/D-039-ameublement-ULTIMATE-INTERIOR-Moteur-De/1094433 HTTP/1.1" 301 460 "-" "Mozilla/5.0 (Linux; Android 6.0.1; Nexus 5X Build/MMB29P) AppleWebKit/537.36 (KHTML, like Gecko) Chrome/146.0.7680.177 Mobile Safari/537.36 (compatible; Googlebot/2.1; +http://www.google.com/bot.html)"
66.249.66.198 - - [15/Apr/2026:06:10:14 +0200] "GET /goods/Foulard-Soie-Imprim-Baroque-Noir-Multi-Guess-La-Redoute/1016310 HTTP/1.1" 404 16856 "-" "Mozilla/5.0 (Linux; Android 6.0.1; Nexus 5X Build/MMB29P) AppleWebKit/537.36 (KHTML, like Gecko) Chrome/146.0.7680.177 Mobile Safari/537.36 (compatible; Googlebot/2.1; +http://www.google.com/bot.html)"
66.249.66.32 - - [15/Apr/2026:06:10:15 +0200] "GET /goods/Scarfs-For-Women-Pashmina-Silky-Shawl-Wrap-For-Evening-Dressing/1015260 HTTP/1.1" 301 478 "-" "Mozilla/5.0 (Linux; Android 6.0.1; Nexus 5X Build/MMB29P) AppleWebKit/537.36 (KHTML, like Gecko) Chrome/146.0.7680.177 Mobile Safari/537.36 (compatible; Googlebot/2.1; +http://www.google.com/bot.html)"
66.249.66.32 - - [15/Apr/2026:06:10:16 +0200] "GET /goods/hydratation-Thermique-Vessie-D-039-eau-Isol-e-Pour/650979 HTTP/1.1" 301 464 "-" "Mozilla/5.0 (Linux; Android 6.0.1; Nexus 5X Build/MMB29P) AppleWebKit/537.36 (KHTML, like Gecko) Chrome/146.0.7680.177 Mobile Safari/537.36 (compatible; Googlebot/2.1; +http://www.google.com/bot.html)"
66.249.66.198 - - [15/Apr/2026:06:10:17 +0200] "GET /goods/D-039-ameublement-ULTIMATE-INTERIOR-Moteur-De/1094433 HTTP/1.1" 404 16848 "-" "Mozilla/5.0 (Linux; Android 6.0.1; Nexus 5X Build/MMB29P) AppleWebKit/537.36 (KHTML, like Gecko) Chrome/146.0.7680.177 Mobile Safari/537.36 (compatible; Googlebot/2.1; +http://www.google.com/bot.html)"
66.249.66.32 - - [15/Apr/2026:06:10:17 +0200] "GET /goods/Galanos-Brod-e-De-Paillettes-Et-Dentelle-Noire-Chez-Sarah/1018408 HTTP/1.1" 301 472 "-" "Mozilla/5.0 (Linux; Android 6.0.1; Nexus 5X Build/MMB29P) AppleWebKit/537.36 (KHTML, like Gecko) Chrome/146.0.7680.177 Mobile Safari/537.36 (compatible; Googlebot/2.1; +http://www.google.com/bot.html)"
66.249.66.198 - - [15/Apr/2026:06:10:18 +0200] "GET /goods/Scarfs-For-Women-Pashmina-Silky-Shawl-Wrap-For-Evening-Dressing/1015260 HTTP/1.1" 404 16848 "-" "Mozilla/5.0 (Linux; Android 6.0.1; Nexus 5X Build/MMB29P) AppleWebKit/537.36 (KHTML, like Gecko) Chrome/146.0.7680.177 Mobile Safari/537.36 (compatible; Googlebot/2.1; +http://www.google.com/bot.html)"
66.249.66.32 - - [15/Apr/2026:06:10:18 +0200] "GET /goods/Femmes-Foulards-Hijab-En-Dentelle-Voile-Musulmanes-Set-De-Foulard/1018891 HTTP/1.1" 301 480 "-" "Mozilla/5.0 (Linux; Android 6.0.1; Nexus 5X Build/MMB29P) AppleWebKit/537.36 (KHTML, like Gecko) Chrome/146.0.7680.177 Mobile Safari/537.36 (compatible; Googlebot/2.1; +http://www.google.com/bot.html)"
66.249.66.198 - - [15/Apr/2026:06:10:19 +0200] "GET /goods/hydratation-Thermique-Vessie-D-039-eau-Isol-e-Pour/650979 HTTP/1.1" 404 16848 "-" "Mozilla/5.0 (Linux; Android 6.0.1; Nexus 5X Build/MMB29P) AppleWebKit/537.36 (KHTML, like Gecko) Chrome/146.0.7680.177 Mobile Safari/537.36 (compatible; Googlebot/2.1; +http://www.google.com/bot.html)"
66.249.66.32 - - [15/Apr/2026:06:10:19 +0200] "GET /goods/Velilla-Pantalon-Bicolore-60-Gris-Rouge-Leroy-Merlin/1274279 HTTP/1.1" 301 467 "-" "Mozilla/5.0 (Linux; Android 6.0.1; Nexus 5X Build/MMB29P) AppleWebKit/537.36 (KHTML, like Gecko) Chrome/146.0.7680.177 Mobile Safari/537.36 (compatible; Googlebot/2.1; +http://www.google.com/bot.html)"
66.249.66.198 - - [15/Apr/2026:06:10:20 +0200] "GET /goods/Galanos-Brod-e-De-Paillettes-Et-Dentelle-Noire-Chez-Sarah/1018408 HTTP/1.1" 404 16848 "-" "Mozilla/5.0 (Linux; Android 6.0.1; Nexus 5X Build/MMB29P) AppleWebKit/537.36 (KHTML, like Gecko) Chrome/146.0.7680.177 Mobile Safari/537.36 (compatible; Googlebot/2.1; +http://www.google.com/bot.html)"
66.249.66.32 - - [15/Apr/2026:06:10:20 +0200] "GET /goods/Cheesemongers-Parm-Set-Pro-Couteaux-Fromage-New/1046406 HTTP/1.1" 301 462 "-" "Mozilla/5.0 (Linux; Android 6.0.1; Nexus 5X Build/MMB29P) AppleWebKit/537.36 (KHTML, like Gecko) Chrome/146.0.7680.177 Mobile Safari/537.36 (compatible; Googlebot/2.1; +http://www.google.com/bot.html)"
66.249.66.198 - - [15/Apr/2026:06:10:21 +0200] "GET /goods/Femmes-Foulards-Hijab-En-Dentelle-Voile-Musulmanes-Set-De-Foulard/1018891 HTTP/1.1" 404 16848 "-" "Mozilla/5.0 (Linux; Android 6.0.1; Nexus 5X Build/MMB29P) AppleWebKit/537.36 (KHTML, like Gecko) Chrome/146.0.7680.177 Mobile Safari/537.36 (compatible; Googlebot/2.1; +http://www.google.com/bot.html)"
66.249.66.32 - - [15/Apr/2026:06:10:21 +0200] "GET /goods/Un-Grito-En-Favor-Del-Celuloide-Cultura-EL-PA-S/1247380 HTTP/1.1" 301 462 "-" "Mozilla/5.0 (Linux; Android 6.0.1; Nexus 5X Build/MMB29P) AppleWebKit/537.36 (KHTML, like Gecko) Chrome/146.0.7680.177 Mobile Safari/537.36 (compatible; Googlebot/2.1; +http://www.google.com/bot.html)"
66.249.66.198 - - [15/Apr/2026:06:10:22 +0200] "GET /goods/Velilla-Pantalon-Bicolore-60-Gris-Rouge-Leroy-Merlin/1274279 HTTP/1.1" 404 16856 "-" "Mozilla/5.0 (Linux; Android 6.0.1; Nexus 5X Build/MMB29P) AppleWebKit/537.36 (KHTML, like Gecko) Chrome/146.0.7680.177 Mobile Safari/537.36 (compatible; Googlebot/2.1; +http://www.google.com/bot.html)"
66.249.66.32 - - [15/Apr/2026:06:10:22 +0200] "GET /goods/Femme-Avec-Visi-re-En-Coton-Fran-ais/622664 HTTP/1.1" 301 450 "-" "Mozilla/5.0 (Linux; Android 6.0.1; Nexus 5X Build/MMB29P) AppleWebKit/537.36 (KHTML, like Gecko) Chrome/146.0.7680.177 Mobile Safari/537.36 (compatible; Googlebot/2.1; +http://www.google.com/bot.html)"
66.249.66.198 - - [15/Apr/2026:06:10:23 +0200] "GET /goods/Cheesemongers-Parm-Set-Pro-Couteaux-Fromage-New/1046406 HTTP/1.1" 404 16848 "-" "Mozilla/5.0 (Linux; Android 6.0.1; Nexus 5X Build/MMB29P) AppleWebKit/537.36 (KHTML, like Gecko) Chrome/146.0.7680.177 Mobile Safari/537.36 (compatible; Googlebot/2.1; +http://www.google.com/bot.html)"
66.249.66.198 - - [15/Apr/2026:06:10:23 +0200] "GET /goods/Un-Grito-En-Favor-Del-Celuloide-Cultura-EL-PA-S/1247380 HTTP/1.1" 404 16849 "-" "Mozilla/5.0 (Linux; Android 6.0.1; Nexus 5X Build/MMB29P) AppleWebKit/537.36 (KHTML, like Gecko) Chrome/146.0.7680.177 Mobile Safari/537.36 (compatible; Googlebot/2.1; +http://www.google.com/bot.html)"
66.249.66.32 - - [15/Apr/2026:06:10:24 +0200] "GET /goods/Et-Foulards-En-Cachemire-Pour-Femme-Douce-Gloire/1015164 HTTP/1.1" 301 463 "-" "Mozilla/5.0 (Linux; Android 6.0.1; Nexus 5X Build/MMB29P) AppleWebKit/537.36 (KHTML, like Gecko) Chrome/146.0.7680.177 Mobile Safari/537.36 (compatible; Googlebot/2.1; +http://www.google.com/bot.html)"
66.249.66.32 - - [15/Apr/2026:06:10:24 +0200] "GET /goods/Rouge-Fleurs-Sauvages-Photo-Gratuite-Sur-Pixabay-Pixabay/1016823 HTTP/1.1" 301 472 "-" "Mozilla/5.0 (Linux; Android 6.0.1; Nexus 5X Build/MMB29P) AppleWebKit/537.36 (KHTML, like Gecko) Chrome/146.0.7680.177 Mobile Safari/537.36 (compatible; Googlebot/2.1; +http://www.google.com/bot.html)"
66.249.66.198 - - [15/Apr/2026:06:10:25 +0200] "GET /goods/Femme-Avec-Visi-re-En-Coton-Fran-ais/622664 HTTP/1.1" 404 16848 "-" "Mozilla/5.0 (Linux; Android 6.0.1; Nexus 5X Build/MMB29P) AppleWebKit/537.36 (KHTML, like Gecko) Chrome/146.0.7680.177 Mobile Safari/537.36 (compatible; Googlebot/2.1; +http://www.google.com/bot.html)"
66.249.66.32 - - [15/Apr/2026:06:10:25 +0200] "GET /goods/commande-Qui-Remplace-CONTINENTAL-EDISON-CELED55UHDB7/1153350 HTTP/1.1" 301 468 "-" "Mozilla/5.0 (Linux; Android 6.0.1; Nexus 5X Build/MMB29P) AppleWebKit/537.36 (KHTML, like Gecko) Chrome/146.0.7680.177 Mobile Safari/537.36 (compatible; Googlebot/2.1; +http://www.google.com/bot.html)"
66.249.66.32 - - [15/Apr/2026:06:10:26 +0200] "GET /goods/Couteau-D-sosser-saigner-14-Ou-16-Cm-Manche-Fibrox-Vert/1289086 HTTP/1.1" 301 470 "-" "Mozilla/5.0 (Linux; Android 6.0.1; Nexus 5X Build/MMB29P) AppleWebKit/537.36 (KHTML, like Gecko) Chrome/146.0.7680.177 Mobile Safari/537.36 (compatible; Googlebot/2.1; +http://www.google.com/bot.html)"
66.249.66.198 - - [15/Apr/2026:06:10:26 +0200] "GET /goods/Et-Foulards-En-Cachemire-Pour-Femme-Douce-Gloire/1015164 HTTP/1.1" 404 16856 "-" "Mozilla/5.0 (Linux; Android 6.0.1; Nexus 5X Build/MMB29P) AppleWebKit/537.36 (KHTML, like Gecko) Chrome/146.0.7680.177 Mobile Safari/537.36 (compatible; Googlebot/2.1; +http://www.google.com/bot.html)"
