File: /var/www/ilya/data/logs/lukoil.ezho.ru.access.log
159.69.139.208 - - [15/Apr/2026:00:02:12 +0200] "HEAD /zapchasti/price/1.xlsx?refresh HTTP/1.1" 200 292 "-" "-"
159.69.139.208 - - [15/Apr/2026:00:02:12 +0200] "GET /zapchasti/price/1.xlsx?refresh HTTP/1.1" 200 1089316 "http://japancar.ru/" "Mozilla/4.0 (compatible; MSIE 5.01; Windows NT 5.0)"
195.88.224.73 - - [15/Apr/2026:00:14:13 +0200] "GET /zapchasti/mp1098.jpg?fp=1 HTTP/1.1" 404 493 "-" "okhttp/4.10.0"
195.88.224.73 - - [15/Apr/2026:01:14:18 +0200] "GET /zapchasti/fx1079.jpg?fp=1 HTTP/1.1" 404 493 "-" "okhttp/4.10.0"
195.88.224.73 - - [15/Apr/2026:01:24:17 +0200] "GET /zapchasti/bc-0099.jpg?fp=1 HTTP/1.1" 200 173666 "-" "okhttp/4.10.0"
92.53.90.229 - - [15/Apr/2026:01:25:35 +0200] "GET /zapchasti/gf-117.jpg HTTP/1.1" 200 44366 "-" "Mozilla/5.0 (Windows NT 10.0; Win64; x64; rv:70.0) Gecko/20100101 Firefox/70.0"
195.88.224.73 - - [15/Apr/2026:01:44:18 +0200] "GET /zapchasti/bkr8eix.jpg?fp=1 HTTP/1.1" 404 493 "-" "okhttp/4.10.0"
195.88.224.73 - - [15/Apr/2026:01:44:18 +0200] "GET /zapchasti/12341-pna000d.jpg?fp=1 HTTP/1.1" 404 493 "-" "okhttp/4.10.0"
195.88.224.73 - - [15/Apr/2026:01:44:18 +0200] "GET /zapchasti/xh1293e0.jpg?fp=1 HTTP/1.1" 404 493 "-" "okhttp/4.10.0"
195.88.224.73 - - [15/Apr/2026:01:54:19 +0200] "GET /zapchasti/smf46b24l.jpg?fp=1 HTTP/1.1" 404 493 "-" "okhttp/4.10.0"
159.69.139.208 - - [15/Apr/2026:02:01:54 +0200] "HEAD /zapchasti/price/1.xlsx?refresh HTTP/1.1" 200 292 "-" "-"
159.69.139.208 - - [15/Apr/2026:02:01:54 +0200] "GET /zapchasti/price/1.xlsx?refresh HTTP/1.1" 200 1089316 "http://japancar.ru/" "Mozilla/4.0 (compatible; MSIE 5.01; Windows NT 5.0)"
195.88.224.73 - - [15/Apr/2026:02:04:16 +0200] "GET /zapchasti/r/gv0147.jpg HTTP/1.1" 200 51979 "-" "okhttp/4.10.0"
195.88.224.73 - - [15/Apr/2026:02:04:16 +0200] "GET /zapchasti/r/gv0147%20(2).jpg HTTP/1.1" 200 65248 "-" "okhttp/4.10.0"
195.88.224.73 - - [15/Apr/2026:02:04:20 +0200] "GET /zapchasti/19840.jpg?fp=1 HTTP/1.1" 404 493 "-" "okhttp/4.10.0"
195.88.224.73 - - [15/Apr/2026:02:04:25 +0200] "GET /zapchasti/r/g121254lr.jpg HTTP/1.1" 200 69037 "-" "okhttp/4.10.0"
195.88.224.73 - - [15/Apr/2026:02:04:29 +0200] "GET /zapchasti/r/dh1482r.jpg HTTP/1.1" 200 222986 "-" "okhttp/4.10.0"
195.88.224.73 - - [15/Apr/2026:02:04:42 +0200] "GET /zapchasti/r/dm-9304.jpg HTTP/1.1" 200 76383 "-" "okhttp/4.10.0"
195.88.224.73 - - [15/Apr/2026:02:04:42 +0200] "GET /zapchasti/r/dm-9304%20(2).jpg HTTP/1.1" 200 66475 "-" "okhttp/4.10.0"
195.88.224.73 - - [15/Apr/2026:02:04:42 +0200] "GET /zapchasti/r/c8488.jpg HTTP/1.1" 200 152766 "-" "okhttp/4.10.0"
195.88.224.73 - - [15/Apr/2026:02:04:44 +0200] "GET /zapchasti/r/dm-3033.jpg HTTP/1.1" 200 76545 "-" "okhttp/4.10.0"
195.88.224.73 - - [15/Apr/2026:02:04:44 +0200] "GET /zapchasti/r/dm-3033%20(2).jpg HTTP/1.1" 200 65005 "-" "okhttp/4.10.0"
195.88.224.73 - - [15/Apr/2026:02:04:48 +0200] "GET /zapchasti/r/dm-7069.jpg HTTP/1.1" 200 73362 "-" "okhttp/4.10.0"
195.88.224.73 - - [15/Apr/2026:02:04:48 +0200] "GET /zapchasti/r/dm-7069%20(2).jpg HTTP/1.1" 200 65084 "-" "okhttp/4.10.0"
195.88.224.73 - - [15/Apr/2026:02:04:48 +0200] "GET /zapchasti/r/fx-1095.jpg HTTP/1.1" 200 187588 "-" "okhttp/4.10.0"
195.88.224.73 - - [15/Apr/2026:02:04:54 +0200] "GET /zapchasti/r/fc-2178.jpg HTTP/1.1" 200 79199 "-" "okhttp/4.10.0"
195.88.224.73 - - [15/Apr/2026:02:04:55 +0200] "GET /zapchasti/r/tjb1076.jpg HTTP/1.1" 200 551743 "-" "okhttp/4.10.0"
195.88.224.73 - - [15/Apr/2026:02:04:55 +0200] "GET /zapchasti/r/tjb1076%20(2).jpg HTTP/1.1" 200 725503 "-" "okhttp/4.10.0"
195.88.224.73 - - [15/Apr/2026:02:04:56 +0200] "GET /zapchasti/r/bd-7528.jpg HTTP/1.1" 200 8927 "-" "okhttp/4.10.0"
195.88.224.73 - - [15/Apr/2026:02:05:02 +0200] "GET /zapchasti/r/bd-3443.jpg HTTP/1.1" 200 96060 "-" "okhttp/4.10.0"
195.88.224.73 - - [15/Apr/2026:02:05:29 +0200] "GET /zapchasti/g0530-001%20(2).jpg?fp=1 HTTP/1.1" 404 493 "-" "okhttp/4.10.0"
195.88.224.73 - - [15/Apr/2026:02:05:29 +0200] "GET /zapchasti/g0020-004%20(2).jpg?fp=1 HTTP/1.1" 404 493 "-" "okhttp/4.10.0"
195.88.224.73 - - [15/Apr/2026:02:05:29 +0200] "GET /zapchasti/g0530-001.jpg?fp=1 HTTP/1.1" 404 493 "-" "okhttp/4.10.0"
195.88.224.73 - - [15/Apr/2026:02:05:29 +0200] "GET /zapchasti/g0020-001.jpg?fp=1 HTTP/1.1" 404 493 "-" "okhttp/4.10.0"
195.88.224.73 - - [15/Apr/2026:02:05:29 +0200] "GET /zapchasti/g0020-004.jpg?fp=1 HTTP/1.1" 404 493 "-" "okhttp/4.10.0"
195.88.224.73 - - [15/Apr/2026:02:05:29 +0200] "GET /zapchasti/g0530-001d.jpg?fp=1 HTTP/1.1" 404 492 "-" "okhttp/4.10.0"
195.88.224.73 - - [15/Apr/2026:02:05:29 +0200] "GET /zapchasti/g0530-001d%20(2).jpg?fp=1 HTTP/1.1" 404 492 "-" "okhttp/4.10.0"
195.88.224.73 - - [15/Apr/2026:02:05:29 +0200] "GET /zapchasti/g0540-001.jpg?fp=1 HTTP/1.1" 404 492 "-" "okhttp/4.10.0"
195.88.224.73 - - [15/Apr/2026:02:05:49 +0200] "GET /zapchasti/llc-40g002.jpg?fp=1 HTTP/1.1" 404 493 "-" "okhttp/4.10.0"
195.88.224.73 - - [15/Apr/2026:02:05:49 +0200] "GET /zapchasti/llc-40g002%20(2).jpg?fp=1 HTTP/1.1" 404 493 "-" "okhttp/4.10.0"
195.88.224.73 - - [15/Apr/2026:02:05:49 +0200] "GET /zapchasti/llc-40g002%20(3).jpg?fp=1 HTTP/1.1" 404 493 "-" "okhttp/4.10.0"
195.88.224.73 - - [15/Apr/2026:02:05:49 +0200] "GET /zapchasti/llc-40g004%20(2).jpg?fp=1 HTTP/1.1" 404 493 "-" "okhttp/4.10.0"
195.88.224.73 - - [15/Apr/2026:02:05:49 +0200] "GET /zapchasti/llc-40g004.jpg?fp=1 HTTP/1.1" 404 493 "-" "okhttp/4.10.0"
195.88.224.73 - - [15/Apr/2026:02:05:49 +0200] "GET /zapchasti/llc-40g004%20(3).jpg?fp=1 HTTP/1.1" 404 492 "-" "okhttp/4.10.0"
195.88.224.73 - - [15/Apr/2026:02:05:49 +0200] "GET /zapchasti/llc-40r001.jpg?fp=1 HTTP/1.1" 404 492 "-" "okhttp/4.10.0"
195.88.224.73 - - [15/Apr/2026:02:05:49 +0200] "GET /zapchasti/llc-40r001%20(2).jpg?fp=1 HTTP/1.1" 404 492 "-" "okhttp/4.10.0"
195.88.224.73 - - [15/Apr/2026:02:05:49 +0200] "GET /zapchasti/llc-40r001%20(3).jpg?fp=1 HTTP/1.1" 404 492 "-" "okhttp/4.10.0"
195.88.224.73 - - [15/Apr/2026:02:05:49 +0200] "GET /zapchasti/sllc-cb004.jpg?fp=1 HTTP/1.1" 404 492 "-" "okhttp/4.10.0"
195.88.224.73 - - [15/Apr/2026:02:05:49 +0200] "GET /zapchasti/sllc-cb004%20(2).jpg?fp=1 HTTP/1.1" 404 492 "-" "okhttp/4.10.0"
195.88.224.73 - - [15/Apr/2026:02:05:57 +0200] "GET /zapchasti/6202-2rs-g.jpg?fp=1 HTTP/1.1" 200 71860 "-" "okhttp/4.10.0"
195.88.224.73 - - [15/Apr/2026:02:06:02 +0200] "GET /zapchasti/r/spc1028.jpg HTTP/1.1" 200 68492 "-" "okhttp/4.10.0"
195.88.224.73 - - [15/Apr/2026:02:06:03 +0200] "GET /zapchasti/r/sg-0574.jpg HTTP/1.1" 200 126334 "-" "okhttp/4.10.0"
195.88.224.73 - - [15/Apr/2026:02:06:14 +0200] "GET /zapchasti/r/tshb-12-gold%20(2).jpg HTTP/1.1" 200 19345 "-" "okhttp/4.10.0"
195.88.224.73 - - [15/Apr/2026:02:06:14 +0200] "GET /zapchasti/r/tshb-12-gold.jpg HTTP/1.1" 200 20222 "-" "okhttp/4.10.0"
195.88.224.73 - - [15/Apr/2026:02:06:24 +0200] "GET /zapchasti/12341-rta-000.jpg?fp=1 HTTP/1.1" 404 493 "-" "okhttp/4.10.0"
195.88.224.73 - - [15/Apr/2026:02:06:25 +0200] "GET /zapchasti/sg-1015.jpg?fp=1 HTTP/1.1" 404 492 "-" "okhttp/4.10.0"
195.88.224.73 - - [15/Apr/2026:02:06:28 +0200] "GET /zapchasti/r/bc-2086.jpg HTTP/1.1" 200 172598 "-" "okhttp/4.10.0"
195.88.224.73 - - [15/Apr/2026:02:06:29 +0200] "GET /zapchasti/r/bc-0285.jpg HTTP/1.1" 200 178209 "-" "okhttp/4.10.0"
195.88.224.73 - - [15/Apr/2026:02:06:34 +0200] "GET /zapchasti/r/c5547lr.jpg HTTP/1.1" 200 57886 "-" "okhttp/4.10.0"
195.88.224.73 - - [15/Apr/2026:02:06:34 +0200] "GET /zapchasti/r/sd-1321.jpg HTTP/1.1" 200 282 "-" "okhttp/4.10.0"
195.88.224.73 - - [15/Apr/2026:02:06:35 +0200] "GET /zapchasti/r/sh-1978%20(2).jpg HTTP/1.1" 200 53619 "-" "okhttp/4.10.0"
195.88.224.73 - - [15/Apr/2026:02:06:35 +0200] "GET /zapchasti/r/sh-1978.jpg HTTP/1.1" 200 74637 "-" "okhttp/4.10.0"
195.88.224.73 - - [15/Apr/2026:02:06:39 +0200] "GET /zapchasti/r/bh24002.jpg HTTP/1.1" 200 110460 "-" "okhttp/4.10.0"
195.88.224.73 - - [15/Apr/2026:02:06:40 +0200] "GET /zapchasti/r/szab-028%20(2).jpg HTTP/1.1" 200 83415 "-" "okhttp/4.10.0"
195.88.224.73 - - [15/Apr/2026:02:06:40 +0200] "GET /zapchasti/fg-16041-20290.jpg?fp=1 HTTP/1.1" 200 50870 "-" "okhttp/4.10.0"
195.88.224.73 - - [15/Apr/2026:02:06:40 +0200] "GET /zapchasti/r/szab-028.jpg HTTP/1.1" 200 39972 "-" "okhttp/4.10.0"
195.88.224.73 - - [15/Apr/2026:02:06:40 +0200] "GET /zapchasti/fg-16041-20290%20(2).jpg?fp=1 HTTP/1.1" 200 179384 "-" "okhttp/4.10.0"
195.88.224.73 - - [15/Apr/2026:02:06:40 +0200] "GET /zapchasti/fg-16400-21100.jpg?fp=1 HTTP/1.1" 200 57897 "-" "okhttp/4.10.0"
195.88.224.73 - - [15/Apr/2026:02:06:40 +0200] "GET /zapchasti/fg-16400-21070.jpg?fp=1 HTTP/1.1" 200 57391 "-" "okhttp/4.10.0"
195.88.224.73 - - [15/Apr/2026:02:06:40 +0200] "GET /zapchasti/fg-16400-15510.jpg?fp=1 HTTP/1.1" 200 47195 "-" "okhttp/4.10.0"
195.88.224.73 - - [15/Apr/2026:02:06:40 +0200] "GET /zapchasti/fg-16400-21300%20(2).jpg?fp=1 HTTP/1.1" 200 159790 "-" "okhttp/4.10.0"
195.88.224.73 - - [15/Apr/2026:02:06:40 +0200] "GET /zapchasti/fg-16400-22050%20(2).jpg?fp=1 HTTP/1.1" 200 145849 "-" "okhttp/4.10.0"
195.88.224.73 - - [15/Apr/2026:02:06:40 +0200] "GET /zapchasti/fg-16400-22050.jpg?fp=1 HTTP/1.1" 200 44621 "-" "okhttp/4.10.0"
195.88.224.73 - - [15/Apr/2026:02:06:40 +0200] "GET /zapchasti/fg-16400-21300.jpg?fp=1 HTTP/1.1" 200 53285 "-" "okhttp/4.10.0"
195.88.224.73 - - [15/Apr/2026:02:06:40 +0200] "GET /zapchasti/fg-16400-23090.jpg?fp=1 HTTP/1.1" 200 55439 "-" "okhttp/4.10.0"
195.88.224.73 - - [15/Apr/2026:02:06:40 +0200] "GET /zapchasti/fg-16400-21070%20(2).jpg?fp=1 HTTP/1.1" 200 171299 "-" "okhttp/4.10.0"
195.88.224.73 - - [15/Apr/2026:02:06:40 +0200] "GET /zapchasti/fg-16400-23091.jpg?fp=1 HTTP/1.1" 404 492 "-" "okhttp/4.10.0"
195.88.224.73 - - [15/Apr/2026:02:06:40 +0200] "GET /zapchasti/fg-16400-23091%20(2).jpg?fp=1 HTTP/1.1" 404 492 "-" "okhttp/4.10.0"
195.88.224.73 - - [15/Apr/2026:02:06:40 +0200] "GET /zapchasti/fg-16400-23090%20(2).jpg?fp=1 HTTP/1.1" 200 142219 "-" "okhttp/4.10.0"
195.88.224.73 - - [15/Apr/2026:02:06:40 +0200] "GET /zapchasti/fg-16400-31420.jpg?fp=1 HTTP/1.1" 404 492 "-" "okhttp/4.10.0"
195.88.224.73 - - [15/Apr/2026:02:06:40 +0200] "GET /zapchasti/fg-16400-31420%20(2).jpg?fp=1 HTTP/1.1" 404 492 "-" "okhttp/4.10.0"
195.88.224.73 - - [15/Apr/2026:02:06:40 +0200] "GET /zapchasti/fg-16400-31711.jpg?fp=1 HTTP/1.1" 404 492 "-" "okhttp/4.10.0"
195.88.224.73 - - [15/Apr/2026:02:06:40 +0200] "GET /zapchasti/fg-16400-31711%20(2).jpg?fp=1 HTTP/1.1" 404 492 "-" "okhttp/4.10.0"
195.88.224.73 - - [15/Apr/2026:02:06:40 +0200] "GET /zapchasti/fg-16400-37220.jpg?fp=1 HTTP/1.1" 404 492 "-" "okhttp/4.10.0"
195.88.224.73 - - [15/Apr/2026:02:06:40 +0200] "GET /zapchasti/fg-16400-37220%20(2).jpg?fp=1 HTTP/1.1" 404 492 "-" "okhttp/4.10.0"
195.88.224.73 - - [15/Apr/2026:02:06:40 +0200] "GET /zapchasti/fg-16400-46150.jpg?fp=1 HTTP/1.1" 404 492 "-" "okhttp/4.10.0"
195.88.224.73 - - [15/Apr/2026:02:06:40 +0200] "GET /zapchasti/fg-16400-46150%20(2).jpg?fp=1 HTTP/1.1" 404 492 "-" "okhttp/4.10.0"
195.88.224.73 - - [15/Apr/2026:02:06:40 +0200] "GET /zapchasti/fg-16400-46161.jpg?fp=1 HTTP/1.1" 200 38685 "-" "okhttp/4.10.0"
195.88.224.73 - - [15/Apr/2026:02:06:48 +0200] "GET /zapchasti/mpmf6445.jpg?fp=1 HTTP/1.1" 404 493 "-" "okhttp/4.10.0"
195.88.224.73 - - [15/Apr/2026:02:07:01 +0200] "GET /zapchasti/r/g32070l.jpg HTTP/1.1" 200 158156 "-" "okhttp/4.10.0"
195.88.224.73 - - [15/Apr/2026:02:07:10 +0200] "GET /zapchasti/r/wh-1395.jpg HTTP/1.1" 200 282 "-" "okhttp/4.10.0"
195.88.224.73 - - [15/Apr/2026:02:07:20 +0200] "GET /zapchasti/ce0829r%20(2).jpg?fp=1 HTTP/1.1" 200 426855 "-" "okhttp/4.10.0"
195.88.224.73 - - [15/Apr/2026:02:07:20 +0200] "GET /zapchasti/ce0829r.jpg?fp=1 HTTP/1.1" 200 826074 "-" "okhttp/4.10.0"
195.88.224.73 - - [15/Apr/2026:02:07:33 +0200] "GET /zapchasti/r/lac-1618.jpg HTTP/1.1" 200 97009 "-" "okhttp/4.10.0"
195.88.224.73 - - [15/Apr/2026:02:07:34 +0200] "GET /zapchasti/ru-179%20(2).jpg?fp=1 HTTP/1.1" 200 12576 "-" "okhttp/4.10.0"
195.88.224.73 - - [15/Apr/2026:02:08:16 +0200] "GET /zapchasti/pk22pr8.jpg?fp=1 HTTP/1.1" 200 99239 "-" "okhttp/4.10.0"
195.88.224.73 - - [15/Apr/2026:02:08:37 +0200] "GET /zapchasti/w54e-88.jpg?fp=1 HTTP/1.1" 200 36897 "-" "okhttp/4.10.0"
195.88.224.73 - - [15/Apr/2026:02:08:52 +0200] "GET /zapchasti/af-457.jpg?fp=1 HTTP/1.1" 200 44692 "-" "okhttp/4.10.0"
195.88.224.73 - - [15/Apr/2026:02:09:14 +0200] "GET /zapchasti/fs-1149.jpg?fp=1 HTTP/1.1" 200 182782 "-" "okhttp/4.10.0"
195.88.224.73 - - [15/Apr/2026:02:09:28 +0200] "GET /zapchasti/sb-4672.jpg?fp=1 HTTP/1.1" 200 11308 "-" "okhttp/4.10.0"
195.88.224.73 - - [15/Apr/2026:02:09:33 +0200] "GET /zapchasti/sbh5003.jpg?fp=1 HTTP/1.1" 200 25954 "-" "okhttp/4.10.0"
195.88.224.73 - - [15/Apr/2026:02:09:33 +0200] "GET /zapchasti/jndx-32.jpg?fp=1 HTTP/1.1" 200 15338 "-" "okhttp/4.10.0"
195.88.224.73 - - [15/Apr/2026:02:09:33 +0200] "GET /zapchasti/jndx-11m.jpg?fp=1 HTTP/1.1" 200 208632 "-" "okhttp/4.10.0"
195.88.224.73 - - [15/Apr/2026:02:09:33 +0200] "GET /zapchasti/jmtx-47.jpg?fp=1 HTTP/1.1" 200 113888 "-" "okhttp/4.10.0"
195.88.224.73 - - [15/Apr/2026:02:09:33 +0200] "GET /zapchasti/shn3661ks.jpg?fp=1 HTTP/1.1" 200 187718 "-" "okhttp/4.10.0"
195.88.224.73 - - [15/Apr/2026:02:09:33 +0200] "GET /zapchasti/shn9661ks.jpg?fp=1 HTTP/1.1" 200 143292 "-" "okhttp/4.10.0"
195.88.224.73 - - [15/Apr/2026:02:09:33 +0200] "GET /zapchasti/shn9661ks%20(2).jpg?fp=1 HTTP/1.1" 200 241955 "-" "okhttp/4.10.0"
195.88.224.73 - - [15/Apr/2026:02:44:23 +0200] "GET /zapchasti/jb-32312-g-f.jpg?fp=1 HTTP/1.1" 404 493 "-" "okhttp/4.10.0"
195.88.224.73 - - [15/Apr/2026:02:44:23 +0200] "GET /zapchasti/30208jr.jpg?fp=1 HTTP/1.1" 200 34875 "-" "okhttp/4.10.0"
195.88.224.73 - - [15/Apr/2026:02:44:23 +0200] "GET /zapchasti/wa920.jpg?fp=1 HTTP/1.1" 404 493 "-" "okhttp/4.10.0"
195.88.224.73 - - [15/Apr/2026:02:44:23 +0200] "GET /zapchasti/sbh2002.jpg?fp=1 HTTP/1.1" 200 146064 "-" "okhttp/4.10.0"
195.88.224.73 - - [15/Apr/2026:02:44:23 +0200] "GET /zapchasti/kmb160850.jpg?fp=1 HTTP/1.1" 200 114151 "-" "okhttp/4.10.0"
195.88.224.73 - - [15/Apr/2026:02:44:23 +0200] "GET /zapchasti/k20tnrs.jpg?fp=1 HTTP/1.1" 200 215352 "-" "okhttp/4.10.0"
82.162.17.215 - - [15/Apr/2026:02:54:31 +0200] "OPTIONS /zapchasti/price/ HTTP/1.1" 200 229 "-" "Microsoft Office Protocol Discovery"
82.162.17.215 - - [15/Apr/2026:02:54:32 +0200] "HEAD /zapchasti/price/1.xlsx?refresh HTTP/1.1" 200 348 "-" "Microsoft Office Existence Discovery"
82.162.17.215 - - [15/Apr/2026:02:54:32 +0200] "OPTIONS /zapchasti/price HTTP/1.1" 301 601 "-" "Microsoft-WebDAV-MiniRedir/10.0.26200"
82.162.17.215 - - [15/Apr/2026:02:54:32 +0200] "OPTIONS /zapchasti/price/ HTTP/1.1" 200 228 "-" "Microsoft-WebDAV-MiniRedir/10.0.26200"
82.162.17.215 - - [15/Apr/2026:02:54:33 +0200] "PROPFIND /zapchasti/price HTTP/1.1" 301 601 "-" "Microsoft-WebDAV-MiniRedir/10.0.26200"
82.162.17.215 - - [15/Apr/2026:02:54:33 +0200] "PROPFIND /zapchasti/price/ HTTP/1.1" 405 560 "-" "Microsoft-WebDAV-MiniRedir/10.0.26200"
82.162.17.215 - - [15/Apr/2026:02:54:34 +0200] "PROPFIND /zapchasti HTTP/1.1" 301 589 "-" "Microsoft-WebDAV-MiniRedir/10.0.26200"
82.162.17.215 - - [15/Apr/2026:02:54:34 +0200] "PROPFIND /zapchasti/ HTTP/1.1" 405 560 "-" "Microsoft-WebDAV-MiniRedir/10.0.26200"
82.162.17.215 - - [15/Apr/2026:02:54:35 +0200] "PROPFIND /zapchasti HTTP/1.1" 301 589 "-" "Microsoft-WebDAV-MiniRedir/10.0.26200"
82.162.17.215 - - [15/Apr/2026:02:54:35 +0200] "PROPFIND /zapchasti/ HTTP/1.1" 405 560 "-" "Microsoft-WebDAV-MiniRedir/10.0.26200"
82.162.17.215 - - [15/Apr/2026:02:54:35 +0200] "PROPFIND /zapchasti/price HTTP/1.1" 301 601 "-" "Microsoft-WebDAV-MiniRedir/10.0.26200"
82.162.17.215 - - [15/Apr/2026:02:54:36 +0200] "PROPFIND /zapchasti/price/ HTTP/1.1" 405 560 "-" "Microsoft-WebDAV-MiniRedir/10.0.26200"
82.162.17.215 - - [15/Apr/2026:02:54:36 +0200] "PROPFIND /zapchasti HTTP/1.1" 301 589 "-" "Microsoft-WebDAV-MiniRedir/10.0.26200"
82.162.17.215 - - [15/Apr/2026:02:54:36 +0200] "PROPFIND /zapchasti/ HTTP/1.1" 405 560 "-" "Microsoft-WebDAV-MiniRedir/10.0.26200"
204.12.208.18 - - [15/Apr/2026:02:57:06 +0200] "GET /wp-content/wpd7c8c5/index.php HTTP/1.1" 404 493 "http://lukoil.ezho.ru/wp-content/wpd7c8c5/index.php" "Mozilla/5.0 (compatible; MSIE 10.0; Windows NT 6.2; Win64; x64; Trident/6.0)"
82.162.17.215 - - [15/Apr/2026:02:54:37 +0200] "GET /zapchasti/price/1.xlsx?refresh HTTP/1.1" 206 139392 "-" "Mozilla/4.0 (compatible; MSIE 7.0; Windows NT 6.2; WOW64; Trident/7.0; .NET4.0C; .NET4.0E; .NET CLR 2.0.50727; .NET CLR 3.0.30729; .NET CLR 3.5.30729; InfoPath.3; Tablet PC 2.0; Zoom 3.6.0; ms-office; MSOffice 14)"
116.240.149.7 - - [15/Apr/2026:03:02:29 +0200] "GET /robots.txt HTTP/1.1" 404 456 "-" "Mozilla/5.0 (compatible; MJ12bot/v1.4.8; http://mj12bot.com/)"
116.240.149.7 - - [15/Apr/2026:03:02:33 +0200] "GET /about.htm HTTP/1.1" 200 1536 "-" "Mozilla/5.0 (compatible; MJ12bot/v1.4.8; http://mj12bot.com/)"
116.240.149.7 - - [15/Apr/2026:03:02:38 +0200] "GET /index.htm HTTP/1.1" 200 1097 "-" "Mozilla/5.0 (compatible; MJ12bot/v1.4.8; http://mj12bot.com/)"
116.240.149.7 - - [15/Apr/2026:03:02:44 +0200] "GET /zapchasti.htm HTTP/1.1" 200 1713 "-" "Mozilla/5.0 (compatible; MJ12bot/v1.4.8; http://mj12bot.com/)"
5.182.5.82 - - [15/Apr/2026:03:32:15 +0200] "GET /zapchasti/wc-5703.jpg HTTP/1.1" 200 65864 "-" "Mozilla/5.0 (Windows NT 10.0; Win64; x64; rv:70.0) Gecko/20100101 Firefox/70.0"
204.12.208.18 - - [15/Apr/2026:03:35:57 +0200] "GET /wp-content/wpd7c8c5/index.php HTTP/1.1" 404 493 "http://lukoil.ezho.ru/wp-content/wpd7c8c5/index.php" "Mozilla/5.0 (Macintosh; U; PPC Mac OS X; ja-jp) AppleWebKit/522.11.1 (KHTML, like Gecko) Version/3.0.3 Safari/522.12.1"
188.246.226.143 - - [15/Apr/2026:03:59:57 +0200] "GET /zapchasti/0220-c11.jpg HTTP/1.1" 200 216095 "-" "Mozilla/5.0 (Windows NT 10.0; Win64; x64; rv:70.0) Gecko/20100101 Firefox/70.0"
159.69.139.208 - - [15/Apr/2026:04:02:10 +0200] "HEAD /zapchasti/price/1.xlsx?refresh HTTP/1.1" 200 292 "-" "-"
159.69.139.208 - - [15/Apr/2026:04:02:11 +0200] "GET /zapchasti/price/1.xlsx?refresh HTTP/1.1" 200 1089316 "http://japancar.ru/" "Mozilla/4.0 (compatible; MSIE 5.01; Windows NT 5.0)"
195.88.224.73 - - [15/Apr/2026:04:14:26 +0200] "GET /zapchasti/ma5048lr.jpg?fp=1 HTTP/1.1" 404 493 "-" "okhttp/4.10.0"
101.99.88.90 - - [15/Apr/2026:04:31:59 +0200] "GET / HTTP/1.1" 200 2562 "-" "Mozilla/5.0 (compatible; Googlebot/2.1; +http://www.google.com/bot.html)"
101.99.88.90 - - [15/Apr/2026:04:32:00 +0200] "GET /wp-content/wpd7c8c5/index.php HTTP/1.1" 404 437 "-" "-"
195.88.224.73 - - [15/Apr/2026:05:14:32 +0200] "GET /zapchasti/19192.jpg?fp=1 HTTP/1.1" 200 68374 "-" "okhttp/4.10.0"
195.88.224.73 - - [15/Apr/2026:05:54:33 +0200] "GET /zapchasti/gt3105.jpg?fp=1 HTTP/1.1" 404 493 "-" "okhttp/4.10.0"
101.99.88.90 - - [15/Apr/2026:05:58:18 +0200] "GET / HTTP/1.1" 200 2562 "-" "Mozilla/5.0 (compatible; Googlebot/2.1; +http://www.google.com/bot.html)"
101.99.88.90 - - [15/Apr/2026:05:58:19 +0200] "GET /wp-content/wpd7c8c5/index.php HTTP/1.1" 404 437 "-" "-"
159.69.139.208 - - [15/Apr/2026:06:02:08 +0200] "HEAD /zapchasti/price/1.xlsx?refresh HTTP/1.1" 200 292 "-" "-"
159.69.139.208 - - [15/Apr/2026:06:02:09 +0200] "GET /zapchasti/price/1.xlsx?refresh HTTP/1.1" 200 1089316 "http://japancar.ru/" "Mozilla/4.0 (compatible; MSIE 5.01; Windows NT 5.0)"
77.82.84.23 - - [15/Apr/2026:06:09:31 +0200] "GET /favicon.ico HTTP/1.1" 404 497 "-" "Mozilla/5.0 (Windows NT 10.0; Win64; x64) AppleWebKit/537.36 (KHTML, like Gecko) Chrome/128.0.0.0 YaBrowser/24.10.0.0 Safari/537.36"
77.82.84.23 - - [15/Apr/2026:06:53:22 +0200] "GET /zapchasti/fg-16400-46150.jpg HTTP/1.1" 200 34996 "-" "Mozilla/5.0 (Windows NT 10.0; Win64; x64) AppleWebKit/537.36 (KHTML, like Gecko) Chrome/128.0.0.0 YaBrowser/24.10.0.0 Safari/537.36"
5.255.231.37 - - [15/Apr/2026:06:53:50 +0200] "GET /robots.txt HTTP/1.1" 404 493 "-" "Mozilla/5.0 (compatible; YandexBot/3.0; +http://yandex.com/bots)"
87.250.224.124 - - [15/Apr/2026:06:53:51 +0200] "GET /zapchasti/fg-16400-46150.jpg HTTP/1.1" 200 34996 "-" "Mozilla/5.0 (compatible; YandexImages/3.0; +http://yandex.com/bots)"
5.255.231.8 - - [15/Apr/2026:06:55:41 +0200] "GET / HTTP/1.1" 200 1134 "-" "Mozilla/5.0 (compatible; YandexBot/3.0; +http://yandex.com/bots) AppleWebKit/537.36 (KHTML, like Gecko) Chrome/108.0.0.0"
95.108.213.118 - - [15/Apr/2026:06:55:43 +0200] "GET /zapchasti.htm HTTP/1.1" 200 1750 "-" "Mozilla/5.0 (compatible; YandexBot/3.0; +http://yandex.com/bots) AppleWebKit/537.36 (KHTML, like Gecko) Chrome/108.0.0.0"
77.82.84.23 - - [15/Apr/2026:06:53:06 +0200] "GET /zapchasti/ HTTP/1.1" 200 171820 "-" "Mozilla/5.0 (Windows NT 10.0; Win64; x64) AppleWebKit/537.36 (KHTML, like Gecko) Chrome/128.0.0.0 YaBrowser/24.10.0.0 Safari/537.36"
213.180.203.29 - - [15/Apr/2026:06:59:26 +0200] "GET /robots.txt HTTP/1.1" 404 493 "-" "Mozilla/5.0 (compatible; YandexBot/3.0; +http://yandex.com/bots)"
5.255.231.175 - - [15/Apr/2026:06:59:27 +0200] "GET / HTTP/1.1" 200 1134 "-" "Mozilla/5.0 (compatible; YandexBot/3.0; +http://yandex.com/bots) AppleWebKit/537.36 (KHTML, like Gecko) Chrome/108.0.0.0"
95.108.213.244 - - [15/Apr/2026:07:07:32 +0200] "GET /zapchasti.htm HTTP/1.1" 200 1750 "-" "Mozilla/5.0 (compatible; YandexBot/3.0; +http://yandex.com/bots) AppleWebKit/537.36 (KHTML, like Gecko) Chrome/108.0.0.0"
95.108.213.136 - - [15/Apr/2026:07:07:33 +0200] "GET / HTTP/1.1" 200 1134 "-" "Mozilla/5.0 (compatible; YandexBot/3.0; +http://yandex.com/bots) AppleWebKit/537.36 (KHTML, like Gecko) Chrome/108.0.0.0"
87.250.224.237 - - [15/Apr/2026:07:11:32 +0200] "GET / HTTP/1.1" 200 1134 "-" "Mozilla/5.0 (compatible; YandexBot/3.0; +http://yandex.com/bots) AppleWebKit/537.36 (KHTML, like Gecko) Chrome/108.0.0.0"
195.88.224.73 - - [15/Apr/2026:07:14:38 +0200] "GET /zapchasti/08880-14306.jpg?fp=1 HTTP/1.1" 200 44289 "-" "okhttp/4.10.0"
195.88.224.73 - - [15/Apr/2026:07:14:38 +0200] "GET /zapchasti/08880-13706.jpg?fp=1 HTTP/1.1" 200 21370 "-" "okhttp/4.10.0"
159.69.139.208 - - [15/Apr/2026:08:01:46 +0200] "HEAD /zapchasti/price/1.xlsx?refresh HTTP/1.1" 200 292 "-" "-"
159.69.139.208 - - [15/Apr/2026:08:01:46 +0200] "GET /zapchasti/price/1.xlsx?refresh HTTP/1.1" 200 1089316 "http://japancar.ru/" "Mozilla/4.0 (compatible; MSIE 5.01; Windows NT 5.0)"
5.182.5.82 - - [15/Apr/2026:08:24:32 +0200] "GET /zapchasti/m-74.jpg HTTP/1.1" 200 44174 "-" "Mozilla/5.0 (Windows NT 10.0; Win64; x64; rv:70.0) Gecko/20100101 Firefox/70.0"
188.246.226.143 - - [15/Apr/2026:08:38:40 +0200] "GET /zapchasti/11101-64390-dn.jpg HTTP/1.1" 200 156967 "-" "Mozilla/5.0 (Windows NT 10.0; Win64; x64; rv:70.0) Gecko/20100101 Firefox/70.0"
213.180.203.154 - - [15/Apr/2026:08:53:50 +0200] "GET /robots.txt HTTP/1.1" 404 493 "-" "Mozilla/5.0 (compatible; YandexBot/3.0; +http://yandex.com/bots)"
92.53.90.229 - - [15/Apr/2026:09:41:21 +0200] "GET /zapchasti/t-502.jpg HTTP/1.1" 200 14606 "-" "Mozilla/5.0 (Windows NT 10.0; Win64; x64; rv:70.0) Gecko/20100101 Firefox/70.0"
5.182.5.82 - - [15/Apr/2026:09:41:21 +0200] "GET /zapchasti/c-933.jpg HTTP/1.1" 200 14762 "-" "Mozilla/5.0 (Windows NT 10.0; Win64; x64; rv:70.0) Gecko/20100101 Firefox/70.0"
5.182.5.82 - - [15/Apr/2026:09:41:21 +0200] "GET /zapchasti/4sf-103.jpg HTTP/1.1" 200 369473 "-" "Mozilla/5.0 (Windows NT 10.0; Win64; x64; rv:70.0) Gecko/20100101 Firefox/70.0"
101.99.88.90 - - [15/Apr/2026:09:59:09 +0200] "GET / HTTP/1.1" 200 2562 "-" "Mozilla/5.0 (compatible; Googlebot/2.1; +http://www.google.com/bot.html)"
101.99.88.90 - - [15/Apr/2026:09:59:10 +0200] "GET /wp-content/wpd7c8c5/index.php HTTP/1.1" 404 437 "-" "-"
159.69.139.208 - - [15/Apr/2026:10:02:05 +0200] "HEAD /zapchasti/price/1.xlsx?refresh HTTP/1.1" 200 292 "-" "-"
159.69.139.208 - - [15/Apr/2026:10:02:05 +0200] "GET /zapchasti/price/1.xlsx?refresh HTTP/1.1" 200 1089316 "http://japancar.ru/" "Mozilla/4.0 (compatible; MSIE 5.01; Windows NT 5.0)"
188.246.226.143 - - [15/Apr/2026:10:03:33 +0200] "GET /zapchasti/0482g-v75f.jpg HTTP/1.1" 200 49607 "-" "Mozilla/5.0 (Windows NT 10.0; Win64; x64; rv:70.0) Gecko/20100101 Firefox/70.0"
5.182.5.82 - - [15/Apr/2026:11:06:17 +0200] "GET /zapchasti/tr-413-h.jpg HTTP/1.1" 200 263092 "-" "Mozilla/5.0 (Windows NT 10.0; Win64; x64; rv:70.0) Gecko/20100101 Firefox/70.0"
92.53.90.229 - - [15/Apr/2026:11:10:51 +0200] "GET /zapchasti/tah-3sf.jpg HTTP/1.1" 200 99297 "-" "Mozilla/5.0 (Windows NT 10.0; Win64; x64; rv:70.0) Gecko/20100101 Firefox/70.0"
159.69.139.208 - - [15/Apr/2026:12:02:08 +0200] "HEAD /zapchasti/price/1.xlsx?refresh HTTP/1.1" 200 292 "-" "-"
159.69.139.208 - - [15/Apr/2026:12:02:08 +0200] "GET /zapchasti/price/1.xlsx?refresh HTTP/1.1" 200 1089316 "http://japancar.ru/" "Mozilla/4.0 (compatible; MSIE 5.01; Windows NT 5.0)"
5.182.5.82 - - [15/Apr/2026:12:10:54 +0200] "GET /zapchasti/hm-008.jpg HTTP/1.1" 200 181925 "-" "Mozilla/5.0 (Windows NT 10.0; Win64; x64; rv:70.0) Gecko/20100101 Firefox/70.0"
5.182.5.82 - - [15/Apr/2026:12:10:54 +0200] "GET /zapchasti/0323-015.jpg HTTP/1.1" 200 189995 "-" "Mozilla/5.0 (Windows NT 10.0; Win64; x64; rv:70.0) Gecko/20100101 Firefox/70.0"
5.182.5.82 - - [15/Apr/2026:12:10:54 +0200] "GET /zapchasti/st-51320-s2h-003.jpg HTTP/1.1" 200 69552 "-" "Mozilla/5.0 (Windows NT 10.0; Win64; x64; rv:70.0) Gecko/20100101 Firefox/70.0"
5.182.5.82 - - [15/Apr/2026:12:10:54 +0200] "GET /zapchasti/hm-hrvalh.jpg HTTP/1.1" 200 186825 "-" "Mozilla/5.0 (Windows NT 10.0; Win64; x64; rv:70.0) Gecko/20100101 Firefox/70.0"
5.182.5.82 - - [15/Apr/2026:12:10:54 +0200] "GET /zapchasti/hsb-hrvr13.jpg HTTP/1.1" 200 139437 "-" "Mozilla/5.0 (Windows NT 10.0; Win64; x64; rv:70.0) Gecko/20100101 Firefox/70.0"
5.182.5.82 - - [15/Apr/2026:12:10:54 +0200] "GET /zapchasti/0323-016.jpg HTTP/1.1" 200 213029 "-" "Mozilla/5.0 (Windows NT 10.0; Win64; x64; rv:70.0) Gecko/20100101 Firefox/70.0"
188.246.226.143 - - [15/Apr/2026:12:10:55 +0200] "GET /zapchasti/mp-512.jpg HTTP/1.1" 200 25083 "-" "Mozilla/5.0 (Windows NT 10.0; Win64; x64; rv:70.0) Gecko/20100101 Firefox/70.0"
188.246.226.143 - - [15/Apr/2026:12:10:55 +0200] "GET /zapchasti/st-52315-s2h-013.jpg HTTP/1.1" 200 218813 "-" "Mozilla/5.0 (Windows NT 10.0; Win64; x64; rv:70.0) Gecko/20100101 Firefox/70.0"
188.246.226.143 - - [15/Apr/2026:12:10:55 +0200] "GET /zapchasti/45bwd12j1ca85.jpg HTTP/1.1" 200 81786 "-" "Mozilla/5.0 (Windows NT 10.0; Win64; x64; rv:70.0) Gecko/20100101 Firefox/70.0"
92.53.90.229 - - [15/Apr/2026:12:10:55 +0200] "GET /zapchasti/hm-hrvarr.jpg HTTP/1.1" 200 150193 "-" "Mozilla/5.0 (Windows NT 10.0; Win64; x64; rv:70.0) Gecko/20100101 Firefox/70.0"
5.182.5.82 - - [15/Apr/2026:12:10:55 +0200] "GET /zapchasti/clho-19.jpg HTTP/1.1" 200 17047 "-" "Mozilla/5.0 (Windows NT 10.0; Win64; x64; rv:70.0) Gecko/20100101 Firefox/70.0"
5.182.5.82 - - [15/Apr/2026:12:10:55 +0200] "GET /zapchasti/clho-21.jpg HTTP/1.1" 200 13043 "-" "Mozilla/5.0 (Windows NT 10.0; Win64; x64; rv:70.0) Gecko/20100101 Firefox/70.0"
188.246.226.143 - - [15/Apr/2026:12:10:55 +0200] "GET /zapchasti/clho-53.jpg HTTP/1.1" 200 44945 "-" "Mozilla/5.0 (Windows NT 10.0; Win64; x64; rv:70.0) Gecko/20100101 Firefox/70.0"
188.246.226.143 - - [15/Apr/2026:12:10:55 +0200] "GET /zapchasti/sl-6275l.jpg HTTP/1.1" 200 65777 "-" "Mozilla/5.0 (Windows NT 10.0; Win64; x64; rv:70.0) Gecko/20100101 Firefox/70.0"
5.182.5.82 - - [15/Apr/2026:12:10:55 +0200] "GET /zapchasti/clho-22.jpg HTTP/1.1" 200 13034 "-" "Mozilla/5.0 (Windows NT 10.0; Win64; x64; rv:70.0) Gecko/20100101 Firefox/70.0"
5.182.5.82 - - [15/Apr/2026:12:10:55 +0200] "GET /zapchasti/sl-6275r.jpg HTTP/1.1" 200 68288 "-" "Mozilla/5.0 (Windows NT 10.0; Win64; x64; rv:70.0) Gecko/20100101 Firefox/70.0"
188.246.226.143 - - [15/Apr/2026:12:10:55 +0200] "GET /zapchasti/st-51321-s2h-003.jpg HTTP/1.1" 200 215335 "-" "Mozilla/5.0 (Windows NT 10.0; Win64; x64; rv:70.0) Gecko/20100101 Firefox/70.0"
5.182.5.82 - - [15/Apr/2026:12:10:55 +0200] "GET /zapchasti/sl-6325r.jpg HTTP/1.1" 200 62567 "-" "Mozilla/5.0 (Windows NT 10.0; Win64; x64; rv:70.0) Gecko/20100101 Firefox/70.0"
101.99.88.90 - - [15/Apr/2026:12:22:40 +0200] "GET / HTTP/1.1" 200 2562 "-" "Mozilla/5.0 (compatible; Googlebot/2.1; +http://www.google.com/bot.html)"
101.99.88.90 - - [15/Apr/2026:12:22:42 +0200] "GET /wp-content/wpd7c8c5/index.php HTTP/1.1" 404 437 "-" "-"
92.53.90.229 - - [15/Apr/2026:12:34:37 +0200] "GET /zapchasti/st-04479-26070.jpg HTTP/1.1" 200 293184 "-" "Mozilla/5.0 (Windows NT 10.0; Win64; x64; rv:70.0) Gecko/20100101 Firefox/70.0"
159.69.139.208 - - [15/Apr/2026:14:02:07 +0200] "HEAD /zapchasti/price/1.xlsx?refresh HTTP/1.1" 200 292 "-" "-"
159.69.139.208 - - [15/Apr/2026:14:02:07 +0200] "GET /zapchasti/price/1.xlsx?refresh HTTP/1.1" 200 1089316 "http://japancar.ru/" "Mozilla/4.0 (compatible; MSIE 5.01; Windows NT 5.0)"
188.246.226.143 - - [15/Apr/2026:15:01:19 +0200] "GET /zapchasti/mz-004.jpg HTTP/1.1" 200 90930 "-" "Mozilla/5.0 (Windows NT 10.0; Win64; x64; rv:70.0) Gecko/20100101 Firefox/70.0"
101.99.88.90 - - [15/Apr/2026:15:19:49 +0200] "GET / HTTP/1.1" 200 2562 "-" "Mozilla/5.0 (compatible; Googlebot/2.1; +http://www.google.com/bot.html)"
101.99.88.90 - - [15/Apr/2026:15:19:50 +0200] "GET /wp-content/wpd7c8c5/index.php HTTP/1.1" 404 437 "-" "-"
5.182.5.82 - - [15/Apr/2026:15:29:25 +0200] "GET /zapchasti/me202620-dnp.jpg HTTP/1.1" 200 111019 "-" "Mozilla/5.0 (Windows NT 10.0; Win64; x64; rv:70.0) Gecko/20100101 Firefox/70.0"
204.12.208.18 - - [15/Apr/2026:15:33:35 +0200] "GET /wp-content/wpd7c8c5/index.php HTTP/1.1" 404 493 "http://lukoil.ezho.ru/wp-content/wpd7c8c5/index.php" "Mozilla/5.0 (Windows NT 6.1) AppleWebKit/534.24 (KHTML, like Gecko) Chrome/11.0.696.65 Safari/534.24"
159.69.139.208 - - [15/Apr/2026:16:03:06 +0200] "HEAD /zapchasti/price/1.xlsx?refresh HTTP/1.1" 200 292 "-" "-"
159.69.139.208 - - [15/Apr/2026:16:03:07 +0200] "GET /zapchasti/price/1.xlsx?refresh HTTP/1.1" 200 1089316 "http://japancar.ru/" "Mozilla/4.0 (compatible; MSIE 5.01; Windows NT 5.0)"
101.99.88.90 - - [15/Apr/2026:16:24:46 +0200] "GET / HTTP/1.1" 200 2562 "-" "Mozilla/5.0 (compatible; Googlebot/2.1; +http://www.google.com/bot.html)"
101.99.88.90 - - [15/Apr/2026:16:24:46 +0200] "GET /wp-content/wpd7c8c5/index.php HTTP/1.1" 404 437 "-" "-"