HEX
Server: Apache/2.4.59 (Debian)
System: Linux skycube.cz 4.19.0-25-amd64 #1 SMP Debian 4.19.289-2 (2023-08-08) x86_64
User: ilya (534)
PHP: 7.3.31-1~deb10u7
Disabled: pcntl_alarm,pcntl_fork,pcntl_waitpid,pcntl_wait,pcntl_wifexited,pcntl_wifstopped,pcntl_wifsignaled,pcntl_wifcontinued,pcntl_wexitstatus,pcntl_wtermsig,pcntl_wstopsig,pcntl_signal,pcntl_signal_get_handler,pcntl_signal_dispatch,pcntl_get_last_error,pcntl_strerror,pcntl_sigprocmask,pcntl_sigwaitinfo,pcntl_sigtimedwait,pcntl_exec,pcntl_getpriority,pcntl_setpriority,pcntl_async_signals,
Upload Files
File: /var/www/ilya/data/logs/preklady.ru.access.log
94.154.35.236 - - [15/Apr/2026:00:14:07 +0200] "HEAD /api.gz HTTP/1.1" 302 216 "-" "Mozilla/5.0 (Windows NT 10.0; Win64; x64) AppleWebKit/537.36 (KHTML, like Gecko) Chrome/101.0.4951.67 Safari/537.36"
94.154.35.236 - - [15/Apr/2026:00:41:23 +0200] "HEAD /api.7z HTTP/1.1" 302 216 "-" "Mozilla/5.0 (Windows NT 10.0; Win64; x64) AppleWebKit/537.36 (KHTML, like Gecko) Chrome/101.0.4951.67 Safari/537.36"
143.198.166.34 - - [15/Apr/2026:00:46:56 +0200] "GET /.git/config HTTP/1.1" 302 272 "-" "Mozilla/5.0 (X11; Linux x86_64) AppleWebKit/537.36 (KHTML, like Gecko) Chrome/81.0.4044.129 Safari/537.36"
94.154.35.236 - - [15/Apr/2026:01:08:29 +0200] "HEAD /bkup.tar.gz HTTP/1.1" 302 216 "-" "Mozilla/5.0 (Windows NT 10.0; Win64; x64) AppleWebKit/537.36 (KHTML, like Gecko) Chrome/101.0.4951.67 Safari/537.36"
204.12.208.18 - - [15/Apr/2026:01:24:13 +0200] "GET /wp-content/brcad17e/index.php HTTP/1.1" 302 272 "http://preklady.ru/wp-content/brcad17e/index.php" "Mozilla/5.0 (compatible; MSIE 10.0; Windows NT 6.2; WOW64; Trident/6.0)"
66.249.66.198 - - [15/Apr/2026:01:35:03 +0200] "GET /robots.txt HTTP/1.1" 200 465 "-" "Mozilla/5.0 (compatible; Googlebot/2.1; +http://www.google.com/bot.html)"
94.154.35.236 - - [15/Apr/2026:01:35:25 +0200] "HEAD /bkup.zip HTTP/1.1" 302 216 "-" "Mozilla/5.0 (Windows NT 10.0; Win64; x64) AppleWebKit/537.36 (KHTML, like Gecko) Chrome/101.0.4951.67 Safari/537.36"
51.68.111.245 - - [15/Apr/2026:01:50:18 +0200] "GET /robots.txt HTTP/1.1" 200 465 "-" "Mozilla/5.0 (compatible; MJ12bot/v2.0.5; http://mj12bot.com/)"
51.68.111.245 - - [15/Apr/2026:01:50:18 +0200] "GET / HTTP/1.1" 302 271 "-" "Mozilla/5.0 (compatible; MJ12bot/v2.0.5; http://mj12bot.com/)"
94.154.35.236 - - [15/Apr/2026:02:02:04 +0200] "HEAD /bkup.rar HTTP/1.1" 302 216 "-" "Mozilla/5.0 (Windows NT 10.0; Win64; x64) AppleWebKit/537.36 (KHTML, like Gecko) Chrome/101.0.4951.67 Safari/537.36"
94.154.35.236 - - [15/Apr/2026:02:29:07 +0200] "HEAD /bkup.tar HTTP/1.1" 302 216 "-" "Mozilla/5.0 (Windows NT 10.0; Win64; x64) AppleWebKit/537.36 (KHTML, like Gecko) Chrome/101.0.4951.67 Safari/537.36"
94.154.35.236 - - [15/Apr/2026:02:56:37 +0200] "HEAD /bkup.tar.bz2 HTTP/1.1" 302 216 "-" "Mozilla/5.0 (Windows NT 10.0; Win64; x64) AppleWebKit/537.36 (KHTML, like Gecko) Chrome/101.0.4951.67 Safari/537.36"
66.249.66.199 - - [15/Apr/2026:02:58:20 +0200] "GET /?detail/13601603772906 HTTP/1.1" 302 272 "-" "Mozilla/5.0 (Linux; Android 6.0.1; Nexus 5X Build/MMB29P) AppleWebKit/537.36 (KHTML, like Gecko) Chrome/146.0.7680.177 Mobile Safari/537.36 (compatible; GoogleOther)"
94.154.35.236 - - [15/Apr/2026:03:23:32 +0200] "HEAD /bkup.gz HTTP/1.1" 302 216 "-" "Mozilla/5.0 (Windows NT 10.0; Win64; x64) AppleWebKit/537.36 (KHTML, like Gecko) Chrome/101.0.4951.67 Safari/537.36"
66.249.66.37 - - [15/Apr/2026:03:35:50 +0200] "GET /?goods/136031363 HTTP/1.1" 302 272 "-" "Mozilla/5.0 (Linux; Android 6.0.1; Nexus 5X Build/MMB29P) AppleWebKit/537.36 (KHTML, like Gecko) Chrome/146.0.7680.177 Mobile Safari/537.36 (compatible; GoogleOther)"
212.47.78.119 - - [15/Apr/2026:03:43:01 +0200] "GET / HTTP/1.1" 302 216 "-" "Go-http-client/1.1"
212.47.78.119 - - [15/Apr/2026:03:43:02 +0200] "GET /wp-includes/css/buttons.css HTTP/1.1" 302 216 "-" "Go-http-client/1.1"
212.47.78.119 - - [15/Apr/2026:03:43:04 +0200] "GET /media/system/js/core.js HTTP/1.1" 302 216 "-" "Go-http-client/1.1"
94.154.35.236 - - [15/Apr/2026:03:50:17 +0200] "HEAD /bkup.7z HTTP/1.1" 302 216 "-" "Mozilla/5.0 (Windows NT 10.0; Win64; x64) AppleWebKit/537.36 (KHTML, like Gecko) Chrome/101.0.4951.67 Safari/537.36"
107.150.52.58 - - [15/Apr/2026:03:55:32 +0200] "GET /wp-content/brcad17e/index.php HTTP/1.1" 302 272 "http://preklady.ru/wp-content/brcad17e/index.php" "Mozilla/5.0 (Windows NT 10.0; Win64; x64) AppleWebKit/537.36 (KHTML, like Gecko) Chrome/58.0.3029.110 Safari/537.3"
94.154.35.236 - - [15/Apr/2026:04:17:29 +0200] "HEAD /bkp.tar.gz HTTP/1.1" 302 216 "-" "Mozilla/5.0 (Windows NT 10.0; Win64; x64) AppleWebKit/537.36 (KHTML, like Gecko) Chrome/101.0.4951.67 Safari/537.36"
94.154.35.236 - - [15/Apr/2026:04:44:51 +0200] "HEAD /bkp.zip HTTP/1.1" 302 216 "-" "Mozilla/5.0 (Windows NT 10.0; Win64; x64) AppleWebKit/537.36 (KHTML, like Gecko) Chrome/101.0.4951.67 Safari/537.36"
94.154.35.236 - - [15/Apr/2026:05:11:32 +0200] "HEAD /bkp.rar HTTP/1.1" 302 216 "-" "Mozilla/5.0 (Windows NT 10.0; Win64; x64) AppleWebKit/537.36 (KHTML, like Gecko) Chrome/101.0.4951.67 Safari/537.36"
94.154.35.236 - - [15/Apr/2026:05:38:03 +0200] "HEAD /bkp.tar HTTP/1.1" 302 216 "-" "Mozilla/5.0 (Windows NT 10.0; Win64; x64) AppleWebKit/537.36 (KHTML, like Gecko) Chrome/101.0.4951.67 Safari/537.36"
94.154.35.236 - - [15/Apr/2026:06:04:40 +0200] "HEAD /bkp.tar.bz2 HTTP/1.1" 302 216 "-" "Mozilla/5.0 (Windows NT 10.0; Win64; x64) AppleWebKit/537.36 (KHTML, like Gecko) Chrome/101.0.4951.67 Safari/537.36"
94.154.35.236 - - [15/Apr/2026:06:31:32 +0200] "HEAD /bkp.gz HTTP/1.1" 302 216 "-" "Mozilla/5.0 (Windows NT 10.0; Win64; x64) AppleWebKit/537.36 (KHTML, like Gecko) Chrome/101.0.4951.67 Safari/537.36"
94.154.35.236 - - [15/Apr/2026:06:58:21 +0200] "HEAD /bkp.7z HTTP/1.1" 302 216 "-" "Mozilla/5.0 (Windows NT 10.0; Win64; x64) AppleWebKit/537.36 (KHTML, like Gecko) Chrome/101.0.4951.67 Safari/537.36"
94.154.35.236 - - [15/Apr/2026:07:25:21 +0200] "HEAD /catalog.tar.gz HTTP/1.1" 302 216 "-" "Mozilla/5.0 (Windows NT 10.0; Win64; x64) AppleWebKit/537.36 (KHTML, like Gecko) Chrome/101.0.4951.67 Safari/537.36"
69.30.215.34 - - [15/Apr/2026:07:42:39 +0200] "GET /wp-content/brcad17e/index.php HTTP/1.1" 302 272 "http://preklady.ru/wp-content/brcad17e/index.php" "Mozilla/5.0 (Windows NT 10.0; Win64; x64) AppleWebKit/537.36 (KHTML, like Gecko) Chrome/58.0.3029.110 Safari/537.3"
94.154.35.236 - - [15/Apr/2026:07:52:03 +0200] "HEAD /catalog.zip HTTP/1.1" 302 216 "-" "Mozilla/5.0 (Windows NT 10.0; Win64; x64) AppleWebKit/537.36 (KHTML, like Gecko) Chrome/101.0.4951.67 Safari/537.36"
111.88.153.191 - - [15/Apr/2026:08:12:44 +0200] "GET / HTTP/1.1" 302 216 "-" "Mozilla/5.0 (Windows NT 6.3; Win64; x64) AppleWebKit/537.36 (KHTML, like Gecko) Chrome/37.0.2049.0 Safari/537.36"
94.154.35.236 - - [15/Apr/2026:08:18:48 +0200] "HEAD /catalog.rar HTTP/1.1" 302 216 "-" "Mozilla/5.0 (Windows NT 10.0; Win64; x64) AppleWebKit/537.36 (KHTML, like Gecko) Chrome/101.0.4951.67 Safari/537.36"
94.154.35.236 - - [15/Apr/2026:08:45:52 +0200] "HEAD /catalog.tar HTTP/1.1" 302 216 "-" "Mozilla/5.0 (Windows NT 10.0; Win64; x64) AppleWebKit/537.36 (KHTML, like Gecko) Chrome/101.0.4951.67 Safari/537.36"
94.154.35.236 - - [15/Apr/2026:09:13:08 +0200] "HEAD /catalog.tar.bz2 HTTP/1.1" 302 216 "-" "Mozilla/5.0 (Windows NT 10.0; Win64; x64) AppleWebKit/537.36 (KHTML, like Gecko) Chrome/101.0.4951.67 Safari/537.36"
94.154.35.236 - - [15/Apr/2026:09:40:30 +0200] "HEAD /catalog.gz HTTP/1.1" 302 216 "-" "Mozilla/5.0 (Windows NT 10.0; Win64; x64) AppleWebKit/537.36 (KHTML, like Gecko) Chrome/101.0.4951.67 Safari/537.36"
195.226.194.95 - - [15/Apr/2026:09:41:00 +0200] "GET /wp-content/plugins/wp-automatic/css/wp-automatic.css HTTP/1.1" 302 216 "-" "Mozilla/5.0 (compatible; MSIE 10.0; Windows NT 6.1; WOW64; Trident/6.0)"
94.154.35.236 - - [15/Apr/2026:10:07:47 +0200] "HEAD /catalog.7z HTTP/1.1" 302 216 "-" "Mozilla/5.0 (Windows NT 10.0; Win64; x64) AppleWebKit/537.36 (KHTML, like Gecko) Chrome/101.0.4951.67 Safari/537.36"
94.154.35.236 - - [15/Apr/2026:10:34:57 +0200] "HEAD /new.tar.gz HTTP/1.1" 302 216 "-" "Mozilla/5.0 (Windows NT 10.0; Win64; x64) AppleWebKit/537.36 (KHTML, like Gecko) Chrome/101.0.4951.67 Safari/537.36"
94.154.35.236 - - [15/Apr/2026:11:01:59 +0200] "HEAD /new.zip HTTP/1.1" 302 216 "-" "Mozilla/5.0 (Windows NT 10.0; Win64; x64) AppleWebKit/537.36 (KHTML, like Gecko) Chrome/101.0.4951.67 Safari/537.36"
94.154.35.236 - - [15/Apr/2026:11:29:06 +0200] "HEAD /new.rar HTTP/1.1" 302 216 "-" "Mozilla/5.0 (Windows NT 10.0; Win64; x64) AppleWebKit/537.36 (KHTML, like Gecko) Chrome/101.0.4951.67 Safari/537.36"
66.249.66.36 - - [15/Apr/2026:11:47:53 +0200] "GET /robots.txt HTTP/1.1" 200 465 "-" "Mozilla/5.0 (compatible; Googlebot/2.1; +http://www.google.com/bot.html)"
66.249.66.197 - - [15/Apr/2026:11:47:54 +0200] "GET /?sitemapindex.xml HTTP/1.1" 302 272 "-" "Mozilla/5.0 (compatible; Googlebot/2.1; +http://www.google.com/bot.html)"
51.210.216.21 - - [15/Apr/2026:11:51:38 +0200] "GET / HTTP/1.1" 302 272 "-" "Mozilla/5.0 (X11; Linux x86_64) AppleWebKit/537.36 (KHTML, like Gecko) Chrome/131.0.0.0 Safari/537.36"
94.154.35.236 - - [15/Apr/2026:11:56:05 +0200] "HEAD /new.tar HTTP/1.1" 302 216 "-" "Mozilla/5.0 (Windows NT 10.0; Win64; x64) AppleWebKit/537.36 (KHTML, like Gecko) Chrome/101.0.4951.67 Safari/537.36"
143.198.166.34 - - [15/Apr/2026:12:03:02 +0200] "GET /.git/config HTTP/1.1" 302 272 "-" "Mozilla/5.0 (X11; Linux x86_64) AppleWebKit/537.36 (KHTML, like Gecko) Chrome/81.0.4044.129 Safari/537.36"
204.168.234.207 - - [15/Apr/2026:12:18:09 +0200] "GET /robots.txt HTTP/1.1" 200 465 "-" "Mozilla/5.0 AppleWebKit/537.36 (KHTML, like Gecko; compatible; Bravebot/1.0; +https://search.brave.com/help/brave-search-crawler) Chrome/W.X.Y.Z Safari/537.36"
94.154.35.236 - - [15/Apr/2026:12:23:23 +0200] "HEAD /new.tar.bz2 HTTP/1.1" 302 216 "-" "Mozilla/5.0 (Windows NT 10.0; Win64; x64) AppleWebKit/537.36 (KHTML, like Gecko) Chrome/101.0.4951.67 Safari/537.36"
94.154.35.236 - - [15/Apr/2026:12:50:10 +0200] "HEAD /new.gz HTTP/1.1" 302 216 "-" "Mozilla/5.0 (Windows NT 10.0; Win64; x64) AppleWebKit/537.36 (KHTML, like Gecko) Chrome/101.0.4951.67 Safari/537.36"
143.198.166.34 - - [15/Apr/2026:12:56:13 +0200] "GET /.git/config HTTP/1.1" 302 272 "-" "Mozilla/5.0 (X11; Linux x86_64) AppleWebKit/537.36 (KHTML, like Gecko) Chrome/81.0.4044.129 Safari/537.36"
107.150.52.58 - - [15/Apr/2026:13:14:04 +0200] "GET /wp-content/brcad17e/index.php HTTP/1.1" 302 272 "http://preklady.ru/wp-content/brcad17e/index.php" "Mozilla/5.0 (Windows NT 10.0; Win64; x64) AppleWebKit/537.36 (KHTML, like Gecko) Chrome/58.0.3029.110 Safari/537.3"
94.154.35.236 - - [15/Apr/2026:13:16:55 +0200] "HEAD /new.7z HTTP/1.1" 302 216 "-" "Mozilla/5.0 (Windows NT 10.0; Win64; x64) AppleWebKit/537.36 (KHTML, like Gecko) Chrome/101.0.4951.67 Safari/537.36"
89.124.96.201 - - [15/Apr/2026:13:19:00 +0200] "GET / HTTP/1.0" 302 235 "http://preklady.ru/" "Mozilla/5.0 (Windows NT 10.0; Win64; x64) AppleWebKit/537.36 (KHTML, like Gecko) Chrome/130.0.0.0 Safari/537.36"
94.154.35.236 - - [15/Apr/2026:13:43:53 +0200] "HEAD /old.tar.gz HTTP/1.1" 302 216 "-" "Mozilla/5.0 (Windows NT 10.0; Win64; x64) AppleWebKit/537.36 (KHTML, like Gecko) Chrome/101.0.4951.67 Safari/537.36"