50.6.7.129 - - [15/Apr/2026:07:36:02 +0200] "POST /wp-login.php HTTP/1.1" 500 4024 "https://www.rudomilov.ru/wp-login.php" "Mozilla/5.0 (Windows NT 10.0; Win64; x64; rv:62.0) Gecko/20100101 Firefox/62.0"
95.216.2.94 - - [15/Apr/2026:07:36:10 +0200] "POST /wp-cron.php?doing_wp_cron=1776231370.0642859935760498046875 HTTP/1.1" 500 4024 "-" "WordPress/6.9.4; https://www.rudomilov.ru"
181.214.32.133 - - [15/Apr/2026:07:36:09 +0200] "GET /category/projects/communities/ HTTP/1.1" 200 10215 "-" "Mozilla/5.0 (Windows NT 10.0; Win64; x64) AppleWebKit/537.36 (KHTML, like Gecko) Chrome/139.0.0.0 Safari/537.36"
163.47.203.79 - - [15/Apr/2026:07:36:20 +0200] "GET /wp-login.php HTTP/1.1" 500 4024 "-" "Mozilla/5.0 (Windows NT 10.0; WOW64; Trident/7.0; Touch; ASU2JS; rv:11.0) like Gecko"
163.47.203.79 - - [15/Apr/2026:07:36:23 +0200] "POST /wp-login.php HTTP/1.1" 500 4024 "https://www.rudomilov.ru/wp-login.php" "Mozilla/5.0 (Windows NT 10.0; WOW64; Trident/7.0; Touch; ASU2JS; rv:11.0) like Gecko"
178.20.235.164 - - [15/Apr/2026:07:36:51 +0200] "GET /category/projects/communities HTTP/1.1" 301 592 "-" "Mozilla/5.0 (Windows NT 6.3; Win64; x64) AppleWebKit/537.36 (KHTML, like Gecko) Chrome/92.0.4515.131 Safari/537.36"
178.20.235.164 - - [15/Apr/2026:07:36:51 +0200] "GET /category/projects/communities HTTP/1.1" 301 274 "-" "Mozilla/5.0 (X11; Ubuntu; Linux x86_64; rv:91.0) Gecko/20100101 Firefox/91.0"
178.20.235.164 - - [15/Apr/2026:07:36:52 +0200] "GET /category/projects/communities/ HTTP/1.1" 200 6394 "-" "Mozilla/5.0 (Windows NT 6.1; Win64; x64) AppleWebKit/537.36 (KHTML, like Gecko) Chrome/92.0.4515.159 Safari/537.36"
146.174.185.253 - - [15/Apr/2026:07:36:59 +0200] "GET / HTTP/1.1" 301 4074 "-" "Mozilla/5.0 (Macintosh; Intel Mac OS X 11.3; rv:136.0) Gecko/20100101 Firefox/136.0"
146.174.176.143 - - [15/Apr/2026:07:37:01 +0200] "GET / HTTP/1.1" 200 11619 "-" "Mozilla/5.0 (Macintosh; Intel Mac OS X 11.3; rv:136.0) Gecko/20100101 Firefox/136.0"
66.29.129.222 - - [15/Apr/2026:07:37:45 +0200] "GET /wp-login.php HTTP/1.1" 500 4024 "-" "Mozilla/4.0 (compatible; MSIE 7.0; Windows NT 6.2; WOW64; Trident/7.0; .NET4.0C; .NET4.0E)"
66.29.129.222 - - [15/Apr/2026:07:37:46 +0200] "POST /wp-login.php HTTP/1.1" 500 4024 "https://www.rudomilov.ru/wp-login.php" "Mozilla/4.0 (compatible; MSIE 7.0; Windows NT 6.2; WOW64; Trident/7.0; .NET4.0C; .NET4.0E)"
202.92.6.73 - - [15/Apr/2026:07:41:55 +0200] "GET /wp-login.php HTTP/1.1" 500 4024 "-" "Mozilla/5.0 (X11; Ubuntu; Linux x86_64; rv:61.0) Gecko/20100101 Firefox/61.0"
202.92.6.73 - - [15/Apr/2026:07:41:57 +0200] "POST /wp-login.php HTTP/1.1" 500 4024 "https://www.rudomilov.ru/wp-login.php" "Mozilla/5.0 (X11; Ubuntu; Linux x86_64; rv:61.0) Gecko/20100101 Firefox/61.0"
100.26.246.145 - - [15/Apr/2026:07:42:14 +0200] "GET /wp-login.php HTTP/1.1" 500 4024 "-" "Mozilla/5.0 (Macintosh; Intel Mac OS X 10_13_4) AppleWebKit/537.36 (KHTML, like Gecko) Chrome/65.0.3325.181 Safari/537.36"
100.26.246.145 - - [15/Apr/2026:07:42:15 +0200] "POST /wp-login.php HTTP/1.1" 500 4024 "https://www.rudomilov.ru/wp-login.php" "Mozilla/5.0 (Macintosh; Intel Mac OS X 10_13_4) AppleWebKit/537.36 (KHTML, like Gecko) Chrome/65.0.3325.181 Safari/537.36"
177.54.150.128 - - [15/Apr/2026:07:42:51 +0200] "GET /wp-login.php HTTP/1.1" 500 4024 "-" "Mozilla/5.0 (X11; Linux x86_64) AppleWebKit/537.36 (KHTML, like Gecko) Chrome/67.0.3396.62 Safari/537.36"
177.54.150.128 - - [15/Apr/2026:07:42:56 +0200] "POST /wp-login.php HTTP/1.1" 500 4024 "https://www.rudomilov.ru/wp-login.php" "Mozilla/5.0 (X11; Linux x86_64) AppleWebKit/537.36 (KHTML, like Gecko) Chrome/67.0.3396.62 Safari/537.36"
93.93.202.44 - - [15/Apr/2026:07:43:12 +0200] "GET /wp-login.php HTTP/1.1" 500 4024 "-" "Mozilla/4.0 (compatible; MSIE 7.0; Windows NT 6.2; Trident/7.0; .NET4.0E; .NET4.0C)"
93.93.202.44 - - [15/Apr/2026:07:43:13 +0200] "POST /wp-login.php HTTP/1.1" 500 4024 "https://www.rudomilov.ru/wp-login.php" "Mozilla/4.0 (compatible; MSIE 7.0; Windows NT 6.2; Trident/7.0; .NET4.0E; .NET4.0C)"
216.73.216.51 - - [15/Apr/2026:07:43:18 +0200] "GET /robots.txt HTTP/1.1" 200 571 "-" "Mozilla/5.0 AppleWebKit/537.36 (KHTML, like Gecko; compatible; ClaudeBot/1.0; +claudebot@anthropic.com)"
95.216.2.94 - - [15/Apr/2026:07:43:19 +0200] "POST /wp-cron.php?doing_wp_cron=1776231799.2036719322204589843750 HTTP/1.1" 500 185 "-" "WordPress/6.9.4; https://www.rudomilov.ru"
216.73.216.51 - - [15/Apr/2026:07:43:18 +0200] "GET /sitemap.xml HTTP/1.1" 200 754 "-" "Mozilla/5.0 AppleWebKit/537.36 (KHTML, like Gecko; compatible; ClaudeBot/1.0; +claudebot@anthropic.com)"
103.82.21.169 - - [15/Apr/2026:07:43:53 +0200] "GET /wp-login.php HTTP/1.1" 500 4024 "-" "Mozilla/5.0 (Windows NT 6.3; WOW64; Trident/7.0; ASJB; rv:11.0) like Gecko"
212.89.15.132 - - [15/Apr/2026:07:48:01 +0200] "GET /wp-login.php HTTP/1.1" 500 4024 "-" "Mozilla/5.0 (Windows NT 10.0; WOW64; Trident/7.0; Touch; MDDCJS; rv:11.0) like Gecko"
212.89.15.132 - - [15/Apr/2026:07:48:02 +0200] "POST /wp-login.php HTTP/1.1" 500 4024 "https://www.rudomilov.ru/wp-login.php" "Mozilla/5.0 (Windows NT 10.0; WOW64; Trident/7.0; Touch; MDDCJS; rv:11.0) like Gecko"
103.216.118.192 - - [15/Apr/2026:07:48:26 +0200] "GET /wp-login.php HTTP/1.1" 500 4024 "-" "Mozilla/5.0 (Windows NT 6.1; WOW64; Trident/7.0; ASJB; ASJB; MAAU; rv:11.0) like Gecko"
103.216.118.192 - - [15/Apr/2026:07:48:37 +0200] "POST /wp-login.php HTTP/1.1" 500 4024 "https://www.rudomilov.ru/wp-login.php" "Mozilla/5.0 (Windows NT 6.1; WOW64; Trident/7.0; ASJB; ASJB; MAAU; rv:11.0) like Gecko"
103.216.117.118 - - [15/Apr/2026:07:49:41 +0200] "GET /wp-login.php HTTP/1.1" 500 4024 "-" "Mozilla/5.0 (Windows NT 6.1; WOW64; Trident/7.0; MANM; MANM; rv:11.0) like Gecko"
103.216.117.118 - - [15/Apr/2026:07:49:44 +0200] "POST /wp-login.php HTTP/1.1" 500 4024 "https://www.rudomilov.ru/wp-login.php" "Mozilla/5.0 (Windows NT 6.1; WOW64; Trident/7.0; MANM; MANM; rv:11.0) like Gecko"
51.103.25.59 - - [15/Apr/2026:07:49:56 +0200] "GET /wp-login.php HTTP/1.1" 500 4024 "-" "Mozilla/5.0 (Windows NT 6.1; Win64; x64) AppleWebKit/537.36 (KHTML, like Gecko) Chrome/66.0.3359.181 Safari/537.36"
51.103.25.59 - - [15/Apr/2026:07:49:56 +0200] "POST /wp-login.php HTTP/1.1" 500 4024 "https://www.rudomilov.ru/wp-login.php" "Mozilla/5.0 (Windows NT 6.1; Win64; x64) AppleWebKit/537.36 (KHTML, like Gecko) Chrome/66.0.3359.181 Safari/537.36"
202.92.6.73 - - [15/Apr/2026:07:49:58 +0200] "GET /wp-login.php HTTP/1.1" 500 4024 "-" "Mozilla/5.0 (Macintosh; Intel Mac OS X 10_13_1) AppleWebKit/537.36 (KHTML, like Gecko) Chrome/66.0.3359.139 Safari/537.36"
202.92.6.73 - - [15/Apr/2026:07:49:59 +0200] "POST /wp-login.php HTTP/1.1" 500 4024 "https://www.rudomilov.ru/wp-login.php" "Mozilla/5.0 (Macintosh; Intel Mac OS X 10_13_1) AppleWebKit/537.36 (KHTML, like Gecko) Chrome/66.0.3359.139 Safari/537.36"
95.216.2.94 - - [15/Apr/2026:07:53:15 +0200] "POST /wp-cron.php?doing_wp_cron=1776232395.1876571178436279296875 HTTP/1.1" 500 4024 "-" "WordPress/6.9.4; https://www.rudomilov.ru"
185.181.246.176 - - [15/Apr/2026:07:53:14 +0200] "GET / HTTP/1.0" 301 3614 "https://rudomilov.ru/" "Mozilla/5.0 (Windows NT 6.1; WOW64) AppleWebKit/537.36 (KHTML, like Gecko) Chrome/103.0.0.0 Safari/537.36"
45.134.253.147 - - [15/Apr/2026:07:53:16 +0200] "GET / HTTP/1.0" 200 25980 "https://www.rudomilov.ru/" "Mozilla/5.0 (Windows NT 6.1; WOW64) AppleWebKit/537.36 (KHTML, like Gecko) Chrome/103.0.0.0 Safari/537.36"
173.231.203.220 - - [15/Apr/2026:07:54:02 +0200] "GET /wp-login.php HTTP/1.1" 500 4024 "-" "Mozilla/4.0 (compatible; MSIE 7.0; Windows NT 6.1; WOW64; Trident/7.0; SLCC2; .NET CLR 2.0.50727; .NET CLR 3.5.30729; .NET CLR 3.0.30729; .NET CLR 1.1.4322; .NET4.0C; .NET4.0E)"
173.231.203.220 - - [15/Apr/2026:07:54:06 +0200] "POST /wp-login.php HTTP/1.1" 500 4024 "https://www.rudomilov.ru/wp-login.php" "Mozilla/4.0 (compatible; MSIE 7.0; Windows NT 6.1; WOW64; Trident/7.0; SLCC2; .NET CLR 2.0.50727; .NET CLR 3.5.30729; .NET CLR 3.0.30729; .NET CLR 1.1.4322; .NET4.0C; .NET4.0E)"
74.208.56.95 - - [15/Apr/2026:07:54:27 +0200] "GET /wp-login.php HTTP/1.1" 500 4024 "-" "Mozilla/5.0 (Macintosh; Intel Mac OS X 10_12_4) AppleWebKit/603.1.30 (KHTML, like Gecko) Version/10.1 Safari/603.1.30"
74.208.56.95 - - [15/Apr/2026:07:54:30 +0200] "POST /wp-login.php HTTP/1.1" 500 4024 "https://www.rudomilov.ru/wp-login.php" "Mozilla/5.0 (Macintosh; Intel Mac OS X 10_12_4) AppleWebKit/603.1.30 (KHTML, like Gecko) Version/10.1 Safari/603.1.30"
203.106.68.121 - - [15/Apr/2026:07:55:26 +0200] "GET /feedback/ HTTP/1.1" 301 589 "http://rudomilov.ru/" "Mozilla/5.0 (X11; Ubuntu; Linux x86_64; rv:114.0) Gecko/20100101 Firefox/114.0"
95.216.2.94 - - [15/Apr/2026:07:55:28 +0200] "POST /wp-cron.php?doing_wp_cron=1776232528.2871289253234863281250 HTTP/1.1" 500 185 "-" "WordPress/6.9.4; https://www.rudomilov.ru"
203.106.68.121 - - [15/Apr/2026:07:55:27 +0200] "GET /feedback/ HTTP/1.1" 200 6579 "http://rudomilov.ru/feedback/" "Mozilla/5.0 (X11; Ubuntu; Linux x86_64; rv:114.0) Gecko/20100101 Firefox/114.0"
203.106.68.121 - - [15/Apr/2026:07:55:31 +0200] "GET /wp-login.php?action=register HTTP/1.1" 500 185 "http://www.rudomilov.ru/feedback/" "Mozilla/5.0 (Windows NT 6.3; Win64; x64) AppleWebKit/537.36 (KHTML, like Gecko) Chrome/103.0.0.0 Safari/537.36"
203.106.68.121 - - [15/Apr/2026:07:55:31 +0200] "GET /wp-login.php?action=register HTTP/1.1" 500 185 "http://www.rudomilov.ru/feedback/" "Mozilla/5.0 (Windows NT 6.3; Win64; x64) AppleWebKit/537.36 (KHTML, like Gecko) Chrome/103.0.0.0 Safari/537.36"
203.106.68.121 - - [15/Apr/2026:07:55:32 +0200] "GET /wp-login.php?action=register HTTP/1.1" 500 185 "http://www.rudomilov.ru/feedback/" "Mozilla/5.0 (Windows NT 6.3; Win64; x64) AppleWebKit/537.36 (KHTML, like Gecko) Chrome/103.0.0.0 Safari/537.36"
203.106.68.121 - - [15/Apr/2026:07:55:32 +0200] "GET /wp-login.php?action=register HTTP/1.1" 500 185 "http://www.rudomilov.ru/wp-login.php?action=register" "Mozilla/5.0 (Windows NT 6.3; Win64; x64) AppleWebKit/537.36 (KHTML, like Gecko) Chrome/103.0.0.0 Safari/537.36"
203.106.68.121 - - [15/Apr/2026:07:55:33 +0200] "GET /wp-login.php?action=register HTTP/1.1" 500 185 "http://www.rudomilov.ru/wp-login.php?action=register" "Mozilla/5.0 (Windows NT 6.3; Win64; x64) AppleWebKit/537.36 (KHTML, like Gecko) Chrome/103.0.0.0 Safari/537.36"
203.106.68.121 - - [15/Apr/2026:07:55:33 +0200] "GET /wp-login.php?action=register HTTP/1.1" 500 185 "http://www.rudomilov.ru/wp-login.php?action=register" "Mozilla/5.0 (Windows NT 6.3; Win64; x64) AppleWebKit/537.36 (KHTML, like Gecko) Chrome/103.0.0.0 Safari/537.36"
203.106.68.121 - - [15/Apr/2026:07:55:33 +0200] "GET /feedback/ HTTP/1.1" 301 589 "http://rudomilov.ru/feedback/" "Mozilla/5.0 (Windows NT 6.3; Win64; x64) AppleWebKit/537.36 (KHTML, like Gecko) Chrome/103.0.0.0 Safari/537.36"
203.106.68.121 - - [15/Apr/2026:07:55:34 +0200] "GET /feedback/ HTTP/1.1" 200 6579 "http://rudomilov.ru/feedback/" "Mozilla/5.0 (Windows NT 6.3; Win64; x64) AppleWebKit/537.36 (KHTML, like Gecko) Chrome/103.0.0.0 Safari/537.36"
203.106.68.121 - - [15/Apr/2026:07:55:35 +0200] "POST /wp-content/themes/boldy/sendmail.php HTTP/1.1" 200 325 "http://www.rudomilov.ru/feedback/" "Mozilla/5.0 (Windows NT 6.3; Win64; x64) AppleWebKit/537.36 (KHTML, like Gecko) Chrome/103.0.0.0 Safari/537.36"
203.106.68.121 - - [15/Apr/2026:07:55:35 +0200] "GET /feedback/ HTTP/1.1" 301 589 "-" "Mozilla/5.0 (Windows NT 6.3; Win64; x64) AppleWebKit/537.36 (KHTML, like Gecko) Chrome/103.0.0.0 Safari/537.36"
203.106.68.121 - - [15/Apr/2026:07:55:36 +0200] "GET /feedback/ HTTP/1.1" 200 6579 "http://rudomilov.ru/feedback/" "Mozilla/5.0 (Windows NT 6.3; Win64; x64) AppleWebKit/537.36 (KHTML, like Gecko) Chrome/103.0.0.0 Safari/537.36"
116.118.2.113 - - [15/Apr/2026:07:56:09 +0200] "GET /wp-login.php HTTP/1.1" 500 4024 "-" "Mozilla/4.0 (compatible; MSIE 7.0; Windows NT 6.1; Win64; x64; Trident/7.0; .NET CLR 2.0.50727; SLCC2; .NET CLR 3.5.30729; .NET CLR 3.0.30729; Media Center PC 6.0; .NET4.0C; .NET4.0E)"
187.110.168.96 - - [15/Apr/2026:07:56:34 +0200] "GET /wp-login.php HTTP/1.1" 500 4024 "-" "Mozilla/5.0 (Macintosh; Intel Mac OS X 10_12_6) AppleWebKit/603.3.8 (KHTML, like Gecko) Version/10.1.2 Safari/603.3.8"
187.110.168.96 - - [15/Apr/2026:07:56:36 +0200] "POST /wp-login.php HTTP/1.1" 500 4024 "https://www.rudomilov.ru/wp-login.php" "Mozilla/5.0 (Macintosh; Intel Mac OS X 10_12_6) AppleWebKit/603.3.8 (KHTML, like Gecko) Version/10.1.2 Safari/603.3.8"
203.106.68.121 - - [15/Apr/2026:07:56:41 +0200] "GET /feedback/ HTTP/1.1" 301 589 "-" "Mozilla/5.0 (X11; Linux i686; rv:114.0) Gecko/20100101 Firefox/114.0"
95.216.2.94 - - [15/Apr/2026:07:56:42 +0200] "POST /wp-cron.php?doing_wp_cron=1776232602.3934841156005859375000 HTTP/1.1" 500 185 "-" "WordPress/6.9.4; https://www.rudomilov.ru"
203.106.68.121 - - [15/Apr/2026:07:56:41 +0200] "GET /feedback/ HTTP/1.1" 200 6579 "http://rudomilov.ru/feedback/" "Mozilla/5.0 (X11; Linux i686; rv:114.0) Gecko/20100101 Firefox/114.0"
103.216.119.20 - - [15/Apr/2026:07:57:04 +0200] "GET /wp-login.php HTTP/1.1" 500 4024 "-" "Mozilla/4.0 (compatible; MSIE 7.0; Windows NT 6.2; WOW64; Trident/7.0; .NET4.0C; .NET4.0E; Tablet PC 2.0; .NET CLR 2.0.50727; .NET CLR 3.0.30729; .NET CLR 3.5.30729)"
103.216.119.20 - - [15/Apr/2026:07:57:24 +0200] "POST /wp-login.php HTTP/1.1" 500 4024 "https://www.rudomilov.ru/wp-login.php" "Mozilla/4.0 (compatible; MSIE 7.0; Windows NT 6.2; WOW64; Trident/7.0; .NET4.0C; .NET4.0E; Tablet PC 2.0; .NET CLR 2.0.50727; .NET CLR 3.0.30729; .NET CLR 3.5.30729)"
194.53.140.121 - - [15/Apr/2026:07:58:34 +0200] "GET /termit/ HTTP/1.1" 403 461 "http://www.rudomilov.ru/" "Mozilla/5.0 (Windows NT 10.0; Win64; x64; Xbox; Xbox One) AppleWebKit/537.36 (KHTML, like Gecko) Chrome/114.0.0.0 Safari/537.36 Edge/44.18363.8131"
95.216.2.94 - - [15/Apr/2026:07:58:46 +0200] "POST /wp-cron.php?doing_wp_cron=1776232726.8422451019287109375000 HTTP/1.1" 500 185 "-" "WordPress/6.9.4; https://www.rudomilov.ru"
178.20.44.140 - - [15/Apr/2026:07:58:46 +0200] "GET /feedback/ HTTP/1.0" 200 19076 "http://www.rudomilov.ru/feedback/" "Mozilla/5.0 (Windows NT 10.0; Win64; x64) AppleWebKit/537.36 (KHTML, like Gecko) Chrome/129.0.0.0 Safari/537.36"
178.20.44.140 - - [15/Apr/2026:07:58:46 +0200] "POST /wp-content/themes/boldy/sendmail.php HTTP/1.0" 200 314 "http://www.rudomilov.ru/feedback/" "Mozilla/5.0 (Windows NT 10.0; Win64; x64) AppleWebKit/537.36 (KHTML, like Gecko) Chrome/129.0.0.0 Safari/537.36"
94.154.35.236 - - [15/Apr/2026:07:59:37 +0200] "HEAD /catalog.zip HTTP/1.1" 301 214 "-" "Mozilla/5.0 (Windows NT 10.0; Win64; x64) AppleWebKit/537.36 (KHTML, like Gecko) Chrome/101.0.4951.67 Safari/537.36"
94.154.35.236 - - [15/Apr/2026:07:59:37 +0200] "HEAD /catalog.zip HTTP/1.1" 404 335 "-" "Mozilla/5.0 (Windows NT 10.0; Win64; x64) AppleWebKit/537.36 (KHTML, like Gecko) Chrome/101.0.4951.67 Safari/537.36"
103.91.245.241 - - [15/Apr/2026:08:00:03 +0200] "GET /wp-login.php HTTP/1.1" 500 4024 "-" "Mozilla/5.0 (Macintosh; Intel Mac OS X 10_13_5) AppleWebKit/537.36 (KHTML, like Gecko) Chrome/67.0.3396.79 Safari/537.36"
103.91.245.241 - - [15/Apr/2026:08:00:06 +0200] "POST /wp-login.php HTTP/1.1" 500 4024 "https://www.rudomilov.ru/wp-login.php" "Mozilla/5.0 (Macintosh; Intel Mac OS X 10_13_5) AppleWebKit/537.36 (KHTML, like Gecko) Chrome/67.0.3396.79 Safari/537.36"
69.49.112.66 - - [15/Apr/2026:08:00:35 +0200] "GET /wp-login.php HTTP/1.1" 500 4024 "-" "Mozilla/5.0 (Windows NT 10.0; Win64; x64) AppleWebKit/537.36 (KHTML, like Gecko) Chrome/63.0.3239.108 Safari/537.36 OPR/50.0.2762.45"
69.49.112.66 - - [15/Apr/2026:08:00:38 +0200] "POST /wp-login.php HTTP/1.1" 500 4024 "https://www.rudomilov.ru/wp-login.php" "Mozilla/5.0 (Windows NT 10.0; Win64; x64) AppleWebKit/537.36 (KHTML, like Gecko) Chrome/63.0.3239.108 Safari/537.36 OPR/50.0.2762.45"
51.68.107.151 - - [15/Apr/2026:08:01:42 +0200] "GET /robots.txt HTTP/1.1" 200 4395 "-" "Mozilla/5.0 (compatible; MJ12bot/v2.0.5; http://mj12bot.com/)"
95.216.2.94 - - [15/Apr/2026:08:01:43 +0200] "POST /wp-cron.php?doing_wp_cron=1776232903.9264090061187744140625 HTTP/1.1" 500 4024 "-" "WordPress/6.9.4; https://www.rudomilov.ru"
51.68.107.151 - - [15/Apr/2026:08:01:43 +0200] "GET / HTTP/1.1" 200 7870 "-" "Mozilla/5.0 (compatible; MJ12bot/v2.0.5; http://mj12bot.com/)"
52.167.144.163 - - [15/Apr/2026:08:02:15 +0200] "GET /post-sitemap.xml HTTP/1.1" 200 4988 "-" "Mozilla/5.0 AppleWebKit/537.36 (KHTML, like Gecko; compatible; bingbot/2.0; +http://www.bing.com/bingbot.htm) Chrome/116.0.1938.76 Safari/537.36"
66.29.129.222 - - [15/Apr/2026:08:03:07 +0200] "GET /wp-login.php HTTP/1.1" 500 4024 "-" "Mozilla/5.0 (Macintosh; Intel Mac OS X 10_13_2) AppleWebKit/537.36 (KHTML, like Gecko) Chrome/65.0.3325.181 Safari/537.36"
66.29.129.222 - - [15/Apr/2026:08:03:08 +0200] "POST /wp-login.php HTTP/1.1" 500 4024 "https://www.rudomilov.ru/wp-login.php" "Mozilla/5.0 (Macintosh; Intel Mac OS X 10_13_2) AppleWebKit/537.36 (KHTML, like Gecko) Chrome/65.0.3325.181 Safari/537.36"
34.75.167.170 - - [15/Apr/2026:08:03:25 +0200] "GET /wp-login.php HTTP/1.1" 500 4024 "-" "Mozilla/5.0 (Windows NT 6.1; WOW64; Trident/7.0; EIE10;ENUSMSN; rv:11.0) like Gecko"
34.75.167.170 - - [15/Apr/2026:08:03:25 +0200] "POST /wp-login.php HTTP/1.1" 500 4024 "https://www.rudomilov.ru/wp-login.php" "Mozilla/5.0 (Windows NT 6.1; WOW64; Trident/7.0; EIE10;ENUSMSN; rv:11.0) like Gecko"
193.124.64.82 - - [15/Apr/2026:08:03:30 +0200] "GET /about/ HTTP/1.1" 301 583 "http://rudomilov.ru/" "Mozilla/5.0 (Windows NT 10.0; Win64; x64; rv:143.0) Gecko/20100101 Firefox/143.0"
95.216.2.94 - - [15/Apr/2026:08:03:30 +0200] "POST /wp-cron.php?doing_wp_cron=1776233010.7078390121459960937500 HTTP/1.1" 500 185 "-" "WordPress/6.9.4; https://www.rudomilov.ru"
193.124.64.82 - - [15/Apr/2026:08:03:30 +0200] "GET /about/ HTTP/1.1" 200 6214 "http://rudomilov.ru/about/" "Mozilla/5.0 (Windows NT 10.0; Win64; x64; rv:143.0) Gecko/20100101 Firefox/143.0"
193.124.64.82 - - [15/Apr/2026:08:03:33 +0200] "GET /wp-content/themes/boldy/style.css HTTP/1.1" 200 4123 "http://www.rudomilov.ru/about/" "Mozilla/5.0 (Windows NT 10.0; Win64; x64) AppleWebKit/537.36 (KHTML, like Gecko) Chrome/145.0.0.0 Safari/537.36"
193.124.64.82 - - [15/Apr/2026:08:03:33 +0200] "GET /wp-content/themes/boldy/css/ddsmoothmenu.css HTTP/1.1" 200 948 "http://www.rudomilov.ru/about/" "Mozilla/5.0 (Windows NT 10.0; Win64; x64) AppleWebKit/537.36 (KHTML, like Gecko) Chrome/145.0.0.0 Safari/537.36"
193.124.64.82 - - [15/Apr/2026:08:03:33 +0200] "GET /wp-content/themes/boldy/css/prettyPhoto.css HTTP/1.1" 200 2162 "http://www.rudomilov.ru/about/" "Mozilla/5.0 (Windows NT 10.0; Win64; x64) AppleWebKit/537.36 (KHTML, like Gecko) Chrome/145.0.0.0 Safari/537.36"
193.124.64.82 - - [15/Apr/2026:08:03:33 +0200] "GET /wp-content/themes/boldy/css/nivo-slider.css HTTP/1.1" 200 1090 "http://www.rudomilov.ru/about/" "Mozilla/5.0 (Windows NT 10.0; Win64; x64) AppleWebKit/537.36 (KHTML, like Gecko) Chrome/145.0.0.0 Safari/537.36"
193.124.64.82 - - [15/Apr/2026:08:03:33 +0200] "POST /wp-content/themes/boldy/sendmail.php HTTP/1.1" 200 325 "http://www.rudomilov.ru/about/" "Mozilla/5.0 (Windows NT 10.0; Win64; x64; rv:143.0) Gecko/20100101 Firefox/143.0"
193.124.64.82 - - [15/Apr/2026:08:03:33 +0200] "GET /about/ HTTP/1.1" 301 583 "-" "Mozilla/5.0 (compatible; Googlebot/2.1; +http://www.google.com/bot.html)"
193.124.64.82 - - [15/Apr/2026:08:03:33 +0200] "GET /about/ HTTP/1.1" 200 6392 "http://rudomilov.ru/about/" "Mozilla/5.0 (compatible; Googlebot/2.1; +http://www.google.com/bot.html)"
173.231.203.220 - - [15/Apr/2026:08:06:32 +0200] "GET /wp-login.php HTTP/1.1" 500 4024 "-" "Mozilla/5.0 (Macintosh; Intel Mac OS X 10_13_4) AppleWebKit/537.36 (KHTML, like Gecko) Chrome/67.0.3396.87 Safari/537.36"
173.231.203.220 - - [15/Apr/2026:08:06:33 +0200] "POST /wp-login.php HTTP/1.1" 500 4024 "https://www.rudomilov.ru/wp-login.php" "Mozilla/5.0 (Macintosh; Intel Mac OS X 10_13_4) AppleWebKit/537.36 (KHTML, like Gecko) Chrome/67.0.3396.87 Safari/537.36"
121.200.217.28 - - [15/Apr/2026:08:08:07 +0200] "GET /wp-login.php HTTP/1.1" 500 4024 "-" "Mozilla/5.0 (Windows NT 6.1; Trident/7.0; MDDRJS; rv:11.0) like Gecko"
121.200.217.28 - - [15/Apr/2026:08:08:09 +0200] "POST /wp-login.php HTTP/1.1" 500 4024 "https://www.rudomilov.ru/wp-login.php" "Mozilla/5.0 (Windows NT 6.1; Trident/7.0; MDDRJS; rv:11.0) like Gecko"
82.165.86.170 - - [15/Apr/2026:08:09:36 +0200] "GET /wp-login.php HTTP/1.1" 500 4024 "-" "Mozilla/5.0 (Windows NT 10.0; Win64; x64) AppleWebKit/537.36 (KHTML, like Gecko) Chrome/66.0.3359.170 Safari/537.36 OPR/53.0.2907.68"
82.165.86.170 - - [15/Apr/2026:08:09:37 +0200] "POST /wp-login.php HTTP/1.1" 500 4024 "https://www.rudomilov.ru/wp-login.php" "Mozilla/5.0 (Windows NT 10.0; Win64; x64) AppleWebKit/537.36 (KHTML, like Gecko) Chrome/66.0.3359.170 Safari/537.36 OPR/53.0.2907.68"
78.128.43.246 - - [15/Apr/2026:08:09:56 +0200] "GET /wp-login.php HTTP/1.1" 500 4024 "-" "Mozilla/4.0 (compatible; MSIE 7.0; Windows NT 6.1; Trident/7.0; SLCC2; .NET CLR 2.0.50727; .NET CLR 3.5.30729; .NET CLR 3.0.30729; Media Center PC 6.0; .NET4.0C; .NET4.0E; Tablet PC 2.0; .NET CLR 1.1.4322; Alexa Toolbar)"
78.128.43.246 - - [15/Apr/2026:08:09:58 +0200] "POST /wp-login.php HTTP/1.1" 500 4024 "https://www.rudomilov.ru/wp-login.php" "Mozilla/4.0 (compatible; MSIE 7.0; Windows NT 6.1; Trident/7.0; SLCC2; .NET CLR 2.0.50727; .NET CLR 3.5.30729; .NET CLR 3.0.30729; Media Center PC 6.0; .NET4.0C; .NET4.0E; Tablet PC 2.0; .NET CLR 1.1.4322; Alexa Toolbar)"
193.124.64.82 - - [15/Apr/2026:08:10:10 +0200] "GET /about/ HTTP/1.1" 301 583 "-" "Mozilla/5.0 (compatible; Googlebot/2.1; +http://www.google.com/bot.html)"
95.216.2.94 - - [15/Apr/2026:08:10:11 +0200] "POST /wp-cron.php?doing_wp_cron=1776233411.4837350845336914062500 HTTP/1.1" 500 185 "-" "WordPress/6.9.4; https://www.rudomilov.ru"
193.124.64.82 - - [15/Apr/2026:08:10:10 +0200] "GET /about/ HTTP/1.1" 200 6392 "http://rudomilov.ru/about/" "Mozilla/5.0 (compatible; Googlebot/2.1; +http://www.google.com/bot.html)"
216.73.216.51 - - [15/Apr/2026:08:11:33 +0200] "GET /robots.txt HTTP/1.1" 200 4354 "-" "Mozilla/5.0 AppleWebKit/537.36 (KHTML, like Gecko; compatible; ClaudeBot/1.0; +claudebot@anthropic.com)"
182.93.78.5 - - [15/Apr/2026:08:12:10 +0200] "GET /wp-login.php HTTP/1.1" 500 4024 "-" "Mozilla/5.0 (Macintosh; Intel Mac OS X 10_12_6) AppleWebKit/537.36 (KHTML, like Gecko) Chrome/66.0.3359.139 Safari/537.36"
66.29.129.222 - - [15/Apr/2026:08:12:38 +0200] "GET /wp-login.php HTTP/1.1" 500 4024 "-" "Mozilla/5.0 (Windows NT 10.0) AppleWebKit/537.36 (KHTML, like Gecko) Chrome/66.0.3359.117 Safari/537.36"
66.29.129.222 - - [15/Apr/2026:08:12:40 +0200] "POST /wp-login.php HTTP/1.1" 500 4024 "https://www.rudomilov.ru/wp-login.php" "Mozilla/5.0 (Windows NT 10.0) AppleWebKit/537.36 (KHTML, like Gecko) Chrome/66.0.3359.117 Safari/537.36"
95.216.2.94 - - [15/Apr/2026:08:13:08 +0200] "POST /wp-cron.php?doing_wp_cron=1776233588.6075949668884277343750 HTTP/1.1" 500 185 "-" "WordPress/6.9.4; https://www.rudomilov.ru"
216.73.216.51 - - [15/Apr/2026:08:13:08 +0200] "GET /sitemap.xml HTTP/1.1" 200 755 "-" "Mozilla/5.0 AppleWebKit/537.36 (KHTML, like Gecko; compatible; ClaudeBot/1.0; +claudebot@anthropic.com)"
216.73.216.51 - - [15/Apr/2026:08:13:24 +0200] "GET /?p=326 HTTP/1.1" 301 4195 "-" "Mozilla/5.0 AppleWebKit/537.36 (KHTML, like Gecko; compatible; ClaudeBot/1.0; +claudebot@anthropic.com)"
216.73.216.51 - - [15/Apr/2026:08:13:24 +0200] "GET /?p=205 HTTP/1.1" 301 431 "-" "Mozilla/5.0 AppleWebKit/537.36 (KHTML, like Gecko; compatible; ClaudeBot/1.0; +claudebot@anthropic.com)"
216.73.216.51 - - [15/Apr/2026:08:13:25 +0200] "GET /services/webmoney/ HTTP/1.1" 200 10552 "https://www.rudomilov.ru/?p=326" "Mozilla/5.0 AppleWebKit/537.36 (KHTML, like Gecko; compatible; ClaudeBot/1.0; +claudebot@anthropic.com)"
216.73.216.51 - - [15/Apr/2026:08:13:25 +0200] "GET /feedback/finance/ HTTP/1.1" 200 6616 "https://www.rudomilov.ru/?p=205" "Mozilla/5.0 AppleWebKit/537.36 (KHTML, like Gecko; compatible; ClaudeBot/1.0; +claudebot@anthropic.com)"
216.73.216.51 - - [15/Apr/2026:08:13:26 +0200] "GET /?p=99 HTTP/1.1" 301 380 "-" "Mozilla/5.0 AppleWebKit/537.36 (KHTML, like Gecko; compatible; ClaudeBot/1.0; +claudebot@anthropic.com)"
216.73.216.51 - - [15/Apr/2026:08:13:26 +0200] "GET /projects/services/kamweather/ HTTP/1.1" 200 6653 "https://www.rudomilov.ru/?p=99" "Mozilla/5.0 AppleWebKit/537.36 (KHTML, like Gecko; compatible; ClaudeBot/1.0; +claudebot@anthropic.com)"
34.75.167.170 - - [15/Apr/2026:08:14:26 +0200] "GET /wp-login.php HTTP/1.1" 500 4024 "-" "Mozilla/5.0 (Macintosh; Intel Mac OS X 10_9_5) AppleWebKit/537.36 (KHTML, like Gecko) Chrome/67.0.3396.87 Safari/537.36"
34.75.167.170 - - [15/Apr/2026:08:14:32 +0200] "POST /wp-login.php HTTP/1.1" 500 4024 "https://www.rudomilov.ru/wp-login.php" "Mozilla/5.0 (Macintosh; Intel Mac OS X 10_9_5) AppleWebKit/537.36 (KHTML, like Gecko) Chrome/67.0.3396.87 Safari/537.36"
216.73.216.51 - - [15/Apr/2026:08:15:47 +0200] "GET /?p=77 HTTP/1.1" 301 4189 "-" "Mozilla/5.0 AppleWebKit/537.36 (KHTML, like Gecko; compatible; ClaudeBot/1.0; +claudebot@anthropic.com)"
95.216.2.94 - - [15/Apr/2026:08:15:50 +0200] "POST /wp-cron.php?doing_wp_cron=1776233750.3345129489898681640625 HTTP/1.1" 500 4024 "-" "WordPress/6.9.4; https://www.rudomilov.ru"
216.73.216.51 - - [15/Apr/2026:08:15:50 +0200] "GET /feedback/finance/feed/ HTTP/1.1" 200 4917 "-" "Mozilla/5.0 AppleWebKit/537.36 (KHTML, like Gecko; compatible; ClaudeBot/1.0; +claudebot@anthropic.com)"
216.73.216.51 - - [15/Apr/2026:08:15:50 +0200] "GET /home-slider/ HTTP/1.1" 200 6369 "https://www.rudomilov.ru/?p=77" "Mozilla/5.0 AppleWebKit/537.36 (KHTML, like Gecko; compatible; ClaudeBot/1.0; +claudebot@anthropic.com)"
85.10.204.138 - - [15/Apr/2026:08:16:37 +0200] "GET /wp-login.php HTTP/1.1" 500 4024 "-" "Mozilla/4.0 (compatible; MSIE 7.0; Windows NT 6.2; WOW64; Trident/7.0; .NET4.0C; .NET4.0E; .NET CLR 2.0.50727; .NET CLR 3.0.30729; .NET CLR 3.5.30729; InfoPath.2; Creative AutoUpdate v1.41.07)"
85.10.204.138 - - [15/Apr/2026:08:16:51 +0200] "POST /wp-login.php HTTP/1.1" 500 4024 "https://www.rudomilov.ru/wp-login.php" "Mozilla/4.0 (compatible; MSIE 7.0; Windows NT 6.2; WOW64; Trident/7.0; .NET4.0C; .NET4.0E; .NET CLR 2.0.50727; .NET CLR 3.0.30729; .NET CLR 3.5.30729; InfoPath.2; Creative AutoUpdate v1.41.07)"
178.20.235.164 - - [15/Apr/2026:08:16:51 +0200] "GET /category/projects/communities HTTP/1.1" 301 592 "-" "Mozilla/5.0 (Macintosh; Intel Mac OS X 10_13_6) AppleWebKit/605.1.15 (KHTML, like Gecko) Version/13.1.2 Safari/605.1.15"
95.216.2.94 - - [15/Apr/2026:08:16:52 +0200] "POST /wp-cron.php?doing_wp_cron=1776233812.8091979026794433593750 HTTP/1.1" 500 185 "-" "WordPress/6.9.4; https://www.rudomilov.ru"
178.20.235.164 - - [15/Apr/2026:08:16:51 +0200] "GET /category/projects/communities HTTP/1.1" 301 274 "-" "Mozilla/5.0 (Macintosh; Intel Mac OS X 10.14; rv:90.0) Gecko/20100101 Firefox/90.0"
178.20.235.164 - - [15/Apr/2026:08:16:52 +0200] "GET /category/projects/communities/ HTTP/1.1" 200 6394 "-" "Mozilla/5.0 (Macintosh; Intel Mac OS X 10_15_7) AppleWebKit/605.1.15 (KHTML, like Gecko) Version/15.0 Safari/605.1.15"
216.137.185.158 - - [15/Apr/2026:08:18:06 +0200] "GET /wp-login.php HTTP/1.1" 500 4024 "-" "Mozilla/5.0 (Windows NT 6.1; WOW64; Trident/7.0; MAFSJS; rv:11.0) like Gecko"
216.137.185.158 - - [15/Apr/2026:08:18:11 +0200] "POST /wp-login.php HTTP/1.1" 500 4024 "https://www.rudomilov.ru/wp-login.php" "Mozilla/5.0 (Windows NT 6.1; WOW64; Trident/7.0; MAFSJS; rv:11.0) like Gecko"
50.6.7.129 - - [15/Apr/2026:08:19:00 +0200] "GET /wp-login.php HTTP/1.1" 500 4024 "-" "Mozilla/5.0 (Windows NT 10.0; WOW64; Trident/7.0; TAJB; rv:11.0) like Gecko"
50.6.7.129 - - [15/Apr/2026:08:19:01 +0200] "POST /wp-login.php HTTP/1.1" 500 4024 "https://www.rudomilov.ru/wp-login.php" "Mozilla/5.0 (Windows NT 10.0; WOW64; Trident/7.0; TAJB; rv:11.0) like Gecko"
72.167.150.128 - - [15/Apr/2026:08:20:40 +0200] "GET /wp-login.php HTTP/1.1" 500 4024 "-" "Mozilla/5.0 (Windows NT 10.0; WOW64; Trident/7.0; Touch; MDDCJS; rv:11.0) like Gecko"
72.167.150.128 - - [15/Apr/2026:08:20:42 +0200] "POST /wp-login.php HTTP/1.1" 500 4024 "https://www.rudomilov.ru/wp-login.php" "Mozilla/5.0 (Windows NT 10.0; WOW64; Trident/7.0; Touch; MDDCJS; rv:11.0) like Gecko"
95.216.2.94 - - [15/Apr/2026:08:22:04 +0200] "POST /wp-cron.php?doing_wp_cron=1776234124.6165869235992431640625 HTTP/1.1" 500 185 "-" "WordPress/6.9.4; https://www.rudomilov.ru"
45.131.195.155 - - [15/Apr/2026:08:22:03 +0200] "GET /bless.php HTTP/1.1" 404 16441 "-" "Mozilla/5.0 (Windows NT 10.0; Win64; x64; rv:79.0) Gecko/20100101 Firefox/79.0"
45.131.195.155 - - [15/Apr/2026:08:22:04 +0200] "GET /O-Simple.php HTTP/1.1" 404 16444 "-" "Mozilla/5.0 (Windows NT 10.0; Win64; x64; rv:76.0) Gecko/20100101 Firefox/76.0"
45.131.195.155 - - [15/Apr/2026:08:22:05 +0200] "GET /lock360.php HTTP/1.1" 404 16443 "-" "Mozilla/5.0 (X11; Linux x86_64) AppleWebKit/537.36 (KHTML, like Gecko) Chrome/84.0.4147.105 Safari/537.36"
45.131.195.155 - - [15/Apr/2026:08:22:06 +0200] "GET /zwso.php HTTP/1.1" 404 16440 "-" "Mozilla/5.0 (Windows NT 10.0; Win64; x64) AppleWebKit/537.36 (KHTML, like Gecko) Chrome/79.0.3945.88 Safari/537.36"
45.131.195.155 - - [15/Apr/2026:08:22:07 +0200] "GET /chosen.php HTTP/1.1" 404 16442 "-" "Mozilla/5.0 (Windows NT 10.0; Win64; x64) AppleWebKit/537.36 (KHTML, like Gecko) Chrome/79.0.3945.130 Safari/537.36"
45.131.195.155 - - [15/Apr/2026:08:22:07 +0200] "GET /about.php HTTP/1.1" 404 16441 "-" "Mozilla/5.0 (Windows NT 10.0; Win64; x64; rv:76.0) Gecko/20100101 Firefox/76.0"
45.131.195.155 - - [15/Apr/2026:08:22:08 +0200] "GET /admin.php HTTP/1.1" 404 16441 "-" "Mozilla/5.0 (Macintosh; Intel Mac OS X 10_15_6) AppleWebKit/537.36 (KHTML, like Gecko) Chrome/84.0.4147.105 Safari/537.36"
45.131.195.155 - - [15/Apr/2026:08:22:09 +0200] "GET /mah.php HTTP/1.1" 404 16439 "-" "Mozilla/5.0 (Windows NT 10.0; Win64; x64) AppleWebKit/537.36 (KHTML, like Gecko) Chrome/84.0.4147.105 Safari/537.36"
45.131.195.155 - - [15/Apr/2026:08:22:10 +0200] "GET /.wp/wso.php HTTP/1.1" 404 16443 "-" "Mozilla/5.0 (Windows NT 6.1; Win64; x64) AppleWebKit/537.36 (KHTML, like Gecko) Chrome/74.0.3729.169 Safari/537.36"
45.131.195.155 - - [15/Apr/2026:08:22:10 +0200] "GET /core.php HTTP/1.1" 404 16440 "-" "Mozilla/5.0 (Windows NT 10.0; Win64; x64) AppleWebKit/537.36 (KHTML, like Gecko) Chrome/70.0.3538.110 Safari/537.36"
45.131.195.155 - - [15/Apr/2026:08:22:11 +0200] "GET /robots.php HTTP/1.1" 404 16442 "-" "Mozilla/5.0 (Windows NT 10.0; Win64; x64) AppleWebKit/537.36 (KHTML, like Gecko) Chrome/70.0.3538.110 Safari/537.36"
45.131.195.155 - - [15/Apr/2026:08:22:12 +0200] "GET /inputs.php HTTP/1.1" 404 16442 "-" "Mozilla/5.0 (Windows NT 10.0; Win64; x64) AppleWebKit/537.36 (KHTML, like Gecko) Chrome/79.0.3945.79 Safari/537.36"
45.131.195.155 - - [15/Apr/2026:08:22:13 +0200] "GET /mini.php HTTP/1.1" 404 16440 "-" "Mozilla/5.0 (X11; Linux x86_64) AppleWebKit/537.36 (KHTML, like Gecko) Chrome/84.0.4147.105 Safari/537.36 OPR/70.0.3728.95"
45.131.195.155 - - [15/Apr/2026:08:22:13 +0200] "GET /goods.php HTTP/1.1" 404 16441 "-" "Mozilla/5.0 (Linux x86_64; rv:79.0) Gecko/20100101 Firefox/79.0"
45.131.195.155 - - [15/Apr/2026:08:22:14 +0200] "GET /file5.php HTTP/1.1" 404 16441 "-" "Mozilla/5.0 (compatible; MSIE 10.0; Windows NT 6.1; Trident/6.0)"
45.131.195.155 - - [15/Apr/2026:08:22:15 +0200] "GET /ahax.php HTTP/1.1" 404 16440 "-" "Mozilla/5.0 (Windows NT 10.0; Win64; x64) AppleWebKit/537.36 (KHTML, like Gecko) Chrome/74.0.3729.169 Safari/537.36"
45.131.195.155 - - [15/Apr/2026:08:22:16 +0200] "GET /f35.php HTTP/1.1" 404 16439 "-" "Mozilla/5.0 (Windows NT 6.1; Win64; x64) AppleWebKit/537.36 (KHTML, like Gecko) Chrome/80.0.3987.149 Safari/537.36"
45.131.195.155 - - [15/Apr/2026:08:22:16 +0200] "GET /simple.php HTTP/1.1" 404 16442 "-" "Mozilla/5.0 (Macintosh; Intel Mac OS X 10_15_6) AppleWebKit/537.36 (KHTML, like Gecko) Chrome/84.0.4147.125 Safari/537.36"
45.131.195.155 - - [15/Apr/2026:08:22:17 +0200] "GET /amax.php HTTP/1.1" 404 16440 "-" "Mozilla/5.0 (Windows NT 10.0; Win64; x64) AppleWebKit/537.36 (KHTML, like Gecko) Chrome/83.0.4103.61 Safari/537.36"
45.131.195.155 - - [15/Apr/2026:08:22:18 +0200] "GET /update/f35.php HTTP/1.1" 404 16446 "-" "Mozilla/5.0 (Windows NT 10.0; Win64; x64; rv:71.0) Gecko/20100101 Firefox/71.0"
45.131.195.155 - - [15/Apr/2026:08:22:19 +0200] "GET /wp-content/hello.php HTTP/1.1" 404 16452 "-" "Mozilla/5.0 (Windows NT 10.0; Win64; x64) AppleWebKit/537.36 (KHTML, like Gecko) Chrome/77.0.3865.90 Safari/537.36"
45.131.195.155 - - [15/Apr/2026:08:22:20 +0200] "GET /wp-admin/maint/bootstrap.php HTTP/1.1" 404 16460 "-" "Mozilla/5.0 (Windows NT 10.0; Win64; x64) AppleWebKit/537.36 (KHTML, like Gecko) Chrome/84.0.4147.105 Safari/537.36 OPR/70.0.3728.95"
45.131.195.155 - - [15/Apr/2026:08:22:20 +0200] "GET /themes/zMousse/otuz1.php HTTP/1.1" 404 16456 "-" "Mozilla/5.0 (Windows NT 10.0; Win64; x64; rv:73.0) Gecko/20100101 Firefox/73.0"
45.131.195.155 - - [15/Apr/2026:08:22:21 +0200] "GET /wp-content/edit-wolf.php HTTP/1.1" 404 16456 "-" "Mozilla/5.0 (Windows NT 10.0; Win64; x64; rv:77.0) Gecko/20100101 Firefox/77.0"
45.131.195.155 - - [15/Apr/2026:08:22:22 +0200] "GET /wp-content/plugins/ubh/up.php HTTP/1.1" 404 16461 "-" "Mozilla/5.0 (Windows NT 10.0; Win64; x64) AppleWebKit/537.36 (KHTML, like Gecko) Chrome/83.0.4103.97 Safari/537.36"
45.131.195.155 - - [15/Apr/2026:08:22:23 +0200] "GET /wp-admin/images/bootstrap.php HTTP/1.1" 404 16461 "-" "Mozilla/5.0 (Windows NT 10.0; Win64; x64; rv:75.0) Gecko/20100101 Firefox/75.0"
45.131.195.155 - - [15/Apr/2026:08:22:23 +0200] "GET /images/upload.php HTTP/1.1" 404 16449 "-" "Mozilla/5.0 (Windows NT 10.0; Win64; x64) AppleWebKit/537.36 (KHTML, like Gecko) Chrome/77.0.3865.90 Safari/537.36"
45.131.195.155 - - [15/Apr/2026:08:22:24 +0200] "GET /wp-content/plugins/seoplugins/db.php?u HTTP/1.1" 404 16470 "-" "Mozilla/5.0 (Windows NT 10.0; Win64; x64; rv:73.0) Gecko/20100101 Firefox/73.0"
45.131.195.155 - - [15/Apr/2026:08:22:25 +0200] "GET /wp-content/themes/pridmag/db.php?u HTTP/1.1" 404 16466 "-" "Mozilla/5.0 (Windows NT 10.0; Win64; x64; rv:73.0) Gecko/20100101 Firefox/73.0"
45.131.195.155 - - [15/Apr/2026:08:22:26 +0200] "GET /wp-content/plugins/linkpreview/db.php?u HTTP/1.1" 404 16471 "-" "Mozilla/5.0 (Windows NT 10.0; Win64; x64; rv:76.0) Gecko/20100101 Firefox/76.0"
45.131.195.155 - - [15/Apr/2026:08:22:27 +0200] "GET /admin/uploads/bn_1_1754420677.phtml HTTP/1.1" 404 16467 "-" "Mozilla/5.0 (Windows NT 10.0; Win64; x64) AppleWebKit/537.36 (KHTML, like Gecko) Chrome/80.0.3987.149 Safari/537.36"
45.131.195.155 - - [15/Apr/2026:08:22:27 +0200] "GET /modules/mod_simplefileuploadv1.3/elements/udd.php HTTP/1.1" 404 16481 "-" "Mozilla/5.0 (Windows NT 10.0) AppleWebKit/537.36 (KHTML, like Gecko) Chrome/84.0.4147.105 Safari/537.36"
45.131.195.155 - - [15/Apr/2026:08:22:28 +0200] "GET /wp-content/plugins/pwnd/pwnd.php HTTP/1.1" 404 16464 "-" "Mozilla/5.0 (Windows NT 10.0; Win64; x64; rv:75.0) Gecko/20100101 Firefox/75.0"
45.131.195.155 - - [15/Apr/2026:08:22:29 +0200] "GET /wp-content/plugins/pwnd-1/pwnd.php HTTP/1.1" 404 16466 "-" "Mozilla/5.0 (Windows NT 10.0; Win64; x64; rv:79.0) Gecko/20100101 Firefox/79.0"
45.131.195.155 - - [15/Apr/2026:08:22:30 +0200] "GET /wp-admin/css/colors/midnight/admin.php HTTP/1.1" 404 16470 "-" "Mozilla/5.0 (X11; Linux x86_64) AppleWebKit/537.36 (KHTML, like Gecko) Chrome/84.0.4147.105 Safari/537.36"
45.131.195.155 - - [15/Apr/2026:08:22:31 +0200] "GET /vendor/phpunit/phpunit/src/Util/PHP/kill.php HTTP/1.1" 404 16476 "-" "Mozilla/5.0 (Windows NT 10.0; Win64; x64; rv:66.0) Gecko/20100101 Firefox/66.0"
45.131.195.155 - - [15/Apr/2026:08:22:32 +0200] "GET /wp-includes/style-engine/worksec.php HTTP/1.1" 404 16468 "-" "Mozilla/5.0 (Windows NT 10.0; Win64; x64; rv:77.0) Gecko/20100101 Firefox/77.0"
45.131.195.155 - - [15/Apr/2026:08:22:32 +0200] "GET /wp-admin/images/wp-conflg.php HTTP/1.1" 404 16461 "-" "Mozilla/5.0 (Windows NT 6.1; Win64; x64) AppleWebKit/537.36 (KHTML, like Gecko) Chrome/80.0.3987.149 Safari/537.36"
45.131.195.155 - - [15/Apr/2026:08:22:33 +0200] "GET /wp-content/plugins/core-plugin/include.php HTTP/1.1" 404 16474 "-" "Mozilla/5.0 (Windows NT 10.0; WOW64) AppleWebKit/537.36 (KHTML, like Gecko) Chrome/84.0.4147.105 Safari/537.36"
45.131.195.155 - - [15/Apr/2026:08:22:34 +0200] "GET /wp-content/plugins/envato-css.php HTTP/1.1" 404 16465 "-" "Mozilla/5.0 (compatible; MSIE 10.0; Windows NT 6.1; Trident/6.0)"
45.131.195.155 - - [15/Apr/2026:08:22:35 +0200] "GET /classwithtostring.php HTTP/1.1" 404 16453 "-" "Mozilla/5.0 (X11; Ubuntu; Linux x86_64; rv:79.0) Gecko/20100101 Firefox/79.0"
45.131.195.155 - - [15/Apr/2026:08:22:36 +0200] "GET /uploads/94056-upload.phtml HTTP/1.1" 404 16458 "-" "Mozilla/5.0 (Macintosh; Intel Mac OS X 10_12_6) AppleWebKit/537.36 (KHTML, like Gecko) Chrome/58.0.3029.110 Safari/537.3"
45.131.195.155 - - [15/Apr/2026:08:22:36 +0200] "GET /index/function.php HTTP/1.1" 404 16450 "-" "Mozilla/5.0 (Windows NT 6.1; Win64; x64) AppleWebKit/537.36 (KHTML, like Gecko) Chrome/80.0.3987.149 Safari/537.36"
45.131.195.155 - - [15/Apr/2026:08:22:37 +0200] "GET /tinyfilemanager.php HTTP/1.1" 404 16451 "-" "Mozilla/5.0 (Windows NT 10.0; Win64; x64) AppleWebKit/537.36 (KHTML, like Gecko) Chrome/75.0.3770.100 Safari/537.36"
45.131.195.155 - - [15/Apr/2026:08:22:38 +0200] "GET /js/bas.php HTTP/1.1" 404 16442 "-" "Mozilla/5.0 (X11; Linux x86_64) AppleWebKit/537.36 (KHTML, like Gecko) Chrome/84.0.4147.105 Safari/537.36"
45.131.195.155 - - [15/Apr/2026:08:22:39 +0200] "GET /.well-known/pki-validation/moon.php HTTP/1.1" 404 16467 "-" "Mozilla/5.0 (Windows NT 10.0) AppleWebKit/537.36 (KHTML, like Gecko) Chrome/84.0.4147.105 Safari/537.36"
45.131.195.155 - - [15/Apr/2026:08:22:40 +0200] "GET /file.php HTTP/1.1" 404 16440 "-" "Mozilla/5.0 (Macintosh; Intel Mac OS X 10_12_6) AppleWebKit/537.36 (KHTML, like Gecko) Chrome/58.0.3029.110 Safari/537.3"
45.131.195.155 - - [15/Apr/2026:08:22:41 +0200] "GET /wp-includes/js/index.php HTTP/1.1" 301 352 "-" "Mozilla/5.0 (Windows NT 10.0; Win64; x64) AppleWebKit/537.36 (KHTML, like Gecko) Chrome/79.0.3945.130 Safari/537.36"
45.131.195.155 - - [15/Apr/2026:08:22:41 +0200] "GET /wp-content/upgrade/item.php HTTP/1.1" 404 16459 "-" "Mozilla/5.0 (Macintosh; Intel Mac OS X 10_12_6) AppleWebKit/537.36 (KHTML, like Gecko) Chrome/58.0.3029.110 Safari/537.3"
45.131.195.155 - - [15/Apr/2026:08:22:42 +0200] "GET /buy.php HTTP/1.1" 404 16439 "-" "Mozilla/5.0 (Windows NT 10.0; Win64; x64) AppleWebKit/537.36 (KHTML, like Gecko) Chrome/83.0.4103.97 Safari/537.36"
45.131.195.155 - - [15/Apr/2026:08:22:43 +0200] "GET /wp-content/languages/wp-conflg.php HTTP/1.1" 404 16466 "-" "Mozilla/5.0 (Windows NT 10.0; Win64; x64; rv:71.0) Gecko/20100101 Firefox/71.0"
45.131.195.155 - - [15/Apr/2026:08:22:44 +0200] "GET /wp-content/themes/classwithtostring.php HTTP/1.1" 404 16471 "-" "Mozilla/5.0 (Linux x86_64; rv:79.0) Gecko/20100101 Firefox/79.0"
45.131.195.155 - - [15/Apr/2026:08:22:44 +0200] "GET /wp-content/plugins/elementor/wp-wjvngrh.php HTTP/1.1" 404 16475 "-" "Mozilla/5.0 (Windows NT 6.1; Win64; x64) AppleWebKit/537.36 (KHTML, like Gecko) Chrome/58.0.3029.110 Safari/537.3"
45.131.195.155 - - [15/Apr/2026:08:22:45 +0200] "GET /wp-includes/IXR/fix.php7 HTTP/1.1" 404 16456 "-" "Mozilla/5.0 (Windows NT 10.0; Win64; x64; rv:73.0) Gecko/20100101 Firefox/73.0"
45.131.195.155 - - [15/Apr/2026:08:22:46 +0200] "GET /wp-includes/widgets/dyqvcfqv.php HTTP/1.1" 404 16464 "-" "Mozilla/5.0 (Windows NT 10.0; Win64; x64) AppleWebKit/537.36 (KHTML, like Gecko) Chrome/79.0.3945.88 Safari/537.36"
45.131.195.155 - - [15/Apr/2026:08:22:47 +0200] "GET /admin/function.php HTTP/1.1" 404 16450 "-" "Mozilla/5.0 (Windows NT 10.0; Win64; x64) AppleWebKit/537.36 (KHTML, like Gecko) Chrome/79.0.3945.88 Safari/537.36"
45.131.195.155 - - [15/Apr/2026:08:22:48 +0200] "GET /wp-includes/images/smilies/about.php HTTP/1.1" 404 16468 "-" "Mozilla/5.0 (X11; Ubuntu; Linux i686; rv:79.0) Gecko/20100101 Firefox/79.0"
45.131.195.155 - - [15/Apr/2026:08:22:49 +0200] "GET /wp-includes/js/crop/admin.php HTTP/1.1" 404 16461 "-" "Mozilla/5.0 (Windows NT 10.0; Win64; x64; rv:72.0) Gecko/20100101 Firefox/72.0"
45.131.195.155 - - [15/Apr/2026:08:22:49 +0200] "GET /wp-includes/PHPMailer/wp-conflg.php HTTP/1.1" 404 16467 "-" "Mozilla/5.0 (Windows NT 10.0; WOW64) AppleWebKit/537.36 (KHTML, like Gecko) Chrome/72.0.3626.121 Safari/537.36"
45.131.195.155 - - [15/Apr/2026:08:22:50 +0200] "GET /wp-includes/PHPMailer/admin.php HTTP/1.1" 404 16463 "-" "Mozilla/5.0 (Windows NT 10.0; Win64; x64) AppleWebKit/537.36 (KHTML, like Gecko) Chrome/58.0.3029.110 Safari/537.3"
45.131.195.155 - - [15/Apr/2026:08:22:51 +0200] "GET /wp-includes/widgets/wp-login.php HTTP/1.1" 404 16464 "-" "Mozilla/5.0 (Windows NT 10.0; Win64; x64) AppleWebKit/537.36 (KHTML, like Gecko) Chrome/58.0.3029.110 Safari/537.3"
45.131.195.155 - - [15/Apr/2026:08:22:52 +0200] "GET /files/index.php HTTP/1.1" 301 343 "-" "Mozilla/5.0 (Windows NT 6.1; Win64; x64) AppleWebKit/537.36 (KHTML, like Gecko) Chrome/79.0.3945.130 Safari/537.36"
45.131.195.155 - - [15/Apr/2026:08:22:52 +0200] "GET /wp-includes/PHPMailer/options.php HTTP/1.1" 404 16465 "-" "Mozilla/5.0 (X11; Ubuntu; Linux i686; rv:79.0) Gecko/20100101 Firefox/79.0"
45.131.195.155 - - [15/Apr/2026:08:22:53 +0200] "GET /inc.php HTTP/1.1" 404 16439 "-" "Mozilla/5.0 (Windows NT 10.0; Win64; x64; rv:71.0) Gecko/20100101 Firefox/71.0"
45.131.195.155 - - [15/Apr/2026:08:22:54 +0200] "GET /wp-content/index.php HTTP/1.1" 200 147 "-" "Mozilla/5.0 (X11; Fedora; Linux x86_64; rv:79.0) Gecko/20100101 Firefox/79.0"
45.131.195.155 - - [15/Apr/2026:08:22:54 +0200] "GET /filemanager.php HTTP/1.1" 404 16447 "-" "Mozilla/5.0 (Windows NT 10.0; Win64; x64) AppleWebKit/537.36 (KHTML, like Gecko) Chrome/79.0.3945.130 Safari/537.36"
45.131.195.155 - - [15/Apr/2026:08:22:55 +0200] "GET /cgi-bin/bypass.php HTTP/1.1" 404 439 "-" "Mozilla/5.0 (Windows NT 10.0; WOW64; x64) AppleWebKit/537.36 (KHTML, like Gecko) Chrome/84.0.4147.105 Safari/537.36 OPR/70.0.3728.95"
45.131.195.155 - - [15/Apr/2026:08:22:55 +0200] "GET /.well-known/pki-validation/admin.php HTTP/1.1" 404 16468 "-" "Mozilla/5.0 (Windows NT 10.0; Win64; x64) AppleWebKit/537.36 (KHTML, like Gecko) Chrome/58.0.3029.110 Safari/537.3"
45.131.195.155 - - [15/Apr/2026:08:22:56 +0200] "GET /wp-includes/IXR/admin.php HTTP/1.1" 404 16457 "-" "Mozilla/5.0 (Windows NT 10.0; Win64; x64) AppleWebKit/537.36 (KHTML, like Gecko) Chrome/70.0.3538.110 Safari/537.36"
45.131.195.155 - - [15/Apr/2026:08:22:56 +0200] "GET /wp-admin/js/index.php HTTP/1.1" 301 349 "-" "Mozilla/5.0 (Windows NT 10.0; Win64; x64; rv:77.0) Gecko/20100101 Firefox/77.0"
45.131.195.155 - - [15/Apr/2026:08:22:57 +0200] "GET /wp-includes/js/jquery/jquery.php HTTP/1.1" 404 16464 "-" "Mozilla/5.0 (Windows NT 10.0; Win64; x64) AppleWebKit/537.36 (KHTML, like Gecko) Chrome/58.0.3029.110 Safari/537.3"
45.131.195.155 - - [15/Apr/2026:08:22:58 +0200] "GET /function.php HTTP/1.1" 404 16444 "-" "Mozilla/5.0 (X11; Ubuntu; Linux x86_64; rv:79.0) Gecko/20100101 Firefox/79.0"
45.131.195.155 - - [15/Apr/2026:08:22:59 +0200] "GET /wp-includes/block-supports/autoload_classmap.php HTTP/1.1" 404 16480 "-" "Mozilla/5.0 (Windows NT 6.1; Win64; x64) AppleWebKit/537.36 (KHTML, like Gecko) Chrome/79.0.3945.130 Safari/537.36"
45.131.195.155 - - [15/Apr/2026:08:23:00 +0200] "GET /wp-signup.php HTTP/1.1" 500 185 "-" "Mozilla/5.0 (X11; Ubuntu; Linux i686; rv:79.0) Gecko/20100101 Firefox/79.0"
45.131.195.124 - - [15/Apr/2026:08:23:00 +0200] "GET /wp-admin/network/network.php HTTP/1.1" 404 16460 "-" "Mozilla/5.0 (Windows NT 10.0; Win64; x64; rv:73.0) Gecko/20100101 Firefox/73.0"
45.131.195.124 - - [15/Apr/2026:08:23:01 +0200] "GET /admin/upload/css.php HTTP/1.1" 404 16452 "-" "Mozilla/5.0 (Windows NT 10.0; Win64; x64) AppleWebKit/537.36 (KHTML, like Gecko) Chrome/77.0.3865.90 Safari/537.36"
45.131.195.124 - - [15/Apr/2026:08:23:01 +0200] "GET /wp-blog.php HTTP/1.1" 404 16443 "-" "Mozilla/5.0 (Windows NT 10.0; Win64; x64) AppleWebKit/537.36 (KHTML, like Gecko) Chrome/70.0.3538.110 Safari/537.36"
45.131.195.124 - - [15/Apr/2026:08:23:02 +0200] "GET /wp-admin/file.php HTTP/1.1" 404 16449 "-" "Mozilla/5.0 (Windows NT 6.3; Win64; x64; rv:73.0) Gecko/20100101 Firefox/73.0"
45.131.195.124 - - [15/Apr/2026:08:23:03 +0200] "GET /wp-content/plugins/admin.php HTTP/1.1" 404 16460 "-" "Mozilla/5.0 (Windows NT 10.0; Win64; x64; rv:66.0) Gecko/20100101 Firefox/66.0"
95.216.2.94 - - [15/Apr/2026:08:23:04 +0200] "POST /wp-cron.php?doing_wp_cron=1776234184.6390209197998046875000 HTTP/1.1" 500 185 "-" "WordPress/6.9.4; https://www.rudomilov.ru"
45.131.195.124 - - [15/Apr/2026:08:23:04 +0200] "GET /wp-includes/blocks/table/int/tmpl/index.php HTTP/1.1" 301 371 "-" "Mozilla/5.0 (Windows NT 10.0; Win64; x64) AppleWebKit/537.36 (KHTML, like Gecko) Chrome/74.0.3729.169 Safari/537.36"
45.131.195.124 - - [15/Apr/2026:08:23:04 +0200] "GET /wp-l0gin.php HTTP/1.1" 404 16444 "-" "Mozilla/5.0 (Windows NT 10.0; Win64; x64) AppleWebKit/537.36 (KHTML, like Gecko) Chrome/69.0.3497.100 Safari/537.36"
45.131.195.124 - - [15/Apr/2026:08:23:05 +0200] "GET /wp-includes/js/jquery/suggest.php HTTP/1.1" 404 16465 "-" "Mozilla/5.0 (Windows NT 10.0; Win64; x64) AppleWebKit/537.36 (KHTML, like Gecko) Chrome/79.0.3945.130 Safari/537.36"
45.131.195.124 - - [15/Apr/2026:08:23:06 +0200] "GET /new.php HTTP/1.1" 404 16439 "-" "Mozilla/5.0 (X11; Fedora; Linux x86_64; rv:79.0) Gecko/20100101 Firefox/79.0"
45.131.195.124 - - [15/Apr/2026:08:23:07 +0200] "GET /wp-content/plugins/pwnd-1/admin.php HTTP/1.1" 404 16467 "-" "Mozilla/5.0 (Windows NT 10.0; Win64; x64) AppleWebKit/537.36 (KHTML, like Gecko) Chrome/83.0.4103.61 Safari/537.36"
45.131.195.124 - - [15/Apr/2026:08:23:07 +0200] "GET /wp-includes/defaults.php HTTP/1.1" 404 16456 "-" "Mozilla/5.0 (Macintosh; Intel Mac OS X 10_15_6) AppleWebKit/537.36 (KHTML, like Gecko) Chrome/84.0.4147.105 Safari/537.36 OPR/70.0.3728.95"
45.131.195.124 - - [15/Apr/2026:08:23:08 +0200] "GET /images/DJP9.php HTTP/1.1" 404 16447 "-" "Mozilla/5.0 (Windows NT 10.0; Win64; x64) AppleWebKit/537.36 (KHTML, like Gecko) Chrome/79.0.3945.88 Safari/537.36"
45.131.195.124 - - [15/Apr/2026:08:23:09 +0200] "GET /wp-includes/customize/index.php HTTP/1.1" 301 359 "-" "Mozilla/5.0 (X11; Ubuntu; Linux x86_64; rv:79.0) Gecko/20100101 Firefox/79.0"
45.131.195.124 - - [15/Apr/2026:08:23:10 +0200] "GET /wp-admin/shell20211028.php HTTP/1.1" 404 16458 "-" "Mozilla/5.0 (Windows NT 10.0; Win64; x64; rv:79.0) Gecko/20100101 Firefox/79.0"
45.131.195.124 - - [15/Apr/2026:08:23:10 +0200] "GET /natural.php HTTP/1.1" 404 16443 "-" "Mozilla/5.0 (X11; Linux x86_64) AppleWebKit/537.36 (KHTML, like Gecko) Chrome/84.0.4147.105 Safari/537.36 OPR/70.0.3728.95"
45.131.195.124 - - [15/Apr/2026:08:23:11 +0200] "GET /item.php HTTP/1.1" 404 16440 "-" "Mozilla/5.0 (Windows NT 10.0; Win64; x64) AppleWebKit/537.36 (KHTML, like Gecko) Chrome/84.0.4147.105 Safari/537.36"
45.131.195.124 - - [15/Apr/2026:08:23:12 +0200] "GET /function/function.php HTTP/1.1" 404 16453 "-" "Mozilla/5.0 (Windows NT 6.1; Win64; x64) AppleWebKit/537.36 (KHTML, like Gecko) Chrome/80.0.3987.149 Safari/537.36"
45.131.195.124 - - [15/Apr/2026:08:23:13 +0200] "GET /wp-includes/SimplePie/index.php HTTP/1.1" 301 359 "-" "Mozilla/5.0 (Windows NT 10.0; WOW64; Trident/7.0; .NET4.0C; .NET4.0E; .NET CLR 2.0.50727; .NET CLR 3.0.30729; .NET CLR 3.5.30729; rv:11.0) like Gecko"
45.131.195.124 - - [15/Apr/2026:08:23:13 +0200] "GET /wp-admin/images/admin.php HTTP/1.1" 404 16457 "-" "Mozilla/5.0 (Windows NT 6.1; Win64; x64) AppleWebKit/537.36 (KHTML, like Gecko) Chrome/80.0.3987.149 Safari/537.36"
45.131.195.124 - - [15/Apr/2026:08:23:14 +0200] "GET /wp-includes/theme-compat/about.php HTTP/1.1" 404 16466 "-" "Mozilla/5.0 (Windows NT 10.0; Win64; x64) AppleWebKit/537.36 (KHTML, like Gecko) Chrome/74.0.3729.169 Safari/537.36"
45.131.195.124 - - [15/Apr/2026:08:23:15 +0200] "GET /about/function.php HTTP/1.1" 404 16450 "-" "Mozilla/5.0 (Windows NT 10.0; Win64; x64; rv:73.0) Gecko/20100101 Firefox/73.0"
45.131.195.124 - - [15/Apr/2026:08:23:16 +0200] "GET /wp-includes/Requests/index.php HTTP/1.1" 301 358 "-" "Mozilla/5.0 (Windows NT 10.0; Win64; x64) AppleWebKit/537.36 (KHTML, like Gecko) Chrome/79.0.3945.130 Safari/537.36"
45.131.195.124 - - [15/Apr/2026:08:23:16 +0200] "GET /wp-includes/ID3/about.php/wp-content/x/index.php HTTP/1.1" 301 376 "-" "Mozilla/5.0 (X11; Linux x86_64) AppleWebKit/537.36 (KHTML, like Gecko) Chrome/84.0.4147.105 Safari/537.36"
45.131.195.124 - - [15/Apr/2026:08:23:17 +0200] "GET /wp-includes/ID3/about.php HTTP/1.1" 404 16457 "-" "Mozilla/5.0 (Windows NT 10.0; Win64; x64; rv:72.0) Gecko/20100101 Firefox/72.0"
45.131.195.124 - - [15/Apr/2026:08:23:18 +0200] "GET /wp-content/languages/404.php HTTP/1.1" 404 16460 "-" "Mozilla/5.0 (Windows NT 10.0; Win64; x64) AppleWebKit/537.36 (KHTML, like Gecko) Chrome/83.0.4103.97 Safari/537.36"
45.131.195.124 - - [15/Apr/2026:08:23:18 +0200] "GET /update/403.php HTTP/1.1" 404 16446 "-" "Mozilla/5.0 (Windows NT 10.0; Win64; x64) AppleWebKit/537.36 (KHTML, like Gecko) Chrome/83.0.4103.61 Safari/537.36"
45.131.195.124 - - [15/Apr/2026:08:23:19 +0200] "GET /default.php HTTP/1.1" 404 16443 "-" "Mozilla/5.0 (Windows NT 10.0; Win64; x64) AppleWebKit/537.36 (KHTML, like Gecko) Chrome/69.0.3497.100 Safari/537.36"
45.131.195.124 - - [15/Apr/2026:08:23:20 +0200] "GET /wp-includes/assets/info.php HTTP/1.1" 404 16459 "-" "Mozilla/5.0 (X11; Ubuntu; Linux x86_64; rv:79.0) Gecko/20100101 Firefox/79.0"
45.131.195.124 - - [15/Apr/2026:08:23:21 +0200] "GET /wp-includes/class.api.php HTTP/1.1" 404 16457 "-" "Mozilla/5.0 (Windows NT 10.0; Win64; x64; rv:72.0) Gecko/20100101 Firefox/72.0"
