194.54.161.178 - - [15/Apr/2026:09:57:40 +0200] "GET /i/slider_ntk.jpg HTTP/1.1" 404 16665 "https://www.rudomilov.ru/" "Mozilla/5.0 (Windows NT 10.0; Win64; x64; rv:149.0) Gecko/20100101 Firefox/149.0"
194.54.161.178 - - [15/Apr/2026:09:57:44 +0200] "GET /i/slider_staromestska.jpg HTTP/1.1" 404 17238 "https://www.rudomilov.ru/" "Mozilla/5.0 (Windows NT 10.0; Win64; x64; rv:149.0) Gecko/20100101 Firefox/149.0"
194.54.161.178 - - [15/Apr/2026:09:57:44 +0200] "GET /i/slider_ntk.jpg HTTP/1.1" 404 17229 "https://www.rudomilov.ru/" "Mozilla/5.0 (Windows NT 10.0; Win64; x64; rv:149.0) Gecko/20100101 Firefox/149.0"
194.54.161.178 - - [15/Apr/2026:09:57:47 +0200] "GET /i/slider_staromestska.jpg HTTP/1.1" 404 17238 "https://www.rudomilov.ru/" "Mozilla/5.0 (Windows NT 10.0; Win64; x64; rv:149.0) Gecko/20100101 Firefox/149.0"
194.54.161.178 - - [15/Apr/2026:09:57:47 +0200] "GET /i/slider_zamek.jpg HTTP/1.1" 404 17231 "https://www.rudomilov.ru/" "Mozilla/5.0 (Windows NT 10.0; Win64; x64; rv:149.0) Gecko/20100101 Firefox/149.0"
194.54.161.178 - - [15/Apr/2026:09:57:50 +0200] "GET /i/slider_ntk.jpg HTTP/1.1" 404 17229 "https://www.rudomilov.ru/" "Mozilla/5.0 (Windows NT 10.0; Win64; x64; rv:149.0) Gecko/20100101 Firefox/149.0"
194.54.161.178 - - [15/Apr/2026:09:57:50 +0200] "GET /i/slider_zamek.jpg HTTP/1.1" 404 17231 "https://www.rudomilov.ru/" "Mozilla/5.0 (Windows NT 10.0; Win64; x64; rv:149.0) Gecko/20100101 Firefox/149.0"
212.33.255.53 - - [15/Apr/2026:09:57:53 +0200] "GET / HTTP/1.1" 301 4121 "https://yapl.ru/ru/rudomilov.ru/" "Mozilla/5.0 (X11; Ubuntu; Linux i686; rv:109.0) Gecko/20100101 Firefox/113.0"
194.54.161.178 - - [15/Apr/2026:09:57:53 +0200] "GET /i/slider_ntk.jpg HTTP/1.1" 404 17229 "https://www.rudomilov.ru/" "Mozilla/5.0 (Windows NT 10.0; Win64; x64; rv:149.0) Gecko/20100101 Firefox/149.0"
194.54.161.178 - - [15/Apr/2026:09:57:53 +0200] "GET /i/slider_staromestska.jpg HTTP/1.1" 404 17238 "https://www.rudomilov.ru/" "Mozilla/5.0 (Windows NT 10.0; Win64; x64; rv:149.0) Gecko/20100101 Firefox/149.0"
212.33.255.53 - - [15/Apr/2026:09:57:54 +0200] "GET / HTTP/1.1" 200 11634 "https://yapl.ru/ru/rudomilov.ru/" "Mozilla/5.0 (X11; Ubuntu; Linux i686; rv:109.0) Gecko/20100101 Firefox/113.0"
194.54.161.178 - - [15/Apr/2026:09:57:56 +0200] "GET /i/slider_zamek.jpg HTTP/1.1" 404 17231 "https://www.rudomilov.ru/" "Mozilla/5.0 (Windows NT 10.0; Win64; x64; rv:149.0) Gecko/20100101 Firefox/149.0"
194.54.161.178 - - [15/Apr/2026:09:57:56 +0200] "GET /i/slider_staromestska.jpg HTTP/1.1" 404 17238 "https://www.rudomilov.ru/" "Mozilla/5.0 (Windows NT 10.0; Win64; x64; rv:149.0) Gecko/20100101 Firefox/149.0"
194.54.161.178 - - [15/Apr/2026:09:57:59 +0200] "GET /i/slider_ntk.jpg HTTP/1.1" 404 17229 "https://www.rudomilov.ru/" "Mozilla/5.0 (Windows NT 10.0; Win64; x64; rv:149.0) Gecko/20100101 Firefox/149.0"
194.54.161.178 - - [15/Apr/2026:09:57:59 +0200] "GET /i/slider_zamek.jpg HTTP/1.1" 404 17231 "https://www.rudomilov.ru/" "Mozilla/5.0 (Windows NT 10.0; Win64; x64; rv:149.0) Gecko/20100101 Firefox/149.0"
194.54.161.178 - - [15/Apr/2026:09:58:02 +0200] "GET /i/slider_ntk.jpg HTTP/1.1" 404 17229 "https://www.rudomilov.ru/" "Mozilla/5.0 (Windows NT 10.0; Win64; x64; rv:149.0) Gecko/20100101 Firefox/149.0"
194.54.161.178 - - [15/Apr/2026:09:58:02 +0200] "GET /i/slider_staromestska.jpg HTTP/1.1" 404 17238 "https://www.rudomilov.ru/" "Mozilla/5.0 (Windows NT 10.0; Win64; x64; rv:149.0) Gecko/20100101 Firefox/149.0"
194.54.161.178 - - [15/Apr/2026:09:58:05 +0200] "GET /i/slider_zamek.jpg HTTP/1.1" 404 17231 "https://www.rudomilov.ru/" "Mozilla/5.0 (Windows NT 10.0; Win64; x64; rv:149.0) Gecko/20100101 Firefox/149.0"
194.54.161.178 - - [15/Apr/2026:09:58:05 +0200] "GET /i/slider_staromestska.jpg HTTP/1.1" 404 17238 "https://www.rudomilov.ru/" "Mozilla/5.0 (Windows NT 10.0; Win64; x64; rv:149.0) Gecko/20100101 Firefox/149.0"
194.54.161.178 - - [15/Apr/2026:09:58:08 +0200] "GET /i/slider_zamek.jpg HTTP/1.1" 404 17231 "https://www.rudomilov.ru/" "Mozilla/5.0 (Windows NT 10.0; Win64; x64; rv:149.0) Gecko/20100101 Firefox/149.0"
194.54.161.178 - - [15/Apr/2026:09:58:08 +0200] "GET /i/slider_ntk.jpg HTTP/1.1" 404 17229 "https://www.rudomilov.ru/" "Mozilla/5.0 (Windows NT 10.0; Win64; x64; rv:149.0) Gecko/20100101 Firefox/149.0"
116.118.2.113 - - [15/Apr/2026:09:58:21 +0200] "GET /wp-login.php HTTP/1.1" 500 4024 "-" "Mozilla/5.0 (Windows NT 10.0; Win64; x64; Trident/7.0; rv:11.0) like Gecko"
116.118.2.113 - - [15/Apr/2026:09:58:30 +0200] "POST /wp-login.php HTTP/1.1" 500 4024 "https://www.rudomilov.ru/wp-login.php" "Mozilla/5.0 (Windows NT 10.0; Win64; x64; Trident/7.0; rv:11.0) like Gecko"
89.43.17.214 - - [15/Apr/2026:09:58:33 +0200] "GET /wp-login.php HTTP/1.1" 500 4024 "-" "Mozilla/5.0 (Windows NT 10.0; WOW64) AppleWebKit/537.36 (KHTML, like Gecko) Chrome/63.0.3239.132 Safari/537.36 OPR/50.0.2762.67"
89.43.17.214 - - [15/Apr/2026:09:58:55 +0200] "POST /wp-login.php HTTP/1.1" 500 4024 "https://www.rudomilov.ru/wp-login.php" "Mozilla/5.0 (Windows NT 10.0; WOW64) AppleWebKit/537.36 (KHTML, like Gecko) Chrome/63.0.3239.132 Safari/537.36 OPR/50.0.2762.67"
95.216.2.94 - - [15/Apr/2026:10:00:46 +0200] "POST /wp-cron.php?doing_wp_cron=1776240046.1981720924377441406250 HTTP/1.1" 500 4024 "-" "WordPress/6.9.4; https://www.rudomilov.ru"
45.87.252.68 - - [15/Apr/2026:10:00:45 +0200] "GET / HTTP/1.0" 301 3614 "https://rudomilov.ru/" "Mozilla/5.0 (Windows NT 6.3; Win64; x64) AppleWebKit/537.36 (KHTML, like Gecko) Chrome/103.0.5060.53 Safari/537.36"
109.248.138.189 - - [15/Apr/2026:10:00:46 +0200] "GET / HTTP/1.0" 200 25980 "https://www.rudomilov.ru/" "Mozilla/5.0 (Windows NT 6.3; Win64; x64) AppleWebKit/537.36 (KHTML, like Gecko) Chrome/103.0.5060.53 Safari/537.36"
185.191.171.2 - - [15/Apr/2026:10:04:01 +0200] "GET /robots.txt HTTP/1.1" 200 534 "-" "Mozilla/5.0 (compatible; SemrushBot/7~bl; +http://www.semrush.com/bot.html)"
95.216.2.94 - - [15/Apr/2026:10:04:02 +0200] "POST /wp-cron.php?doing_wp_cron=1776240242.4982600212097167968750 HTTP/1.1" 500 185 "-" "WordPress/6.9.4; https://www.rudomilov.ru"
185.191.171.12 - - [15/Apr/2026:10:04:02 +0200] "GET / HTTP/1.1" 200 7761 "-" "Mozilla/5.0 (compatible; SemrushBot/7~bl; +http://www.semrush.com/bot.html)"
66.29.129.222 - - [15/Apr/2026:10:06:21 +0200] "GET /wp-login.php HTTP/1.1" 500 4024 "-" "Mozilla/5.0 (compatible; MSIE 9.0; Windows NT 6.2; WOW64; Trident/7.0)"
66.29.129.222 - - [15/Apr/2026:10:06:26 +0200] "POST /wp-login.php HTTP/1.1" 500 4024 "https://www.rudomilov.ru/wp-login.php" "Mozilla/5.0 (compatible; MSIE 9.0; Windows NT 6.2; WOW64; Trident/7.0)"
177.54.150.128 - - [15/Apr/2026:10:06:39 +0200] "GET /wp-login.php HTTP/1.1" 500 4024 "-" "Mozilla/5.0 (Macintosh; Intel Mac OS X 10_9_5) AppleWebKit/537.36 (KHTML, like Gecko) Chrome/66.0.3359.181 Safari/537.36"
177.54.150.128 - - [15/Apr/2026:10:06:41 +0200] "POST /wp-login.php HTTP/1.1" 500 4024 "https://www.rudomilov.ru/wp-login.php" "Mozilla/5.0 (Macintosh; Intel Mac OS X 10_9_5) AppleWebKit/537.36 (KHTML, like Gecko) Chrome/66.0.3359.181 Safari/537.36"
168.187.5.210 - - [15/Apr/2026:10:07:01 +0200] "GET /wp-login.php HTTP/1.1" 500 4024 "-" "Mozilla/5.0 (Windows NT 6.3; Win64; x64; Trident/7.0; MATBJS; rv:11.0) like Gecko"
95.216.2.94 - - [15/Apr/2026:10:07:36 +0200] "POST /wp-cron.php?doing_wp_cron=1776240456.5869879722595214843750 HTTP/1.1" 500 4024 "-" "WordPress/6.9.4; https://www.rudomilov.ru"
114.119.134.165 - - [15/Apr/2026:10:07:36 +0200] "GET /projects/blogs/podebrady/ HTTP/1.1" 200 10637 "https://www.rudomilov.ru/category/projects/" "Mozilla/5.0 (Linux; Android 7.0;) AppleWebKit/537.36 (KHTML, like Gecko) Mobile Safari/537.36 (compatible; PetalBot;+https://webmaster.petalsearch.com/site/petalbot)"
85.10.204.138 - - [15/Apr/2026:10:07:45 +0200] "GET /wp-login.php HTTP/1.1" 500 4024 "-" "Mozilla/5.0 (compatible; MSIE 10.0; Windows NT 10.0; WOW64; Trident/7.0)"
85.10.204.138 - - [15/Apr/2026:10:07:46 +0200] "POST /wp-login.php HTTP/1.1" 500 4024 "https://www.rudomilov.ru/wp-login.php" "Mozilla/5.0 (compatible; MSIE 10.0; Windows NT 10.0; WOW64; Trident/7.0)"
95.216.2.94 - - [15/Apr/2026:10:12:34 +0200] "POST /wp-cron.php?doing_wp_cron=1776240754.7985169887542724609375 HTTP/1.1" 500 4024 "-" "WordPress/6.9.4; https://www.rudomilov.ru"
157.15.40.58 - - [15/Apr/2026:10:12:34 +0200] "GET / HTTP/1.1" 301 4018 "-" "Go-http-client/1.1"
157.15.40.58 - - [15/Apr/2026:10:12:37 +0200] "GET / HTTP/1.1" 200 11563 "https://rudomilov.ru" "Go-http-client/1.1"
157.15.40.58 - - [15/Apr/2026:10:12:38 +0200] "GET /login HTTP/1.1" 301 4318 "-" "Go-http-client/1.1"
157.15.40.58 - - [15/Apr/2026:10:12:39 +0200] "GET /login HTTP/1.1" 302 407 "-" "Go-http-client/1.1"
157.15.40.58 - - [15/Apr/2026:10:12:42 +0200] "GET /wp-login.php HTTP/1.1" 500 4009 "http://www.rudomilov.ru/login" "Go-http-client/1.1"
157.15.40.58 - - [15/Apr/2026:10:12:49 +0200] "GET /admin HTTP/1.1" 301 4318 "-" "Go-http-client/1.1"
157.15.40.58 - - [15/Apr/2026:10:12:50 +0200] "GET /admin HTTP/1.1" 302 404 "-" "Go-http-client/1.1"
157.15.40.58 - - [15/Apr/2026:10:12:51 +0200] "GET /wp-admin/ HTTP/1.1" 302 4228 "http://www.rudomilov.ru/admin" "Go-http-client/1.1"
157.15.40.58 - - [15/Apr/2026:10:12:52 +0200] "GET /wp-login.php?redirect_to=https%3A%2F%2Fwww.rudomilov.ru%2Fwp-admin%2F&reauth=1 HTTP/1.1" 500 261 "https://www.rudomilov.ru/wp-admin/" "Go-http-client/1.1"
157.15.40.58 - - [15/Apr/2026:10:12:53 +0200] "GET /admin/login HTTP/1.1" 301 4330 "-" "Go-http-client/1.1"
157.15.40.58 - - [15/Apr/2026:10:12:54 +0200] "GET /admin/login HTTP/1.1" 404 16443 "-" "Go-http-client/1.1"
157.15.40.58 - - [15/Apr/2026:10:13:03 +0200] "GET /register HTTP/1.1" 301 4324 "-" "Go-http-client/1.1"
157.15.40.58 - - [15/Apr/2026:10:13:05 +0200] "GET /register HTTP/1.1" 404 16440 "-" "Go-http-client/1.1"
157.15.40.58 - - [15/Apr/2026:10:13:10 +0200] "GET /dashboard HTTP/1.1" 301 4326 "-" "Go-http-client/1.1"
157.15.40.58 - - [15/Apr/2026:10:13:10 +0200] "GET /dashboard HTTP/1.1" 302 404 "-" "Go-http-client/1.1"
157.15.40.58 - - [15/Apr/2026:10:13:11 +0200] "GET /wp-admin/ HTTP/1.1" 302 4228 "http://www.rudomilov.ru/dashboard" "Go-http-client/1.1"
157.15.40.58 - - [15/Apr/2026:10:13:13 +0200] "GET /wp-login.php?redirect_to=https%3A%2F%2Fwww.rudomilov.ru%2Fwp-admin%2F&reauth=1 HTTP/1.1" 500 261 "https://www.rudomilov.ru/wp-admin/" "Go-http-client/1.1"
157.15.40.58 - - [15/Apr/2026:10:13:20 +0200] "GET /panel HTTP/1.1" 301 4318 "-" "Go-http-client/1.1"
157.15.40.58 - - [15/Apr/2026:10:13:21 +0200] "GET /panel HTTP/1.1" 404 16437 "-" "Go-http-client/1.1"
157.15.40.58 - - [15/Apr/2026:10:13:26 +0200] "GET /panel/login HTTP/1.1" 301 4330 "-" "Go-http-client/1.1"
157.15.40.58 - - [15/Apr/2026:10:13:27 +0200] "GET /panel/login HTTP/1.1" 404 16443 "-" "Go-http-client/1.1"
157.15.40.58 - - [15/Apr/2026:10:13:32 +0200] "GET /filament HTTP/1.1" 301 4324 "-" "Go-http-client/1.1"
157.15.40.58 - - [15/Apr/2026:10:13:33 +0200] "GET /filament HTTP/1.1" 404 16440 "-" "Go-http-client/1.1"
157.15.40.58 - - [15/Apr/2026:10:13:46 +0200] "GET /filament/login HTTP/1.1" 301 4336 "-" "Go-http-client/1.1"
95.216.2.94 - - [15/Apr/2026:10:13:50 +0200] "POST /wp-cron.php?doing_wp_cron=1776240830.8786139488220214843750 HTTP/1.1" 500 185 "-" "WordPress/6.9.4; https://www.rudomilov.ru"
157.15.40.58 - - [15/Apr/2026:10:13:50 +0200] "GET /filament/login HTTP/1.1" 404 16446 "-" "Go-http-client/1.1"
85.10.204.138 - - [15/Apr/2026:10:13:54 +0200] "GET /wp-login.php HTTP/1.1" 500 4024 "-" "Mozilla/5.0 (Windows NT 5.1; Win64; x64) AppleWebKit/537.36 (KHTML, like Gecko) Chrome/65.0.3325.181 Safari/537.36 OPR/52.0.2871.99"
85.10.204.138 - - [15/Apr/2026:10:13:55 +0200] "POST /wp-login.php HTTP/1.1" 500 4024 "https://www.rudomilov.ru/wp-login.php" "Mozilla/5.0 (Windows NT 5.1; Win64; x64) AppleWebKit/537.36 (KHTML, like Gecko) Chrome/65.0.3325.181 Safari/537.36 OPR/52.0.2871.99"
157.15.40.58 - - [15/Apr/2026:10:14:16 +0200] "GET /backend HTTP/1.1" 301 4322 "-" "Go-http-client/1.1"
157.15.40.58 - - [15/Apr/2026:10:14:17 +0200] "GET /backend HTTP/1.1" 404 16439 "-" "Go-http-client/1.1"
157.15.40.58 - - [15/Apr/2026:10:14:24 +0200] "GET /backend/login HTTP/1.1" 301 4334 "-" "Go-http-client/1.1"
157.15.40.58 - - [15/Apr/2026:10:14:27 +0200] "GET /backend/login HTTP/1.1" 404 16445 "-" "Go-http-client/1.1"
177.54.150.128 - - [15/Apr/2026:10:14:30 +0200] "GET /wp-login.php HTTP/1.1" 500 4024 "-" "Mozilla/5.0 (Windows NT 6.2; Win64; x64) AppleWebKit/537.36 (KHTML, like Gecko) Chrome/66.0.3359.139 Safari/537.36"
157.15.40.58 - - [15/Apr/2026:10:14:33 +0200] "GET /portal HTTP/1.1" 301 4320 "-" "Go-http-client/1.1"
157.15.40.58 - - [15/Apr/2026:10:14:33 +0200] "GET /portal HTTP/1.1" 404 16438 "-" "Go-http-client/1.1"
157.15.40.58 - - [15/Apr/2026:10:14:36 +0200] "GET /portal/login HTTP/1.1" 301 4332 "-" "Go-http-client/1.1"
177.54.150.128 - - [15/Apr/2026:10:14:38 +0200] "POST /wp-login.php HTTP/1.1" 500 4024 "https://www.rudomilov.ru/wp-login.php" "Mozilla/5.0 (Windows NT 6.2; Win64; x64) AppleWebKit/537.36 (KHTML, like Gecko) Chrome/66.0.3359.139 Safari/537.36"
157.15.40.58 - - [15/Apr/2026:10:14:38 +0200] "GET /portal/login HTTP/1.1" 404 16444 "-" "Go-http-client/1.1"
157.15.40.58 - - [15/Apr/2026:10:14:43 +0200] "GET /auth/login HTTP/1.1" 301 4328 "-" "Go-http-client/1.1"
157.15.40.58 - - [15/Apr/2026:10:14:44 +0200] "GET /auth/login HTTP/1.1" 404 16442 "-" "Go-http-client/1.1"
157.15.40.58 - - [15/Apr/2026:10:14:47 +0200] "GET /auth/register HTTP/1.1" 301 4334 "-" "Go-http-client/1.1"
157.15.40.58 - - [15/Apr/2026:10:14:49 +0200] "GET /auth/register HTTP/1.1" 404 16445 "-" "Go-http-client/1.1"
157.15.40.58 - - [15/Apr/2026:10:14:57 +0200] "GET /administrator HTTP/1.1" 301 4334 "-" "Go-http-client/1.1"
95.216.2.94 - - [15/Apr/2026:10:14:59 +0200] "POST /wp-cron.php?doing_wp_cron=1776240899.0922939777374267578125 HTTP/1.1" 500 185 "-" "WordPress/6.9.4; https://www.rudomilov.ru"
157.15.40.58 - - [15/Apr/2026:10:14:58 +0200] "GET /administrator HTTP/1.1" 404 16445 "-" "Go-http-client/1.1"
157.15.40.58 - - [15/Apr/2026:10:15:02 +0200] "GET /administrator/login HTTP/1.1" 301 4346 "-" "Go-http-client/1.1"
157.15.40.58 - - [15/Apr/2026:10:15:03 +0200] "GET /administrator/login HTTP/1.1" 404 16451 "-" "Go-http-client/1.1"
157.15.40.58 - - [15/Apr/2026:10:15:07 +0200] "GET /cms HTTP/1.1" 301 4314 "-" "Go-http-client/1.1"
157.15.40.58 - - [15/Apr/2026:10:15:08 +0200] "GET /cms HTTP/1.1" 404 16435 "-" "Go-http-client/1.1"
157.15.40.58 - - [15/Apr/2026:10:15:13 +0200] "GET /cms/login HTTP/1.1" 301 4326 "-" "Go-http-client/1.1"
157.15.40.58 - - [15/Apr/2026:10:15:14 +0200] "GET /cms/login HTTP/1.1" 404 16441 "-" "Go-http-client/1.1"
157.15.40.58 - - [15/Apr/2026:10:15:15 +0200] "GET /user/login HTTP/1.1" 301 4328 "-" "Go-http-client/1.1"
157.15.40.58 - - [15/Apr/2026:10:15:16 +0200] "GET /user/login HTTP/1.1" 404 16442 "-" "Go-http-client/1.1"
157.15.40.58 - - [15/Apr/2026:10:15:24 +0200] "GET /member/login HTTP/1.1" 301 4332 "-" "Go-http-client/1.1"
157.15.40.58 - - [15/Apr/2026:10:15:24 +0200] "GET /member/login HTTP/1.1" 404 16444 "-" "Go-http-client/1.1"
157.15.40.58 - - [15/Apr/2026:10:15:28 +0200] "GET /account/login HTTP/1.1" 301 4334 "-" "Go-http-client/1.1"
157.15.40.58 - - [15/Apr/2026:10:15:30 +0200] "GET /account/login HTTP/1.1" 404 16445 "-" "Go-http-client/1.1"
157.15.40.58 - - [15/Apr/2026:10:15:32 +0200] "GET /signin HTTP/1.1" 301 4320 "-" "Go-http-client/1.1"
94.154.35.236 - - [15/Apr/2026:10:15:33 +0200] "HEAD /catalog.7z HTTP/1.1" 301 213 "-" "Mozilla/5.0 (Windows NT 10.0; Win64; x64) AppleWebKit/537.36 (KHTML, like Gecko) Chrome/101.0.4951.67 Safari/537.36"
94.154.35.236 - - [15/Apr/2026:10:15:34 +0200] "HEAD /catalog.7z HTTP/1.1" 404 335 "-" "Mozilla/5.0 (Windows NT 10.0; Win64; x64) AppleWebKit/537.36 (KHTML, like Gecko) Chrome/101.0.4951.67 Safari/537.36"
157.15.40.58 - - [15/Apr/2026:10:15:35 +0200] "GET /signin HTTP/1.1" 404 16438 "-" "Go-http-client/1.1"
157.15.40.58 - - [15/Apr/2026:10:15:36 +0200] "GET /signup HTTP/1.1" 301 4320 "-" "Go-http-client/1.1"
157.15.40.58 - - [15/Apr/2026:10:15:38 +0200] "GET /signup HTTP/1.1" 404 16438 "-" "Go-http-client/1.1"
157.15.40.58 - - [15/Apr/2026:10:15:40 +0200] "GET /home HTTP/1.1" 301 4316 "-" "Go-http-client/1.1"
157.15.40.58 - - [15/Apr/2026:10:15:40 +0200] "GET /home HTTP/1.1" 404 16436 "-" "Go-http-client/1.1"
157.15.40.58 - - [15/Apr/2026:10:15:43 +0200] "GET /app HTTP/1.1" 301 4314 "-" "Go-http-client/1.1"
157.15.40.58 - - [15/Apr/2026:10:15:43 +0200] "GET /app HTTP/1.1" 404 16435 "-" "Go-http-client/1.1"
157.15.40.58 - - [15/Apr/2026:10:15:58 +0200] "GET /app/login HTTP/1.1" 301 4326 "-" "Go-http-client/1.1"
95.216.2.94 - - [15/Apr/2026:10:16:00 +0200] "POST /wp-cron.php?doing_wp_cron=1776240960.5479769706726074218750 HTTP/1.1" 500 185 "-" "WordPress/6.9.4; https://www.rudomilov.ru"
157.15.40.58 - - [15/Apr/2026:10:16:00 +0200] "GET /app/login HTTP/1.1" 404 16441 "-" "Go-http-client/1.1"
157.15.40.58 - - [15/Apr/2026:10:16:03 +0200] "GET /cpanel HTTP/1.1" 301 4320 "-" "Go-http-client/1.1"
157.15.40.58 - - [15/Apr/2026:10:16:05 +0200] "GET /cpanel HTTP/1.1" 404 16438 "-" "Go-http-client/1.1"
157.15.40.58 - - [15/Apr/2026:10:16:22 +0200] "GET /console HTTP/1.1" 301 4322 "-" "Go-http-client/1.1"
157.15.40.58 - - [15/Apr/2026:10:16:24 +0200] "GET /console HTTP/1.1" 404 16439 "-" "Go-http-client/1.1"
46.243.172.215 - - [15/Apr/2026:10:16:48 +0200] "GET /wp-content/themes/boldy/images/logo.png HTTP/1.1" 200 6502 "-" "Python/3.11 aiohttp/3.13.5"
178.170.242.101 - - [15/Apr/2026:10:16:48 +0200] "GET /wp-content/themes/boldy/images/ico_vkontakte.png HTTP/1.1" 200 6224 "-" "Python/3.11 aiohttp/3.13.5"
37.230.196.116 - - [15/Apr/2026:10:16:48 +0200] "GET /wp-content/themes/boldy/images/ico_twitter.png HTTP/1.1" 200 6359 "-" "Python/3.11 aiohttp/3.13.5"
94.139.252.171 - - [15/Apr/2026:10:16:48 +0200] "GET /wp-content/themes/boldy/images/ico_facebook.png HTTP/1.1" 200 6321 "-" "Python/3.11 aiohttp/3.13.5"
178.170.193.40 - - [15/Apr/2026:10:16:48 +0200] "GET /wp-content/themes/boldy/images/ico_livejournal.png HTTP/1.1" 200 6184 "-" "Python/3.11 aiohttp/3.13.5"
190.92.215.164 - - [15/Apr/2026:10:16:55 +0200] "GET /ip HTTP/1.1" 404 16453 "-" "Mozilla/5.0 (Macintosh; Intel Mac OS X 10_15_7) AppleWebKit/537.36 (KHTML, like Gecko) Chrome/114.0.0.0 Safari/537.36"
119.8.26.31 - - [15/Apr/2026:10:16:55 +0200] "GET /ip HTTP/1.1" 404 16453 "-" "Mozilla/5.0 (Macintosh; Intel Mac OS X 10_15_7) AppleWebKit/537.36 (KHTML, like Gecko) Chrome/114.0.0.0 Safari/537.36"
124.243.147.17 - - [15/Apr/2026:10:16:55 +0200] "GET /ip HTTP/1.1" 404 20363 "-" "Mozilla/5.0 (Macintosh; Intel Mac OS X 10_15_7) AppleWebKit/537.36 (KHTML, like Gecko) Chrome/114.0.0.0 Safari/537.36"
46.250.172.161 - - [15/Apr/2026:10:16:55 +0200] "GET /ip HTTP/1.1" 404 16453 "-" "Mozilla/5.0 (Macintosh; Intel Mac OS X 10_15_7) AppleWebKit/537.36 (KHTML, like Gecko) Chrome/114.0.0.0 Safari/537.36"
46.250.168.30 - - [15/Apr/2026:10:16:55 +0200] "GET /ip HTTP/1.1" 404 20363 "-" "Mozilla/5.0 (Macintosh; Intel Mac OS X 10_15_7) AppleWebKit/537.36 (KHTML, like Gecko) Chrome/114.0.0.0 Safari/537.36"
95.216.2.94 - - [15/Apr/2026:10:17:01 +0200] "POST /wp-cron.php?doing_wp_cron=1776241021.0220079421997070312500 HTTP/1.1" 500 4024 "-" "WordPress/6.9.4; https://www.rudomilov.ru"
150.40.239.61 - - [15/Apr/2026:10:17:00 +0200] "GET /ip HTTP/1.1" 404 20363 "-" "Mozilla/5.0 (Macintosh; Intel Mac OS X 10_15_7) AppleWebKit/537.36 (KHTML, like Gecko) Chrome/114.0.0.0 Safari/537.36"
178.20.235.164 - - [15/Apr/2026:10:17:03 +0200] "GET /category/projects/communities HTTP/1.1" 301 592 "-" "Mozilla/5.0 (Windows NT 6.1; Win64; x64) AppleWebKit/537.36 (KHTML, like Gecko) Chrome/92.0.4515.159 Safari/537.36"
178.20.235.164 - - [15/Apr/2026:10:17:03 +0200] "GET /category/projects/communities HTTP/1.1" 301 274 "-" "Mozilla/5.0 (Windows NT 10.0; Win64; x64) AppleWebKit/537.36 (KHTML, like Gecko) Chrome/91.0.4472.77 Safari/537.36"
178.20.235.164 - - [15/Apr/2026:10:17:04 +0200] "GET /category/projects/communities/ HTTP/1.1" 200 6394 "-" "Mozilla/5.0 (Windows NT 6.3; Win64; x64) AppleWebKit/537.36 (KHTML, like Gecko) Chrome/92.0.4515.131 Safari/537.36"
27.106.111.162 - - [15/Apr/2026:10:16:55 +0200] "GET /ip HTTP/1.1" 404 20363 "-" "Mozilla/5.0 (Macintosh; Intel Mac OS X 10_15_7) AppleWebKit/537.36 (KHTML, like Gecko) Chrome/114.0.0.0 Safari/537.36"
95.216.2.94 - - [15/Apr/2026:10:18:10 +0200] "POST /wp-cron.php?doing_wp_cron=1776241090.3872380256652832031250 HTTP/1.1" 500 185 "-" "WordPress/6.9.4; https://www.rudomilov.ru"
180.153.197.124 - - [15/Apr/2026:10:18:09 +0200] "GET /ip HTTP/1.1" 404 16453 "-" "Mozilla/5.0 (Macintosh; Intel Mac OS X 10_15_7) AppleWebKit/537.36 (KHTML, like Gecko) Chrome/114.0.0.0 Safari/537.36"
95.216.2.94 - - [15/Apr/2026:10:18:10 +0200] "POST /wp-cron.php?doing_wp_cron=1776241090.4000639915466308593750 HTTP/1.1" 500 185 "-" "WordPress/6.9.4; https://www.rudomilov.ru"
112.65.211.88 - - [15/Apr/2026:10:18:09 +0200] "GET /ip HTTP/1.1" 404 16453 "-" "Mozilla/5.0 (Macintosh; Intel Mac OS X 10_15_7) AppleWebKit/537.36 (KHTML, like Gecko) Chrome/114.0.0.0 Safari/537.36"
95.216.2.94 - - [15/Apr/2026:10:18:10 +0200] "POST /wp-cron.php?doing_wp_cron=1776241090.7792809009552001953125 HTTP/1.1" 500 4024 "-" "WordPress/6.9.4; https://www.rudomilov.ru"
116.204.78.105 - - [15/Apr/2026:10:18:09 +0200] "GET /ip HTTP/1.1" 404 20363 "-" "Mozilla/5.0 (Macintosh; Intel Mac OS X 10_15_7) AppleWebKit/537.36 (KHTML, like Gecko) Chrome/114.0.0.0 Safari/537.36"
95.216.2.94 - - [15/Apr/2026:10:18:10 +0200] "POST /wp-cron.php?doing_wp_cron=1776241090.8048250675201416015625 HTTP/1.1" 500 185 "-" "WordPress/6.9.4; https://www.rudomilov.ru"
49.233.44.80 - - [15/Apr/2026:10:18:09 +0200] "GET /ip HTTP/1.1" 404 16453 "-" "Mozilla/5.0 (Macintosh; Intel Mac OS X 10_15_7) AppleWebKit/537.36 (KHTML, like Gecko) Chrome/114.0.0.0 Safari/537.36"
116.204.102.197 - - [15/Apr/2026:10:18:09 +0200] "GET /ip HTTP/1.1" 404 16453 "-" "Mozilla/5.0 (Macintosh; Intel Mac OS X 10_15_7) AppleWebKit/537.36 (KHTML, like Gecko) Chrome/114.0.0.0 Safari/537.36"
140.206.236.29 - - [15/Apr/2026:10:18:10 +0200] "GET /ip HTTP/1.1" 404 20363 "-" "Mozilla/5.0 (Macintosh; Intel Mac OS X 10_15_7) AppleWebKit/537.36 (KHTML, like Gecko) Chrome/114.0.0.0 Safari/537.36"
43.138.18.150 - - [15/Apr/2026:10:18:10 +0200] "GET /ip HTTP/1.1" 404 20363 "-" "Mozilla/5.0 (Macintosh; Intel Mac OS X 10_15_7) AppleWebKit/537.36 (KHTML, like Gecko) Chrome/114.0.0.0 Safari/537.36"
180.153.197.23 - - [15/Apr/2026:10:18:12 +0200] "GET /ip HTTP/1.1" 404 20363 "-" "Mozilla/5.0 (Macintosh; Intel Mac OS X 10_15_7) AppleWebKit/537.36 (KHTML, like Gecko) Chrome/114.0.0.0 Safari/537.36"
14.248.80.79 - - [15/Apr/2026:10:19:35 +0200] "GET /wp-login.php HTTP/1.1" 500 4024 "-" "Mozilla/4.0 (compatible; MSIE 7.0; Windows NT 6.2; Win64; x64; Trident/7.0; .NET4.0C; .NET4.0E; .NET CLR 2.0.50727; .NET CLR 3.0.30729; .NET CLR 3.5.30729; Tablet PC 2.0)"
14.248.80.79 - - [15/Apr/2026:10:19:40 +0200] "POST /wp-login.php HTTP/1.1" 500 4024 "https://www.rudomilov.ru/wp-login.php" "Mozilla/4.0 (compatible; MSIE 7.0; Windows NT 6.2; Win64; x64; Trident/7.0; .NET4.0C; .NET4.0E; .NET CLR 2.0.50727; .NET CLR 3.0.30729; .NET CLR 3.5.30729; Tablet PC 2.0)"
103.216.118.192 - - [15/Apr/2026:10:20:30 +0200] "GET /wp-login.php HTTP/1.1" 500 4024 "-" "Mozilla/5.0 (Windows NT 10.0; Win64; x64) AppleWebKit/537.36 (KHTML, like Gecko) Chrome/67.0.3396.87 Safari/537.36"
103.216.118.192 - - [15/Apr/2026:10:20:32 +0200] "POST /wp-login.php HTTP/1.1" 500 4024 "https://www.rudomilov.ru/wp-login.php" "Mozilla/5.0 (Windows NT 10.0; Win64; x64) AppleWebKit/537.36 (KHTML, like Gecko) Chrome/67.0.3396.87 Safari/537.36"
123.30.233.12 - - [15/Apr/2026:10:20:41 +0200] "GET /wp-login.php HTTP/1.1" 500 4024 "-" "Mozilla/5.0 (Macintosh; Intel Mac OS X 10_13_3) AppleWebKit/537.36 (KHTML, like Gecko) Chrome/67.0.3396.87 Safari/537.36"
123.30.233.12 - - [15/Apr/2026:10:20:45 +0200] "POST /wp-login.php HTTP/1.1" 500 4024 "https://www.rudomilov.ru/wp-login.php" "Mozilla/5.0 (Macintosh; Intel Mac OS X 10_13_3) AppleWebKit/537.36 (KHTML, like Gecko) Chrome/67.0.3396.87 Safari/537.36"
194.164.175.208 - - [15/Apr/2026:10:20:56 +0200] "GET /wp-login.php HTTP/1.1" 500 4024 "-" "Mozilla/5.0 (Windows NT 6.3; WOW64; Trident/7.0; Touch; MAARJS; rv:11.0) like Gecko"
95.216.2.94 - - [15/Apr/2026:10:20:58 +0200] "POST /wp-cron.php?doing_wp_cron=1776241258.9003539085388183593750 HTTP/1.1" 500 185 "-" "WordPress/6.9.4; https://www.rudomilov.ru"
43.162.217.83 - - [15/Apr/2026:10:20:58 +0200] "GET /ip HTTP/1.1" 404 16453 "-" "Mozilla/5.0 (Macintosh; Intel Mac OS X 10_15_7) AppleWebKit/537.36 (KHTML, like Gecko) Chrome/114.0.0.0 Safari/537.36"
119.28.101.169 - - [15/Apr/2026:10:20:58 +0200] "GET /ip HTTP/1.1" 404 16453 "-" "Mozilla/5.0 (Macintosh; Intel Mac OS X 10_15_7) AppleWebKit/537.36 (KHTML, like Gecko) Chrome/114.0.0.0 Safari/537.36"
43.173.167.109 - - [15/Apr/2026:10:20:59 +0200] "GET /ip HTTP/1.1" 404 20363 "-" "Mozilla/5.0 (Macintosh; Intel Mac OS X 10_15_7) AppleWebKit/537.36 (KHTML, like Gecko) Chrome/114.0.0.0 Safari/537.36"
43.154.69.165 - - [15/Apr/2026:10:20:59 +0200] "GET /ip HTTP/1.1" 404 20363 "-" "Mozilla/5.0 (Macintosh; Intel Mac OS X 10_15_7) AppleWebKit/537.36 (KHTML, like Gecko) Chrome/114.0.0.0 Safari/537.36"
170.106.186.234 - - [15/Apr/2026:10:20:59 +0200] "GET /ip HTTP/1.1" 404 16453 "-" "Mozilla/5.0 (Macintosh; Intel Mac OS X 10_15_7) AppleWebKit/537.36 (KHTML, like Gecko) Chrome/114.0.0.0 Safari/537.36"
170.106.81.171 - - [15/Apr/2026:10:21:00 +0200] "GET /ip HTTP/1.1" 404 20363 "-" "Mozilla/5.0 (Macintosh; Intel Mac OS X 10_15_7) AppleWebKit/537.36 (KHTML, like Gecko) Chrome/114.0.0.0 Safari/537.36"
194.164.175.208 - - [15/Apr/2026:10:21:07 +0200] "POST /wp-login.php HTTP/1.1" 500 4024 "https://www.rudomilov.ru/wp-login.php" "Mozilla/5.0 (Windows NT 6.3; WOW64; Trident/7.0; Touch; MAARJS; rv:11.0) like Gecko"
192.126.217.133 - - [15/Apr/2026:10:21:16 +0200] "GET /about/ HTTP/1.1" 200 10037 "https://www.rudomilov.ru/" "Mozilla/5.0 (X11; CrOS x86_64 14541.0.0) AppleWebKit/537.36 (KHTML, like Gecko) Chrome/145.0.0.0 Safari/537.36"
192.126.217.133 - - [15/Apr/2026:10:21:19 +0200] "GET /wp-content/themes/boldy/style.css HTTP/1.1" 200 7947 "https://www.rudomilov.ru/about/" "Mozilla/5.0 (Windows NT 10.0; Win64; x64) AppleWebKit/537.36 (KHTML, like Gecko) Chrome/145.0.0.0 Safari/537.36"
192.126.217.133 - - [15/Apr/2026:10:21:20 +0200] "GET /wp-content/themes/boldy/css/ddsmoothmenu.css HTTP/1.1" 200 4772 "https://www.rudomilov.ru/about/" "Mozilla/5.0 (Windows NT 10.0; Win64; x64) AppleWebKit/537.36 (KHTML, like Gecko) Chrome/145.0.0.0 Safari/537.36"
192.126.217.133 - - [15/Apr/2026:10:21:21 +0200] "GET /wp-content/themes/boldy/css/prettyPhoto.css HTTP/1.1" 200 5986 "https://www.rudomilov.ru/about/" "Mozilla/5.0 (Windows NT 10.0; Win64; x64) AppleWebKit/537.36 (KHTML, like Gecko) Chrome/145.0.0.0 Safari/537.36"
192.126.217.133 - - [15/Apr/2026:10:21:22 +0200] "GET /wp-content/themes/boldy/css/nivo-slider.css HTTP/1.1" 200 4914 "https://www.rudomilov.ru/about/" "Mozilla/5.0 (Windows NT 10.0; Win64; x64) AppleWebKit/537.36 (KHTML, like Gecko) Chrome/145.0.0.0 Safari/537.36"
192.126.217.133 - - [15/Apr/2026:10:21:23 +0200] "GET /?p=2 HTTP/1.1" 301 4224 "https://www.rudomilov.ru/?p=2" "Mozilla/5.0 (X11; CrOS x86_64 14541.0.0) AppleWebKit/537.36 (KHTML, like Gecko) Chrome/145.0.0.0 Safari/537.36"
192.126.217.133 - - [15/Apr/2026:10:21:25 +0200] "GET /about/ HTTP/1.1" 200 10037 "https://www.rudomilov.ru/?p=2" "Mozilla/5.0 (X11; CrOS x86_64 14541.0.0) AppleWebKit/537.36 (KHTML, like Gecko) Chrome/145.0.0.0 Safari/537.36"
95.216.2.94 - - [15/Apr/2026:10:24:36 +0200] "POST /wp-cron.php?doing_wp_cron=1776241476.8868470191955566406250 HTTP/1.1" 500 4024 "-" "WordPress/6.9.4; https://www.rudomilov.ru"
5.252.31.74 - - [15/Apr/2026:10:24:08 +0200] "GET /about/ HTTP/1.1" 200 10037 "https://www.rudomilov.ru/" "Mozilla/5.0 (Macintosh; Intel Mac OS X 10_15_7) AppleWebKit/537.36 (KHTML, like Gecko) Chrome/145.0.0.0 Safari/537.36 Edg/145.0.0.0"
5.252.31.74 - - [15/Apr/2026:10:24:37 +0200] "GET /?p=2 HTTP/1.1" 301 4224 "https://www.rudomilov.ru/about/" "Mozilla/5.0 (Macintosh; Intel Mac OS X 10_15_7) AppleWebKit/537.36 (KHTML, like Gecko) Chrome/145.0.0.0 Safari/537.36 Edg/145.0.0.0"
5.252.31.74 - - [15/Apr/2026:10:25:05 +0200] "GET /about/ HTTP/1.1" 200 10037 "https://www.rudomilov.ru/?p=2" "Mozilla/5.0 (Macintosh; Intel Mac OS X 10_15_7) AppleWebKit/537.36 (KHTML, like Gecko) Chrome/145.0.0.0 Safari/537.36 Edg/145.0.0.0"
66.116.198.89 - - [15/Apr/2026:10:26:34 +0200] "GET /wp-login.php HTTP/1.1" 500 4024 "-" "Mozilla/5.0 (Windows NT 6.3; Win64; x64) AppleWebKit/537.36 (KHTML, like Gecko) Chrome/52.0.2743.116 Safari/537.36 Edge/15.15063"
66.116.198.89 - - [15/Apr/2026:10:26:35 +0200] "POST /wp-login.php HTTP/1.1" 500 4024 "https://www.rudomilov.ru/wp-login.php" "Mozilla/5.0 (Windows NT 6.3; Win64; x64) AppleWebKit/537.36 (KHTML, like Gecko) Chrome/52.0.2743.116 Safari/537.36 Edge/15.15063"
157.230.247.181 - - [15/Apr/2026:10:27:02 +0200] "GET /wp-login.php HTTP/1.1" 500 4024 "-" "Mozilla/5.0 (Windows NT 6.1; WOW64; Trident/7.0; UHG_Win7_Build 11-15-2010; rv:11.0) like Gecko"
157.230.247.181 - - [15/Apr/2026:10:27:04 +0200] "POST /wp-login.php HTTP/1.1" 500 4024 "https://www.rudomilov.ru/wp-login.php" "Mozilla/5.0 (Windows NT 6.1; WOW64; Trident/7.0; UHG_Win7_Build 11-15-2010; rv:11.0) like Gecko"
95.216.2.94 - - [15/Apr/2026:10:29:07 +0200] "POST /wp-cron.php?doing_wp_cron=1776241747.3958339691162109375000 HTTP/1.1" 500 185 "-" "WordPress/6.9.4; https://www.rudomilov.ru"
158.94.210.154 - - [15/Apr/2026:10:29:06 +0200] "GET / HTTP/1.1" 301 244 "-" "Mozilla/5.0 (Windows NT 10.0; Win64; x64) AppleWebKit/537.36 (KHTML, like Gecko) Chrome/101.0.4951.67 Safari/537.36"
158.94.210.154 - - [15/Apr/2026:10:29:07 +0200] "GET / HTTP/1.1" 200 7762 "-" "Mozilla/5.0 (Windows NT 10.0; Win64; x64) AppleWebKit/537.36 (KHTML, like Gecko) Chrome/101.0.4951.67 Safari/537.36"
66.29.129.222 - - [15/Apr/2026:10:32:11 +0200] "GET /wp-login.php HTTP/1.1" 500 4024 "-" "Mozilla/5.0 (Windows NT 6.3; Win64, x64; Trident/7.0; rv:11.0) like Gecko"
66.29.129.222 - - [15/Apr/2026:10:32:16 +0200] "POST /wp-login.php HTTP/1.1" 500 4024 "https://www.rudomilov.ru/wp-login.php" "Mozilla/5.0 (Windows NT 6.3; Win64, x64; Trident/7.0; rv:11.0) like Gecko"
14.248.80.79 - - [15/Apr/2026:10:32:39 +0200] "GET /wp-login.php HTTP/1.1" 500 4024 "-" "Mozilla/5.0 (Windows NT 6.3; ARM; Trident/7.0; Touch; rv:11.0) like Gecko"
14.248.80.79 - - [15/Apr/2026:10:32:41 +0200] "POST /wp-login.php HTTP/1.1" 500 4024 "https://www.rudomilov.ru/wp-login.php" "Mozilla/5.0 (Windows NT 6.3; ARM; Trident/7.0; Touch; rv:11.0) like Gecko"
14.248.80.79 - - [15/Apr/2026:10:33:12 +0200] "GET /wp-login.php HTTP/1.1" 500 4024 "-" "Mozilla/5.0 (Windows NT 10.0; WOW64; rv:61.0) Gecko/20100101 Firefox/61.0"
14.248.80.79 - - [15/Apr/2026:10:33:14 +0200] "POST /wp-login.php HTTP/1.1" 500 4024 "https://www.rudomilov.ru/wp-login.php" "Mozilla/5.0 (Windows NT 10.0; WOW64; rv:61.0) Gecko/20100101 Firefox/61.0"
157.230.247.181 - - [15/Apr/2026:10:34:10 +0200] "GET /wp-login.php HTTP/1.1" 500 4024 "-" "Mozilla/5.0 (Windows NT 6.1; rv:61.0) Gecko/20100101 Firefox/61.0"
157.230.247.181 - - [15/Apr/2026:10:34:12 +0200] "POST /wp-login.php HTTP/1.1" 500 4024 "https://www.rudomilov.ru/wp-login.php" "Mozilla/5.0 (Windows NT 6.1; rv:61.0) Gecko/20100101 Firefox/61.0"
165.22.95.96 - - [15/Apr/2026:10:34:31 +0200] "GET /wp-login.php HTTP/1.1" 500 4024 "-" "Mozilla/5.0 (Windows NT 10.0; WOW64; Trident/7.0; Touch; LCJB; rv:11.0) like Gecko"
165.22.95.96 - - [15/Apr/2026:10:34:31 +0200] "POST /wp-login.php HTTP/1.1" 500 4024 "https://www.rudomilov.ru/wp-login.php" "Mozilla/5.0 (Windows NT 10.0; WOW64; Trident/7.0; Touch; LCJB; rv:11.0) like Gecko"
95.216.2.94 - - [15/Apr/2026:10:35:23 +0200] "POST /wp-cron.php?doing_wp_cron=1776242123.4919528961181640625000 HTTP/1.1" 500 185 "-" "WordPress/6.9.4; https://www.rudomilov.ru"
45.156.129.75 - - [15/Apr/2026:10:35:23 +0200] "GET / HTTP/1.1" 301 225 "-" "Mozilla/5.0 AppleWebKit/537.36 (KHTML, like Gecko) Chrome/123.0.6312.86 Safari/537.36"
45.156.129.77 - - [15/Apr/2026:10:35:24 +0200] "GET / HTTP/1.1" 200 7743 "http://rudomilov.ru/" "Mozilla/5.0 AppleWebKit/537.36 (KHTML, like Gecko) Chrome/123.0.6312.86 Safari/537.36"
45.156.129.75 - - [15/Apr/2026:10:35:27 +0200] "POST /mcp HTTP/1.1" 404 16491 "-" "python-httpx/0.28.1"
45.156.129.75 - - [15/Apr/2026:10:35:27 +0200] "GET /sse HTTP/1.1" 404 16490 "-" "python-httpx/0.28.1"
45.156.129.76 - - [15/Apr/2026:10:35:29 +0200] "GET /favicon.ico HTTP/1.1" 200 1395 "-" "Mozilla/5.0 AppleWebKit/537.36 (KHTML, like Gecko) Chrome/123.0.6312.86 Safari/537.36"
46.105.42.135 - - [15/Apr/2026:10:38:12 +0200] "GET /robots.txt HTTP/1.1" 200 4363 "-" "Mozilla/5.0 (compatible; MJ12bot/v2.0.5; http://mj12bot.com/)"
95.216.2.94 - - [15/Apr/2026:10:38:12 +0200] "POST /wp-cron.php?doing_wp_cron=1776242292.7628231048583984375000 HTTP/1.1" 500 4024 "-" "WordPress/6.9.4; https://www.rudomilov.ru"
46.105.42.135 - - [15/Apr/2026:10:38:12 +0200] "GET / HTTP/1.1" 301 357 "-" "Mozilla/5.0 (compatible; MJ12bot/v2.0.5; http://mj12bot.com/)"
46.105.42.135 - - [15/Apr/2026:10:38:13 +0200] "GET /robots.txt HTTP/1.1" 200 4395 "-" "Mozilla/5.0 (compatible; MJ12bot/v2.0.5; http://mj12bot.com/)"
46.105.42.135 - - [15/Apr/2026:10:38:13 +0200] "GET / HTTP/1.1" 200 7870 "-" "Mozilla/5.0 (compatible; MJ12bot/v2.0.5; http://mj12bot.com/)"
69.49.112.66 - - [15/Apr/2026:10:40:34 +0200] "GET /wp-login.php HTTP/1.1" 500 4024 "-" "Mozilla/5.0 (Windows NT 10.0; WOW64) AppleWebKit/537.36 (KHTML, like Gecko) Chrome/65.0.3325.162 Safari/537.36"
69.49.112.66 - - [15/Apr/2026:10:40:35 +0200] "POST /wp-login.php HTTP/1.1" 500 4024 "https://www.rudomilov.ru/wp-login.php" "Mozilla/5.0 (Windows NT 10.0; WOW64) AppleWebKit/537.36 (KHTML, like Gecko) Chrome/65.0.3325.162 Safari/537.36"
69.49.112.66 - - [15/Apr/2026:10:40:52 +0200] "GET /wp-login.php HTTP/1.1" 500 4024 "-" "Mozilla/5.0 (Macintosh; Intel Mac OS X 10_12_6) AppleWebKit/604.1.38 (KHTML, like Gecko) Version/11.0 Safari/604.1.38"
69.49.112.66 - - [15/Apr/2026:10:40:53 +0200] "POST /wp-login.php HTTP/1.1" 500 4024 "https://www.rudomilov.ru/wp-login.php" "Mozilla/5.0 (Macintosh; Intel Mac OS X 10_12_6) AppleWebKit/604.1.38 (KHTML, like Gecko) Version/11.0 Safari/604.1.38"
94.154.35.236 - - [15/Apr/2026:10:42:37 +0200] "HEAD /new.tar.gz HTTP/1.1" 301 213 "-" "Mozilla/5.0 (Windows NT 10.0; Win64; x64) AppleWebKit/537.36 (KHTML, like Gecko) Chrome/101.0.4951.67 Safari/537.36"
95.216.2.94 - - [15/Apr/2026:10:42:38 +0200] "POST /wp-cron.php?doing_wp_cron=1776242558.0063960552215576171875 HTTP/1.1" 500 185 "-" "WordPress/6.9.4; https://www.rudomilov.ru"
94.154.35.236 - - [15/Apr/2026:10:42:37 +0200] "HEAD /new.tar.gz HTTP/1.1" 404 335 "-" "Mozilla/5.0 (Windows NT 10.0; Win64; x64) AppleWebKit/537.36 (KHTML, like Gecko) Chrome/101.0.4951.67 Safari/537.36"
203.201.164.142 - - [15/Apr/2026:10:43:58 +0200] "GET /wp-login.php HTTP/1.1" 500 4024 "-" "Mozilla/4.0 (compatible; MSIE 7.0; Windows NT 6.2; WOW64; Trident/7.0; .NET4.0C; .NET4.0E; .NET CLR 2.0.50727; .NET CLR 3.0.30729; .NET CLR 3.5.30729; Tablet PC 2.0; InfoPath.3)"
203.201.164.142 - - [15/Apr/2026:10:44:07 +0200] "POST /wp-login.php HTTP/1.1" 500 4024 "https://www.rudomilov.ru/wp-login.php" "Mozilla/4.0 (compatible; MSIE 7.0; Windows NT 6.2; WOW64; Trident/7.0; .NET4.0C; .NET4.0E; .NET CLR 2.0.50727; .NET CLR 3.0.30729; .NET CLR 3.5.30729; Tablet PC 2.0; InfoPath.3)"
121.200.217.28 - - [15/Apr/2026:10:47:16 +0200] "GET /wp-login.php HTTP/1.1" 500 4024 "-" "Mozilla/5.0 (Windows NT 6.1) AppleWebKit/537.36 (KHTML, like Gecko) Chrome/65.0.3325.181 Safari/537.36 OPR/52.0.2871.64"
51.195.41.174 - - [15/Apr/2026:10:50:33 +0200] "GET /wp-login.php HTTP/1.1" 500 4024 "-" "Mozilla/5.0 (Macintosh; Intel Mac OS X 10_12_4) AppleWebKit/603.1.20 (KHTML, like Gecko) Version/10.1 Safari/603.1.20"
51.195.41.174 - - [15/Apr/2026:10:50:34 +0200] "POST /wp-login.php HTTP/1.1" 500 4024 "https://www.rudomilov.ru/wp-login.php" "Mozilla/5.0 (Macintosh; Intel Mac OS X 10_12_4) AppleWebKit/603.1.20 (KHTML, like Gecko) Version/10.1 Safari/603.1.20"
121.200.217.28 - - [15/Apr/2026:10:51:13 +0200] "GET /wp-login.php HTTP/1.1" 500 4024 "-" "Mozilla/5.0 (Windows NT 10.0; WOW64) AppleWebKit/537.36 (KHTML, like Gecko) Chrome/66.0.3359.181 Safari/537.36"
121.200.217.28 - - [15/Apr/2026:10:51:18 +0200] "POST /wp-login.php HTTP/1.1" 500 4024 "https://www.rudomilov.ru/wp-login.php" "Mozilla/5.0 (Windows NT 10.0; WOW64) AppleWebKit/537.36 (KHTML, like Gecko) Chrome/66.0.3359.181 Safari/537.36"
213.180.203.130 - - [15/Apr/2026:10:51:41 +0200] "GET /robots.txt HTTP/1.1" 200 5032 "-" "Mozilla/5.0 (compatible; YandexBot/3.0; +http://yandex.com/bots)"
95.216.2.94 - - [15/Apr/2026:10:51:42 +0200] "POST /wp-cron.php?doing_wp_cron=1776243102.4496119022369384765625 HTTP/1.1" 500 4024 "-" "WordPress/6.9.4; https://www.rudomilov.ru"
87.250.224.250 - - [15/Apr/2026:10:51:41 +0200] "GET / HTTP/1.1" 200 11765 "-" "Mozilla/5.0 (compatible; YandexBot/3.0; +http://yandex.com/bots)"
93.39.85.202 - - [15/Apr/2026:10:54:03 +0200] "GET /wp-login.php HTTP/1.1" 500 4024 "-" "Mozilla/5.0 (Windows NT 6.3; Win64; x64) AppleWebKit/537.36 (KHTML, like Gecko) Chrome/67.0.3396.79 Safari/537.36"
93.39.85.202 - - [15/Apr/2026:10:54:15 +0200] "POST /wp-login.php HTTP/1.1" 500 4024 "https://www.rudomilov.ru/wp-login.php" "Mozilla/5.0 (Windows NT 6.3; Win64; x64) AppleWebKit/537.36 (KHTML, like Gecko) Chrome/67.0.3396.79 Safari/537.36"
50.87.231.172 - - [15/Apr/2026:10:54:30 +0200] "GET /wp-login.php HTTP/1.1" 500 4024 "-" "Mozilla/5.0 (Windows NT 6.2; Win64; x64; rv:60.0) Gecko/20100101 Firefox/60.0"
50.87.231.172 - - [15/Apr/2026:10:54:38 +0200] "POST /wp-login.php HTTP/1.1" 500 4024 "https://www.rudomilov.ru/wp-login.php" "Mozilla/5.0 (Windows NT 6.2; Win64; x64; rv:60.0) Gecko/20100101 Firefox/60.0"
85.10.204.138 - - [15/Apr/2026:10:55:27 +0200] "GET /wp-login.php HTTP/1.1" 500 4024 "-" "Mozilla/5.0 (compatible; MSIE 10.0; Windows NT 10.0; WOW64; Trident/7.0)"
85.10.204.138 - - [15/Apr/2026:10:55:28 +0200] "POST /wp-login.php HTTP/1.1" 500 4024 "https://www.rudomilov.ru/wp-login.php" "Mozilla/5.0 (compatible; MSIE 10.0; Windows NT 10.0; WOW64; Trident/7.0)"
178.20.235.164 - - [15/Apr/2026:10:56:36 +0200] "GET /category/projects/communities HTTP/1.1" 301 592 "-" "Mozilla/5.0 (Macintosh; Intel Mac OS X 10_15_7) AppleWebKit/605.1.15 (KHTML, like Gecko) Version/15.0 Safari/605.1.15"
95.216.2.94 - - [15/Apr/2026:10:56:37 +0200] "POST /wp-cron.php?doing_wp_cron=1776243397.1283450126647949218750 HTTP/1.1" 500 185 "-" "WordPress/6.9.4; https://www.rudomilov.ru"
178.20.235.164 - - [15/Apr/2026:10:56:36 +0200] "GET /category/projects/communities HTTP/1.1" 301 274 "-" "Mozilla/5.0 (Windows NT 10.0; Win64; x64) AppleWebKit/537.36 (KHTML, like Gecko) Chrome/91.0.4472.164 Safari/537.36 OPR/77.0.4054.277"
178.20.235.164 - - [15/Apr/2026:10:56:37 +0200] "GET /category/projects/communities/ HTTP/1.1" 200 6394 "-" "Mozilla/5.0 (Macintosh; Intel Mac OS X 10_14_6) AppleWebKit/537.36 (KHTML, like Gecko) Chrome/92.0.4515.131 Safari/537.36"
208.109.188.137 - - [15/Apr/2026:10:56:48 +0200] "GET /wp-login.php HTTP/1.1" 500 4024 "-" "Mozilla/5.0 (Windows NT 6.1; WOW64; rv:60.0) Gecko/20100101 Firefox/60.0"
208.109.188.137 - - [15/Apr/2026:10:56:49 +0200] "POST /wp-login.php HTTP/1.1" 500 4024 "https://www.rudomilov.ru/wp-login.php" "Mozilla/5.0 (Windows NT 6.1; WOW64; rv:60.0) Gecko/20100101 Firefox/60.0"
110.249.201.167 - - [15/Apr/2026:10:57:22 +0200] "GET /robots.txt HTTP/1.1" 200 534 "-" "Mozilla/5.0 (Linux; Android 5.0) AppleWebKit/537.36 (KHTML, like Gecko) Mobile Safari/537.36 (compatible; Bytespider; https://zhanzhang.toutiao.com/)"
103.216.118.192 - - [15/Apr/2026:10:57:23 +0200] "GET /wp-login.php HTTP/1.1" 500 4024 "-" "Mozilla/5.0 (Windows NT 6.1; WOW64; Trident/7.0; MSBrowserIE; rv:11.0) like Gecko"
103.216.118.192 - - [15/Apr/2026:10:57:28 +0200] "POST /wp-login.php HTTP/1.1" 500 4024 "https://www.rudomilov.ru/wp-login.php" "Mozilla/5.0 (Windows NT 6.1; WOW64; Trident/7.0; MSBrowserIE; rv:11.0) like Gecko"
95.216.2.94 - - [15/Apr/2026:10:59:05 +0200] "POST /wp-cron.php?doing_wp_cron=1776243544.8954041004180908203125 HTTP/1.1" 500 4024 "-" "WordPress/6.9.4; https://www.rudomilov.ru"
194.156.92.237 - - [15/Apr/2026:10:59:04 +0200] "GET / HTTP/1.0" 301 3614 "https://rudomilov.ru/" "Mozilla/5.0 (Windows NT 10.0; Win64; x64) AppleWebKit/537.36 (KHTML, like Gecko) Chrome/103.0.0.0 Safari/537.36 OpenWave/97.4.2043.44"
84.54.53.236 - - [15/Apr/2026:10:59:05 +0200] "GET / HTTP/1.0" 200 25980 "https://www.rudomilov.ru/" "Mozilla/5.0 (Windows NT 10.0; Win64; x64) AppleWebKit/537.36 (KHTML, like Gecko) Chrome/103.0.0.0 Safari/537.36 OpenWave/97.4.2043.44"
103.127.30.137 - - [15/Apr/2026:11:00:51 +0200] "GET /wp-login.php HTTP/1.1" 500 4024 "-" "Mozilla/5.0 (Macintosh; Intel Mac OS X 10_11_6) AppleWebKit/604.5.6 (KHTML, like Gecko) Version/11.0.3 Safari/604.5.6"
103.127.30.137 - - [15/Apr/2026:11:00:54 +0200] "POST /wp-login.php HTTP/1.1" 500 4024 "https://www.rudomilov.ru/wp-login.php" "Mozilla/5.0 (Macintosh; Intel Mac OS X 10_11_6) AppleWebKit/604.5.6 (KHTML, like Gecko) Version/11.0.3 Safari/604.5.6"
69.49.112.75 - - [15/Apr/2026:11:01:29 +0200] "GET /wp-login.php HTTP/1.1" 500 4024 "-" "Mozilla/5.0 (Windows NT 10.0; WOW64; Trident/7.0; Touch; MALNJS; rv:11.0) like Gecko"
69.49.112.75 - - [15/Apr/2026:11:01:30 +0200] "POST /wp-login.php HTTP/1.1" 500 4024 "https://www.rudomilov.ru/wp-login.php" "Mozilla/5.0 (Windows NT 10.0; WOW64; Trident/7.0; Touch; MALNJS; rv:11.0) like Gecko"
110.249.202.17 - - [15/Apr/2026:11:05:20 +0200] "GET /robots.txt HTTP/1.1" 200 534 "-" "Mozilla/5.0 (Linux; Android 5.0) AppleWebKit/537.36 (KHTML, like Gecko) Mobile Safari/537.36 (compatible; Bytespider; https://zhanzhang.toutiao.com/)"
222.165.190.235 - - [15/Apr/2026:11:07:21 +0200] "GET /wp-login.php HTTP/1.1" 500 4024 "-" "Mozilla/5.0 (Windows NT 10.0; WOW64; rv:60.0) Gecko/20100101 Firefox/60.0"
222.165.190.235 - - [15/Apr/2026:11:07:24 +0200] "POST /wp-login.php HTTP/1.1" 500 4024 "https://www.rudomilov.ru/wp-login.php" "Mozilla/5.0 (Windows NT 10.0; WOW64; rv:60.0) Gecko/20100101 Firefox/60.0"
116.118.2.113 - - [15/Apr/2026:11:07:38 +0200] "GET /wp-login.php HTTP/1.1" 500 4024 "-" "Mozilla/5.0 (Macintosh; Intel Mac OS X 10_11_6) AppleWebKit/537.36 (KHTML, like Gecko) Chrome/67.0.3396.62 Safari/537.36"
116.118.2.113 - - [15/Apr/2026:11:07:39 +0200] "POST /wp-login.php HTTP/1.1" 500 4024 "https://www.rudomilov.ru/wp-login.php" "Mozilla/5.0 (Macintosh; Intel Mac OS X 10_11_6) AppleWebKit/537.36 (KHTML, like Gecko) Chrome/67.0.3396.62 Safari/537.36"
74.91.224.220 - - [15/Apr/2026:11:09:00 +0200] "GET /wp-login.php HTTP/1.1" 500 4024 "-" "Mozilla/5.0 (Windows NT 10.0; WOW64; Trident/7.0; Touch; rv:11.0) like Gecko"
74.91.224.220 - - [15/Apr/2026:11:09:03 +0200] "POST /wp-login.php HTTP/1.1" 500 4024 "https://www.rudomilov.ru/wp-login.php" "Mozilla/5.0 (Windows NT 10.0; WOW64; Trident/7.0; Touch; rv:11.0) like Gecko"
94.154.35.236 - - [15/Apr/2026:11:09:50 +0200] "HEAD /new.zip HTTP/1.1" 301 210 "-" "Mozilla/5.0 (Windows NT 10.0; Win64; x64) AppleWebKit/537.36 (KHTML, like Gecko) Chrome/101.0.4951.67 Safari/537.36"
95.216.2.94 - - [15/Apr/2026:11:09:51 +0200] "POST /wp-cron.php?doing_wp_cron=1776244191.6164360046386718750000 HTTP/1.1" 500 185 "-" "WordPress/6.9.4; https://www.rudomilov.ru"
94.154.35.236 - - [15/Apr/2026:11:09:51 +0200] "HEAD /new.zip HTTP/1.1" 404 335 "-" "Mozilla/5.0 (Windows NT 10.0; Win64; x64) AppleWebKit/537.36 (KHTML, like Gecko) Chrome/101.0.4951.67 Safari/537.36"
95.216.2.94 - - [15/Apr/2026:11:11:39 +0200] "POST /wp-cron.php?doing_wp_cron=1776244299.0844130516052246093750 HTTP/1.1" 500 4024 "-" "WordPress/6.9.4; https://www.rudomilov.ru"
15.204.0.80 - - [15/Apr/2026:11:11:38 +0200] "GET /blog-verify HTTP/1.1" 404 20368 "-" "Mozilla/5.0 (Windows NT 10.0; Win64; x64) AppleWebKit/537.36 (KHTML, like Gecko) Chrome/127.0.0.0 Safari/537.36"
110.249.201.37 - - [15/Apr/2026:11:13:36 +0200] "GET /robots.txt HTTP/1.1" 200 534 "-" "Mozilla/5.0 (Linux; Android 5.0) AppleWebKit/537.36 (KHTML, like Gecko) Mobile Safari/537.36 (compatible; Bytespider; https://zhanzhang.toutiao.com/)"
14.248.80.79 - - [15/Apr/2026:11:13:57 +0200] "GET /wp-login.php HTTP/1.1" 500 4024 "-" "Mozilla/5.0 (Windows NT 6.1; WOW64) AppleWebKit/537.36 (KHTML, like Gecko) Chrome/66.0.3359.181 Safari/537.36"
14.248.80.79 - - [15/Apr/2026:11:13:59 +0200] "POST /wp-login.php HTTP/1.1" 500 4024 "https://www.rudomilov.ru/wp-login.php" "Mozilla/5.0 (Windows NT 6.1; WOW64) AppleWebKit/537.36 (KHTML, like Gecko) Chrome/66.0.3359.181 Safari/537.36"
92.205.20.61 - - [15/Apr/2026:11:14:17 +0200] "GET /wp-login.php HTTP/1.1" 500 4024 "-" "Mozilla/5.0 (Windows NT 6.1; WOW64; Trident/7.0; MASN; rv:11.0) like Gecko"
92.205.20.61 - - [15/Apr/2026:11:14:18 +0200] "POST /wp-login.php HTTP/1.1" 500 4024 "https://www.rudomilov.ru/wp-login.php" "Mozilla/5.0 (Windows NT 6.1; WOW64; Trident/7.0; MASN; rv:11.0) like Gecko"
103.127.30.137 - - [15/Apr/2026:11:15:25 +0200] "GET /wp-login.php HTTP/1.1" 500 4024 "-" "Mozilla/5.0 (Macintosh; Intel Mac OS X 10_13_5) AppleWebKit/537.36 (KHTML, like Gecko) Chrome/66.0.3359.181 Safari/537.36"
103.127.30.137 - - [15/Apr/2026:11:15:28 +0200] "POST /wp-login.php HTTP/1.1" 500 4024 "https://www.rudomilov.ru/wp-login.php" "Mozilla/5.0 (Macintosh; Intel Mac OS X 10_13_5) AppleWebKit/537.36 (KHTML, like Gecko) Chrome/66.0.3359.181 Safari/537.36"
91.224.92.120 - - [15/Apr/2026:11:17:34 +0200] "GET /wp-login.php HTTP/1.1" 500 185 "https://duckduckgo.com/" "Mozilla/5.0 (X11; Ubuntu; Linux x86_64) AppleWebKit/537.36 (KHTML, like Gecko) Chrome/118.0.0.0 Safari/537.36"
95.216.2.94 - - [15/Apr/2026:11:17:35 +0200] "POST /wp-cron.php?doing_wp_cron=1776244655.4588251113891601562500 HTTP/1.1" 500 185 "-" "WordPress/6.9.4; https://www.rudomilov.ru"
91.224.92.120 - - [15/Apr/2026:11:17:35 +0200] "GET /wp-admin/ HTTP/1.1" 302 387 "https://www.google.com/search?q=wordpress" "Mozilla/5.0 (Macintosh; Intel Mac OS X 10_15_7; rv:118.0) Gecko/20100101 Firefox/118.0"
91.224.92.120 - - [15/Apr/2026:11:17:35 +0200] "GET /wp-admin/ HTTP/1.1" 302 4295 "https://www.google.com/search?q=wordpress" "Mozilla/5.0 (Macintosh; Intel Mac OS X 10_15_7; rv:118.0) Gecko/20100101 Firefox/118.0"
91.224.92.120 - - [15/Apr/2026:11:17:36 +0200] "GET /wp-login.php?redirect_to=https%3A%2F%2Frudomilov.ru%2Fwp-admin%2F&reauth=1 HTTP/1.1" 500 4024 "https://www.google.com/search?q=wordpress" "Mozilla/5.0 (Macintosh; Intel Mac OS X 10_15_7; rv:118.0) Gecko/20100101 Firefox/118.0"
194.164.175.208 - - [15/Apr/2026:11:18:53 +0200] "GET /wp-login.php HTTP/1.1" 500 4024 "-" "Mozilla/5.0 (Windows NT 6.1; WOW64; Trident/7.0; managedpc; rv:11.0) like Gecko"
194.164.175.208 - - [15/Apr/2026:11:19:05 +0200] "POST /wp-login.php HTTP/1.1" 500 4024 "https://www.rudomilov.ru/wp-login.php" "Mozilla/5.0 (Windows NT 6.1; WOW64; Trident/7.0; managedpc; rv:11.0) like Gecko"
43.139.4.103 - - [15/Apr/2026:11:20:14 +0200] "GET /wp-login.php HTTP/1.1" 500 185 "-" "Apache-HttpClient/4.5.2 (Java/1.8.0_151)"
95.216.2.94 - - [15/Apr/2026:11:20:20 +0200] "POST /wp-cron.php?doing_wp_cron=1776244819.9741280078887939453125 HTTP/1.1" 500 185 "-" "WordPress/6.9.4; https://www.rudomilov.ru"
43.139.4.103 - - [15/Apr/2026:11:20:18 +0200] "GET /?author=1 HTTP/1.1" 301 295 "-" "Apache-HttpClient/4.5.2 (Java/1.8.0_151)"
43.139.4.103 - - [15/Apr/2026:11:20:22 +0200] "GET /author/admin/ HTTP/1.1" 200 13385 "-" "Apache-HttpClient/4.5.2 (Java/1.8.0_151)"
43.139.4.103 - - [15/Apr/2026:11:20:46 +0200] "GET /?author=3 HTTP/1.1" 301 290 "-" "Apache-HttpClient/4.5.2 (Java/1.8.0_151)"
43.139.4.103 - - [15/Apr/2026:11:20:47 +0200] "GET /?author=3 HTTP/1.1" 200 5813 "-" "Apache-HttpClient/4.5.2 (Java/1.8.0_151)"
43.139.4.103 - - [15/Apr/2026:11:20:47 +0200] "GET /?author=4 HTTP/1.1" 301 401 "-" "Apache-HttpClient/4.5.2 (Java/1.8.0_151)"
43.139.4.103 - - [15/Apr/2026:11:20:48 +0200] "GET /?author=4 HTTP/1.1" 404 16496 "-" "Apache-HttpClient/4.5.2 (Java/1.8.0_151)"
43.139.4.103 - - [15/Apr/2026:11:20:49 +0200] "GET /?author=5 HTTP/1.1" 301 401 "-" "Apache-HttpClient/4.5.2 (Java/1.8.0_151)"
43.139.4.103 - - [15/Apr/2026:11:20:50 +0200] "GET /?author=5 HTTP/1.1" 404 16496 "-" "Apache-HttpClient/4.5.2 (Java/1.8.0_151)"
43.139.4.103 - - [15/Apr/2026:11:20:51 +0200] "GET /?author=6 HTTP/1.1" 301 401 "-" "Apache-HttpClient/4.5.2 (Java/1.8.0_151)"
43.139.4.103 - - [15/Apr/2026:11:20:52 +0200] "GET /?author=6 HTTP/1.1" 404 16496 "-" "Apache-HttpClient/4.5.2 (Java/1.8.0_151)"
43.139.4.103 - - [15/Apr/2026:11:20:54 +0200] "GET /?author=7 HTTP/1.1" 301 401 "-" "Apache-HttpClient/4.5.2 (Java/1.8.0_151)"
43.139.4.103 - - [15/Apr/2026:11:20:55 +0200] "GET /?author=7 HTTP/1.1" 404 16496 "-" "Apache-HttpClient/4.5.2 (Java/1.8.0_151)"
43.139.4.103 - - [15/Apr/2026:11:20:57 +0200] "GET /?author=8 HTTP/1.1" 301 401 "-" "Apache-HttpClient/4.5.2 (Java/1.8.0_151)"
43.139.4.103 - - [15/Apr/2026:11:20:57 +0200] "GET /?author=8 HTTP/1.1" 404 16496 "-" "Apache-HttpClient/4.5.2 (Java/1.8.0_151)"
43.139.4.103 - - [15/Apr/2026:11:20:59 +0200] "GET /?author=9 HTTP/1.1" 301 401 "-" "Apache-HttpClient/4.5.2 (Java/1.8.0_151)"
43.139.4.103 - - [15/Apr/2026:11:20:59 +0200] "GET /?author=9 HTTP/1.1" 404 16496 "-" "Apache-HttpClient/4.5.2 (Java/1.8.0_151)"
43.139.4.103 - - [15/Apr/2026:11:21:01 +0200] "GET /?author=10 HTTP/1.1" 301 402 "-" "Apache-HttpClient/4.5.2 (Java/1.8.0_151)"
43.139.4.103 - - [15/Apr/2026:11:21:02 +0200] "GET /?author=10 HTTP/1.1" 404 16497 "-" "Apache-HttpClient/4.5.2 (Java/1.8.0_151)"
43.139.4.103 - - [15/Apr/2026:11:21:03 +0200] "GET /?author=11 HTTP/1.1" 301 402 "-" "Apache-HttpClient/4.5.2 (Java/1.8.0_151)"
