132.148.77.54 - - [15/Apr/2026:01:51:30 +0200] "GET /wp-login.php HTTP/1.1" 500 4024 "-" "Mozilla/5.0 (Windows NT 6.1; WOW64; Trident/7.0; rv:11.0; MSN 9.0;MSN 9.1;MSN 9.6;MSN 10.0;MSN 10.2;MSN 10.5; MSNbMSNI; MSNmen-us; MSNcIA)"
132.148.77.54 - - [15/Apr/2026:01:51:31 +0200] "POST /wp-login.php HTTP/1.1" 500 4024 "https://www.rudomilov.ru/wp-login.php" "Mozilla/5.0 (Windows NT 6.1; WOW64; Trident/7.0; rv:11.0; MSN 9.0;MSN 9.1;MSN 9.6;MSN 10.0;MSN 10.2;MSN 10.5; MSNbMSNI; MSNmen-us; MSNcIA)"
178.128.75.24 - - [15/Apr/2026:01:51:34 +0200] "GET /wp-login.php HTTP/1.1" 500 4024 "-" "Mozilla/5.0 (Windows NT 6.1; WOW64; Trident/7.0; apetito Gruppe; rv:11.0) like Gecko"
178.128.75.24 - - [15/Apr/2026:01:51:36 +0200] "POST /wp-login.php HTTP/1.1" 500 4024 "https://www.rudomilov.ru/wp-login.php" "Mozilla/5.0 (Windows NT 6.1; WOW64; Trident/7.0; apetito Gruppe; rv:11.0) like Gecko"
162.240.22.47 - - [15/Apr/2026:01:55:27 +0200] "GET /wp-login.php HTTP/1.1" 500 4024 "-" "Mozilla/5.0 (compatible; MSIE 9.0; Windows NT 6.1; WOW64; Trident/7.0; Swinburne)"
118.139.167.171 - - [15/Apr/2026:01:55:32 +0200] "GET /wp-login.php HTTP/1.1" 500 4024 "-" "Mozilla/5.0 (Windows NT 6.2; ARM; Trident/7.0; Touch; rv:11.0; WPDesktop; NOKIA; Lumia 530) like Gecko"
118.139.167.171 - - [15/Apr/2026:01:55:34 +0200] "POST /wp-login.php HTTP/1.1" 500 4024 "https://www.rudomilov.ru/wp-login.php" "Mozilla/5.0 (Windows NT 6.2; ARM; Trident/7.0; Touch; rv:11.0; WPDesktop; NOKIA; Lumia 530) like Gecko"
162.240.22.47 - - [15/Apr/2026:01:55:37 +0200] "POST /wp-login.php HTTP/1.1" 500 4024 "https://www.rudomilov.ru/wp-login.php" "Mozilla/5.0 (compatible; MSIE 9.0; Windows NT 6.1; WOW64; Trident/7.0; Swinburne)"
187.110.168.96 - - [15/Apr/2026:01:55:39 +0200] "GET /wp-login.php HTTP/1.1" 500 4024 "-" "Mozilla/5.0 (Windows NT 6.3; Win64; x64) AppleWebKit/537.36 (KHTML, like Gecko) Chrome/65.0.3325.162 Safari/537.36"
187.110.168.96 - - [15/Apr/2026:01:55:44 +0200] "POST /wp-login.php HTTP/1.1" 500 4024 "https://www.rudomilov.ru/wp-login.php" "Mozilla/5.0 (Windows NT 6.3; Win64; x64) AppleWebKit/537.36 (KHTML, like Gecko) Chrome/65.0.3325.162 Safari/537.36"
95.216.2.94 - - [15/Apr/2026:01:57:18 +0200] "POST /wp-cron.php?doing_wp_cron=1776211038.5078420639038085937500 HTTP/1.1" 500 4024 "-" "WordPress/6.9.4; https://www.rudomilov.ru"
192.0.91.203 - - [15/Apr/2026:01:57:18 +0200] "GET / HTTP/1.1" 200 11598 "https://www.rudomilov.ru/" "WordPress.com; https://www.rudomilov.ru"
192.0.91.203 - - [15/Apr/2026:01:57:19 +0200] "POST /xmlrpc.php?for=jetpack&token=2UrsCkGjU%2AXq%21%29ziGSkI%28k%29cT5wFsnEI%3A1%3A0×tamp=1776211038&nonce=lqPsZO1J8W&body-hash=pdst%2B%2B8gjpsEsdzTGdS19%2BYN3g4%3D&signature=exOKcWEqeThLtS4F4IvlAKyb%2ByQ%3D HTTP/1.1" 500 4024 "https://www.rudomilov.ru/xmlrpc.php?for=jetpack&token=2UrsCkGjU%2AXq%21%29ziGSkI%28k%29cT5wFsnEI%3A1%3A0×tamp=1776211038&nonce=lqPsZO1J8W&body-hash=pdst%2B%2B8gjpsEsdzTGdS19%2BYN3g4%3D&signature=exOKcWEqeThLtS4F4IvlAKyb%2ByQ%3D" "Jetpack by WordPress.com"
192.0.91.203 - - [15/Apr/2026:01:57:19 +0200] "GET /.well-known/hosting-provider HTTP/1.1" 404 16479 "http://www.rudomilov.ru/.well-known/hosting-provider" "WordPress.com; https://www.rudomilov.ru"
192.0.91.203 - - [15/Apr/2026:01:57:20 +0200] "POST /xmlrpc.php?for=jetpack&token=2UrsCkGjU%2AXq%21%29ziGSkI%28k%29cT5wFsnEI%3A1%3A0×tamp=1776211040&nonce=NcrauCl7bi&body-hash=l5MGKDtBMCRLlbhRxcm3udBaUGk%3D&signature=USvvMLj80UO39DLG0RTXc06qK7c%3D HTTP/1.1" 500 4024 "https://www.rudomilov.ru/xmlrpc.php?for=jetpack&token=2UrsCkGjU%2AXq%21%29ziGSkI%28k%29cT5wFsnEI%3A1%3A0×tamp=1776211040&nonce=NcrauCl7bi&body-hash=l5MGKDtBMCRLlbhRxcm3udBaUGk%3D&signature=USvvMLj80UO39DLG0RTXc06qK7c%3D" "Jetpack by WordPress.com"
192.0.91.203 - - [15/Apr/2026:01:57:21 +0200] "POST /xmlrpc.php?for=jetpack HTTP/1.1" 500 4024 "https://www.rudomilov.ru/xmlrpc.php?for=jetpack" "The Incutio XML-RPC PHP Library"
192.0.91.203 - - [15/Apr/2026:01:57:21 +0200] "GET /?rest_route=%2Fjetpack%2Fv4%2Fconnection%2F&_for=jetpack&token=2UrsCkGjU%2AXq%21%29ziGSkI%28k%29cT5wFsnEI%3A1%3A0×tamp=1776211041&nonce=iB5jWILzlo&body-hash&signature=JoRpTJVZb4SblE8HBj8bIaHshPs%3D HTTP/1.1" 200 4591 "https://www.rudomilov.ru/?rest_route=%2Fjetpack%2Fv4%2Fconnection%2F&_for=jetpack&token=2UrsCkGjU%2AXq%21%29ziGSkI%28k%29cT5wFsnEI%3A1%3A0×tamp=1776211041&nonce=iB5jWILzlo&body-hash&signature=JoRpTJVZb4SblE8HBj8bIaHshPs%3D" "Jetpack by WordPress.com"
192.0.91.203 - - [15/Apr/2026:01:57:22 +0200] "GET /?rest_route=%2Fjetpack%2Fv4%2Fconnection%2Fdata&_for=jetpack&token=Z7H%5Eda%40KpXjYN7wcfNn0OCKOa%25w4nf6%21%3A1%3A1×tamp=1776211042&nonce=F44mQZqRyg&body-hash&signature=Q36sX01mvy9kjgalkR8fQqJH1KA%3D HTTP/1.1" 200 5418 "https://www.rudomilov.ru/?rest_route=%2Fjetpack%2Fv4%2Fconnection%2Fdata&_for=jetpack&token=Z7H%5Eda%40KpXjYN7wcfNn0OCKOa%25w4nf6%21%3A1%3A1×tamp=1776211042&nonce=F44mQZqRyg&body-hash&signature=Q36sX01mvy9kjgalkR8fQqJH1KA%3D" "Jetpack by WordPress.com"
192.0.91.203 - - [15/Apr/2026:01:57:24 +0200] "POST /xmlrpc.php?for=jetpack&token=Z7H%5Eda%40KpXjYN7wcfNn0OCKOa%25w4nf6%21%3A1%3A1×tamp=1776211044&nonce=OPqUBaaf8i&body-hash=l5MGKDtBMCRLlbhRxcm3udBaUGk%3D&signature=DDXoLMPyMykxNlT7HhreEQGVC5o%3D HTTP/1.1" 500 4024 "https://www.rudomilov.ru/xmlrpc.php?for=jetpack&token=Z7H%5Eda%40KpXjYN7wcfNn0OCKOa%25w4nf6%21%3A1%3A1×tamp=1776211044&nonce=OPqUBaaf8i&body-hash=l5MGKDtBMCRLlbhRxcm3udBaUGk%3D&signature=DDXoLMPyMykxNlT7HhreEQGVC5o%3D" "Jetpack by WordPress.com"
192.0.91.203 - - [15/Apr/2026:01:57:25 +0200] "POST /xmlrpc.php?for=jetpack&token=2UrsCkGjU%2AXq%21%29ziGSkI%28k%29cT5wFsnEI%3A1%3A0×tamp=1776211045&nonce=Bw3t7VecIB&body-hash=METbiCw%2BtMQdctk0fdLMNlXOKKM%3D&signature=xgN6SIC92Jwpn%2F3n1DA8oKJJfeE%3D HTTP/1.1" 500 4024 "https://www.rudomilov.ru/xmlrpc.php?for=jetpack&token=2UrsCkGjU%2AXq%21%29ziGSkI%28k%29cT5wFsnEI%3A1%3A0×tamp=1776211045&nonce=Bw3t7VecIB&body-hash=METbiCw%2BtMQdctk0fdLMNlXOKKM%3D&signature=xgN6SIC92Jwpn%2F3n1DA8oKJJfeE%3D" "Jetpack by WordPress.com"
66.29.129.222 - - [15/Apr/2026:01:57:35 +0200] "GET /wp-login.php HTTP/1.1" 500 4024 "-" "Mozilla/5.0 (Macintosh; Intel Mac OS X 10_12_6) AppleWebKit/537.36 (KHTML, like Gecko) Chrome/67.0.3396.79 Safari/537.36"
66.29.129.222 - - [15/Apr/2026:01:57:36 +0200] "POST /wp-login.php HTTP/1.1" 500 4024 "https://www.rudomilov.ru/wp-login.php" "Mozilla/5.0 (Macintosh; Intel Mac OS X 10_12_6) AppleWebKit/537.36 (KHTML, like Gecko) Chrome/67.0.3396.79 Safari/537.36"
159.89.172.48 - - [15/Apr/2026:01:57:46 +0200] "GET /wp-login.php HTTP/1.1" 500 4024 "-" "Mozilla/4.0 (compatible; MSIE 7.0; Windows NT 6.3; WOW64; Trident/7.0; Touch; .NET4.0E; .NET4.0C; .NET CLR 3.5.30729; .NET CLR 2.0.50727; .NET CLR 3.0.30729; Tablet PC 2.0)"
159.89.172.48 - - [15/Apr/2026:01:57:47 +0200] "POST /wp-login.php HTTP/1.1" 500 4024 "https://www.rudomilov.ru/wp-login.php" "Mozilla/4.0 (compatible; MSIE 7.0; Windows NT 6.3; WOW64; Trident/7.0; Touch; .NET4.0E; .NET4.0C; .NET CLR 3.5.30729; .NET CLR 2.0.50727; .NET CLR 3.0.30729; Tablet PC 2.0)"
95.216.2.94 - - [15/Apr/2026:02:01:01 +0200] "POST /wp-cron.php?doing_wp_cron=1776211261.9072868824005126953125 HTTP/1.1" 500 185 "-" "WordPress/6.9.4; https://www.rudomilov.ru"
195.2.79.165 - - [15/Apr/2026:02:01:01 +0200] "GET /feedback/ HTTP/1.0" 200 19076 "http://www.rudomilov.ru/feedback/" "Mozilla/5.0 (Windows NT 10.0; Win64; x64) AppleWebKit/537.36 (KHTML, like Gecko) Chrome/131.0.0.0 Safari/537.36"
195.2.79.165 - - [15/Apr/2026:02:01:01 +0200] "POST /wp-content/themes/boldy/sendmail.php HTTP/1.0" 200 314 "http://www.rudomilov.ru/feedback/" "Mozilla/5.0 (Windows NT 10.0; Win64; x64) AppleWebKit/537.36 (KHTML, like Gecko) Chrome/131.0.0.0 Safari/537.36"
159.89.172.48 - - [15/Apr/2026:02:01:54 +0200] "GET /wp-login.php HTTP/1.1" 500 4024 "-" "Mozilla/4.0 (compatible; MSIE 7.0; Windows NT 6.3; ARM; Trident/7.0; Touch; .NET4.0E; .NET4.0C; Tablet PC 2.0)"
185.213.247.250 - - [15/Apr/2026:02:01:54 +0200] "GET /about/ HTTP/1.1" 200 10000 "https://www.rudomilov.ru/" "Mozilla/5.0 (X11; Linux x86_64; rv:109.0) Gecko/20100101 Firefox/119.0"
159.89.172.48 - - [15/Apr/2026:02:02:06 +0200] "POST /wp-login.php HTTP/1.1" 500 4024 "https://www.rudomilov.ru/wp-login.php" "Mozilla/4.0 (compatible; MSIE 7.0; Windows NT 6.3; ARM; Trident/7.0; Touch; .NET4.0E; .NET4.0C; Tablet PC 2.0)"
41.76.215.184 - - [15/Apr/2026:02:02:18 +0200] "GET /wp-login.php HTTP/1.1" 500 4024 "-" "Mozilla/5.0 (Windows NT 10.0; Win64; x64) AppleWebKit/537.36 (KHTML, like Gecko) Chrome/63.0.3239.132 Safari/537.36 OPR/50.0.2762.58"
41.76.215.184 - - [15/Apr/2026:02:02:24 +0200] "POST /wp-login.php HTTP/1.1" 500 4024 "https://www.rudomilov.ru/wp-login.php" "Mozilla/5.0 (Windows NT 10.0; Win64; x64) AppleWebKit/537.36 (KHTML, like Gecko) Chrome/63.0.3239.132 Safari/537.36 OPR/50.0.2762.58"
103.172.92.25 - - [15/Apr/2026:02:02:44 +0200] "GET /wp-login.php HTTP/1.1" 500 4024 "-" "Mozilla/4.0 (compatible; MSIE 7.0; Windows NT 6.2; WOW64; Trident/7.0; .NET4.0C; .NET4.0E; .NET CLR 2.0.50727; .NET CLR 3.0.30729; .NET CLR 3.5.30729; InfoPath.3)"
103.172.92.25 - - [15/Apr/2026:02:02:48 +0200] "POST /wp-login.php HTTP/1.1" 500 4024 "https://www.rudomilov.ru/wp-login.php" "Mozilla/4.0 (compatible; MSIE 7.0; Windows NT 6.2; WOW64; Trident/7.0; .NET4.0C; .NET4.0E; .NET CLR 2.0.50727; .NET CLR 3.0.30729; .NET CLR 3.5.30729; InfoPath.3)"
66.29.129.222 - - [15/Apr/2026:02:03:41 +0200] "GET /wp-login.php HTTP/1.1" 500 4024 "-" "Mozilla/5.0 (compatible; MSIE 9.0; Windows NT 6.1; Win64; x64; Trident/7.0)"
66.29.129.222 - - [15/Apr/2026:02:03:42 +0200] "POST /wp-login.php HTTP/1.1" 500 4024 "https://www.rudomilov.ru/wp-login.php" "Mozilla/5.0 (compatible; MSIE 9.0; Windows NT 6.1; Win64; x64; Trident/7.0)"
74.91.224.220 - - [15/Apr/2026:02:03:59 +0200] "GET /wp-login.php HTTP/1.1" 500 4024 "-" "Mozilla/5.0 (Macintosh; Intel Mac OS X 10.11; rv:60.0) Gecko/20100101 Firefox/60.0"
74.91.224.220 - - [15/Apr/2026:02:04:01 +0200] "POST /wp-login.php HTTP/1.1" 500 4024 "https://www.rudomilov.ru/wp-login.php" "Mozilla/5.0 (Macintosh; Intel Mac OS X 10.11; rv:60.0) Gecko/20100101 Firefox/60.0"
78.128.43.246 - - [15/Apr/2026:02:07:40 +0200] "GET /wp-login.php HTTP/1.1" 500 4024 "-" "Mozilla/5.0 (Windows NT 6.1; WOW64; Trident/7.0; EIE10;ENGBWOL; rv:11.0) like Gecko"
78.128.43.246 - - [15/Apr/2026:02:07:42 +0200] "POST /wp-login.php HTTP/1.1" 500 4024 "https://www.rudomilov.ru/wp-login.php" "Mozilla/5.0 (Windows NT 6.1; WOW64; Trident/7.0; EIE10;ENGBWOL; rv:11.0) like Gecko"
95.216.2.94 - - [15/Apr/2026:02:08:31 +0200] "POST /wp-cron.php?doing_wp_cron=1776211711.4521770477294921875000 HTTP/1.1" 500 4024 "-" "WordPress/6.9.4; https://www.rudomilov.ru"
185.213.247.250 - - [15/Apr/2026:02:08:30 +0200] "GET /about/ HTTP/1.1" 200 10000 "https://www.rudomilov.ru/" "Mozilla/5.0 (Windows NT 10.0; Win64; x64) AppleWebKit/537.36 (KHTML, like Gecko) Chrome/146.0.0.0 Safari/537.36"
66.116.198.89 - - [15/Apr/2026:02:08:57 +0200] "GET /wp-login.php HTTP/1.1" 500 4024 "-" "Mozilla/5.0 (Macintosh; Intel Mac OS X 10_12_2) AppleWebKit/602.3.12 (KHTML, like Gecko) Version/10.0.2 Safari/602.3.12"
66.116.198.89 - - [15/Apr/2026:02:08:59 +0200] "POST /wp-login.php HTTP/1.1" 500 4024 "https://www.rudomilov.ru/wp-login.php" "Mozilla/5.0 (Macintosh; Intel Mac OS X 10_12_2) AppleWebKit/602.3.12 (KHTML, like Gecko) Version/10.0.2 Safari/602.3.12"
212.89.15.132 - - [15/Apr/2026:02:09:16 +0200] "GET /wp-login.php HTTP/1.1" 500 4024 "-" "Mozilla/5.0 (Windows NT 10.0; WOW64; Trident/7.0; MDDCJS; rv:11.0) like Gecko"
212.89.15.132 - - [15/Apr/2026:02:09:17 +0200] "POST /wp-login.php HTTP/1.1" 500 4024 "https://www.rudomilov.ru/wp-login.php" "Mozilla/5.0 (Windows NT 10.0; WOW64; Trident/7.0; MDDCJS; rv:11.0) like Gecko"
103.74.54.128 - - [15/Apr/2026:02:09:36 +0200] "GET /wp-login.php HTTP/1.1" 500 4024 "-" "Mozilla/4.0 (compatible; MSIE 7.0; Windows NT 6.1; WOW64; Trident/7.0; SLCC2; .NET CLR 2.0.50727; .NET CLR 3.5.30729; .NET CLR 3.0.30729; .NET4.0C; .NET4.0E)"
103.74.54.128 - - [15/Apr/2026:02:09:38 +0200] "POST /wp-login.php HTTP/1.1" 500 4024 "https://www.rudomilov.ru/wp-login.php" "Mozilla/4.0 (compatible; MSIE 7.0; Windows NT 6.1; WOW64; Trident/7.0; SLCC2; .NET CLR 2.0.50727; .NET CLR 3.5.30729; .NET CLR 3.0.30729; .NET4.0C; .NET4.0E)"
94.154.35.236 - - [15/Apr/2026:02:09:41 +0200] "HEAD /bkup.rar HTTP/1.1" 301 211 "-" "Mozilla/5.0 (Windows NT 10.0; Win64; x64) AppleWebKit/537.36 (KHTML, like Gecko) Chrome/101.0.4951.67 Safari/537.36"
95.216.2.94 - - [15/Apr/2026:02:09:42 +0200] "POST /wp-cron.php?doing_wp_cron=1776211782.5505440235137939453125 HTTP/1.1" 500 185 "-" "WordPress/6.9.4; https://www.rudomilov.ru"
94.154.35.236 - - [15/Apr/2026:02:09:42 +0200] "HEAD /bkup.rar HTTP/1.1" 404 335 "-" "Mozilla/5.0 (Windows NT 10.0; Win64; x64) AppleWebKit/537.36 (KHTML, like Gecko) Chrome/101.0.4951.67 Safari/537.36"
216.137.185.158 - - [15/Apr/2026:02:09:59 +0200] "GET /wp-login.php HTTP/1.1" 500 4024 "-" "Mozilla/5.0 (Windows NT 6.3; Win64; x64; Trident/7.0; Touch; MATBJS; rv:11.0) like Gecko"
216.137.185.158 - - [15/Apr/2026:02:10:04 +0200] "POST /wp-login.php HTTP/1.1" 500 4024 "https://www.rudomilov.ru/wp-login.php" "Mozilla/5.0 (Windows NT 6.3; Win64; x64; Trident/7.0; Touch; MATBJS; rv:11.0) like Gecko"
75.119.128.178 - - [15/Apr/2026:02:12:07 +0200] "GET /wp-admin/css/ HTTP/1.1" 403 494 "binance.com" "Mozilla/5.0 (Windows NT 10.0; Win64; x64) AppleWebKit/537.36 (KHTML, like Gecko) Chrome/90.0.4430.85 Safari/537.36"
222.165.190.235 - - [15/Apr/2026:02:13:54 +0200] "GET /wp-login.php HTTP/1.1" 500 4024 "-" "Mozilla/5.0 (Windows NT 6.3; WOW64; Trident/7.0; MANMJS; rv:11.0) like Gecko"
222.165.190.235 - - [15/Apr/2026:02:14:04 +0200] "POST /wp-login.php HTTP/1.1" 500 4024 "https://www.rudomilov.ru/wp-login.php" "Mozilla/5.0 (Windows NT 6.3; WOW64; Trident/7.0; MANMJS; rv:11.0) like Gecko"
50.6.7.129 - - [15/Apr/2026:02:15:46 +0200] "GET /wp-login.php HTTP/1.1" 500 4024 "-" "Mozilla/5.0 (Macintosh; Intel Mac OS X 10_13_5) AppleWebKit/537.36 (KHTML, like Gecko) Chrome/67.0.3396.62 Safari/537.36"
50.6.7.129 - - [15/Apr/2026:02:15:47 +0200] "POST /wp-login.php HTTP/1.1" 500 4024 "https://www.rudomilov.ru/wp-login.php" "Mozilla/5.0 (Macintosh; Intel Mac OS X 10_13_5) AppleWebKit/537.36 (KHTML, like Gecko) Chrome/67.0.3396.62 Safari/537.36"
89.43.17.214 - - [15/Apr/2026:02:16:19 +0200] "GET /wp-login.php HTTP/1.1" 500 4024 "-" "Mozilla/5.0 (Windows NT 6.1; Win64; x64) AppleWebKit/537.36 (KHTML, like Gecko) Chrome/65.0.3325.181 Safari/537.36"
66.116.198.89 - - [15/Apr/2026:02:16:25 +0200] "GET /wp-login.php HTTP/1.1" 500 4024 "-" "Mozilla/5.0 (Windows NT 6.1; Win64; x64) AppleWebKit/537.36 (KHTML, like Gecko) Chrome/66.0.3359.117 Safari/537.36"
89.43.17.214 - - [15/Apr/2026:02:16:33 +0200] "POST /wp-login.php HTTP/1.1" 500 4024 "https://www.rudomilov.ru/wp-login.php" "Mozilla/5.0 (Windows NT 6.1; Win64; x64) AppleWebKit/537.36 (KHTML, like Gecko) Chrome/65.0.3325.181 Safari/537.36"
66.116.198.89 - - [15/Apr/2026:02:16:34 +0200] "POST /wp-login.php HTTP/1.1" 500 4024 "https://www.rudomilov.ru/wp-login.php" "Mozilla/5.0 (Windows NT 6.1; Win64; x64) AppleWebKit/537.36 (KHTML, like Gecko) Chrome/66.0.3359.117 Safari/537.36"
178.20.235.164 - - [15/Apr/2026:02:18:26 +0200] "GET /category/projects/communities HTTP/1.1" 301 592 "-" "Mozilla/5.0 (Macintosh; Intel Mac OS X 10_13_6) AppleWebKit/537.36 (KHTML, like Gecko) Chrome/92.0.4515.131 Safari/537.36"
95.216.2.94 - - [15/Apr/2026:02:18:27 +0200] "POST /wp-cron.php?doing_wp_cron=1776212307.0960109233856201171875 HTTP/1.1" 500 185 "-" "WordPress/6.9.4; https://www.rudomilov.ru"
178.20.235.164 - - [15/Apr/2026:02:18:26 +0200] "GET /category/projects/communities HTTP/1.1" 301 274 "-" "Mozilla/5.0 (Macintosh; Intel Mac OS X 10_13_6) AppleWebKit/605.1.15 (KHTML, like Gecko) Version/13.1.2 Safari/605.1.15"
178.20.235.164 - - [15/Apr/2026:02:18:27 +0200] "GET /category/projects/communities/ HTTP/1.1" 200 6393 "-" "Mozilla/5.0 (Windows NT 6.3; Win64; x64) AppleWebKit/537.36 (KHTML, like Gecko) Chrome/92.0.4515.131 Safari/537.36"
141.98.11.117 - - [15/Apr/2026:02:20:01 +0200] "GET /wp-login.php HTTP/1.1" 500 4024 "-" "Mozilla/5.0 (Macintosh; Intel Mac OS X 10_11_6) AppleWebKit/604.3.5 (KHTML, like Gecko) Version/11.0.1 Safari/604.3.5"
141.98.11.117 - - [15/Apr/2026:02:20:06 +0200] "POST /wp-login.php HTTP/1.1" 500 4024 "https://www.rudomilov.ru/wp-login.php" "Mozilla/5.0 (Macintosh; Intel Mac OS X 10_11_6) AppleWebKit/604.3.5 (KHTML, like Gecko) Version/11.0.1 Safari/604.3.5"
95.216.2.94 - - [15/Apr/2026:02:20:41 +0200] "POST /wp-cron.php?doing_wp_cron=1776212441.1264970302581787109375 HTTP/1.1" 500 4024 "-" "WordPress/6.9.4; https://www.rudomilov.ru"
57.141.20.57 - - [15/Apr/2026:02:20:40 +0200] "GET /sitemap-misc.xml HTTP/1.1" 200 5102 "-" "meta-externalagent/1.1 (+https://developers.facebook.com/docs/sharing/webmasters/crawler)"
103.216.118.192 - - [15/Apr/2026:02:22:16 +0200] "GET /wp-login.php HTTP/1.1" 500 4024 "-" "Mozilla/5.0 (Windows NT 6.3; WOW64; Trident/7.0; MASEJS; rv:11.0) like Gecko"
103.216.118.192 - - [15/Apr/2026:02:22:17 +0200] "POST /wp-login.php HTTP/1.1" 500 4024 "https://www.rudomilov.ru/wp-login.php" "Mozilla/5.0 (Windows NT 6.3; WOW64; Trident/7.0; MASEJS; rv:11.0) like Gecko"
66.29.129.222 - - [15/Apr/2026:02:22:43 +0200] "GET /wp-login.php HTTP/1.1" 500 4024 "-" "Mozilla/5.0 (Windows NT 6.2; ARM; Trident/7.0; Touch; rv:11.0; WPDesktop; NOKIA; Lumia 1320) like Gecko"
66.29.129.222 - - [15/Apr/2026:02:22:45 +0200] "POST /wp-login.php HTTP/1.1" 500 4024 "https://www.rudomilov.ru/wp-login.php" "Mozilla/5.0 (Windows NT 6.2; ARM; Trident/7.0; Touch; rv:11.0; WPDesktop; NOKIA; Lumia 1320) like Gecko"
187.110.168.96 - - [15/Apr/2026:02:23:02 +0200] "GET /wp-login.php HTTP/1.1" 500 4024 "-" "Mozilla/5.0 (MSIE 10.0; Windows NT 6.1; WOW64; Trident/7.0; rv:11.0) like Gecko"
50.6.7.129 - - [15/Apr/2026:02:25:58 +0200] "GET /wp-login.php HTTP/1.1" 500 4024 "-" "Mozilla/5.0 (Windows NT 6.1; WOW64) AppleWebKit/537.36 (KHTML, like Gecko) Chrome/65.0.3325.162 Safari/537.36"
50.6.7.129 - - [15/Apr/2026:02:25:58 +0200] "POST /wp-login.php HTTP/1.1" 500 4024 "https://www.rudomilov.ru/wp-login.php" "Mozilla/5.0 (Windows NT 6.1; WOW64) AppleWebKit/537.36 (KHTML, like Gecko) Chrome/65.0.3325.162 Safari/537.36"
178.128.75.24 - - [15/Apr/2026:02:29:35 +0200] "GET /wp-login.php HTTP/1.1" 500 4024 "-" "Mozilla/5.0 (Windows NT 6.1; Win64; x64; Trident/7.0; managedpc; rv:11.0) like Gecko"
178.128.75.24 - - [15/Apr/2026:02:29:36 +0200] "POST /wp-login.php HTTP/1.1" 500 4024 "https://www.rudomilov.ru/wp-login.php" "Mozilla/5.0 (Windows NT 6.1; Win64; x64; Trident/7.0; managedpc; rv:11.0) like Gecko"
121.200.217.28 - - [15/Apr/2026:02:32:14 +0200] "GET /wp-login.php HTTP/1.1" 500 4024 "-" "Mozilla/5.0 (Windows NT 6.3; Win64; x64; Trident/7.0; ASU2JS; rv:11.0) like Gecko"
121.200.217.28 - - [15/Apr/2026:02:32:24 +0200] "POST /wp-login.php HTTP/1.1" 500 4024 "https://www.rudomilov.ru/wp-login.php" "Mozilla/5.0 (Windows NT 6.3; Win64; x64; Trident/7.0; ASU2JS; rv:11.0) like Gecko"
95.216.2.94 - - [15/Apr/2026:02:32:28 +0200] "POST /wp-cron.php?doing_wp_cron=1776213148.3046710491180419921875 HTTP/1.1" 500 185 "-" "WordPress/6.9.4; https://www.rudomilov.ru"
221.202.27.194 - - [15/Apr/2026:02:32:27 +0200] "GET / HTTP/1.1" 301 281 "-" "Mozilla/5.0 (Windows NT 10.0) AppleWebKit/537.36 (KHTML, like Gecko) Chrome/114.0.0.0 Safari/537.36"
221.202.27.194 - - [15/Apr/2026:02:32:33 +0200] "GET / HTTP/1.1" 200 7799 "http://rudomilov.ru" "Mozilla/5.0 (Windows NT 10.0) AppleWebKit/537.36 (KHTML, like Gecko) Chrome/114.0.0.0 Safari/537.36"
221.202.27.194 - - [15/Apr/2026:02:32:56 +0200] "GET /wp-login.php?action=register HTTP/1.1" 500 185 "http://www.rudomilov.ru/" "Mozilla/5.0 (Windows NT 6.3; Win64; x64) AppleWebKit/537.36 (KHTML, like Gecko) Chrome/103.0.0.0 Safari/537.36"
50.6.7.129 - - [15/Apr/2026:02:33:53 +0200] "GET /wp-login.php HTTP/1.1" 500 4024 "-" "Mozilla/5.0 (Windows NT 10.0; WOW64; Trident/7.0; MALNJS; rv:11.0) like Gecko"
50.6.7.129 - - [15/Apr/2026:02:33:55 +0200] "POST /wp-login.php HTTP/1.1" 500 4024 "https://www.rudomilov.ru/wp-login.php" "Mozilla/5.0 (Windows NT 10.0; WOW64; Trident/7.0; MALNJS; rv:11.0) like Gecko"
47.74.226.8 - - [15/Apr/2026:02:33:59 +0200] "GET /wp-login.php?action=register HTTP/1.0" 500 185 "http://www.rudomilov.ru/wp-login.php?action=register" "Mozilla/5.0 (Windows NT 6.3; Win64; x64) AppleWebKit/537.36 (KHTML, like Gecko) Chrome/103.0.0.0 Safari/537.36"
116.167.111.98 - - [15/Apr/2026:02:34:00 +0200] "GET /wp-login.php?action=register HTTP/1.0" 500 185 "http://www.rudomilov.ru/wp-login.php?action=register" "Mozilla/5.0 (Windows NT 6.3; Win64; x64) AppleWebKit/537.36 (KHTML, like Gecko) Chrome/103.0.0.0 Safari/537.36"
95.216.2.94 - - [15/Apr/2026:02:34:04 +0200] "POST /wp-cron.php?doing_wp_cron=1776213244.4797310829162597656250 HTTP/1.1" 500 185 "-" "WordPress/6.9.4; https://www.rudomilov.ru"
221.202.27.194 - - [15/Apr/2026:02:34:04 +0200] "GET / HTTP/1.1" 301 281 "http://rudomilov.ru" "Mozilla/5.0 (Windows NT 6.3; Win64; x64) AppleWebKit/537.36 (KHTML, like Gecko) Chrome/103.0.0.0 Safari/537.36"
221.202.27.194 - - [15/Apr/2026:02:34:09 +0200] "GET / HTTP/1.1" 200 7799 "http://rudomilov.ru" "Mozilla/5.0 (Windows NT 6.3; Win64; x64) AppleWebKit/537.36 (KHTML, like Gecko) Chrome/103.0.0.0 Safari/537.36"
93.93.202.44 - - [15/Apr/2026:02:34:36 +0200] "GET /wp-login.php HTTP/1.1" 500 4024 "-" "Mozilla/5.0 (Windows NT 6.3; Win64; x64) AppleWebKit/537.36 (KHTML, like Gecko) Chrome/67.0.3396.79 Safari/537.36"
93.93.202.44 - - [15/Apr/2026:02:34:37 +0200] "POST /wp-login.php HTTP/1.1" 500 4024 "https://www.rudomilov.ru/wp-login.php" "Mozilla/5.0 (Windows NT 6.3; Win64; x64) AppleWebKit/537.36 (KHTML, like Gecko) Chrome/67.0.3396.79 Safari/537.36"
184.178.172.26 - - [15/Apr/2026:02:34:46 +0200] "GET /wp-content/themes/boldy/css/ddsmoothmenu.css HTTP/1.1" 200 948 "http://www.rudomilov.ru/" "Mozilla/5.0 (Windows NT 10.0; Win64; x64) AppleWebKit/537.36 (KHTML, like Gecko) Chrome/143.0.0.0 Safari/537.36"
184.178.172.26 - - [15/Apr/2026:02:34:48 +0200] "GET /wp-content/themes/boldy/css/prettyPhoto.css HTTP/1.1" 200 2162 "http://www.rudomilov.ru/" "Mozilla/5.0 (Windows NT 10.0; Win64; x64) AppleWebKit/537.36 (KHTML, like Gecko) Chrome/143.0.0.0 Safari/537.36"
184.178.172.26 - - [15/Apr/2026:02:34:50 +0200] "GET /wp-content/themes/boldy/css/nivo-slider.css HTTP/1.1" 200 1090 "http://www.rudomilov.ru/" "Mozilla/5.0 (Windows NT 10.0; Win64; x64) AppleWebKit/537.36 (KHTML, like Gecko) Chrome/143.0.0.0 Safari/537.36"
140.99.191.120 - - [15/Apr/2026:02:34:54 +0200] "GET /wp-login.php HTTP/1.1" 500 185 "-" "Mozilla/5.0 (Windows NT 10.0; Win64; x64) AppleWebKit/537.36 (KHTML, like Gecko) Chrome/115.0.0.0 Safari/537.36 Edg/115.0.1901.203"
221.202.27.194 - - [15/Apr/2026:02:34:58 +0200] "GET /work/podebrady/ HTTP/1.1" 200 6305 "http://www.rudomilov.ru/work/podebrady/" "Mozilla/5.0 (Windows NT 6.3; Win64; x64) AppleWebKit/537.36 (KHTML, like Gecko) Chrome/103.0.0.0 Safari/537.36"
184.178.172.26 - - [15/Apr/2026:02:35:04 +0200] "GET /wp-content/themes/boldy/style.css HTTP/1.1" 200 4123 "http://www.rudomilov.ru/work/podebrady/" "Mozilla/5.0 (Windows NT 10.0; Win64; x64) AppleWebKit/537.36 (KHTML, like Gecko) Chrome/143.0.0.0 Safari/537.36"
82.194.91.137 - - [15/Apr/2026:02:36:32 +0200] "GET /wp-login.php HTTP/1.1" 500 4024 "-" "Mozilla/4.0 (compatible; MSIE 7.0; Windows NT 6.1; Win64; x64; Trident/7.0; .NET CLR 2.0.50727; SLCC2; .NET CLR 3.5.30729; .NET CLR 3.0.30729; Media Center PC 6.0; .NET4.0C; .NET4.0E; Tablet PC 2.0)"
116.118.2.113 - - [15/Apr/2026:02:36:45 +0200] "GET /wp-login.php HTTP/1.1" 500 4024 "-" "Mozilla/5.0 (Windows NT 6.1) AppleWebKit/537.36 (KHTML, like Gecko) Chrome/65.0.3325.162 Safari/537.36"
218.164.200.238 - - [15/Apr/2026:02:36:52 +0200] "GET /termit/ HTTP/1.1" 403 498 "http://www.rudomilov.ru/termit/" "Mozilla/5.0 (Windows NT 6.1; WOW64) AppleWebKit/537.36 (KHTML, like Gecko) Chrome/31.0.2244.780 Safari/537.36"
94.154.35.236 - - [15/Apr/2026:02:36:59 +0200] "HEAD /bkup.tar HTTP/1.1" 301 211 "-" "Mozilla/5.0 (Windows NT 10.0; Win64; x64) AppleWebKit/537.36 (KHTML, like Gecko) Chrome/101.0.4951.67 Safari/537.36"
95.216.2.94 - - [15/Apr/2026:02:36:59 +0200] "POST /wp-cron.php?doing_wp_cron=1776213419.7809979915618896484375 HTTP/1.1" 500 185 "-" "WordPress/6.9.4; https://www.rudomilov.ru"
94.154.35.236 - - [15/Apr/2026:02:36:59 +0200] "HEAD /bkup.tar HTTP/1.1" 404 335 "-" "Mozilla/5.0 (Windows NT 10.0; Win64; x64) AppleWebKit/537.36 (KHTML, like Gecko) Chrome/101.0.4951.67 Safari/537.36"
41.76.215.184 - - [15/Apr/2026:02:38:26 +0200] "GET /wp-login.php HTTP/1.1" 500 4024 "-" "Mozilla/5.0 (X11; Linux x86_64) AppleWebKit/537.36 (KHTML, like Gecko) Chrome/66.0.3359.158 Safari/537.36"
41.76.215.184 - - [15/Apr/2026:02:38:29 +0200] "POST /wp-login.php HTTP/1.1" 500 4024 "https://www.rudomilov.ru/wp-login.php" "Mozilla/5.0 (X11; Linux x86_64) AppleWebKit/537.36 (KHTML, like Gecko) Chrome/66.0.3359.158 Safari/537.36"
162.240.22.47 - - [15/Apr/2026:02:40:00 +0200] "GET /wp-login.php HTTP/1.1" 500 4024 "-" "Mozilla/4.0 (compatible; MSIE 7.0; Windows NT 6.2; WOW64; Trident/7.0; .NET4.0E; .NET4.0C; .NET CLR 3.5.30729; .NET CLR 2.0.50727; .NET CLR 3.0.30729; Tablet PC 2.0)"
162.240.22.47 - - [15/Apr/2026:02:40:01 +0200] "POST /wp-login.php HTTP/1.1" 500 4024 "https://www.rudomilov.ru/wp-login.php" "Mozilla/4.0 (compatible; MSIE 7.0; Windows NT 6.2; WOW64; Trident/7.0; .NET4.0E; .NET4.0C; .NET CLR 3.5.30729; .NET CLR 2.0.50727; .NET CLR 3.0.30729; Tablet PC 2.0)"
172.236.60.243 - - [15/Apr/2026:02:40:55 +0200] "GET /wp-login.php HTTP/1.1" 500 4024 "-" "Mozilla/5.0 (X11; Linux x86_64) AppleWebKit/537.36 (KHTML, like Gecko) Chrome/67.0.3396.79 Safari/537.36"
172.236.60.243 - - [15/Apr/2026:02:41:13 +0200] "POST /wp-login.php HTTP/1.1" 500 4024 "https://www.rudomilov.ru/wp-login.php" "Mozilla/5.0 (X11; Linux x86_64) AppleWebKit/537.36 (KHTML, like Gecko) Chrome/67.0.3396.79 Safari/537.36"
116.118.2.113 - - [15/Apr/2026:02:43:41 +0200] "GET /wp-login.php HTTP/1.1" 500 4024 "-" "Mozilla/5.0 (X11; Linux x86_64) AppleWebKit/537.36 (KHTML, like Gecko) Chrome/66.0.3359.117 Safari/537.36"
85.10.204.138 - - [15/Apr/2026:02:46:06 +0200] "GET /wp-login.php HTTP/1.1" 500 4024 "-" "Mozilla/4.0 (compatible; MSIE 7.0; Windows NT 6.1; WOW64; Trident/7.0; SLCC2; .NET CLR 2.0.50727; .NET4.0C; .NET4.0E)"
85.10.204.138 - - [15/Apr/2026:02:46:09 +0200] "POST /wp-login.php HTTP/1.1" 500 4024 "https://www.rudomilov.ru/wp-login.php" "Mozilla/4.0 (compatible; MSIE 7.0; Windows NT 6.1; WOW64; Trident/7.0; SLCC2; .NET CLR 2.0.50727; .NET4.0C; .NET4.0E)"
66.29.129.222 - - [15/Apr/2026:02:46:53 +0200] "GET /wp-login.php HTTP/1.1" 500 4024 "-" "Mozilla/5.0 (Windows NT 6.3; Win64; x64; Trident/7.0; rv:11.0) like Gecko"
66.29.129.222 - - [15/Apr/2026:02:46:55 +0200] "POST /wp-login.php HTTP/1.1" 500 4024 "https://www.rudomilov.ru/wp-login.php" "Mozilla/5.0 (Windows NT 6.3; Win64; x64; Trident/7.0; rv:11.0) like Gecko"
103.216.117.42 - - [15/Apr/2026:02:50:44 +0200] "GET /wp-login.php HTTP/1.1" 500 4024 "-" "Mozilla/5.0 (Windows NT 6.1; WOW64) AppleWebKit/537.36 (KHTML, like Gecko) Chrome/67.0.3396.79 Safari/537.36"
95.216.2.94 - - [15/Apr/2026:02:51:47 +0200] "POST /wp-cron.php?doing_wp_cron=1776214307.2422258853912353515625 HTTP/1.1" 500 4024 "-" "WordPress/6.9.4; https://www.rudomilov.ru"
45.12.3.121 - - [15/Apr/2026:02:51:46 +0200] "GET //images/images/cache.php HTTP/1.1" 301 4241 "-" "Mozilla/5.0 (Windows NT 10.0; Win64; x64; rv:81.0) Gecko/20100101 Firefox/81.0"
45.12.3.121 - - [15/Apr/2026:02:51:47 +0200] "GET /images/images/cache.php HTTP/1.1" 404 16617 "-" "Mozilla/5.0 (Windows NT 10.0; Win64; x64; rv:81.0) Gecko/20100101 Firefox/81.0"
121.200.217.28 - - [15/Apr/2026:02:51:55 +0200] "GET /wp-login.php HTTP/1.1" 500 4024 "-" "Mozilla/5.0 (Windows NT 6.1; Win64; x64) AppleWebKit/537.36 (KHTML, like Gecko) Chrome/66.0.3359.170 Safari/537.36"
121.200.217.28 - - [15/Apr/2026:02:52:07 +0200] "POST /wp-login.php HTTP/1.1" 500 4024 "https://www.rudomilov.ru/wp-login.php" "Mozilla/5.0 (Windows NT 6.1; Win64; x64) AppleWebKit/537.36 (KHTML, like Gecko) Chrome/66.0.3359.170 Safari/537.36"
116.118.2.113 - - [15/Apr/2026:02:52:58 +0200] "GET /wp-login.php HTTP/1.1" 500 4024 "-" "Mozilla/4.0 (compatible; MSIE 7.0; Windows NT 10.0; WOW64; Trident/7.0; .NET4.0C; .NET4.0E; .NET CLR 2.0.50727; .NET CLR 3.0.30729; .NET CLR 3.5.30729)"
116.118.2.113 - - [15/Apr/2026:02:53:03 +0200] "POST /wp-login.php HTTP/1.1" 500 4024 "https://www.rudomilov.ru/wp-login.php" "Mozilla/4.0 (compatible; MSIE 7.0; Windows NT 10.0; WOW64; Trident/7.0; .NET4.0C; .NET4.0E; .NET CLR 2.0.50727; .NET CLR 3.0.30729; .NET CLR 3.5.30729)"
27.46.69.2 - - [15/Apr/2026:02:53:51 +0200] "GET /robots.txt HTTP/1.1" 200 4358 "-" "Mozilla/5.0 (Windows NT 10.0; WOW64) AppleWebKit/537.36 (KHTML, like Gecko) Chrome/55.0.3753.80 Safari/537.36 Core/1.70.3722.400 QQBrowser/10.5.3739.400"
85.190.254.157 - - [15/Apr/2026:02:56:21 +0200] "GET /wp-login.php HTTP/1.1" 500 4024 "-" "Mozilla/5.0 (Windows NT 10.0) AppleWebKit/537.36 (KHTML, like Gecko) Chrome/66.0.3359.181 Safari/537.36"
85.190.254.157 - - [15/Apr/2026:02:56:21 +0200] "POST /wp-login.php HTTP/1.1" 500 4024 "https://www.rudomilov.ru/wp-login.php" "Mozilla/5.0 (Windows NT 10.0) AppleWebKit/537.36 (KHTML, like Gecko) Chrome/66.0.3359.181 Safari/537.36"
165.255.240.138 - - [15/Apr/2026:02:56:33 +0200] "GET /wp-login.php HTTP/1.1" 500 4024 "-" "Mozilla/4.0 (compatible; MSIE 7.0; Windows NT 6.1; WOW64; Trident/7.0; SLCC2; .NET CLR 2.0.50727; .NET CLR 3.5.30729; .NET CLR 3.0.30729; Media Center PC 6.0; .NET4.0C)"
178.20.235.164 - - [15/Apr/2026:02:56:39 +0200] "GET /category/projects/communities HTTP/1.1" 301 592 "-" "Mozilla/5.0 (Macintosh; Intel Mac OS X 10_13_6) AppleWebKit/605.1.15 (KHTML, like Gecko) Version/13.1.2 Safari/605.1.15"
95.216.2.94 - - [15/Apr/2026:02:56:39 +0200] "POST /wp-cron.php?doing_wp_cron=1776214599.5277929306030273437500 HTTP/1.1" 500 185 "-" "WordPress/6.9.4; https://www.rudomilov.ru"
178.20.235.164 - - [15/Apr/2026:02:56:39 +0200] "GET /category/projects/communities HTTP/1.1" 301 274 "-" "Mozilla/5.0 (Macintosh; Intel Mac OS X 10_15_7) AppleWebKit/605.1.15 (KHTML, like Gecko) Version/15.0 Safari/605.1.15"
178.20.235.164 - - [15/Apr/2026:02:56:39 +0200] "GET /category/projects/communities/ HTTP/1.1" 200 6393 "-" "Mozilla/5.0 (X11; Ubuntu; Linux x86_64; rv:89.0) Gecko/20100101 Firefox/89.0"
103.216.117.42 - - [15/Apr/2026:02:56:40 +0200] "GET /wp-login.php HTTP/1.1" 500 4024 "-" "Mozilla/5.0 (Windows NT 6.3; WOW64; Trident/7.0; rv:11.0) like Gecko"
103.216.117.42 - - [15/Apr/2026:02:56:42 +0200] "POST /wp-login.php HTTP/1.1" 500 4024 "https://www.rudomilov.ru/wp-login.php" "Mozilla/5.0 (Windows NT 6.3; WOW64; Trident/7.0; rv:11.0) like Gecko"
165.255.240.138 - - [15/Apr/2026:02:56:46 +0200] "POST /wp-login.php HTTP/1.1" 500 4024 "https://www.rudomilov.ru/wp-login.php" "Mozilla/4.0 (compatible; MSIE 7.0; Windows NT 6.1; WOW64; Trident/7.0; SLCC2; .NET CLR 2.0.50727; .NET CLR 3.5.30729; .NET CLR 3.0.30729; Media Center PC 6.0; .NET4.0C)"
95.216.2.94 - - [15/Apr/2026:02:58:16 +0200] "POST /wp-cron.php?doing_wp_cron=1776214696.2289640903472900390625 HTTP/1.1" 500 4024 "-" "WordPress/6.9.4; https://www.rudomilov.ru"
3.210.29.96 - - [15/Apr/2026:02:58:15 +0200] "GET /about/ HTTP/1.1" 200 10049 "-" "Mozilla/5.0 AppleWebKit/537.36 (KHTML, like Gecko; compatible; Amazonbot/0.1; +https://developer.amazon.com/support/amazonbot) Chrome/119.0.6045.214 Safari/537.36"
66.29.129.222 - - [15/Apr/2026:03:02:28 +0200] "GET /wp-login.php HTTP/1.1" 500 4024 "-" "Mozilla/5.0 (Windows NT 10.0) AppleWebKit/537.36 (KHTML, like Gecko) Chrome/65.0.3325.146 Safari/537.36"
66.29.129.222 - - [15/Apr/2026:03:02:29 +0200] "POST /wp-login.php HTTP/1.1" 500 4024 "https://www.rudomilov.ru/wp-login.php" "Mozilla/5.0 (Windows NT 10.0) AppleWebKit/537.36 (KHTML, like Gecko) Chrome/65.0.3325.146 Safari/537.36"
66.116.198.89 - - [15/Apr/2026:03:03:04 +0200] "GET /wp-login.php HTTP/1.1" 500 4024 "-" "Mozilla/5.0 (Windows NT 6.1) AppleWebKit/537.36 (KHTML, like Gecko) Chrome/63.0.3239.132 Safari/537.36 OPR/50.0.2762.67"
66.116.198.89 - - [15/Apr/2026:03:03:09 +0200] "POST /wp-login.php HTTP/1.1" 500 4024 "https://www.rudomilov.ru/wp-login.php" "Mozilla/5.0 (Windows NT 6.1) AppleWebKit/537.36 (KHTML, like Gecko) Chrome/63.0.3239.132 Safari/537.36 OPR/50.0.2762.67"
66.29.129.222 - - [15/Apr/2026:03:03:23 +0200] "GET /wp-login.php HTTP/1.1" 500 4024 "-" "Mozilla/5.0 (X11; Linux x86_64; rv:61.0) Gecko/20100101 Firefox/61.0"
173.231.203.220 - - [15/Apr/2026:03:03:24 +0200] "GET /wp-login.php HTTP/1.1" 500 4024 "-" "Mozilla/5.0 (Macintosh; Intel Mac OS X 10_11_6) AppleWebKit/602.4.8 (KHTML, like Gecko) Version/10.0.3 Safari/602.4.8"
66.29.129.222 - - [15/Apr/2026:03:03:24 +0200] "POST /wp-login.php HTTP/1.1" 500 4024 "https://www.rudomilov.ru/wp-login.php" "Mozilla/5.0 (X11; Linux x86_64; rv:61.0) Gecko/20100101 Firefox/61.0"
173.231.203.220 - - [15/Apr/2026:03:03:25 +0200] "POST /wp-login.php HTTP/1.1" 500 4024 "https://www.rudomilov.ru/wp-login.php" "Mozilla/5.0 (Macintosh; Intel Mac OS X 10_11_6) AppleWebKit/602.4.8 (KHTML, like Gecko) Version/10.0.3 Safari/602.4.8"
94.154.35.236 - - [15/Apr/2026:03:04:20 +0200] "HEAD /bkup.tar.bz2 HTTP/1.1" 301 215 "-" "Mozilla/5.0 (Windows NT 10.0; Win64; x64) AppleWebKit/537.36 (KHTML, like Gecko) Chrome/101.0.4951.67 Safari/537.36"
95.216.2.94 - - [15/Apr/2026:03:04:21 +0200] "POST /wp-cron.php?doing_wp_cron=1776215061.1282410621643066406250 HTTP/1.1" 500 185 "-" "WordPress/6.9.4; https://www.rudomilov.ru"
94.154.35.236 - - [15/Apr/2026:03:04:20 +0200] "HEAD /bkup.tar.bz2 HTTP/1.1" 404 335 "-" "Mozilla/5.0 (Windows NT 10.0; Win64; x64) AppleWebKit/537.36 (KHTML, like Gecko) Chrome/101.0.4951.67 Safari/537.36"
212.89.15.132 - - [15/Apr/2026:03:04:52 +0200] "GET /wp-login.php HTTP/1.1" 500 4024 "-" "Mozilla/5.0 (Macintosh; Intel Mac OS X 10_13_3) AppleWebKit/537.36 (KHTML, like Gecko) Chrome/66.0.3359.139 Safari/537.36"
212.89.15.132 - - [15/Apr/2026:03:04:53 +0200] "POST /wp-login.php HTTP/1.1" 500 4024 "https://www.rudomilov.ru/wp-login.php" "Mozilla/5.0 (Macintosh; Intel Mac OS X 10_13_3) AppleWebKit/537.36 (KHTML, like Gecko) Chrome/66.0.3359.139 Safari/537.36"
104.210.140.141 - - [15/Apr/2026:03:05:12 +0200] "GET /robots.txt HTTP/1.1" 200 4354 "-" "Mozilla/5.0 (Macintosh; Intel Mac OS X 10_15_7) AppleWebKit/537.36 (KHTML, like Gecko) Chrome/131.0.0.0 Safari/537.36; compatible; OAI-SearchBot/1.0; +https://openai.com/searchbot"
195.178.110.241 - - [15/Apr/2026:03:05:59 +0200] "GET /.git/config HTTP/1.1" 301 4349 "-" "Mozilla/5.0 (Windows NT 10.0; Win64; x64) AppleWebKit/537.36 (KHTML, like Gecko) Chrome/42.0.2311.135 Safari/537.36 Edge/12.10240"
95.216.2.94 - - [15/Apr/2026:03:06:19 +0200] "POST /wp-cron.php?doing_wp_cron=1776215179.2362759113311767578125 HTTP/1.1" 500 4024 "-" "WordPress/6.9.4; https://www.rudomilov.ru"
180.102.110.157 - - [15/Apr/2026:03:06:16 +0200] "GET / HTTP/1.1" 200 11619 "-" "Sogou web spider/4.0(+http://www.sogou.com/docs/help/webmasters.htm#07)"
69.63.189.35 - - [15/Apr/2026:03:08:02 +0200] "GET /robots.txt HTTP/1.1" 206 5077 "-" "facebookexternalhit/1.1 (+http://www.facebook.com/externalhit_uatext.php)"
95.216.2.94 - - [15/Apr/2026:03:08:06 +0200] "POST /wp-cron.php?doing_wp_cron=1776215286.7604899406433105468750 HTTP/1.1" 500 185 "-" "WordPress/6.9.4; https://www.rudomilov.ru"
32.192.212.123 - - [15/Apr/2026:03:08:06 +0200] "GET / HTTP/1.1" 200 7743 "-" "Mozilla/5.0 (Windows NT 10.0; Win64; x64) AppleWebKit/537.36"
32.192.212.123 - - [15/Apr/2026:03:08:06 +0200] "GET /wp-*.php HTTP/1.1" 404 16440 "-" "Mozilla/5.0 (Windows NT 10.0; Win64; x64) AppleWebKit/537.36"
162.240.22.47 - - [15/Apr/2026:03:08:22 +0200] "GET /wp-login.php HTTP/1.1" 500 4024 "-" "Mozilla/5.0 (Windows NT 6.3; WOW64; Trident/7.0; ASU2JS; rv:11.0) like Gecko"
162.240.22.47 - - [15/Apr/2026:03:08:24 +0200] "POST /wp-login.php HTTP/1.1" 500 4024 "https://www.rudomilov.ru/wp-login.php" "Mozilla/5.0 (Windows NT 6.3; WOW64; Trident/7.0; ASU2JS; rv:11.0) like Gecko"
212.89.15.132 - - [15/Apr/2026:03:09:58 +0200] "GET /wp-login.php HTTP/1.1" 500 4024 "-" "Mozilla/5.0 (Macintosh; Intel Mac OS X 10_12_6) AppleWebKit/537.36 (KHTML, like Gecko) Chrome/65.0.3325.146 Safari/537.36"
212.89.15.132 - - [15/Apr/2026:03:09:59 +0200] "POST /wp-login.php HTTP/1.1" 500 4024 "https://www.rudomilov.ru/wp-login.php" "Mozilla/5.0 (Macintosh; Intel Mac OS X 10_12_6) AppleWebKit/537.36 (KHTML, like Gecko) Chrome/65.0.3325.146 Safari/537.36"
95.216.2.94 - - [15/Apr/2026:03:11:58 +0200] "POST /wp-cron.php?doing_wp_cron=1776215518.8986670970916748046875 HTTP/1.1" 500 185 "-" "WordPress/6.9.4; https://www.rudomilov.ru"
185.195.65.81 - - [15/Apr/2026:03:11:58 +0200] "GET / HTTP/1.0" 200 22560 "http://www.rudomilov.ru/" "Mozilla/5.0 (Windows NT 6.1; Win64; x64) AppleWebKit/537.36 (KHTML, like Gecko) Chrome/103.0.5060.66 Safari/537.36"
185.195.65.81 - - [15/Apr/2026:03:11:59 +0200] "POST /wp-content/themes/boldy/sendmail.php HTTP/1.0" 200 314 "http://www.rudomilov.ru/" "Mozilla/5.0 (Windows NT 6.1; Win64; x64) AppleWebKit/537.36 (KHTML, like Gecko) Chrome/103.0.5060.66 Safari/537.36"
95.216.2.94 - - [15/Apr/2026:03:13:31 +0200] "POST /wp-cron.php?doing_wp_cron=1776215611.3122029304504394531250 HTTP/1.1" 500 4024 "-" "WordPress/6.9.4; https://www.rudomilov.ru"
8.219.84.171 - - [15/Apr/2026:03:13:30 +0200] "GET / HTTP/1.1" 200 11582 "-" "Mozilla/5.0 (Windows NT 10.0; Win64; x64) AppleWebKit/537.36 (KHTML, like Gecko) Chrome/64.0.3282.140 Safari/537.36 Edge/18.17763"
211.21.61.225 - - [15/Apr/2026:03:15:07 +0200] "GET /wp-login.php HTTP/1.1" 500 4024 "-" "Mozilla/5.0 (Windows NT 10.0; Win64; x64) AppleWebKit/537.36 (KHTML, like Gecko) Chrome/66.0.3359.170 Safari/537.36 OPR/53.0.2907.99"
211.21.61.225 - - [15/Apr/2026:03:15:13 +0200] "POST /wp-login.php HTTP/1.1" 500 4024 "https://www.rudomilov.ru/wp-login.php" "Mozilla/5.0 (Windows NT 10.0; Win64; x64) AppleWebKit/537.36 (KHTML, like Gecko) Chrome/66.0.3359.170 Safari/537.36 OPR/53.0.2907.99"
114.119.146.7 - - [15/Apr/2026:03:15:16 +0200] "GET /robots.txt HTTP/1.1" 200 4358 "-" "Mozilla/5.0 (compatible;PetalBot;+https://webmaster.petalsearch.com/site/petalbot)"
95.216.2.94 - - [15/Apr/2026:03:16:15 +0200] "POST /wp-cron.php?doing_wp_cron=1776215775.5645709037780761718750 HTTP/1.1" 500 185 "-" "WordPress/6.9.4; https://www.rudomilov.ru"
206.166.251.193 - - [15/Apr/2026:03:16:14 +0200] "GET /feed/ HTTP/1.1" 200 4048 "-" "Mozilla/5.0 (Linux; Android 9; POT-LX1) AppleWebKit/537.36 (KHTML, like Gecko) Chrome/78.0.3904.62 Mobile Safari/537.36"
34.75.167.170 - - [15/Apr/2026:03:16:40 +0200] "GET /wp-login.php HTTP/1.1" 500 4024 "-" "Mozilla/5.0 (Windows NT 6.1; WOW64) AppleWebKit/537.36 (KHTML, like Gecko) Chrome/67.0.3396.79 Safari/537.36"
34.75.167.170 - - [15/Apr/2026:03:16:45 +0200] "POST /wp-login.php HTTP/1.1" 500 4024 "https://www.rudomilov.ru/wp-login.php" "Mozilla/5.0 (Windows NT 6.1; WOW64) AppleWebKit/537.36 (KHTML, like Gecko) Chrome/67.0.3396.79 Safari/537.36"
95.216.2.94 - - [15/Apr/2026:03:19:20 +0200] "POST /wp-cron.php?doing_wp_cron=1776215960.9234089851379394531250 HTTP/1.1" 500 4024 "-" "WordPress/6.9.4; https://www.rudomilov.ru"
52.167.144.216 - - [15/Apr/2026:03:19:20 +0200] "GET /category/projects/ HTTP/1.1" 200 15283 "-" "Mozilla/5.0 AppleWebKit/537.36 (KHTML, like Gecko; compatible; bingbot/2.0; +http://www.bing.com/bingbot.htm) Chrome/116.0.1938.76 Safari/537.36"
197.159.192.39 - - [15/Apr/2026:03:20:16 +0200] "GET /wp-login.php HTTP/1.1" 500 4024 "-" "Mozilla/5.0 (Windows NT 10.0; WOW64; Trident/7.0; Touch; TNJB; rv:11.0) like Gecko"
197.159.192.39 - - [15/Apr/2026:03:20:17 +0200] "POST /wp-login.php HTTP/1.1" 500 4024 "https://www.rudomilov.ru/wp-login.php" "Mozilla/5.0 (Windows NT 10.0; WOW64; Trident/7.0; Touch; TNJB; rv:11.0) like Gecko"
50.6.7.129 - - [15/Apr/2026:03:22:51 +0200] "GET /wp-login.php HTTP/1.1" 500 4024 "-" "Mozilla/4.0 (compatible; MSIE 7.0; Windows NT 6.1; WOW64; Trident/7.0; SLCC2; .NET CLR 2.0.50727; .NET CLR 3.5.30729; .NET CLR 3.0.30729; Media Center PC 6.0; .NET4.0C)"
50.6.7.129 - - [15/Apr/2026:03:22:53 +0200] "POST /wp-login.php HTTP/1.1" 500 4024 "https://www.rudomilov.ru/wp-login.php" "Mozilla/4.0 (compatible; MSIE 7.0; Windows NT 6.1; WOW64; Trident/7.0; SLCC2; .NET CLR 2.0.50727; .NET CLR 3.5.30729; .NET CLR 3.0.30729; Media Center PC 6.0; .NET4.0C)"
51.195.41.174 - - [15/Apr/2026:03:23:05 +0200] "GET /wp-login.php HTTP/1.1" 500 4024 "-" "Mozilla/5.0 (Windows NT 6.1; Trident/7.0; yie11; rv:11.0) like Gecko"
51.195.41.174 - - [15/Apr/2026:03:23:06 +0200] "POST /wp-login.php HTTP/1.1" 500 4024 "https://www.rudomilov.ru/wp-login.php" "Mozilla/5.0 (Windows NT 6.1; Trident/7.0; yie11; rv:11.0) like Gecko"
95.216.2.94 - - [15/Apr/2026:03:23:07 +0200] "POST /wp-cron.php?doing_wp_cron=1776216187.2557950019836425781250 HTTP/1.1" 500 4024 "-" "WordPress/6.9.4; https://www.rudomilov.ru"
194.156.92.237 - - [15/Apr/2026:03:23:06 +0200] "GET / HTTP/1.0" 301 3614 "https://rudomilov.ru/" "Mozilla/5.0 (Windows NT 10.0; Win64; x64) AppleWebKit/537.36 (KHTML, like Gecko) Chrome/103.0.0.0 Safari/537.36 OpenWave/97.4.2043.44"
109.248.166.148 - - [15/Apr/2026:03:23:09 +0200] "GET / HTTP/1.0" 200 25980 "https://www.rudomilov.ru/" "Mozilla/5.0 (Windows NT 10.0; Win64; x64) AppleWebKit/537.36 (KHTML, like Gecko) Chrome/103.0.0.0 Safari/537.36 OpenWave/97.4.2043.44"
66.240.223.230 - - [15/Apr/2026:03:23:24 +0200] "GET /wp-login.php HTTP/1.1" 500 4024 "-" "Mozilla/5.0 (Macintosh; Intel Mac OS X 10_10_5) AppleWebKit/602.1.50 (KHTML, like Gecko) Version/10.0 Safari/602.1.50"
66.240.223.230 - - [15/Apr/2026:03:23:27 +0200] "POST /wp-login.php HTTP/1.1" 500 4024 "https://www.rudomilov.ru/wp-login.php" "Mozilla/5.0 (Macintosh; Intel Mac OS X 10_10_5) AppleWebKit/602.1.50 (KHTML, like Gecko) Version/10.0 Safari/602.1.50"
62.171.188.7 - - [15/Apr/2026:03:25:10 +0200] "GET /robots.txt HTTP/1.1" 200 4373 "-" "Go-http-client/1.1"
62.171.188.7 - - [15/Apr/2026:03:25:11 +0200] "GET /robots.txt HTTP/1.1" 200 4373 "-" "Go-http-client/1.1"
95.216.2.94 - - [15/Apr/2026:03:25:14 +0200] "POST /wp-cron.php?doing_wp_cron=1776216314.0579218864440917968750 HTTP/1.1" 500 4024 "-" "WordPress/6.9.4; https://www.rudomilov.ru"
62.171.188.7 - - [15/Apr/2026:03:25:13 +0200] "GET / HTTP/1.1" 301 4084 "-" "Mozilla/5.0 (compatible; VertexWP/1.0; +https://vertexwp.com/bot)"
62.171.188.7 - - [15/Apr/2026:03:25:14 +0200] "GET / HTTP/1.1" 301 4084 "-" "Mozilla/5.0 (compatible; VertexWP/1.0; +https://vertexwp.com/bot)"
62.171.188.7 - - [15/Apr/2026:03:25:14 +0200] "GET / HTTP/1.1" 200 26528 "https://rudomilov.ru" "Mozilla/5.0 (compatible; VertexWP/1.0; +https://vertexwp.com/bot)"
62.171.188.7 - - [15/Apr/2026:03:25:14 +0200] "GET / HTTP/1.1" 200 26528 "https://rudomilov.ru" "Mozilla/5.0 (compatible; VertexWP/1.0; +https://vertexwp.com/bot)"
62.171.188.7 - - [15/Apr/2026:03:25:57 +0200] "GET / HTTP/1.1" 301 4084 "-" "Mozilla/5.0 (compatible; VertexWP/1.0; +https://vertexwp.com/bot)"
62.171.188.7 - - [15/Apr/2026:03:25:58 +0200] "GET / HTTP/1.1" 200 26528 "https://rudomilov.ru" "Mozilla/5.0 (compatible; VertexWP/1.0; +https://vertexwp.com/bot)"
85.190.254.157 - - [15/Apr/2026:03:26:32 +0200] "GET /wp-login.php HTTP/1.1" 500 4024 "-" "Mozilla/5.0 (Windows NT 6.1; WOW64; Trident/7.0; Ypkch32; rv:11.0) like Gecko"
85.190.254.157 - - [15/Apr/2026:03:26:32 +0200] "POST /wp-login.php HTTP/1.1" 500 4024 "https://www.rudomilov.ru/wp-login.php" "Mozilla/5.0 (Windows NT 6.1; WOW64; Trident/7.0; Ypkch32; rv:11.0) like Gecko"
95.216.2.94 - - [15/Apr/2026:03:26:51 +0200] "POST /wp-cron.php?doing_wp_cron=1776216411.8511450290679931640625 HTTP/1.1" 500 4024 "-" "WordPress/6.9.4; https://www.rudomilov.ru"
62.171.188.7 - - [15/Apr/2026:03:26:51 +0200] "GET / HTTP/1.1" 301 4084 "-" "Mozilla/5.0 (compatible; VertexWP/1.0; +https://vertexwp.com/bot)"
62.171.188.7 - - [15/Apr/2026:03:26:52 +0200] "GET / HTTP/1.1" 200 26528 "https://rudomilov.ru" "Mozilla/5.0 (compatible; VertexWP/1.0; +https://vertexwp.com/bot)"
187.110.168.96 - - [15/Apr/2026:03:27:08 +0200] "GET /wp-login.php HTTP/1.1" 500 4024 "-" "Mozilla/5.0 (Macintosh; Intel Mac OS X 10_11_6) AppleWebKit/603.3.8 (KHTML, like Gecko) Version/10.1.2 Safari/603.3.8"
62.171.188.7 - - [15/Apr/2026:03:27:20 +0200] "GET / HTTP/1.1" 301 4084 "-" "Mozilla/5.0 (compatible; VertexWP/1.0; +https://vertexwp.com/bot)"
62.171.188.7 - - [15/Apr/2026:03:27:21 +0200] "GET / HTTP/1.1" 200 26528 "https://rudomilov.ru" "Mozilla/5.0 (compatible; VertexWP/1.0; +https://vertexwp.com/bot)"
62.171.188.7 - - [15/Apr/2026:03:27:46 +0200] "GET / HTTP/1.1" 301 4084 "-" "Mozilla/5.0 (compatible; VertexWP/1.0; +https://vertexwp.com/bot)"
62.171.188.7 - - [15/Apr/2026:03:27:46 +0200] "GET / HTTP/1.1" 301 4084 "-" "Mozilla/5.0 (compatible; VertexWP/1.0; +https://vertexwp.com/bot)"
62.171.188.7 - - [15/Apr/2026:03:27:47 +0200] "GET / HTTP/1.1" 200 26528 "https://rudomilov.ru" "Mozilla/5.0 (compatible; VertexWP/1.0; +https://vertexwp.com/bot)"
62.171.188.7 - - [15/Apr/2026:03:27:47 +0200] "GET / HTTP/1.1" 200 26528 "https://rudomilov.ru" "Mozilla/5.0 (compatible; VertexWP/1.0; +https://vertexwp.com/bot)"
95.216.2.94 - - [15/Apr/2026:03:28:03 +0200] "POST /wp-cron.php?doing_wp_cron=1776216483.4971079826354980468750 HTTP/1.1" 500 4024 "-" "WordPress/6.9.4; https://www.rudomilov.ru"
62.171.188.7 - - [15/Apr/2026:03:28:03 +0200] "GET / HTTP/1.1" 301 4084 "-" "Mozilla/5.0 (compatible; VertexWP/1.0; +https://vertexwp.com/bot)"
62.171.188.7 - - [15/Apr/2026:03:28:03 +0200] "GET / HTTP/1.1" 200 26528 "https://rudomilov.ru" "Mozilla/5.0 (compatible; VertexWP/1.0; +https://vertexwp.com/bot)"
62.171.188.7 - - [15/Apr/2026:03:28:17 +0200] "GET / HTTP/1.1" 301 4084 "-" "Mozilla/5.0 (compatible; VertexWP/1.0; +https://vertexwp.com/bot)"
62.171.188.7 - - [15/Apr/2026:03:28:17 +0200] "GET / HTTP/1.1" 200 26528 "https://rudomilov.ru" "Mozilla/5.0 (compatible; VertexWP/1.0; +https://vertexwp.com/bot)"
62.171.188.7 - - [15/Apr/2026:03:28:34 +0200] "GET / HTTP/1.1" 301 4084 "-" "Mozilla/5.0 (compatible; VertexWP/1.0; +https://vertexwp.com/bot)"
62.171.188.7 - - [15/Apr/2026:03:28:35 +0200] "GET / HTTP/1.1" 200 26528 "https://rudomilov.ru" "Mozilla/5.0 (compatible; VertexWP/1.0; +https://vertexwp.com/bot)"
62.171.188.7 - - [15/Apr/2026:03:28:45 +0200] "GET / HTTP/1.1" 301 4084 "-" "Mozilla/5.0 (compatible; VertexWP/1.0; +https://vertexwp.com/bot)"
62.171.188.7 - - [15/Apr/2026:03:28:46 +0200] "GET / HTTP/1.1" 200 26528 "https://rudomilov.ru" "Mozilla/5.0 (compatible; VertexWP/1.0; +https://vertexwp.com/bot)"
62.171.188.7 - - [15/Apr/2026:03:28:47 +0200] "GET / HTTP/1.1" 301 4084 "-" "Mozilla/5.0 (compatible; VertexWP/1.0; +https://vertexwp.com/bot)"
62.171.188.7 - - [15/Apr/2026:03:28:48 +0200] "GET / HTTP/1.1" 200 26528 "https://rudomilov.ru" "Mozilla/5.0 (compatible; VertexWP/1.0; +https://vertexwp.com/bot)"
62.171.188.7 - - [15/Apr/2026:03:28:55 +0200] "GET / HTTP/1.1" 301 4084 "-" "Mozilla/5.0 (compatible; VertexWP/1.0; +https://vertexwp.com/bot)"
62.171.188.7 - - [15/Apr/2026:03:28:55 +0200] "GET / HTTP/1.1" 200 26528 "https://rudomilov.ru" "Mozilla/5.0 (compatible; VertexWP/1.0; +https://vertexwp.com/bot)"
103.124.93.101 - - [15/Apr/2026:03:29:09 +0200] "GET /wp-login.php HTTP/1.1" 500 4024 "-" "Mozilla/5.0 (Windows NT 10.0) AppleWebKit/537.36 (KHTML, like Gecko) Chrome/65.0.3325.146 Safari/537.36"
103.124.93.101 - - [15/Apr/2026:03:29:11 +0200] "POST /wp-login.php HTTP/1.1" 500 4024 "https://www.rudomilov.ru/wp-login.php" "Mozilla/5.0 (Windows NT 10.0) AppleWebKit/537.36 (KHTML, like Gecko) Chrome/65.0.3325.146 Safari/537.36"
208.109.188.137 - - [15/Apr/2026:03:30:01 +0200] "GET /wp-login.php HTTP/1.1" 500 4024 "-" "Mozilla/4.0 (compatible; MSIE 7.0; Windows NT 6.1; WOW64; Trident/7.0; SLCC2; .NET CLR 2.0.50727; .NET CLR 3.5.30729; .NET CLR 3.0.30729; Media Center PC 6.0; .NET4.0C; .NET4.0E; .NET CLR 1.1.4322)"
208.109.188.137 - - [15/Apr/2026:03:30:02 +0200] "POST /wp-login.php HTTP/1.1" 500 4024 "https://www.rudomilov.ru/wp-login.php" "Mozilla/4.0 (compatible; MSIE 7.0; Windows NT 6.1; WOW64; Trident/7.0; SLCC2; .NET CLR 2.0.50727; .NET CLR 3.5.30729; .NET CLR 3.0.30729; Media Center PC 6.0; .NET4.0C; .NET4.0E; .NET CLR 1.1.4322)"
95.216.2.94 - - [15/Apr/2026:03:31:05 +0200] "POST /wp-cron.php?doing_wp_cron=1776216665.0494089126586914062500 HTTP/1.1" 500 4024 "-" "WordPress/6.9.4; https://www.rudomilov.ru"
45.78.205.43 - - [15/Apr/2026:03:30:36 +0200] "GET /i/study_cvut_logo.png HTTP/1.1" 404 20378 "https://www.rudomilov.ru" "Mozilla/5.0 (Macintosh; Intel Mac OS X 10_15_7) AppleWebKit/537.36 (KHTML, like Gecko) Chrome/123.0.0.0 Safari/537.36"
94.154.35.236 - - [15/Apr/2026:03:31:05 +0200] "HEAD /bkup.gz HTTP/1.1" 301 210 "-" "Mozilla/5.0 (Windows NT 10.0; Win64; x64) AppleWebKit/537.36 (KHTML, like Gecko) Chrome/101.0.4951.67 Safari/537.36"
94.154.35.236 - - [15/Apr/2026:03:31:06 +0200] "HEAD /bkup.gz HTTP/1.1" 404 335 "-" "Mozilla/5.0 (Windows NT 10.0; Win64; x64) AppleWebKit/537.36 (KHTML, like Gecko) Chrome/101.0.4951.67 Safari/537.36"
45.78.206.209 - - [15/Apr/2026:03:31:04 +0200] "GET /i/study_cvut_logo.png HTTP/1.1" 404 17178 "https://www.rudomilov.ru" "Mozilla/5.0 (Macintosh; Intel Mac OS X 10_15_7) AppleWebKit/537.36 (KHTML, like Gecko) Chrome/123.0.0.0 Safari/537.36"
95.216.2.94 - - [15/Apr/2026:03:32:58 +0200] "POST /wp-cron.php?doing_wp_cron=1776216778.5155351161956787109375 HTTP/1.1" 500 4024 "-" "WordPress/6.9.4; https://www.rudomilov.ru"
114.119.158.112 - - [15/Apr/2026:03:32:58 +0200] "GET /sitemap.html HTTP/1.1" 200 5100 "-" "Mozilla/5.0 (Linux; Android 7.0;) AppleWebKit/537.36 (KHTML, like Gecko) Mobile Safari/537.36 (compatible; PetalBot;+https://webmaster.petalsearch.com/site/petalbot)"
139.162.3.69 - - [15/Apr/2026:03:33:09 +0200] "GET /wp-login.php HTTP/1.1" 500 4024 "-" "Mozilla/5.0 (compatible; MSIE 10.0; Windows NT 10.0; WOW64; Trident/7.0)"
