45.131.195.195 - - [15/Apr/2026:08:35:14 +0200] "GET /wp-content/plugins/easy-themes-manager/ HTTP/1.1" 404 16471 "-" "Mozilla/5.0 (Macintosh; Intel Mac OS X 10_10_1) AppleWebKit/537.36 (KHTML, like Gecko) Chrome/39.0.2171.95 Safari/537.36"
45.131.195.195 - - [15/Apr/2026:08:35:15 +0200] "GET /wp-content/settings/ HTTP/1.1" 404 16452 "-" "Mozilla/5.0 (Windows NT 10.0; Win64; x64) AppleWebKit/537.36 (KHTML, like Gecko) Chrome/84.0.4147.105 Safari/537.36"
45.131.195.195 - - [15/Apr/2026:08:35:15 +0200] "GET /wp-includes/blocks/pullquote/ HTTP/1.1" 403 442 "-" "Mozilla/5.0 (Windows NT 10.0; Win64; x64; rv:72.0) Gecko/20100101 Firefox/72.0"
45.131.195.195 - - [15/Apr/2026:08:35:15 +0200] "GET /wp-content/plugins/shell/ HTTP/1.1" 404 16457 "-" "Mozilla/5.0 (Windows NT 10.0; Win64; x64) AppleWebKit/537.36 (KHTML, like Gecko) Chrome/80.0.3987.149 Safari/537.36"
45.131.195.195 - - [15/Apr/2026:08:35:16 +0200] "GET /wp-admin/images/html-api/ HTTP/1.1" 404 16457 "-" "Mozilla/5.0 (Macintosh; Intel Mac OS X 10_15_6) AppleWebKit/537.36 (KHTML, like Gecko) Chrome/84.0.4147.105 Safari/537.36 OPR/70.0.3728.95"
45.131.195.195 - - [15/Apr/2026:08:35:17 +0200] "GET /wp-includes/blocks/comments-pagination-numbers/ HTTP/1.1" 403 442 "-" "Mozilla/5.0 (Windows NT 10.0) AppleWebKit/537.36 (KHTML, like Gecko) Chrome/84.0.4147.105 Safari/537.36"
45.131.195.195 - - [15/Apr/2026:08:35:17 +0200] "GET /wp-admin/user/interactivity-api/ HTTP/1.1" 404 16464 "-" "Mozilla/5.0 (Windows NT 10.0; Win64; x64; rv:74.0) Gecko/20100101 Firefox/74.0"
45.131.195.195 - - [15/Apr/2026:08:35:17 +0200] "GET /assets/bootstrap-fileupload/ HTTP/1.1" 404 16460 "-" "Mozilla/5.0 (Windows NT 10.0; WOW64) AppleWebKit/537.36 (KHTML, like Gecko) Chrome/72.0.3626.121 Safari/537.36"
45.131.195.195 - - [15/Apr/2026:08:35:18 +0200] "GET /wp-content/plugins/yanierin/ HTTP/1.1" 404 16460 "-" "Mozilla/5.0 (Windows NT 10.0; Win64; x64; rv:73.0) Gecko/20100101 Firefox/73.0"
45.131.195.195 - - [15/Apr/2026:08:35:19 +0200] "GET /wp-content/themes/hideo/ HTTP/1.1" 404 16456 "-" "Mozilla/5.0 (Windows NT 10.0; Win64; x64) AppleWebKit/537.36 (KHTML, like Gecko) Chrome/70.0.3538.77 Safari/537.36"
45.131.195.195 - - [15/Apr/2026:08:35:19 +0200] "GET /wp-content/plugins/profile-builder/ HTTP/1.1" 404 16467 "-" "Mozilla/5.0 (Windows NT 10.0; Win64; x64; rv:75.0) Gecko/20100101 Firefox/75.0"
45.131.195.195 - - [15/Apr/2026:08:35:20 +0200] "GET /wp-content/plugins/plugin/ HTTP/1.1" 404 16458 "-" "Mozilla/5.0 (Windows NT 10.0; WOW64) AppleWebKit/537.36 (KHTML, like Gecko) Chrome/72.0.3626.121 Safari/537.36"
45.131.195.195 - - [15/Apr/2026:08:35:21 +0200] "GET /wp-admin/network/cache/ HTTP/1.1" 404 16455 "-" "Mozilla/5.0 (Linux x86_64; rv:79.0) Gecko/20100101 Firefox/79.0"
45.131.195.195 - - [15/Apr/2026:08:35:21 +0200] "GET /wp-includes/blocks/details/ HTTP/1.1" 403 442 "-" "Mozilla/5.0 (Windows NT 10.0; WOW64; x64) AppleWebKit/537.36 (KHTML, like Gecko) Chrome/84.0.4147.105 Safari/537.36 OPR/70.0.3728.95"
45.131.195.195 - - [15/Apr/2026:08:35:21 +0200] "GET /wp-includes/blocks/post-terms/ HTTP/1.1" 403 442 "-" "Mozilla/5.0 (X11; Linux i686; rv:79.0) Gecko/20100101 Firefox/79.0"
45.131.195.195 - - [15/Apr/2026:08:35:21 +0200] "GET /wp-includes/theme-compat/network/ HTTP/1.1" 404 16465 "-" "Mozilla/5.0 (Windows NT 10.0; Win64; x64) AppleWebKit/537.36 (KHTML, like Gecko) Chrome/84.0.4147.105 Safari/537.36"
45.131.195.195 - - [15/Apr/2026:08:35:22 +0200] "GET /wp-includes/js/dist/development/ HTTP/1.1" 403 442 "-" "Mozilla/5.0 (X11; Linux i686; rv:79.0) Gecko/20100101 Firefox/79.0"
45.131.195.195 - - [15/Apr/2026:08:35:22 +0200] "GET /management/assets/assets/css/ HTTP/1.1" 404 16461 "-" "Mozilla/5.0 (Macintosh; Intel Mac OS X 10_12_6) AppleWebKit/537.36 (KHTML, like Gecko) Chrome/58.0.3029.110 Safari/537.3"
45.131.195.195 - - [15/Apr/2026:08:35:23 +0200] "GET /wp-includes/sodium_compat/namespaced/Core/ HTTP/1.1" 403 442 "-" "Mozilla/5.0 (X11; Ubuntu; Linux i686; rv:79.0) Gecko/20100101 Firefox/79.0"
45.131.195.195 - - [15/Apr/2026:08:35:23 +0200] "GET /wordpress/wp-includes/blocks/accordion/ HTTP/1.1" 404 16471 "-" "Mozilla/5.0 (Windows NT 10.0; Win64; x64) AppleWebKit/537.36 (KHTML, like Gecko) Chrome/81.0.4044.129 Safari/537.36"
45.131.195.195 - - [15/Apr/2026:08:35:24 +0200] "GET /assets/worders_front/ HTTP/1.1" 404 16453 "-" "Mozilla/5.0 (compatible; MSIE 10.0; Windows NT 6.1; Trident/6.0)"
45.131.195.195 - - [15/Apr/2026:08:35:24 +0200] "GET /assets/jquery-ui/images/ HTTP/1.1" 404 16456 "-" "Mozilla/5.0 (Windows NT 10.0; Win64; x64) AppleWebKit/537.36 (KHTML, like Gecko) Chrome/58.0.3029.110 Safari/537.3"
45.131.195.195 - - [15/Apr/2026:08:35:25 +0200] "GET /wp-content/uploads/2024/ HTTP/1.1" 404 16456 "-" "Mozilla/5.0 (Windows NT 6.3; Win64; x64; rv:73.0) Gecko/20100101 Firefox/73.0"
45.131.195.195 - - [15/Apr/2026:08:35:26 +0200] "GET /wp-content/themes/Avada/includes/ HTTP/1.1" 404 16465 "-" "Mozilla/5.0 (Macintosh; Intel Mac OS X 10.15; rv:79.0) Gecko/20100101 Firefox/79.0"
45.131.195.195 - - [15/Apr/2026:08:35:26 +0200] "GET /wp-content/uploads/fusion-forms/ HTTP/1.1" 404 16464 "-" "Mozilla/5.0 (Linux x86_64; rv:79.0) Gecko/20100101 Firefox/79.0"
45.131.195.195 - - [15/Apr/2026:08:35:27 +0200] "GET /wp-content/themes/Avada/includes/lib/inc/ HTTP/1.1" 404 16473 "-" "Mozilla/5.0 (Windows NT 10.0; Win64; x64) AppleWebKit/537.36 (KHTML, like Gecko) Chrome/70.0.3538.110 Safari/537.36"
45.131.195.195 - - [15/Apr/2026:08:35:28 +0200] "GET /wp-content/themes/jupiter/framework/ HTTP/1.1" 404 16468 "-" "Mozilla/5.0 (Linux x86_64; rv:79.0) Gecko/20100101 Firefox/79.0"
45.131.195.195 - - [15/Apr/2026:08:35:28 +0200] "GET /wp-includes/blocks/site-title/ HTTP/1.1" 403 442 "-" "Mozilla/5.0 (compatible; MSIE 10.0; Windows NT 6.1; Trident/6.0)"
45.131.195.195 - - [15/Apr/2026:08:35:28 +0200] "GET /wp-content/plugins/jupiterx-core/ HTTP/1.1" 404 16465 "-" "Mozilla/5.0 (Macintosh; Intel Mac OS X 10.15; rv:79.0) Gecko/20100101 Firefox/79.0"
45.131.195.195 - - [15/Apr/2026:08:35:29 +0200] "GET /wp-content/themes/Avada/shortcodes/ HTTP/1.1" 404 16467 "-" "Mozilla/5.0 (Macintosh; Intel Mac OS X 10_12_6) AppleWebKit/537.36 (KHTML, like Gecko) Chrome/58.0.3029.110 Safari/537.3"
45.131.195.195 - - [15/Apr/2026:08:35:30 +0200] "GET /wp-json/bricks/v1/render_element/ HTTP/1.1" 404 797 "-" "Mozilla/5.0 (Windows NT 10.0; Win64; x64; rv:76.0) Gecko/20100101 Firefox/76.0"
45.131.195.195 - - [15/Apr/2026:08:35:30 +0200] "GET /wp-content/themes/bricks/includes/ HTTP/1.1" 404 16466 "-" "Mozilla/5.0 (Windows NT 10.0; Win64; x64; rv:73.0) Gecko/20100101 Firefox/73.0"
45.131.195.195 - - [15/Apr/2026:08:35:31 +0200] "GET /wp-content/themes/service-finder/inc/ HTTP/1.1" 404 16469 "-" "Mozilla/5.0 (Windows NT 6.1; Win64; x64) AppleWebKit/537.36 (KHTML, like Gecko) Chrome/79.0.3945.130 Safari/537.36"
45.131.195.195 - - [15/Apr/2026:08:35:32 +0200] "GET /wp-includes/js/tinymce/plugins/compat3x/css/ HTTP/1.1" 403 442 "-" "Mozilla/5.0 (Windows NT 10.0; Win64; x64; rv:67.0) Gecko/20100101 Firefox/67.0"
45.131.195.195 - - [15/Apr/2026:08:35:32 +0200] "GET /wp-content/themes/service-finder/admin/ HTTP/1.1" 404 16471 "-" "Mozilla/5.0 (Windows NT 10.0; Win64; x64; rv:75.0) Gecko/20100101 Firefox/75.0"
45.131.195.195 - - [15/Apr/2026:08:35:32 +0200] "GET /wp-json/ HTTP/1.1" 200 733151 "-" "Mozilla/5.0 (Windows NT 10.0; Win64; x64) AppleWebKit/537.36 (KHTML, like Gecko) Chrome/77.0.3865.90 Safari/537.36"
45.131.195.195 - - [15/Apr/2026:08:35:33 +0200] "GET /wp-json/wp/v2/ HTTP/1.1" 200 474137 "-" "Mozilla/5.0 (Windows NT 10.0; Win64; x64; rv:67.0) Gecko/20100101 Firefox/67.0"
45.131.195.195 - - [15/Apr/2026:08:35:34 +0200] "GET /wp-content/uploads/2025/ HTTP/1.1" 404 16456 "-" "Mozilla/5.0 (Windows NT 6.1; Win64; x64) AppleWebKit/537.36 (KHTML, like Gecko) Chrome/79.0.3945.130 Safari/537.36"
45.131.195.195 - - [15/Apr/2026:08:35:35 +0200] "GET /wp-content/uploads/2026/ HTTP/1.1" 404 16456 "-" "Mozilla/5.0 (Macintosh; Intel Mac OS X 10_10_1) AppleWebKit/537.36 (KHTML, like Gecko) Chrome/39.0.2171.95 Safari/537.36"
45.131.195.195 - - [15/Apr/2026:08:35:35 +0200] "GET /wordpress/wp-admin/includes/wp-admin/js/ HTTP/1.1" 404 16472 "-" "Mozilla/5.0 (Windows NT 10.0; Win64; x64) AppleWebKit/537.36 (KHTML, like Gecko) Chrome/70.0.3538.110 Safari/537.36"
101.100.234.23 - - [15/Apr/2026:08:36:25 +0200] "GET /wp-login.php HTTP/1.1" 500 4024 "-" "Mozilla/5.0 (Macintosh; Intel Mac OS X 10_10_5) AppleWebKit/537.36 (KHTML, like Gecko) Chrome/65.0.3325.162 Safari/537.36"
101.100.234.23 - - [15/Apr/2026:08:36:27 +0200] "POST /wp-login.php HTTP/1.1" 500 4024 "https://www.rudomilov.ru/wp-login.php" "Mozilla/5.0 (Macintosh; Intel Mac OS X 10_10_5) AppleWebKit/537.36 (KHTML, like Gecko) Chrome/65.0.3325.162 Safari/537.36"
222.165.190.235 - - [15/Apr/2026:08:36:55 +0200] "GET /wp-login.php HTTP/1.1" 500 4024 "-" "Mozilla/5.0 (Windows NT 6.1; Trident/7.0; SLCC2; .NET CLR 2.0.50727; .NET CLR 3.5.30729; .NET CLR 3.0.30729; Media Center PC 6.0; InfoPath.2; .NET4.0C; rv:11.0) like Gecko"
103.28.36.220 - - [15/Apr/2026:08:36:59 +0200] "GET /wp-login.php HTTP/1.1" 500 4024 "-" "Mozilla/5.0 (Macintosh; Intel Mac OS X 10_13_1) AppleWebKit/604.3.5 (KHTML, like Gecko) Version/11.0.1 Safari/604.3.5"
103.28.36.220 - - [15/Apr/2026:08:37:19 +0200] "POST /wp-login.php HTTP/1.1" 500 4024 "https://www.rudomilov.ru/wp-login.php" "Mozilla/5.0 (Macintosh; Intel Mac OS X 10_13_1) AppleWebKit/604.3.5 (KHTML, like Gecko) Version/11.0.1 Safari/604.3.5"
50.6.7.129 - - [15/Apr/2026:08:38:22 +0200] "GET /wp-login.php HTTP/1.1" 500 4024 "-" "Mozilla/5.0 (Windows NT 6.1; Win64; x64) AppleWebKit/537.36 (KHTML, like Gecko) Chrome/65.0.3325.181 Safari/537.36 OPR/52.0.2871.99"
50.6.7.129 - - [15/Apr/2026:08:38:22 +0200] "POST /wp-login.php HTTP/1.1" 500 4024 "https://www.rudomilov.ru/wp-login.php" "Mozilla/5.0 (Windows NT 6.1; Win64; x64) AppleWebKit/537.36 (KHTML, like Gecko) Chrome/65.0.3325.181 Safari/537.36 OPR/52.0.2871.99"
185.140.224.3 - - [15/Apr/2026:08:41:38 +0200] "GET /wp-login.php HTTP/1.1" 500 4024 "-" "Mozilla/4.0 (compatible; MSIE 7.0; Windows NT 6.2; WOW64; Trident/7.0; .NET4.0C; .NET4.0E; .NET CLR 2.0.50727; .NET CLR 3.0.30729; .NET CLR 3.5.30729; InfoPath.2)"
185.140.224.3 - - [15/Apr/2026:08:41:38 +0200] "POST /wp-login.php HTTP/1.1" 500 4024 "https://www.rudomilov.ru/wp-login.php" "Mozilla/4.0 (compatible; MSIE 7.0; Windows NT 6.2; WOW64; Trident/7.0; .NET4.0C; .NET4.0E; .NET CLR 2.0.50727; .NET CLR 3.0.30729; .NET CLR 3.5.30729; InfoPath.2)"
51.68.111.217 - - [15/Apr/2026:08:41:45 +0200] "GET /robots.txt HTTP/1.1" 200 571 "-" "Mozilla/5.0 (compatible; MJ12bot/v2.0.5; http://mj12bot.com/)"
95.216.2.94 - - [15/Apr/2026:08:41:46 +0200] "POST /wp-cron.php?doing_wp_cron=1776235306.7301259040832519531250 HTTP/1.1" 500 185 "-" "WordPress/6.9.4; https://www.rudomilov.ru"
51.68.111.217 - - [15/Apr/2026:08:41:46 +0200] "GET / HTTP/1.1" 301 280 "-" "Mozilla/5.0 (compatible; MJ12bot/v2.0.5; http://mj12bot.com/)"
51.68.111.217 - - [15/Apr/2026:08:41:47 +0200] "GET /robots.txt HTTP/1.1" 200 571 "-" "Mozilla/5.0 (compatible; MJ12bot/v2.0.5; http://mj12bot.com/)"
51.68.111.217 - - [15/Apr/2026:08:41:47 +0200] "GET / HTTP/1.1" 200 7798 "-" "Mozilla/5.0 (compatible; MJ12bot/v2.0.5; http://mj12bot.com/)"
66.29.129.135 - - [15/Apr/2026:08:43:01 +0200] "GET /wp-login.php HTTP/1.1" 500 4024 "-" "Mozilla/5.0 (Windows NT 6.1; WOW64; Trident/7.0; BOIE9;ENUSMSE; rv:11.0) like Gecko"
66.29.129.135 - - [15/Apr/2026:08:43:07 +0200] "POST /wp-login.php HTTP/1.1" 500 4024 "https://www.rudomilov.ru/wp-login.php" "Mozilla/5.0 (Windows NT 6.1; WOW64; Trident/7.0; BOIE9;ENUSMSE; rv:11.0) like Gecko"
172.236.60.243 - - [15/Apr/2026:08:43:16 +0200] "GET /wp-login.php HTTP/1.1" 500 4024 "-" "Mozilla/4.0 (compatible; MSIE 7.0; Windows NT 6.2; WOW64; Trident/7.0; .NET4.0C; .NET4.0E; .NET CLR 2.0.50727; .NET CLR 3.0.30729; .NET CLR 3.5.30729)"
222.165.190.235 - - [15/Apr/2026:08:43:37 +0200] "GET /wp-login.php HTTP/1.1" 500 4024 "-" "Mozilla/5.0 (Windows NT 6.3; Win64; x64; Trident/7.0; Touch; MALNJS; rv:11.0) like Gecko"
172.236.60.243 - - [15/Apr/2026:08:43:38 +0200] "POST /wp-login.php HTTP/1.1" 500 4024 "https://www.rudomilov.ru/wp-login.php" "Mozilla/4.0 (compatible; MSIE 7.0; Windows NT 6.2; WOW64; Trident/7.0; .NET4.0C; .NET4.0E; .NET CLR 2.0.50727; .NET CLR 3.0.30729; .NET CLR 3.5.30729)"
222.165.190.235 - - [15/Apr/2026:08:43:41 +0200] "POST /wp-login.php HTTP/1.1" 500 4024 "https://www.rudomilov.ru/wp-login.php" "Mozilla/5.0 (Windows NT 6.3; Win64; x64; Trident/7.0; Touch; MALNJS; rv:11.0) like Gecko"
95.216.2.94 - - [15/Apr/2026:08:44:22 +0200] "POST /wp-cron.php?doing_wp_cron=1776235462.7280790805816650390625 HTTP/1.1" 500 185 "-" "WordPress/6.9.4; https://www.rudomilov.ru"
121.229.156.63 - - [15/Apr/2026:08:44:15 +0200] "GET / HTTP/1.1" 200 7799 "-" "Sogou web spider/4.0(+http://www.sogou.com/docs/help/webmasters.htm#07)"
187.110.168.96 - - [15/Apr/2026:08:44:22 +0200] "GET /wp-login.php HTTP/1.1" 500 4024 "-" "Mozilla/5.0 (Windows NT 6.1; WOW64; Trident/7.0; EIE10;ENUSMSE; rv:11.0) like Gecko"
187.110.168.96 - - [15/Apr/2026:08:44:29 +0200] "POST /wp-login.php HTTP/1.1" 500 4024 "https://www.rudomilov.ru/wp-login.php" "Mozilla/5.0 (Windows NT 6.1; WOW64; Trident/7.0; EIE10;ENUSMSE; rv:11.0) like Gecko"
74.91.224.220 - - [15/Apr/2026:08:47:20 +0200] "GET /wp-login.php HTTP/1.1" 500 4024 "-" "Mozilla/5.0 (Macintosh; Intel Mac OS X 10_13_3) AppleWebKit/537.36 (KHTML, like Gecko) Chrome/67.0.3396.87 Safari/537.36"
74.91.224.220 - - [15/Apr/2026:08:47:22 +0200] "POST /wp-login.php HTTP/1.1" 500 4024 "https://www.rudomilov.ru/wp-login.php" "Mozilla/5.0 (Macintosh; Intel Mac OS X 10_13_3) AppleWebKit/537.36 (KHTML, like Gecko) Chrome/67.0.3396.87 Safari/537.36"
112.86.225.105 - - [15/Apr/2026:08:48:37 +0200] "GET /wp-content/themes/boldy/images/ico_vkontakte.png HTTP/1.1" 200 2441 "http://rudomilov.ru/" "Mozilla/5.0 (Windows NT 10.0; Win64; x64) AppleWebKit/537.36 (KHTML, like Gecko) Chrome/142.0.0.0 Safari/537.36"
173.254.29.175 - - [15/Apr/2026:08:50:09 +0200] "GET /wp-login.php HTTP/1.1" 500 4024 "-" "Mozilla/5.0 (Windows NT 10.0; WOW64) AppleWebKit/537.36 (KHTML, like Gecko) Chrome/65.0.3325.181 Safari/537.36 OPR/52.0.2871.40"
173.254.29.175 - - [15/Apr/2026:08:50:12 +0200] "POST /wp-login.php HTTP/1.1" 500 4024 "https://www.rudomilov.ru/wp-login.php" "Mozilla/5.0 (Windows NT 10.0; WOW64) AppleWebKit/537.36 (KHTML, like Gecko) Chrome/65.0.3325.181 Safari/537.36 OPR/52.0.2871.40"
116.118.2.113 - - [15/Apr/2026:08:50:22 +0200] "GET /wp-login.php HTTP/1.1" 500 4024 "-" "Mozilla/5.0 (Windows NT 6.3; Win64; x64; Trident/7.0; TNJB; rv:11.0) like Gecko"
116.118.2.113 - - [15/Apr/2026:08:50:23 +0200] "POST /wp-login.php HTTP/1.1" 500 4024 "https://www.rudomilov.ru/wp-login.php" "Mozilla/5.0 (Windows NT 6.3; Win64; x64; Trident/7.0; TNJB; rv:11.0) like Gecko"
114.119.132.70 - - [15/Apr/2026:08:51:17 +0200] "GET /robots.txt HTTP/1.1" 200 534 "-" "Mozilla/5.0 (compatible;PetalBot;+https://webmaster.petalsearch.com/site/petalbot)"
72.167.150.128 - - [15/Apr/2026:08:53:24 +0200] "GET /wp-login.php HTTP/1.1" 500 4024 "-" "Mozilla/5.0 (Windows NT 6.1; WOW64; Trident/7.0; MATP; MATP; rv:11.0) like Gecko"
72.167.150.128 - - [15/Apr/2026:08:53:27 +0200] "POST /wp-login.php HTTP/1.1" 500 4024 "https://www.rudomilov.ru/wp-login.php" "Mozilla/5.0 (Windows NT 6.1; WOW64; Trident/7.0; MATP; MATP; rv:11.0) like Gecko"
94.154.35.236 - - [15/Apr/2026:08:53:32 +0200] "HEAD /catalog.tar HTTP/1.1" 301 214 "-" "Mozilla/5.0 (Windows NT 10.0; Win64; x64) AppleWebKit/537.36 (KHTML, like Gecko) Chrome/101.0.4951.67 Safari/537.36"
95.216.2.94 - - [15/Apr/2026:08:53:33 +0200] "POST /wp-cron.php?doing_wp_cron=1776236013.5192830562591552734375 HTTP/1.1" 500 185 "-" "WordPress/6.9.4; https://www.rudomilov.ru"
94.154.35.236 - - [15/Apr/2026:08:53:33 +0200] "HEAD /catalog.tar HTTP/1.1" 404 335 "-" "Mozilla/5.0 (Windows NT 10.0; Win64; x64) AppleWebKit/537.36 (KHTML, like Gecko) Chrome/101.0.4951.67 Safari/537.36"
95.216.2.94 - - [15/Apr/2026:08:54:42 +0200] "POST /wp-cron.php?doing_wp_cron=1776236082.2105669975280761718750 HTTP/1.1" 500 185 "-" "WordPress/6.9.4; https://www.rudomilov.ru"
178.20.45.128 - - [15/Apr/2026:08:54:41 +0200] "GET /feedback/ HTTP/1.0" 200 19076 "http://www.rudomilov.ru/feedback/" "Mozilla/5.0 (Windows NT 10.0; Win64; x64) AppleWebKit/537.36 (KHTML, like Gecko) Chrome/129.0.0.0 Safari/537.36"
178.20.45.128 - - [15/Apr/2026:08:54:42 +0200] "POST /wp-content/themes/boldy/sendmail.php HTTP/1.0" 200 314 "http://www.rudomilov.ru/feedback/" "Mozilla/5.0 (Windows NT 10.0; Win64; x64) AppleWebKit/537.36 (KHTML, like Gecko) Chrome/129.0.0.0 Safari/537.36"
103.74.54.128 - - [15/Apr/2026:08:55:14 +0200] "GET /wp-login.php HTTP/1.1" 500 4024 "-" "Mozilla/5.0 (Macintosh; Intel Mac OS X 10_12_6) AppleWebKit/537.36 (KHTML, like Gecko) Chrome/66.0.3359.117 Safari/537.36"
103.74.54.128 - - [15/Apr/2026:08:55:25 +0200] "POST /wp-login.php HTTP/1.1" 500 4024 "https://www.rudomilov.ru/wp-login.php" "Mozilla/5.0 (Macintosh; Intel Mac OS X 10_12_6) AppleWebKit/537.36 (KHTML, like Gecko) Chrome/66.0.3359.117 Safari/537.36"
66.29.129.222 - - [15/Apr/2026:08:56:21 +0200] "GET /wp-login.php HTTP/1.1" 500 4024 "-" "Mozilla/5.0 (Macintosh; Intel Mac OS X 10_13_4) AppleWebKit/537.36 (KHTML, like Gecko) Chrome/66.0.3359.181 Safari/537.36"
66.29.129.222 - - [15/Apr/2026:08:56:24 +0200] "POST /wp-login.php HTTP/1.1" 500 4024 "https://www.rudomilov.ru/wp-login.php" "Mozilla/5.0 (Macintosh; Intel Mac OS X 10_13_4) AppleWebKit/537.36 (KHTML, like Gecko) Chrome/66.0.3359.181 Safari/537.36"
51.161.81.177 - - [15/Apr/2026:08:56:28 +0200] "GET /wp-login.php HTTP/1.1" 500 4024 "-" "Mozilla/5.0 (Macintosh; Intel Mac OS X 10_13_5) AppleWebKit/537.36 (KHTML, like Gecko) Chrome/67.0.3396.87 Safari/537.36"
51.161.81.177 - - [15/Apr/2026:08:56:29 +0200] "POST /wp-login.php HTTP/1.1" 500 4024 "https://www.rudomilov.ru/wp-login.php" "Mozilla/5.0 (Macintosh; Intel Mac OS X 10_13_5) AppleWebKit/537.36 (KHTML, like Gecko) Chrome/67.0.3396.87 Safari/537.36"
121.200.217.28 - - [15/Apr/2026:08:56:35 +0200] "GET /wp-login.php HTTP/1.1" 500 4024 "-" "Mozilla/5.0 (Windows NT 6.3; WOW64; Trident/7.0; Touch; SMJB; rv:11.0) like Gecko"
178.20.235.164 - - [15/Apr/2026:08:56:38 +0200] "GET /category/projects/communities HTTP/1.1" 301 592 "-" "Mozilla/5.0 (X11; Ubuntu; Linux x86_64; rv:91.0) Gecko/20100101 Firefox/91.0"
95.216.2.94 - - [15/Apr/2026:08:56:38 +0200] "POST /wp-cron.php?doing_wp_cron=1776236198.7260398864746093750000 HTTP/1.1" 500 185 "-" "WordPress/6.9.4; https://www.rudomilov.ru"
178.20.235.164 - - [15/Apr/2026:08:56:38 +0200] "GET /category/projects/communities HTTP/1.1" 301 274 "-" "Mozilla/5.0 (Windows NT 6.1; Win64; x64) AppleWebKit/537.36 (KHTML, like Gecko) Chrome/92.0.4515.131 Safari/537.36"
178.20.235.164 - - [15/Apr/2026:08:56:38 +0200] "GET /category/projects/communities/ HTTP/1.1" 200 6394 "-" "Mozilla/5.0 (X11; Linux x86_64; rv:91.0) Gecko/20100101 Firefox/91.0"
121.200.217.28 - - [15/Apr/2026:08:56:45 +0200] "POST /wp-login.php HTTP/1.1" 500 4024 "https://www.rudomilov.ru/wp-login.php" "Mozilla/5.0 (Windows NT 6.3; WOW64; Trident/7.0; Touch; SMJB; rv:11.0) like Gecko"
51.103.25.59 - - [15/Apr/2026:08:59:15 +0200] "GET /wp-login.php HTTP/1.1" 500 4024 "-" "Mozilla/5.0 (Windows NT 6.2; ARM; Trident/7.0; Touch; rv:11.0; WPDesktop; NOKIA; Lumia 530) like Gecko"
51.103.25.59 - - [15/Apr/2026:08:59:21 +0200] "POST /wp-login.php HTTP/1.1" 500 4024 "https://www.rudomilov.ru/wp-login.php" "Mozilla/5.0 (Windows NT 6.2; ARM; Trident/7.0; Touch; rv:11.0; WPDesktop; NOKIA; Lumia 530) like Gecko"
66.29.129.222 - - [15/Apr/2026:09:01:16 +0200] "GET /wp-login.php HTTP/1.1" 500 4024 "-" "Mozilla/5.0 (Windows NT 10.0; WOW64; Trident/7.0; yie11; rv:11.0) like Gecko"
66.29.129.222 - - [15/Apr/2026:09:01:17 +0200] "POST /wp-login.php HTTP/1.1" 500 4024 "https://www.rudomilov.ru/wp-login.php" "Mozilla/5.0 (Windows NT 10.0; WOW64; Trident/7.0; yie11; rv:11.0) like Gecko"
116.118.2.113 - - [15/Apr/2026:09:02:46 +0200] "GET /wp-login.php HTTP/1.1" 500 4024 "-" "Mozilla/5.0 (Windows NT 6.3; Win64; x64) AppleWebKit/537.36 (KHTML, like Gecko) Chrome/52.0.2743.116 Safari/537.36 Edge/15.15063"
66.29.129.222 - - [15/Apr/2026:09:03:04 +0200] "GET /wp-login.php HTTP/1.1" 500 4024 "-" "Mozilla/4.0 (compatible; MSIE 7.0; Windows NT 6.3; WOW64; Trident/7.0; Touch; .NET4.0E; .NET4.0C; .NET CLR 3.5.30729; .NET CLR 2.0.50727; .NET CLR 3.0.30729; Tablet PC 2.0)"
66.29.129.222 - - [15/Apr/2026:09:03:05 +0200] "POST /wp-login.php HTTP/1.1" 500 4024 "https://www.rudomilov.ru/wp-login.php" "Mozilla/4.0 (compatible; MSIE 7.0; Windows NT 6.3; WOW64; Trident/7.0; Touch; .NET4.0E; .NET4.0C; .NET CLR 3.5.30729; .NET CLR 2.0.50727; .NET CLR 3.0.30729; Tablet PC 2.0)"
20.172.36.113 - - [15/Apr/2026:09:03:20 +0200] "GET /ss.php?f_c=1 HTTP/1.1" 301 595 "-" "Mozilla/5.0 (Linux; Android 7.0; SM-G892A Build/NRD90M; wv) AppleWebKit/537.36 (KHTML, like Gecko) Version/4.0 Chrome/60.0.3112.107 Mobile Safari/537.36"
95.216.2.94 - - [15/Apr/2026:09:03:21 +0200] "POST /wp-cron.php?doing_wp_cron=1776236601.8325400352478027343750 HTTP/1.1" 500 185 "-" "WordPress/6.9.4; https://www.rudomilov.ru"
20.172.36.113 - - [15/Apr/2026:09:03:21 +0200] "GET /ss.php?f_c=1 HTTP/1.1" 404 16500 "-" "Mozilla/5.0 (Linux; Android 7.0; SM-G892A Build/NRD90M; wv) AppleWebKit/537.36 (KHTML, like Gecko) Version/4.0 Chrome/60.0.3112.107 Mobile Safari/537.36"
177.54.150.128 - - [15/Apr/2026:09:03:26 +0200] "GET /wp-login.php HTTP/1.1" 500 4024 "-" "Mozilla/5.0 (Windows NT 10.0) AppleWebKit/537.36 (KHTML, like Gecko) Chrome/52.0.2743.116 Safari/537.36 Edge/15.15063"
177.54.150.128 - - [15/Apr/2026:09:03:27 +0200] "POST /wp-login.php HTTP/1.1" 500 4024 "https://www.rudomilov.ru/wp-login.php" "Mozilla/5.0 (Windows NT 10.0) AppleWebKit/537.36 (KHTML, like Gecko) Chrome/52.0.2743.116 Safari/537.36 Edge/15.15063"
43.131.45.213 - - [15/Apr/2026:09:04:20 +0200] "GET / HTTP/1.1" 301 244 "-" "Mozilla/5.0 (iPhone; CPU iPhone OS 13_2_3 like Mac OS X) AppleWebKit/605.1.15 (KHTML, like Gecko) Version/13.0.3 Mobile/15E148 Safari/604.1"
43.131.45.213 - - [15/Apr/2026:09:04:21 +0200] "GET / HTTP/1.1" 200 7761 "http://rudomilov.ru" "Mozilla/5.0 (iPhone; CPU iPhone OS 13_2_3 like Mac OS X) AppleWebKit/605.1.15 (KHTML, like Gecko) Version/13.0.3 Mobile/15E148 Safari/604.1"
182.93.78.5 - - [15/Apr/2026:09:04:48 +0200] "GET /wp-login.php HTTP/1.1" 500 4024 "-" "Mozilla/5.0 (Windows NT 6.1; Win64; x64; rv:60.0) Gecko/20100101 Firefox/60.0"
182.93.78.5 - - [15/Apr/2026:09:05:06 +0200] "POST /wp-login.php HTTP/1.1" 500 4024 "https://www.rudomilov.ru/wp-login.php" "Mozilla/5.0 (Windows NT 6.1; Win64; x64; rv:60.0) Gecko/20100101 Firefox/60.0"
103.216.117.42 - - [15/Apr/2026:09:07:32 +0200] "GET /wp-login.php HTTP/1.1" 500 4024 "-" "Mozilla/5.0 (Windows NT 6.0; WOW64; Trident/7.0; rv:11.0) like Gecko"
103.216.117.42 - - [15/Apr/2026:09:07:34 +0200] "POST /wp-login.php HTTP/1.1" 500 4024 "https://www.rudomilov.ru/wp-login.php" "Mozilla/5.0 (Windows NT 6.0; WOW64; Trident/7.0; rv:11.0) like Gecko"
14.248.80.79 - - [15/Apr/2026:09:09:17 +0200] "GET /wp-login.php HTTP/1.1" 500 4024 "-" "Mozilla/5.0 (Macintosh; Intel Mac OS X 10_13_4) AppleWebKit/537.36 (KHTML, like Gecko) Chrome/67.0.3396.79 Safari/537.36"
14.248.80.79 - - [15/Apr/2026:09:09:32 +0200] "POST /wp-login.php HTTP/1.1" 500 4024 "https://www.rudomilov.ru/wp-login.php" "Mozilla/5.0 (Macintosh; Intel Mac OS X 10_13_4) AppleWebKit/537.36 (KHTML, like Gecko) Chrome/67.0.3396.79 Safari/537.36"
124.55.178.99 - - [15/Apr/2026:09:10:04 +0200] "GET /wp-login.php HTTP/1.1" 500 4024 "-" "Mozilla/5.0 (Windows NT 10.0; WOW64; Trident/7.0; Touch; MASAJS; rv:11.0) like Gecko"
124.55.178.99 - - [15/Apr/2026:09:10:06 +0200] "POST /wp-login.php HTTP/1.1" 500 4024 "https://www.rudomilov.ru/wp-login.php" "Mozilla/5.0 (Windows NT 10.0; WOW64; Trident/7.0; Touch; MASAJS; rv:11.0) like Gecko"
216.73.216.51 - - [15/Apr/2026:09:12:07 +0200] "GET /robots.txt HTTP/1.1" 200 571 "-" "Mozilla/5.0 AppleWebKit/537.36 (KHTML, like Gecko; compatible; ClaudeBot/1.0; +claudebot@anthropic.com)"
95.216.2.94 - - [15/Apr/2026:09:12:08 +0200] "POST /wp-cron.php?doing_wp_cron=1776237128.0038850307464599609375 HTTP/1.1" 500 185 "-" "WordPress/6.9.4; https://www.rudomilov.ru"
216.73.216.51 - - [15/Apr/2026:09:12:07 +0200] "GET /sitemap.xml HTTP/1.1" 200 755 "-" "Mozilla/5.0 AppleWebKit/537.36 (KHTML, like Gecko; compatible; ClaudeBot/1.0; +claudebot@anthropic.com)"
103.127.30.137 - - [15/Apr/2026:09:14:39 +0200] "GET /wp-login.php HTTP/1.1" 500 4024 "-" "Mozilla/5.0 (Windows NT 6.1; Win64; x64) AppleWebKit/537.36 (KHTML, like Gecko) Chrome/67.0.3396.79 Safari/537.36"
103.127.30.137 - - [15/Apr/2026:09:14:47 +0200] "POST /wp-login.php HTTP/1.1" 500 4024 "https://www.rudomilov.ru/wp-login.php" "Mozilla/5.0 (Windows NT 6.1; Win64; x64) AppleWebKit/537.36 (KHTML, like Gecko) Chrome/67.0.3396.79 Safari/537.36"
66.249.66.199 - - [15/Apr/2026:09:14:59 +0200] "GET /robots.txt HTTP/1.1" 200 4395 "-" "Mozilla/5.0 (compatible; Googlebot/2.1; +http://www.google.com/bot.html)"
95.216.2.94 - - [15/Apr/2026:09:15:01 +0200] "POST /wp-cron.php?doing_wp_cron=1776237301.4764668941497802734375 HTTP/1.1" 500 4024 "-" "WordPress/6.9.4; https://www.rudomilov.ru"
66.249.66.164 - - [15/Apr/2026:09:15:00 +0200] "GET /projects/services/irkweather/ HTTP/1.1" 200 10484 "-" "Mozilla/5.0 (Linux; Android 6.0.1; Nexus 5X Build/MMB29P) AppleWebKit/537.36 (KHTML, like Gecko) Chrome/146.0.7680.177 Mobile Safari/537.36 (compatible; Googlebot/2.1; +http://www.google.com/bot.html)"
50.6.7.129 - - [15/Apr/2026:09:16:13 +0200] "GET /wp-login.php HTTP/1.1" 500 4024 "-" "Mozilla/5.0 (Windows NT 6.1; WOW64; Trident/7.0; MAFSJS; rv:11.0) like Gecko"
50.6.7.129 - - [15/Apr/2026:09:16:17 +0200] "POST /wp-login.php HTTP/1.1" 500 4024 "https://www.rudomilov.ru/wp-login.php" "Mozilla/5.0 (Windows NT 6.1; WOW64; Trident/7.0; MAFSJS; rv:11.0) like Gecko"
103.127.30.137 - - [15/Apr/2026:09:17:18 +0200] "GET /wp-login.php HTTP/1.1" 500 4024 "-" "Mozilla/5.0 (Windows NT 6.1; WOW64; Trident/7.0; BOIE9;ENCA; rv:11.0) like Gecko"
85.190.254.157 - - [15/Apr/2026:09:17:57 +0200] "GET /wp-login.php HTTP/1.1" 500 4024 "-" "Mozilla/5.0 (Windows NT 6.1; WOW64; Trident/7.0; MAARJS; rv:11.0) like Gecko"
85.190.254.157 - - [15/Apr/2026:09:17:57 +0200] "POST /wp-login.php HTTP/1.1" 500 4024 "https://www.rudomilov.ru/wp-login.php" "Mozilla/5.0 (Windows NT 6.1; WOW64; Trident/7.0; MAARJS; rv:11.0) like Gecko"
94.154.35.236 - - [15/Apr/2026:09:20:57 +0200] "HEAD /catalog.tar.bz2 HTTP/1.1" 301 218 "-" "Mozilla/5.0 (Windows NT 10.0; Win64; x64) AppleWebKit/537.36 (KHTML, like Gecko) Chrome/101.0.4951.67 Safari/537.36"
95.216.2.94 - - [15/Apr/2026:09:20:58 +0200] "POST /wp-cron.php?doing_wp_cron=1776237658.2213110923767089843750 HTTP/1.1" 500 185 "-" "WordPress/6.9.4; https://www.rudomilov.ru"
94.154.35.236 - - [15/Apr/2026:09:20:57 +0200] "HEAD /catalog.tar.bz2 HTTP/1.1" 404 335 "-" "Mozilla/5.0 (Windows NT 10.0; Win64; x64) AppleWebKit/537.36 (KHTML, like Gecko) Chrome/101.0.4951.67 Safari/537.36"
103.216.118.192 - - [15/Apr/2026:09:21:25 +0200] "GET /wp-login.php HTTP/1.1" 500 4024 "-" "Mozilla/5.0 (Macintosh; Intel Mac OS X 10_14) AppleWebKit/605.1.15 (KHTML, like Gecko) Version/12.0 Safari/605.1.15"
103.216.118.192 - - [15/Apr/2026:09:21:32 +0200] "POST /wp-login.php HTTP/1.1" 500 4024 "https://www.rudomilov.ru/wp-login.php" "Mozilla/5.0 (Macintosh; Intel Mac OS X 10_14) AppleWebKit/605.1.15 (KHTML, like Gecko) Version/12.0 Safari/605.1.15"
187.110.168.96 - - [15/Apr/2026:09:23:07 +0200] "GET /wp-login.php HTTP/1.1" 500 4024 "-" "Mozilla/5.0 (Windows NT 6.1) AppleWebKit/537.36 (KHTML, like Gecko) Chrome/67.0.3396.62 Safari/537.36"
123.30.233.12 - - [15/Apr/2026:09:23:35 +0200] "GET /wp-login.php HTTP/1.1" 500 4024 "-" "Mozilla/5.0 (Windows NT 6.1; Win64; x64) AppleWebKit/537.36 (KHTML, like Gecko) Chrome/67.0.3396.87 Safari/537.36"
163.47.203.79 - - [15/Apr/2026:09:25:51 +0200] "GET /wp-login.php HTTP/1.1" 500 4024 "-" "Mozilla/5.0 (Macintosh; Intel Mac OS X 10_11_6) AppleWebKit/537.36 (KHTML, like Gecko) Chrome/65.0.3325.181 Safari/537.36"
163.47.203.79 - - [15/Apr/2026:09:25:59 +0200] "POST /wp-login.php HTTP/1.1" 500 4024 "https://www.rudomilov.ru/wp-login.php" "Mozilla/5.0 (Macintosh; Intel Mac OS X 10_11_6) AppleWebKit/537.36 (KHTML, like Gecko) Chrome/65.0.3325.181 Safari/537.36"
103.216.118.192 - - [15/Apr/2026:09:29:39 +0200] "GET /wp-login.php HTTP/1.1" 500 4024 "-" "Mozilla/5.0 (Windows NT 6.1; WOW64) AppleWebKit/537.36 (KHTML, like Gecko) Chrome/67.0.3396.79 Safari/537.36"
103.216.118.192 - - [15/Apr/2026:09:29:54 +0200] "POST /wp-login.php HTTP/1.1" 500 4024 "https://www.rudomilov.ru/wp-login.php" "Mozilla/5.0 (Windows NT 6.1; WOW64) AppleWebKit/537.36 (KHTML, like Gecko) Chrome/67.0.3396.79 Safari/537.36"
34.21.160.22 - - [15/Apr/2026:09:34:18 +0200] "GET /wp-login.php HTTP/1.1" 500 4024 "-" "Mozilla/5.0 (Windows NT 10.0; WOW64) AppleWebKit/537.36 (KHTML, like Gecko) Chrome/65.0.3325.146 Safari/537.36"
34.21.160.22 - - [15/Apr/2026:09:34:30 +0200] "POST /wp-login.php HTTP/1.1" 500 4024 "https://www.rudomilov.ru/wp-login.php" "Mozilla/5.0 (Windows NT 10.0; WOW64) AppleWebKit/537.36 (KHTML, like Gecko) Chrome/65.0.3325.146 Safari/537.36"
216.73.216.51 - - [15/Apr/2026:09:35:05 +0200] "GET /robots.txt HTTP/1.1" 200 4354 "-" "Mozilla/5.0 AppleWebKit/537.36 (KHTML, like Gecko; compatible; ClaudeBot/1.0; +claudebot@anthropic.com)"
95.216.2.94 - - [15/Apr/2026:09:35:05 +0200] "POST /wp-cron.php?doing_wp_cron=1776238505.9124219417572021484375 HTTP/1.1" 500 4024 "-" "WordPress/6.9.4; https://www.rudomilov.ru"
216.73.216.51 - - [15/Apr/2026:09:35:05 +0200] "GET /feedback/finance/feed/ HTTP/1.1" 200 1154 "-" "Mozilla/5.0 AppleWebKit/537.36 (KHTML, like Gecko; compatible; ClaudeBot/1.0; +claudebot@anthropic.com)"
45.239.148.226 - - [15/Apr/2026:09:36:18 +0200] "GET /wp-login.php HTTP/1.1" 500 4024 "-" "Mozilla/5.0 (Windows NT 10.0; WOW64; Trident/7.0; MDDCJS; rv:11.0) like Gecko"
45.239.148.226 - - [15/Apr/2026:09:36:31 +0200] "POST /wp-login.php HTTP/1.1" 500 4024 "https://www.rudomilov.ru/wp-login.php" "Mozilla/5.0 (Windows NT 10.0; WOW64; Trident/7.0; MDDCJS; rv:11.0) like Gecko"
178.20.235.164 - - [15/Apr/2026:09:36:40 +0200] "GET /category/projects/communities HTTP/1.1" 301 592 "-" "Mozilla/5.0 (Windows NT 6.1; Win64; x64) AppleWebKit/537.36 (KHTML, like Gecko) Chrome/92.0.4515.159 Safari/537.36"
95.216.2.94 - - [15/Apr/2026:09:36:40 +0200] "POST /wp-cron.php?doing_wp_cron=1776238600.8461890220642089843750 HTTP/1.1" 500 185 "-" "WordPress/6.9.4; https://www.rudomilov.ru"
178.20.235.164 - - [15/Apr/2026:09:36:40 +0200] "GET /category/projects/communities HTTP/1.1" 301 274 "-" "Mozilla/5.0 (X11; Linux x86_64; rv:90.0) Gecko/20100101 Firefox/90.0"
178.20.235.164 - - [15/Apr/2026:09:36:40 +0200] "GET /category/projects/communities/ HTTP/1.1" 200 6394 "-" "Mozilla/5.0 (Windows NT 10.0; Win64; x64) AppleWebKit/537.36 (KHTML, like Gecko) Chrome/91.0.4472.114 Safari/537.36"
95.216.2.94 - - [15/Apr/2026:09:37:59 +0200] "POST /wp-cron.php?doing_wp_cron=1776238679.7739810943603515625000 HTTP/1.1" 500 185 "-" "WordPress/6.9.4; https://www.rudomilov.ru"
109.122.193.147 - - [15/Apr/2026:09:37:59 +0200] "GET /category/projects/communities/ HTTP/1.1" 200 6431 "-" "Mozilla/5.0 (X11; Linux i686) AppleWebKit/534.24 (KHTML, like Gecko) Chrome/11.0.696.57 Safari/534.24"
66.116.198.179 - - [15/Apr/2026:09:38:10 +0200] "GET /wp-login.php HTTP/1.1" 500 4024 "-" "Mozilla/5.0 (Windows NT 5.1; Win64; x64) AppleWebKit/537.36 (KHTML, like Gecko) Chrome/58.0.3029.110 Safari/537.36 Edge/16.16299"
66.116.198.179 - - [15/Apr/2026:09:38:11 +0200] "POST /wp-login.php HTTP/1.1" 500 4024 "https://www.rudomilov.ru/wp-login.php" "Mozilla/5.0 (Windows NT 5.1; Win64; x64) AppleWebKit/537.36 (KHTML, like Gecko) Chrome/58.0.3029.110 Safari/537.36 Edge/16.16299"
95.216.2.94 - - [15/Apr/2026:09:40:12 +0200] "POST /wp-cron.php?doing_wp_cron=1776238812.7404201030731201171875 HTTP/1.1" 500 4024 "-" "WordPress/6.9.4; https://www.rudomilov.ru"
114.119.135.186 - - [15/Apr/2026:09:40:12 +0200] "GET /post-sitemap.xml HTTP/1.1" 200 4910 "-" "Mozilla/5.0 (Linux; Android 7.0;) AppleWebKit/537.36 (KHTML, like Gecko) Mobile Safari/537.36 (compatible; PetalBot;+https://webmaster.petalsearch.com/site/petalbot)"
103.127.30.137 - - [15/Apr/2026:09:42:23 +0200] "GET /wp-login.php HTTP/1.1" 500 4024 "-" "Mozilla/4.0 (compatible; MSIE 7.0; Windows NT 6.1; WOW64; Trident/7.0; SLCC2; .NET CLR 2.0.50727; .NET CLR 3.5.30729; .NET CLR 3.0.30729; Media Center PC 6.0; .NET4.0C; .NET4.0E; GWX:RESERVED)"
103.127.30.137 - - [15/Apr/2026:09:42:24 +0200] "POST /wp-login.php HTTP/1.1" 500 4024 "https://www.rudomilov.ru/wp-login.php" "Mozilla/4.0 (compatible; MSIE 7.0; Windows NT 6.1; WOW64; Trident/7.0; SLCC2; .NET CLR 2.0.50727; .NET CLR 3.5.30729; .NET CLR 3.0.30729; Media Center PC 6.0; .NET4.0C; .NET4.0E; GWX:RESERVED)"
173.231.203.220 - - [15/Apr/2026:09:42:50 +0200] "GET /wp-login.php HTTP/1.1" 500 4024 "-" "Mozilla/5.0 (X11; Linux x86_64) AppleWebKit/537.36 (KHTML, like Gecko) Chrome/66.0.3359.139 Safari/537.36"
173.231.203.220 - - [15/Apr/2026:09:42:52 +0200] "POST /wp-login.php HTTP/1.1" 500 4024 "https://www.rudomilov.ru/wp-login.php" "Mozilla/5.0 (X11; Linux x86_64) AppleWebKit/537.36 (KHTML, like Gecko) Chrome/66.0.3359.139 Safari/537.36"
94.154.35.236 - - [15/Apr/2026:09:48:14 +0200] "HEAD /catalog.gz HTTP/1.1" 301 213 "-" "Mozilla/5.0 (Windows NT 10.0; Win64; x64) AppleWebKit/537.36 (KHTML, like Gecko) Chrome/101.0.4951.67 Safari/537.36"
95.216.2.94 - - [15/Apr/2026:09:48:16 +0200] "POST /wp-cron.php?doing_wp_cron=1776239295.9471950531005859375000 HTTP/1.1" 500 185 "-" "WordPress/6.9.4; https://www.rudomilov.ru"
94.154.35.236 - - [15/Apr/2026:09:48:15 +0200] "HEAD /catalog.gz HTTP/1.1" 404 335 "-" "Mozilla/5.0 (Windows NT 10.0; Win64; x64) AppleWebKit/537.36 (KHTML, like Gecko) Chrome/101.0.4951.67 Safari/537.36"
109.70.100.6 - - [15/Apr/2026:09:48:48 +0200] "GET /feed/ HTTP/1.1" 200 4048 "-" "Mozilla/5.0 (iPhone; CPU iPhone OS 11_4 like Mac OS X) AppleWebKit/604.1.34 (KHTML, like Gecko) Version/11.0 YaBrowser/19.10.2.142.10 Mobile/15E148 Safari/604.1"
179.108.84.136 - - [15/Apr/2026:09:49:22 +0200] "GET /wp-login.php HTTP/1.1" 500 4024 "-" "Mozilla/5.0 (Windows NT 6.3; WOW64; Trident/7.0; Touch; ASU2JS; rv:11.0) like Gecko"
179.108.84.136 - - [15/Apr/2026:09:49:35 +0200] "POST /wp-login.php HTTP/1.1" 500 4024 "https://www.rudomilov.ru/wp-login.php" "Mozilla/5.0 (Windows NT 6.3; WOW64; Trident/7.0; Touch; ASU2JS; rv:11.0) like Gecko"
135.236.141.36 - - [15/Apr/2026:09:50:08 +0200] "GET /wp-login.php HTTP/1.1" 500 4024 "-" "Mozilla/5.0 (Windows NT 6.3; WOW64; Trident/7.0; MAMIJS; rv:11.0) like Gecko"
135.236.141.36 - - [15/Apr/2026:09:50:08 +0200] "POST /wp-login.php HTTP/1.1" 500 4024 "https://www.rudomilov.ru/wp-login.php" "Mozilla/5.0 (Windows NT 6.3; WOW64; Trident/7.0; MAMIJS; rv:11.0) like Gecko"
77.75.79.32 - - [15/Apr/2026:09:51:55 +0200] "GET /robots.txt HTTP/1.1" 200 571 "-" "Mozilla/5.0 (compatible; SeznamBot/4.0; +https://o-seznam.cz/napoveda/vyhledavani/en/seznambot-crawler/)"
77.75.79.32 - - [15/Apr/2026:09:51:56 +0200] "GET /sitemap.xml HTTP/1.1" 200 755 "-" "Mozilla/5.0 (compatible; SeznamBot/4.0; +https://o-seznam.cz/napoveda/vyhledavani/en/seznambot-crawler/)"
95.216.2.94 - - [15/Apr/2026:09:51:56 +0200] "POST /wp-cron.php?doing_wp_cron=1776239516.8545219898223876953125 HTTP/1.1" 500 185 "-" "WordPress/6.9.4; https://www.rudomilov.ru"
46.8.111.119 - - [15/Apr/2026:09:52:33 +0200] "GET / HTTP/1.0" 301 3614 "https://rudomilov.ru/" "Mozilla/5.0 (Windows NT 6.3) AppleWebKit/537.36 (KHTML, like Gecko) Chrome/103.0.0.0 Safari/537.36"
46.8.111.119 - - [15/Apr/2026:09:52:34 +0200] "GET / HTTP/1.0" 200 25980 "https://www.rudomilov.ru/" "Mozilla/5.0 (Windows NT 6.3) AppleWebKit/537.36 (KHTML, like Gecko) Chrome/103.0.0.0 Safari/537.36"
162.241.219.107 - - [15/Apr/2026:09:52:51 +0200] "GET /wp-login.php HTTP/1.1" 500 4024 "-" "Mozilla/5.0 (Macintosh; Intel Mac OS X 10_11_6) AppleWebKit/537.36 (KHTML, like Gecko) Chrome/66.0.3359.181 Safari/537.36"
162.241.219.107 - - [15/Apr/2026:09:52:52 +0200] "POST /wp-login.php HTTP/1.1" 500 4024 "https://www.rudomilov.ru/wp-login.php" "Mozilla/5.0 (Macintosh; Intel Mac OS X 10_11_6) AppleWebKit/537.36 (KHTML, like Gecko) Chrome/66.0.3359.181 Safari/537.36"
95.216.2.94 - - [15/Apr/2026:09:56:19 +0200] "POST /wp-cron.php?doing_wp_cron=1776239779.6855010986328125000000 HTTP/1.1" 500 185 "-" "WordPress/6.9.4; https://www.rudomilov.ru"
84.252.143.219 - - [15/Apr/2026:09:56:19 +0200] "GET / HTTP/1.1" 301 225 "-" "Mozilla/5.0 (Windows NT 6.3; Win64; x64) AppleWebKit/537.36 (KHTML, like Gecko) Chrome/37.0.2049.0 Safari/537.36"
84.252.143.219 - - [15/Apr/2026:09:56:19 +0200] "GET / HTTP/1.1" 200 7743 "-" "Mozilla/5.0 (Windows NT 6.3; Win64; x64) AppleWebKit/537.36 (KHTML, like Gecko) Chrome/37.0.2049.0 Safari/537.36"
84.252.143.219 - - [15/Apr/2026:09:56:20 +0200] "GET /about/ HTTP/1.1" 200 9981 "-" "Mozilla/5.0 (Windows NT 6.3; Win64; x64) AppleWebKit/537.36 (KHTML, like Gecko) Chrome/37.0.2049.0 Safari/537.36"
84.252.143.219 - - [15/Apr/2026:09:56:21 +0200] "GET /feedback/ HTTP/1.1" 200 10346 "-" "Mozilla/5.0 (Windows NT 6.3; Win64; x64) AppleWebKit/537.36 (KHTML, like Gecko) Chrome/37.0.2049.0 Safari/537.36"
95.216.2.94 - - [15/Apr/2026:09:57:34 +0200] "POST /wp-cron.php?doing_wp_cron=1776239854.9516360759735107421875 HTTP/1.1" 500 4024 "-" "WordPress/6.9.4; https://www.rudomilov.ru"
194.54.161.178 - - [15/Apr/2026:09:57:34 +0200] "GET / HTTP/1.1" 200 11634 "https://www.podebrady.study/" "Mozilla/5.0 (Windows NT 10.0; Win64; x64; rv:149.0) Gecko/20100101 Firefox/149.0"
194.54.161.178 - - [15/Apr/2026:09:57:35 +0200] "GET /wp-content/themes/boldy/style.css HTTP/1.1" 200 4198 "https://www.rudomilov.ru/" "Mozilla/5.0 (Windows NT 10.0; Win64; x64; rv:149.0) Gecko/20100101 Firefox/149.0"
194.54.161.178 - - [15/Apr/2026:09:57:35 +0200] "GET /wp-content/themes/boldy/css/prettyPhoto.css HTTP/1.1" 200 2237 "https://www.rudomilov.ru/" "Mozilla/5.0 (Windows NT 10.0; Win64; x64; rv:149.0) Gecko/20100101 Firefox/149.0"
194.54.161.178 - - [15/Apr/2026:09:57:35 +0200] "GET /wp-content/themes/boldy/js/jquery.nivo.slider.pack.js HTTP/1.1" 200 3247 "https://www.rudomilov.ru/" "Mozilla/5.0 (Windows NT 10.0; Win64; x64; rv:149.0) Gecko/20100101 Firefox/149.0"
194.54.161.178 - - [15/Apr/2026:09:57:35 +0200] "GET /wp-content/themes/boldy/css/ddsmoothmenu.css HTTP/1.1" 200 1587 "https://www.rudomilov.ru/" "Mozilla/5.0 (Windows NT 10.0; Win64; x64; rv:149.0) Gecko/20100101 Firefox/149.0"
194.54.161.178 - - [15/Apr/2026:09:57:35 +0200] "GET /wp-content/themes/boldy/css/nivo-slider.css HTTP/1.1" 200 4929 "https://www.rudomilov.ru/" "Mozilla/5.0 (Windows NT 10.0; Win64; x64; rv:149.0) Gecko/20100101 Firefox/149.0"
194.54.161.178 - - [15/Apr/2026:09:57:35 +0200] "GET /wp-content/themes/boldy/js/ddsmoothmenu.js HTTP/1.1" 200 6842 "https://www.rudomilov.ru/" "Mozilla/5.0 (Windows NT 10.0; Win64; x64; rv:149.0) Gecko/20100101 Firefox/149.0"
194.54.161.178 - - [15/Apr/2026:09:57:35 +0200] "GET /wp-content/themes/boldy/js/jquery.form.js HTTP/1.1" 200 9980 "https://www.rudomilov.ru/" "Mozilla/5.0 (Windows NT 10.0; Win64; x64; rv:149.0) Gecko/20100101 Firefox/149.0"
194.54.161.178 - - [15/Apr/2026:09:57:35 +0200] "GET /wp-content/themes/boldy/js/jquery-1.4.2.min.js HTTP/1.1" 200 25709 "https://www.rudomilov.ru/" "Mozilla/5.0 (Windows NT 10.0; Win64; x64; rv:149.0) Gecko/20100101 Firefox/149.0"
194.54.161.178 - - [15/Apr/2026:09:57:35 +0200] "GET /wp-content/themes/boldy/js/jquery.prettyPhoto.js HTTP/1.1" 200 4802 "https://www.rudomilov.ru/" "Mozilla/5.0 (Windows NT 10.0; Win64; x64; rv:149.0) Gecko/20100101 Firefox/149.0"
194.54.161.178 - - [15/Apr/2026:09:57:35 +0200] "GET /wp-content/themes/boldy/js/custom.js HTTP/1.1" 200 1280 "https://www.rudomilov.ru/" "Mozilla/5.0 (Windows NT 10.0; Win64; x64; rv:149.0) Gecko/20100101 Firefox/149.0"
194.54.161.178 - - [15/Apr/2026:09:57:35 +0200] "GET /wp-content/themes/boldy/js/cufon-yui.js HTTP/1.1" 200 7962 "https://www.rudomilov.ru/" "Mozilla/5.0 (Windows NT 10.0; Win64; x64; rv:149.0) Gecko/20100101 Firefox/149.0"
194.54.161.178 - - [15/Apr/2026:09:57:35 +0200] "GET /wp-content/themes/boldy/js/Museo_Slab_500_400.font.js HTTP/1.1" 200 149198 "https://www.rudomilov.ru/" "Mozilla/5.0 (Windows NT 10.0; Win64; x64; rv:149.0) Gecko/20100101 Firefox/149.0"
194.54.161.178 - - [15/Apr/2026:09:57:36 +0200] "GET /wp-content/themes/boldy/images/ico_twitter.png HTTP/1.1" 200 2651 "https://www.rudomilov.ru/" "Mozilla/5.0 (Windows NT 10.0; Win64; x64; rv:149.0) Gecko/20100101 Firefox/149.0"
194.54.161.178 - - [15/Apr/2026:09:57:36 +0200] "GET /wp-content/themes/boldy/images/ico_vkontakte.png HTTP/1.1" 200 2516 "https://www.rudomilov.ru/" "Mozilla/5.0 (Windows NT 10.0; Win64; x64; rv:149.0) Gecko/20100101 Firefox/149.0"
194.54.161.178 - - [15/Apr/2026:09:57:36 +0200] "GET /wp-content/themes/boldy/images/logo.png HTTP/1.1" 200 2794 "https://www.rudomilov.ru/" "Mozilla/5.0 (Windows NT 10.0; Win64; x64; rv:149.0) Gecko/20100101 Firefox/149.0"
194.54.161.178 - - [15/Apr/2026:09:57:36 +0200] "GET /wp-content/themes/boldy/images/ico_facebook.png HTTP/1.1" 200 2613 "https://www.rudomilov.ru/" "Mozilla/5.0 (Windows NT 10.0; Win64; x64; rv:149.0) Gecko/20100101 Firefox/149.0"
194.54.161.178 - - [15/Apr/2026:09:57:36 +0200] "GET /wp-content/themes/boldy/images/ico_livejournal.png HTTP/1.1" 200 2476 "https://www.rudomilov.ru/" "Mozilla/5.0 (Windows NT 10.0; Win64; x64; rv:149.0) Gecko/20100101 Firefox/149.0"
194.54.161.178 - - [15/Apr/2026:09:57:36 +0200] "GET /wp-content/themes/boldy/images/but_blurb.png HTTP/1.1" 200 11018 "https://www.rudomilov.ru/" "Mozilla/5.0 (Windows NT 10.0; Win64; x64; rv:149.0) Gecko/20100101 Firefox/149.0"
194.54.161.178 - - [15/Apr/2026:09:57:36 +0200] "GET /wp-content/themes/boldy/images/bk_body.jpg HTTP/1.1" 200 1595 "https://www.rudomilov.ru/wp-content/themes/boldy/style.css" "Mozilla/5.0 (Windows NT 10.0; Win64; x64; rv:149.0) Gecko/20100101 Firefox/149.0"
194.54.161.178 - - [15/Apr/2026:09:57:36 +0200] "GET /wp-includes/js/wp-emoji-release.min.js?ver=6.9.4 HTTP/1.1" 200 5802 "https://www.rudomilov.ru/" "Mozilla/5.0 (Windows NT 10.0; Win64; x64; rv:149.0) Gecko/20100101 Firefox/149.0"
194.54.161.178 - - [15/Apr/2026:09:57:36 +0200] "GET /wp-content/themes/boldy/images/bk_main_wrapper_home.png HTTP/1.1" 200 715 "https://www.rudomilov.ru/wp-content/themes/boldy/style.css" "Mozilla/5.0 (Windows NT 10.0; Win64; x64; rv:149.0) Gecko/20100101 Firefox/149.0"
194.54.161.178 - - [15/Apr/2026:09:57:36 +0200] "GET /wp-content/themes/boldy/images/bk_header.png HTTP/1.1" 200 14789 "https://www.rudomilov.ru/wp-content/themes/boldy/style.css" "Mozilla/5.0 (Windows NT 10.0; Win64; x64; rv:149.0) Gecko/20100101 Firefox/149.0"
194.54.161.178 - - [15/Apr/2026:09:57:36 +0200] "GET /wp-content/themes/boldy/images/bk_mainmenu.png HTTP/1.1" 200 732 "https://www.rudomilov.ru/wp-content/themes/boldy/style.css" "Mozilla/5.0 (Windows NT 10.0; Win64; x64; rv:149.0) Gecko/20100101 Firefox/149.0"
194.54.161.178 - - [15/Apr/2026:09:57:36 +0200] "GET /wp-content/themes/boldy/images/but_search.png HTTP/1.1" 200 3567 "https://www.rudomilov.ru/wp-content/themes/boldy/style.css" "Mozilla/5.0 (Windows NT 10.0; Win64; x64; rv:149.0) Gecko/20100101 Firefox/149.0"
194.54.161.178 - - [15/Apr/2026:09:57:36 +0200] "GET /wp-content/themes/boldy/images/bk_top_search.png HTTP/1.1" 200 603 "https://www.rudomilov.ru/wp-content/themes/boldy/style.css" "Mozilla/5.0 (Windows NT 10.0; Win64; x64; rv:149.0) Gecko/20100101 Firefox/149.0"
194.54.161.178 - - [15/Apr/2026:09:57:36 +0200] "GET /wp-content/themes/boldy/images/bk_topsocial.png HTTP/1.1" 200 1100 "https://www.rudomilov.ru/wp-content/themes/boldy/style.css" "Mozilla/5.0 (Windows NT 10.0; Win64; x64; rv:149.0) Gecko/20100101 Firefox/149.0"
194.54.161.178 - - [15/Apr/2026:09:57:36 +0200] "GET /wp-content/themes/boldy/images/loading.gif HTTP/1.1" 200 6856 "https://www.rudomilov.ru/wp-content/themes/boldy/style.css" "Mozilla/5.0 (Windows NT 10.0; Win64; x64; rv:149.0) Gecko/20100101 Firefox/149.0"
194.54.161.178 - - [15/Apr/2026:09:57:36 +0200] "GET /wp-content/themes/boldy/images/bk_shadow_slider.png HTTP/1.1" 200 6738 "https://www.rudomilov.ru/" "Mozilla/5.0 (Windows NT 10.0; Win64; x64; rv:149.0) Gecko/20100101 Firefox/149.0"
194.54.161.178 - - [15/Apr/2026:09:57:36 +0200] "GET /wp-content/themes/boldy/images/bk_blurb.jpg HTTP/1.1" 200 723 "https://www.rudomilov.ru/wp-content/themes/boldy/style.css" "Mozilla/5.0 (Windows NT 10.0; Win64; x64; rv:149.0) Gecko/20100101 Firefox/149.0"
194.54.161.178 - - [15/Apr/2026:09:57:36 +0200] "GET /wp-content/themes/boldy/images/bk_horiz_line.jpg HTTP/1.1" 200 657 "https://www.rudomilov.ru/wp-content/themes/boldy/style.css" "Mozilla/5.0 (Windows NT 10.0; Win64; x64; rv:149.0) Gecko/20100101 Firefox/149.0"
194.54.161.178 - - [15/Apr/2026:09:57:36 +0200] "GET /wp-content/themes/boldy/images/but_show_hide.png HTTP/1.1" 200 2703 "https://www.rudomilov.ru/wp-content/themes/boldy/style.css" "Mozilla/5.0 (Windows NT 10.0; Win64; x64; rv:149.0) Gecko/20100101 Firefox/149.0"
194.54.161.178 - - [15/Apr/2026:09:57:36 +0200] "GET /wp-content/themes/boldy/images/twitter_ill.png HTTP/1.1" 200 10526 "https://www.rudomilov.ru/wp-content/themes/boldy/style.css" "Mozilla/5.0 (Windows NT 10.0; Win64; x64; rv:149.0) Gecko/20100101 Firefox/149.0"
194.54.161.178 - - [15/Apr/2026:09:57:36 +0200] "GET /wp-content/themes/boldy/images/but_actions.png HTTP/1.1" 200 2948 "https://www.rudomilov.ru/wp-content/themes/boldy/style.css" "Mozilla/5.0 (Windows NT 10.0; Win64; x64; rv:149.0) Gecko/20100101 Firefox/149.0"
194.54.161.178 - - [15/Apr/2026:09:57:36 +0200] "GET /i/slider_ntk.jpg HTTP/1.1" 404 16665 "https://www.rudomilov.ru/" "Mozilla/5.0 (Windows NT 10.0; Win64; x64; rv:149.0) Gecko/20100101 Firefox/149.0"
194.54.161.178 - - [15/Apr/2026:09:57:36 +0200] "GET /i/slider_zamek.jpg HTTP/1.1" 404 16667 "https://www.rudomilov.ru/" "Mozilla/5.0 (Windows NT 10.0; Win64; x64; rv:149.0) Gecko/20100101 Firefox/149.0"
194.54.161.178 - - [15/Apr/2026:09:57:36 +0200] "GET /wp-content/themes/boldy/images/bk_latest_tweet.png HTTP/1.1" 200 1900 "https://www.rudomilov.ru/wp-content/themes/boldy/style.css" "Mozilla/5.0 (Windows NT 10.0; Win64; x64; rv:149.0) Gecko/20100101 Firefox/149.0"
194.54.161.178 - - [15/Apr/2026:09:57:36 +0200] "GET /wp-content/themes/boldy/images/bk_footer_widgets.png HTTP/1.1" 200 1056 "https://www.rudomilov.ru/wp-content/themes/boldy/style.css" "Mozilla/5.0 (Windows NT 10.0; Win64; x64; rv:149.0) Gecko/20100101 Firefox/149.0"
194.54.161.178 - - [15/Apr/2026:09:57:36 +0200] "GET /i/logo_webing.png HTTP/1.1" 404 16666 "https://www.rudomilov.ru/" "Mozilla/5.0 (Windows NT 10.0; Win64; x64; rv:149.0) Gecko/20100101 Firefox/149.0"
194.54.161.178 - - [15/Apr/2026:09:57:36 +0200] "GET /wp-content/themes/boldy/images/prettyPhoto/light_rounded/sprite.png HTTP/1.1" 200 4369 "https://www.rudomilov.ru/wp-content/themes/boldy/css/prettyPhoto.css" "Mozilla/5.0 (Windows NT 10.0; Win64; x64; rv:149.0) Gecko/20100101 Firefox/149.0"
194.54.161.178 - - [15/Apr/2026:09:57:36 +0200] "GET /i/podebrady_cs_logo.png HTTP/1.1" 404 16672 "https://www.rudomilov.ru/" "Mozilla/5.0 (Windows NT 10.0; Win64; x64; rv:149.0) Gecko/20100101 Firefox/149.0"
194.54.161.178 - - [15/Apr/2026:09:57:37 +0200] "GET /wp-content/themes/boldy/images/bl_latesttweet_bottom.png HTTP/1.1" 200 1816 "https://www.rudomilov.ru/wp-content/themes/boldy/style.css" "Mozilla/5.0 (Windows NT 10.0; Win64; x64; rv:149.0) Gecko/20100101 Firefox/149.0"
194.54.161.178 - - [15/Apr/2026:09:57:37 +0200] "GET /wp-content/themes/boldy/images/prettyPhoto/light_rounded/loader.gif HTTP/1.1" 200 2906 "https://www.rudomilov.ru/wp-content/themes/boldy/css/prettyPhoto.css" "Mozilla/5.0 (Windows NT 10.0; Win64; x64; rv:149.0) Gecko/20100101 Firefox/149.0"
194.54.161.178 - - [15/Apr/2026:09:57:37 +0200] "GET /wp-content/themes/boldy/images/quick_contact_ill.png HTTP/1.1" 200 5596 "https://www.rudomilov.ru/wp-content/themes/boldy/style.css" "Mozilla/5.0 (Windows NT 10.0; Win64; x64; rv:149.0) Gecko/20100101 Firefox/149.0"
194.54.161.178 - - [15/Apr/2026:09:57:37 +0200] "GET /favicon.ico HTTP/1.1" 200 1526 "https://www.rudomilov.ru/" "Mozilla/5.0 (Windows NT 10.0; Win64; x64; rv:149.0) Gecko/20100101 Firefox/149.0"
194.54.161.178 - - [15/Apr/2026:09:57:36 +0200] "GET /i/study_cvut_logo.png HTTP/1.1" 404 16670 "https://www.rudomilov.ru/" "Mozilla/5.0 (Windows NT 10.0; Win64; x64; rv:149.0) Gecko/20100101 Firefox/149.0"
194.54.161.178 - - [15/Apr/2026:09:57:37 +0200] "GET /i/slider_staromestska.jpg HTTP/1.1" 404 17238 "https://www.rudomilov.ru/" "Mozilla/5.0 (Windows NT 10.0; Win64; x64; rv:149.0) Gecko/20100101 Firefox/149.0"
194.54.161.178 - - [15/Apr/2026:09:57:37 +0200] "GET /wp-content/themes/boldy/images/but_prev.png HTTP/1.1" 200 937 "https://www.rudomilov.ru/wp-content/themes/boldy/css/nivo-slider.css" "Mozilla/5.0 (Windows NT 10.0; Win64; x64; rv:149.0) Gecko/20100101 Firefox/149.0"
194.54.161.178 - - [15/Apr/2026:09:57:37 +0200] "GET /wp-content/themes/boldy/images/but_next.png HTTP/1.1" 200 926 "https://www.rudomilov.ru/wp-content/themes/boldy/css/nivo-slider.css" "Mozilla/5.0 (Windows NT 10.0; Win64; x64; rv:149.0) Gecko/20100101 Firefox/149.0"
194.54.161.178 - - [15/Apr/2026:09:57:38 +0200] "GET /wp-content/themes/boldy/images/slider_controlnav.png HTTP/1.1" 200 1516 "https://www.rudomilov.ru/wp-content/themes/boldy/css/nivo-slider.css" "Mozilla/5.0 (Windows NT 10.0; Win64; x64; rv:149.0) Gecko/20100101 Firefox/149.0"
194.54.161.178 - - [15/Apr/2026:09:57:37 +0200] "GET /i/slider_zamek.jpg HTTP/1.1" 404 16667 "https://www.rudomilov.ru/" "Mozilla/5.0 (Windows NT 10.0; Win64; x64; rv:149.0) Gecko/20100101 Firefox/149.0"
