43.139.4.103 - - [15/Apr/2026:11:21:04 +0200] "GET /?author=11 HTTP/1.1" 404 16497 "-" "Apache-HttpClient/4.5.2 (Java/1.8.0_151)"
203.201.164.142 - - [15/Apr/2026:11:21:04 +0200] "GET /wp-login.php HTTP/1.1" 500 4024 "-" "Mozilla/5.0 (Windows NT 10.0; WOW64) AppleWebKit/537.36 (KHTML, like Gecko) Chrome/66.0.3359.139 Safari/537.36"
43.139.4.103 - - [15/Apr/2026:11:21:04 +0200] "GET /?author=12 HTTP/1.1" 301 402 "-" "Apache-HttpClient/4.5.2 (Java/1.8.0_151)"
43.139.4.103 - - [15/Apr/2026:11:21:05 +0200] "GET /?author=12 HTTP/1.1" 404 16497 "-" "Apache-HttpClient/4.5.2 (Java/1.8.0_151)"
43.139.4.103 - - [15/Apr/2026:11:21:07 +0200] "GET /?author=13 HTTP/1.1" 301 402 "-" "Apache-HttpClient/4.5.2 (Java/1.8.0_151)"
43.139.4.103 - - [15/Apr/2026:11:21:08 +0200] "GET /?author=13 HTTP/1.1" 404 16497 "-" "Apache-HttpClient/4.5.2 (Java/1.8.0_151)"
203.201.164.142 - - [15/Apr/2026:11:21:09 +0200] "POST /wp-login.php HTTP/1.1" 500 4024 "https://www.rudomilov.ru/wp-login.php" "Mozilla/5.0 (Windows NT 10.0; WOW64) AppleWebKit/537.36 (KHTML, like Gecko) Chrome/66.0.3359.139 Safari/537.36"
43.139.4.103 - - [15/Apr/2026:11:21:10 +0200] "GET /?author=14 HTTP/1.1" 301 402 "-" "Apache-HttpClient/4.5.2 (Java/1.8.0_151)"
43.139.4.103 - - [15/Apr/2026:11:21:11 +0200] "GET /?author=14 HTTP/1.1" 404 16497 "-" "Apache-HttpClient/4.5.2 (Java/1.8.0_151)"
43.139.4.103 - - [15/Apr/2026:11:21:13 +0200] "GET /?author=15 HTTP/1.1" 301 402 "-" "Apache-HttpClient/4.5.2 (Java/1.8.0_151)"
43.139.4.103 - - [15/Apr/2026:11:21:13 +0200] "GET /?author=15 HTTP/1.1" 404 16497 "-" "Apache-HttpClient/4.5.2 (Java/1.8.0_151)"
43.139.4.103 - - [15/Apr/2026:11:21:14 +0200] "GET /?author=16 HTTP/1.1" 301 402 "-" "Apache-HttpClient/4.5.2 (Java/1.8.0_151)"
43.139.4.103 - - [15/Apr/2026:11:21:15 +0200] "GET /?author=16 HTTP/1.1" 404 16497 "-" "Apache-HttpClient/4.5.2 (Java/1.8.0_151)"
43.139.4.103 - - [15/Apr/2026:11:21:16 +0200] "GET /?author=17 HTTP/1.1" 301 402 "-" "Apache-HttpClient/4.5.2 (Java/1.8.0_151)"
85.10.204.138 - - [15/Apr/2026:11:21:21 +0200] "GET /wp-login.php HTTP/1.1" 500 4024 "-" "Mozilla/5.0 (Windows NT 6.1) AppleWebKit/537.36 (KHTML, like Gecko) Chrome/66.0.3359.181 Safari/537.36"
95.216.2.94 - - [15/Apr/2026:11:21:21 +0200] "POST /wp-cron.php?doing_wp_cron=1776244881.7648799419403076171875 HTTP/1.1" 500 185 "-" "WordPress/6.9.4; https://www.rudomilov.ru"
43.139.4.103 - - [15/Apr/2026:11:21:21 +0200] "GET /?author=17 HTTP/1.1" 404 16498 "-" "Apache-HttpClient/4.5.2 (Java/1.8.0_151)"
43.139.4.103 - - [15/Apr/2026:11:21:23 +0200] "GET /?author=18 HTTP/1.1" 301 403 "-" "Apache-HttpClient/4.5.2 (Java/1.8.0_151)"
43.139.4.103 - - [15/Apr/2026:11:21:24 +0200] "GET /?author=18 HTTP/1.1" 404 16497 "-" "Apache-HttpClient/4.5.2 (Java/1.8.0_151)"
43.139.4.103 - - [15/Apr/2026:11:21:27 +0200] "GET /?author=19 HTTP/1.1" 301 402 "-" "Apache-HttpClient/4.5.2 (Java/1.8.0_151)"
43.139.4.103 - - [15/Apr/2026:11:21:28 +0200] "GET /?author=19 HTTP/1.1" 404 16497 "-" "Apache-HttpClient/4.5.2 (Java/1.8.0_151)"
85.10.204.138 - - [15/Apr/2026:11:21:28 +0200] "POST /wp-login.php HTTP/1.1" 500 4024 "https://www.rudomilov.ru/wp-login.php" "Mozilla/5.0 (Windows NT 6.1) AppleWebKit/537.36 (KHTML, like Gecko) Chrome/66.0.3359.181 Safari/537.36"
111.225.148.144 - - [15/Apr/2026:11:21:41 +0200] "GET /robots.txt HTTP/1.1" 200 534 "-" "Mozilla/5.0 (Linux; Android 5.0) AppleWebKit/537.36 (KHTML, like Gecko) Mobile Safari/537.36 (compatible; Bytespider; https://zhanzhang.toutiao.com/)"
93.39.85.202 - - [15/Apr/2026:11:21:58 +0200] "GET /wp-login.php HTTP/1.1" 500 4024 "-" "Mozilla/5.0 (Windows NT 6.1; WOW64; Trident/7.0; EIE10;ENGBMSN; rv:11.0) like Gecko"
93.39.85.202 - - [15/Apr/2026:11:22:02 +0200] "POST /wp-login.php HTTP/1.1" 500 4024 "https://www.rudomilov.ru/wp-login.php" "Mozilla/5.0 (Windows NT 6.1; WOW64; Trident/7.0; EIE10;ENGBMSN; rv:11.0) like Gecko"
108.179.253.225 - - [15/Apr/2026:11:24:32 +0200] "GET /wp-login.php HTTP/1.1" 500 4024 "-" "Mozilla/5.0 (Windows NT 6.2; Win64; x64) AppleWebKit/537.36 (KHTML, like Gecko) Chrome/65.0.3325.181 Safari/537.36"
178.33.251.48 - - [15/Apr/2026:11:28:25 +0200] "GET /wp-login.php HTTP/1.1" 500 4024 "-" "Mozilla/5.0 (Windows NT 6.3; WOW64; Trident/7.0; Touch; TNJB; rv:11.0) like Gecko"
178.33.251.48 - - [15/Apr/2026:11:28:30 +0200] "POST /wp-login.php HTTP/1.1" 500 4024 "https://www.rudomilov.ru/wp-login.php" "Mozilla/5.0 (Windows NT 6.3; WOW64; Trident/7.0; Touch; TNJB; rv:11.0) like Gecko"
103.121.26.217 - - [15/Apr/2026:11:28:49 +0200] "GET /wp-login.php HTTP/1.1" 500 4024 "-" "Mozilla/5.0 (Macintosh; Intel Mac OS X 10_11_6) AppleWebKit/537.36 (KHTML, like Gecko) Chrome/65.0.3325.162 Safari/537.36"
103.121.26.217 - - [15/Apr/2026:11:28:50 +0200] "POST /wp-login.php HTTP/1.1" 500 4024 "https://www.rudomilov.ru/wp-login.php" "Mozilla/5.0 (Macintosh; Intel Mac OS X 10_11_6) AppleWebKit/537.36 (KHTML, like Gecko) Chrome/65.0.3325.162 Safari/537.36"
95.216.2.94 - - [15/Apr/2026:11:31:36 +0200] "POST /wp-cron.php?doing_wp_cron=1776245496.9656319618225097656250 HTTP/1.1" 500 185 "-" "WordPress/6.9.4; https://www.rudomilov.ru"
3.80.104.185 - - [15/Apr/2026:11:31:36 +0200] "GET /feed/ HTTP/1.1" 200 4048 "https://www.google.com/" "Mozilla/5.0 (Windows NT 6.1; Win64; x64; rv:73.0) Gecko/20100101 Firefox/73.0"
195.2.78.191 - - [15/Apr/2026:11:31:42 +0200] "GET /feedback/ HTTP/1.0" 200 19076 "http://www.rudomilov.ru/feedback/" "Mozilla/5.0 (Windows NT 10.0; Win64; x64) AppleWebKit/537.36 (KHTML, like Gecko) Chrome/130.0.0.0 Safari/537.36 CCleaner/130.0.0.0"
195.2.78.191 - - [15/Apr/2026:11:31:42 +0200] "POST /wp-content/themes/boldy/sendmail.php HTTP/1.0" 200 314 "http://www.rudomilov.ru/feedback/" "Mozilla/5.0 (Windows NT 10.0; Win64; x64) AppleWebKit/537.36 (KHTML, like Gecko) Chrome/130.0.0.0 Safari/537.36 CCleaner/130.0.0.0"
208.109.188.137 - - [15/Apr/2026:11:35:06 +0200] "GET /wp-login.php HTTP/1.1" 500 4024 "-" "Mozilla/5.0 (Windows NT 6.1; Trident/7.0; yie11; rv:11.0) like Gecko"
208.109.188.137 - - [15/Apr/2026:11:35:07 +0200] "POST /wp-login.php HTTP/1.1" 500 4024 "https://www.rudomilov.ru/wp-login.php" "Mozilla/5.0 (Windows NT 6.1; Trident/7.0; yie11; rv:11.0) like Gecko"
103.91.245.241 - - [15/Apr/2026:11:35:24 +0200] "GET /wp-login.php HTTP/1.1" 500 4024 "-" "Mozilla/5.0 (Windows NT 10.0; Win64; x64) AppleWebKit/537.36 (KHTML, like Gecko) Chrome/66.0.3359.117 Safari/537.36"
103.91.245.241 - - [15/Apr/2026:11:35:29 +0200] "POST /wp-login.php HTTP/1.1" 500 4024 "https://www.rudomilov.ru/wp-login.php" "Mozilla/5.0 (Windows NT 10.0; Win64; x64) AppleWebKit/537.36 (KHTML, like Gecko) Chrome/66.0.3359.117 Safari/537.36"
95.216.2.94 - - [15/Apr/2026:11:35:36 +0200] "POST /wp-cron.php?doing_wp_cron=1776245736.6997408866882324218750 HTTP/1.1" 500 185 "-" "WordPress/6.9.4; https://www.rudomilov.ru"
45.86.30.251 - - [15/Apr/2026:11:35:36 +0200] "GET / HTTP/1.1" 200 7799 "-" "Mozilla/5.0 (Macintosh; Intel Mac OS X 10_15_7) AppleWebKit/537.36 (KHTML, like Gecko) Chrome/142.0.0.0 Safari/537.36"
94.154.35.236 - - [15/Apr/2026:11:36:43 +0200] "HEAD /new.rar HTTP/1.1" 301 210 "-" "Mozilla/5.0 (Windows NT 10.0; Win64; x64) AppleWebKit/537.36 (KHTML, like Gecko) Chrome/101.0.4951.67 Safari/537.36"
95.216.2.94 - - [15/Apr/2026:11:36:44 +0200] "POST /wp-cron.php?doing_wp_cron=1776245804.0284740924835205078125 HTTP/1.1" 500 185 "-" "WordPress/6.9.4; https://www.rudomilov.ru"
94.154.35.236 - - [15/Apr/2026:11:36:43 +0200] "HEAD /new.rar HTTP/1.1" 404 335 "-" "Mozilla/5.0 (Windows NT 10.0; Win64; x64) AppleWebKit/537.36 (KHTML, like Gecko) Chrome/101.0.4951.67 Safari/537.36"
178.20.235.164 - - [15/Apr/2026:11:37:05 +0200] "GET /category/projects/communities HTTP/1.1" 301 592 "-" "Mozilla/5.0 (X11; Ubuntu; Linux x86_64; rv:91.0) Gecko/20100101 Firefox/91.0"
178.20.235.164 - - [15/Apr/2026:11:37:05 +0200] "GET /category/projects/communities HTTP/1.1" 301 274 "-" "Mozilla/5.0 (X11; Ubuntu; Linux x86_64; rv:89.0) Gecko/20100101 Firefox/89.0"
178.20.235.164 - - [15/Apr/2026:11:37:06 +0200] "GET /category/projects/communities/ HTTP/1.1" 200 6394 "-" "Mozilla/5.0 (Macintosh; Intel Mac OS X 10_15_7) AppleWebKit/605.1.15 (KHTML, like Gecko) Version/15.0 Safari/605.1.15"
122.160.255.188 - - [15/Apr/2026:11:37:36 +0200] "POST /xmlrpc.php HTTP/1.1" 500 3977 "-" "Jetpack/12.1; WordPress/6.2; http://site94654568.com"
51.68.107.138 - - [15/Apr/2026:11:39:06 +0200] "GET /robots.txt HTTP/1.1" 200 571 "-" "Mozilla/5.0 (compatible; MJ12bot/v2.0.5; http://mj12bot.com/)"
95.216.2.94 - - [15/Apr/2026:11:39:07 +0200] "POST /wp-cron.php?doing_wp_cron=1776245947.0898089408874511718750 HTTP/1.1" 500 185 "-" "WordPress/6.9.4; https://www.rudomilov.ru"
51.68.107.138 - - [15/Apr/2026:11:39:06 +0200] "GET / HTTP/1.1" 200 7798 "-" "Mozilla/5.0 (compatible; MJ12bot/v2.0.5; http://mj12bot.com/)"
172.236.60.243 - - [15/Apr/2026:11:41:33 +0200] "GET /wp-login.php HTTP/1.1" 500 4024 "-" "Mozilla/5.0 (Windows NT 5.1; Win64; x64) AppleWebKit/537.36 (KHTML, like Gecko) Chrome/66.0.3359.117 Safari/537.36"
172.236.60.243 - - [15/Apr/2026:11:41:39 +0200] "POST /wp-login.php HTTP/1.1" 500 4024 "https://www.rudomilov.ru/wp-login.php" "Mozilla/5.0 (Windows NT 5.1; Win64; x64) AppleWebKit/537.36 (KHTML, like Gecko) Chrome/66.0.3359.117 Safari/537.36"
50.6.7.129 - - [15/Apr/2026:11:42:36 +0200] "GET /wp-login.php HTTP/1.1" 500 4024 "-" "Mozilla/5.0 (Windows NT 6.1; Win64; x64) AppleWebKit/537.36 (KHTML, like Gecko) Chrome/64.0.3282.186 Safari/537.36 OPR/51.0.2830.55"
50.6.7.129 - - [15/Apr/2026:11:42:50 +0200] "POST /wp-login.php HTTP/1.1" 500 4024 "https://www.rudomilov.ru/wp-login.php" "Mozilla/5.0 (Windows NT 6.1; Win64; x64) AppleWebKit/537.36 (KHTML, like Gecko) Chrome/64.0.3282.186 Safari/537.36 OPR/51.0.2830.55"
103.91.245.241 - - [15/Apr/2026:11:48:37 +0200] "GET /wp-login.php HTTP/1.1" 500 4024 "-" "Mozilla/5.0 (Windows NT 6.3; WOW64; Trident/7.0; TNJB; rv:11.0) like Gecko"
159.89.172.48 - - [15/Apr/2026:11:48:42 +0200] "GET /wp-login.php HTTP/1.1" 500 4024 "-" "Mozilla/4.0 (compatible; MSIE 7.0; Windows NT 6.1; WOW64; Trident/7.0; SLCC2; .NET CLR 2.0.50727; .NET CLR 3.5.30729; .NET CLR 3.0.30729; Media Center PC 6.0; .NET4.0C; .NET4.0E; GWX:QUALIFIED)"
159.89.172.48 - - [15/Apr/2026:11:48:44 +0200] "POST /wp-login.php HTTP/1.1" 500 4024 "https://www.rudomilov.ru/wp-login.php" "Mozilla/4.0 (compatible; MSIE 7.0; Windows NT 6.1; WOW64; Trident/7.0; SLCC2; .NET CLR 2.0.50727; .NET CLR 3.5.30729; .NET CLR 3.0.30729; Media Center PC 6.0; .NET4.0C; .NET4.0E; GWX:QUALIFIED)"
103.91.245.241 - - [15/Apr/2026:11:48:44 +0200] "POST /wp-login.php HTTP/1.1" 500 4024 "https://www.rudomilov.ru/wp-login.php" "Mozilla/5.0 (Windows NT 6.3; WOW64; Trident/7.0; TNJB; rv:11.0) like Gecko"
222.165.190.235 - - [15/Apr/2026:11:48:49 +0200] "GET /wp-login.php HTTP/1.1" 500 4024 "-" "Mozilla/5.0 (compatible; MSIE 10.0; Windows NT 6.2; WOW64; Trident/7.0)"
222.165.190.235 - - [15/Apr/2026:11:49:05 +0200] "POST /wp-login.php HTTP/1.1" 500 4024 "https://www.rudomilov.ru/wp-login.php" "Mozilla/5.0 (compatible; MSIE 10.0; Windows NT 6.2; WOW64; Trident/7.0)"
89.43.17.214 - - [15/Apr/2026:11:50:12 +0200] "GET /wp-login.php HTTP/1.1" 500 4024 "-" "Mozilla/5.0 (Windows NT 6.1; WOW64; Trident/7.0; MANM; rv:11.0) like Gecko"
89.43.17.214 - - [15/Apr/2026:11:50:20 +0200] "POST /wp-login.php HTTP/1.1" 500 4024 "https://www.rudomilov.ru/wp-login.php" "Mozilla/5.0 (Windows NT 6.1; WOW64; Trident/7.0; MANM; rv:11.0) like Gecko"
95.216.2.94 - - [15/Apr/2026:11:53:18 +0200] "POST /wp-cron.php?doing_wp_cron=1776246798.4714980125427246093750 HTTP/1.1" 500 4024 "-" "WordPress/6.9.4; https://www.rudomilov.ru"
40.77.167.143 - - [15/Apr/2026:11:53:17 +0200] "GET /?s= HTTP/1.1" 200 14633 "-" "Mozilla/5.0 AppleWebKit/537.36 (KHTML, like Gecko; compatible; bingbot/2.0; +http://www.bing.com/bingbot.htm) Chrome/116.0.1938.76 Safari/537.36"
69.49.112.75 - - [15/Apr/2026:11:57:43 +0200] "GET /wp-login.php HTTP/1.1" 500 4024 "-" "Mozilla/5.0 (Windows NT 6.3; WOW64; Trident/7.0; MASMJS; rv:11.0) like Gecko"
69.49.112.75 - - [15/Apr/2026:11:57:44 +0200] "POST /wp-login.php HTTP/1.1" 500 4024 "https://www.rudomilov.ru/wp-login.php" "Mozilla/5.0 (Windows NT 6.3; WOW64; Trident/7.0; MASMJS; rv:11.0) like Gecko"
116.118.2.113 - - [15/Apr/2026:11:58:09 +0200] "GET /wp-login.php HTTP/1.1" 500 4024 "-" "Mozilla/5.0 (Macintosh; Intel Mac OS X 10_12_6) AppleWebKit/603.3.8 (KHTML, like Gecko) Version/10.1.2 Safari/603.3.8"
95.216.2.94 - - [15/Apr/2026:12:00:51 +0200] "POST /wp-cron.php?doing_wp_cron=1776247251.2674729824066162109375 HTTP/1.1" 500 185 "-" "WordPress/6.9.4; https://www.rudomilov.ru"
170.106.163.48 - - [15/Apr/2026:12:00:50 +0200] "GET / HTTP/1.1" 200 7761 "-" "Mozilla/5.0 (iPhone; CPU iPhone OS 13_2_3 like Mac OS X) AppleWebKit/605.1.15 (KHTML, like Gecko) Version/13.0.3 Mobile/15E148 Safari/604.1"
85.10.204.138 - - [15/Apr/2026:12:02:16 +0200] "GET /wp-login.php HTTP/1.1" 500 4024 "-" "Mozilla/5.0 (Windows NT 6.3; Win64; x64) AppleWebKit/537.36 (KHTML, like Gecko) Chrome/66.0.3359.117 Safari/537.36"
216.73.216.51 - - [15/Apr/2026:12:03:15 +0200] "GET /robots.txt HTTP/1.1" 200 4354 "-" "Mozilla/5.0 AppleWebKit/537.36 (KHTML, like Gecko; compatible; ClaudeBot/1.0; +claudebot@anthropic.com)"
95.216.2.94 - - [15/Apr/2026:12:03:15 +0200] "POST /wp-cron.php?doing_wp_cron=1776247395.6738240718841552734375 HTTP/1.1" 500 4024 "-" "WordPress/6.9.4; https://www.rudomilov.ru"
216.73.216.51 - - [15/Apr/2026:12:03:15 +0200] "GET / HTTP/1.1" 200 7815 "-" "Mozilla/5.0 AppleWebKit/537.36 (KHTML, like Gecko; compatible; ClaudeBot/1.0; +claudebot@anthropic.com)"
94.154.35.236 - - [15/Apr/2026:12:03:51 +0200] "HEAD /new.tar HTTP/1.1" 301 210 "-" "Mozilla/5.0 (Windows NT 10.0; Win64; x64) AppleWebKit/537.36 (KHTML, like Gecko) Chrome/101.0.4951.67 Safari/537.36"
94.154.35.236 - - [15/Apr/2026:12:03:52 +0200] "HEAD /new.tar HTTP/1.1" 404 335 "-" "Mozilla/5.0 (Windows NT 10.0; Win64; x64) AppleWebKit/537.36 (KHTML, like Gecko) Chrome/101.0.4951.67 Safari/537.36"
95.108.213.185 - - [15/Apr/2026:12:05:59 +0200] "GET /robots.txt HTTP/1.1" 200 5032 "-" "Mozilla/5.0 (compatible; YandexBot/3.0; +http://yandex.com/bots)"
95.216.2.94 - - [15/Apr/2026:12:06:00 +0200] "POST /wp-cron.php?doing_wp_cron=1776247560.8829300403594970703125 HTTP/1.1" 500 4024 "-" "WordPress/6.9.4; https://www.rudomilov.ru"
87.250.224.216 - - [15/Apr/2026:12:06:00 +0200] "GET /feedback/ HTTP/1.1" 200 10444 "-" "Mozilla/5.0 (compatible; YandexBot/3.0; +http://yandex.com/bots)"
208.109.188.137 - - [15/Apr/2026:12:08:36 +0200] "GET /wp-login.php HTTP/1.1" 500 4024 "-" "Mozilla/5.0 (Windows NT 6.1; WOW64; Trident/7.0; EIE10;ENUSMCM; rv:11.0) like Gecko"
208.109.188.137 - - [15/Apr/2026:12:08:37 +0200] "POST /wp-login.php HTTP/1.1" 500 4024 "https://www.rudomilov.ru/wp-login.php" "Mozilla/5.0 (Windows NT 6.1; WOW64; Trident/7.0; EIE10;ENUSMCM; rv:11.0) like Gecko"
92.119.193.46 - - [15/Apr/2026:12:08:47 +0200] "GET /feedback/ HTTP/1.0" 301 552 "http://rudomilov.ru/feedback/" "Mozilla/5.0 (Windows NT 10.0; Win64; x64) AppleWebKit/537.36 (KHTML, like Gecko) Chrome/131.0.0.0 Safari/537.36"
95.216.2.94 - - [15/Apr/2026:12:08:48 +0200] "POST /wp-cron.php?doing_wp_cron=1776247728.1618599891662597656250 HTTP/1.1" 500 185 "-" "WordPress/6.9.4; https://www.rudomilov.ru"
92.119.193.46 - - [15/Apr/2026:12:08:47 +0200] "GET /feedback/ HTTP/1.0" 200 19076 "http://www.rudomilov.ru/feedback/" "Mozilla/5.0 (Windows NT 10.0; Win64; x64) AppleWebKit/537.36 (KHTML, like Gecko) Chrome/131.0.0.0 Safari/537.36"
92.119.193.46 - - [15/Apr/2026:12:08:48 +0200] "POST /wp-content/themes/boldy/sendmail.php HTTP/1.0" 200 314 "http://www.rudomilov.ru/feedback/" "Mozilla/5.0 (Windows NT 10.0; Win64; x64) AppleWebKit/537.36 (KHTML, like Gecko) Chrome/131.0.0.0 Safari/537.36"
101.50.70.252 - - [15/Apr/2026:12:08:58 +0200] "GET /wp-json/wp/v2/posts?per_page=1&_fields=id,slug,comment_status HTTP/1.1" 200 619 "-" "-"
101.50.70.252 - - [15/Apr/2026:12:08:59 +0200] "POST /wp-comments-post.php HTTP/1.1" 500 185 "-" "-"
188.191.165.159 - - [15/Apr/2026:12:09:14 +0200] "GET //wp-json/wp/v2/posts HTTP/1.0" 301 572 "-" "Mozilla/5.0 (Windows NT 10.0; Win64; x64) AppleWebKit/537.36 (KHTML, like Gecko) Chrome/120.0.0.0 Safari/537.36"
103.255.134.61 - - [15/Apr/2026:12:12:16 +0200] "GET /wp-login.php HTTP/1.1" 500 4024 "-" "Mozilla/5.0 (Windows NT 10.0; WOW64) AppleWebKit/537.36 (KHTML, like Gecko) Chrome/64.0.3282.186 Safari/537.36 OPR/51.0.2830.55"
103.255.134.61 - - [15/Apr/2026:12:12:20 +0200] "POST /wp-login.php HTTP/1.1" 500 4024 "https://www.rudomilov.ru/wp-login.php" "Mozilla/5.0 (Windows NT 10.0; WOW64) AppleWebKit/537.36 (KHTML, like Gecko) Chrome/64.0.3282.186 Safari/537.36 OPR/51.0.2830.55"
179.108.84.136 - - [15/Apr/2026:12:12:48 +0200] "GET /wp-login.php HTTP/1.1" 500 4024 "-" "Mozilla/5.0 (Windows NT 10.0; Win64; x64) AppleWebKit/537.36 (KHTML, like Gecko) Chrome/66.0.3359.170 Safari/537.36 OPR/53.0.2907.68"
74.7.175.145 - - [15/Apr/2026:12:12:58 +0200] "GET /robots.txt HTTP/1.1" 200 515 "-" "Mozilla/5.0 (Macintosh; Intel Mac OS X 10_15_7) AppleWebKit/537.36 (KHTML, like Gecko) Chrome/131.0.0.0 Safari/537.36; compatible; OAI-SearchBot/1.3; robots.txt; +https://openai.com/searchbot"
173.252.82.11 - - [15/Apr/2026:12:13:14 +0200] "GET /robots.txt HTTP/1.1" 206 5077 "-" "facebookexternalhit/1.1 (+http://www.facebook.com/externalhit_uatext.php)"
57.141.20.6 - - [15/Apr/2026:12:13:20 +0200] "GET /SiteMap.aspx HTTP/1.1" 301 4435 "-" "meta-externalagent/1.1 (+https://developers.facebook.com/docs/sharing/webmasters/crawler)"
124.55.178.99 - - [15/Apr/2026:12:14:53 +0200] "GET /wp-login.php HTTP/1.1" 500 4024 "-" "Mozilla/5.0 (Macintosh; Intel Mac OS X 10_11_6) AppleWebKit/537.36 (KHTML, like Gecko) Chrome/66.0.3359.139 Safari/537.36"
124.55.178.99 - - [15/Apr/2026:12:14:57 +0200] "POST /wp-login.php HTTP/1.1" 500 4024 "https://www.rudomilov.ru/wp-login.php" "Mozilla/5.0 (Macintosh; Intel Mac OS X 10_11_6) AppleWebKit/537.36 (KHTML, like Gecko) Chrome/66.0.3359.139 Safari/537.36"
103.178.21.44 - - [15/Apr/2026:12:15:35 +0200] "GET /wp-json/wp/v2/posts HTTP/1.1" 301 553 "-" "Mozilla/5.0 (Windows NT 10.0; Win64; x64) AppleWebKit/537.36 (KHTML, like Gecko) Chrome/120.0.0.0 Safari/537.36"
95.216.2.94 - - [15/Apr/2026:12:16:03 +0200] "POST /wp-cron.php?doing_wp_cron=1776248163.4416050910949707031250 HTTP/1.1" 500 4024 "-" "WordPress/6.9.4; https://www.rudomilov.ru"
157.55.39.61 - - [15/Apr/2026:12:16:02 +0200] "GET /page-sitemap.xml HTTP/1.1" 200 4858 "-" "Mozilla/5.0 AppleWebKit/537.36 (KHTML, like Gecko; compatible; bingbot/2.0; +http://www.bing.com/bingbot.htm) Chrome/116.0.1938.76 Safari/537.36"
178.20.235.164 - - [15/Apr/2026:12:17:00 +0200] "GET /category/projects/communities HTTP/1.1" 301 592 "-" "Mozilla/5.0 (Macintosh; Intel Mac OS X 10_15_7) AppleWebKit/537.36 (KHTML, like Gecko) Chrome/92.0.4515.131 Safari/537.36"
178.20.235.164 - - [15/Apr/2026:12:17:00 +0200] "GET /category/projects/communities HTTP/1.1" 301 274 "-" "Mozilla/5.0 (X11; Linux x86_64; rv:91.0) Gecko/20100101 Firefox/91.0"
178.20.235.164 - - [15/Apr/2026:12:17:01 +0200] "GET /category/projects/communities/ HTTP/1.1" 200 6394 "-" "Mozilla/5.0 (Windows NT 10.0; Win64; x64) AppleWebKit/537.36 (KHTML, like Gecko) Chrome/91.0.4472.124 Safari/537.36"
74.91.224.220 - - [15/Apr/2026:12:19:01 +0200] "GET /wp-login.php HTTP/1.1" 500 4024 "-" "Mozilla/5.0 (Windows NT 6.3; Win64; x64; Trident/7.0; Touch; MDDCJS; rv:11.0) like Gecko"
74.91.224.220 - - [15/Apr/2026:12:19:02 +0200] "POST /wp-login.php HTTP/1.1" 500 4024 "https://www.rudomilov.ru/wp-login.php" "Mozilla/5.0 (Windows NT 6.3; Win64; x64; Trident/7.0; Touch; MDDCJS; rv:11.0) like Gecko"
171.111.192.222 - - [15/Apr/2026:12:19:25 +0200] "GET /wp-login.php HTTP/1.1" 500 4024 "-" "Mozilla/4.0 (compatible; MSIE 7.0; Windows NT 6.2; WOW64; Trident/7.0; .NET4.0C; .NET4.0E; .NET CLR 2.0.50727; .NET CLR 3.0.30729; .NET CLR 3.5.30729; McAfee)"
103.143.207.15 - - [15/Apr/2026:12:19:29 +0200] "GET /wp-login.php HTTP/1.1" 500 4024 "-" "Mozilla/4.0 (compatible; MSIE 7.0; Windows NT 6.2; WOW64; Trident/7.0; .NET4.0C; .NET4.0E; .NET CLR 2.0.50727; .NET CLR 3.0.30729; .NET CLR 3.5.30729; InfoPath.2; Creative AutoUpdate v1.41.07)"
103.143.207.15 - - [15/Apr/2026:12:19:36 +0200] "POST /wp-login.php HTTP/1.1" 500 4024 "https://www.rudomilov.ru/wp-login.php" "Mozilla/4.0 (compatible; MSIE 7.0; Windows NT 6.2; WOW64; Trident/7.0; .NET4.0C; .NET4.0E; .NET CLR 2.0.50727; .NET CLR 3.0.30729; .NET CLR 3.5.30729; InfoPath.2; Creative AutoUpdate v1.41.07)"
95.216.2.94 - - [15/Apr/2026:12:21:21 +0200] "POST /wp-cron.php?doing_wp_cron=1776248481.4220149517059326171875 HTTP/1.1" 500 4024 "-" "WordPress/6.9.4; https://www.rudomilov.ru"
45.134.253.54 - - [15/Apr/2026:12:21:20 +0200] "GET / HTTP/1.0" 301 3614 "https://rudomilov.ru/" "Mozilla/5.0 (Windows NT 10.0; Win64; x64) AppleWebKit/537.36 (KHTML, like Gecko) Chrome/103.0.5060.53 Safari/537.36"
109.248.138.189 - - [15/Apr/2026:12:21:21 +0200] "GET / HTTP/1.0" 200 25980 "https://www.rudomilov.ru/" "Mozilla/5.0 (Windows NT 10.0; Win64; x64) AppleWebKit/537.36 (KHTML, like Gecko) Chrome/103.0.5060.53 Safari/537.36"
123.30.233.12 - - [15/Apr/2026:12:21:28 +0200] "GET /wp-login.php HTTP/1.1" 500 4024 "-" "Mozilla/5.0 (Windows NT 6.1; WOW64; Trident/7.0; NP08; NP08; MAAU; rv:11.0) like Gecko"
123.30.233.12 - - [15/Apr/2026:12:21:48 +0200] "POST /wp-login.php HTTP/1.1" 500 4024 "https://www.rudomilov.ru/wp-login.php" "Mozilla/5.0 (Windows NT 6.1; WOW64; Trident/7.0; NP08; NP08; MAAU; rv:11.0) like Gecko"
203.201.164.142 - - [15/Apr/2026:12:21:49 +0200] "GET /wp-login.php HTTP/1.1" 500 4024 "-" "Mozilla/4.0 (compatible; MSIE 7.0; Windows NT 10.0; WOW64; Trident/7.0; Touch; .NET4.0C; .NET4.0E; .NET CLR 2.0.50727; .NET CLR 3.0.30729; .NET CLR 3.5.30729; Tablet PC 2.0)"
181.177.89.79 - - [15/Apr/2026:12:22:20 +0200] "GET /termit/ HTTP/1.1" 403 498 "http://www.rudomilov.ru/" "Mozilla/5.0 (Windows NT 6.1; Win64; x64; rv:109.0) Gecko/20100101 Firefox/115.0"
181.177.87.212 - - [15/Apr/2026:12:22:22 +0200] "GET /termit/ HTTP/1.1" 403 498 "http://www.rudomilov.ru/" "Mozilla/5.0 (Windows NT 6.1; Win64; x64; rv:109.0) Gecko/20100101 Firefox/115.0"
23.229.49.223 - - [15/Apr/2026:12:22:23 +0200] "GET /termit/ HTTP/1.1" 403 498 "http://www.rudomilov.ru/" "Mozilla/5.0 (Windows NT 6.1; Win64; x64; rv:109.0) Gecko/20100101 Firefox/115.0"
161.115.231.58 - - [15/Apr/2026:12:22:23 +0200] "GET /termit/ HTTP/1.1" 403 498 "http://www.rudomilov.ru/" "Mozilla/5.0 (Windows NT 6.1; Win64; x64; rv:109.0) Gecko/20100101 Firefox/115.0"
95.216.2.94 - - [15/Apr/2026:12:22:25 +0200] "POST /wp-cron.php?doing_wp_cron=1776248545.5148448944091796875000 HTTP/1.1" 500 185 "-" "WordPress/6.9.4; https://www.rudomilov.ru"
161.115.231.58 - - [15/Apr/2026:12:22:24 +0200] "GET / HTTP/1.1" 200 7799 "-" "Mozilla/5.0 (Windows NT 6.1; Win64; x64; rv:109.0) Gecko/20100101 Firefox/115.0"
161.115.231.58 - - [15/Apr/2026:12:22:31 +0200] "GET /wp-login.php?action=register HTTP/1.1" 500 185 "http://www.rudomilov.ru" "Mozilla/5.0 (Windows NT 6.3; Win64; x64) AppleWebKit/537.36 (KHTML, like Gecko) Chrome/103.0.0.0 Safari/537.36"
138.99.37.247 - - [15/Apr/2026:12:22:31 +0200] "GET /wp-login.php?action=register HTTP/1.1" 500 185 "http://www.rudomilov.ru" "Mozilla/5.0 (Windows NT 6.3; Win64; x64) AppleWebKit/537.36 (KHTML, like Gecko) Chrome/103.0.0.0 Safari/537.36"
148.251.108.11 - - [15/Apr/2026:12:22:33 +0200] "GET / HTTP/1.1" 200 22638 "-" "Mozilla/5.0 (Windows NT 10.0; Win64; x64) AppleWebKit/537.36 (KHTML, like Gecko) Chrome/107.0.0.0 Safari/537.36 Edg/107.0.1418."
190.185.109.102 - - [15/Apr/2026:12:22:33 +0200] "GET /wp-login.php?action=register HTTP/1.1" 500 185 "http://www.rudomilov.ru" "Mozilla/5.0 (Windows NT 6.3; Win64; x64) AppleWebKit/537.36 (KHTML, like Gecko) Chrome/103.0.0.0 Safari/537.36"
148.251.108.7 - - [15/Apr/2026:12:22:34 +0200] "GET /study/webing/ HTTP/1.1" 200 17864 "-" "Mozilla/5.0 (X11; Ubuntu; Linux x86_64; rv:109.0) Gecko/20100101 Firefox/122.0"
181.177.87.190 - - [15/Apr/2026:12:22:35 +0200] "GET /wp-login.php?action=register HTTP/1.1" 500 185 "http://www.rudomilov.ru/wp-login.php?action=register" "Mozilla/5.0 (Windows NT 6.3; Win64; x64) AppleWebKit/537.36 (KHTML, like Gecko) Chrome/103.0.0.0 Safari/537.36"
148.251.222.195 - - [15/Apr/2026:12:22:34 +0200] "GET /work/podebrady/ HTTP/1.1" 200 18227 "-" "Mozilla/5.0 (Macintosh; Intel Mac OS X 10_15_7) AppleWebKit/537.36 (KHTML, like Gecko) Chrome/121.0.0.0 Safari/537.36"
148.251.18.121 - - [15/Apr/2026:12:22:34 +0200] "GET /study/cvut/ HTTP/1.1" 200 18207 "-" "Mozilla/5.0 (Windows NT 10.0; Win64; x64) AppleWebKit/537.36 (KHTML, like Gecko) Chrome/84.0.4147.89 Safari/537.36 OPR/70.0.3728.71"
148.251.18.110 - - [15/Apr/2026:12:22:34 +0200] "GET /feedback/ HTTP/1.1" 200 22562 "-" "Mozilla/5.0 (Windows NT 10.0; Win64; x64) AppleWebKit/537.36 (KHTML, like Gecko) Chrome/121.0.0.0 Safari/537.36 Edg/120.0.2210.144"
148.251.222.222 - - [15/Apr/2026:12:22:34 +0200] "GET /work/ HTTP/1.1" 200 28197 "-" "Mozilla/5.0 (Windows NT 10.0; Win64; x64) AppleWebKit/537.36 (KHTML, like Gecko) Chrome/120.0.0.0 Safari/537.36 Edg/120.0.0."
148.251.222.193 - - [15/Apr/2026:12:22:34 +0200] "GET /study/ HTTP/1.1" 200 26806 "-" "Mozilla/5.0 (Windows NT 10.0; Win64; x64) AppleWebKit/537.36 (KHTML, like Gecko) Chrome/121.0.0.0 Safari/537.3"
148.251.222.194 - - [15/Apr/2026:12:22:34 +0200] "GET /services/ HTTP/1.1" 200 21823 "-" "Mozilla/5.0 (Windows NT 10.0; Win64; x64; rv:121.0) Gecko/20100101 Firefox/121."
148.251.108.9 - - [15/Apr/2026:12:22:34 +0200] "GET /about/ HTTP/1.1" 200 21267 "-" "Mozilla/5.0 (Macintosh; Intel Mac OS X 10_15_7) AppleWebKit/537.36 (KHTML, like Gecko) Chrome/121.0.0.0 Safari/537.36 Edg/120.0.2210.144"
161.115.231.17 - - [15/Apr/2026:12:22:36 +0200] "GET /wp-login.php?action=register HTTP/1.1" 500 185 "http://www.rudomilov.ru/wp-login.php?action=register" "Mozilla/5.0 (Windows NT 6.3; Win64; x64) AppleWebKit/537.36 (KHTML, like Gecko) Chrome/103.0.0.0 Safari/537.36"
181.177.84.21 - - [15/Apr/2026:12:22:37 +0200] "GET /termit/ HTTP/1.1" 403 498 "http://www.rudomilov.ru/termit/" "Mozilla/5.0 (Windows NT 6.3; Win64; x64) AppleWebKit/537.36 (KHTML, like Gecko) Chrome/103.0.0.0 Safari/537.36"
152.232.72.86 - - [15/Apr/2026:12:22:37 +0200] "GET /termit/ HTTP/1.1" 403 498 "http://www.rudomilov.ru/termit/" "Mozilla/5.0 (Windows NT 6.3; Win64; x64) AppleWebKit/537.36 (KHTML, like Gecko) Chrome/103.0.0.0 Safari/537.36"
209.127.142.48 - - [15/Apr/2026:12:22:38 +0200] "GET /termit/ HTTP/1.1" 403 498 "http://www.rudomilov.ru/termit/" "Mozilla/5.0 (Windows NT 6.3; Win64; x64) AppleWebKit/537.36 (KHTML, like Gecko) Chrome/103.0.0.0 Safari/537.36"
23.229.83.67 - - [15/Apr/2026:12:22:39 +0200] "GET /termit/ HTTP/1.1" 403 498 "http://www.rudomilov.ru/termit/" "Mozilla/5.0 (Windows NT 6.3; Win64; x64) AppleWebKit/537.36 (KHTML, like Gecko) Chrome/103.0.0.0 Safari/537.36"
152.42.181.146 - - [15/Apr/2026:12:25:11 +0200] "GET /wp-login.php HTTP/1.1" 500 4024 "-" "Mozilla/4.0 (compatible; MSIE 7.0; Windows NT 6.2; WOW64; Trident/7.0; .NET4.0C; .NET4.0E; Tablet PC 2.0)"
152.42.181.146 - - [15/Apr/2026:12:25:12 +0200] "POST /wp-login.php HTTP/1.1" 500 4024 "https://www.rudomilov.ru/wp-login.php" "Mozilla/4.0 (compatible; MSIE 7.0; Windows NT 6.2; WOW64; Trident/7.0; .NET4.0C; .NET4.0E; Tablet PC 2.0)"
95.216.2.94 - - [15/Apr/2026:12:25:25 +0200] "POST /wp-cron.php?doing_wp_cron=1776248725.1885390281677246093750 HTTP/1.1" 500 185 "-" "WordPress/6.9.4; https://www.rudomilov.ru"
109.70.100.5 - - [15/Apr/2026:12:25:24 +0200] "GET /feed/ HTTP/1.1" 200 4048 "-" "Mozilla/5.0 (Linux; Android 7.0; MEIZU M6) AppleWebKit/537.36 (KHTML, like Gecko) Chrome/78.0.3904.62 Mobile Safari/537.36"
216.137.185.158 - - [15/Apr/2026:12:26:50 +0200] "GET /wp-login.php HTTP/1.1" 500 4024 "-" "Mozilla/4.0 (compatible; MSIE 7.0; Windows NT 6.1; Win64; x64; Trident/7.0; .NET CLR 2.0.50727; SLCC2; .NET CLR 3.5.30729; .NET CLR 3.0.30729; Media Center PC 6.0; .NET4.0C)"
216.137.185.158 - - [15/Apr/2026:12:27:01 +0200] "POST /wp-login.php HTTP/1.1" 500 4024 "https://www.rudomilov.ru/wp-login.php" "Mozilla/4.0 (compatible; MSIE 7.0; Windows NT 6.1; Win64; x64; Trident/7.0; .NET CLR 2.0.50727; SLCC2; .NET CLR 3.5.30729; .NET CLR 3.0.30729; Media Center PC 6.0; .NET4.0C)"
172.236.60.243 - - [15/Apr/2026:12:28:08 +0200] "GET /wp-login.php HTTP/1.1" 500 4024 "-" "Mozilla/5.0 (Windows NT 6.1; Win64; x64) AppleWebKit/537.36 (KHTML, like Gecko) Chrome/67.0.3396.62 Safari/537.36"
172.236.60.243 - - [15/Apr/2026:12:28:18 +0200] "POST /wp-login.php HTTP/1.1" 500 4024 "https://www.rudomilov.ru/wp-login.php" "Mozilla/5.0 (Windows NT 6.1; Win64; x64) AppleWebKit/537.36 (KHTML, like Gecko) Chrome/67.0.3396.62 Safari/537.36"
103.121.26.217 - - [15/Apr/2026:12:28:32 +0200] "GET /wp-login.php HTTP/1.1" 500 4024 "-" "Mozilla/5.0 (X11; Ubuntu; Linux x86_64; rv:61.0) Gecko/20100101 Firefox/61.0"
103.121.26.217 - - [15/Apr/2026:12:28:39 +0200] "POST /wp-login.php HTTP/1.1" 500 4024 "https://www.rudomilov.ru/wp-login.php" "Mozilla/5.0 (X11; Ubuntu; Linux x86_64; rv:61.0) Gecko/20100101 Firefox/61.0"
94.154.35.236 - - [15/Apr/2026:12:31:06 +0200] "HEAD /new.tar.bz2 HTTP/1.1" 301 214 "-" "Mozilla/5.0 (Windows NT 10.0; Win64; x64) AppleWebKit/537.36 (KHTML, like Gecko) Chrome/101.0.4951.67 Safari/537.36"
95.216.2.94 - - [15/Apr/2026:12:31:07 +0200] "POST /wp-cron.php?doing_wp_cron=1776249067.5819559097290039062500 HTTP/1.1" 500 185 "-" "WordPress/6.9.4; https://www.rudomilov.ru"
94.154.35.236 - - [15/Apr/2026:12:31:07 +0200] "HEAD /new.tar.bz2 HTTP/1.1" 404 335 "-" "Mozilla/5.0 (Windows NT 10.0; Win64; x64) AppleWebKit/537.36 (KHTML, like Gecko) Chrome/101.0.4951.67 Safari/537.36"
74.91.224.220 - - [15/Apr/2026:12:31:29 +0200] "GET /wp-login.php HTTP/1.1" 500 4024 "-" "Mozilla/5.0 (Windows NT 6.3; Win64; x64; Trident/7.0; TNJB; rv:11.0) like Gecko"
123.30.233.12 - - [15/Apr/2026:12:34:35 +0200] "GET /wp-login.php HTTP/1.1" 500 4024 "-" "Mozilla/4.0 (compatible; MSIE 7.0; Windows NT 6.1; Trident/7.0; SLCC2; .NET CLR 2.0.50727; .NET CLR 3.5.30729; .NET CLR 3.0.30729; Media Center PC 6.0; .NET4.0C; .NET4.0E; InfoPath.3; Tablet PC 2.0)"
123.30.233.12 - - [15/Apr/2026:12:34:54 +0200] "POST /wp-login.php HTTP/1.1" 500 4024 "https://www.rudomilov.ru/wp-login.php" "Mozilla/4.0 (compatible; MSIE 7.0; Windows NT 6.1; Trident/7.0; SLCC2; .NET CLR 2.0.50727; .NET CLR 3.5.30729; .NET CLR 3.0.30729; Media Center PC 6.0; .NET4.0C; .NET4.0E; InfoPath.3; Tablet PC 2.0)"
103.127.30.137 - - [15/Apr/2026:12:35:17 +0200] "GET /wp-login.php HTTP/1.1" 500 4024 "-" "Mozilla/5.0 (Windows NT 6.1; WOW64; Trident/7.0; AS; rv:11.0) like Gecko"
103.127.30.137 - - [15/Apr/2026:12:35:26 +0200] "POST /wp-login.php HTTP/1.1" 500 4024 "https://www.rudomilov.ru/wp-login.php" "Mozilla/5.0 (Windows NT 6.1; WOW64; Trident/7.0; AS; rv:11.0) like Gecko"
124.55.178.99 - - [15/Apr/2026:12:35:39 +0200] "GET /wp-login.php HTTP/1.1" 500 4024 "-" "Mozilla/5.0 (Windows NT 5.1; WOW64; Trident/7.0; rv:11.0) like Gecko"
124.55.178.99 - - [15/Apr/2026:12:35:57 +0200] "POST /wp-login.php HTTP/1.1" 500 4024 "https://www.rudomilov.ru/wp-login.php" "Mozilla/5.0 (Windows NT 5.1; WOW64; Trident/7.0; rv:11.0) like Gecko"
20.24.215.223 - - [15/Apr/2026:12:37:15 +0200] "GET /admin.php HTTP/1.1" 301 4382 "-" "Mozilla/5.0 (Windows NT 10.0; Win64; x64) AppleWebKit/537.36 (KHTML, like Gecko) Chrome/120.0.0.0 Safari/537.36"
20.24.215.223 - - [15/Apr/2026:12:37:15 +0200] "GET /inputs.php HTTP/1.1" 301 667 "-" "Mozilla/5.0 (Windows NT 10.0; Win64; x64) AppleWebKit/537.36 (KHTML, like Gecko) Chrome/120.0.0.0 Safari/537.36"
20.24.215.223 - - [15/Apr/2026:12:37:15 +0200] "GET /file.php HTTP/1.1" 301 663 "-" "Mozilla/5.0 (Windows NT 10.0; Win64; x64) AppleWebKit/537.36 (KHTML, like Gecko) Chrome/120.0.0.0 Safari/537.36"
20.24.215.223 - - [15/Apr/2026:12:37:15 +0200] "GET /goods.php HTTP/1.1" 301 665 "-" "Mozilla/5.0 (Windows NT 10.0; Win64; x64) AppleWebKit/537.36 (KHTML, like Gecko) Chrome/120.0.0.0 Safari/537.36"
20.24.215.223 - - [15/Apr/2026:12:37:16 +0200] "GET /ms-edit.php HTTP/1.1" 301 669 "-" "Mozilla/5.0 (Windows NT 10.0; Win64; x64) AppleWebKit/537.36 (KHTML, like Gecko) Chrome/120.0.0.0 Safari/537.36"
20.24.215.223 - - [15/Apr/2026:12:37:16 +0200] "GET /simple.php HTTP/1.1" 301 667 "-" "Mozilla/5.0 (Windows NT 10.0; Win64; x64) AppleWebKit/537.36 (KHTML, like Gecko) Chrome/120.0.0.0 Safari/537.36"
20.24.215.223 - - [15/Apr/2026:12:37:16 +0200] "GET /bgymj.php HTTP/1.1" 301 665 "-" "Mozilla/5.0 (Windows NT 10.0; Win64; x64) AppleWebKit/537.36 (KHTML, like Gecko) Chrome/120.0.0.0 Safari/537.36"
20.24.215.223 - - [15/Apr/2026:12:37:16 +0200] "GET /wp-content/plugins/twenty/login.php HTTP/1.1" 301 717 "-" "Mozilla/5.0 (Windows NT 10.0; Win64; x64) AppleWebKit/537.36 (KHTML, like Gecko) Chrome/120.0.0.0 Safari/537.36"
20.24.215.223 - - [15/Apr/2026:12:37:16 +0200] "GET /404.php HTTP/1.1" 301 661 "-" "Mozilla/5.0 (Windows NT 10.0; Win64; x64) AppleWebKit/537.36 (KHTML, like Gecko) Chrome/120.0.0.0 Safari/537.36"
20.24.215.223 - - [15/Apr/2026:12:37:17 +0200] "GET /file3.php HTTP/1.1" 301 665 "-" "Mozilla/5.0 (Windows NT 10.0; Win64; x64) AppleWebKit/537.36 (KHTML, like Gecko) Chrome/120.0.0.0 Safari/537.36"
20.24.215.223 - - [15/Apr/2026:12:37:17 +0200] "GET /wp-mail.php HTTP/1.1" 500 261 "-" "Mozilla/5.0 (Windows NT 10.0; Win64; x64) AppleWebKit/537.36 (KHTML, like Gecko) Chrome/120.0.0.0 Safari/537.36"
20.24.215.223 - - [15/Apr/2026:12:37:18 +0200] "GET /about.php HTTP/1.1" 301 1198 "-" "Mozilla/5.0 (Windows NT 10.0; Win64; x64) AppleWebKit/537.36 (KHTML, like Gecko) Chrome/120.0.0.0 Safari/537.36"
20.24.215.223 - - [15/Apr/2026:12:37:18 +0200] "GET /wp.php HTTP/1.1" 301 659 "-" "Mozilla/5.0 (Windows NT 10.0; Win64; x64) AppleWebKit/537.36 (KHTML, like Gecko) Chrome/120.0.0.0 Safari/537.36"
20.24.215.223 - - [15/Apr/2026:12:37:18 +0200] "GET /.dj/index.php HTTP/1.1" 301 673 "-" "Mozilla/5.0 (Windows NT 10.0; Win64; x64) AppleWebKit/537.36 (KHTML, like Gecko) Chrome/120.0.0.0 Safari/537.36"
20.24.215.223 - - [15/Apr/2026:12:37:18 +0200] "GET /adminfuns.php HTTP/1.1" 301 673 "-" "Mozilla/5.0 (Windows NT 10.0; Win64; x64) AppleWebKit/537.36 (KHTML, like Gecko) Chrome/120.0.0.0 Safari/537.36"
20.24.215.223 - - [15/Apr/2026:12:37:18 +0200] "GET /php8.php HTTP/1.1" 301 663 "-" "Mozilla/5.0 (Windows NT 10.0; Win64; x64) AppleWebKit/537.36 (KHTML, like Gecko) Chrome/120.0.0.0 Safari/537.36"
20.24.215.223 - - [15/Apr/2026:12:37:19 +0200] "GET /classwithtostring.php HTTP/1.1" 301 689 "-" "Mozilla/5.0 (Windows NT 10.0; Win64; x64) AppleWebKit/537.36 (KHTML, like Gecko) Chrome/120.0.0.0 Safari/537.36"
20.24.215.223 - - [15/Apr/2026:12:37:19 +0200] "GET /info.php HTTP/1.1" 301 663 "-" "Mozilla/5.0 (Windows NT 10.0; Win64; x64) AppleWebKit/537.36 (KHTML, like Gecko) Chrome/120.0.0.0 Safari/537.36"
20.24.215.223 - - [15/Apr/2026:12:37:19 +0200] "GET /ioxi-o.php HTTP/1.1" 301 667 "-" "Mozilla/5.0 (Windows NT 10.0; Win64; x64) AppleWebKit/537.36 (KHTML, like Gecko) Chrome/120.0.0.0 Safari/537.36"
20.24.215.223 - - [15/Apr/2026:12:37:19 +0200] "GET /011i.php HTTP/1.1" 301 663 "-" "Mozilla/5.0 (Windows NT 10.0; Win64; x64) AppleWebKit/537.36 (KHTML, like Gecko) Chrome/120.0.0.0 Safari/537.36"
20.24.215.223 - - [15/Apr/2026:12:37:19 +0200] "GET /edit.php HTTP/1.1" 301 663 "-" "Mozilla/5.0 (Windows NT 10.0; Win64; x64) AppleWebKit/537.36 (KHTML, like Gecko) Chrome/120.0.0.0 Safari/537.36"
20.24.215.223 - - [15/Apr/2026:12:37:20 +0200] "GET /sid3.php HTTP/1.1" 301 663 "-" "Mozilla/5.0 (Windows NT 10.0; Win64; x64) AppleWebKit/537.36 (KHTML, like Gecko) Chrome/120.0.0.0 Safari/537.36"
20.24.215.223 - - [15/Apr/2026:12:37:20 +0200] "GET /load.php HTTP/1.1" 301 663 "-" "Mozilla/5.0 (Windows NT 10.0; Win64; x64) AppleWebKit/537.36 (KHTML, like Gecko) Chrome/120.0.0.0 Safari/537.36"
20.24.215.223 - - [15/Apr/2026:12:37:20 +0200] "GET /166.php HTTP/1.1" 301 661 "-" "Mozilla/5.0 (Windows NT 10.0; Win64; x64) AppleWebKit/537.36 (KHTML, like Gecko) Chrome/120.0.0.0 Safari/537.36"
20.24.215.223 - - [15/Apr/2026:12:37:20 +0200] "GET /wp-mail.php HTTP/1.1" 500 261 "-" "Mozilla/5.0 (Windows NT 10.0; Win64; x64) AppleWebKit/537.36 (KHTML, like Gecko) Chrome/120.0.0.0 Safari/537.36"
20.24.215.223 - - [15/Apr/2026:12:37:21 +0200] "GET /leaf.php HTTP/1.1" 301 1196 "-" "Mozilla/5.0 (Windows NT 10.0; Win64; x64) AppleWebKit/537.36 (KHTML, like Gecko) Chrome/120.0.0.0 Safari/537.36"
20.24.215.223 - - [15/Apr/2026:12:37:21 +0200] "GET /grsiuk.php HTTP/1.1" 301 667 "-" "Mozilla/5.0 (Windows NT 10.0; Win64; x64) AppleWebKit/537.36 (KHTML, like Gecko) Chrome/120.0.0.0 Safari/537.36"
20.24.215.223 - - [15/Apr/2026:12:37:22 +0200] "GET /8.php HTTP/1.1" 301 657 "-" "Mozilla/5.0 (Windows NT 10.0; Win64; x64) AppleWebKit/537.36 (KHTML, like Gecko) Chrome/120.0.0.0 Safari/537.36"
20.24.215.223 - - [15/Apr/2026:12:37:22 +0200] "GET /fs.php HTTP/1.1" 301 659 "-" "Mozilla/5.0 (Windows NT 10.0; Win64; x64) AppleWebKit/537.36 (KHTML, like Gecko) Chrome/120.0.0.0 Safari/537.36"
20.24.215.223 - - [15/Apr/2026:12:37:22 +0200] "GET /ws38.php HTTP/1.1" 301 663 "-" "Mozilla/5.0 (Windows NT 10.0; Win64; x64) AppleWebKit/537.36 (KHTML, like Gecko) Chrome/120.0.0.0 Safari/537.36"
20.24.215.223 - - [15/Apr/2026:12:37:22 +0200] "GET /a7.php HTTP/1.1" 301 659 "-" "Mozilla/5.0 (Windows NT 10.0; Win64; x64) AppleWebKit/537.36 (KHTML, like Gecko) Chrome/120.0.0.0 Safari/537.36"
20.24.215.223 - - [15/Apr/2026:12:37:23 +0200] "GET /classsmtps.php HTTP/1.1" 301 675 "-" "Mozilla/5.0 (Windows NT 10.0; Win64; x64) AppleWebKit/537.36 (KHTML, like Gecko) Chrome/120.0.0.0 Safari/537.36"
20.24.215.223 - - [15/Apr/2026:12:37:23 +0200] "GET /amax.php HTTP/1.1" 301 663 "-" "Mozilla/5.0 (Windows NT 10.0; Win64; x64) AppleWebKit/537.36 (KHTML, like Gecko) Chrome/120.0.0.0 Safari/537.36"
20.24.215.223 - - [15/Apr/2026:12:37:23 +0200] "GET /CDX1.php HTTP/1.1" 301 663 "-" "Mozilla/5.0 (Windows NT 10.0; Win64; x64) AppleWebKit/537.36 (KHTML, like Gecko) Chrome/120.0.0.0 Safari/537.36"
20.24.215.223 - - [15/Apr/2026:12:37:24 +0200] "GET /rip.php HTTP/1.1" 301 661 "-" "Mozilla/5.0 (Windows NT 10.0; Win64; x64) AppleWebKit/537.36 (KHTML, like Gecko) Chrome/120.0.0.0 Safari/537.36"
20.24.215.223 - - [15/Apr/2026:12:37:24 +0200] "GET /1.php HTTP/1.1" 301 657 "-" "Mozilla/5.0 (Windows NT 10.0; Win64; x64) AppleWebKit/537.36 (KHTML, like Gecko) Chrome/120.0.0.0 Safari/537.36"
20.24.215.223 - - [15/Apr/2026:12:37:24 +0200] "GET /chosen.php HTTP/1.1" 301 667 "-" "Mozilla/5.0 (Windows NT 10.0; Win64; x64) AppleWebKit/537.36 (KHTML, like Gecko) Chrome/120.0.0.0 Safari/537.36"
20.24.215.223 - - [15/Apr/2026:12:37:24 +0200] "GET /css.php HTTP/1.1" 301 661 "-" "Mozilla/5.0 (Windows NT 10.0; Win64; x64) AppleWebKit/537.36 (KHTML, like Gecko) Chrome/120.0.0.0 Safari/537.36"
20.24.215.223 - - [15/Apr/2026:12:37:25 +0200] "GET /php.php HTTP/1.1" 301 661 "-" "Mozilla/5.0 (Windows NT 10.0; Win64; x64) AppleWebKit/537.36 (KHTML, like Gecko) Chrome/120.0.0.0 Safari/537.36"
20.24.215.223 - - [15/Apr/2026:12:37:25 +0200] "GET /wp-Blogs.php HTTP/1.1" 301 671 "-" "Mozilla/5.0 (Windows NT 10.0; Win64; x64) AppleWebKit/537.36 (KHTML, like Gecko) Chrome/120.0.0.0 Safari/537.36"
20.24.215.223 - - [15/Apr/2026:12:37:25 +0200] "GET /wp-content/index.php HTTP/1.1" 200 278 "-" "Mozilla/5.0 (Windows NT 10.0; Win64; x64) AppleWebKit/537.36 (KHTML, like Gecko) Chrome/120.0.0.0 Safari/537.36"
20.24.215.223 - - [15/Apr/2026:12:37:25 +0200] "GET /wp-content/plugins/beteng88/ws83.php HTTP/1.1" 301 719 "-" "Mozilla/5.0 (Windows NT 10.0; Win64; x64) AppleWebKit/537.36 (KHTML, like Gecko) Chrome/120.0.0.0 Safari/537.36"
20.24.215.223 - - [15/Apr/2026:12:37:26 +0200] "GET /ws83.php HTTP/1.1" 301 663 "-" "Mozilla/5.0 (Windows NT 10.0; Win64; x64) AppleWebKit/537.36 (KHTML, like Gecko) Chrome/120.0.0.0 Safari/537.36"
20.24.215.223 - - [15/Apr/2026:12:37:26 +0200] "GET /file61.php HTTP/1.1" 301 667 "-" "Mozilla/5.0 (Windows NT 10.0; Win64; x64) AppleWebKit/537.36 (KHTML, like Gecko) Chrome/120.0.0.0 Safari/537.36"
20.24.215.223 - - [15/Apr/2026:12:37:26 +0200] "GET /sadcut1.php HTTP/1.1" 301 669 "-" "Mozilla/5.0 (Windows NT 10.0; Win64; x64) AppleWebKit/537.36 (KHTML, like Gecko) Chrome/120.0.0.0 Safari/537.36"
20.24.215.223 - - [15/Apr/2026:12:37:26 +0200] "GET /y.php HTTP/1.1" 301 657 "-" "Mozilla/5.0 (Windows NT 10.0; Win64; x64) AppleWebKit/537.36 (KHTML, like Gecko) Chrome/120.0.0.0 Safari/537.36"
20.24.215.223 - - [15/Apr/2026:12:37:27 +0200] "GET /akcc.php HTTP/1.1" 301 663 "-" "Mozilla/5.0 (Windows NT 10.0; Win64; x64) AppleWebKit/537.36 (KHTML, like Gecko) Chrome/120.0.0.0 Safari/537.36"
20.24.215.223 - - [15/Apr/2026:12:37:27 +0200] "GET /wp-admin/user/12.php HTTP/1.1" 301 687 "-" "Mozilla/5.0 (Windows NT 10.0; Win64; x64) AppleWebKit/537.36 (KHTML, like Gecko) Chrome/120.0.0.0 Safari/537.36"
20.24.215.223 - - [15/Apr/2026:12:37:27 +0200] "GET /index/function.php HTTP/1.1" 301 683 "-" "Mozilla/5.0 (Windows NT 10.0; Win64; x64) AppleWebKit/537.36 (KHTML, like Gecko) Chrome/120.0.0.0 Safari/537.36"
20.24.215.223 - - [15/Apr/2026:12:37:28 +0200] "GET /term.php HTTP/1.1" 301 663 "-" "Mozilla/5.0 (Windows NT 10.0; Win64; x64) AppleWebKit/537.36 (KHTML, like Gecko) Chrome/120.0.0.0 Safari/537.36"
20.24.215.223 - - [15/Apr/2026:12:37:28 +0200] "GET /666.php HTTP/1.1" 301 661 "-" "Mozilla/5.0 (Windows NT 10.0; Win64; x64) AppleWebKit/537.36 (KHTML, like Gecko) Chrome/120.0.0.0 Safari/537.36"
20.24.215.223 - - [15/Apr/2026:12:37:28 +0200] "GET /7.php HTTP/1.1" 301 657 "-" "Mozilla/5.0 (Windows NT 10.0; Win64; x64) AppleWebKit/537.36 (KHTML, like Gecko) Chrome/120.0.0.0 Safari/537.36"
20.24.215.223 - - [15/Apr/2026:12:37:28 +0200] "GET /wp-config-sample.php HTTP/1.1" 500 261 "-" "Mozilla/5.0 (Windows NT 10.0; Win64; x64) AppleWebKit/537.36 (KHTML, like Gecko) Chrome/120.0.0.0 Safari/537.36"
20.24.215.223 - - [15/Apr/2026:12:37:29 +0200] "GET /log.php HTTP/1.1" 301 1194 "-" "Mozilla/5.0 (Windows NT 10.0; Win64; x64) AppleWebKit/537.36 (KHTML, like Gecko) Chrome/120.0.0.0 Safari/537.36"
20.24.215.223 - - [15/Apr/2026:12:37:29 +0200] "GET /a5.php HTTP/1.1" 301 659 "-" "Mozilla/5.0 (Windows NT 10.0; Win64; x64) AppleWebKit/537.36 (KHTML, like Gecko) Chrome/120.0.0.0 Safari/537.36"
20.24.215.223 - - [15/Apr/2026:12:37:30 +0200] "GET /aa.php HTTP/1.1" 301 659 "-" "Mozilla/5.0 (Windows NT 10.0; Win64; x64) AppleWebKit/537.36 (KHTML, like Gecko) Chrome/120.0.0.0 Safari/537.36"
20.24.215.223 - - [15/Apr/2026:12:37:30 +0200] "GET /bolt.php HTTP/1.1" 301 663 "-" "Mozilla/5.0 (Windows NT 10.0; Win64; x64) AppleWebKit/537.36 (KHTML, like Gecko) Chrome/120.0.0.0 Safari/537.36"
20.24.215.223 - - [15/Apr/2026:12:37:30 +0200] "GET /x.php HTTP/1.1" 301 657 "-" "Mozilla/5.0 (Windows NT 10.0; Win64; x64) AppleWebKit/537.36 (KHTML, like Gecko) Chrome/120.0.0.0 Safari/537.36"
20.24.215.223 - - [15/Apr/2026:12:37:30 +0200] "GET /jga.php HTTP/1.1" 301 661 "-" "Mozilla/5.0 (Windows NT 10.0; Win64; x64) AppleWebKit/537.36 (KHTML, like Gecko) Chrome/120.0.0.0 Safari/537.36"
20.24.215.223 - - [15/Apr/2026:12:37:31 +0200] "GET /k.php HTTP/1.1" 301 657 "-" "Mozilla/5.0 (Windows NT 10.0; Win64; x64) AppleWebKit/537.36 (KHTML, like Gecko) Chrome/120.0.0.0 Safari/537.36"
20.24.215.223 - - [15/Apr/2026:12:37:31 +0200] "GET /vx.php HTTP/1.1" 301 659 "-" "Mozilla/5.0 (Windows NT 10.0; Win64; x64) AppleWebKit/537.36 (KHTML, like Gecko) Chrome/120.0.0.0 Safari/537.36"
20.24.215.223 - - [15/Apr/2026:12:37:31 +0200] "GET /ws77.php HTTP/1.1" 301 663 "-" "Mozilla/5.0 (Windows NT 10.0; Win64; x64) AppleWebKit/537.36 (KHTML, like Gecko) Chrome/120.0.0.0 Safari/537.36"
20.24.215.223 - - [15/Apr/2026:12:37:31 +0200] "GET /2.php HTTP/1.1" 301 657 "-" "Mozilla/5.0 (Windows NT 10.0; Win64; x64) AppleWebKit/537.36 (KHTML, like Gecko) Chrome/120.0.0.0 Safari/537.36"
20.24.215.223 - - [15/Apr/2026:12:37:32 +0200] "GET /abcd.php HTTP/1.1" 301 663 "-" "Mozilla/5.0 (Windows NT 10.0; Win64; x64) AppleWebKit/537.36 (KHTML, like Gecko) Chrome/120.0.0.0 Safari/537.36"
20.24.215.223 - - [15/Apr/2026:12:37:32 +0200] "GET /wp-content/plugins/admin.php HTTP/1.1" 301 703 "-" "Mozilla/5.0 (Windows NT 10.0; Win64; x64) AppleWebKit/537.36 (KHTML, like Gecko) Chrome/120.0.0.0 Safari/537.36"
20.24.215.223 - - [15/Apr/2026:12:37:32 +0200] "GET /asd.php HTTP/1.1" 301 661 "-" "Mozilla/5.0 (Windows NT 10.0; Win64; x64) AppleWebKit/537.36 (KHTML, like Gecko) Chrome/120.0.0.0 Safari/537.36"
20.24.215.223 - - [15/Apr/2026:12:37:33 +0200] "GET /default.php HTTP/1.1" 301 669 "-" "Mozilla/5.0 (Windows NT 10.0; Win64; x64) AppleWebKit/537.36 (KHTML, like Gecko) Chrome/120.0.0.0 Safari/537.36"
20.24.215.223 - - [15/Apr/2026:12:37:33 +0200] "GET /gettest.php HTTP/1.1" 301 669 "-" "Mozilla/5.0 (Windows NT 10.0; Win64; x64) AppleWebKit/537.36 (KHTML, like Gecko) Chrome/120.0.0.0 Safari/537.36"
20.24.215.223 - - [15/Apr/2026:12:37:33 +0200] "GET /install.php HTTP/1.1" 301 669 "-" "Mozilla/5.0 (Windows NT 10.0; Win64; x64) AppleWebKit/537.36 (KHTML, like Gecko) Chrome/120.0.0.0 Safari/537.36"
20.24.215.223 - - [15/Apr/2026:12:37:33 +0200] "GET /tfm.php HTTP/1.1" 301 661 "-" "Mozilla/5.0 (Windows NT 10.0; Win64; x64) AppleWebKit/537.36 (KHTML, like Gecko) Chrome/120.0.0.0 Safari/537.36"
20.24.215.223 - - [15/Apr/2026:12:37:34 +0200] "GET /ws81.php HTTP/1.1" 301 663 "-" "Mozilla/5.0 (Windows NT 10.0; Win64; x64) AppleWebKit/537.36 (KHTML, like Gecko) Chrome/120.0.0.0 Safari/537.36"
20.24.215.223 - - [15/Apr/2026:12:37:34 +0200] "GET /222.php HTTP/1.1" 301 661 "-" "Mozilla/5.0 (Windows NT 10.0; Win64; x64) AppleWebKit/537.36 (KHTML, like Gecko) Chrome/120.0.0.0 Safari/537.36"
20.24.215.223 - - [15/Apr/2026:12:37:34 +0200] "GET /t.php HTTP/1.1" 301 657 "-" "Mozilla/5.0 (Windows NT 10.0; Win64; x64) AppleWebKit/537.36 (KHTML, like Gecko) Chrome/120.0.0.0 Safari/537.36"
20.24.215.223 - - [15/Apr/2026:12:37:34 +0200] "GET /wp-admin/maint/index.php HTTP/1.1" 301 695 "-" "Mozilla/5.0 (Windows NT 10.0; Win64; x64) AppleWebKit/537.36 (KHTML, like Gecko) Chrome/120.0.0.0 Safari/537.36"
20.24.215.223 - - [15/Apr/2026:12:37:35 +0200] "GET /6xBAm3vODE05BSzkJZRAws.php HTTP/1.1" 301 699 "-" "Mozilla/5.0 (Windows NT 10.0; Win64; x64) AppleWebKit/537.36 (KHTML, like Gecko) Chrome/120.0.0.0 Safari/537.36"
20.24.215.223 - - [15/Apr/2026:12:37:35 +0200] "GET /a.php HTTP/1.1" 301 657 "-" "Mozilla/5.0 (Windows NT 10.0; Win64; x64) AppleWebKit/537.36 (KHTML, like Gecko) Chrome/120.0.0.0 Safari/537.36"
20.24.215.223 - - [15/Apr/2026:12:37:35 +0200] "GET /a1.php HTTP/1.1" 301 659 "-" "Mozilla/5.0 (Windows NT 10.0; Win64; x64) AppleWebKit/537.36 (KHTML, like Gecko) Chrome/120.0.0.0 Safari/537.36"
20.24.215.223 - - [15/Apr/2026:12:37:35 +0200] "GET /onclickfuns.php HTTP/1.1" 301 677 "-" "Mozilla/5.0 (Windows NT 10.0; Win64; x64) AppleWebKit/537.36 (KHTML, like Gecko) Chrome/120.0.0.0 Safari/537.36"
20.24.215.223 - - [15/Apr/2026:12:37:36 +0200] "GET /w.php HTTP/1.1" 301 657 "-" "Mozilla/5.0 (Windows NT 10.0; Win64; x64) AppleWebKit/537.36 (KHTML, like Gecko) Chrome/120.0.0.0 Safari/537.36"
20.24.215.223 - - [15/Apr/2026:12:37:36 +0200] "GET /wp-admin/maint/about.php HTTP/1.1" 301 695 "-" "Mozilla/5.0 (Windows NT 10.0; Win64; x64) AppleWebKit/537.36 (KHTML, like Gecko) Chrome/120.0.0.0 Safari/537.36"
20.24.215.223 - - [15/Apr/2026:12:37:36 +0200] "GET /wp-content/plugins/index.php HTTP/1.1" 200 278 "-" "Mozilla/5.0 (Windows NT 10.0; Win64; x64) AppleWebKit/537.36 (KHTML, like Gecko) Chrome/120.0.0.0 Safari/537.36"
20.24.215.223 - - [15/Apr/2026:12:37:36 +0200] "GET /wp-good.php HTTP/1.1" 301 669 "-" "Mozilla/5.0 (Windows NT 10.0; Win64; x64) AppleWebKit/537.36 (KHTML, like Gecko) Chrome/120.0.0.0 Safari/537.36"
20.24.215.223 - - [15/Apr/2026:12:37:37 +0200] "GET /.info.php HTTP/1.1" 301 665 "-" "Mozilla/5.0 (Windows NT 10.0; Win64; x64) AppleWebKit/537.36 (KHTML, like Gecko) Chrome/120.0.0.0 Safari/537.36"
20.24.215.223 - - [15/Apr/2026:12:37:37 +0200] "GET /config.php HTTP/1.1" 301 667 "-" "Mozilla/5.0 (Windows NT 10.0; Win64; x64) AppleWebKit/537.36 (KHTML, like Gecko) Chrome/120.0.0.0 Safari/537.36"
20.24.215.223 - - [15/Apr/2026:12:37:37 +0200] "GET /item.php HTTP/1.1" 301 663 "-" "Mozilla/5.0 (Windows NT 10.0; Win64; x64) AppleWebKit/537.36 (KHTML, like Gecko) Chrome/120.0.0.0 Safari/537.36"
20.24.215.223 - - [15/Apr/2026:12:37:38 +0200] "GET /m.php HTTP/1.1" 301 657 "-" "Mozilla/5.0 (Windows NT 10.0; Win64; x64) AppleWebKit/537.36 (KHTML, like Gecko) Chrome/120.0.0.0 Safari/537.36"
20.24.215.223 - - [15/Apr/2026:12:37:38 +0200] "GET /rh.php HTTP/1.1" 301 659 "-" "Mozilla/5.0 (Windows NT 10.0; Win64; x64) AppleWebKit/537.36 (KHTML, like Gecko) Chrome/120.0.0.0 Safari/537.36"
141.98.11.117 - - [15/Apr/2026:12:42:09 +0200] "GET /wp-login.php HTTP/1.1" 500 4024 "-" "Mozilla/5.0 (Windows NT 6.3; WOW64; Trident/7.0; MAGWJS; rv:11.0) like Gecko"
141.98.11.117 - - [15/Apr/2026:12:42:09 +0200] "POST /wp-login.php HTTP/1.1" 500 4024 "https://www.rudomilov.ru/wp-login.php" "Mozilla/5.0 (Windows NT 6.3; WOW64; Trident/7.0; MAGWJS; rv:11.0) like Gecko"
93.39.85.202 - - [15/Apr/2026:12:42:30 +0200] "GET /wp-login.php HTTP/1.1" 500 4024 "-" "Mozilla/5.0 (Windows NT 6.1; WOW64; Trident/7.0; rv:11.0) like Gecko,gzip(gfe)"
93.39.85.202 - - [15/Apr/2026:12:42:30 +0200] "POST /wp-login.php HTTP/1.1" 500 4024 "https://www.rudomilov.ru/wp-login.php" "Mozilla/5.0 (Windows NT 6.1; WOW64; Trident/7.0; rv:11.0) like Gecko,gzip(gfe)"
95.216.2.94 - - [15/Apr/2026:12:42:34 +0200] "POST /wp-cron.php?doing_wp_cron=1776249753.8972609043121337890625 HTTP/1.1" 500 4024 "-" "WordPress/6.9.4; https://www.rudomilov.ru"
46.8.111.119 - - [15/Apr/2026:12:42:33 +0200] "GET / HTTP/1.0" 301 3614 "https://rudomilov.ru/" "Mozilla/5.0 (Windows NT 10.0) AppleWebKit/537.36 (KHTML, like Gecko) Chrome/103.0.0.0 Safari/537.36"
46.8.111.119 - - [15/Apr/2026:12:42:34 +0200] "GET / HTTP/1.0" 200 25980 "https://www.rudomilov.ru/" "Mozilla/5.0 (Windows NT 10.0) AppleWebKit/537.36 (KHTML, like Gecko) Chrome/103.0.0.0 Safari/537.36"
