5.135.131.86 - - [15/Apr/2026:03:56:21 +0200] "GET /cinema/films/1522/opinions/add/?parent=16037 HTTP/1.1" 200 5700 "-" "Mozilla/5.0 (compatible; MJ12bot/v1.4.8; http://mj12bot.com/)"
5.135.131.86 - - [15/Apr/2026:03:56:23 +0200] "GET /cinema/films/1522/opinions/add/?parent=16161 HTTP/1.1" 200 5700 "-" "Mozilla/5.0 (compatible; MJ12bot/v1.4.8; http://mj12bot.com/)"
143.14.6.86 - - [15/Apr/2026:03:56:24 +0200] "GET /images/s/actions/3971_1.jpg HTTP/1.1" 200 11343 "https://www.afish-ka.ru/" "Mozilla/5.0 (Windows NT 10.0; Win64; x64) AppleWebKit/537.36 (KHTML, like Gecko) Chrome/111.0.0.0 Safari/537.36"
150.241.237.39 - - [15/Apr/2026:03:56:24 +0200] "GET /images/s/actions/5205_1.jpg HTTP/1.1" 200 10903 "https://www.afish-ka.ru/" "Mozilla/5.0 (Windows NT 10.0; Win64; x64) AppleWebKit/537.36 (KHTML, like Gecko) Chrome/111.0.0.0 Safari/537.36"
5.135.131.86 - - [15/Apr/2026:03:56:25 +0200] "GET /cinema/films/1524/opinions/add/?parent=16096 HTTP/1.1" 200 5708 "-" "Mozilla/5.0 (compatible; MJ12bot/v1.4.8; http://mj12bot.com/)"
5.135.131.86 - - [15/Apr/2026:03:56:27 +0200] "GET /cinema/films/1524/opinions/add/?parent=16111 HTTP/1.1" 200 5709 "-" "Mozilla/5.0 (compatible; MJ12bot/v1.4.8; http://mj12bot.com/)"
5.135.131.86 - - [15/Apr/2026:03:56:29 +0200] "GET /cinema/films/1524/opinions/add/?parent=16116 HTTP/1.1" 200 5708 "-" "Mozilla/5.0 (compatible; MJ12bot/v1.4.8; http://mj12bot.com/)"
5.135.131.86 - - [15/Apr/2026:03:56:30 +0200] "GET /cinema/films/1551/opinions/add/?parent=16494 HTTP/1.1" 200 5690 "-" "Mozilla/5.0 (compatible; MJ12bot/v1.4.8; http://mj12bot.com/)"
185.191.171.13 - - [15/Apr/2026:03:56:31 +0200] "GET /cinema/films/4944/opinions/add/?parent=43939 HTTP/1.1" 200 9508 "-" "Mozilla/5.0 (compatible; SemrushBot/7~bl; +http://www.semrush.com/bot.html)"
5.135.131.86 - - [15/Apr/2026:03:56:32 +0200] "GET /cinema/films/1553/opinions/add/?parent=15461 HTTP/1.1" 200 5695 "-" "Mozilla/5.0 (compatible; MJ12bot/v1.4.8; http://mj12bot.com/)"
5.135.131.86 - - [15/Apr/2026:03:56:34 +0200] "GET /cinema/films/1553/opinions/add/?parent=15968 HTTP/1.1" 200 5695 "-" "Mozilla/5.0 (compatible; MJ12bot/v1.4.8; http://mj12bot.com/)"
5.135.131.86 - - [15/Apr/2026:03:56:36 +0200] "GET /cinema/films/1582/opinions/add/?parent=16280 HTTP/1.1" 200 5712 "-" "Mozilla/5.0 (compatible; MJ12bot/v1.4.8; http://mj12bot.com/)"
5.135.131.86 - - [15/Apr/2026:03:56:38 +0200] "GET /cinema/films/1582/opinions/add/?parent=16282 HTTP/1.1" 200 5712 "-" "Mozilla/5.0 (compatible; MJ12bot/v1.4.8; http://mj12bot.com/)"
66.249.66.33 - - [15/Apr/2026:03:56:40 +0200] "GET /images/s/actions/2526_3.jpg HTTP/1.1" 200 9245 "-" "Googlebot-Image/1.0"
5.135.131.86 - - [15/Apr/2026:03:56:39 +0200] "GET /cinema/films/1582/opinions/add/?parent=16289 HTTP/1.1" 200 5712 "-" "Mozilla/5.0 (compatible; MJ12bot/v1.4.8; http://mj12bot.com/)"
5.135.131.86 - - [15/Apr/2026:03:56:41 +0200] "GET /cinema/films/1616/opinions/add/?parent=16474 HTTP/1.1" 200 5716 "-" "Mozilla/5.0 (compatible; MJ12bot/v1.4.8; http://mj12bot.com/)"
5.135.131.86 - - [15/Apr/2026:03:56:43 +0200] "GET /cinema/films/1616/opinions/add/?parent=16509 HTTP/1.1" 200 5716 "-" "Mozilla/5.0 (compatible; MJ12bot/v1.4.8; http://mj12bot.com/)"
5.135.131.86 - - [15/Apr/2026:03:56:45 +0200] "GET /cinema/films/1616/opinions/add/?parent=16534 HTTP/1.1" 200 5716 "-" "Mozilla/5.0 (compatible; MJ12bot/v1.4.8; http://mj12bot.com/)"
185.191.171.14 - - [15/Apr/2026:03:56:47 +0200] "GET /cinema/33/opinions/add/?parent=32674 HTTP/1.1" 200 9518 "-" "Mozilla/5.0 (compatible; SemrushBot/7~bl; +http://www.semrush.com/bot.html)"
5.135.131.86 - - [15/Apr/2026:03:56:47 +0200] "GET /cinema/films/1616/opinions/add/?parent=16569 HTTP/1.1" 200 5717 "-" "Mozilla/5.0 (compatible; MJ12bot/v1.4.8; http://mj12bot.com/)"
5.135.131.86 - - [15/Apr/2026:03:56:49 +0200] "GET /cinema/films/1616/opinions/add/?parent=16570 HTTP/1.1" 200 5716 "-" "Mozilla/5.0 (compatible; MJ12bot/v1.4.8; http://mj12bot.com/)"
5.135.131.86 - - [15/Apr/2026:03:56:51 +0200] "GET /cinema/films/1616/opinions/add/?parent=16574 HTTP/1.1" 200 5717 "-" "Mozilla/5.0 (compatible; MJ12bot/v1.4.8; http://mj12bot.com/)"
5.135.131.86 - - [15/Apr/2026:03:56:52 +0200] "GET /cinema/films/1616/opinions/add/?parent=16636 HTTP/1.1" 200 5717 "-" "Mozilla/5.0 (compatible; MJ12bot/v1.4.8; http://mj12bot.com/)"
5.135.131.86 - - [15/Apr/2026:03:56:54 +0200] "GET /cinema/films/1625/opinions/add/?parent=16799 HTTP/1.1" 200 5699 "-" "Mozilla/5.0 (compatible; MJ12bot/v1.4.8; http://mj12bot.com/)"
116.179.32.236 - - [15/Apr/2026:03:56:56 +0200] "GET /images/b/actions/5566_5.jpg HTTP/1.1" 200 37260 "-" "Baiduspider-image+(+http://www.baidu.com/search/spider.htm)"
5.135.131.86 - - [15/Apr/2026:03:56:56 +0200] "GET /cinema/films/1630/opinions/add/?parent=16802 HTTP/1.1" 200 5697 "-" "Mozilla/5.0 (compatible; MJ12bot/v1.4.8; http://mj12bot.com/)"
5.135.131.86 - - [15/Apr/2026:03:56:58 +0200] "GET /cinema/films/1631/opinions/add/?parent=16857 HTTP/1.1" 200 5690 "-" "Mozilla/5.0 (compatible; MJ12bot/v1.4.8; http://mj12bot.com/)"
5.135.131.86 - - [15/Apr/2026:03:57:00 +0200] "GET /cinema/films/1631/opinions/add/?parent=16859 HTTP/1.1" 200 5690 "-" "Mozilla/5.0 (compatible; MJ12bot/v1.4.8; http://mj12bot.com/)"
5.135.131.86 - - [15/Apr/2026:03:57:01 +0200] "GET /cinema/films/1631/opinions/add/?parent=16873 HTTP/1.1" 200 5692 "-" "Mozilla/5.0 (compatible; MJ12bot/v1.4.8; http://mj12bot.com/)"
85.208.96.197 - - [15/Apr/2026:03:57:02 +0200] "GET /cinema/films/2002/opinions/add/?parent=20402 HTTP/1.1" 200 9531 "-" "Mozilla/5.0 (compatible; SemrushBot/7~bl; +http://www.semrush.com/bot.html)"
114.119.128.62 - - [15/Apr/2026:03:57:03 +0200] "GET /10-07-2013 HTTP/1.1" 200 12181 "https://www.afish-ka.ru/04-07-2013" "Mozilla/5.0 (Linux; Android 7.0;) AppleWebKit/537.36 (KHTML, like Gecko) Mobile Safari/537.36 (compatible; PetalBot;+https://webmaster.petalsearch.com/site/petalbot)"
5.135.131.86 - - [15/Apr/2026:03:57:03 +0200] "GET /cinema/films/1631/opinions/add/?parent=16894 HTTP/1.1" 200 5691 "-" "Mozilla/5.0 (compatible; MJ12bot/v1.4.8; http://mj12bot.com/)"
5.135.131.86 - - [15/Apr/2026:03:57:05 +0200] "GET /cinema/films/1635/opinions/add/?parent=17025 HTTP/1.1" 200 5696 "-" "Mozilla/5.0 (compatible; MJ12bot/v1.4.8; http://mj12bot.com/)"
5.135.131.86 - - [15/Apr/2026:03:57:07 +0200] "GET /cinema/films/1637/opinions/add/?parent=16993 HTTP/1.1" 200 5699 "-" "Mozilla/5.0 (compatible; MJ12bot/v1.4.8; http://mj12bot.com/)"
5.135.131.86 - - [15/Apr/2026:03:57:09 +0200] "GET /cinema/films/1923/opinions/add/?parent=19497 HTTP/1.1" 200 5694 "-" "Mozilla/5.0 (compatible; MJ12bot/v1.4.8; http://mj12bot.com/)"
5.135.131.86 - - [15/Apr/2026:03:57:11 +0200] "GET /cinema/films/3990/opinions/add/?parent=35358 HTTP/1.1" 200 5701 "-" "Mozilla/5.0 (compatible; MJ12bot/v1.4.8; http://mj12bot.com/)"
176.31.139.3 - - [15/Apr/2026:03:57:12 +0200] "GET /cinema/films/977/opinions/add/?parent=9645 HTTP/1.1" 200 9540 "-" "Mozilla/5.0 (compatible; AhrefsBot/7.0; +http://ahrefs.com/robot/)"
5.135.131.86 - - [15/Apr/2026:03:57:12 +0200] "GET /cinema/films/3990/opinions/add/?parent=35362 HTTP/1.1" 200 5701 "-" "Mozilla/5.0 (compatible; MJ12bot/v1.4.8; http://mj12bot.com/)"
5.135.131.86 - - [15/Apr/2026:03:57:14 +0200] "GET /cinema/films/3990/opinions/add/?parent=35364 HTTP/1.1" 200 5702 "-" "Mozilla/5.0 (compatible; MJ12bot/v1.4.8; http://mj12bot.com/)"
5.135.131.86 - - [15/Apr/2026:03:57:16 +0200] "GET /cinema/films/3990/opinions/add/?parent=35376 HTTP/1.1" 200 5702 "-" "Mozilla/5.0 (compatible; MJ12bot/v1.4.8; http://mj12bot.com/)"
5.135.131.86 - - [15/Apr/2026:03:57:18 +0200] "GET /cinema/films/3992/opinions/add/?parent=35430 HTTP/1.1" 200 5710 "-" "Mozilla/5.0 (compatible; MJ12bot/v1.4.8; http://mj12bot.com/)"
5.135.131.86 - - [15/Apr/2026:03:57:20 +0200] "GET /cinema/films/3998/opinions/add/?parent=35314 HTTP/1.1" 200 5702 "-" "Mozilla/5.0 (compatible; MJ12bot/v1.4.8; http://mj12bot.com/)"
5.135.131.86 - - [15/Apr/2026:03:57:21 +0200] "GET /cinema/films/3998/opinions/add/?parent=35331 HTTP/1.1" 200 5700 "-" "Mozilla/5.0 (compatible; MJ12bot/v1.4.8; http://mj12bot.com/)"
185.191.171.9 - - [15/Apr/2026:03:57:22 +0200] "GET /cinema/films/1499/opinions/add/?parent=15928 HTTP/1.1" 200 9532 "-" "Mozilla/5.0 (compatible; SemrushBot/7~bl; +http://www.semrush.com/bot.html)"
5.135.131.86 - - [15/Apr/2026:03:57:23 +0200] "GET /cinema/films/3998/opinions/add/?parent=35342 HTTP/1.1" 200 5701 "-" "Mozilla/5.0 (compatible; MJ12bot/v1.4.8; http://mj12bot.com/)"
5.135.131.86 - - [15/Apr/2026:03:57:25 +0200] "GET /cinema/films/3998/opinions/add/?parent=35357 HTTP/1.1" 200 5701 "-" "Mozilla/5.0 (compatible; MJ12bot/v1.4.8; http://mj12bot.com/)"
185.191.171.19 - - [15/Apr/2026:03:57:25 +0200] "GET /theater/actions/300/ HTTP/1.1" 200 9661 "-" "Mozilla/5.0 (compatible; SemrushBot/7~bl; +http://www.semrush.com/bot.html)"
5.135.131.86 - - [15/Apr/2026:03:57:27 +0200] "GET /cinema/films/3998/opinions/add/?parent=35363 HTTP/1.1" 200 5702 "-" "Mozilla/5.0 (compatible; MJ12bot/v1.4.8; http://mj12bot.com/)"
5.135.131.86 - - [15/Apr/2026:03:57:29 +0200] "GET /cinema/films/3998/opinions/add/?parent=35367 HTTP/1.1" 200 5702 "-" "Mozilla/5.0 (compatible; MJ12bot/v1.4.8; http://mj12bot.com/)"
5.135.131.86 - - [15/Apr/2026:03:57:30 +0200] "GET /cinema/films/3998/opinions/add/?parent=35372 HTTP/1.1" 200 5702 "-" "Mozilla/5.0 (compatible; MJ12bot/v1.4.8; http://mj12bot.com/)"
5.135.131.86 - - [15/Apr/2026:03:57:32 +0200] "GET /cinema/films/3998/opinions/add/?parent=35382 HTTP/1.1" 200 5702 "-" "Mozilla/5.0 (compatible; MJ12bot/v1.4.8; http://mj12bot.com/)"
119.13.89.131 - - [15/Apr/2026:03:57:32 +0200] "GET /theater/actions/570/theater/actions/theater/actions/ HTTP/1.1" 200 10691 "-" "Mozilla/5.0 (Windows NT 10.0; Win64; x64) AppleWebKit/537.36 (KHTML, like Gecko) Chrome/144.0.0.0 Safari/537.36"
5.135.131.86 - - [15/Apr/2026:03:57:34 +0200] "GET /cinema/films/3998/opinions/add/?parent=35391 HTTP/1.1" 200 5702 "-" "Mozilla/5.0 (compatible; MJ12bot/v1.4.8; http://mj12bot.com/)"
5.135.131.86 - - [15/Apr/2026:03:57:36 +0200] "GET /cinema/films/3998/opinions/add/?parent=35408 HTTP/1.1" 200 5702 "-" "Mozilla/5.0 (compatible; MJ12bot/v1.4.8; http://mj12bot.com/)"
95.142.195.131 - - [15/Apr/2026:03:57:37 +0200] "GET /rss_source/ HTTP/1.1" 200 21796 "-" "Mozilla/5.0 (compatible; VKRobot/1.0)"
5.135.131.86 - - [15/Apr/2026:03:57:37 +0200] "GET /cinema/films/3998/opinions/add/?parent=35422 HTTP/1.1" 200 5702 "-" "Mozilla/5.0 (compatible; MJ12bot/v1.4.8; http://mj12bot.com/)"
5.135.131.86 - - [15/Apr/2026:03:57:39 +0200] "GET /cinema/films/3998/opinions/add/?parent=35424 HTTP/1.1" 200 5701 "-" "Mozilla/5.0 (compatible; MJ12bot/v1.4.8; http://mj12bot.com/)"
5.135.131.86 - - [15/Apr/2026:03:57:41 +0200] "GET /cinema/films/3999/opinions/add/?parent=35285 HTTP/1.1" 200 5712 "-" "Mozilla/5.0 (compatible; MJ12bot/v1.4.8; http://mj12bot.com/)"
5.135.131.86 - - [15/Apr/2026:03:57:43 +0200] "GET /cinema/films/3999/opinions/add/?parent=35306 HTTP/1.1" 200 5713 "-" "Mozilla/5.0 (compatible; MJ12bot/v1.4.8; http://mj12bot.com/)"
85.208.96.195 - - [15/Apr/2026:03:57:44 +0200] "GET /cinema/films/4178/opinions/add/?parent=36389 HTTP/1.1" 200 9528 "-" "Mozilla/5.0 (compatible; SemrushBot/7~bl; +http://www.semrush.com/bot.html)"
5.135.131.86 - - [15/Apr/2026:03:57:44 +0200] "GET /cinema/films/3999/opinions/add/?parent=35308 HTTP/1.1" 200 5713 "-" "Mozilla/5.0 (compatible; MJ12bot/v1.4.8; http://mj12bot.com/)"
5.135.131.86 - - [15/Apr/2026:03:57:46 +0200] "GET /cinema/films/3999/opinions/add/?parent=35313 HTTP/1.1" 200 5714 "-" "Mozilla/5.0 (compatible; MJ12bot/v1.4.8; http://mj12bot.com/)"
5.135.131.86 - - [15/Apr/2026:03:57:48 +0200] "GET /cinema/films/4005/opinions/add/?parent=35487 HTTP/1.1" 200 5689 "-" "Mozilla/5.0 (compatible; MJ12bot/v1.4.8; http://mj12bot.com/)"
5.135.131.86 - - [15/Apr/2026:03:57:50 +0200] "GET /cinema/films/4005/opinions/add/?parent=35493 HTTP/1.1" 200 5690 "-" "Mozilla/5.0 (compatible; MJ12bot/v1.4.8; http://mj12bot.com/)"
185.191.171.6 - - [15/Apr/2026:03:57:51 +0200] "GET /links.php?go=https%3A%2F%2Femi-flat-in-howrah.blogspot.com%2F2022%2F03%2Fshapoorji-pallonji-joyville.html HTTP/1.1" 200 5780 "-" "Mozilla/5.0 (compatible; SemrushBot/7~bl; +http://www.semrush.com/bot.html)"
5.135.131.86 - - [15/Apr/2026:03:57:51 +0200] "GET /cinema/films/4035/opinions/add/?parent=35577 HTTP/1.1" 200 5682 "-" "Mozilla/5.0 (compatible; MJ12bot/v1.4.8; http://mj12bot.com/)"
5.135.131.86 - - [15/Apr/2026:03:57:53 +0200] "GET /cinema/films/4213/opinions/add/?parent=36501 HTTP/1.1" 200 5718 "-" "Mozilla/5.0 (compatible; MJ12bot/v1.4.8; http://mj12bot.com/)"
5.135.131.86 - - [15/Apr/2026:03:57:55 +0200] "GET /cinema/films/4213/opinions/add/?parent=36535 HTTP/1.1" 200 5718 "-" "Mozilla/5.0 (compatible; MJ12bot/v1.4.8; http://mj12bot.com/)"
5.135.131.86 - - [15/Apr/2026:03:57:57 +0200] "GET /cinema/films/4213/opinions/add/?parent=36561 HTTP/1.1" 200 5718 "-" "Mozilla/5.0 (compatible; MJ12bot/v1.4.8; http://mj12bot.com/)"
5.135.131.86 - - [15/Apr/2026:03:57:59 +0200] "GET /cinema/films/4213/opinions/add/?parent=36617 HTTP/1.1" 200 5718 "-" "Mozilla/5.0 (compatible; MJ12bot/v1.4.8; http://mj12bot.com/)"
5.135.131.86 - - [15/Apr/2026:03:58:01 +0200] "GET /cinema/films/4391/opinions/add/?parent=40951 HTTP/1.1" 200 5710 "-" "Mozilla/5.0 (compatible; MJ12bot/v1.4.8; http://mj12bot.com/)"
5.135.131.86 - - [15/Apr/2026:03:58:02 +0200] "GET /cinema/films/4391/opinions/add/?parent=40952 HTTP/1.1" 200 5711 "-" "Mozilla/5.0 (compatible; MJ12bot/v1.4.8; http://mj12bot.com/)"
5.135.131.86 - - [15/Apr/2026:03:58:04 +0200] "GET /cinema/films/4391/opinions/add/?parent=40953 HTTP/1.1" 200 5711 "-" "Mozilla/5.0 (compatible; MJ12bot/v1.4.8; http://mj12bot.com/)"
220.181.108.82 - - [15/Apr/2026:03:58:05 +0200] "GET /images/b/posters/5269.jpg HTTP/1.1" 200 65725 "-" "Baiduspider-image+(+http://www.baidu.com/search/spider.htm)"
5.135.131.86 - - [15/Apr/2026:03:58:06 +0200] "GET /cinema/films/4391/opinions/add/?parent=40976 HTTP/1.1" 200 5711 "-" "Mozilla/5.0 (compatible; MJ12bot/v1.4.8; http://mj12bot.com/)"
5.135.131.86 - - [15/Apr/2026:03:58:08 +0200] "GET /cinema/films/4391/opinions/add/?parent=40979 HTTP/1.1" 200 5711 "-" "Mozilla/5.0 (compatible; MJ12bot/v1.4.8; http://mj12bot.com/)"
5.135.131.86 - - [15/Apr/2026:03:58:09 +0200] "GET /cinema/films/4391/opinions/add/?parent=40995 HTTP/1.1" 200 5711 "-" "Mozilla/5.0 (compatible; MJ12bot/v1.4.8; http://mj12bot.com/)"
5.135.131.86 - - [15/Apr/2026:03:58:11 +0200] "GET /cinema/films/4391/opinions/add/?parent=41110 HTTP/1.1" 200 5710 "-" "Mozilla/5.0 (compatible; MJ12bot/v1.4.8; http://mj12bot.com/)"
5.135.131.86 - - [15/Apr/2026:03:58:13 +0200] "GET /cinema/films/4391/opinions/add/?parent=41117 HTTP/1.1" 200 5711 "-" "Mozilla/5.0 (compatible; MJ12bot/v1.4.8; http://mj12bot.com/)"
37.59.204.145 - - [15/Apr/2026:03:58:13 +0200] "GET /cinema/films/977/opinions/add/?parent=9119 HTTP/1.1" 200 9539 "-" "Mozilla/5.0 (compatible; AhrefsBot/7.0; +http://ahrefs.com/robot/)"
5.135.131.86 - - [15/Apr/2026:03:58:15 +0200] "GET /cinema/films/4422/opinions/add/?parent=41467 HTTP/1.1" 200 5703 "-" "Mozilla/5.0 (compatible; MJ12bot/v1.4.8; http://mj12bot.com/)"
5.135.131.86 - - [15/Apr/2026:03:58:17 +0200] "GET /cinema/films/4439/opinions/add/?parent=43028 HTTP/1.1" 200 9039 "-" "Mozilla/5.0 (compatible; MJ12bot/v1.4.8; http://mj12bot.com/)"
185.191.171.5 - - [15/Apr/2026:03:58:17 +0200] "GET /cinema/films/3478/opinions/add/ HTTP/1.1" 200 9536 "-" "Mozilla/5.0 (compatible; SemrushBot/7~bl; +http://www.semrush.com/bot.html)"
114.119.153.106 - - [15/Apr/2026:03:58:17 +0200] "GET /10-05-2016/ HTTP/1.1" 200 13452 "https://www.afish-ka.ru/22-05-2016" "Mozilla/5.0 (Linux; Android 7.0;) AppleWebKit/537.36 (KHTML, like Gecko) Mobile Safari/537.36 (compatible; PetalBot;+https://webmaster.petalsearch.com/site/petalbot)"
5.135.131.86 - - [15/Apr/2026:03:58:19 +0200] "GET /cinema/films/45.html HTTP/1.1" 200 8106 "-" "Mozilla/5.0 (compatible; MJ12bot/v1.4.8; http://mj12bot.com/)"
85.208.96.211 - - [15/Apr/2026:03:58:19 +0200] "GET /cinema/films/6004/opinions/add/ HTTP/1.1" 200 9524 "-" "Mozilla/5.0 (compatible; SemrushBot/7~bl; +http://www.semrush.com/bot.html)"
5.135.131.86 - - [15/Apr/2026:03:58:20 +0200] "GET /cinema/films/69.html HTTP/1.1" 200 8272 "-" "Mozilla/5.0 (compatible; MJ12bot/v1.4.8; http://mj12bot.com/)"
5.135.131.86 - - [15/Apr/2026:03:58:22 +0200] "GET /cinema/films/785/opinions/add/?parent=6756 HTTP/1.1" 200 5695 "-" "Mozilla/5.0 (compatible; MJ12bot/v1.4.8; http://mj12bot.com/)"
85.208.96.209 - - [15/Apr/2026:03:58:23 +0200] "GET /cinema/films/4481/opinions/add/?parent=41752 HTTP/1.1" 200 9522 "-" "Mozilla/5.0 (compatible; SemrushBot/7~bl; +http://www.semrush.com/bot.html)"
5.135.131.86 - - [15/Apr/2026:03:58:24 +0200] "GET /cinema/films/785/opinions/add/?parent=6848 HTTP/1.1" 200 5694 "-" "Mozilla/5.0 (compatible; MJ12bot/v1.4.8; http://mj12bot.com/)"
185.191.171.6 - - [15/Apr/2026:03:58:26 +0200] "GET /31-12-2006/ HTTP/1.1" 200 9513 "-" "Mozilla/5.0 (compatible; SemrushBot/7~bl; +http://www.semrush.com/bot.html)"
5.135.131.86 - - [15/Apr/2026:03:58:26 +0200] "GET /cinema/films/786/opinions/add/?parent=6660 HTTP/1.1" 200 5685 "-" "Mozilla/5.0 (compatible; MJ12bot/v1.4.8; http://mj12bot.com/)"
5.135.131.86 - - [15/Apr/2026:03:58:28 +0200] "GET /cinema/films/799/opinions/add/?parent=6726 HTTP/1.1" 200 5689 "-" "Mozilla/5.0 (compatible; MJ12bot/v1.4.8; http://mj12bot.com/)"
5.135.131.86 - - [15/Apr/2026:03:58:29 +0200] "GET /cinema/films/799/opinions/add/?parent=6730 HTTP/1.1" 200 5689 "-" "Mozilla/5.0 (compatible; MJ12bot/v1.4.8; http://mj12bot.com/)"
85.208.96.200 - - [15/Apr/2026:03:58:29 +0200] "GET /services/sitemap/48.html HTTP/1.1" 200 11064 "-" "Mozilla/5.0 (compatible; SemrushBot/7~bl; +http://www.semrush.com/bot.html)"
5.135.131.86 - - [15/Apr/2026:03:58:31 +0200] "GET /cinema/films/802/opinions/add/?parent=6796 HTTP/1.1" 200 5691 "-" "Mozilla/5.0 (compatible; MJ12bot/v1.4.8; http://mj12bot.com/)"
5.135.131.86 - - [15/Apr/2026:03:58:33 +0200] "GET /cinema/films/802/opinions/add/?parent=6799 HTTP/1.1" 200 5691 "-" "Mozilla/5.0 (compatible; MJ12bot/v1.4.8; http://mj12bot.com/)"
5.135.131.86 - - [15/Apr/2026:03:58:35 +0200] "GET /cinema/films/802/opinions/add/?parent=6800 HTTP/1.1" 200 5692 "-" "Mozilla/5.0 (compatible; MJ12bot/v1.4.8; http://mj12bot.com/)"
150.241.237.207 - - [15/Apr/2026:03:58:36 +0200] "GET /images/s/actions/3891_1.jpg HTTP/1.1" 200 10118 "https://www.afish-ka.ru/" "Mozilla/5.0 (Windows NT 10.0; Win64; x64) AppleWebKit/537.36 (KHTML, like Gecko) Chrome/105.0.0.0 Safari/537.3"
5.135.131.86 - - [15/Apr/2026:03:58:36 +0200] "GET /cinema/films/802/opinions/add/?parent=6804 HTTP/1.1" 200 5691 "-" "Mozilla/5.0 (compatible; MJ12bot/v1.4.8; http://mj12bot.com/)"
5.135.131.86 - - [15/Apr/2026:03:58:38 +0200] "GET /cinema/films/802/opinions/add/?parent=6805 HTTP/1.1" 200 5691 "-" "Mozilla/5.0 (compatible; MJ12bot/v1.4.8; http://mj12bot.com/)"
5.135.131.86 - - [15/Apr/2026:03:58:40 +0200] "GET /cinema/films/802/opinions/add/?parent=6808 HTTP/1.1" 200 5691 "-" "Mozilla/5.0 (compatible; MJ12bot/v1.4.8; http://mj12bot.com/)"
85.208.96.195 - - [15/Apr/2026:03:58:40 +0200] "GET /links.php?go=https%3A%2F%2Fmostbet-app-pl.com%2F HTTP/1.1" 200 9587 "-" "Mozilla/5.0 (compatible; SemrushBot/7~bl; +http://www.semrush.com/bot.html)"
5.135.131.86 - - [15/Apr/2026:03:58:42 +0200] "GET /cinema/films/802/opinions/add/?parent=6811 HTTP/1.1" 200 5691 "-" "Mozilla/5.0 (compatible; MJ12bot/v1.4.8; http://mj12bot.com/)"
5.135.131.86 - - [15/Apr/2026:03:58:43 +0200] "GET /cinema/films/802/opinions/add/?parent=6819 HTTP/1.1" 200 5691 "-" "Mozilla/5.0 (compatible; MJ12bot/v1.4.8; http://mj12bot.com/)"
5.135.131.86 - - [15/Apr/2026:03:58:45 +0200] "GET /cinema/films/802/opinions/add/?parent=6823 HTTP/1.1" 200 5692 "-" "Mozilla/5.0 (compatible; MJ12bot/v1.4.8; http://mj12bot.com/)"
5.135.131.86 - - [15/Apr/2026:03:58:47 +0200] "GET /cinema/films/802/opinions/add/?parent=6827 HTTP/1.1" 200 5692 "-" "Mozilla/5.0 (compatible; MJ12bot/v1.4.8; http://mj12bot.com/)"
85.208.96.195 - - [15/Apr/2026:03:58:47 +0200] "GET /05-09-2018/ HTTP/1.1" 200 14865 "-" "Mozilla/5.0 (compatible; SemrushBot/7~bl; +http://www.semrush.com/bot.html)"
5.135.131.86 - - [15/Apr/2026:03:58:49 +0200] "GET /cinema/films/802/opinions/add/?parent=6829 HTTP/1.1" 200 5692 "-" "Mozilla/5.0 (compatible; MJ12bot/v1.4.8; http://mj12bot.com/)"
5.135.131.86 - - [15/Apr/2026:03:58:50 +0200] "GET /cinema/films/802/opinions/add/?parent=6831 HTTP/1.1" 200 5691 "-" "Mozilla/5.0 (compatible; MJ12bot/v1.4.8; http://mj12bot.com/)"
5.135.131.86 - - [15/Apr/2026:03:58:52 +0200] "GET /cinema/films/802/opinions/add/?parent=6834 HTTP/1.1" 200 5692 "-" "Mozilla/5.0 (compatible; MJ12bot/v1.4.8; http://mj12bot.com/)"
185.191.171.9 - - [15/Apr/2026:03:58:53 +0200] "GET /16-02-2026/ HTTP/1.1" 200 9562 "-" "Mozilla/5.0 (compatible; SemrushBot/7~bl; +http://www.semrush.com/bot.html)"
5.135.131.86 - - [15/Apr/2026:03:58:54 +0200] "GET /cinema/films/802/opinions/add/?parent=6837 HTTP/1.1" 200 5692 "-" "Mozilla/5.0 (compatible; MJ12bot/v1.4.8; http://mj12bot.com/)"
5.135.131.86 - - [15/Apr/2026:03:58:56 +0200] "GET /cinema/films/802/opinions/add/?parent=6856 HTTP/1.1" 200 5691 "-" "Mozilla/5.0 (compatible; MJ12bot/v1.4.8; http://mj12bot.com/)"
5.135.131.86 - - [15/Apr/2026:03:58:58 +0200] "GET /cinema/films/802/opinions/add/?parent=6862 HTTP/1.1" 200 5692 "-" "Mozilla/5.0 (compatible; MJ12bot/v1.4.8; http://mj12bot.com/)"
5.135.131.86 - - [15/Apr/2026:03:59:00 +0200] "GET /cinema/films/802/opinions/add/?parent=6871 HTTP/1.1" 200 5691 "-" "Mozilla/5.0 (compatible; MJ12bot/v1.4.8; http://mj12bot.com/)"
5.135.131.86 - - [15/Apr/2026:03:59:01 +0200] "GET /cinema/films/802/opinions/add/?parent=6915 HTTP/1.1" 200 5691 "-" "Mozilla/5.0 (compatible; MJ12bot/v1.4.8; http://mj12bot.com/)"
5.135.131.86 - - [15/Apr/2026:03:59:03 +0200] "GET /cinema/films/802/opinions/add/?parent=6922 HTTP/1.1" 200 5691 "-" "Mozilla/5.0 (compatible; MJ12bot/v1.4.8; http://mj12bot.com/)"
5.135.131.86 - - [15/Apr/2026:03:59:05 +0200] "GET /cinema/films/802/opinions/add/?parent=6926 HTTP/1.1" 200 5691 "-" "Mozilla/5.0 (compatible; MJ12bot/v1.4.8; http://mj12bot.com/)"
5.135.131.86 - - [15/Apr/2026:03:59:07 +0200] "GET /cinema/films/802/opinions/add/?parent=6930 HTTP/1.1" 200 5691 "-" "Mozilla/5.0 (compatible; MJ12bot/v1.4.8; http://mj12bot.com/)"
5.135.131.86 - - [15/Apr/2026:03:59:09 +0200] "GET /cinema/films/802/opinions/add/?parent=6935 HTTP/1.1" 200 5692 "-" "Mozilla/5.0 (compatible; MJ12bot/v1.4.8; http://mj12bot.com/)"
213.180.203.163 - - [15/Apr/2026:03:59:10 +0200] "GET /cinema/films/3137/ HTTP/1.1" 200 10843 "-" "Mozilla/5.0 (compatible; YandexBot/3.0; +http://yandex.com/bots)"
5.135.131.86 - - [15/Apr/2026:03:59:11 +0200] "GET /cinema/films/802/opinions/add/?parent=6947 HTTP/1.1" 200 5691 "-" "Mozilla/5.0 (compatible; MJ12bot/v1.4.8; http://mj12bot.com/)"
5.135.131.86 - - [15/Apr/2026:03:59:12 +0200] "GET /cinema/films/802/opinions/add/?parent=6962 HTTP/1.1" 200 5692 "-" "Mozilla/5.0 (compatible; MJ12bot/v1.4.8; http://mj12bot.com/)"
5.135.131.86 - - [15/Apr/2026:03:59:14 +0200] "GET /cinema/films/802/opinions/add/?parent=6969 HTTP/1.1" 200 5692 "-" "Mozilla/5.0 (compatible; MJ12bot/v1.4.8; http://mj12bot.com/)"
116.179.32.98 - - [15/Apr/2026:03:59:14 +0200] "GET /images/s/actions/1630_1.jpg HTTP/1.1" 200 9285 "-" "Baiduspider-image+(+http://www.baidu.com/search/spider.htm)"
5.135.131.86 - - [15/Apr/2026:03:59:16 +0200] "GET /cinema/films/802/opinions/add/?parent=6994 HTTP/1.1" 200 5692 "-" "Mozilla/5.0 (compatible; MJ12bot/v1.4.8; http://mj12bot.com/)"
85.208.96.199 - - [15/Apr/2026:03:59:17 +0200] "GET /links.php?go=https%3A%2F%2Fen.dp.ua%2Ffiles%2Fjournals%2F1%2Farticles%2F383%2Fsubmission%2F383-1-607-1-2-20221122.html HTTP/1.1" 200 5781 "-" "Mozilla/5.0 (compatible; SemrushBot/7~bl; +http://www.semrush.com/bot.html)"
5.135.131.86 - - [15/Apr/2026:03:59:18 +0200] "GET /cinema/films/802/opinions/add/?parent=7028 HTTP/1.1" 200 5692 "-" "Mozilla/5.0 (compatible; MJ12bot/v1.4.8; http://mj12bot.com/)"
5.135.131.86 - - [15/Apr/2026:03:59:19 +0200] "GET /cinema/films/803/opinions/add/?parent=6773 HTTP/1.1" 200 5683 "-" "Mozilla/5.0 (compatible; MJ12bot/v1.4.8; http://mj12bot.com/)"
5.135.131.86 - - [15/Apr/2026:03:59:21 +0200] "GET /cinema/films/803/opinions/add/?parent=6777 HTTP/1.1" 200 5682 "-" "Mozilla/5.0 (compatible; MJ12bot/v1.4.8; http://mj12bot.com/)"
5.135.131.86 - - [15/Apr/2026:03:59:23 +0200] "GET /cinema/films/803/opinions/add/?parent=6781 HTTP/1.1" 200 5682 "-" "Mozilla/5.0 (compatible; MJ12bot/v1.4.8; http://mj12bot.com/)"
5.135.131.86 - - [15/Apr/2026:03:59:25 +0200] "GET /cinema/films/803/opinions/add/?parent=6786 HTTP/1.1" 200 5682 "-" "Mozilla/5.0 (compatible; MJ12bot/v1.4.8; http://mj12bot.com/)"
5.135.131.86 - - [15/Apr/2026:03:59:26 +0200] "GET /cinema/films/803/opinions/add/?parent=6794 HTTP/1.1" 200 5682 "-" "Mozilla/5.0 (compatible; MJ12bot/v1.4.8; http://mj12bot.com/)"
5.39.109.178 - - [15/Apr/2026:03:59:27 +0200] "GET /cinema/films/977/opinions/add/?parent=9664 HTTP/1.1" 200 9539 "-" "Mozilla/5.0 (compatible; AhrefsBot/7.0; +http://ahrefs.com/robot/)"
5.135.131.86 - - [15/Apr/2026:03:59:28 +0200] "GET /cinema/films/803/opinions/add/?parent=6810 HTTP/1.1" 200 5682 "-" "Mozilla/5.0 (compatible; MJ12bot/v1.4.8; http://mj12bot.com/)"
5.135.131.86 - - [15/Apr/2026:03:59:30 +0200] "GET /cinema/films/803/opinions/add/?parent=6812 HTTP/1.1" 200 5682 "-" "Mozilla/5.0 (compatible; MJ12bot/v1.4.8; http://mj12bot.com/)"
5.135.131.86 - - [15/Apr/2026:03:59:32 +0200] "GET /cinema/films/803/opinions/add/?parent=6820 HTTP/1.1" 200 5683 "-" "Mozilla/5.0 (compatible; MJ12bot/v1.4.8; http://mj12bot.com/)"
5.135.131.86 - - [15/Apr/2026:03:59:34 +0200] "GET /cinema/films/803/opinions/add/?parent=6828 HTTP/1.1" 200 5682 "-" "Mozilla/5.0 (compatible; MJ12bot/v1.4.8; http://mj12bot.com/)"
5.135.131.86 - - [15/Apr/2026:03:59:35 +0200] "GET /cinema/films/803/opinions/add/?parent=6830 HTTP/1.1" 200 5683 "-" "Mozilla/5.0 (compatible; MJ12bot/v1.4.8; http://mj12bot.com/)"
5.135.131.86 - - [15/Apr/2026:03:59:37 +0200] "GET /cinema/films/803/opinions/add/?parent=6833 HTTP/1.1" 200 5682 "-" "Mozilla/5.0 (compatible; MJ12bot/v1.4.8; http://mj12bot.com/)"
5.135.131.86 - - [15/Apr/2026:03:59:39 +0200] "GET /cinema/films/803/opinions/add/?parent=6835 HTTP/1.1" 200 5682 "-" "Mozilla/5.0 (compatible; MJ12bot/v1.4.8; http://mj12bot.com/)"
114.119.128.55 - - [15/Apr/2026:03:59:39 +0200] "GET /10-01-2022/ HTTP/1.1" 200 14239 "https://www.afish-ka.ru/04-01-2022" "Mozilla/5.0 (Linux; Android 7.0;) AppleWebKit/537.36 (KHTML, like Gecko) Mobile Safari/537.36 (compatible; PetalBot;+https://webmaster.petalsearch.com/site/petalbot)"
5.135.131.86 - - [15/Apr/2026:03:59:41 +0200] "GET /cinema/films/803/opinions/add/?parent=6910 HTTP/1.1" 200 5683 "-" "Mozilla/5.0 (compatible; MJ12bot/v1.4.8; http://mj12bot.com/)"
5.135.131.86 - - [15/Apr/2026:03:59:43 +0200] "GET /cinema/films/803/opinions/add/?parent=6932 HTTP/1.1" 200 5683 "-" "Mozilla/5.0 (compatible; MJ12bot/v1.4.8; http://mj12bot.com/)"
5.135.131.86 - - [15/Apr/2026:03:59:44 +0200] "GET /cinema/films/803/opinions/add/?parent=6953 HTTP/1.1" 200 5683 "-" "Mozilla/5.0 (compatible; MJ12bot/v1.4.8; http://mj12bot.com/)"
5.135.131.86 - - [15/Apr/2026:03:59:46 +0200] "GET /cinema/films/803/opinions/add/?parent=6954 HTTP/1.1" 200 5683 "-" "Mozilla/5.0 (compatible; MJ12bot/v1.4.8; http://mj12bot.com/)"
5.135.131.86 - - [15/Apr/2026:03:59:48 +0200] "GET /cinema/films/803/opinions/add/?parent=6959 HTTP/1.1" 200 5682 "-" "Mozilla/5.0 (compatible; MJ12bot/v1.4.8; http://mj12bot.com/)"
5.135.131.86 - - [15/Apr/2026:03:59:50 +0200] "GET /cinema/films/803/opinions/add/?parent=6970 HTTP/1.1" 200 5682 "-" "Mozilla/5.0 (compatible; MJ12bot/v1.4.8; http://mj12bot.com/)"
5.135.131.86 - - [15/Apr/2026:03:59:52 +0200] "GET /cinema/films/809/opinions/add/?parent=7087 HTTP/1.1" 200 5700 "-" "Mozilla/5.0 (compatible; MJ12bot/v1.4.8; http://mj12bot.com/)"
116.204.104.4 - - [15/Apr/2026:03:59:53 +0200] "GET /cinema/films/1802/opinions/cinema/films/cinema/films/ HTTP/1.1" 200 9950 "-" "Mozilla/5.0 (Windows NT 10.0; Win64; x64) AppleWebKit/537.36 (KHTML, like Gecko) Chrome/141.0.0.0 Safari/537.36"
5.135.131.86 - - [15/Apr/2026:03:59:53 +0200] "GET /cinema/films/809/opinions/add/?parent=7088 HTTP/1.1" 200 5699 "-" "Mozilla/5.0 (compatible; MJ12bot/v1.4.8; http://mj12bot.com/)"
116.204.104.4 - - [15/Apr/2026:03:59:54 +0200] "GET /i/mba/js/mba.js HTTP/1.1" 200 10124 "https://www.afish-ka.ru/cinema/films/1802/opinions/cinema/films/cinema/films/" "Mozilla/5.0 (Windows NT 10.0; Win64; x64) AppleWebKit/537.36 (KHTML, like Gecko) Chrome/141.0.0.0 Safari/537.36"
5.135.131.86 - - [15/Apr/2026:03:59:55 +0200] "GET /cinema/films/809/opinions/add/?parent=7090 HTTP/1.1" 200 5699 "-" "Mozilla/5.0 (compatible; MJ12bot/v1.4.8; http://mj12bot.com/)"
5.135.131.86 - - [15/Apr/2026:03:59:57 +0200] "GET /cinema/films/809/opinions/add/?parent=7091 HTTP/1.1" 200 5700 "-" "Mozilla/5.0 (compatible; MJ12bot/v1.4.8; http://mj12bot.com/)"
5.135.131.86 - - [15/Apr/2026:03:59:59 +0200] "GET /cinema/films/809/opinions/add/?parent=7095 HTTP/1.1" 200 5700 "-" "Mozilla/5.0 (compatible; MJ12bot/v1.4.8; http://mj12bot.com/)"
5.135.131.86 - - [15/Apr/2026:04:00:01 +0200] "GET /cinema/films/809/opinions/add/?parent=7097 HTTP/1.1" 200 5699 "-" "Mozilla/5.0 (compatible; MJ12bot/v1.4.8; http://mj12bot.com/)"
95.216.2.94 - - [15/Apr/2026:04:00:01 +0200] "GET /services/sitemap_xml/ HTTP/1.1" 200 500 "-" "Wget/1.20.1 (linux-gnu)"
95.216.2.94 - - [15/Apr/2026:04:00:01 +0200] "GET /services/kamweb/ HTTP/1.1" 200 355 "-" "Wget/1.20.1 (linux-gnu)"
5.135.131.86 - - [15/Apr/2026:04:00:02 +0200] "GET /cinema/films/809/opinions/add/?parent=7101 HTTP/1.1" 200 5699 "-" "Mozilla/5.0 (compatible; MJ12bot/v1.4.8; http://mj12bot.com/)"
5.135.131.86 - - [15/Apr/2026:04:00:04 +0200] "GET /cinema/films/809/opinions/add/?parent=7143 HTTP/1.1" 200 5699 "-" "Mozilla/5.0 (compatible; MJ12bot/v1.4.8; http://mj12bot.com/)"
5.135.131.86 - - [15/Apr/2026:04:00:06 +0200] "GET /cinema/films/841/opinions/add/?parent=7601 HTTP/1.1" 200 5702 "-" "Mozilla/5.0 (compatible; MJ12bot/v1.4.8; http://mj12bot.com/)"
95.216.2.94 - - [15/Apr/2026:04:00:07 +0200] "GET /services/announces/ HTTP/1.1" 200 1731 "-" "Wget/1.20.1 (linux-gnu)"
5.135.131.86 - - [15/Apr/2026:04:00:07 +0200] "GET /cinema/films/842/opinions/add/?parent=7360 HTTP/1.1" 200 5683 "-" "Mozilla/5.0 (compatible; MJ12bot/v1.4.8; http://mj12bot.com/)"
51.68.247.219 - - [15/Apr/2026:04:00:09 +0200] "GET /cinema/films/977/opinions/add/?parent=9811 HTTP/1.1" 200 9539 "-" "Mozilla/5.0 (compatible; AhrefsBot/7.0; +http://ahrefs.com/robot/)"
5.135.131.86 - - [15/Apr/2026:04:00:09 +0200] "GET /cinema/films/842/opinions/add/?parent=7390 HTTP/1.1" 200 5683 "-" "Mozilla/5.0 (compatible; MJ12bot/v1.4.8; http://mj12bot.com/)"
5.135.131.86 - - [15/Apr/2026:04:00:11 +0200] "GET /cinema/films/842/opinions/add/?parent=7418 HTTP/1.1" 200 5683 "-" "Mozilla/5.0 (compatible; MJ12bot/v1.4.8; http://mj12bot.com/)"
5.135.131.86 - - [15/Apr/2026:04:00:13 +0200] "GET /cinema/films/842/opinions/add/?parent=7455 HTTP/1.1" 200 5683 "-" "Mozilla/5.0 (compatible; MJ12bot/v1.4.8; http://mj12bot.com/)"
5.135.131.86 - - [15/Apr/2026:04:00:15 +0200] "GET /cinema/films/844/opinions/add/?parent=7406 HTTP/1.1" 200 5695 "-" "Mozilla/5.0 (compatible; MJ12bot/v1.4.8; http://mj12bot.com/)"
5.135.131.86 - - [15/Apr/2026:04:00:16 +0200] "GET /cinema/films/844/opinions/add/?parent=7435 HTTP/1.1" 200 5694 "-" "Mozilla/5.0 (compatible; MJ12bot/v1.4.8; http://mj12bot.com/)"
5.135.131.86 - - [15/Apr/2026:04:00:18 +0200] "GET /cinema/films/955/opinions/add/?parent=9095 HTTP/1.1" 200 5710 "-" "Mozilla/5.0 (compatible; MJ12bot/v1.4.8; http://mj12bot.com/)"
116.179.32.89 - - [15/Apr/2026:04:00:24 +0200] "GET /images/s/actions/3223_5.jpg HTTP/1.1" 200 10397 "-" "Baiduspider-image+(+http://www.baidu.com/search/spider.htm)"
85.208.96.203 - - [15/Apr/2026:04:00:27 +0200] "GET /cinema/films/989/opinions/add/?parent=9429 HTTP/1.1" 200 9526 "-" "Mozilla/5.0 (compatible; SemrushBot/7~bl; +http://www.semrush.com/bot.html)"
37.59.204.131 - - [15/Apr/2026:04:00:38 +0200] "GET /cinema/films/977/opinions/add/?parent=9781 HTTP/1.1" 200 9539 "-" "Mozilla/5.0 (compatible; AhrefsBot/7.0; +http://ahrefs.com/robot/)"
185.191.171.5 - - [15/Apr/2026:04:00:43 +0200] "GET /links.php?go=http%3A%2F%2F3-bhk-ready-to-move-flat-in-kolkata.blogspot.com%2F2022%2F02%2Fjyville-howrah-kolkata.html HTTP/1.1" 200 5781 "-" "Mozilla/5.0 (compatible; SemrushBot/7~bl; +http://www.semrush.com/bot.html)"
85.208.96.211 - - [15/Apr/2026:04:00:48 +0200] "GET /links.php?go=http%3A%2F%2F1bhk-flat-in-mumbai-upto-15-lakhs.blogspot.com%2F2022%2F02%2Fshapoorji-pallonji-joyville-howrah.html HTTP/1.1" 200 5778 "-" "Mozilla/5.0 (compatible; SemrushBot/7~bl; +http://www.semrush.com/bot.html)"
185.191.171.2 - - [15/Apr/2026:04:00:49 +0200] "GET /links.php?go=https%3A%2F%2Fagen-idnplay01.blogspot.com%2F HTTP/1.1" 200 5778 "-" "Mozilla/5.0 (compatible; SemrushBot/7~bl; +http://www.semrush.com/bot.html)"
185.191.171.7 - - [15/Apr/2026:04:01:01 +0200] "GET /links.php?go=https%3A%2F%2Ffabrica-tumana.ru%2Fnovosibirsk%2Fcatalog%2Fuvlazhniteli%2Fdlya-kamer-hraneniya%2F HTTP/1.1" 200 9571 "-" "Mozilla/5.0 (compatible; SemrushBot/7~bl; +http://www.semrush.com/bot.html)"
85.208.96.195 - - [15/Apr/2026:04:01:05 +0200] "GET /cinema/films/2302/opinions/add/?parent=23171 HTTP/1.1" 200 9534 "-" "Mozilla/5.0 (compatible; SemrushBot/7~bl; +http://www.semrush.com/bot.html)"
47.128.117.55 - - [15/Apr/2026:04:01:08 +0200] "GET /24-05-2025/ HTTP/1.1" 200 9658 "-" "Mozilla/5.0 (Linux; Android 5.0) AppleWebKit/537.36 (KHTML, like Gecko) Mobile Safari/537.36 (compatible; TikTokSpider; ttspider-feedback@tiktok.com)"
185.191.171.2 - - [15/Apr/2026:04:01:09 +0200] "GET /23-07-2006/ HTTP/1.1" 200 9745 "-" "Mozilla/5.0 (compatible; SemrushBot/7~bl; +http://www.semrush.com/bot.html)"
54.37.118.76 - - [15/Apr/2026:04:01:14 +0200] "GET /cinema/films/977/opinions/add/?parent=9687 HTTP/1.1" 200 9539 "-" "Mozilla/5.0 (compatible; AhrefsBot/7.0; +http://ahrefs.com/robot/)"
159.138.23.51 - - [15/Apr/2026:04:01:19 +0200] "GET /cinema/films/286/opinions/cinema/films/286/opinions/cinema/films/ HTTP/1.1" 200 6059 "-" "Mozilla/5.0 (Macintosh; Intel Mac OS X 10_15_7) AppleWebKit/537.36 (KHTML, like Gecko) Chrome/141.0.0.0 Safari/537.36"
51.161.65.252 - - [15/Apr/2026:04:01:30 +0200] "GET /robots.txt HTTP/1.1" 200 4257 "-" "Mozilla/5.0 (compatible; AhrefsBot/7.0; +http://ahrefs.com/robot/)"
220.181.108.165 - - [15/Apr/2026:04:01:33 +0200] "GET /images/s/actions/4768_1.jpg HTTP/1.1" 200 9849 "-" "Baiduspider-image+(+http://www.baidu.com/search/spider.htm)"
85.208.96.210 - - [15/Apr/2026:04:01:34 +0200] "GET /links.php?go=http%3A%2F%2Fwww.wildflowersofbanff.com%2F8839%2Fnigoal668-look-at-this-fantastic-gambling-website HTTP/1.1" 200 9586 "-" "Mozilla/5.0 (compatible; SemrushBot/7~bl; +http://www.semrush.com/bot.html)"
185.191.171.8 - - [15/Apr/2026:04:01:36 +0200] "GET /unexpectedcom21s.php?go=http%3A%2F%2Fwww.best-romantic-vacations.com HTTP/1.1" 200 9587 "-" "Mozilla/5.0 (compatible; SemrushBot/7~bl; +http://www.semrush.com/bot.html)"
5.39.1.230 - - [15/Apr/2026:04:01:41 +0200] "GET /cinema/films/977/opinions/add/?parent=9776 HTTP/1.1" 200 9539 "-" "Mozilla/5.0 (compatible; AhrefsBot/7.0; +http://ahrefs.com/robot/)"
185.191.171.8 - - [15/Apr/2026:04:02:01 +0200] "GET /robots.txt HTTP/1.1" 200 4229 "-" "Mozilla/5.0 (compatible; SemrushBot/7~bl; +http://www.semrush.com/bot.html)"
85.208.96.204 - - [15/Apr/2026:04:02:02 +0200] "GET /cinema/films/4143/opinions/add/?parent=36222 HTTP/1.1" 200 9517 "-" "Mozilla/5.0 (compatible; SemrushBot/7~bl; +http://www.semrush.com/bot.html)"
37.59.204.131 - - [15/Apr/2026:04:02:11 +0200] "GET /cinema/films/977/opinions/add/?parent=9653 HTTP/1.1" 200 9539 "-" "Mozilla/5.0 (compatible; AhrefsBot/7.0; +http://ahrefs.com/robot/)"
114.119.128.62 - - [15/Apr/2026:04:02:14 +0200] "GET /08-06-2020 HTTP/1.1" 200 9592 "https://www.afish-ka.ru/04-05-2020" "Mozilla/5.0 (Linux; Android 7.0;) AppleWebKit/537.36 (KHTML, like Gecko) Mobile Safari/537.36 (compatible; PetalBot;+https://webmaster.petalsearch.com/site/petalbot)"
185.191.171.14 - - [15/Apr/2026:04:02:20 +0200] "GET /cinema/films/2105/opinions/add/?parent=20965 HTTP/1.1" 200 9512 "-" "Mozilla/5.0 (compatible; SemrushBot/7~bl; +http://www.semrush.com/bot.html)"
185.191.171.19 - - [15/Apr/2026:04:02:22 +0200] "GET /20-10-2018/ HTTP/1.1" 200 16863 "-" "Mozilla/5.0 (compatible; SemrushBot/7~bl; +http://www.semrush.com/bot.html)"
185.191.171.12 - - [15/Apr/2026:04:02:26 +0200] "GET /cinema/films/1024/opinions/add/?parent=10241 HTTP/1.1" 200 9511 "-" "Mozilla/5.0 (compatible; SemrushBot/7~bl; +http://www.semrush.com/bot.html)"
185.191.171.11 - - [15/Apr/2026:04:02:28 +0200] "GET /cinema/films/727/opinions/add/?parent=6035 HTTP/1.1" 200 9533 "-" "Mozilla/5.0 (compatible; SemrushBot/7~bl; +http://www.semrush.com/bot.html)"
185.191.171.8 - - [15/Apr/2026:04:02:34 +0200] "GET /cinema/films/957/opinions/add/?parent=9289 HTTP/1.1" 200 9521 "-" "Mozilla/5.0 (compatible; SemrushBot/7~bl; +http://www.semrush.com/bot.html)"
94.23.188.198 - - [15/Apr/2026:04:02:37 +0200] "GET /cinema/films/977/opinions/add/?parent=9589 HTTP/1.1" 200 9536 "-" "Mozilla/5.0 (compatible; AhrefsBot/7.0; +http://ahrefs.com/robot/)"
116.179.32.177 - - [15/Apr/2026:04:02:44 +0200] "GET /cinema/films/5864/opinions/ HTTP/1.1" 200 5522 "-" "Mozilla/5.0 (Linux;u;Android 4.2.2;zh-cn;) AppleWebKit/534.46 (KHTML,like Gecko) Version/5.1 Mobile Safari/10600.6.3 (compatible; Baiduspider/2.0; +http://www.baidu.com/search/spider.html)"
43.154.110.75 - - [15/Apr/2026:04:02:51 +0200] "GET /cinema/films/3794/cinema/films/3794/opinions/add/ HTTP/1.1" 200 6531 "-" "Mozilla/5.0 (Windows NT 10.0; Win64; x64) AppleWebKit/537.36 (KHTML, like Gecko) Chrome/143.0.0.0 Safari/537.36"
185.191.171.11 - - [15/Apr/2026:04:02:57 +0200] "GET /cinema/films/1929/opinions/add/?parent=19773 HTTP/1.1" 200 9500 "-" "Mozilla/5.0 (compatible; SemrushBot/7~bl; +http://www.semrush.com/bot.html)"
185.191.171.8 - - [15/Apr/2026:04:02:59 +0200] "GET /links.php?go=http%3A%2F%2Fwww.fresh-reinigung.ch HTTP/1.1" 200 9587 "-" "Mozilla/5.0 (compatible; SemrushBot/7~bl; +http://www.semrush.com/bot.html)"
51.75.236.143 - - [15/Apr/2026:04:03:07 +0200] "GET /cinema/films/977/opinions/add/?parent=9943 HTTP/1.1" 200 9539 "-" "Mozilla/5.0 (compatible; AhrefsBot/7.0; +http://ahrefs.com/robot/)"
85.208.96.207 - - [15/Apr/2026:04:03:07 +0200] "GET /cinema/films/3110/opinions/add/ HTTP/1.1" 200 9508 "-" "Mozilla/5.0 (compatible; SemrushBot/7~bl; +http://www.semrush.com/bot.html)"
40.77.167.26 - - [15/Apr/2026:04:03:21 +0200] "GET /cafe/37/opinions/ HTTP/1.1" 200 80591 "-" "Mozilla/5.0 AppleWebKit/537.36 (KHTML, like Gecko; compatible; bingbot/2.0; +http://www.bing.com/bingbot.htm) Chrome/116.0.1938.76 Safari/537.36"
85.208.96.203 - - [15/Apr/2026:04:03:23 +0200] "GET /11-02-2017/ HTTP/1.1" 200 13759 "-" "Mozilla/5.0 (compatible; SemrushBot/7~bl; +http://www.semrush.com/bot.html)"
92.222.104.199 - - [15/Apr/2026:04:03:30 +0200] "GET /cinema/films/977/opinions/add/?parent=9681 HTTP/1.1" 200 9540 "-" "Mozilla/5.0 (compatible; AhrefsBot/7.0; +http://ahrefs.com/robot/)"
114.119.153.106 - - [15/Apr/2026:04:03:43 +0200] "GET /08-04-2018 HTTP/1.1" 200 15250 "https://www.afish-ka.ru/18-04-2018" "Mozilla/5.0 (Linux; Android 7.0;) AppleWebKit/537.36 (KHTML, like Gecko) Mobile Safari/537.36 (compatible; PetalBot;+https://webmaster.petalsearch.com/site/petalbot)"
220.181.108.147 - - [15/Apr/2026:04:03:54 +0200] "GET /images/s/actions/3750_1.jpg HTTP/1.1" 200 10803 "-" "Baiduspider-image+(+http://www.baidu.com/search/spider.htm)"
114.119.146.120 - - [15/Apr/2026:04:03:55 +0200] "GET /08-02-2022/ HTTP/1.1" 200 15024 "https://www.afish-ka.ru/03-02-2022/" "Mozilla/5.0 (Linux; Android 7.0;) AppleWebKit/537.36 (KHTML, like Gecko) Mobile Safari/537.36 (compatible; PetalBot;+https://webmaster.petalsearch.com/site/petalbot)"
92.222.108.118 - - [15/Apr/2026:04:04:01 +0200] "GET /cinema/films/2989/opinions/add/?parent=27591 HTTP/1.1" 200 9539 "-" "Mozilla/5.0 (compatible; AhrefsBot/7.0; +http://ahrefs.com/robot/)"
124.243.168.138 - - [15/Apr/2026:04:04:14 +0200] "GET /cafe/actions/2243/cafe/cafe/actions/2243/opinions/add/ HTTP/1.1" 200 10800 "-" "Mozilla/5.0 (Macintosh; Intel Mac OS X 10_15_7) AppleWebKit/537.36 (KHTML, like Gecko) Chrome/142.0.0.0 Safari/537.36"
185.191.171.1 - - [15/Apr/2026:04:04:14 +0200] "GET /links.php?go=http%3A%2F%2F1-bhk-flat-shapoorji-pallonji-kolkata.blogspot.com%2F2022%2F03%2Fwestern-heights-joyville.html HTTP/1.1" 200 5780 "-" "Mozilla/5.0 (compatible; SemrushBot/7~bl; +http://www.semrush.com/bot.html)"
17.22.237.33 - - [15/Apr/2026:04:04:18 +0200] "GET /cinema/films/3722/ HTTP/1.1" 200 10381 "-" "Mozilla/5.0 (Macintosh; Intel Mac OS X 10_15_7) AppleWebKit/605.1.15 (KHTML, like Gecko) Version/17.4 Safari/605.1.15 (Applebot/0.1; +http://www.apple.com/go/applebot)"
114.119.128.62 - - [15/Apr/2026:04:04:21 +0200] "GET /08-02-2018 HTTP/1.1" 200 14654 "https://www.afish-ka.ru/07-02-2018" "Mozilla/5.0 (Linux; Android 7.0;) AppleWebKit/537.36 (KHTML, like Gecko) Mobile Safari/537.36 (compatible; PetalBot;+https://webmaster.petalsearch.com/site/petalbot)"
92.222.104.221 - - [15/Apr/2026:04:04:23 +0200] "GET /cinema/films/977/opinions/add/?parent=9690 HTTP/1.1" 200 9539 "-" "Mozilla/5.0 (compatible; AhrefsBot/7.0; +http://ahrefs.com/robot/)"
85.208.96.206 - - [15/Apr/2026:04:04:39 +0200] "GET /cinema/films/241/opinions/add/?parent=1815 HTTP/1.1" 200 9551 "-" "Mozilla/5.0 (compatible; SemrushBot/7~bl; +http://www.semrush.com/bot.html)"
185.191.171.16 - - [15/Apr/2026:04:04:59 +0200] "GET /cinema/films/1807/opinions/add/?parent=18340 HTTP/1.1" 200 9511 "-" "Mozilla/5.0 (compatible; SemrushBot/7~bl; +http://www.semrush.com/bot.html)"
116.179.32.33 - - [15/Apr/2026:04:05:02 +0200] "GET /images/s/actions/699_1.jpg HTTP/1.1" 200 10860 "-" "Baiduspider-image+(+http://www.baidu.com/search/spider.htm)"
185.191.171.11 - - [15/Apr/2026:04:05:04 +0200] "GET /cinema/films/5195/opinions/add/ HTTP/1.1" 200 9535 "-" "Mozilla/5.0 (compatible; SemrushBot/7~bl; +http://www.semrush.com/bot.html)"
5.39.109.187 - - [15/Apr/2026:04:05:11 +0200] "GET /cinema/films/977/opinions/add/?parent=9544 HTTP/1.1" 200 9539 "-" "Mozilla/5.0 (compatible; AhrefsBot/7.0; +http://ahrefs.com/robot/)"
51.75.236.133 - - [15/Apr/2026:04:05:26 +0200] "GET /cinema/films/1379/opinions/add/?parent=14801 HTTP/1.1" 200 9535 "-" "Mozilla/5.0 (compatible; AhrefsBot/7.0; +http://ahrefs.com/robot/)"
49.0.245.234 - - [15/Apr/2026:04:05:31 +0200] "GET /cafe/102/opinions/cafe/102/cafe/102/opinions/add/?parent=6738 HTTP/1.1" 200 16339 "-" "Mozilla/5.0 (Windows NT 10.0; Win64; x64) AppleWebKit/537.36 (KHTML, like Gecko) Chrome/145.0.0.0 Safari/537.36"
185.191.171.13 - - [15/Apr/2026:04:05:37 +0200] "GET /cinema/films/1861/ HTTP/1.1" 200 10515 "-" "Mozilla/5.0 (compatible; SemrushBot/7~bl; +http://www.semrush.com/bot.html)"
165.227.194.148 - - [15/Apr/2026:04:05:41 +0200] "GET /images/s/actions/3930_1.jpg HTTP/1.1" 200 8835 "https://www.afish-ka.ru/" "Mozilla/5.0 (Windows NT 10.0; Win64; x64) AppleWebKit/537.36 (KHTML, like Gecko) Chrome/112.0.0.0 Safari/537.36"
94.23.188.198 - - [15/Apr/2026:04:05:46 +0200] "GET /links.php?go=http://webdirectoryofworld.site HTTP/1.1" 404 4174 "-" "Mozilla/5.0 (compatible; AhrefsBot/7.0; +http://ahrefs.com/robot/)"
185.191.171.13 - - [15/Apr/2026:04:05:57 +0200] "GET /17-02-2008/ HTTP/1.1" 200 10674 "-" "Mozilla/5.0 (compatible; SemrushBot/7~bl; +http://www.semrush.com/bot.html)"
185.191.171.14 - - [15/Apr/2026:04:06:06 +0200] "GET /cinema/films/3669/opinions/add/?parent=33726 HTTP/1.1" 200 9531 "-" "Mozilla/5.0 (compatible; SemrushBot/7~bl; +http://www.semrush.com/bot.html)"
220.181.108.93 - - [15/Apr/2026:04:06:11 +0200] "GET /images/s/actions/3221_3.jpg HTTP/1.1" 200 9072 "-" "Baiduspider-image+(+http://www.baidu.com/search/spider.htm)"
176.31.139.29 - - [15/Apr/2026:04:06:17 +0200] "GET /cinema/films/119/opinions/ HTTP/1.1" 200 9533 "-" "Mozilla/5.0 (compatible; AhrefsBot/7.0; +http://ahrefs.com/robot/)"
185.191.171.8 - - [15/Apr/2026:04:06:21 +0200] "GET /cinema/films/3093/opinions/add/?parent=29049 HTTP/1.1" 200 9510 "-" "Mozilla/5.0 (compatible; SemrushBot/7~bl; +http://www.semrush.com/bot.html)"
74.125.212.33 - - [15/Apr/2026:04:06:23 +0200] "GET /rss HTTP/1.1" 301 574 "-" "FeedBurner/1.0 (http://www.FeedBurner.com)"
85.208.96.201 - - [15/Apr/2026:04:06:23 +0200] "GET /cinema/films/669/opinions/add/?parent=5721 HTTP/1.1" 200 5719 "-" "Mozilla/5.0 (compatible; SemrushBot/7~bl; +http://www.semrush.com/bot.html)"
74.125.212.203 - - [15/Apr/2026:04:06:24 +0200] "GET /rss HTTP/1.1" 302 442 "-" "FeedBurner/1.0 (http://www.FeedBurner.com)"
185.191.171.19 - - [15/Apr/2026:04:06:25 +0200] "GET /exhibition/actions/3016/ HTTP/1.1" 200 11175 "-" "Mozilla/5.0 (compatible; SemrushBot/7~bl; +http://www.semrush.com/bot.html)"
94.23.188.203 - - [15/Apr/2026:04:06:34 +0200] "GET /cinema/films/2989/opinions/add/?parent=27619 HTTP/1.1" 200 9539 "-" "Mozilla/5.0 (compatible; AhrefsBot/7.0; +http://ahrefs.com/robot/)"
185.191.171.11 - - [15/Apr/2026:04:06:36 +0200] "GET /11-06-2021/ HTTP/1.1" 200 14083 "-" "Mozilla/5.0 (compatible; SemrushBot/7~bl; +http://www.semrush.com/bot.html)"
82.156.102.125 - - [15/Apr/2026:04:06:40 +0200] "GET /theater/actions/2426/opinions/theater/actions/2426/opinions/theater/actions/2426/opinions/add/?parent=23838 HTTP/1.1" 200 6644 "-" "Mozilla/5.0 (Windows NT 10.0; Win64; x64) AppleWebKit/537.36 (KHTML, like Gecko) Chrome/144.0.0.0 Safari/537.36"
185.191.171.13 - - [15/Apr/2026:04:06:40 +0200] "GET /theater/actions/679/opinions/add/?parent=54387 HTTP/1.1" 200 9513 "-" "Mozilla/5.0 (compatible; SemrushBot/7~bl; +http://www.semrush.com/bot.html)"
216.73.216.1 - - [15/Apr/2026:04:06:46 +0200] "GET /robots.txt HTTP/1.1" 200 4257 "-" "Mozilla/5.0 AppleWebKit/537.36 (KHTML, like Gecko; compatible; ClaudeBot/1.0; +claudebot@anthropic.com)"
216.73.216.1 - - [15/Apr/2026:04:06:46 +0200] "GET /cinema/films/379/opinions/add/?parent=4207 HTTP/1.1" 200 5766 "-" "Mozilla/5.0 AppleWebKit/537.36 (KHTML, like Gecko; compatible; ClaudeBot/1.0; +claudebot@anthropic.com)"
85.208.96.202 - - [15/Apr/2026:04:06:49 +0200] "GET /links.php?go=http%3A%2F%2Fseo-experts.today%2Ftag%2Fgoogle-seo-rankings HTTP/1.1" 200 9603 "-" "Mozilla/5.0 (compatible; SemrushBot/7~bl; +http://www.semrush.com/bot.html)"
85.208.96.204 - - [15/Apr/2026:04:07:06 +0200] "GET /links.php?go=https%3A%2F%2Fassnowi147-3.weebly.com%2F HTTP/1.1" 200 5781 "-" "Mozilla/5.0 (compatible; SemrushBot/7~bl; +http://www.semrush.com/bot.html)"
176.31.139.21 - - [15/Apr/2026:04:07:07 +0200] "GET /cafe/ HTTP/1.1" 200 10783 "-" "Mozilla/5.0 (compatible; AhrefsBot/7.0; +http://ahrefs.com/robot/)"
185.191.171.7 - - [15/Apr/2026:04:07:08 +0200] "GET /links.php?go=https%3A%2F%2Fassnowi130-3.weebly.com%2F HTTP/1.1" 200 5781 "-" "Mozilla/5.0 (compatible; SemrushBot/7~bl; +http://www.semrush.com/bot.html)"
85.208.96.206 - - [15/Apr/2026:04:07:12 +0200] "GET /03-08-2021/ HTTP/1.1" 200 13439 "-" "Mozilla/5.0 (compatible; SemrushBot/7~bl; +http://www.semrush.com/bot.html)"
116.179.32.179 - - [15/Apr/2026:04:07:21 +0200] "GET /images/b/actions/2712_1.jpg HTTP/1.1" 200 34740 "-" "Baiduspider-image+(+http://www.baidu.com/search/spider.htm)"
149.202.84.95 - - [15/Apr/2026:04:07:22 +0200] "GET /links.php?go=https://openstudy.marble.oci.softex.uz/user/GuyD727126336903/ HTTP/1.1" 404 4183 "-" "Mozilla/5.0 (Macintosh; Intel Mac OS X 10_15_7) AppleWebKit/537.36 (KHTML, like Gecko) Chrome/145.0.0.0 Safari/537.36 Edg/145.0.0.0"
149.202.84.95 - - [15/Apr/2026:04:07:22 +0200] "GET /links.php?go=https://onlayn-oyunlar.com.az/ HTTP/1.1" 404 4199 "https://www.afish-ka.ru/links.php?go=https://openstudy.marble.oci.softex.uz/user/GuyD727126336903/" "Mozilla/5.0 (Macintosh; Intel Mac OS X 10_15_7) AppleWebKit/537.36 (KHTML, like Gecko) Chrome/145.0.0.0 Safari/537.36 Edg/145.0.0.0"
149.202.84.95 - - [15/Apr/2026:04:07:22 +0200] "GET / HTTP/1.1" 200 9920 "https://www.afish-ka.ru/links.php?go=https://openstudy.marble.oci.softex.uz/user/GuyD727126336903/" "Mozilla/5.0 (Macintosh; Intel Mac OS X 10_15_7) AppleWebKit/537.36 (KHTML, like Gecko) Chrome/145.0.0.0 Safari/537.36 Edg/145.0.0.0"
5.255.231.33 - - [15/Apr/2026:04:07:26 +0200] "GET /exhibition/161/ HTTP/1.1" 200 10548 "-" "Mozilla/5.0 (compatible; YandexBot/3.0; +http://yandex.com/bots)"
149.202.84.95 - - [15/Apr/2026:04:07:25 +0200] "GET /services/sitemap/12.html HTTP/1.1" 200 11165 "https://www.afish-ka.ru" "Mozilla/5.0 (Macintosh; Intel Mac OS X 10_15_7) AppleWebKit/537.36 (KHTML, like Gecko) Chrome/145.0.0.0 Safari/537.36 Edg/145.0.0.0"
5.39.109.177 - - [15/Apr/2026:04:07:32 +0200] "GET /17-06-2025/ HTTP/1.1" 200 9604 "-" "Mozilla/5.0 (compatible; AhrefsBot/7.0; +http://ahrefs.com/robot/)"
185.191.171.13 - - [15/Apr/2026:04:07:32 +0200] "GET /cafe/132/opinions/add/?parent=16878 HTTP/1.1" 200 9545 "-" "Mozilla/5.0 (compatible; SemrushBot/7~bl; +http://www.semrush.com/bot.html)"
185.191.171.19 - - [15/Apr/2026:04:07:40 +0200] "GET /14-11-2025/ HTTP/1.1" 200 9593 "-" "Mozilla/5.0 (compatible; SemrushBot/7~bl; +http://www.semrush.com/bot.html)"
43.162.217.163 - - [15/Apr/2026:04:08:09 +0200] "GET /cinema/films/5971/cinema/films/5971/opinions HTTP/1.1" 200 6467 "-" "Mozilla/5.0 (Windows NT 10.0; Win64; x64) AppleWebKit/537.36 (KHTML, like Gecko) Chrome/142.0.0.0 Safari/537.36"
51.75.236.150 - - [15/Apr/2026:04:08:13 +0200] "GET /22-06-2010/ HTTP/1.1" 200 12270 "-" "Mozilla/5.0 (compatible; AhrefsBot/7.0; +http://ahrefs.com/robot/)"
