51.83.237.175 - - [15/Apr/2026:06:40:44 +0200] "GET /cinema/films/1872/opinions/add/?parent=19180 HTTP/1.1" 200 5692 "-" "Mozilla/5.0 (compatible; MJ12bot/v1.4.8; http://mj12bot.com/)"
51.83.237.175 - - [15/Apr/2026:06:40:45 +0200] "GET /cinema/films/81.html HTTP/1.1" 200 8660 "-" "Mozilla/5.0 (compatible; MJ12bot/v1.4.8; http://mj12bot.com/)"
185.191.171.7 - - [15/Apr/2026:06:40:45 +0200] "GET /links.php?go=https%3A%2F%2F20-tiktok.weebly.com%2F HTTP/1.1" 200 5780 "-" "Mozilla/5.0 (compatible; SemrushBot/7~bl; +http://www.semrush.com/bot.html)"
51.83.237.175 - - [15/Apr/2026:06:40:45 +0200] "GET /cinema/films/811/opinions/add/?parent=7074 HTTP/1.1" 200 5692 "-" "Mozilla/5.0 (compatible; MJ12bot/v1.4.8; http://mj12bot.com/)"
51.83.237.175 - - [15/Apr/2026:06:40:46 +0200] "GET /cinema/films/1923/opinions/add/?parent=19485 HTTP/1.1" 200 5694 "-" "Mozilla/5.0 (compatible; MJ12bot/v1.4.8; http://mj12bot.com/)"
51.83.237.175 - - [15/Apr/2026:06:40:47 +0200] "GET /cinema/films/81/opinions/add/?parent=348 HTTP/1.1" 200 5688 "-" "Mozilla/5.0 (compatible; MJ12bot/v1.4.8; http://mj12bot.com/)"
51.83.237.175 - - [15/Apr/2026:06:40:47 +0200] "GET /cinema/films/811/opinions/add/?parent=7077 HTTP/1.1" 200 5691 "-" "Mozilla/5.0 (compatible; MJ12bot/v1.4.8; http://mj12bot.com/)"
85.208.96.207 - - [15/Apr/2026:06:40:48 +0200] "GET /cinema/films/4265/opinions/add/ HTTP/1.1" 200 9496 "-" "Mozilla/5.0 (compatible; SemrushBot/7~bl; +http://www.semrush.com/bot.html)"
51.83.237.175 - - [15/Apr/2026:06:40:48 +0200] "GET /cinema/films/1923/opinions/add/?parent=19501 HTTP/1.1" 200 5693 "-" "Mozilla/5.0 (compatible; MJ12bot/v1.4.8; http://mj12bot.com/)"
51.83.237.175 - - [15/Apr/2026:06:40:49 +0200] "GET /cinema/films/81/opinions/add/?parent=351 HTTP/1.1" 200 5688 "-" "Mozilla/5.0 (compatible; MJ12bot/v1.4.8; http://mj12bot.com/)"
92.222.104.212 - - [15/Apr/2026:06:40:49 +0200] "GET /cinema/films/4219/opinions/add/?parent=36497 HTTP/1.1" 200 9529 "-" "Mozilla/5.0 (compatible; AhrefsBot/7.0; +http://ahrefs.com/robot/)"
51.83.237.175 - - [15/Apr/2026:06:40:49 +0200] "GET /cinema/films/811/opinions/add/?parent=7078 HTTP/1.1" 200 5691 "-" "Mozilla/5.0 (compatible; MJ12bot/v1.4.8; http://mj12bot.com/)"
51.83.237.175 - - [15/Apr/2026:06:40:50 +0200] "GET /cinema/films/1923/opinions/add/?parent=19503 HTTP/1.1" 200 5694 "-" "Mozilla/5.0 (compatible; MJ12bot/v1.4.8; http://mj12bot.com/)"
185.191.171.17 - - [15/Apr/2026:06:40:50 +0200] "GET /cinema/33/opinions/add/?parent=56334 HTTP/1.1" 200 9484 "-" "Mozilla/5.0 (compatible; SemrushBot/7~bl; +http://www.semrush.com/bot.html)"
51.83.237.175 - - [15/Apr/2026:06:40:51 +0200] "GET /cinema/films/81/opinions/add/?parent=352 HTTP/1.1" 200 5688 "-" "Mozilla/5.0 (compatible; MJ12bot/v1.4.8; http://mj12bot.com/)"
51.83.237.175 - - [15/Apr/2026:06:40:51 +0200] "GET /cinema/films/811/opinions/add/?parent=7079 HTTP/1.1" 200 5692 "-" "Mozilla/5.0 (compatible; MJ12bot/v1.4.8; http://mj12bot.com/)"
51.83.237.175 - - [15/Apr/2026:06:40:51 +0200] "GET /cinema/films/1923/opinions/add/?parent=19544 HTTP/1.1" 200 5693 "-" "Mozilla/5.0 (compatible; MJ12bot/v1.4.8; http://mj12bot.com/)"
51.83.237.175 - - [15/Apr/2026:06:40:52 +0200] "GET /cinema/films/81/opinions/add/?parent=624 HTTP/1.1" 200 5689 "-" "Mozilla/5.0 (compatible; MJ12bot/v1.4.8; http://mj12bot.com/)"
51.83.237.175 - - [15/Apr/2026:06:40:53 +0200] "GET /cinema/films/811/opinions/add/?parent=7093 HTTP/1.1" 200 5692 "-" "Mozilla/5.0 (compatible; MJ12bot/v1.4.8; http://mj12bot.com/)"
51.83.237.175 - - [15/Apr/2026:06:40:53 +0200] "GET /cinema/films/1923/opinions/add/?parent=19557 HTTP/1.1" 200 5694 "-" "Mozilla/5.0 (compatible; MJ12bot/v1.4.8; http://mj12bot.com/)"
43.132.121.4 - - [15/Apr/2026:06:40:54 +0200] "GET /cinema/films/95.html HTTP/1.1" 200 8596 "-" "Mozilla/5.0 (Windows NT 10.0; Win64; x64) AppleWebKit/537.36 (KHTML, like Gecko) Chrome/145.0.0.0 Safari/537.36"
51.83.237.175 - - [15/Apr/2026:06:40:54 +0200] "GET /cinema/films/810/opinions/add/?parent=6995 HTTP/1.1" 200 5689 "-" "Mozilla/5.0 (compatible; MJ12bot/v1.4.8; http://mj12bot.com/)"
51.83.237.175 - - [15/Apr/2026:06:40:55 +0200] "GET /cinema/films/1923/opinions/add/?parent=19563 HTTP/1.1" 200 5693 "-" "Mozilla/5.0 (compatible; MJ12bot/v1.4.8; http://mj12bot.com/)"
51.83.237.175 - - [15/Apr/2026:06:40:55 +0200] "GET /cinema/films/811/opinions/add/?parent=7094 HTTP/1.1" 200 5692 "-" "Mozilla/5.0 (compatible; MJ12bot/v1.4.8; http://mj12bot.com/)"
154.219.123.155 - - [15/Apr/2026:06:40:56 +0200] "GET / HTTP/1.1" 301 531 "-" "Mozilla/5.0 (Macintosh; Intel Mac OS X 10_15_7) AppleWebKit/537.36 (KHTML, like Gecko) Chrome/121.0.0.0 Safari/537.36"
51.83.237.175 - - [15/Apr/2026:06:40:56 +0200] "GET /cinema/films/810/opinions/add/?parent=7057 HTTP/1.1" 200 5689 "-" "Mozilla/5.0 (compatible; MJ12bot/v1.4.8; http://mj12bot.com/)"
51.83.237.175 - - [15/Apr/2026:06:40:57 +0200] "GET /cinema/films/1923/opinions/add/?parent=19569 HTTP/1.1" 200 5694 "-" "Mozilla/5.0 (compatible; MJ12bot/v1.4.8; http://mj12bot.com/)"
51.83.237.175 - - [15/Apr/2026:06:40:57 +0200] "GET /cinema/films/811/opinions/add/?parent=7111 HTTP/1.1" 200 5691 "-" "Mozilla/5.0 (compatible; MJ12bot/v1.4.8; http://mj12bot.com/)"
51.83.237.175 - - [15/Apr/2026:06:40:58 +0200] "GET /cinema/films/810/opinions/add/?parent=7076 HTTP/1.1" 200 5689 "-" "Mozilla/5.0 (compatible; MJ12bot/v1.4.8; http://mj12bot.com/)"
51.83.237.175 - - [15/Apr/2026:06:40:58 +0200] "GET /cinema/films/1923/opinions/add/?parent=19610 HTTP/1.1" 200 5693 "-" "Mozilla/5.0 (compatible; MJ12bot/v1.4.8; http://mj12bot.com/)"
51.83.237.175 - - [15/Apr/2026:06:40:59 +0200] "GET /cinema/films/811/opinions/add/?parent=7136 HTTP/1.1" 200 5691 "-" "Mozilla/5.0 (compatible; MJ12bot/v1.4.8; http://mj12bot.com/)"
51.83.237.175 - - [15/Apr/2026:06:41:00 +0200] "GET /cinema/films/810/opinions/add/?parent=7175 HTTP/1.1" 200 5689 "-" "Mozilla/5.0 (compatible; MJ12bot/v1.4.8; http://mj12bot.com/)"
51.83.237.175 - - [15/Apr/2026:06:41:00 +0200] "GET /cinema/films/256/opinions/add/?parent=2140 HTTP/1.1" 200 5682 "-" "Mozilla/5.0 (compatible; MJ12bot/v1.4.8; http://mj12bot.com/)"
51.83.237.175 - - [15/Apr/2026:06:41:01 +0200] "GET /cinema/films/811/opinions/add/?parent=7146 HTTP/1.1" 200 5692 "-" "Mozilla/5.0 (compatible; MJ12bot/v1.4.8; http://mj12bot.com/)"
154.219.123.155 - - [15/Apr/2026:06:41:01 +0200] "GET / HTTP/1.1" 200 21830 "-" "Mozilla/5.0 (Macintosh; Intel Mac OS X 10_15_7) AppleWebKit/537.36 (KHTML, like Gecko) Chrome/121.0.0.0 Safari/537.36"
51.83.237.175 - - [15/Apr/2026:06:41:02 +0200] "GET /cinema/films/811/opinions/add/?parent=6996 HTTP/1.1" 200 5692 "-" "Mozilla/5.0 (compatible; MJ12bot/v1.4.8; http://mj12bot.com/)"
51.83.237.175 - - [15/Apr/2026:06:41:02 +0200] "GET /cinema/films/2601/opinions/add/?parent=25019 HTTP/1.1" 200 5703 "-" "Mozilla/5.0 (compatible; MJ12bot/v1.4.8; http://mj12bot.com/)"
51.83.237.175 - - [15/Apr/2026:06:41:03 +0200] "GET /cinema/films/811/opinions/add/?parent=7164 HTTP/1.1" 200 5692 "-" "Mozilla/5.0 (compatible; MJ12bot/v1.4.8; http://mj12bot.com/)"
51.83.237.175 - - [15/Apr/2026:06:41:04 +0200] "GET /cinema/films/2603/opinions/add/?parent=25022 HTTP/1.1" 200 5711 "-" "Mozilla/5.0 (compatible; MJ12bot/v1.4.8; http://mj12bot.com/)"
51.83.237.175 - - [15/Apr/2026:06:41:04 +0200] "GET /cinema/films/811/opinions/add/?parent=7048 HTTP/1.1" 200 5692 "-" "Mozilla/5.0 (compatible; MJ12bot/v1.4.8; http://mj12bot.com/)"
51.83.237.175 - - [15/Apr/2026:06:41:05 +0200] "GET /cinema/films/811/opinions/add/?parent=7165 HTTP/1.1" 200 5691 "-" "Mozilla/5.0 (compatible; MJ12bot/v1.4.8; http://mj12bot.com/)"
51.83.237.175 - - [15/Apr/2026:06:41:06 +0200] "GET /cinema/films/2941/opinions/add/?parent=27320 HTTP/1.1" 200 5692 "-" "Mozilla/5.0 (compatible; MJ12bot/v1.4.8; http://mj12bot.com/)"
51.83.237.175 - - [15/Apr/2026:06:41:06 +0200] "GET /cinema/films/811/opinions/add/?parent=7058 HTTP/1.1" 200 5691 "-" "Mozilla/5.0 (compatible; MJ12bot/v1.4.8; http://mj12bot.com/)"
51.83.237.175 - - [15/Apr/2026:06:41:07 +0200] "GET /cinema/films/811/opinions/add/?parent=7173 HTTP/1.1" 200 5691 "-" "Mozilla/5.0 (compatible; MJ12bot/v1.4.8; http://mj12bot.com/)"
51.83.237.175 - - [15/Apr/2026:06:41:07 +0200] "GET /cinema/films/2943/opinions/add/?parent=27127 HTTP/1.1" 200 5694 "-" "Mozilla/5.0 (compatible; MJ12bot/v1.4.8; http://mj12bot.com/)"
51.83.237.175 - - [15/Apr/2026:06:41:08 +0200] "GET /cinema/films/811/opinions/add/?parent=7061 HTTP/1.1" 200 5692 "-" "Mozilla/5.0 (compatible; MJ12bot/v1.4.8; http://mj12bot.com/)"
51.83.237.175 - - [15/Apr/2026:06:41:09 +0200] "GET /cinema/films/811/opinions/add/?parent=7258 HTTP/1.1" 200 5691 "-" "Mozilla/5.0 (compatible; MJ12bot/v1.4.8; http://mj12bot.com/)"
51.83.237.175 - - [15/Apr/2026:06:41:09 +0200] "GET /cinema/films/2943/opinions/add/?parent=27179 HTTP/1.1" 200 5694 "-" "Mozilla/5.0 (compatible; MJ12bot/v1.4.8; http://mj12bot.com/)"
51.83.237.175 - - [15/Apr/2026:06:41:10 +0200] "GET /cinema/films/811/opinions/add/?parent=7074 HTTP/1.1" 200 5692 "-" "Mozilla/5.0 (compatible; MJ12bot/v1.4.8; http://mj12bot.com/)"
51.83.237.175 - - [15/Apr/2026:06:41:11 +0200] "GET /cinema/films/818/opinions/add/?parent=7114 HTTP/1.1" 200 5686 "-" "Mozilla/5.0 (compatible; MJ12bot/v1.4.8; http://mj12bot.com/)"
51.83.237.175 - - [15/Apr/2026:06:41:11 +0200] "GET /cinema/films/2943/opinions/add/?parent=27256 HTTP/1.1" 200 5694 "-" "Mozilla/5.0 (compatible; MJ12bot/v1.4.8; http://mj12bot.com/)"
51.83.237.175 - - [15/Apr/2026:06:41:12 +0200] "GET /cinema/films/811/opinions/add/?parent=7077 HTTP/1.1" 200 5691 "-" "Mozilla/5.0 (compatible; MJ12bot/v1.4.8; http://mj12bot.com/)"
51.83.237.175 - - [15/Apr/2026:06:41:13 +0200] "GET /cinema/films/818/opinions/add/?parent=7139 HTTP/1.1" 200 5686 "-" "Mozilla/5.0 (compatible; MJ12bot/v1.4.8; http://mj12bot.com/)"
51.83.237.175 - - [15/Apr/2026:06:41:13 +0200] "GET /cinema/films/2943/opinions/add/?parent=27261 HTTP/1.1" 200 5694 "-" "Mozilla/5.0 (compatible; MJ12bot/v1.4.8; http://mj12bot.com/)"
51.83.237.175 - - [15/Apr/2026:06:41:14 +0200] "GET /cinema/films/811/opinions/add/?parent=7078 HTTP/1.1" 200 5692 "-" "Mozilla/5.0 (compatible; MJ12bot/v1.4.8; http://mj12bot.com/)"
51.83.237.175 - - [15/Apr/2026:06:41:15 +0200] "GET /cinema/films/84/opinions/add/?parent=421 HTTP/1.1" 200 5694 "-" "Mozilla/5.0 (compatible; MJ12bot/v1.4.8; http://mj12bot.com/)"
51.83.237.175 - - [15/Apr/2026:06:41:15 +0200] "GET /cinema/films/2943/opinions/add/?parent=27263 HTTP/1.1" 200 5694 "-" "Mozilla/5.0 (compatible; MJ12bot/v1.4.8; http://mj12bot.com/)"
51.83.237.175 - - [15/Apr/2026:06:41:16 +0200] "GET /cinema/films/811/opinions/add/?parent=7079 HTTP/1.1" 200 5692 "-" "Mozilla/5.0 (compatible; MJ12bot/v1.4.8; http://mj12bot.com/)"
37.59.204.131 - - [15/Apr/2026:06:41:16 +0200] "GET /cinema/films/819/opinions/add/?parent=7142 HTTP/1.1" 200 9520 "-" "Mozilla/5.0 (compatible; AhrefsBot/7.0; +http://ahrefs.com/robot/)"
51.83.237.175 - - [15/Apr/2026:06:41:17 +0200] "GET /cinema/films/84/opinions/add/?parent=425 HTTP/1.1" 200 5693 "-" "Mozilla/5.0 (compatible; MJ12bot/v1.4.8; http://mj12bot.com/)"
51.83.237.175 - - [15/Apr/2026:06:41:17 +0200] "GET /cinema/films/2943/opinions/add/?parent=27264 HTTP/1.1" 200 5693 "-" "Mozilla/5.0 (compatible; MJ12bot/v1.4.8; http://mj12bot.com/)"
85.208.96.197 - - [15/Apr/2026:06:41:18 +0200] "GET /cinema/films/1498/opinions/add/?parent=15836 HTTP/1.1" 200 9516 "-" "Mozilla/5.0 (compatible; SemrushBot/7~bl; +http://www.semrush.com/bot.html)"
51.83.237.175 - - [15/Apr/2026:06:41:18 +0200] "GET /cinema/films/811/opinions/add/?parent=7093 HTTP/1.1" 200 5692 "-" "Mozilla/5.0 (compatible; MJ12bot/v1.4.8; http://mj12bot.com/)"
51.83.237.175 - - [15/Apr/2026:06:41:19 +0200] "GET /cinema/films/84/opinions/add/?parent=428 HTTP/1.1" 200 5694 "-" "Mozilla/5.0 (compatible; MJ12bot/v1.4.8; http://mj12bot.com/)"
51.83.237.175 - - [15/Apr/2026:06:41:19 +0200] "GET /cinema/films/2943/opinions/add/?parent=27267 HTTP/1.1" 200 5694 "-" "Mozilla/5.0 (compatible; MJ12bot/v1.4.8; http://mj12bot.com/)"
116.179.32.24 - - [15/Apr/2026:06:41:19 +0200] "GET /cinema/films/316/opinions/ HTTP/1.1" 200 5506 "-" "Mozilla/5.0 (Linux;u;Android 4.2.2;zh-cn;) AppleWebKit/534.46 (KHTML,like Gecko) Version/5.1 Mobile Safari/10600.6.3 (compatible; Baiduspider/2.0; +http://www.baidu.com/search/spider.html)"
51.83.237.175 - - [15/Apr/2026:06:41:20 +0200] "GET /cinema/films/811/opinions/add/?parent=7094 HTTP/1.1" 200 5692 "-" "Mozilla/5.0 (compatible; MJ12bot/v1.4.8; http://mj12bot.com/)"
51.83.237.175 - - [15/Apr/2026:06:41:21 +0200] "GET /cinema/films/84/opinions/add/?parent=429 HTTP/1.1" 200 5693 "-" "Mozilla/5.0 (compatible; MJ12bot/v1.4.8; http://mj12bot.com/)"
51.83.237.175 - - [15/Apr/2026:06:41:21 +0200] "GET /cinema/films/2943/opinions/add/?parent=27268 HTTP/1.1" 200 5694 "-" "Mozilla/5.0 (compatible; MJ12bot/v1.4.8; http://mj12bot.com/)"
51.83.237.175 - - [15/Apr/2026:06:41:22 +0200] "GET /cinema/films/811/opinions/add/?parent=7111 HTTP/1.1" 200 5691 "-" "Mozilla/5.0 (compatible; MJ12bot/v1.4.8; http://mj12bot.com/)"
51.83.237.175 - - [15/Apr/2026:06:41:22 +0200] "GET /cinema/films/2943/opinions/add/?parent=27344 HTTP/1.1" 200 5694 "-" "Mozilla/5.0 (compatible; MJ12bot/v1.4.8; http://mj12bot.com/)"
51.83.237.175 - - [15/Apr/2026:06:41:23 +0200] "GET /cinema/films/84/opinions/add/?parent=430 HTTP/1.1" 200 5694 "-" "Mozilla/5.0 (compatible; MJ12bot/v1.4.8; http://mj12bot.com/)"
51.83.237.175 - - [15/Apr/2026:06:41:24 +0200] "GET /cinema/films/811/opinions/add/?parent=7136 HTTP/1.1" 200 5691 "-" "Mozilla/5.0 (compatible; MJ12bot/v1.4.8; http://mj12bot.com/)"
51.83.237.175 - - [15/Apr/2026:06:41:24 +0200] "GET /cinema/films/2947/opinions/add/?parent=27367 HTTP/1.1" 200 5690 "-" "Mozilla/5.0 (compatible; MJ12bot/v1.4.8; http://mj12bot.com/)"
51.83.237.175 - - [15/Apr/2026:06:41:25 +0200] "GET /cinema/films/84/opinions/add/?parent=441 HTTP/1.1" 200 5694 "-" "Mozilla/5.0 (compatible; MJ12bot/v1.4.8; http://mj12bot.com/)"
51.83.237.175 - - [15/Apr/2026:06:41:25 +0200] "GET /robots.txt HTTP/1.1" 200 3839 "-" "Mozilla/5.0 (compatible; MJ12bot/v1.4.8; http://mj12bot.com/)"
51.83.237.175 - - [15/Apr/2026:06:41:26 +0200] "GET /cinema/films/811/opinions/add/?parent=7146 HTTP/1.1" 200 5692 "-" "Mozilla/5.0 (compatible; MJ12bot/v1.4.8; http://mj12bot.com/)"
51.83.237.175 - - [15/Apr/2026:06:41:27 +0200] "GET /cinema/films/84/opinions/add/?parent=458 HTTP/1.1" 200 5694 "-" "Mozilla/5.0 (compatible; MJ12bot/v1.4.8; http://mj12bot.com/)"
51.83.237.175 - - [15/Apr/2026:06:41:27 +0200] "GET /cinema/films/2947/opinions/add/?parent=27367 HTTP/1.1" 200 5765 "-" "Mozilla/5.0 (compatible; MJ12bot/v1.4.8; http://mj12bot.com/)"
51.83.237.175 - - [15/Apr/2026:06:41:27 +0200] "GET /cinema/films/811/opinions/add/?parent=7164 HTTP/1.1" 200 5692 "-" "Mozilla/5.0 (compatible; MJ12bot/v1.4.8; http://mj12bot.com/)"
51.83.237.175 - - [15/Apr/2026:06:41:29 +0200] "GET /cinema/films/840/opinions/add/?parent=7342 HTTP/1.1" 200 5702 "-" "Mozilla/5.0 (compatible; MJ12bot/v1.4.8; http://mj12bot.com/)"
51.83.237.175 - - [15/Apr/2026:06:41:29 +0200] "GET /cinema/films/3056/opinions/add/?parent=28614 HTTP/1.1" 200 5721 "-" "Mozilla/5.0 (compatible; MJ12bot/v1.4.8; http://mj12bot.com/)"
51.83.237.175 - - [15/Apr/2026:06:41:29 +0200] "GET /cinema/films/811/opinions/add/?parent=7165 HTTP/1.1" 200 5691 "-" "Mozilla/5.0 (compatible; MJ12bot/v1.4.8; http://mj12bot.com/)"
51.83.237.175 - - [15/Apr/2026:06:41:30 +0200] "GET /cinema/films/840/opinions/add/?parent=7416 HTTP/1.1" 200 5703 "-" "Mozilla/5.0 (compatible; MJ12bot/v1.4.8; http://mj12bot.com/)"
51.83.237.175 - - [15/Apr/2026:06:41:31 +0200] "GET /cinema/films/336/opinions/add/?parent=3410 HTTP/1.1" 200 5704 "-" "Mozilla/5.0 (compatible; MJ12bot/v1.4.8; http://mj12bot.com/)"
51.83.237.175 - - [15/Apr/2026:06:41:31 +0200] "GET /cinema/films/811/opinions/add/?parent=7173 HTTP/1.1" 200 5691 "-" "Mozilla/5.0 (compatible; MJ12bot/v1.4.8; http://mj12bot.com/)"
51.83.237.175 - - [15/Apr/2026:06:41:32 +0200] "GET /cinema/films/840/opinions/add/?parent=7456 HTTP/1.1" 200 5700 "-" "Mozilla/5.0 (compatible; MJ12bot/v1.4.8; http://mj12bot.com/)"
51.83.237.175 - - [15/Apr/2026:06:41:32 +0200] "GET /cinema/films/3526/opinions/add/?parent=32888 HTTP/1.1" 200 5693 "-" "Mozilla/5.0 (compatible; MJ12bot/v1.4.8; http://mj12bot.com/)"
51.83.237.175 - - [15/Apr/2026:06:41:33 +0200] "GET /cinema/films/811/opinions/add/?parent=7258 HTTP/1.1" 200 5691 "-" "Mozilla/5.0 (compatible; MJ12bot/v1.4.8; http://mj12bot.com/)"
51.83.237.175 - - [15/Apr/2026:06:41:34 +0200] "GET /cinema/films/840/opinions/add/?parent=7470 HTTP/1.1" 200 5703 "-" "Mozilla/5.0 (compatible; MJ12bot/v1.4.8; http://mj12bot.com/)"
51.83.237.175 - - [15/Apr/2026:06:41:34 +0200] "GET /cinema/films/809/opinions/add/?parent=7137 HTTP/1.1" 200 5700 "-" "Mozilla/5.0 (compatible; MJ12bot/v1.4.8; http://mj12bot.com/)"
51.83.237.175 - - [15/Apr/2026:06:41:35 +0200] "GET /cinema/films/818/opinions/add/?parent=7114 HTTP/1.1" 200 5686 "-" "Mozilla/5.0 (compatible; MJ12bot/v1.4.8; http://mj12bot.com/)"
51.83.237.175 - - [15/Apr/2026:06:41:36 +0200] "GET /cinema/films/841/opinions/add/?parent=7545 HTTP/1.1" 200 5703 "-" "Mozilla/5.0 (compatible; MJ12bot/v1.4.8; http://mj12bot.com/)"
51.83.237.175 - - [15/Apr/2026:06:41:36 +0200] "GET /cinema/films/809/opinions/add/?parent=8575 HTTP/1.1" 200 5700 "-" "Mozilla/5.0 (compatible; MJ12bot/v1.4.8; http://mj12bot.com/)"
85.208.96.205 - - [15/Apr/2026:06:41:37 +0200] "GET /cafe/actions/2722/ HTTP/1.1" 200 12078 "-" "Mozilla/5.0 (compatible; SemrushBot/7~bl; +http://www.semrush.com/bot.html)"
51.83.237.175 - - [15/Apr/2026:06:41:37 +0200] "GET /cinema/films/818/opinions/add/?parent=7139 HTTP/1.1" 200 5686 "-" "Mozilla/5.0 (compatible; MJ12bot/v1.4.8; http://mj12bot.com/)"
51.68.247.197 - - [15/Apr/2026:06:41:37 +0200] "GET /cinema/films/3266/opinions/add/?parent=30532 HTTP/1.1" 200 9523 "-" "Mozilla/5.0 (compatible; AhrefsBot/7.0; +http://ahrefs.com/robot/)"
51.83.237.175 - - [15/Apr/2026:06:41:38 +0200] "GET /cinema/films/841/opinions/add/?parent=7582 HTTP/1.1" 200 5702 "-" "Mozilla/5.0 (compatible; MJ12bot/v1.4.8; http://mj12bot.com/)"
51.83.237.175 - - [15/Apr/2026:06:41:38 +0200] "GET /cinema/films/81.html HTTP/1.1" 200 8660 "-" "Mozilla/5.0 (compatible; MJ12bot/v1.4.8; http://mj12bot.com/)"
51.83.237.175 - - [15/Apr/2026:06:41:39 +0200] "GET /cinema/films/84/opinions/add/?parent=421 HTTP/1.1" 200 5694 "-" "Mozilla/5.0 (compatible; MJ12bot/v1.4.8; http://mj12bot.com/)"
51.83.237.175 - - [15/Apr/2026:06:41:40 +0200] "GET /cinema/films/844/opinions/add/?parent=7468 HTTP/1.1" 200 5695 "-" "Mozilla/5.0 (compatible; MJ12bot/v1.4.8; http://mj12bot.com/)"
51.83.237.175 - - [15/Apr/2026:06:41:40 +0200] "GET /cinema/films/81/opinions/add/?parent=348 HTTP/1.1" 200 5689 "-" "Mozilla/5.0 (compatible; MJ12bot/v1.4.8; http://mj12bot.com/)"
51.83.237.175 - - [15/Apr/2026:06:41:41 +0200] "GET /cinema/films/84/opinions/add/?parent=425 HTTP/1.1" 200 5693 "-" "Mozilla/5.0 (compatible; MJ12bot/v1.4.8; http://mj12bot.com/)"
1.92.219.22 - - [15/Apr/2026:06:41:41 +0200] "GET /cinema/films/373/cinema/films/373/opinions/add/cinema/films HTTP/1.1" 200 6474 "-" "Mozilla/5.0 (Windows NT 10.0; Win64; x64) AppleWebKit/537.36 (KHTML, like Gecko) Chrome/142.0.0.0 Safari/537.36"
51.83.237.175 - - [15/Apr/2026:06:41:41 +0200] "GET /cinema/films/844/opinions/add/?parent=7477 HTTP/1.1" 200 5696 "-" "Mozilla/5.0 (compatible; MJ12bot/v1.4.8; http://mj12bot.com/)"
51.83.237.175 - - [15/Apr/2026:06:41:42 +0200] "GET /cinema/films/81/opinions/add/?parent=351 HTTP/1.1" 200 5688 "-" "Mozilla/5.0 (compatible; MJ12bot/v1.4.8; http://mj12bot.com/)"
51.83.237.175 - - [15/Apr/2026:06:41:43 +0200] "GET /cinema/films/84/opinions/add/?parent=428 HTTP/1.1" 200 5694 "-" "Mozilla/5.0 (compatible; MJ12bot/v1.4.8; http://mj12bot.com/)"
51.83.237.175 - - [15/Apr/2026:06:41:43 +0200] "GET /cinema/films/844/opinions/add/?parent=7481 HTTP/1.1" 200 5695 "-" "Mozilla/5.0 (compatible; MJ12bot/v1.4.8; http://mj12bot.com/)"
51.83.237.175 - - [15/Apr/2026:06:41:43 +0200] "GET /cinema/films/81/opinions/add/?parent=352 HTTP/1.1" 200 5688 "-" "Mozilla/5.0 (compatible; MJ12bot/v1.4.8; http://mj12bot.com/)"
51.83.237.175 - - [15/Apr/2026:06:41:45 +0200] "GET /cinema/films/84/opinions/add/?parent=429 HTTP/1.1" 200 5693 "-" "Mozilla/5.0 (compatible; MJ12bot/v1.4.8; http://mj12bot.com/)"
51.83.237.175 - - [15/Apr/2026:06:41:45 +0200] "GET /cinema/films/844/opinions/add/?parent=7482 HTTP/1.1" 200 5695 "-" "Mozilla/5.0 (compatible; MJ12bot/v1.4.8; http://mj12bot.com/)"
51.83.237.175 - - [15/Apr/2026:06:41:45 +0200] "GET /cinema/films/81/opinions/add/?parent=624 HTTP/1.1" 200 5689 "-" "Mozilla/5.0 (compatible; MJ12bot/v1.4.8; http://mj12bot.com/)"
51.83.237.175 - - [15/Apr/2026:06:41:47 +0200] "GET /cinema/films/84/opinions/add/?parent=430 HTTP/1.1" 200 5694 "-" "Mozilla/5.0 (compatible; MJ12bot/v1.4.8; http://mj12bot.com/)"
51.83.237.175 - - [15/Apr/2026:06:41:47 +0200] "GET /cinema/films/844/opinions/add/?parent=7483 HTTP/1.1" 200 5695 "-" "Mozilla/5.0 (compatible; MJ12bot/v1.4.8; http://mj12bot.com/)"
51.83.237.175 - - [15/Apr/2026:06:41:47 +0200] "GET /cinema/films/810/opinions/add/?parent=6995 HTTP/1.1" 200 5689 "-" "Mozilla/5.0 (compatible; MJ12bot/v1.4.8; http://mj12bot.com/)"
51.83.237.175 - - [15/Apr/2026:06:41:49 +0200] "GET /cinema/films/84/opinions/add/?parent=441 HTTP/1.1" 200 5694 "-" "Mozilla/5.0 (compatible; MJ12bot/v1.4.8; http://mj12bot.com/)"
51.83.237.175 - - [15/Apr/2026:06:41:49 +0200] "GET /cinema/films/844/opinions/add/?parent=7498 HTTP/1.1" 200 5695 "-" "Mozilla/5.0 (compatible; MJ12bot/v1.4.8; http://mj12bot.com/)"
51.83.237.175 - - [15/Apr/2026:06:41:49 +0200] "GET /cinema/films/810/opinions/add/?parent=7057 HTTP/1.1" 200 5689 "-" "Mozilla/5.0 (compatible; MJ12bot/v1.4.8; http://mj12bot.com/)"
51.83.237.175 - - [15/Apr/2026:06:41:50 +0200] "GET /cinema/films/84/opinions/add/?parent=458 HTTP/1.1" 200 5694 "-" "Mozilla/5.0 (compatible; MJ12bot/v1.4.8; http://mj12bot.com/)"
51.83.237.175 - - [15/Apr/2026:06:41:51 +0200] "GET /cinema/films/844/opinions/add/?parent=7505 HTTP/1.1" 200 5696 "-" "Mozilla/5.0 (compatible; MJ12bot/v1.4.8; http://mj12bot.com/)"
51.83.237.175 - - [15/Apr/2026:06:41:51 +0200] "GET /cinema/films/810/opinions/add/?parent=7076 HTTP/1.1" 200 5689 "-" "Mozilla/5.0 (compatible; MJ12bot/v1.4.8; http://mj12bot.com/)"
51.83.237.175 - - [15/Apr/2026:06:41:52 +0200] "GET /cinema/films/840/opinions/add/?parent=7342 HTTP/1.1" 200 5702 "-" "Mozilla/5.0 (compatible; MJ12bot/v1.4.8; http://mj12bot.com/)"
51.83.237.175 - - [15/Apr/2026:06:41:53 +0200] "GET /cinema/films/844/opinions/add/?parent=7509 HTTP/1.1" 200 5696 "-" "Mozilla/5.0 (compatible; MJ12bot/v1.4.8; http://mj12bot.com/)"
51.83.237.175 - - [15/Apr/2026:06:41:53 +0200] "GET /cinema/films/810/opinions/add/?parent=7175 HTTP/1.1" 200 5689 "-" "Mozilla/5.0 (compatible; MJ12bot/v1.4.8; http://mj12bot.com/)"
176.31.139.3 - - [15/Apr/2026:06:41:53 +0200] "GET /cinema/films/149.html HTTP/1.1" 200 11690 "-" "Mozilla/5.0 (compatible; AhrefsBot/7.0; +http://ahrefs.com/robot/)"
51.83.237.175 - - [15/Apr/2026:06:41:54 +0200] "GET /cinema/films/840/opinions/add/?parent=7416 HTTP/1.1" 200 5703 "-" "Mozilla/5.0 (compatible; MJ12bot/v1.4.8; http://mj12bot.com/)"
51.83.237.175 - - [15/Apr/2026:06:41:54 +0200] "GET /cinema/films/844/opinions/add/?parent=7526 HTTP/1.1" 200 5696 "-" "Mozilla/5.0 (compatible; MJ12bot/v1.4.8; http://mj12bot.com/)"
51.83.237.175 - - [15/Apr/2026:06:41:55 +0200] "GET /cinema/films/811/opinions/add/?parent=6996 HTTP/1.1" 200 5692 "-" "Mozilla/5.0 (compatible; MJ12bot/v1.4.8; http://mj12bot.com/)"
51.83.237.175 - - [15/Apr/2026:06:41:56 +0200] "GET /cinema/films/840/opinions/add/?parent=7456 HTTP/1.1" 200 5700 "-" "Mozilla/5.0 (compatible; MJ12bot/v1.4.8; http://mj12bot.com/)"
51.83.237.175 - - [15/Apr/2026:06:41:57 +0200] "GET /cinema/films/844/opinions/add/?parent=7531 HTTP/1.1" 200 5696 "-" "Mozilla/5.0 (compatible; MJ12bot/v1.4.8; http://mj12bot.com/)"
51.83.237.175 - - [15/Apr/2026:06:41:57 +0200] "GET /cinema/films/811/opinions/add/?parent=7048 HTTP/1.1" 200 5692 "-" "Mozilla/5.0 (compatible; MJ12bot/v1.4.8; http://mj12bot.com/)"
51.83.237.175 - - [15/Apr/2026:06:41:57 +0200] "GET /cinema/films/840/opinions/add/?parent=7470 HTTP/1.1" 200 5703 "-" "Mozilla/5.0 (compatible; MJ12bot/v1.4.8; http://mj12bot.com/)"
17.241.75.124 - - [15/Apr/2026:06:41:58 +0200] "GET /03-05-2023/ HTTP/1.1" 200 9566 "-" "Mozilla/5.0 (Macintosh; Intel Mac OS X 10_15_7) AppleWebKit/605.1.15 (KHTML, like Gecko) Version/17.4 Safari/605.1.15 (Applebot/0.1; +http://www.apple.com/go/applebot)"
51.83.237.175 - - [15/Apr/2026:06:41:58 +0200] "GET /cinema/films/844/opinions/add/?parent=7534 HTTP/1.1" 200 5696 "-" "Mozilla/5.0 (compatible; MJ12bot/v1.4.8; http://mj12bot.com/)"
51.83.237.175 - - [15/Apr/2026:06:41:59 +0200] "GET /cinema/films/811/opinions/add/?parent=7058 HTTP/1.1" 200 5691 "-" "Mozilla/5.0 (compatible; MJ12bot/v1.4.8; http://mj12bot.com/)"
51.83.237.175 - - [15/Apr/2026:06:41:59 +0200] "GET /cinema/films/841/opinions/add/?parent=7545 HTTP/1.1" 200 5703 "-" "Mozilla/5.0 (compatible; MJ12bot/v1.4.8; http://mj12bot.com/)"
185.191.171.4 - - [15/Apr/2026:06:42:00 +0200] "GET /14-10-2023/ HTTP/1.1" 200 9573 "-" "Mozilla/5.0 (compatible; SemrushBot/7~bl; +http://www.semrush.com/bot.html)"
51.83.237.175 - - [15/Apr/2026:06:42:00 +0200] "GET /cinema/films/844/opinions/add/?parent=7538 HTTP/1.1" 200 5695 "-" "Mozilla/5.0 (compatible; MJ12bot/v1.4.8; http://mj12bot.com/)"
51.83.237.175 - - [15/Apr/2026:06:42:01 +0200] "GET /cinema/films/811/opinions/add/?parent=7061 HTTP/1.1" 200 5692 "-" "Mozilla/5.0 (compatible; MJ12bot/v1.4.8; http://mj12bot.com/)"
51.83.237.175 - - [15/Apr/2026:06:42:02 +0200] "GET /cinema/films/841/opinions/add/?parent=7582 HTTP/1.1" 200 5702 "-" "Mozilla/5.0 (compatible; MJ12bot/v1.4.8; http://mj12bot.com/)"
51.83.237.175 - - [15/Apr/2026:06:42:02 +0200] "GET /cinema/films/811/opinions/add/?parent=7074 HTTP/1.1" 200 5692 "-" "Mozilla/5.0 (compatible; MJ12bot/v1.4.8; http://mj12bot.com/)"
51.83.237.175 - - [15/Apr/2026:06:42:02 +0200] "GET /cinema/films/844/opinions/add/?parent=7539 HTTP/1.1" 200 5695 "-" "Mozilla/5.0 (compatible; MJ12bot/v1.4.8; http://mj12bot.com/)"
185.191.171.5 - - [15/Apr/2026:06:42:04 +0200] "GET /cinema/films/726/opinions/add/?parent=5991 HTTP/1.1" 200 9548 "-" "Mozilla/5.0 (compatible; SemrushBot/7~bl; +http://www.semrush.com/bot.html)"
51.83.237.175 - - [15/Apr/2026:06:42:04 +0200] "GET /cinema/films/844/opinions/add/?parent=7468 HTTP/1.1" 200 5694 "-" "Mozilla/5.0 (compatible; MJ12bot/v1.4.8; http://mj12bot.com/)"
51.83.237.175 - - [15/Apr/2026:06:42:04 +0200] "GET /cinema/films/811/opinions/add/?parent=7077 HTTP/1.1" 200 5691 "-" "Mozilla/5.0 (compatible; MJ12bot/v1.4.8; http://mj12bot.com/)"
51.83.237.175 - - [15/Apr/2026:06:42:04 +0200] "GET /cinema/films/844/opinions/add/?parent=7615 HTTP/1.1" 200 5695 "-" "Mozilla/5.0 (compatible; MJ12bot/v1.4.8; http://mj12bot.com/)"
51.83.237.175 - - [15/Apr/2026:06:42:06 +0200] "GET /cinema/films/844/opinions/add/?parent=7477 HTTP/1.1" 200 5695 "-" "Mozilla/5.0 (compatible; MJ12bot/v1.4.8; http://mj12bot.com/)"
51.83.237.175 - - [15/Apr/2026:06:42:06 +0200] "GET /cinema/films/844/opinions/add/?parent=7635 HTTP/1.1" 200 5695 "-" "Mozilla/5.0 (compatible; MJ12bot/v1.4.8; http://mj12bot.com/)"
51.83.237.175 - - [15/Apr/2026:06:42:06 +0200] "GET /cinema/films/811/opinions/add/?parent=7078 HTTP/1.1" 200 5691 "-" "Mozilla/5.0 (compatible; MJ12bot/v1.4.8; http://mj12bot.com/)"
185.191.171.16 - - [15/Apr/2026:06:42:07 +0200] "GET /cafe/51/opinions/add/?parent=1790 HTTP/1.1" 200 9513 "-" "Mozilla/5.0 (compatible; SemrushBot/7~bl; +http://www.semrush.com/bot.html)"
51.83.237.175 - - [15/Apr/2026:06:42:07 +0200] "GET /cinema/films/844/opinions/add/?parent=7481 HTTP/1.1" 200 5695 "-" "Mozilla/5.0 (compatible; MJ12bot/v1.4.8; http://mj12bot.com/)"
51.83.237.175 - - [15/Apr/2026:06:42:08 +0200] "GET /cinema/films/811/opinions/add/?parent=7079 HTTP/1.1" 200 5691 "-" "Mozilla/5.0 (compatible; MJ12bot/v1.4.8; http://mj12bot.com/)"
51.83.237.175 - - [15/Apr/2026:06:42:08 +0200] "GET /cinema/films/844/opinions/add/?parent=7637 HTTP/1.1" 200 5695 "-" "Mozilla/5.0 (compatible; MJ12bot/v1.4.8; http://mj12bot.com/)"
51.83.237.175 - - [15/Apr/2026:06:42:09 +0200] "GET /cinema/films/844/opinions/add/?parent=7482 HTTP/1.1" 200 5695 "-" "Mozilla/5.0 (compatible; MJ12bot/v1.4.8; http://mj12bot.com/)"
51.83.237.175 - - [15/Apr/2026:06:42:10 +0200] "GET /cinema/films/811/opinions/add/?parent=7093 HTTP/1.1" 200 5691 "-" "Mozilla/5.0 (compatible; MJ12bot/v1.4.8; http://mj12bot.com/)"
51.83.237.175 - - [15/Apr/2026:06:42:10 +0200] "GET /cinema/films/844/opinions/add/?parent=7643 HTTP/1.1" 200 5695 "-" "Mozilla/5.0 (compatible; MJ12bot/v1.4.8; http://mj12bot.com/)"
51.83.237.175 - - [15/Apr/2026:06:42:11 +0200] "GET /cinema/films/844/opinions/add/?parent=7483 HTTP/1.1" 200 5695 "-" "Mozilla/5.0 (compatible; MJ12bot/v1.4.8; http://mj12bot.com/)"
51.83.237.175 - - [15/Apr/2026:06:42:12 +0200] "GET /cinema/films/811/opinions/add/?parent=7094 HTTP/1.1" 200 5692 "-" "Mozilla/5.0 (compatible; MJ12bot/v1.4.8; http://mj12bot.com/)"
51.83.237.175 - - [15/Apr/2026:06:42:13 +0200] "GET /cinema/films/844/opinions/add/?parent=7498 HTTP/1.1" 200 5695 "-" "Mozilla/5.0 (compatible; MJ12bot/v1.4.8; http://mj12bot.com/)"
51.83.237.175 - - [15/Apr/2026:06:42:13 +0200] "GET /cinema/films/854/opinions/add/?parent=7795 HTTP/1.1" 200 5695 "-" "Mozilla/5.0 (compatible; MJ12bot/v1.4.8; http://mj12bot.com/)"
51.83.237.175 - - [15/Apr/2026:06:42:14 +0200] "GET /cinema/films/811/opinions/add/?parent=7111 HTTP/1.1" 200 5691 "-" "Mozilla/5.0 (compatible; MJ12bot/v1.4.8; http://mj12bot.com/)"
51.83.237.175 - - [15/Apr/2026:06:42:15 +0200] "GET /cinema/films/844/opinions/add/?parent=7505 HTTP/1.1" 200 5695 "-" "Mozilla/5.0 (compatible; MJ12bot/v1.4.8; http://mj12bot.com/)"
51.83.237.175 - - [15/Apr/2026:06:42:15 +0200] "GET /cinema/films/898/opinions/add/?parent=8344 HTTP/1.1" 200 5692 "-" "Mozilla/5.0 (compatible; MJ12bot/v1.4.8; http://mj12bot.com/)"
51.83.237.175 - - [15/Apr/2026:06:42:15 +0200] "GET /cinema/films/811/opinions/add/?parent=7136 HTTP/1.1" 200 5691 "-" "Mozilla/5.0 (compatible; MJ12bot/v1.4.8; http://mj12bot.com/)"
51.83.237.175 - - [15/Apr/2026:06:42:17 +0200] "GET /cinema/films/844/opinions/add/?parent=7509 HTTP/1.1" 200 5695 "-" "Mozilla/5.0 (compatible; MJ12bot/v1.4.8; http://mj12bot.com/)"
51.83.237.175 - - [15/Apr/2026:06:42:17 +0200] "GET /cinema/films/954/opinions/add/?parent=9025 HTTP/1.1" 200 5698 "-" "Mozilla/5.0 (compatible; MJ12bot/v1.4.8; http://mj12bot.com/)"
51.83.237.175 - - [15/Apr/2026:06:42:17 +0200] "GET /cinema/films/811/opinions/add/?parent=7146 HTTP/1.1" 200 5691 "-" "Mozilla/5.0 (compatible; MJ12bot/v1.4.8; http://mj12bot.com/)"
5.39.109.161 - - [15/Apr/2026:06:42:18 +0200] "GET /images/s/actions/6070_1.jpg HTTP/1.1" 200 11425 "-" "Mozilla/5.0 (compatible; AhrefsBot/7.0; +http://ahrefs.com/robot/)"
185.191.171.15 - - [15/Apr/2026:06:42:18 +0200] "GET /cinema/films/3774/opinions/add/?parent=34145 HTTP/1.1" 200 9525 "-" "Mozilla/5.0 (compatible; SemrushBot/7~bl; +http://www.semrush.com/bot.html)"
51.83.237.175 - - [15/Apr/2026:06:42:19 +0200] "GET /cinema/films/844/opinions/add/?parent=7526 HTTP/1.1" 200 5695 "-" "Mozilla/5.0 (compatible; MJ12bot/v1.4.8; http://mj12bot.com/)"
54.37.118.82 - - [15/Apr/2026:06:42:19 +0200] "GET /cinema/films/2691/opinions/add/?parent=25809 HTTP/1.1" 200 9540 "-" "Mozilla/5.0 (compatible; AhrefsBot/7.0; +http://ahrefs.com/robot/)"
51.83.237.175 - - [15/Apr/2026:06:42:19 +0200] "GET /cinema/films/954/opinions/add/?parent=9034 HTTP/1.1" 200 5698 "-" "Mozilla/5.0 (compatible; MJ12bot/v1.4.8; http://mj12bot.com/)"
51.83.237.175 - - [15/Apr/2026:06:42:19 +0200] "GET /cinema/films/811/opinions/add/?parent=7164 HTTP/1.1" 200 5691 "-" "Mozilla/5.0 (compatible; MJ12bot/v1.4.8; http://mj12bot.com/)"
51.83.237.175 - - [15/Apr/2026:06:42:21 +0200] "GET /cinema/films/844/opinions/add/?parent=7531 HTTP/1.1" 200 5695 "-" "Mozilla/5.0 (compatible; MJ12bot/v1.4.8; http://mj12bot.com/)"
51.83.237.175 - - [15/Apr/2026:06:42:21 +0200] "GET /cinema/films/954/opinions/add/?parent=9046 HTTP/1.1" 200 5715 "-" "Mozilla/5.0 (compatible; MJ12bot/v1.4.8; http://mj12bot.com/)"
51.83.237.175 - - [15/Apr/2026:06:42:21 +0200] "GET /cinema/films/811/opinions/add/?parent=7165 HTTP/1.1" 200 5691 "-" "Mozilla/5.0 (compatible; MJ12bot/v1.4.8; http://mj12bot.com/)"
51.83.237.175 - - [15/Apr/2026:06:42:22 +0200] "GET /cinema/films/844/opinions/add/?parent=7534 HTTP/1.1" 200 5695 "-" "Mozilla/5.0 (compatible; MJ12bot/v1.4.8; http://mj12bot.com/)"
51.83.237.175 - - [15/Apr/2026:06:42:23 +0200] "GET /cinema/films/954/opinions/add/?parent=9074 HTTP/1.1" 200 5697 "-" "Mozilla/5.0 (compatible; MJ12bot/v1.4.8; http://mj12bot.com/)"
51.83.237.175 - - [15/Apr/2026:06:42:23 +0200] "GET /cinema/films/811/opinions/add/?parent=7173 HTTP/1.1" 200 5691 "-" "Mozilla/5.0 (compatible; MJ12bot/v1.4.8; http://mj12bot.com/)"
220.181.108.175 - - [15/Apr/2026:06:42:24 +0200] "GET /cinema/films/4171/opinions/add/?parent=36282 HTTP/1.1" 200 9543 "-" "Mozilla/5.0 (compatible; Baiduspider/2.0; +http://www.baidu.com/search/spider.html)"
51.83.237.175 - - [15/Apr/2026:06:42:24 +0200] "GET /cinema/films/844/opinions/add/?parent=7538 HTTP/1.1" 200 5695 "-" "Mozilla/5.0 (compatible; MJ12bot/v1.4.8; http://mj12bot.com/)"
51.83.237.175 - - [15/Apr/2026:06:42:24 +0200] "GET /cinema/films/954/opinions/add/?parent=9077 HTTP/1.1" 200 5697 "-" "Mozilla/5.0 (compatible; MJ12bot/v1.4.8; http://mj12bot.com/)"
51.83.237.175 - - [15/Apr/2026:06:42:25 +0200] "GET /cinema/films/811/opinions/add/?parent=7258 HTTP/1.1" 200 5691 "-" "Mozilla/5.0 (compatible; MJ12bot/v1.4.8; http://mj12bot.com/)"
51.83.237.175 - - [15/Apr/2026:06:42:26 +0200] "GET /cinema/films/844/opinions/add/?parent=7539 HTTP/1.1" 200 5695 "-" "Mozilla/5.0 (compatible; MJ12bot/v1.4.8; http://mj12bot.com/)"
51.83.237.175 - - [15/Apr/2026:06:42:26 +0200] "GET /cinema/films/954/opinions/add/?parent=9091 HTTP/1.1" 200 5698 "-" "Mozilla/5.0 (compatible; MJ12bot/v1.4.8; http://mj12bot.com/)"
51.83.237.175 - - [15/Apr/2026:06:42:27 +0200] "GET /cinema/films/818/opinions/add/?parent=7114 HTTP/1.1" 200 5686 "-" "Mozilla/5.0 (compatible; MJ12bot/v1.4.8; http://mj12bot.com/)"
51.83.237.175 - - [15/Apr/2026:06:42:28 +0200] "GET /cinema/films/954/opinions/add/?parent=9093 HTTP/1.1" 200 5698 "-" "Mozilla/5.0 (compatible; MJ12bot/v1.4.8; http://mj12bot.com/)"
51.83.237.175 - - [15/Apr/2026:06:42:28 +0200] "GET /cinema/films/844/opinions/add/?parent=7615 HTTP/1.1" 200 5695 "-" "Mozilla/5.0 (compatible; MJ12bot/v1.4.8; http://mj12bot.com/)"
51.83.237.175 - - [15/Apr/2026:06:42:28 +0200] "GET /cinema/films/818/opinions/add/?parent=7139 HTTP/1.1" 200 5686 "-" "Mozilla/5.0 (compatible; MJ12bot/v1.4.8; http://mj12bot.com/)"
51.83.237.175 - - [15/Apr/2026:06:42:30 +0200] "GET /cinema/films/844/opinions/add/?parent=7635 HTTP/1.1" 200 5695 "-" "Mozilla/5.0 (compatible; MJ12bot/v1.4.8; http://mj12bot.com/)"
51.83.237.175 - - [15/Apr/2026:06:42:30 +0200] "GET /cinema/films/954/opinions/add/?parent=9617 HTTP/1.1" 200 5698 "-" "Mozilla/5.0 (compatible; MJ12bot/v1.4.8; http://mj12bot.com/)"
51.83.237.175 - - [15/Apr/2026:06:42:30 +0200] "GET /cinema/films/84/opinions/add/?parent=421 HTTP/1.1" 200 5693 "-" "Mozilla/5.0 (compatible; MJ12bot/v1.4.8; http://mj12bot.com/)"
51.83.237.175 - - [15/Apr/2026:06:42:32 +0200] "GET /cinema/films/955/opinions/add/?parent=8777 HTTP/1.1" 200 5710 "-" "Mozilla/5.0 (compatible; MJ12bot/v1.4.8; http://mj12bot.com/)"
51.83.237.175 - - [15/Apr/2026:06:42:32 +0200] "GET /cinema/films/844/opinions/add/?parent=7637 HTTP/1.1" 200 5695 "-" "Mozilla/5.0 (compatible; MJ12bot/v1.4.8; http://mj12bot.com/)"
176.31.139.11 - - [15/Apr/2026:06:42:32 +0200] "GET /cinema/films/3989/opinions/add/?parent=35320 HTTP/1.1" 200 9531 "-" "Mozilla/5.0 (compatible; AhrefsBot/7.0; +http://ahrefs.com/robot/)"
51.83.237.175 - - [15/Apr/2026:06:42:32 +0200] "GET /cinema/films/84/opinions/add/?parent=425 HTTP/1.1" 200 5693 "-" "Mozilla/5.0 (compatible; MJ12bot/v1.4.8; http://mj12bot.com/)"
51.83.237.175 - - [15/Apr/2026:06:42:33 +0200] "GET /cinema/films/955/opinions/add/?parent=8889 HTTP/1.1" 200 5709 "-" "Mozilla/5.0 (compatible; MJ12bot/v1.4.8; http://mj12bot.com/)"
51.83.237.175 - - [15/Apr/2026:06:42:34 +0200] "GET /cinema/films/844/opinions/add/?parent=7643 HTTP/1.1" 200 5695 "-" "Mozilla/5.0 (compatible; MJ12bot/v1.4.8; http://mj12bot.com/)"
51.83.237.175 - - [15/Apr/2026:06:42:34 +0200] "GET /cinema/films/84/opinions/add/?parent=428 HTTP/1.1" 200 5694 "-" "Mozilla/5.0 (compatible; MJ12bot/v1.4.8; http://mj12bot.com/)"
51.83.237.175 - - [15/Apr/2026:06:42:35 +0200] "GET /cinema/films/976/opinions/add/?parent=9393 HTTP/1.1" 200 5694 "-" "Mozilla/5.0 (compatible; MJ12bot/v1.4.8; http://mj12bot.com/)"
51.83.237.175 - - [15/Apr/2026:06:42:36 +0200] "GET /cinema/films/854/opinions/add/?parent=7795 HTTP/1.1" 200 5695 "-" "Mozilla/5.0 (compatible; MJ12bot/v1.4.8; http://mj12bot.com/)"
51.83.237.175 - - [15/Apr/2026:06:42:36 +0200] "GET /cinema/films/84/opinions/add/?parent=429 HTTP/1.1" 200 5693 "-" "Mozilla/5.0 (compatible; MJ12bot/v1.4.8; http://mj12bot.com/)"
51.83.237.175 - - [15/Apr/2026:06:42:37 +0200] "GET /restaurant/75/opinions/ HTTP/1.1" 200 9983 "-" "Mozilla/5.0 (compatible; MJ12bot/v1.4.8; http://mj12bot.com/)"
51.83.237.175 - - [15/Apr/2026:06:42:38 +0200] "GET /cinema/films/898/opinions/add/?parent=8344 HTTP/1.1" 200 5692 "-" "Mozilla/5.0 (compatible; MJ12bot/v1.4.8; http://mj12bot.com/)"
51.83.237.175 - - [15/Apr/2026:06:42:38 +0200] "GET /cinema/films/84/opinions/add/?parent=430 HTTP/1.1" 200 5694 "-" "Mozilla/5.0 (compatible; MJ12bot/v1.4.8; http://mj12bot.com/)"
51.83.237.175 - - [15/Apr/2026:06:42:39 +0200] "GET /cinema/films/954/opinions/add/?parent=9025 HTTP/1.1" 200 5698 "-" "Mozilla/5.0 (compatible; MJ12bot/v1.4.8; http://mj12bot.com/)"
51.83.237.175 - - [15/Apr/2026:06:42:40 +0200] "GET /cinema/films/84/opinions/add/?parent=441 HTTP/1.1" 200 5694 "-" "Mozilla/5.0 (compatible; MJ12bot/v1.4.8; http://mj12bot.com/)"
51.83.237.175 - - [15/Apr/2026:06:42:41 +0200] "GET /cinema/films/954/opinions/add/?parent=9034 HTTP/1.1" 200 5698 "-" "Mozilla/5.0 (compatible; MJ12bot/v1.4.8; http://mj12bot.com/)"
51.83.237.175 - - [15/Apr/2026:06:42:41 +0200] "GET /cinema/films/84/opinions/add/?parent=458 HTTP/1.1" 200 5694 "-" "Mozilla/5.0 (compatible; MJ12bot/v1.4.8; http://mj12bot.com/)"
51.83.237.175 - - [15/Apr/2026:06:42:43 +0200] "GET /cinema/films/954/opinions/add/?parent=9046 HTTP/1.1" 200 5715 "-" "Mozilla/5.0 (compatible; MJ12bot/v1.4.8; http://mj12bot.com/)"
51.83.237.175 - - [15/Apr/2026:06:42:43 +0200] "GET /cinema/films/840/opinions/add/?parent=7342 HTTP/1.1" 200 5702 "-" "Mozilla/5.0 (compatible; MJ12bot/v1.4.8; http://mj12bot.com/)"
176.31.139.22 - - [15/Apr/2026:06:42:45 +0200] "GET /cinema/films/4585/opinions/add/?parent=42806 HTTP/1.1" 200 9520 "-" "Mozilla/5.0 (compatible; AhrefsBot/7.0; +http://ahrefs.com/robot/)"
51.83.237.175 - - [15/Apr/2026:06:42:45 +0200] "GET /cinema/films/954/opinions/add/?parent=9074 HTTP/1.1" 200 5697 "-" "Mozilla/5.0 (compatible; MJ12bot/v1.4.8; http://mj12bot.com/)"
51.83.237.175 - - [15/Apr/2026:06:42:45 +0200] "GET /cinema/films/840/opinions/add/?parent=7416 HTTP/1.1" 200 5703 "-" "Mozilla/5.0 (compatible; MJ12bot/v1.4.8; http://mj12bot.com/)"
51.83.237.175 - - [15/Apr/2026:06:42:47 +0200] "GET /cinema/films/954/opinions/add/?parent=9077 HTTP/1.1" 200 5697 "-" "Mozilla/5.0 (compatible; MJ12bot/v1.4.8; http://mj12bot.com/)"
51.83.237.175 - - [15/Apr/2026:06:42:47 +0200] "GET /cinema/films/840/opinions/add/?parent=7456 HTTP/1.1" 200 5700 "-" "Mozilla/5.0 (compatible; MJ12bot/v1.4.8; http://mj12bot.com/)"
51.83.237.175 - - [15/Apr/2026:06:42:49 +0200] "GET /cinema/films/954/opinions/add/?parent=9091 HTTP/1.1" 200 5698 "-" "Mozilla/5.0 (compatible; MJ12bot/v1.4.8; http://mj12bot.com/)"
51.83.237.175 - - [15/Apr/2026:06:42:49 +0200] "GET /cinema/films/840/opinions/add/?parent=7470 HTTP/1.1" 200 5703 "-" "Mozilla/5.0 (compatible; MJ12bot/v1.4.8; http://mj12bot.com/)"
185.191.171.7 - - [15/Apr/2026:06:42:50 +0200] "GET /night_club/13/opinions/add/?parent=16317 HTTP/1.1" 200 9506 "-" "Mozilla/5.0 (compatible; SemrushBot/7~bl; +http://www.semrush.com/bot.html)"
51.83.237.175 - - [15/Apr/2026:06:42:51 +0200] "GET /cinema/films/841/opinions/add/?parent=7545 HTTP/1.1" 200 5703 "-" "Mozilla/5.0 (compatible; MJ12bot/v1.4.8; http://mj12bot.com/)"
51.83.237.175 - - [15/Apr/2026:06:42:51 +0200] "GET /cinema/films/954/opinions/add/?parent=9093 HTTP/1.1" 200 5698 "-" "Mozilla/5.0 (compatible; MJ12bot/v1.4.8; http://mj12bot.com/)"
51.83.237.175 - - [15/Apr/2026:06:42:53 +0200] "GET /cinema/films/841/opinions/add/?parent=7582 HTTP/1.1" 200 5702 "-" "Mozilla/5.0 (compatible; MJ12bot/v1.4.8; http://mj12bot.com/)"
51.83.237.175 - - [15/Apr/2026:06:42:53 +0200] "GET /cinema/films/954/opinions/add/?parent=9617 HTTP/1.1" 200 5698 "-" "Mozilla/5.0 (compatible; MJ12bot/v1.4.8; http://mj12bot.com/)"
51.83.237.175 - - [15/Apr/2026:06:42:55 +0200] "GET /cinema/films/844/opinions/add/?parent=7468 HTTP/1.1" 200 5694 "-" "Mozilla/5.0 (compatible; MJ12bot/v1.4.8; http://mj12bot.com/)"
51.83.237.175 - - [15/Apr/2026:06:42:55 +0200] "GET /cinema/films/955/opinions/add/?parent=8777 HTTP/1.1" 200 5710 "-" "Mozilla/5.0 (compatible; MJ12bot/v1.4.8; http://mj12bot.com/)"
51.83.237.175 - - [15/Apr/2026:06:42:56 +0200] "GET /cinema/films/844/opinions/add/?parent=7477 HTTP/1.1" 200 5695 "-" "Mozilla/5.0 (compatible; MJ12bot/v1.4.8; http://mj12bot.com/)"
51.83.237.175 - - [15/Apr/2026:06:42:57 +0200] "GET /cinema/films/955/opinions/add/?parent=8889 HTTP/1.1" 200 5709 "-" "Mozilla/5.0 (compatible; MJ12bot/v1.4.8; http://mj12bot.com/)"
216.73.216.1 - - [15/Apr/2026:06:42:58 +0200] "GET /17-12-2006 HTTP/1.1" 200 9870 "-" "Mozilla/5.0 AppleWebKit/537.36 (KHTML, like Gecko; compatible; ClaudeBot/1.0; +claudebot@anthropic.com)"
51.83.237.175 - - [15/Apr/2026:06:42:58 +0200] "GET /cinema/films/976/opinions/add/?parent=9393 HTTP/1.1" 200 5694 "-" "Mozilla/5.0 (compatible; MJ12bot/v1.4.8; http://mj12bot.com/)"
51.83.237.175 - - [15/Apr/2026:06:42:58 +0200] "GET /cinema/films/844/opinions/add/?parent=7481 HTTP/1.1" 200 5695 "-" "Mozilla/5.0 (compatible; MJ12bot/v1.4.8; http://mj12bot.com/)"
51.83.237.175 - - [15/Apr/2026:06:43:00 +0200] "GET /restaurant/75/opinions/ HTTP/1.1" 200 9983 "-" "Mozilla/5.0 (compatible; MJ12bot/v1.4.8; http://mj12bot.com/)"
51.83.237.175 - - [15/Apr/2026:06:43:00 +0200] "GET /cinema/films/844/opinions/add/?parent=7482 HTTP/1.1" 200 5695 "-" "Mozilla/5.0 (compatible; MJ12bot/v1.4.8; http://mj12bot.com/)"
51.83.237.175 - - [15/Apr/2026:06:43:02 +0200] "GET /cinema/films/844/opinions/add/?parent=7483 HTTP/1.1" 200 5694 "-" "Mozilla/5.0 (compatible; MJ12bot/v1.4.8; http://mj12bot.com/)"
182.42.105.144 - - [15/Apr/2026:06:43:03 +0200] "GET / HTTP/1.1" 301 531 "-" "Mozilla/5.0 (iPhone; CPU iPhone OS 13_2_3 like Mac OS X) AppleWebKit/605.1.15 (KHTML, like Gecko) Version/13.0.3 Mobile/15E148 Safari/604.1"
51.83.237.175 - - [15/Apr/2026:06:43:04 +0200] "GET /cinema/films/844/opinions/add/?parent=7498 HTTP/1.1" 200 5695 "-" "Mozilla/5.0 (compatible; MJ12bot/v1.4.8; http://mj12bot.com/)"
51.83.237.175 - - [15/Apr/2026:06:43:06 +0200] "GET /cinema/films/844/opinions/add/?parent=7505 HTTP/1.1" 200 5695 "-" "Mozilla/5.0 (compatible; MJ12bot/v1.4.8; http://mj12bot.com/)"
51.83.237.175 - - [15/Apr/2026:06:43:08 +0200] "GET /cinema/films/844/opinions/add/?parent=7509 HTTP/1.1" 200 5695 "-" "Mozilla/5.0 (compatible; MJ12bot/v1.4.8; http://mj12bot.com/)"
51.83.237.175 - - [15/Apr/2026:06:43:09 +0200] "GET /cinema/films/844/opinions/add/?parent=7526 HTTP/1.1" 200 5695 "-" "Mozilla/5.0 (compatible; MJ12bot/v1.4.8; http://mj12bot.com/)"
182.42.105.144 - - [15/Apr/2026:06:43:10 +0200] "GET / HTTP/1.1" 200 6062 "http://afish-ka.ru" "Mozilla/5.0 (iPhone; CPU iPhone OS 13_2_3 like Mac OS X) AppleWebKit/605.1.15 (KHTML, like Gecko) Version/13.0.3 Mobile/15E148 Safari/604.1"
85.208.96.210 - - [15/Apr/2026:06:43:11 +0200] "GET /exhibition/actions/2976/opinions/add/?parent=50973 HTTP/1.1" 200 9507 "-" "Mozilla/5.0 (compatible; SemrushBot/7~bl; +http://www.semrush.com/bot.html)"
51.83.237.175 - - [15/Apr/2026:06:43:11 +0200] "GET /cinema/films/844/opinions/add/?parent=7531 HTTP/1.1" 200 5695 "-" "Mozilla/5.0 (compatible; MJ12bot/v1.4.8; http://mj12bot.com/)"
51.83.237.175 - - [15/Apr/2026:06:43:13 +0200] "GET /cinema/films/844/opinions/add/?parent=7534 HTTP/1.1" 200 5695 "-" "Mozilla/5.0 (compatible; MJ12bot/v1.4.8; http://mj12bot.com/)"
51.68.247.220 - - [15/Apr/2026:06:43:14 +0200] "GET /cinema/films/2406/opinions/add/?parent=24279 HTTP/1.1" 200 9525 "-" "Mozilla/5.0 (compatible; AhrefsBot/7.0; +http://ahrefs.com/robot/)"
51.83.237.175 - - [15/Apr/2026:06:43:15 +0200] "GET /cinema/films/844/opinions/add/?parent=7538 HTTP/1.1" 200 5694 "-" "Mozilla/5.0 (compatible; MJ12bot/v1.4.8; http://mj12bot.com/)"
51.83.237.175 - - [15/Apr/2026:06:43:16 +0200] "GET /cinema/films/844/opinions/add/?parent=7539 HTTP/1.1" 200 5694 "-" "Mozilla/5.0 (compatible; MJ12bot/v1.4.8; http://mj12bot.com/)"
51.83.237.175 - - [15/Apr/2026:06:43:18 +0200] "GET /cinema/films/844/opinions/add/?parent=7615 HTTP/1.1" 200 5695 "-" "Mozilla/5.0 (compatible; MJ12bot/v1.4.8; http://mj12bot.com/)"
51.83.237.175 - - [15/Apr/2026:06:43:20 +0200] "GET /cinema/films/844/opinions/add/?parent=7635 HTTP/1.1" 200 5695 "-" "Mozilla/5.0 (compatible; MJ12bot/v1.4.8; http://mj12bot.com/)"
51.83.237.175 - - [15/Apr/2026:06:43:22 +0200] "GET /cinema/films/844/opinions/add/?parent=7637 HTTP/1.1" 200 5694 "-" "Mozilla/5.0 (compatible; MJ12bot/v1.4.8; http://mj12bot.com/)"
121.91.168.142 - - [15/Apr/2026:06:43:24 +0200] "GET /cinema/films/4860/cinema/films/4860/opinions/add/cinema/films/ HTTP/1.1" 200 10587 "-" "Mozilla/5.0 (Windows NT 10.0; Win64; x64) AppleWebKit/537.36 (KHTML, like Gecko) Chrome/141.0.0.0 Safari/537.36"
51.83.237.175 - - [15/Apr/2026:06:43:24 +0200] "GET /cinema/films/844/opinions/add/?parent=7643 HTTP/1.1" 200 5695 "-" "Mozilla/5.0 (compatible; MJ12bot/v1.4.8; http://mj12bot.com/)"
51.83.237.175 - - [15/Apr/2026:06:43:26 +0200] "GET /cinema/films/854/opinions/add/?parent=7795 HTTP/1.1" 200 5695 "-" "Mozilla/5.0 (compatible; MJ12bot/v1.4.8; http://mj12bot.com/)"
121.91.168.142 - - [15/Apr/2026:06:43:26 +0200] "GET /i/mootools.js HTTP/1.1" 200 22484 "https://www.afish-ka.ru/cinema/films/4860/cinema/films/4860/opinions/add/cinema/films/" "Mozilla/5.0 (Windows NT 10.0; Win64; x64) AppleWebKit/537.36 (KHTML, like Gecko) Chrome/141.0.0.0 Safari/537.36"
51.83.237.175 - - [15/Apr/2026:06:43:28 +0200] "GET /cinema/films/898/opinions/add/?parent=8344 HTTP/1.1" 200 5693 "-" "Mozilla/5.0 (compatible; MJ12bot/v1.4.8; http://mj12bot.com/)"
116.179.32.16 - - [15/Apr/2026:06:43:29 +0200] "GET /images/s/actions/253_2.jpg HTTP/1.1" 200 10021 "-" "Baiduspider-image+(+http://www.baidu.com/search/spider.htm)"
51.83.237.175 - - [15/Apr/2026:06:43:30 +0200] "GET /cinema/films/954/opinions/add/?parent=9025 HTTP/1.1" 200 5699 "-" "Mozilla/5.0 (compatible; MJ12bot/v1.4.8; http://mj12bot.com/)"
51.83.237.175 - - [15/Apr/2026:06:43:31 +0200] "GET /cinema/films/954/opinions/add/?parent=9034 HTTP/1.1" 200 5699 "-" "Mozilla/5.0 (compatible; MJ12bot/v1.4.8; http://mj12bot.com/)"
51.83.237.175 - - [15/Apr/2026:06:43:33 +0200] "GET /cinema/films/954/opinions/add/?parent=9046 HTTP/1.1" 200 5716 "-" "Mozilla/5.0 (compatible; MJ12bot/v1.4.8; http://mj12bot.com/)"
51.83.237.175 - - [15/Apr/2026:06:43:35 +0200] "GET /cinema/films/954/opinions/add/?parent=9074 HTTP/1.1" 200 5698 "-" "Mozilla/5.0 (compatible; MJ12bot/v1.4.8; http://mj12bot.com/)"
51.83.237.175 - - [15/Apr/2026:06:43:37 +0200] "GET /cinema/films/954/opinions/add/?parent=9077 HTTP/1.1" 200 5698 "-" "Mozilla/5.0 (compatible; MJ12bot/v1.4.8; http://mj12bot.com/)"
51.83.237.175 - - [15/Apr/2026:06:43:39 +0200] "GET /cinema/films/954/opinions/add/?parent=9091 HTTP/1.1" 200 5699 "-" "Mozilla/5.0 (compatible; MJ12bot/v1.4.8; http://mj12bot.com/)"
51.83.237.175 - - [15/Apr/2026:06:43:41 +0200] "GET /cinema/films/954/opinions/add/?parent=9093 HTTP/1.1" 200 5699 "-" "Mozilla/5.0 (compatible; MJ12bot/v1.4.8; http://mj12bot.com/)"
51.68.247.213 - - [15/Apr/2026:06:43:41 +0200] "GET /cinema/films/334/opinions/ HTTP/1.1" 200 9422 "-" "Mozilla/5.0 (compatible; AhrefsBot/7.0; +http://ahrefs.com/robot/)"
85.208.96.197 - - [15/Apr/2026:06:43:41 +0200] "GET /exhibition/actions/2253/ HTTP/1.1" 200 7148 "-" "Mozilla/5.0 (compatible; SemrushBot/7~bl; +http://www.semrush.com/bot.html)"
51.83.237.175 - - [15/Apr/2026:06:43:42 +0200] "GET /cinema/films/954/opinions/add/?parent=9617 HTTP/1.1" 200 5699 "-" "Mozilla/5.0 (compatible; MJ12bot/v1.4.8; http://mj12bot.com/)"
51.83.237.175 - - [15/Apr/2026:06:43:44 +0200] "GET /cinema/films/955/opinions/add/?parent=8777 HTTP/1.1" 200 5711 "-" "Mozilla/5.0 (compatible; MJ12bot/v1.4.8; http://mj12bot.com/)"
51.83.237.175 - - [15/Apr/2026:06:43:46 +0200] "GET /cinema/films/955/opinions/add/?parent=8889 HTTP/1.1" 200 5710 "-" "Mozilla/5.0 (compatible; MJ12bot/v1.4.8; http://mj12bot.com/)"
51.83.237.175 - - [15/Apr/2026:06:43:48 +0200] "GET /cinema/films/976/opinions/add/?parent=9393 HTTP/1.1" 200 5695 "-" "Mozilla/5.0 (compatible; MJ12bot/v1.4.8; http://mj12bot.com/)"
51.83.237.175 - - [15/Apr/2026:06:43:49 +0200] "GET /restaurant/75/opinions/ HTTP/1.1" 200 9983 "-" "Mozilla/5.0 (compatible; MJ12bot/v1.4.8; http://mj12bot.com/)"
85.208.96.211 - - [15/Apr/2026:06:43:57 +0200] "GET /cinema/films/3145/opinions/add/?parent=29305 HTTP/1.1" 200 9539 "-" "Mozilla/5.0 (compatible; SemrushBot/7~bl; +http://www.semrush.com/bot.html)"
85.208.96.204 - - [15/Apr/2026:06:44:00 +0200] "GET /city/actions/1093/opinions/add/ HTTP/1.1" 200 9515 "-" "Mozilla/5.0 (compatible; SemrushBot/7~bl; +http://www.semrush.com/bot.html)"
