185.191.171.13 - - [15/Apr/2026:06:32:42 +0200] "GET /links.php?go=https%3A%2F%2Fxbet-casino-app.ru%2F HTTP/1.1" 200 9587 "-" "Mozilla/5.0 (compatible; SemrushBot/7~bl; +http://www.semrush.com/bot.html)"
116.179.32.204 - - [15/Apr/2026:06:32:42 +0200] "GET /cinema/films/6110/opinions/ HTTP/1.1" 200 9357 "-" "Mozilla/5.0 (compatible; Baiduspider/2.0; +http://www.baidu.com/search/spider.html)"
40.77.167.42 - - [15/Apr/2026:06:32:42 +0200] "GET /cafe/8/opinions/ HTTP/1.1" 200 39245 "-" "Mozilla/5.0 AppleWebKit/537.36 (KHTML, like Gecko; compatible; bingbot/2.0; +http://www.bing.com/bingbot.htm) Chrome/116.0.1938.76 Safari/537.36"
51.68.247.196 - - [15/Apr/2026:06:32:43 +0200] "GET /concert_hall/151/opinions/add/?parent=29975 HTTP/1.1" 200 9528 "-" "Mozilla/5.0 (compatible; AhrefsBot/7.0; +http://ahrefs.com/robot/)"
185.191.171.15 - - [15/Apr/2026:06:32:44 +0200] "GET /night_club/parties/1714/opinions/add/ HTTP/1.1" 200 9544 "-" "Mozilla/5.0 (compatible; SemrushBot/7~bl; +http://www.semrush.com/bot.html)"
85.208.96.199 - - [15/Apr/2026:06:32:47 +0200] "GET /city/267/opinions/add/?parent=51808 HTTP/1.1" 200 9507 "-" "Mozilla/5.0 (compatible; SemrushBot/7~bl; +http://www.semrush.com/bot.html)"
188.239.13.29 - - [15/Apr/2026:06:32:48 +0200] "GET /cinema/films/2701/opinions/cinema/films/cinema/films/2701/opinions/add/?parent=25843 HTTP/1.1" 200 16014 "-" "Mozilla/5.0 (Macintosh; Intel Mac OS X 10_15_7) AppleWebKit/537.36 (KHTML, like Gecko) Chrome/143.0.0.0 Safari/537.36"
185.191.171.12 - - [15/Apr/2026:06:32:53 +0200] "GET /restaurant/22/opinions/add/?parent=52741 HTTP/1.1" 200 9517 "-" "Mozilla/5.0 (compatible; SemrushBot/7~bl; +http://www.semrush.com/bot.html)"
85.208.96.211 - - [15/Apr/2026:06:32:55 +0200] "GET /links.php?go=http%3A%2F%2Fvisdeocollect.blogspot.com%2F2022%2F08%2Fnigoal-lottery-online_12.html HTTP/1.1" 200 9570 "-" "Mozilla/5.0 (compatible; SemrushBot/7~bl; +http://www.semrush.com/bot.html)"
5.39.1.243 - - [15/Apr/2026:06:33:08 +0200] "GET /concert_hall/151/opinions/add/?parent=23503 HTTP/1.1" 200 9530 "-" "Mozilla/5.0 (compatible; AhrefsBot/7.0; +http://ahrefs.com/robot/)"
185.191.171.15 - - [15/Apr/2026:06:33:23 +0200] "GET /cinema/films/1318/opinions/add/ HTTP/1.1" 200 9531 "-" "Mozilla/5.0 (compatible; SemrushBot/7~bl; +http://www.semrush.com/bot.html)"
5.39.109.185 - - [15/Apr/2026:06:33:27 +0200] "GET /cinema/films/3661/ HTTP/1.1" 200 10387 "-" "Mozilla/5.0 (compatible; AhrefsBot/7.0; +http://ahrefs.com/robot/)"
185.191.171.3 - - [15/Apr/2026:06:33:31 +0200] "GET /cinema/films/4593/opinions/add/?parent=42677 HTTP/1.1" 200 9519 "-" "Mozilla/5.0 (compatible; SemrushBot/7~bl; +http://www.semrush.com/bot.html)"
18.215.24.66 - - [15/Apr/2026:06:33:35 +0200] "GET /cinema/33/opinions/add/?parent=16552 HTTP/1.1" 200 9550 "-" "Mozilla/5.0 AppleWebKit/537.36 (KHTML, like Gecko; compatible; Amazonbot/0.1; +https://developer.amazon.com/support/amazonbot) Chrome/119.0.6045.214 Safari/537.36"
185.191.171.15 - - [15/Apr/2026:06:33:44 +0200] "GET /cafe/actions/2532/opinions/add/ HTTP/1.1" 200 9521 "-" "Mozilla/5.0 (compatible; SemrushBot/7~bl; +http://www.semrush.com/bot.html)"
176.31.139.23 - - [15/Apr/2026:06:33:44 +0200] "GET /03-10-2012/ HTTP/1.1" 200 13045 "-" "Mozilla/5.0 (compatible; AhrefsBot/7.0; +http://ahrefs.com/robot/)"
116.179.32.48 - - [15/Apr/2026:06:33:47 +0200] "GET /images/s/actions/3528_1.jpg HTTP/1.1" 200 10954 "-" "Baiduspider-image+(+http://www.baidu.com/search/spider.htm)"
185.191.171.12 - - [15/Apr/2026:06:33:57 +0200] "GET /cinema/films/4133/opinions/add/?parent=36238 HTTP/1.1" 200 9548 "-" "Mozilla/5.0 (compatible; SemrushBot/7~bl; +http://www.semrush.com/bot.html)"
216.244.66.228 - - [15/Apr/2026:06:34:05 +0200] "GET /robots.txt HTTP/1.1" 200 461 "-" "Mozilla/5.0 (compatible; DotBot/1.2; +https://opensiteexplorer.org/dotbot; help@moz.com)"
92.222.104.214 - - [15/Apr/2026:06:34:05 +0200] "GET /cinema/films/3674/opinions/add/?parent=33681 HTTP/1.1" 200 9530 "-" "Mozilla/5.0 (compatible; AhrefsBot/7.0; +http://ahrefs.com/robot/)"
51.83.237.175 - - [15/Apr/2026:06:34:09 +0200] "GET /robots.txt HTTP/1.1" 200 517 "-" "Mozilla/5.0 (compatible; MJ12bot/v1.4.8; http://mj12bot.com/)"
17.22.245.237 - - [15/Apr/2026:06:34:09 +0200] "GET /concert_hall/actions/944/opinions/add/?parent=8916 HTTP/1.1" 200 9514 "-" "Mozilla/5.0 (Macintosh; Intel Mac OS X 10_15_7) AppleWebKit/605.1.15 (KHTML, like Gecko) Version/17.4 Safari/605.1.15 (Applebot/0.1; +http://www.apple.com/go/applebot)"
185.191.171.1 - - [15/Apr/2026:06:34:10 +0200] "GET /night_club/parties/466/ HTTP/1.1" 200 9629 "-" "Mozilla/5.0 (compatible; SemrushBot/7~bl; +http://www.semrush.com/bot.html)"
51.83.237.175 - - [15/Apr/2026:06:34:10 +0200] "GET /cinema/films/1637/opinions/add/?parent=16999 HTTP/1.1" 200 5699 "-" "Mozilla/5.0 (compatible; MJ12bot/v1.4.8; http://mj12bot.com/)"
51.83.237.175 - - [15/Apr/2026:06:34:12 +0200] "GET /cinema/films/1637/opinions/add/?parent=17004 HTTP/1.1" 200 5699 "-" "Mozilla/5.0 (compatible; MJ12bot/v1.4.8; http://mj12bot.com/)"
170.106.142.102 - - [15/Apr/2026:06:34:12 +0200] "GET /cinema/films/2993/12-04-2014/cinema/films/2993/opinions/ HTTP/1.1" 200 6869 "-" "Mozilla/5.0 (Macintosh; Intel Mac OS X 10_15_7) AppleWebKit/537.36 (KHTML, like Gecko) Chrome/143.0.0.0 Safari/537.36"
51.83.237.175 - - [15/Apr/2026:06:34:14 +0200] "GET /cinema/films/1637/opinions/add/?parent=17031 HTTP/1.1" 200 5699 "-" "Mozilla/5.0 (compatible; MJ12bot/v1.4.8; http://mj12bot.com/)"
51.83.237.175 - - [15/Apr/2026:06:34:16 +0200] "GET /cinema/films/1637/opinions/add/?parent=17048 HTTP/1.1" 200 5699 "-" "Mozilla/5.0 (compatible; MJ12bot/v1.4.8; http://mj12bot.com/)"
51.83.237.175 - - [15/Apr/2026:06:34:18 +0200] "GET /cinema/films/1637/opinions/add/?parent=17069 HTTP/1.1" 200 5699 "-" "Mozilla/5.0 (compatible; MJ12bot/v1.4.8; http://mj12bot.com/)"
51.83.237.175 - - [15/Apr/2026:06:34:19 +0200] "GET /cinema/films/1639/opinions/add/?parent=16417 HTTP/1.1" 200 5709 "-" "Mozilla/5.0 (compatible; MJ12bot/v1.4.8; http://mj12bot.com/)"
51.83.237.175 - - [15/Apr/2026:06:34:21 +0200] "GET /cinema/films/1639/opinions/add/?parent=16794 HTTP/1.1" 200 5710 "-" "Mozilla/5.0 (compatible; MJ12bot/v1.4.8; http://mj12bot.com/)"
51.83.237.175 - - [15/Apr/2026:06:34:23 +0200] "GET /cinema/films/1639/opinions/add/?parent=16973 HTTP/1.1" 200 5709 "-" "Mozilla/5.0 (compatible; MJ12bot/v1.4.8; http://mj12bot.com/)"
51.83.237.175 - - [15/Apr/2026:06:34:25 +0200] "GET /cinema/films/1646/opinions/add/?parent=16823 HTTP/1.1" 200 5710 "-" "Mozilla/5.0 (compatible; MJ12bot/v1.4.8; http://mj12bot.com/)"
51.83.237.175 - - [15/Apr/2026:06:34:27 +0200] "GET /cinema/films/1872/opinions/add/?parent=19180 HTTP/1.1" 200 5691 "-" "Mozilla/5.0 (compatible; MJ12bot/v1.4.8; http://mj12bot.com/)"
51.83.237.175 - - [15/Apr/2026:06:34:29 +0200] "GET /cinema/films/1923/opinions/add/?parent=19485 HTTP/1.1" 200 5693 "-" "Mozilla/5.0 (compatible; MJ12bot/v1.4.8; http://mj12bot.com/)"
176.31.139.23 - - [15/Apr/2026:06:34:30 +0200] "GET /cinema/films/6031/ HTTP/1.1" 200 10474 "-" "Mozilla/5.0 (compatible; AhrefsBot/7.0; +http://ahrefs.com/robot/)"
51.83.237.175 - - [15/Apr/2026:06:34:31 +0200] "GET /cinema/films/1923/opinions/add/?parent=19501 HTTP/1.1" 200 5692 "-" "Mozilla/5.0 (compatible; MJ12bot/v1.4.8; http://mj12bot.com/)"
51.83.237.175 - - [15/Apr/2026:06:34:33 +0200] "GET /cinema/films/1923/opinions/add/?parent=19503 HTTP/1.1" 200 5693 "-" "Mozilla/5.0 (compatible; MJ12bot/v1.4.8; http://mj12bot.com/)"
85.208.96.207 - - [15/Apr/2026:06:34:34 +0200] "GET /cinema/films/4465/opinions/add/?parent=41730 HTTP/1.1" 200 9496 "-" "Mozilla/5.0 (compatible; SemrushBot/7~bl; +http://www.semrush.com/bot.html)"
51.83.237.175 - - [15/Apr/2026:06:34:34 +0200] "GET /cinema/films/1923/opinions/add/?parent=19544 HTTP/1.1" 200 5692 "-" "Mozilla/5.0 (compatible; MJ12bot/v1.4.8; http://mj12bot.com/)"
51.83.237.175 - - [15/Apr/2026:06:34:36 +0200] "GET /cinema/films/1923/opinions/add/?parent=19557 HTTP/1.1" 200 5693 "-" "Mozilla/5.0 (compatible; MJ12bot/v1.4.8; http://mj12bot.com/)"
51.83.237.175 - - [15/Apr/2026:06:34:38 +0200] "GET /cinema/films/1923/opinions/add/?parent=19563 HTTP/1.1" 200 5692 "-" "Mozilla/5.0 (compatible; MJ12bot/v1.4.8; http://mj12bot.com/)"
85.208.96.209 - - [15/Apr/2026:06:34:38 +0200] "GET /cinema/films/3370/opinions/add/?parent=31456 HTTP/1.1" 200 9521 "-" "Mozilla/5.0 (compatible; SemrushBot/7~bl; +http://www.semrush.com/bot.html)"
92.222.108.102 - - [15/Apr/2026:06:34:39 +0200] "GET /cinema/films/2937/opinions/add/?parent=27111 HTTP/1.1" 200 9530 "-" "Mozilla/5.0 (compatible; AhrefsBot/7.0; +http://ahrefs.com/robot/)"
51.83.237.175 - - [15/Apr/2026:06:34:39 +0200] "GET /cinema/films/1923/opinions/add/?parent=19569 HTTP/1.1" 200 5693 "-" "Mozilla/5.0 (compatible; MJ12bot/v1.4.8; http://mj12bot.com/)"
51.83.237.175 - - [15/Apr/2026:06:34:41 +0200] "GET /cinema/films/1923/opinions/add/?parent=19610 HTTP/1.1" 200 5693 "-" "Mozilla/5.0 (compatible; MJ12bot/v1.4.8; http://mj12bot.com/)"
51.83.237.175 - - [15/Apr/2026:06:34:43 +0200] "GET /cinema/films/256/opinions/add/?parent=2140 HTTP/1.1" 200 5681 "-" "Mozilla/5.0 (compatible; MJ12bot/v1.4.8; http://mj12bot.com/)"
51.83.237.175 - - [15/Apr/2026:06:34:45 +0200] "GET /cinema/films/2601/opinions/add/?parent=25019 HTTP/1.1" 200 5702 "-" "Mozilla/5.0 (compatible; MJ12bot/v1.4.8; http://mj12bot.com/)"
51.83.237.175 - - [15/Apr/2026:06:34:47 +0200] "GET /cinema/films/2603/opinions/add/?parent=25022 HTTP/1.1" 200 5710 "-" "Mozilla/5.0 (compatible; MJ12bot/v1.4.8; http://mj12bot.com/)"
51.83.237.175 - - [15/Apr/2026:06:34:49 +0200] "GET /cinema/films/2941/opinions/add/?parent=27320 HTTP/1.1" 200 5691 "-" "Mozilla/5.0 (compatible; MJ12bot/v1.4.8; http://mj12bot.com/)"
220.181.108.156 - - [15/Apr/2026:06:34:50 +0200] "GET /images/s/actions/4717_2.jpg HTTP/1.1" 200 10880 "-" "Baiduspider-image+(+http://www.baidu.com/search/spider.htm)"
51.83.237.175 - - [15/Apr/2026:06:34:51 +0200] "GET /cinema/films/2943/opinions/add/?parent=27127 HTTP/1.1" 200 5693 "-" "Mozilla/5.0 (compatible; MJ12bot/v1.4.8; http://mj12bot.com/)"
142.250.33.38 - - [15/Apr/2026:06:34:53 +0200] "GET /rss/ HTTP/1.1" 301 576 "-" "FeedBurner/1.0 (http://www.FeedBurner.com)"
51.83.237.175 - - [15/Apr/2026:06:34:53 +0200] "GET /cinema/films/2943/opinions/add/?parent=27179 HTTP/1.1" 200 5693 "-" "Mozilla/5.0 (compatible; MJ12bot/v1.4.8; http://mj12bot.com/)"
5.39.1.230 - - [15/Apr/2026:06:34:54 +0200] "GET /theater/4/opinions/add/?parent=13773 HTTP/1.1" 200 9534 "-" "Mozilla/5.0 (compatible; AhrefsBot/7.0; +http://ahrefs.com/robot/)"
66.102.9.204 - - [15/Apr/2026:06:34:55 +0200] "GET /rss/ HTTP/1.1" 302 442 "-" "FeedBurner/1.0 (http://www.FeedBurner.com)"
51.83.237.175 - - [15/Apr/2026:06:34:54 +0200] "GET /cinema/films/2943/opinions/add/?parent=27256 HTTP/1.1" 200 5693 "-" "Mozilla/5.0 (compatible; MJ12bot/v1.4.8; http://mj12bot.com/)"
51.83.237.175 - - [15/Apr/2026:06:34:56 +0200] "GET /cinema/films/2943/opinions/add/?parent=27261 HTTP/1.1" 200 5693 "-" "Mozilla/5.0 (compatible; MJ12bot/v1.4.8; http://mj12bot.com/)"
51.83.237.175 - - [15/Apr/2026:06:34:58 +0200] "GET /cinema/films/2943/opinions/add/?parent=27263 HTTP/1.1" 200 5694 "-" "Mozilla/5.0 (compatible; MJ12bot/v1.4.8; http://mj12bot.com/)"
51.83.237.175 - - [15/Apr/2026:06:35:00 +0200] "GET /cinema/films/2943/opinions/add/?parent=27264 HTTP/1.1" 200 5694 "-" "Mozilla/5.0 (compatible; MJ12bot/v1.4.8; http://mj12bot.com/)"
51.83.237.175 - - [15/Apr/2026:06:35:02 +0200] "GET /cinema/films/2943/opinions/add/?parent=27267 HTTP/1.1" 200 5695 "-" "Mozilla/5.0 (compatible; MJ12bot/v1.4.8; http://mj12bot.com/)"
85.208.96.199 - - [15/Apr/2026:06:35:02 +0200] "GET /concert_hall/actions/1678/opinions/add/?parent=17245 HTTP/1.1" 200 9518 "-" "Mozilla/5.0 (compatible; SemrushBot/7~bl; +http://www.semrush.com/bot.html)"
51.83.237.175 - - [15/Apr/2026:06:35:04 +0200] "GET /cinema/films/2943/opinions/add/?parent=27268 HTTP/1.1" 200 5696 "-" "Mozilla/5.0 (compatible; MJ12bot/v1.4.8; http://mj12bot.com/)"
51.83.237.175 - - [15/Apr/2026:06:35:05 +0200] "GET /cinema/films/2943/opinions/add/?parent=27344 HTTP/1.1" 200 5696 "-" "Mozilla/5.0 (compatible; MJ12bot/v1.4.8; http://mj12bot.com/)"
51.83.237.175 - - [15/Apr/2026:06:35:07 +0200] "GET /cinema/films/2947/opinions/add/?parent=27367 HTTP/1.1" 200 5689 "-" "Mozilla/5.0 (compatible; MJ12bot/v1.4.8; http://mj12bot.com/)"
51.83.237.175 - - [15/Apr/2026:06:35:08 +0200] "GET /robots.txt HTTP/1.1" 200 3839 "-" "Mozilla/5.0 (compatible; MJ12bot/v1.4.8; http://mj12bot.com/)"
51.83.237.175 - - [15/Apr/2026:06:35:10 +0200] "GET /cinema/films/2947/opinions/add/?parent=27367 HTTP/1.1" 200 5764 "-" "Mozilla/5.0 (compatible; MJ12bot/v1.4.8; http://mj12bot.com/)"
34.225.138.57 - - [15/Apr/2026:06:35:11 +0200] "GET /concert_hall/actions/49/opinions/add/?parent=499 HTTP/1.1" 200 9568 "-" "Mozilla/5.0 AppleWebKit/537.36 (KHTML, like Gecko; compatible; Amazonbot/0.1; +https://developer.amazon.com/support/amazonbot) Chrome/119.0.6045.214 Safari/537.36"
51.83.237.175 - - [15/Apr/2026:06:35:12 +0200] "GET /cinema/films/3056/opinions/add/?parent=28614 HTTP/1.1" 200 5720 "-" "Mozilla/5.0 (compatible; MJ12bot/v1.4.8; http://mj12bot.com/)"
51.68.247.223 - - [15/Apr/2026:06:35:12 +0200] "GET /cinema/films/3161/opinions/ HTTP/1.1" 200 10504 "-" "Mozilla/5.0 (compatible; AhrefsBot/7.0; +http://ahrefs.com/robot/)"
51.83.237.175 - - [15/Apr/2026:06:35:14 +0200] "GET /cinema/films/336/opinions/add/?parent=3410 HTTP/1.1" 200 5703 "-" "Mozilla/5.0 (compatible; MJ12bot/v1.4.8; http://mj12bot.com/)"
95.142.198.146 - - [15/Apr/2026:06:35:15 +0200] "GET /rss_source/ HTTP/1.1" 200 21796 "-" "Mozilla/5.0 (compatible; VKRobot/1.0)"
51.83.237.175 - - [15/Apr/2026:06:35:15 +0200] "GET /cinema/films/3526/opinions/add/?parent=32888 HTTP/1.1" 200 5694 "-" "Mozilla/5.0 (compatible; MJ12bot/v1.4.8; http://mj12bot.com/)"
51.83.237.175 - - [15/Apr/2026:06:35:17 +0200] "GET /cinema/films/809/opinions/add/?parent=7137 HTTP/1.1" 200 5701 "-" "Mozilla/5.0 (compatible; MJ12bot/v1.4.8; http://mj12bot.com/)"
51.83.237.175 - - [15/Apr/2026:06:35:19 +0200] "GET /cinema/films/809/opinions/add/?parent=8575 HTTP/1.1" 200 5701 "-" "Mozilla/5.0 (compatible; MJ12bot/v1.4.8; http://mj12bot.com/)"
51.83.237.175 - - [15/Apr/2026:06:35:21 +0200] "GET /cinema/films/81.html HTTP/1.1" 200 8661 "-" "Mozilla/5.0 (compatible; MJ12bot/v1.4.8; http://mj12bot.com/)"
51.83.237.175 - - [15/Apr/2026:06:35:23 +0200] "GET /cinema/films/81/opinions/add/?parent=348 HTTP/1.1" 200 5689 "-" "Mozilla/5.0 (compatible; MJ12bot/v1.4.8; http://mj12bot.com/)"
170.106.98.6 - - [15/Apr/2026:06:35:24 +0200] "GET /cinema/films/797/cinema/films/797/opinions/add/cinema/films/ HTTP/1.1" 200 10521 "-" "Mozilla/5.0 (Macintosh; Intel Mac OS X 10_15_7) AppleWebKit/537.36 (KHTML, like Gecko) Chrome/141.0.0.0 Safari/537.36"
170.106.98.6 - - [15/Apr/2026:06:35:24 +0200] "GET /i/style.css HTTP/1.1" 200 1001 "https://www.afish-ka.ru/cinema/films/797/cinema/films/797/opinions/add/cinema/films/" "Mozilla/5.0 (Macintosh; Intel Mac OS X 10_15_7) AppleWebKit/537.36 (KHTML, like Gecko) Chrome/141.0.0.0 Safari/537.36"
170.106.98.6 - - [15/Apr/2026:06:35:25 +0200] "GET /i/mba/css/mba.css HTTP/1.1" 200 1384 "https://www.afish-ka.ru/cinema/films/797/cinema/films/797/opinions/add/cinema/films/" "Mozilla/5.0 (Macintosh; Intel Mac OS X 10_15_7) AppleWebKit/537.36 (KHTML, like Gecko) Chrome/141.0.0.0 Safari/537.36"
51.83.237.175 - - [15/Apr/2026:06:35:25 +0200] "GET /cinema/films/81/opinions/add/?parent=351 HTTP/1.1" 200 5689 "-" "Mozilla/5.0 (compatible; MJ12bot/v1.4.8; http://mj12bot.com/)"
51.83.237.175 - - [15/Apr/2026:06:35:27 +0200] "GET /cinema/films/81/opinions/add/?parent=352 HTTP/1.1" 200 5689 "-" "Mozilla/5.0 (compatible; MJ12bot/v1.4.8; http://mj12bot.com/)"
51.83.237.175 - - [15/Apr/2026:06:35:29 +0200] "GET /cinema/films/81/opinions/add/?parent=624 HTTP/1.1" 200 5689 "-" "Mozilla/5.0 (compatible; MJ12bot/v1.4.8; http://mj12bot.com/)"
51.83.237.175 - - [15/Apr/2026:06:35:30 +0200] "GET /cinema/films/810/opinions/add/?parent=6995 HTTP/1.1" 200 5689 "-" "Mozilla/5.0 (compatible; MJ12bot/v1.4.8; http://mj12bot.com/)"
185.191.171.17 - - [15/Apr/2026:06:35:31 +0200] "GET /links.php?go=http%3A%2F%2Fapnews-topstories.blogspot.com%2F HTTP/1.1" 200 5781 "-" "Mozilla/5.0 (compatible; SemrushBot/7~bl; +http://www.semrush.com/bot.html)"
51.83.237.175 - - [15/Apr/2026:06:35:32 +0200] "GET /cinema/films/810/opinions/add/?parent=7057 HTTP/1.1" 200 5689 "-" "Mozilla/5.0 (compatible; MJ12bot/v1.4.8; http://mj12bot.com/)"
51.83.237.175 - - [15/Apr/2026:06:35:34 +0200] "GET /cinema/films/810/opinions/add/?parent=7076 HTTP/1.1" 200 5689 "-" "Mozilla/5.0 (compatible; MJ12bot/v1.4.8; http://mj12bot.com/)"
51.83.237.175 - - [15/Apr/2026:06:35:36 +0200] "GET /cinema/films/810/opinions/add/?parent=7175 HTTP/1.1" 200 5689 "-" "Mozilla/5.0 (compatible; MJ12bot/v1.4.8; http://mj12bot.com/)"
51.83.237.175 - - [15/Apr/2026:06:35:38 +0200] "GET /cinema/films/811/opinions/add/?parent=6996 HTTP/1.1" 200 5692 "-" "Mozilla/5.0 (compatible; MJ12bot/v1.4.8; http://mj12bot.com/)"
51.75.236.129 - - [15/Apr/2026:06:35:39 +0200] "GET /cinema/films/742/opinions/add/?parent=6300 HTTP/1.1" 200 9533 "-" "Mozilla/5.0 (compatible; AhrefsBot/7.0; +http://ahrefs.com/robot/)"
51.83.237.175 - - [15/Apr/2026:06:35:39 +0200] "GET /cinema/films/811/opinions/add/?parent=7048 HTTP/1.1" 200 5693 "-" "Mozilla/5.0 (compatible; MJ12bot/v1.4.8; http://mj12bot.com/)"
51.83.237.175 - - [15/Apr/2026:06:35:41 +0200] "GET /cinema/films/811/opinions/add/?parent=7058 HTTP/1.1" 200 5692 "-" "Mozilla/5.0 (compatible; MJ12bot/v1.4.8; http://mj12bot.com/)"
51.83.237.175 - - [15/Apr/2026:06:35:43 +0200] "GET /cinema/films/811/opinions/add/?parent=7061 HTTP/1.1" 200 5693 "-" "Mozilla/5.0 (compatible; MJ12bot/v1.4.8; http://mj12bot.com/)"
51.83.237.175 - - [15/Apr/2026:06:35:45 +0200] "GET /cinema/films/811/opinions/add/?parent=7074 HTTP/1.1" 200 5693 "-" "Mozilla/5.0 (compatible; MJ12bot/v1.4.8; http://mj12bot.com/)"
51.83.237.175 - - [15/Apr/2026:06:35:47 +0200] "GET /cinema/films/811/opinions/add/?parent=7077 HTTP/1.1" 200 5692 "-" "Mozilla/5.0 (compatible; MJ12bot/v1.4.8; http://mj12bot.com/)"
51.83.237.175 - - [15/Apr/2026:06:35:49 +0200] "GET /cinema/films/811/opinions/add/?parent=7078 HTTP/1.1" 200 5692 "-" "Mozilla/5.0 (compatible; MJ12bot/v1.4.8; http://mj12bot.com/)"
51.83.237.175 - - [15/Apr/2026:06:35:51 +0200] "GET /cinema/films/811/opinions/add/?parent=7079 HTTP/1.1" 200 5692 "-" "Mozilla/5.0 (compatible; MJ12bot/v1.4.8; http://mj12bot.com/)"
51.83.237.175 - - [15/Apr/2026:06:35:52 +0200] "GET /cinema/films/811/opinions/add/?parent=7093 HTTP/1.1" 200 5693 "-" "Mozilla/5.0 (compatible; MJ12bot/v1.4.8; http://mj12bot.com/)"
51.83.237.175 - - [15/Apr/2026:06:35:54 +0200] "GET /cinema/films/811/opinions/add/?parent=7094 HTTP/1.1" 200 5692 "-" "Mozilla/5.0 (compatible; MJ12bot/v1.4.8; http://mj12bot.com/)"
116.179.32.217 - - [15/Apr/2026:06:35:55 +0200] "GET /cinema/films/2811/opinions/add/?parent=26021 HTTP/1.1" 200 5716 "-" "Mozilla/5.0 (Linux;u;Android 4.2.2;zh-cn;) AppleWebKit/534.46 (KHTML,like Gecko) Version/5.1 Mobile Safari/10600.6.3 (compatible; Baiduspider/2.0; +http://www.baidu.com/search/spider.html)"
51.83.237.175 - - [15/Apr/2026:06:35:56 +0200] "GET /cinema/films/811/opinions/add/?parent=7111 HTTP/1.1" 200 5691 "-" "Mozilla/5.0 (compatible; MJ12bot/v1.4.8; http://mj12bot.com/)"
85.208.96.203 - - [15/Apr/2026:06:35:57 +0200] "GET /cinema/films/591/opinions/add/?parent=5118 HTTP/1.1" 200 9506 "-" "Mozilla/5.0 (compatible; SemrushBot/7~bl; +http://www.semrush.com/bot.html)"
51.83.237.175 - - [15/Apr/2026:06:35:58 +0200] "GET /cinema/films/811/opinions/add/?parent=7136 HTTP/1.1" 200 5692 "-" "Mozilla/5.0 (compatible; MJ12bot/v1.4.8; http://mj12bot.com/)"
185.191.171.10 - - [15/Apr/2026:06:35:59 +0200] "GET /restaurant/24/opinions/add/?parent=52693 HTTP/1.1" 200 9508 "-" "Mozilla/5.0 (compatible; SemrushBot/7~bl; +http://www.semrush.com/bot.html)"
51.83.237.175 - - [15/Apr/2026:06:36:00 +0200] "GET /cinema/films/811/opinions/add/?parent=7146 HTTP/1.1" 200 5693 "-" "Mozilla/5.0 (compatible; MJ12bot/v1.4.8; http://mj12bot.com/)"
51.83.237.175 - - [15/Apr/2026:06:36:01 +0200] "GET /cinema/films/811/opinions/add/?parent=7164 HTTP/1.1" 200 5692 "-" "Mozilla/5.0 (compatible; MJ12bot/v1.4.8; http://mj12bot.com/)"
185.191.171.11 - - [15/Apr/2026:06:36:02 +0200] "GET /night_club/parties/884/opinions/ HTTP/1.1" 200 9334 "-" "Mozilla/5.0 (compatible; SemrushBot/7~bl; +http://www.semrush.com/bot.html)"
51.83.237.175 - - [15/Apr/2026:06:36:03 +0200] "GET /cinema/films/811/opinions/add/?parent=7165 HTTP/1.1" 200 5691 "-" "Mozilla/5.0 (compatible; MJ12bot/v1.4.8; http://mj12bot.com/)"
85.208.96.200 - - [15/Apr/2026:06:36:04 +0200] "GET /theater/actions/633/opinions/add/ HTTP/1.1" 200 9539 "-" "Mozilla/5.0 (compatible; SemrushBot/7~bl; +http://www.semrush.com/bot.html)"
51.83.237.175 - - [15/Apr/2026:06:36:05 +0200] "GET /cinema/films/811/opinions/add/?parent=7173 HTTP/1.1" 200 5692 "-" "Mozilla/5.0 (compatible; MJ12bot/v1.4.8; http://mj12bot.com/)"
51.83.237.175 - - [15/Apr/2026:06:36:07 +0200] "GET /cinema/films/811/opinions/add/?parent=7258 HTTP/1.1" 200 5692 "-" "Mozilla/5.0 (compatible; MJ12bot/v1.4.8; http://mj12bot.com/)"
51.83.237.175 - - [15/Apr/2026:06:36:09 +0200] "GET /cinema/films/818/opinions/add/?parent=7114 HTTP/1.1" 200 5687 "-" "Mozilla/5.0 (compatible; MJ12bot/v1.4.8; http://mj12bot.com/)"
51.83.237.175 - - [15/Apr/2026:06:36:11 +0200] "GET /cinema/films/818/opinions/add/?parent=7139 HTTP/1.1" 200 5687 "-" "Mozilla/5.0 (compatible; MJ12bot/v1.4.8; http://mj12bot.com/)"
51.83.237.175 - - [15/Apr/2026:06:36:13 +0200] "GET /cinema/films/84/opinions/add/?parent=421 HTTP/1.1" 200 5693 "-" "Mozilla/5.0 (compatible; MJ12bot/v1.4.8; http://mj12bot.com/)"
51.83.237.175 - - [15/Apr/2026:06:36:15 +0200] "GET /cinema/films/84/opinions/add/?parent=425 HTTP/1.1" 200 5693 "-" "Mozilla/5.0 (compatible; MJ12bot/v1.4.8; http://mj12bot.com/)"
185.191.171.8 - - [15/Apr/2026:06:36:16 +0200] "GET /links.php?go=https%3A%2F%2Fkane-harryar.biz HTTP/1.1" 200 9572 "-" "Mozilla/5.0 (compatible; SemrushBot/7~bl; +http://www.semrush.com/bot.html)"
51.83.237.175 - - [15/Apr/2026:06:36:17 +0200] "GET /cinema/films/84/opinions/add/?parent=428 HTTP/1.1" 200 5693 "-" "Mozilla/5.0 (compatible; MJ12bot/v1.4.8; http://mj12bot.com/)"
51.83.237.175 - - [15/Apr/2026:06:36:19 +0200] "GET /cinema/films/84/opinions/add/?parent=429 HTTP/1.1" 200 5692 "-" "Mozilla/5.0 (compatible; MJ12bot/v1.4.8; http://mj12bot.com/)"
51.83.237.175 - - [15/Apr/2026:06:36:20 +0200] "GET /cinema/films/84/opinions/add/?parent=430 HTTP/1.1" 200 5693 "-" "Mozilla/5.0 (compatible; MJ12bot/v1.4.8; http://mj12bot.com/)"
51.83.237.175 - - [15/Apr/2026:06:36:22 +0200] "GET /cinema/films/84/opinions/add/?parent=441 HTTP/1.1" 200 5693 "-" "Mozilla/5.0 (compatible; MJ12bot/v1.4.8; http://mj12bot.com/)"
51.83.237.175 - - [15/Apr/2026:06:36:24 +0200] "GET /cinema/films/84/opinions/add/?parent=458 HTTP/1.1" 200 5693 "-" "Mozilla/5.0 (compatible; MJ12bot/v1.4.8; http://mj12bot.com/)"
51.83.237.175 - - [15/Apr/2026:06:36:26 +0200] "GET /cinema/films/840/opinions/add/?parent=7342 HTTP/1.1" 200 5702 "-" "Mozilla/5.0 (compatible; MJ12bot/v1.4.8; http://mj12bot.com/)"
185.191.171.10 - - [15/Apr/2026:06:36:26 +0200] "GET /links.php?go=http%3A%2F%2Fwww.business.google.com%2Fwebsite%2Fheadfone-hearing-aid-store HTTP/1.1" 200 9587 "-" "Mozilla/5.0 (compatible; SemrushBot/7~bl; +http://www.semrush.com/bot.html)"
51.83.237.175 - - [15/Apr/2026:06:36:28 +0200] "GET /cinema/films/840/opinions/add/?parent=7416 HTTP/1.1" 200 5704 "-" "Mozilla/5.0 (compatible; MJ12bot/v1.4.8; http://mj12bot.com/)"
51.83.237.175 - - [15/Apr/2026:06:36:30 +0200] "GET /cinema/films/840/opinions/add/?parent=7456 HTTP/1.1" 200 5701 "-" "Mozilla/5.0 (compatible; MJ12bot/v1.4.8; http://mj12bot.com/)"
51.83.237.175 - - [15/Apr/2026:06:36:32 +0200] "GET /cinema/films/840/opinions/add/?parent=7470 HTTP/1.1" 200 5703 "-" "Mozilla/5.0 (compatible; MJ12bot/v1.4.8; http://mj12bot.com/)"
51.83.237.175 - - [15/Apr/2026:06:36:34 +0200] "GET /cinema/films/841/opinions/add/?parent=7545 HTTP/1.1" 200 5702 "-" "Mozilla/5.0 (compatible; MJ12bot/v1.4.8; http://mj12bot.com/)"
51.83.237.175 - - [15/Apr/2026:06:36:36 +0200] "GET /cinema/films/841/opinions/add/?parent=7582 HTTP/1.1" 200 5701 "-" "Mozilla/5.0 (compatible; MJ12bot/v1.4.8; http://mj12bot.com/)"
51.83.237.175 - - [15/Apr/2026:06:36:37 +0200] "GET /robots.txt HTTP/1.1" 200 517 "-" "Mozilla/5.0 (compatible; MJ12bot/v1.4.8; http://mj12bot.com/)"
51.83.237.175 - - [15/Apr/2026:06:36:38 +0200] "GET /cinema/films/844/opinions/add/?parent=7468 HTTP/1.1" 200 5694 "-" "Mozilla/5.0 (compatible; MJ12bot/v1.4.8; http://mj12bot.com/)"
51.83.237.175 - - [15/Apr/2026:06:36:38 +0200] "GET /cinema/films/1637/opinions/add/?parent=16999 HTTP/1.1" 200 5699 "-" "Mozilla/5.0 (compatible; MJ12bot/v1.4.8; http://mj12bot.com/)"
51.83.237.175 - - [15/Apr/2026:06:36:39 +0200] "GET /cinema/films/844/opinions/add/?parent=7477 HTTP/1.1" 200 5695 "-" "Mozilla/5.0 (compatible; MJ12bot/v1.4.8; http://mj12bot.com/)"
51.83.237.175 - - [15/Apr/2026:06:36:40 +0200] "GET /cinema/films/1637/opinions/add/?parent=17004 HTTP/1.1" 200 5699 "-" "Mozilla/5.0 (compatible; MJ12bot/v1.4.8; http://mj12bot.com/)"
51.83.237.175 - - [15/Apr/2026:06:36:41 +0200] "GET /cinema/films/844/opinions/add/?parent=7481 HTTP/1.1" 200 5694 "-" "Mozilla/5.0 (compatible; MJ12bot/v1.4.8; http://mj12bot.com/)"
51.83.237.175 - - [15/Apr/2026:06:36:42 +0200] "GET /cinema/films/1637/opinions/add/?parent=17031 HTTP/1.1" 200 5699 "-" "Mozilla/5.0 (compatible; MJ12bot/v1.4.8; http://mj12bot.com/)"
51.83.237.175 - - [15/Apr/2026:06:36:43 +0200] "GET /cinema/films/844/opinions/add/?parent=7482 HTTP/1.1" 200 5695 "-" "Mozilla/5.0 (compatible; MJ12bot/v1.4.8; http://mj12bot.com/)"
51.83.237.175 - - [15/Apr/2026:06:36:44 +0200] "GET /cinema/films/1637/opinions/add/?parent=17048 HTTP/1.1" 200 5699 "-" "Mozilla/5.0 (compatible; MJ12bot/v1.4.8; http://mj12bot.com/)"
51.83.237.175 - - [15/Apr/2026:06:36:45 +0200] "GET /cinema/films/844/opinions/add/?parent=7483 HTTP/1.1" 200 5694 "-" "Mozilla/5.0 (compatible; MJ12bot/v1.4.8; http://mj12bot.com/)"
51.83.237.175 - - [15/Apr/2026:06:36:46 +0200] "GET /cinema/films/1637/opinions/add/?parent=17069 HTTP/1.1" 200 5699 "-" "Mozilla/5.0 (compatible; MJ12bot/v1.4.8; http://mj12bot.com/)"
180.153.197.32 - - [15/Apr/2026:06:36:47 +0200] "GET /cinema/films/166/cinema/films/166/opinions/add/cinema/films/ HTTP/1.1" 200 10178 "-" "Mozilla/5.0 (Windows NT 10.0; Win64; x64) AppleWebKit/537.36 (KHTML, like Gecko) Chrome/145.0.0.0 Safari/537.36"
85.208.96.195 - - [15/Apr/2026:06:36:47 +0200] "GET /cinema/films/4138/opinions/add/ HTTP/1.1" 200 9529 "-" "Mozilla/5.0 (compatible; SemrushBot/7~bl; +http://www.semrush.com/bot.html)"
51.83.237.175 - - [15/Apr/2026:06:36:47 +0200] "GET /cinema/films/844/opinions/add/?parent=7498 HTTP/1.1" 200 5695 "-" "Mozilla/5.0 (compatible; MJ12bot/v1.4.8; http://mj12bot.com/)"
51.83.237.175 - - [15/Apr/2026:06:36:48 +0200] "GET /cinema/films/1639/opinions/add/?parent=16417 HTTP/1.1" 200 5711 "-" "Mozilla/5.0 (compatible; MJ12bot/v1.4.8; http://mj12bot.com/)"
180.153.197.32 - - [15/Apr/2026:06:36:48 +0200] "GET /i/style.css HTTP/1.1" 200 1001 "https://www.afish-ka.ru/cinema/films/166/cinema/films/166/opinions/add/cinema/films/" "Mozilla/5.0 (Windows NT 10.0; Win64; x64) AppleWebKit/537.36 (KHTML, like Gecko) Chrome/145.0.0.0 Safari/537.36"
51.83.237.175 - - [15/Apr/2026:06:36:49 +0200] "GET /cinema/films/844/opinions/add/?parent=7505 HTTP/1.1" 200 5695 "-" "Mozilla/5.0 (compatible; MJ12bot/v1.4.8; http://mj12bot.com/)"
51.83.237.175 - - [15/Apr/2026:06:36:50 +0200] "GET /cinema/films/1639/opinions/add/?parent=16794 HTTP/1.1" 200 5711 "-" "Mozilla/5.0 (compatible; MJ12bot/v1.4.8; http://mj12bot.com/)"
51.83.237.175 - - [15/Apr/2026:06:36:51 +0200] "GET /cinema/films/844/opinions/add/?parent=7509 HTTP/1.1" 200 5695 "-" "Mozilla/5.0 (compatible; MJ12bot/v1.4.8; http://mj12bot.com/)"
51.83.237.175 - - [15/Apr/2026:06:36:51 +0200] "GET /cinema/films/1639/opinions/add/?parent=16973 HTTP/1.1" 200 5710 "-" "Mozilla/5.0 (compatible; MJ12bot/v1.4.8; http://mj12bot.com/)"
51.83.237.175 - - [15/Apr/2026:06:36:53 +0200] "GET /robots.txt HTTP/1.1" 200 517 "-" "Mozilla/5.0 (compatible; MJ12bot/v1.4.8; http://mj12bot.com/)"
51.83.237.175 - - [15/Apr/2026:06:36:53 +0200] "GET /cinema/films/844/opinions/add/?parent=7526 HTTP/1.1" 200 5695 "-" "Mozilla/5.0 (compatible; MJ12bot/v1.4.8; http://mj12bot.com/)"
51.83.237.175 - - [15/Apr/2026:06:36:53 +0200] "GET /cinema/films/1646/opinions/add/?parent=16823 HTTP/1.1" 200 5712 "-" "Mozilla/5.0 (compatible; MJ12bot/v1.4.8; http://mj12bot.com/)"
51.83.237.175 - - [15/Apr/2026:06:36:54 +0200] "GET /cinema/films/1637/opinions/add/?parent=16999 HTTP/1.1" 200 5699 "-" "Mozilla/5.0 (compatible; MJ12bot/v1.4.8; http://mj12bot.com/)"
51.83.237.175 - - [15/Apr/2026:06:36:55 +0200] "GET /cinema/films/844/opinions/add/?parent=7531 HTTP/1.1" 200 5695 "-" "Mozilla/5.0 (compatible; MJ12bot/v1.4.8; http://mj12bot.com/)"
51.83.237.175 - - [15/Apr/2026:06:36:55 +0200] "GET /cinema/films/1872/opinions/add/?parent=19180 HTTP/1.1" 200 5692 "-" "Mozilla/5.0 (compatible; MJ12bot/v1.4.8; http://mj12bot.com/)"
51.83.237.175 - - [15/Apr/2026:06:36:56 +0200] "GET /cinema/films/1637/opinions/add/?parent=17004 HTTP/1.1" 200 5699 "-" "Mozilla/5.0 (compatible; MJ12bot/v1.4.8; http://mj12bot.com/)"
51.83.237.175 - - [15/Apr/2026:06:36:57 +0200] "GET /cinema/films/844/opinions/add/?parent=7534 HTTP/1.1" 200 5695 "-" "Mozilla/5.0 (compatible; MJ12bot/v1.4.8; http://mj12bot.com/)"
51.83.237.175 - - [15/Apr/2026:06:36:57 +0200] "GET /cinema/films/1923/opinions/add/?parent=19485 HTTP/1.1" 200 5693 "-" "Mozilla/5.0 (compatible; MJ12bot/v1.4.8; http://mj12bot.com/)"
185.191.171.15 - - [15/Apr/2026:06:36:56 +0200] "GET /06-07-2018/ HTTP/1.1" 200 14728 "-" "Mozilla/5.0 (compatible; SemrushBot/7~bl; +http://www.semrush.com/bot.html)"
51.83.237.175 - - [15/Apr/2026:06:36:58 +0200] "GET /cinema/films/1637/opinions/add/?parent=17031 HTTP/1.1" 200 5699 "-" "Mozilla/5.0 (compatible; MJ12bot/v1.4.8; http://mj12bot.com/)"
51.83.237.175 - - [15/Apr/2026:06:36:58 +0200] "GET /cinema/films/844/opinions/add/?parent=7538 HTTP/1.1" 200 5694 "-" "Mozilla/5.0 (compatible; MJ12bot/v1.4.8; http://mj12bot.com/)"
51.83.237.175 - - [15/Apr/2026:06:36:59 +0200] "GET /cinema/films/1923/opinions/add/?parent=19501 HTTP/1.1" 200 5694 "-" "Mozilla/5.0 (compatible; MJ12bot/v1.4.8; http://mj12bot.com/)"
116.179.32.88 - - [15/Apr/2026:06:37:00 +0200] "GET /images/s/actions/5303_3.jpg HTTP/1.1" 200 11335 "-" "Baiduspider-image+(+http://www.baidu.com/search/spider.htm)"
51.83.237.175 - - [15/Apr/2026:06:37:00 +0200] "GET /cinema/films/1637/opinions/add/?parent=17048 HTTP/1.1" 200 5698 "-" "Mozilla/5.0 (compatible; MJ12bot/v1.4.8; http://mj12bot.com/)"
51.83.237.175 - - [15/Apr/2026:06:37:00 +0200] "GET /cinema/films/844/opinions/add/?parent=7539 HTTP/1.1" 200 5694 "-" "Mozilla/5.0 (compatible; MJ12bot/v1.4.8; http://mj12bot.com/)"
185.191.171.10 - - [15/Apr/2026:06:37:01 +0200] "GET /cinema/films/5021/opinions/add/ HTTP/1.1" 200 9505 "-" "Mozilla/5.0 (compatible; SemrushBot/7~bl; +http://www.semrush.com/bot.html)"
176.31.139.26 - - [15/Apr/2026:06:37:01 +0200] "GET /16-07-2009/ HTTP/1.1" 200 10539 "-" "Mozilla/5.0 (compatible; AhrefsBot/7.0; +http://ahrefs.com/robot/)"
51.83.237.175 - - [15/Apr/2026:06:37:01 +0200] "GET /cinema/films/1923/opinions/add/?parent=19503 HTTP/1.1" 200 5694 "-" "Mozilla/5.0 (compatible; MJ12bot/v1.4.8; http://mj12bot.com/)"
51.83.237.175 - - [15/Apr/2026:06:37:01 +0200] "GET /cinema/films/1637/opinions/add/?parent=17069 HTTP/1.1" 200 5699 "-" "Mozilla/5.0 (compatible; MJ12bot/v1.4.8; http://mj12bot.com/)"
51.83.237.175 - - [15/Apr/2026:06:37:02 +0200] "GET /cinema/films/844/opinions/add/?parent=7615 HTTP/1.1" 200 5695 "-" "Mozilla/5.0 (compatible; MJ12bot/v1.4.8; http://mj12bot.com/)"
51.83.237.175 - - [15/Apr/2026:06:37:02 +0200] "GET /cinema/films/1923/opinions/add/?parent=19544 HTTP/1.1" 200 5693 "-" "Mozilla/5.0 (compatible; MJ12bot/v1.4.8; http://mj12bot.com/)"
51.83.237.175 - - [15/Apr/2026:06:37:03 +0200] "GET /cinema/films/1639/opinions/add/?parent=16417 HTTP/1.1" 200 5711 "-" "Mozilla/5.0 (compatible; MJ12bot/v1.4.8; http://mj12bot.com/)"
92.222.108.115 - - [15/Apr/2026:06:37:03 +0200] "GET /cinema/films/765/opinions/add/ HTTP/1.1" 200 9533 "-" "Mozilla/5.0 (compatible; AhrefsBot/7.0; +http://ahrefs.com/robot/)"
51.83.237.175 - - [15/Apr/2026:06:37:04 +0200] "GET /cinema/films/844/opinions/add/?parent=7635 HTTP/1.1" 200 5695 "-" "Mozilla/5.0 (compatible; MJ12bot/v1.4.8; http://mj12bot.com/)"
51.83.237.175 - - [15/Apr/2026:06:37:04 +0200] "GET /cinema/films/1923/opinions/add/?parent=19557 HTTP/1.1" 200 5694 "-" "Mozilla/5.0 (compatible; MJ12bot/v1.4.8; http://mj12bot.com/)"
51.83.237.175 - - [15/Apr/2026:06:37:05 +0200] "GET /cinema/films/1639/opinions/add/?parent=16794 HTTP/1.1" 200 5709 "-" "Mozilla/5.0 (compatible; MJ12bot/v1.4.8; http://mj12bot.com/)"
51.83.237.175 - - [15/Apr/2026:06:37:06 +0200] "GET /cinema/films/1923/opinions/add/?parent=19563 HTTP/1.1" 200 5694 "-" "Mozilla/5.0 (compatible; MJ12bot/v1.4.8; http://mj12bot.com/)"
51.83.237.175 - - [15/Apr/2026:06:37:06 +0200] "GET /cinema/films/844/opinions/add/?parent=7637 HTTP/1.1" 200 5694 "-" "Mozilla/5.0 (compatible; MJ12bot/v1.4.8; http://mj12bot.com/)"
51.83.237.175 - - [15/Apr/2026:06:37:07 +0200] "GET /cinema/films/1639/opinions/add/?parent=16973 HTTP/1.1" 200 5710 "-" "Mozilla/5.0 (compatible; MJ12bot/v1.4.8; http://mj12bot.com/)"
51.83.237.175 - - [15/Apr/2026:06:37:08 +0200] "GET /cinema/films/844/opinions/add/?parent=7643 HTTP/1.1" 200 5695 "-" "Mozilla/5.0 (compatible; MJ12bot/v1.4.8; http://mj12bot.com/)"
51.83.237.175 - - [15/Apr/2026:06:37:08 +0200] "GET /cinema/films/1923/opinions/add/?parent=19569 HTTP/1.1" 200 5694 "-" "Mozilla/5.0 (compatible; MJ12bot/v1.4.8; http://mj12bot.com/)"
159.65.238.200 - - [15/Apr/2026:06:37:09 +0200] "GET /images/s/actions/4956_4.jpg HTTP/1.1" 200 10186 "https://www.afish-ka.ru/" "Mozilla/5.0 (Windows NT 10.0; Win64; x64) AppleWebKit/537.36 (KHTML, like Gecko) Chrome/133.0.0.0 Safari/537.36"
51.83.237.175 - - [15/Apr/2026:06:37:09 +0200] "GET /cinema/films/1646/opinions/add/?parent=16823 HTTP/1.1" 200 5712 "-" "Mozilla/5.0 (compatible; MJ12bot/v1.4.8; http://mj12bot.com/)"
51.83.237.175 - - [15/Apr/2026:06:37:10 +0200] "GET /cinema/films/1923/opinions/add/?parent=19610 HTTP/1.1" 200 5693 "-" "Mozilla/5.0 (compatible; MJ12bot/v1.4.8; http://mj12bot.com/)"
51.83.237.175 - - [15/Apr/2026:06:37:10 +0200] "GET /cinema/films/854/opinions/add/?parent=7795 HTTP/1.1" 200 5695 "-" "Mozilla/5.0 (compatible; MJ12bot/v1.4.8; http://mj12bot.com/)"
85.208.96.196 - - [15/Apr/2026:06:37:10 +0200] "GET /cinema/films/6172/opinions/ HTTP/1.1" 200 9287 "-" "Mozilla/5.0 (compatible; SemrushBot/7~bl; +http://www.semrush.com/bot.html)"
51.83.237.175 - - [15/Apr/2026:06:37:11 +0200] "GET /cinema/films/1872/opinions/add/?parent=19180 HTTP/1.1" 200 5691 "-" "Mozilla/5.0 (compatible; MJ12bot/v1.4.8; http://mj12bot.com/)"
51.83.237.175 - - [15/Apr/2026:06:37:11 +0200] "GET /cinema/films/256/opinions/add/?parent=2140 HTTP/1.1" 200 5682 "-" "Mozilla/5.0 (compatible; MJ12bot/v1.4.8; http://mj12bot.com/)"
51.83.237.175 - - [15/Apr/2026:06:37:12 +0200] "GET /cinema/films/898/opinions/add/?parent=8344 HTTP/1.1" 200 5693 "-" "Mozilla/5.0 (compatible; MJ12bot/v1.4.8; http://mj12bot.com/)"
85.208.96.212 - - [15/Apr/2026:06:37:12 +0200] "GET /cinema/films/4269/opinions/add/?parent=37648 HTTP/1.1" 200 9532 "-" "Mozilla/5.0 (compatible; SemrushBot/7~bl; +http://www.semrush.com/bot.html)"
51.83.237.175 - - [15/Apr/2026:06:37:12 +0200] "GET /cinema/films/1923/opinions/add/?parent=19485 HTTP/1.1" 200 5694 "-" "Mozilla/5.0 (compatible; MJ12bot/v1.4.8; http://mj12bot.com/)"
51.83.237.175 - - [15/Apr/2026:06:37:13 +0200] "GET /cinema/films/954/opinions/add/?parent=9025 HTTP/1.1" 200 5699 "-" "Mozilla/5.0 (compatible; MJ12bot/v1.4.8; http://mj12bot.com/)"
51.83.237.175 - - [15/Apr/2026:06:37:13 +0200] "GET /cinema/films/2601/opinions/add/?parent=25019 HTTP/1.1" 200 5703 "-" "Mozilla/5.0 (compatible; MJ12bot/v1.4.8; http://mj12bot.com/)"
51.83.237.175 - - [15/Apr/2026:06:37:14 +0200] "GET /cinema/films/1923/opinions/add/?parent=19501 HTTP/1.1" 200 5694 "-" "Mozilla/5.0 (compatible; MJ12bot/v1.4.8; http://mj12bot.com/)"
51.83.237.175 - - [15/Apr/2026:06:37:15 +0200] "GET /cinema/films/954/opinions/add/?parent=9034 HTTP/1.1" 200 5699 "-" "Mozilla/5.0 (compatible; MJ12bot/v1.4.8; http://mj12bot.com/)"
51.83.237.175 - - [15/Apr/2026:06:37:15 +0200] "GET /cinema/films/2603/opinions/add/?parent=25022 HTTP/1.1" 200 5710 "-" "Mozilla/5.0 (compatible; MJ12bot/v1.4.8; http://mj12bot.com/)"
51.83.237.175 - - [15/Apr/2026:06:37:16 +0200] "GET /cinema/films/1923/opinions/add/?parent=19503 HTTP/1.1" 200 5694 "-" "Mozilla/5.0 (compatible; MJ12bot/v1.4.8; http://mj12bot.com/)"
51.83.237.175 - - [15/Apr/2026:06:37:17 +0200] "GET /cinema/films/954/opinions/add/?parent=9046 HTTP/1.1" 200 5716 "-" "Mozilla/5.0 (compatible; MJ12bot/v1.4.8; http://mj12bot.com/)"
51.83.237.175 - - [15/Apr/2026:06:37:17 +0200] "GET /cinema/films/2941/opinions/add/?parent=27320 HTTP/1.1" 200 5693 "-" "Mozilla/5.0 (compatible; MJ12bot/v1.4.8; http://mj12bot.com/)"
51.83.237.175 - - [15/Apr/2026:06:37:18 +0200] "GET /cinema/films/1923/opinions/add/?parent=19544 HTTP/1.1" 200 5693 "-" "Mozilla/5.0 (compatible; MJ12bot/v1.4.8; http://mj12bot.com/)"
51.83.237.175 - - [15/Apr/2026:06:37:19 +0200] "GET /cinema/films/954/opinions/add/?parent=9074 HTTP/1.1" 200 5696 "-" "Mozilla/5.0 (compatible; MJ12bot/v1.4.8; http://mj12bot.com/)"
51.83.237.175 - - [15/Apr/2026:06:37:19 +0200] "GET /cinema/films/2943/opinions/add/?parent=27127 HTTP/1.1" 200 5696 "-" "Mozilla/5.0 (compatible; MJ12bot/v1.4.8; http://mj12bot.com/)"
51.83.237.175 - - [15/Apr/2026:06:37:20 +0200] "GET /cinema/films/1923/opinions/add/?parent=19557 HTTP/1.1" 200 5694 "-" "Mozilla/5.0 (compatible; MJ12bot/v1.4.8; http://mj12bot.com/)"
51.83.237.175 - - [15/Apr/2026:06:37:21 +0200] "GET /cinema/films/2943/opinions/add/?parent=27179 HTTP/1.1" 200 5696 "-" "Mozilla/5.0 (compatible; MJ12bot/v1.4.8; http://mj12bot.com/)"
51.83.237.175 - - [15/Apr/2026:06:37:21 +0200] "GET /cinema/films/954/opinions/add/?parent=9077 HTTP/1.1" 200 5698 "-" "Mozilla/5.0 (compatible; MJ12bot/v1.4.8; http://mj12bot.com/)"
51.83.237.175 - - [15/Apr/2026:06:37:22 +0200] "GET /cinema/films/1923/opinions/add/?parent=19563 HTTP/1.1" 200 5694 "-" "Mozilla/5.0 (compatible; MJ12bot/v1.4.8; http://mj12bot.com/)"
51.83.237.175 - - [15/Apr/2026:06:37:23 +0200] "GET /cinema/films/954/opinions/add/?parent=9091 HTTP/1.1" 200 5699 "-" "Mozilla/5.0 (compatible; MJ12bot/v1.4.8; http://mj12bot.com/)"
51.83.237.175 - - [15/Apr/2026:06:37:23 +0200] "GET /cinema/films/2943/opinions/add/?parent=27256 HTTP/1.1" 200 5696 "-" "Mozilla/5.0 (compatible; MJ12bot/v1.4.8; http://mj12bot.com/)"
51.83.237.175 - - [15/Apr/2026:06:37:24 +0200] "GET /cinema/films/1923/opinions/add/?parent=19569 HTTP/1.1" 200 5694 "-" "Mozilla/5.0 (compatible; MJ12bot/v1.4.8; http://mj12bot.com/)"
51.83.237.175 - - [15/Apr/2026:06:37:25 +0200] "GET /cinema/films/2943/opinions/add/?parent=27261 HTTP/1.1" 200 5696 "-" "Mozilla/5.0 (compatible; MJ12bot/v1.4.8; http://mj12bot.com/)"
51.83.237.175 - - [15/Apr/2026:06:37:25 +0200] "GET /cinema/films/954/opinions/add/?parent=9093 HTTP/1.1" 200 5699 "-" "Mozilla/5.0 (compatible; MJ12bot/v1.4.8; http://mj12bot.com/)"
51.83.237.175 - - [15/Apr/2026:06:37:26 +0200] "GET /cinema/films/1923/opinions/add/?parent=19610 HTTP/1.1" 200 5693 "-" "Mozilla/5.0 (compatible; MJ12bot/v1.4.8; http://mj12bot.com/)"
66.102.9.203 - - [15/Apr/2026:06:37:27 +0200] "GET /rss_source/ HTTP/1.1" 200 2514 "-" "FeedBurner/1.0 (http://www.FeedBurner.com)"
51.83.237.175 - - [15/Apr/2026:06:37:27 +0200] "GET /cinema/films/2943/opinions/add/?parent=27263 HTTP/1.1" 200 5696 "-" "Mozilla/5.0 (compatible; MJ12bot/v1.4.8; http://mj12bot.com/)"
51.83.237.175 - - [15/Apr/2026:06:37:27 +0200] "GET /cinema/films/954/opinions/add/?parent=9617 HTTP/1.1" 200 5699 "-" "Mozilla/5.0 (compatible; MJ12bot/v1.4.8; http://mj12bot.com/)"
51.83.237.175 - - [15/Apr/2026:06:37:27 +0200] "GET /cinema/films/256/opinions/add/?parent=2140 HTTP/1.1" 200 5682 "-" "Mozilla/5.0 (compatible; MJ12bot/v1.4.8; http://mj12bot.com/)"
51.83.237.175 - - [15/Apr/2026:06:37:28 +0200] "GET /cinema/films/2943/opinions/add/?parent=27264 HTTP/1.1" 200 5694 "-" "Mozilla/5.0 (compatible; MJ12bot/v1.4.8; http://mj12bot.com/)"
51.83.237.175 - - [15/Apr/2026:06:37:29 +0200] "GET /cinema/films/955/opinions/add/?parent=8777 HTTP/1.1" 200 5711 "-" "Mozilla/5.0 (compatible; MJ12bot/v1.4.8; http://mj12bot.com/)"
51.83.237.175 - - [15/Apr/2026:06:37:29 +0200] "GET /cinema/films/2601/opinions/add/?parent=25019 HTTP/1.1" 200 5703 "-" "Mozilla/5.0 (compatible; MJ12bot/v1.4.8; http://mj12bot.com/)"
51.83.237.175 - - [15/Apr/2026:06:37:30 +0200] "GET /cinema/films/2943/opinions/add/?parent=27267 HTTP/1.1" 200 5695 "-" "Mozilla/5.0 (compatible; MJ12bot/v1.4.8; http://mj12bot.com/)"
195.154.102.210 - - [15/Apr/2026:06:37:30 +0200] "GET /exhibition/ HTTP/1.1" 200 10102 "-" "Mozilla/5.0 (compatible; MSIE 7.0; Windows 95; Trident/4.0)"
51.83.237.175 - - [15/Apr/2026:06:37:31 +0200] "GET /cinema/films/955/opinions/add/?parent=8889 HTTP/1.1" 200 5710 "-" "Mozilla/5.0 (compatible; MJ12bot/v1.4.8; http://mj12bot.com/)"
51.83.237.175 - - [15/Apr/2026:06:37:31 +0200] "GET /cinema/films/2603/opinions/add/?parent=25022 HTTP/1.1" 200 5710 "-" "Mozilla/5.0 (compatible; MJ12bot/v1.4.8; http://mj12bot.com/)"
51.83.237.175 - - [15/Apr/2026:06:37:32 +0200] "GET /cinema/films/2943/opinions/add/?parent=27268 HTTP/1.1" 200 5696 "-" "Mozilla/5.0 (compatible; MJ12bot/v1.4.8; http://mj12bot.com/)"
51.83.237.175 - - [15/Apr/2026:06:37:33 +0200] "GET /cinema/films/976/opinions/add/?parent=9393 HTTP/1.1" 200 5694 "-" "Mozilla/5.0 (compatible; MJ12bot/v1.4.8; http://mj12bot.com/)"
51.83.237.175 - - [15/Apr/2026:06:37:33 +0200] "GET /cinema/films/2941/opinions/add/?parent=27320 HTTP/1.1" 200 5693 "-" "Mozilla/5.0 (compatible; MJ12bot/v1.4.8; http://mj12bot.com/)"
176.31.139.30 - - [15/Apr/2026:06:37:33 +0200] "GET /concert_hall/151/opinions/add/?parent=22729 HTTP/1.1" 200 9529 "-" "Mozilla/5.0 (compatible; AhrefsBot/7.0; +http://ahrefs.com/robot/)"
51.83.237.175 - - [15/Apr/2026:06:37:34 +0200] "GET /cinema/films/2943/opinions/add/?parent=27344 HTTP/1.1" 200 5696 "-" "Mozilla/5.0 (compatible; MJ12bot/v1.4.8; http://mj12bot.com/)"
51.83.237.175 - - [15/Apr/2026:06:37:35 +0200] "GET /cinema/films/2943/opinions/add/?parent=27127 HTTP/1.1" 200 5696 "-" "Mozilla/5.0 (compatible; MJ12bot/v1.4.8; http://mj12bot.com/)"
51.83.237.175 - - [15/Apr/2026:06:37:35 +0200] "GET /restaurant/75/opinions/ HTTP/1.1" 200 9983 "-" "Mozilla/5.0 (compatible; MJ12bot/v1.4.8; http://mj12bot.com/)"
51.83.237.175 - - [15/Apr/2026:06:37:36 +0200] "GET /cinema/films/2947/opinions/add/?parent=27367 HTTP/1.1" 200 5688 "-" "Mozilla/5.0 (compatible; MJ12bot/v1.4.8; http://mj12bot.com/)"
51.83.237.175 - - [15/Apr/2026:06:37:37 +0200] "GET /robots.txt HTTP/1.1" 200 3839 "-" "Mozilla/5.0 (compatible; MJ12bot/v1.4.8; http://mj12bot.com/)"
51.83.237.175 - - [15/Apr/2026:06:37:37 +0200] "GET /cinema/films/2943/opinions/add/?parent=27179 HTTP/1.1" 200 5696 "-" "Mozilla/5.0 (compatible; MJ12bot/v1.4.8; http://mj12bot.com/)"
51.83.237.175 - - [15/Apr/2026:06:37:38 +0200] "GET /cinema/films/2947/opinions/add/?parent=27367 HTTP/1.1" 200 5763 "-" "Mozilla/5.0 (compatible; MJ12bot/v1.4.8; http://mj12bot.com/)"
51.83.237.175 - - [15/Apr/2026:06:37:38 +0200] "GET /cinema/films/2943/opinions/add/?parent=27256 HTTP/1.1" 200 5696 "-" "Mozilla/5.0 (compatible; MJ12bot/v1.4.8; http://mj12bot.com/)"
51.83.237.175 - - [15/Apr/2026:06:37:40 +0200] "GET /cinema/films/3056/opinions/add/?parent=28614 HTTP/1.1" 200 5719 "-" "Mozilla/5.0 (compatible; MJ12bot/v1.4.8; http://mj12bot.com/)"
51.83.237.175 - - [15/Apr/2026:06:37:40 +0200] "GET /cinema/films/2943/opinions/add/?parent=27261 HTTP/1.1" 200 5696 "-" "Mozilla/5.0 (compatible; MJ12bot/v1.4.8; http://mj12bot.com/)"
51.83.237.175 - - [15/Apr/2026:06:37:42 +0200] "GET /cinema/films/336/opinions/add/?parent=3410 HTTP/1.1" 200 5703 "-" "Mozilla/5.0 (compatible; MJ12bot/v1.4.8; http://mj12bot.com/)"
51.83.237.175 - - [15/Apr/2026:06:37:42 +0200] "GET /cinema/films/2943/opinions/add/?parent=27263 HTTP/1.1" 200 5696 "-" "Mozilla/5.0 (compatible; MJ12bot/v1.4.8; http://mj12bot.com/)"
51.83.237.175 - - [15/Apr/2026:06:37:44 +0200] "GET /cinema/films/3526/opinions/add/?parent=32888 HTTP/1.1" 200 5694 "-" "Mozilla/5.0 (compatible; MJ12bot/v1.4.8; http://mj12bot.com/)"
51.83.237.175 - - [15/Apr/2026:06:37:44 +0200] "GET /cinema/films/2943/opinions/add/?parent=27264 HTTP/1.1" 200 5694 "-" "Mozilla/5.0 (compatible; MJ12bot/v1.4.8; http://mj12bot.com/)"
51.83.237.175 - - [15/Apr/2026:06:37:46 +0200] "GET /cinema/films/809/opinions/add/?parent=7137 HTTP/1.1" 200 5701 "-" "Mozilla/5.0 (compatible; MJ12bot/v1.4.8; http://mj12bot.com/)"
51.83.237.175 - - [15/Apr/2026:06:37:46 +0200] "GET /cinema/films/2943/opinions/add/?parent=27267 HTTP/1.1" 200 5695 "-" "Mozilla/5.0 (compatible; MJ12bot/v1.4.8; http://mj12bot.com/)"
85.208.96.195 - - [15/Apr/2026:06:37:47 +0200] "GET /links.php?go=https%3A%2F%2Fxionplay-05.mystrikingly.com HTTP/1.1" 200 5782 "-" "Mozilla/5.0 (compatible; SemrushBot/7~bl; +http://www.semrush.com/bot.html)"
51.83.237.175 - - [15/Apr/2026:06:37:48 +0200] "GET /cinema/films/809/opinions/add/?parent=8575 HTTP/1.1" 200 5701 "-" "Mozilla/5.0 (compatible; MJ12bot/v1.4.8; http://mj12bot.com/)"
176.31.139.22 - - [15/Apr/2026:06:37:48 +0200] "GET /cinema/films/4252/opinions/ HTTP/1.1" 200 9993 "-" "Mozilla/5.0 (compatible; AhrefsBot/7.0; +http://ahrefs.com/robot/)"
51.83.237.175 - - [15/Apr/2026:06:37:48 +0200] "GET /cinema/films/2943/opinions/add/?parent=27268 HTTP/1.1" 200 5696 "-" "Mozilla/5.0 (compatible; MJ12bot/v1.4.8; http://mj12bot.com/)"
51.83.237.175 - - [15/Apr/2026:06:37:50 +0200] "GET /cinema/films/81.html HTTP/1.1" 200 8659 "-" "Mozilla/5.0 (compatible; MJ12bot/v1.4.8; http://mj12bot.com/)"
51.83.237.175 - - [15/Apr/2026:06:37:50 +0200] "GET /cinema/films/2943/opinions/add/?parent=27344 HTTP/1.1" 200 5696 "-" "Mozilla/5.0 (compatible; MJ12bot/v1.4.8; http://mj12bot.com/)"
51.83.237.175 - - [15/Apr/2026:06:37:51 +0200] "GET /cinema/films/81/opinions/add/?parent=348 HTTP/1.1" 200 5689 "-" "Mozilla/5.0 (compatible; MJ12bot/v1.4.8; http://mj12bot.com/)"
51.83.237.175 - - [15/Apr/2026:06:37:52 +0200] "GET /cinema/films/2947/opinions/add/?parent=27367 HTTP/1.1" 200 5688 "-" "Mozilla/5.0 (compatible; MJ12bot/v1.4.8; http://mj12bot.com/)"
51.83.237.175 - - [15/Apr/2026:06:37:53 +0200] "GET /robots.txt HTTP/1.1" 200 3839 "-" "Mozilla/5.0 (compatible; MJ12bot/v1.4.8; http://mj12bot.com/)"
51.83.237.175 - - [15/Apr/2026:06:37:53 +0200] "GET /cinema/films/81/opinions/add/?parent=351 HTTP/1.1" 200 5687 "-" "Mozilla/5.0 (compatible; MJ12bot/v1.4.8; http://mj12bot.com/)"
85.208.96.210 - - [15/Apr/2026:06:37:54 +0200] "GET /cafe/actions/2799/opinions/add/ HTTP/1.1" 200 9525 "-" "Mozilla/5.0 (compatible; SemrushBot/7~bl; +http://www.semrush.com/bot.html)"
51.83.237.175 - - [15/Apr/2026:06:37:54 +0200] "GET /cinema/films/2947/opinions/add/?parent=27367 HTTP/1.1" 200 5763 "-" "Mozilla/5.0 (compatible; MJ12bot/v1.4.8; http://mj12bot.com/)"
51.83.237.175 - - [15/Apr/2026:06:37:55 +0200] "GET /cinema/films/81/opinions/add/?parent=352 HTTP/1.1" 200 5689 "-" "Mozilla/5.0 (compatible; MJ12bot/v1.4.8; http://mj12bot.com/)"
85.208.96.195 - - [15/Apr/2026:06:37:56 +0200] "GET /links.php?go=http%3A%2F%2Fwww.shoes-shipyard.business.site%2F HTTP/1.1" 200 9586 "-" "Mozilla/5.0 (compatible; SemrushBot/7~bl; +http://www.semrush.com/bot.html)"
51.83.237.175 - - [15/Apr/2026:06:37:56 +0200] "GET /cinema/films/3056/opinions/add/?parent=28614 HTTP/1.1" 200 5719 "-" "Mozilla/5.0 (compatible; MJ12bot/v1.4.8; http://mj12bot.com/)"
51.83.237.175 - - [15/Apr/2026:06:37:57 +0200] "GET /cinema/films/81/opinions/add/?parent=624 HTTP/1.1" 200 5688 "-" "Mozilla/5.0 (compatible; MJ12bot/v1.4.8; http://mj12bot.com/)"
51.83.237.175 - - [15/Apr/2026:06:37:59 +0200] "GET /cinema/films/336/opinions/add/?parent=3410 HTTP/1.1" 200 5703 "-" "Mozilla/5.0 (compatible; MJ12bot/v1.4.8; http://mj12bot.com/)"
51.83.237.175 - - [15/Apr/2026:06:37:59 +0200] "GET /cinema/films/810/opinions/add/?parent=6995 HTTP/1.1" 200 5689 "-" "Mozilla/5.0 (compatible; MJ12bot/v1.4.8; http://mj12bot.com/)"
51.83.237.175 - - [15/Apr/2026:06:38:01 +0200] "GET /cinema/films/3526/opinions/add/?parent=32888 HTTP/1.1" 200 5693 "-" "Mozilla/5.0 (compatible; MJ12bot/v1.4.8; http://mj12bot.com/)"
51.83.237.175 - - [15/Apr/2026:06:38:01 +0200] "GET /cinema/films/810/opinions/add/?parent=7057 HTTP/1.1" 200 5689 "-" "Mozilla/5.0 (compatible; MJ12bot/v1.4.8; http://mj12bot.com/)"
51.83.237.175 - - [15/Apr/2026:06:38:03 +0200] "GET /cinema/films/809/opinions/add/?parent=7137 HTTP/1.1" 200 5700 "-" "Mozilla/5.0 (compatible; MJ12bot/v1.4.8; http://mj12bot.com/)"
51.83.237.175 - - [15/Apr/2026:06:38:03 +0200] "GET /cinema/films/810/opinions/add/?parent=7076 HTTP/1.1" 200 5689 "-" "Mozilla/5.0 (compatible; MJ12bot/v1.4.8; http://mj12bot.com/)"
51.83.237.175 - - [15/Apr/2026:06:38:05 +0200] "GET /cinema/films/809/opinions/add/?parent=8575 HTTP/1.1" 200 5700 "-" "Mozilla/5.0 (compatible; MJ12bot/v1.4.8; http://mj12bot.com/)"
220.181.108.105 - - [15/Apr/2026:06:38:05 +0200] "GET /cinema/films/3118/opinions/add/?parent=29155 HTTP/1.1" 200 9544 "-" "Mozilla/5.0 (compatible; Baiduspider/2.0; +http://www.baidu.com/search/spider.html)"
