66.249.66.33 - - [16/Apr/2026:00:40:20 +0200] "GET /goods/En-Acier-Inoxydable-De-3-2-L-Avec-Chauffe-minuterie-Num-rique/536666 HTTP/1.1" 500 199 "-" "Mozilla/5.0 (Linux; Android 6.0.1; Nexus 5X Build/MMB29P) AppleWebKit/537.36 (KHTML, like Gecko) Chrome/146.0.7680.177 Mobile Safari/537.36 (compatible; Googlebot/2.1; +http://www.google.com/bot.html)"
66.249.66.32 - - [16/Apr/2026:00:40:28 +0200] "GET /goods/Chaussures-Bateau-Columbia-Bonehead-PFG-Pour/776832 HTTP/1.1" 500 199 "-" "Mozilla/5.0 (Linux; Android 6.0.1; Nexus 5X Build/MMB29P) AppleWebKit/537.36 (KHTML, like Gecko) Chrome/146.0.7680.177 Mobile Safari/537.36 (compatible; GoogleOther)"
66.249.66.32 - - [16/Apr/2026:00:40:41 +0200] "GET /goods/7-5-X-7-5-X-3-Mm-Cadeau-Queue-Blanche-Utilisation-Scolaire/702791 HTTP/1.1" 500 199 "-" "Mozilla/5.0 (Linux; Android 6.0.1; Nexus 5X Build/MMB29P) AppleWebKit/537.36 (KHTML, like Gecko) Chrome/146.0.7680.177 Mobile Safari/537.36 (compatible; Googlebot/2.1; +http://www.google.com/bot.html)"
66.249.66.33 - - [16/Apr/2026:00:41:04 +0200] "GET /goods/Tout-Mural-Porte-serviettes-Magn-tique-Blanc-Pour-Frigo/1045330 HTTP/1.1" 500 199 "-" "Mozilla/5.0 (Linux; Android 6.0.1; Nexus 5X Build/MMB29P) AppleWebKit/537.36 (KHTML, like Gecko) Chrome/146.0.7680.177 Mobile Safari/537.36 (compatible; Googlebot/2.1; +http://www.google.com/bot.html)"
66.249.66.32 - - [16/Apr/2026:00:41:09 +0200] "GET /goods/Chaussures-Bateau-Columbia-Bonehead-PFG-Pour/776832 HTTP/1.1" 500 199 "-" "Mozilla/5.0 (Linux; Android 6.0.1; Nexus 5X Build/MMB29P) AppleWebKit/537.36 (KHTML, like Gecko) Chrome/146.0.7680.177 Mobile Safari/537.36 (compatible; GoogleOther)"
66.249.66.2 - - [16/Apr/2026:00:41:27 +0200] "GET /goods/144-Powered-Arms-Powereder-Model-Kit/568323 HTTP/1.1" 500 199 "-" "Mozilla/5.0 (Linux; Android 6.0.1; Nexus 5X Build/MMB29P) AppleWebKit/537.36 (KHTML, like Gecko) Chrome/146.0.7680.177 Mobile Safari/537.36 (compatible; Googlebot/2.1; +http://www.google.com/bot.html)"
66.249.66.32 - - [16/Apr/2026:00:41:50 +0200] "GET /goods/La-Cuisine-Facile-Pour-Les-Hommes-Sans-Talent-Le-Livre-De/483909 HTTP/1.1" 500 199 "-" "Mozilla/5.0 (Linux; Android 6.0.1; Nexus 5X Build/MMB29P) AppleWebKit/537.36 (KHTML, like Gecko) Chrome/146.0.7680.177 Mobile Safari/537.36 (compatible; Googlebot/2.1; +http://www.google.com/bot.html)"
66.249.66.33 - - [16/Apr/2026:00:42:13 +0200] "GET /goods/De-Banc-Acer-Peds-Table-Basse-Ndustrel-40x30-Cm-Etsy/879847 HTTP/1.1" 500 199 "-" "Mozilla/5.0 (Linux; Android 6.0.1; Nexus 5X Build/MMB29P) AppleWebKit/537.36 (KHTML, like Gecko) Chrome/146.0.7680.177 Mobile Safari/537.36 (compatible; Googlebot/2.1; +http://www.google.com/bot.html)"
66.249.66.33 - - [16/Apr/2026:00:42:29 +0200] "GET /goods/Luster-Soldier-Legendary-Swordsman-MP24-EN129/1103736 HTTP/1.1" 500 199 "-" "Mozilla/5.0 (Linux; Android 6.0.1; Nexus 5X Build/MMB29P) AppleWebKit/537.36 (KHTML, like Gecko) Chrome/146.0.7680.177 Mobile Safari/537.36 (compatible; Googlebot/2.1; +http://www.google.com/bot.html)"
66.249.66.32 - - [16/Apr/2026:00:42:35 +0200] "GET /goods/Sucrier-Poudre-Lot-De-2-Saupoudreurs-Chocolat-En-Maille-D/847233 HTTP/1.1" 500 199 "-" "Mozilla/5.0 (Linux; Android 6.0.1; Nexus 5X Build/MMB29P) AppleWebKit/537.36 (KHTML, like Gecko) Chrome/146.0.7680.177 Mobile Safari/537.36 (compatible; Googlebot/2.1; +http://www.google.com/bot.html)"
66.249.66.32 - - [16/Apr/2026:00:42:58 +0200] "GET /goods/Tissu-Grand-Bord-Pliable-Fleurs-COULEURS-LAGON/669005 HTTP/1.1" 500 199 "-" "Mozilla/5.0 (Linux; Android 6.0.1; Nexus 5X Build/MMB29P) AppleWebKit/537.36 (KHTML, like Gecko) Chrome/146.0.7680.177 Mobile Safari/537.36 (compatible; Googlebot/2.1; +http://www.google.com/bot.html)"
66.249.66.33 - - [16/Apr/2026:00:43:21 +0200] "GET /goods/Testeur-De-Densit-Hydrom-tre-lectrolyte-De-Batterie/1245981 HTTP/1.1" 500 199 "-" "Mozilla/5.0 (Linux; Android 6.0.1; Nexus 5X Build/MMB29P) AppleWebKit/537.36 (KHTML, like Gecko) Chrome/146.0.7680.177 Mobile Safari/537.36 (compatible; Googlebot/2.1; +http://www.google.com/bot.html)"
66.249.66.33 - - [16/Apr/2026:00:43:44 +0200] "GET /goods/City-Of-Heroes-Fan-Server-D-sormais-Sous-Licence-Officielle-Par/550815 HTTP/1.1" 500 199 "-" "Mozilla/5.0 (Linux; Android 6.0.1; Nexus 5X Build/MMB29P) AppleWebKit/537.36 (KHTML, like Gecko) Chrome/146.0.7680.177 Mobile Safari/537.36 (compatible; Googlebot/2.1; +http://www.google.com/bot.html)"
66.249.66.34 - - [16/Apr/2026:00:44:06 +0200] "GET /goods/Poign-e-D-039-acc-l-rateur-Torsad-e-Avec-C-ble-22mm-110/1047829 HTTP/1.1" 500 199 "-" "Mozilla/5.0 (Linux; Android 6.0.1; Nexus 5X Build/MMB29P) AppleWebKit/537.36 (KHTML, like Gecko) Chrome/146.0.7680.177 Mobile Safari/537.36 (compatible; Googlebot/2.1; +http://www.google.com/bot.html)"
40.77.167.26 - - [16/Apr/2026:00:44:10 +0200] "GET /sitemap-detail-2026-04-06.xml HTTP/1.1" 500 199 "-" "Mozilla/5.0 AppleWebKit/537.36 (KHTML, like Gecko; compatible; bingbot/2.0; +http://www.bing.com/bingbot.htm) Chrome/116.0.1938.76 Safari/537.36"
66.249.66.32 - - [16/Apr/2026:00:44:29 +0200] "GET /goods/VTT-A-PLONGEUR-22-2-NOIR-L40mm-POUR-CINTRE-25-4mm/449025 HTTP/1.1" 500 199 "-" "Mozilla/5.0 (Linux; Android 6.0.1; Nexus 5X Build/MMB29P) AppleWebKit/537.36 (KHTML, like Gecko) Chrome/146.0.7680.177 Mobile Safari/537.36 (compatible; Googlebot/2.1; +http://www.google.com/bot.html)"
66.249.66.197 - - [16/Apr/2026:00:44:52 +0200] "GET /goods/Bo-te-Bonbons-En-Carton-M-ch-Avec-Couvercle-Au-Chocolat/525219 HTTP/1.1" 500 199 "-" "Mozilla/5.0 (Linux; Android 6.0.1; Nexus 5X Build/MMB29P) AppleWebKit/537.36 (KHTML, like Gecko) Chrome/146.0.7680.177 Mobile Safari/537.36 (compatible; Googlebot/2.1; +http://www.google.com/bot.html)"
66.249.66.34 - - [16/Apr/2026:00:45:38 +0200] "GET /goods/Ferme-Rose-Pour-Filles-Banni-re-De-Joyeux-Anniversaire-Nappe/1182629 HTTP/1.1" 500 199 "-" "Mozilla/5.0 (Linux; Android 6.0.1; Nexus 5X Build/MMB29P) AppleWebKit/537.36 (KHTML, like Gecko) Chrome/146.0.7680.177 Mobile Safari/537.36 (compatible; Googlebot/2.1; +http://www.google.com/bot.html)"
66.249.66.32 - - [16/Apr/2026:00:46:00 +0200] "GET /goods/Barillet-De-Gaz-Acc-l-rateur-Alu-Roulement-Compatible-Avec/618509 HTTP/1.1" 500 199 "-" "Mozilla/5.0 (Linux; Android 6.0.1; Nexus 5X Build/MMB29P) AppleWebKit/537.36 (KHTML, like Gecko) Chrome/146.0.7680.177 Mobile Safari/537.36 (compatible; Googlebot/2.1; +http://www.google.com/bot.html)"
89.249.21.36 - - [16/Apr/2026:00:46:06 +0200] "GET /software/paint/ HTTP/1.1" 500 199 "-" "Mozilla/5.0 (Windows NT 10.0; Win64; x64) AppleWebKit/537.36 (KHTML, like Gecko) Chrome/120.0.0.0 Safari/537.36"
66.249.66.33 - - [16/Apr/2026:00:46:23 +0200] "GET /goods/Childrens-Clinic-Premium-AI-generated-Image/767323 HTTP/1.1" 500 199 "-" "Mozilla/5.0 (Linux; Android 6.0.1; Nexus 5X Build/MMB29P) AppleWebKit/537.36 (KHTML, like Gecko) Chrome/146.0.7680.177 Mobile Safari/537.36 (compatible; Googlebot/2.1; +http://www.google.com/bot.html)"
66.249.66.2 - - [16/Apr/2026:00:46:46 +0200] "GET /goods/ACCOSSATO-Came-Courte-Du-Levier-D-039-039-embrayage/907446 HTTP/1.1" 500 199 "-" "Mozilla/5.0 (Linux; Android 6.0.1; Nexus 5X Build/MMB29P) AppleWebKit/537.36 (KHTML, like Gecko) Chrome/146.0.7680.177 Mobile Safari/537.36 (compatible; Googlebot/2.1; +http://www.google.com/bot.html)"
66.249.66.66 - - [16/Apr/2026:00:47:09 +0200] "GET /goods/Pour-Reparation-De-Toit-Goutti-re-3cm-X-1-5mm-X-5M-Ruban/552618 HTTP/1.1" 500 199 "-" "Mozilla/5.0 (Linux; Android 6.0.1; Nexus 5X Build/MMB29P) AppleWebKit/537.36 (KHTML, like Gecko) Chrome/146.0.7680.177 Mobile Safari/537.36 (compatible; Googlebot/2.1; +http://www.google.com/bot.html)"
66.249.66.33 - - [16/Apr/2026:00:47:31 +0200] "GET /goods/Lampe-UV-S-che-Ongles-168W-Portable-UV-LED-S-choirs-Ongles/588008 HTTP/1.1" 500 199 "-" "Mozilla/5.0 (Linux; Android 6.0.1; Nexus 5X Build/MMB29P) AppleWebKit/537.36 (KHTML, like Gecko) Chrome/146.0.7680.177 Mobile Safari/537.36 (compatible; Googlebot/2.1; +http://www.google.com/bot.html)"
66.249.66.32 - - [16/Apr/2026:00:47:54 +0200] "GET /goods/X-5-M-L-Rev-tement-En-Aluminium-Bande-De-R-paration/562531 HTTP/1.1" 500 199 "-" "Mozilla/5.0 (Linux; Android 6.0.1; Nexus 5X Build/MMB29P) AppleWebKit/537.36 (KHTML, like Gecko) Chrome/146.0.7680.177 Mobile Safari/537.36 (compatible; Googlebot/2.1; +http://www.google.com/bot.html)"
66.249.66.66 - - [16/Apr/2026:00:48:17 +0200] "GET /goods/Long-Sans-Manches-58-Catalogue-FAM-280-Lang-Yarns/529944 HTTP/1.1" 500 199 "-" "Mozilla/5.0 (Linux; Android 6.0.1; Nexus 5X Build/MMB29P) AppleWebKit/537.36 (KHTML, like Gecko) Chrome/146.0.7680.177 Mobile Safari/537.36 (compatible; Googlebot/2.1; +http://www.google.com/bot.html)"
66.249.66.66 - - [16/Apr/2026:00:48:40 +0200] "GET /goods/RVB-VEVOR-p-e-Lumineuse-De-Duel-97-Cm/1054130 HTTP/1.1" 500 199 "-" "Mozilla/5.0 (Linux; Android 6.0.1; Nexus 5X Build/MMB29P) AppleWebKit/537.36 (KHTML, like Gecko) Chrome/146.0.7680.177 Mobile Safari/537.36 (compatible; Googlebot/2.1; +http://www.google.com/bot.html)"
66.249.66.198 - - [16/Apr/2026:00:49:03 +0200] "GET /goods/Oetiker-Clamp-Assortiment-De-Coque-Oetiker-R-glage-Direct-De/1046757 HTTP/1.1" 500 199 "-" "Mozilla/5.0 (Linux; Android 6.0.1; Nexus 5X Build/MMB29P) AppleWebKit/537.36 (KHTML, like Gecko) Chrome/146.0.7680.177 Mobile Safari/537.36 (compatible; Googlebot/2.1; +http://www.google.com/bot.html)"
216.73.216.41 - - [16/Apr/2026:00:49:11 +0200] "GET / HTTP/1.1" 500 199 "-" "Mozilla/5.0 AppleWebKit/537.36 (KHTML, like Gecko; compatible; ClaudeBot/1.0; +claudebot@anthropic.com)"
66.249.66.33 - - [16/Apr/2026:00:49:25 +0200] "GET /goods/De-Croix-Cercle-De-Broderie-Extensible-Clip/759946 HTTP/1.1" 500 199 "-" "Mozilla/5.0 (Linux; Android 6.0.1; Nexus 5X Build/MMB29P) AppleWebKit/537.36 (KHTML, like Gecko) Chrome/146.0.7680.177 Mobile Safari/537.36 (compatible; Googlebot/2.1; +http://www.google.com/bot.html)"
66.249.66.67 - - [16/Apr/2026:00:49:48 +0200] "GET /goods/De-Massage-Pour-Fascias-U2013-paules/1237800 HTTP/1.1" 500 199 "-" "Mozilla/5.0 (Linux; Android 6.0.1; Nexus 5X Build/MMB29P) AppleWebKit/537.36 (KHTML, like Gecko) Chrome/146.0.7680.177 Mobile Safari/537.36 (compatible; Googlebot/2.1; +http://www.google.com/bot.html)"
66.249.66.32 - - [16/Apr/2026:00:50:11 +0200] "GET /goods/D-039-ombrage-De-Jardin-70-R-sistante-70-3/438595 HTTP/1.1" 500 199 "-" "Mozilla/5.0 (Linux; Android 6.0.1; Nexus 5X Build/MMB29P) AppleWebKit/537.36 (KHTML, like Gecko) Chrome/146.0.7680.177 Mobile Safari/537.36 (compatible; Googlebot/2.1; +http://www.google.com/bot.html)"
66.249.66.166 - - [16/Apr/2026:00:50:34 +0200] "GET /goods/Etuis-Souple-Pour-Carabine-Malette-Fusil-Malette/753766 HTTP/1.1" 500 199 "-" "Mozilla/5.0 (Linux; Android 6.0.1; Nexus 5X Build/MMB29P) AppleWebKit/537.36 (KHTML, like Gecko) Chrome/146.0.7680.177 Mobile Safari/537.36 (compatible; Googlebot/2.1; +http://www.google.com/bot.html)"
66.249.66.197 - - [16/Apr/2026:00:50:57 +0200] "GET /goods/De-Douche-Tissu-Lavable-Rideaux-De-Salle-De-Bain-Facile/453638 HTTP/1.1" 500 199 "-" "Mozilla/5.0 (Linux; Android 6.0.1; Nexus 5X Build/MMB29P) AppleWebKit/537.36 (KHTML, like Gecko) Chrome/146.0.7680.177 Mobile Safari/537.36 (compatible; Googlebot/2.1; +http://www.google.com/bot.html)"
66.249.66.4 - - [16/Apr/2026:00:51:19 +0200] "GET /goods/Essentials-Gilet-Ouvert-Sur-Le-Devant-L-ger-Grandes-Tailles/1091701 HTTP/1.1" 500 199 "-" "Mozilla/5.0 (Linux; Android 6.0.1; Nexus 5X Build/MMB29P) AppleWebKit/537.36 (KHTML, like Gecko) Chrome/146.0.7680.177 Mobile Safari/537.36 (compatible; Googlebot/2.1; +http://www.google.com/bot.html)"
66.249.66.198 - - [16/Apr/2026:00:51:42 +0200] "GET /goods/Aero-Lites-Ultra-G2-Series-LED-PAR36-De-Rechange-Haute/553069 HTTP/1.1" 500 199 "-" "Mozilla/5.0 (Linux; Android 6.0.1; Nexus 5X Build/MMB29P) AppleWebKit/537.36 (KHTML, like Gecko) Chrome/146.0.7680.177 Mobile Safari/537.36 (compatible; Googlebot/2.1; +http://www.google.com/bot.html)"
52.167.144.232 - - [16/Apr/2026:00:51:45 +0200] "GET /sitemaps.xml HTTP/1.1" 500 199 "-" "Mozilla/5.0 AppleWebKit/537.36 (KHTML, like Gecko; compatible; bingbot/2.0; +http://www.bing.com/bingbot.htm) Chrome/116.0.1938.76 Safari/537.36"
66.249.66.34 - - [16/Apr/2026:00:52:05 +0200] "GET /goods/Filtrantes-Pour-Piscines-Int-rieures-Et/611223 HTTP/1.1" 500 199 "-" "Mozilla/5.0 (Linux; Android 6.0.1; Nexus 5X Build/MMB29P) AppleWebKit/537.36 (KHTML, like Gecko) Chrome/146.0.7680.177 Mobile Safari/537.36 (compatible; Googlebot/2.1; +http://www.google.com/bot.html)"
66.249.66.3 - - [16/Apr/2026:00:52:28 +0200] "GET /goods/Short-De-Bain-Spiderman-Marvel-New/753749 HTTP/1.1" 500 199 "-" "Mozilla/5.0 (Linux; Android 6.0.1; Nexus 5X Build/MMB29P) AppleWebKit/537.36 (KHTML, like Gecko) Chrome/146.0.7680.177 Mobile Safari/537.36 (compatible; Googlebot/2.1; +http://www.google.com/bot.html)"
66.249.66.2 - - [16/Apr/2026:00:52:50 +0200] "GET /goods/Pronomic-Stage-INSTS-3-Cable-De-Clavija-Jack-3-M-Est-reo-Set/1052767 HTTP/1.1" 500 199 "-" "Mozilla/5.0 (Linux; Android 6.0.1; Nexus 5X Build/MMB29P) AppleWebKit/537.36 (KHTML, like Gecko) Chrome/146.0.7680.177 Mobile Safari/537.36 (compatible; Googlebot/2.1; +http://www.google.com/bot.html)"
66.249.66.34 - - [16/Apr/2026:00:53:13 +0200] "GET /goods/Boucles-Doreilles-PT950-En-Or-Blanc-Solide-De-14k-585-Goujons/469652 HTTP/1.1" 500 199 "-" "Mozilla/5.0 (Linux; Android 6.0.1; Nexus 5X Build/MMB29P) AppleWebKit/537.36 (KHTML, like Gecko) Chrome/146.0.7680.177 Mobile Safari/537.36 (compatible; Googlebot/2.1; +http://www.google.com/bot.html)"
94.154.35.236 - - [16/Apr/2026:00:53:16 +0200] "HEAD /system.tar HTTP/1.1" 500 166 "-" "Mozilla/5.0 (Windows NT 10.0; Win64; x64) AppleWebKit/537.36 (KHTML, like Gecko) Chrome/101.0.4951.67 Safari/537.36"
101.99.88.90 - - [16/Apr/2026:00:53:19 +0200] "GET / HTTP/1.1" 500 199 "-" "Mozilla/5.0 (compatible; Googlebot/2.1; +http://www.google.com/bot.html)"
101.99.88.90 - - [16/Apr/2026:00:53:20 +0200] "GET /wp-includes/bre6295f/index.php HTTP/1.1" 500 199 "-" "-"
66.249.66.167 - - [16/Apr/2026:00:53:36 +0200] "GET /goods/monnaie-RFID-En-Cuir-PU-Mat-Avec-Fermeture-clair-Et-Support/531513 HTTP/1.1" 500 199 "-" "Mozilla/5.0 (Linux; Android 6.0.1; Nexus 5X Build/MMB29P) AppleWebKit/537.36 (KHTML, like Gecko) Chrome/146.0.7680.177 Mobile Safari/537.36 (compatible; Googlebot/2.1; +http://www.google.com/bot.html)"
66.249.66.166 - - [16/Apr/2026:00:53:59 +0200] "GET /goods/039-colier-U00e0-Partir-De-5e-Classe-Ergonomique-De-30-L-D/1021007 HTTP/1.1" 500 199 "-" "Mozilla/5.0 (Linux; Android 6.0.1; Nexus 5X Build/MMB29P) AppleWebKit/537.36 (KHTML, like Gecko) Chrome/146.0.7680.177 Mobile Safari/537.36 (compatible; Googlebot/2.1; +http://www.google.com/bot.html)"
66.249.66.197 - - [16/Apr/2026:00:54:22 +0200] "GET /goods/Parure-De-Lit-3-Pi-ces-Avec-Courtepointe-Ultrasons/863722 HTTP/1.1" 500 199 "-" "Mozilla/5.0 (Linux; Android 6.0.1; Nexus 5X Build/MMB29P) AppleWebKit/537.36 (KHTML, like Gecko) Chrome/146.0.7680.177 Mobile Safari/537.36 (compatible; Googlebot/2.1; +http://www.google.com/bot.html)"
66.249.66.197 - - [16/Apr/2026:00:54:44 +0200] "GET /goods/Dos-Petit-Porte-Monnaie-Cuir-Femme-Mini-Porte-Monnaie-Cuir-Mini/1277350 HTTP/1.1" 500 199 "-" "Mozilla/5.0 (Linux; Android 6.0.1; Nexus 5X Build/MMB29P) AppleWebKit/537.36 (KHTML, like Gecko) Chrome/146.0.7680.177 Mobile Safari/537.36 (compatible; Googlebot/2.1; +http://www.google.com/bot.html)"
66.249.66.34 - - [16/Apr/2026:00:55:07 +0200] "GET /goods/Pantalon-De-Softball-Traditionnel-Taille-Basse-Surge/1116258 HTTP/1.1" 500 199 "-" "Mozilla/5.0 (Linux; Android 6.0.1; Nexus 5X Build/MMB29P) AppleWebKit/537.36 (KHTML, like Gecko) Chrome/146.0.7680.177 Mobile Safari/537.36 (compatible; Googlebot/2.1; +http://www.google.com/bot.html)"
152.228.220.143 - - [16/Apr/2026:00:55:11 +0200] "GET /software/notepad-n-bush/feed/ HTTP/1.1" 500 199 "-" "Mozilla/5.0 (X11; Linux i686) AppleWebKit/537.36 (KHTML, like Gecko) Chrome/30.0.1599.66 Safari/537.36"
190.140.114.57 - - [16/Apr/2026:00:55:17 +0200] "GET /software/tetris-v-utorrent/ HTTP/1.1" 500 199 "-" "Mozilla/5.0 (Windows NT 10.0; Win64; x64) AppleWebKit/537.36 (KHTML, like Gecko) Chrome/106.0.5249.119 Safari/537.36"
66.249.66.168 - - [16/Apr/2026:00:55:30 +0200] "GET /goods/Overnight-Oats-SANS-BPA-Yaourt-To-Go-Tasse/1237265 HTTP/1.1" 500 199 "-" "Mozilla/5.0 (Linux; Android 6.0.1; Nexus 5X Build/MMB29P) AppleWebKit/537.36 (KHTML, like Gecko) Chrome/146.0.7680.177 Mobile Safari/537.36 (compatible; Googlebot/2.1; +http://www.google.com/bot.html)"
66.249.66.197 - - [16/Apr/2026:00:55:53 +0200] "GET /goods/De-Lit-Rustique-Avec-Housse-De-Couette-Motif-De-Cerf-Et-Ours/865340 HTTP/1.1" 500 199 "-" "Mozilla/5.0 (Linux; Android 6.0.1; Nexus 5X Build/MMB29P) AppleWebKit/537.36 (KHTML, like Gecko) Chrome/146.0.7680.177 Mobile Safari/537.36 (compatible; Googlebot/2.1; +http://www.google.com/bot.html)"
66.249.66.3 - - [16/Apr/2026:00:56:15 +0200] "GET /goods/Papier-Peint-3D-Brique-10-Pi-ces-S-Muraux-Brique-3D-DIY-Auto/795251 HTTP/1.1" 500 199 "-" "Mozilla/5.0 (Linux; Android 6.0.1; Nexus 5X Build/MMB29P) AppleWebKit/537.36 (KHTML, like Gecko) Chrome/146.0.7680.177 Mobile Safari/537.36 (compatible; Googlebot/2.1; +http://www.google.com/bot.html)"
66.249.66.65 - - [16/Apr/2026:00:56:38 +0200] "GET /goods/FR-F-14-20-Collecteur-Echappement-Inox-Delk-EUR-356/476309 HTTP/1.1" 500 199 "-" "Mozilla/5.0 (Linux; Android 6.0.1; Nexus 5X Build/MMB29P) AppleWebKit/537.36 (KHTML, like Gecko) Chrome/146.0.7680.177 Mobile Safari/537.36 (compatible; Googlebot/2.1; +http://www.google.com/bot.html)"
52.167.144.138 - - [16/Apr/2026:00:56:39 +0200] "GET /goods/Rangement-Sous-Evier-Cuisine-2-tages-Rangement-Produits/856701 HTTP/1.1" 500 199 "-" "Mozilla/5.0 AppleWebKit/537.36 (KHTML, like Gecko; compatible; bingbot/2.0; +http://www.bing.com/bingbot.htm) Chrome/116.0.1938.76 Safari/537.36"
52.167.144.231 - - [16/Apr/2026:00:56:44 +0200] "GET /goods/Tablier-Jetable-Passe-temps-Peinture-Artisanat-Ou-Tablier-De/1180733 HTTP/1.1" 500 199 "-" "Mozilla/5.0 AppleWebKit/537.36 (KHTML, like Gecko; compatible; bingbot/2.0; +http://www.bing.com/bingbot.htm) Chrome/116.0.1938.76 Safari/537.36"
66.249.66.32 - - [16/Apr/2026:00:57:01 +0200] "GET /goods/Casque-De-Moto-Int-gral-Pour-Hommes-Et-Femmes-Adultes-Casque-De/547912 HTTP/1.1" 500 199 "-" "Mozilla/5.0 (Linux; Android 6.0.1; Nexus 5X Build/MMB29P) AppleWebKit/537.36 (KHTML, like Gecko) Chrome/146.0.7680.177 Mobile Safari/537.36 (compatible; Googlebot/2.1; +http://www.google.com/bot.html)"
66.249.66.197 - - [16/Apr/2026:00:57:24 +0200] "GET /goods/Avec-Un-Cordon-De-Designer-Pour-Femmes/1237012 HTTP/1.1" 500 199 "-" "Mozilla/5.0 (Linux; Android 6.0.1; Nexus 5X Build/MMB29P) AppleWebKit/537.36 (KHTML, like Gecko) Chrome/146.0.7680.177 Mobile Safari/537.36 (compatible; Googlebot/2.1; +http://www.google.com/bot.html)"
91.84.114.45 - - [16/Apr/2026:00:57:43 +0200] "GET /web/efes/ HTTP/1.0" 500 166 "http://www.eeggs.ru/web/efes/" "Mozilla/5.0 (Windows NT 10.0; Win64; x64) AppleWebKit/537.36 (KHTML, like Gecko) Chrome/131.0.0.0 Safari/537.36"
91.84.114.45 - - [16/Apr/2026:00:57:43 +0200] "GET / HTTP/1.0" 500 166 "http://www.eeggs.ru/" "Mozilla/5.0 (Windows NT 10.0; Win64; x64) AppleWebKit/537.36 (KHTML, like Gecko) Chrome/131.0.0.0 Safari/537.36"
66.249.66.166 - - [16/Apr/2026:00:57:47 +0200] "GET /goods/2pcs-Ceinture-En-Tiss-e-lastique-Extensible-Ceinture-Fine/541389 HTTP/1.1" 500 199 "-" "Mozilla/5.0 (Linux; Android 6.0.1; Nexus 5X Build/MMB29P) AppleWebKit/537.36 (KHTML, like Gecko) Chrome/146.0.7680.177 Mobile Safari/537.36 (compatible; Googlebot/2.1; +http://www.google.com/bot.html)"
66.249.66.34 - - [16/Apr/2026:00:58:09 +0200] "GET /goods/Avec-Porte-cartes-tui-Portefeuille-Moneymate-Avec-Fente-Pour/844510 HTTP/1.1" 500 199 "-" "Mozilla/5.0 (Linux; Android 6.0.1; Nexus 5X Build/MMB29P) AppleWebKit/537.36 (KHTML, like Gecko) Chrome/146.0.7680.177 Mobile Safari/537.36 (compatible; Googlebot/2.1; +http://www.google.com/bot.html)"
144.76.32.190 - - [16/Apr/2026:00:58:10 +0200] "GET /robots.txt HTTP/1.1" 200 463 "-" "Mozilla/5.0 (compatible; SERankingBacklinksBot/1.0; +https://seranking.com/backlinks-crawler)"
144.76.32.190 - - [16/Apr/2026:00:58:10 +0200] "GET /goods/Marine-Fille-La-Halle/541315 HTTP/1.1" 500 199 "-" "Mozilla/5.0 (compatible; SERankingBacklinksBot/1.0; +https://seranking.com/backlinks-crawler)"
89.249.21.36 - - [16/Apr/2026:00:58:31 +0200] "GET /web/google-reader/ HTTP/1.1" 500 199 "-" "Mozilla/5.0 (Windows NT 10.0; Win64; x64) AppleWebKit/537.36 (KHTML, like Gecko) Chrome/120.0.0.0 Safari/537.36"
66.249.66.32 - - [16/Apr/2026:00:58:32 +0200] "GET /goods/Libro-Perdido-De-Los-Origenistas-fragmentos-Antonio-Jos/1073022 HTTP/1.1" 500 199 "-" "Mozilla/5.0 (Linux; Android 6.0.1; Nexus 5X Build/MMB29P) AppleWebKit/537.36 (KHTML, like Gecko) Chrome/146.0.7680.177 Mobile Safari/537.36 (compatible; Googlebot/2.1; +http://www.google.com/bot.html)"
66.249.66.32 - - [16/Apr/2026:00:58:55 +0200] "GET /goods/Bonnets-De-No-l-Tricot-s-Bonnet-De-P-re-No-l-Rouge/951511 HTTP/1.1" 500 199 "-" "Mozilla/5.0 (Linux; Android 6.0.1; Nexus 5X Build/MMB29P) AppleWebKit/537.36 (KHTML, like Gecko) Chrome/146.0.7680.177 Mobile Safari/537.36 (compatible; Googlebot/2.1; +http://www.google.com/bot.html)"
66.249.66.198 - - [16/Apr/2026:00:59:18 +0200] "GET /goods/Livre-Dor-Retraite-Pour-Fee-100-Pages-Desertcart-Beruda/735030 HTTP/1.1" 500 199 "-" "Mozilla/5.0 (Linux; Android 6.0.1; Nexus 5X Build/MMB29P) AppleWebKit/537.36 (KHTML, like Gecko) Chrome/146.0.7680.177 Mobile Safari/537.36 (compatible; Googlebot/2.1; +http://www.google.com/bot.html)"
52.167.144.176 - - [16/Apr/2026:00:59:33 +0200] "GET /goods/Notre-Top-10-Des-Chargeur-Batterie-Velo-Wayscral-Au-France/922777 HTTP/1.1" 500 199 "-" "Mozilla/5.0 AppleWebKit/537.36 (KHTML, like Gecko; compatible; bingbot/2.0; +http://www.bing.com/bingbot.htm) Chrome/116.0.1938.76 Safari/537.36"
57.141.20.30 - - [16/Apr/2026:00:59:33 +0200] "GET /sitemap-pt-post-p1-2008-09.xml HTTP/1.1" 500 199 "-" "meta-externalagent/1.1 (+https://developers.facebook.com/docs/sharing/webmasters/crawler)"
52.167.144.206 - - [16/Apr/2026:00:59:37 +0200] "GET /goods/De-25-Cartes-Jouer-Pour-F-te/995328 HTTP/1.1" 500 199 "-" "Mozilla/5.0 AppleWebKit/537.36 (KHTML, like Gecko; compatible; bingbot/2.0; +http://www.bing.com/bingbot.htm) Chrome/116.0.1938.76 Safari/537.36"
66.249.66.66 - - [16/Apr/2026:00:59:41 +0200] "GET /goods/les-De-Bikinis-Et-Maillots-De-Bain-Pour-Femmes-Illustration/472612 HTTP/1.1" 500 199 "-" "Mozilla/5.0 (Linux; Android 6.0.1; Nexus 5X Build/MMB29P) AppleWebKit/537.36 (KHTML, like Gecko) Chrome/146.0.7680.177 Mobile Safari/537.36 (compatible; Googlebot/2.1; +http://www.google.com/bot.html)"
52.167.144.138 - - [16/Apr/2026:00:59:42 +0200] "GET /goods/Tissot-Collections-Sp-ciales-Alpine-On-Board-Automatic/522822 HTTP/1.1" 500 199 "-" "Mozilla/5.0 AppleWebKit/537.36 (KHTML, like Gecko; compatible; bingbot/2.0; +http://www.bing.com/bingbot.htm) Chrome/116.0.1938.76 Safari/537.36"
52.167.144.138 - - [16/Apr/2026:00:59:42 +0200] "GET /goods/tissier-Et-Vos-R-ves-Gourmands-Deviennent/964206 HTTP/1.1" 500 199 "-" "Mozilla/5.0 AppleWebKit/537.36 (KHTML, like Gecko; compatible; bingbot/2.0; +http://www.bing.com/bingbot.htm) Chrome/116.0.1938.76 Safari/537.36"
66.249.66.67 - - [16/Apr/2026:01:00:03 +0200] "GET /goods/Lames-COURBES-Pour-Couteau-TB273-Deco-Cuir/570168 HTTP/1.1" 500 199 "-" "Mozilla/5.0 (Linux; Android 6.0.1; Nexus 5X Build/MMB29P) AppleWebKit/537.36 (KHTML, like Gecko) Chrome/146.0.7680.177 Mobile Safari/537.36 (compatible; Googlebot/2.1; +http://www.google.com/bot.html)"
66.249.66.33 - - [16/Apr/2026:01:00:26 +0200] "GET /goods/D-corations-De-F-te-D-039-Anniversaire-Grenouille/736716 HTTP/1.1" 500 199 "-" "Mozilla/5.0 (Linux; Android 6.0.1; Nexus 5X Build/MMB29P) AppleWebKit/537.36 (KHTML, like Gecko) Chrome/146.0.7680.177 Mobile Safari/537.36 (compatible; Googlebot/2.1; +http://www.google.com/bot.html)"
66.249.66.197 - - [16/Apr/2026:01:00:49 +0200] "GET /goods/s-Califo-Jacket-Ii-180-U20ac-Culture-V-lo/654277 HTTP/1.1" 500 199 "-" "Mozilla/5.0 (Linux; Android 6.0.1; Nexus 5X Build/MMB29P) AppleWebKit/537.36 (KHTML, like Gecko) Chrome/146.0.7680.177 Mobile Safari/537.36 (compatible; Googlebot/2.1; +http://www.google.com/bot.html)"
66.249.66.32 - - [16/Apr/2026:01:01:12 +0200] "GET /goods/Boucle-D-039-oreille-Argent-Boucles-D-039-Oreilles-Femme-Homme/916421 HTTP/1.1" 500 199 "-" "Mozilla/5.0 (Linux; Android 6.0.1; Nexus 5X Build/MMB29P) AppleWebKit/537.36 (KHTML, like Gecko) Chrome/146.0.7680.177 Mobile Safari/537.36 (compatible; Googlebot/2.1; +http://www.google.com/bot.html)"
74.7.227.10 - - [16/Apr/2026:01:01:14 +0200] "GET /os/windows-vis%E2%80%A6aphic-pictures/ HTTP/1.1" 500 199 "https://www.winhistory-forum.net" "Mozilla/5.0 AppleWebKit/537.36 (KHTML, like Gecko; compatible; GPTBot/1.3; +https://openai.com/gptbot)"
74.7.230.59 - - [16/Apr/2026:01:01:14 +0200] "GET /robots.txt HTTP/1.1" 200 407 "-" "Mozilla/5.0 (Macintosh; Intel Mac OS X 10_15_7) AppleWebKit/537.36 (KHTML, like Gecko) Chrome/131.0.0.0 Safari/537.36; compatible; OAI-SearchBot/1.3; robots.txt; +https://openai.com/searchbot"
66.249.66.32 - - [16/Apr/2026:01:01:34 +0200] "GET /goods/De-Cidre-De-Pomme-Biologique-Avec-La-M-re-Crue-Non/789730 HTTP/1.1" 500 199 "-" "Mozilla/5.0 (Linux; Android 6.0.1; Nexus 5X Build/MMB29P) AppleWebKit/537.36 (KHTML, like Gecko) Chrome/146.0.7680.177 Mobile Safari/537.36 (compatible; Googlebot/2.1; +http://www.google.com/bot.html)"
66.249.66.33 - - [16/Apr/2026:01:01:34 +0200] "GET /goods/Avant-Pour-Acura-CSX-Et-Honda-Civic-2006-2011-Remplacement/690688 HTTP/1.1" 500 199 "-" "Mozilla/5.0 (Linux; Android 6.0.1; Nexus 5X Build/MMB29P) AppleWebKit/537.36 (KHTML, like Gecko) Chrome/146.0.7680.177 Mobile Safari/537.36 (compatible; Googlebot/2.1; +http://www.google.com/bot.html)"
66.249.66.34 - - [16/Apr/2026:01:01:57 +0200] "GET /goods/Rats-P-dale-En-M-tal-Tapette-En-Bois-Pour-limination/969753 HTTP/1.1" 500 199 "-" "Mozilla/5.0 (Linux; Android 6.0.1; Nexus 5X Build/MMB29P) AppleWebKit/537.36 (KHTML, like Gecko) Chrome/146.0.7680.177 Mobile Safari/537.36 (compatible; Googlebot/2.1; +http://www.google.com/bot.html)"
66.249.66.197 - - [16/Apr/2026:01:02:15 +0200] "GET /goods/Basic-T-shirt-M-Club-Short-M-Head-Chez-Sport/557694 HTTP/1.1" 500 199 "-" "Mozilla/5.0 (Linux; Android 6.0.1; Nexus 5X Build/MMB29P) AppleWebKit/537.36 (KHTML, like Gecko) Chrome/146.0.7680.177 Mobile Safari/537.36 (compatible; GoogleOther)"
66.249.66.166 - - [16/Apr/2026:01:02:20 +0200] "GET /goods/Aluminium-Ch-ssis-Sous-Moteur-Plaque-De-Patins-Pour-Honda/595025 HTTP/1.1" 500 199 "-" "Mozilla/5.0 (Linux; Android 6.0.1; Nexus 5X Build/MMB29P) AppleWebKit/537.36 (KHTML, like Gecko) Chrome/146.0.7680.177 Mobile Safari/537.36 (compatible; Googlebot/2.1; +http://www.google.com/bot.html)"
66.249.66.65 - - [16/Apr/2026:01:02:43 +0200] "GET /goods/te-De-Mort-Punk-Vintage-Pour-Homme-Pendentif-T-te/1070772 HTTP/1.1" 500 199 "-" "Mozilla/5.0 (Linux; Android 6.0.1; Nexus 5X Build/MMB29P) AppleWebKit/537.36 (KHTML, like Gecko) Chrome/146.0.7680.177 Mobile Safari/537.36 (compatible; Googlebot/2.1; +http://www.google.com/bot.html)"
66.249.66.32 - - [16/Apr/2026:01:02:57 +0200] "GET /goods/Basic-T-shirt-M-Club-Short-M-Head-Chez-Sport/557694 HTTP/1.1" 500 199 "-" "Mozilla/5.0 (Linux; Android 6.0.1; Nexus 5X Build/MMB29P) AppleWebKit/537.36 (KHTML, like Gecko) Chrome/146.0.7680.177 Mobile Safari/537.36 (compatible; GoogleOther)"
52.167.144.176 - - [16/Apr/2026:01:03:04 +0200] "GET /goods/Ramequins-En-Gr-s-4cl-Maison/679180 HTTP/1.1" 500 199 "-" "Mozilla/5.0 AppleWebKit/537.36 (KHTML, like Gecko; compatible; bingbot/2.0; +http://www.bing.com/bingbot.htm) Chrome/116.0.1938.76 Safari/537.36"
52.167.144.206 - - [16/Apr/2026:01:03:08 +0200] "GET /goods/SEBAHAT-Confiture-De-Coing-360g/743957 HTTP/1.1" 500 199 "-" "Mozilla/5.0 AppleWebKit/537.36 (KHTML, like Gecko; compatible; bingbot/2.0; +http://www.bing.com/bingbot.htm) Chrome/116.0.1938.76 Safari/537.36"
66.249.66.32 - - [16/Apr/2026:01:03:28 +0200] "GET /goods/Avec-Macbook-12-Pouces-Mod-le-A1534/807670 HTTP/1.1" 500 199 "-" "Mozilla/5.0 (Linux; Android 6.0.1; Nexus 5X Build/MMB29P) AppleWebKit/537.36 (KHTML, like Gecko) Chrome/146.0.7680.177 Mobile Safari/537.36 (compatible; Googlebot/2.1; +http://www.google.com/bot.html)"
66.249.66.198 - - [16/Apr/2026:01:03:38 +0200] "GET /goods/De-Cidre-De-Pomme-Biologique-Avec-La-M-re-Crue-Non/789730 HTTP/1.1" 500 199 "-" "Mozilla/5.0 (Linux; Android 6.0.1; Nexus 5X Build/MMB29P) AppleWebKit/537.36 (KHTML, like Gecko) Chrome/146.0.7680.177 Mobile Safari/537.36 (compatible; GoogleOther)"
66.249.66.65 - - [16/Apr/2026:01:03:51 +0200] "GET /goods/Crayons-De-Charpentier-Avec-Taille-crayon-Porte-mines/1184691 HTTP/1.1" 500 199 "-" "Mozilla/5.0 (Linux; Android 6.0.1; Nexus 5X Build/MMB29P) AppleWebKit/537.36 (KHTML, like Gecko) Chrome/146.0.7680.177 Mobile Safari/537.36 (compatible; Googlebot/2.1; +http://www.google.com/bot.html)"
66.249.66.32 - - [16/Apr/2026:01:04:14 +0200] "GET /goods/Roche-Arc-en-ciel-Aura-De-12-7-Cm/869762 HTTP/1.1" 500 199 "-" "Mozilla/5.0 (Linux; Android 6.0.1; Nexus 5X Build/MMB29P) AppleWebKit/537.36 (KHTML, like Gecko) Chrome/146.0.7680.177 Mobile Safari/537.36 (compatible; Googlebot/2.1; +http://www.google.com/bot.html)"
66.249.66.66 - - [16/Apr/2026:01:04:19 +0200] "GET /goods/De-Cidre-De-Pomme-Biologique-Avec-La-M-re-Crue-Non/789730 HTTP/1.1" 500 199 "-" "Mozilla/5.0 (Linux; Android 6.0.1; Nexus 5X Build/MMB29P) AppleWebKit/537.36 (KHTML, like Gecko) Chrome/146.0.7680.177 Mobile Safari/537.36 (compatible; GoogleOther)"
66.249.66.32 - - [16/Apr/2026:01:04:37 +0200] "GET /goods/Pi-ces-G-om-triques-Boussole-G-om-trique-Kit-De/537504 HTTP/1.1" 500 199 "-" "Mozilla/5.0 (Linux; Android 6.0.1; Nexus 5X Build/MMB29P) AppleWebKit/537.36 (KHTML, like Gecko) Chrome/146.0.7680.177 Mobile Safari/537.36 (compatible; Googlebot/2.1; +http://www.google.com/bot.html)"
66.249.66.32 - - [16/Apr/2026:01:04:59 +0200] "GET /goods/De-Perles-En-Plastique-Pour-D-coration-De/1142318 HTTP/1.1" 500 199 "-" "Mozilla/5.0 (Linux; Android 6.0.1; Nexus 5X Build/MMB29P) AppleWebKit/537.36 (KHTML, like Gecko) Chrome/146.0.7680.177 Mobile Safari/537.36 (compatible; Googlebot/2.1; +http://www.google.com/bot.html)"
66.249.66.32 - - [16/Apr/2026:01:05:01 +0200] "GET /goods/V-tements-Accessoires-De-Clips-Magn-tiques-Boucle-D-039/1193324 HTTP/1.1" 500 199 "-" "Mozilla/5.0 (Linux; Android 6.0.1; Nexus 5X Build/MMB29P) AppleWebKit/537.36 (KHTML, like Gecko) Chrome/146.0.7680.177 Mobile Safari/537.36 (compatible; GoogleOther)"
66.249.66.166 - - [16/Apr/2026:01:05:22 +0200] "GET /goods/Robots-Pirates-Couvre-lit-Pour-Enfants/419438 HTTP/1.1" 500 199 "-" "Mozilla/5.0 (Linux; Android 6.0.1; Nexus 5X Build/MMB29P) AppleWebKit/537.36 (KHTML, like Gecko) Chrome/146.0.7680.177 Mobile Safari/537.36 (compatible; Googlebot/2.1; +http://www.google.com/bot.html)"
66.249.66.32 - - [16/Apr/2026:01:05:42 +0200] "GET /goods/Panneau-Combin-De-Commutateur-4-Bits/861310 HTTP/1.1" 500 199 "-" "Mozilla/5.0 (Linux; Android 6.0.1; Nexus 5X Build/MMB29P) AppleWebKit/537.36 (KHTML, like Gecko) Chrome/146.0.7680.177 Mobile Safari/537.36 (compatible; Googlebot/2.1; +http://www.google.com/bot.html)"
66.249.66.32 - - [16/Apr/2026:01:05:45 +0200] "GET /goods/Jouet-Enfant-2-Ans-Mattel-Games-Chass-039-Taupes-Jeu-D/1078751 HTTP/1.1" 500 199 "-" "Mozilla/5.0 (Linux; Android 6.0.1; Nexus 5X Build/MMB29P) AppleWebKit/537.36 (KHTML, like Gecko) Chrome/146.0.7680.177 Mobile Safari/537.36 (compatible; Googlebot/2.1; +http://www.google.com/bot.html)"
89.249.18.173 - - [16/Apr/2026:01:05:55 +0200] "GET /robots.txt HTTP/1.1" 200 574 "-" "Mozilla/5.0 (Windows NT 10.0; Win64; x64; rv:109.0) Gecko/20100101 Firefox/113.0"
89.249.18.173 - - [16/Apr/2026:01:05:55 +0200] "GET /os/windows-games/ HTTP/1.1" 500 199 "-" "Mozilla/5.0 (Windows NT 10.0; Win64; x64; rv:109.0) Gecko/20100101 Firefox/113.0"
66.249.66.33 - - [16/Apr/2026:01:06:08 +0200] "GET /goods/Ryobi-RK48-Et-Kawasaki-TH/964642 HTTP/1.1" 500 199 "-" "Mozilla/5.0 (Linux; Android 6.0.1; Nexus 5X Build/MMB29P) AppleWebKit/537.36 (KHTML, like Gecko) Chrome/146.0.7680.177 Mobile Safari/537.36 (compatible; Googlebot/2.1; +http://www.google.com/bot.html)"
66.249.66.33 - - [16/Apr/2026:01:06:31 +0200] "GET /goods/AJOUT-S-176G-GERBLE-LOT-DE/1227455 HTTP/1.1" 500 199 "-" "Mozilla/5.0 (Linux; Android 6.0.1; Nexus 5X Build/MMB29P) AppleWebKit/537.36 (KHTML, like Gecko) Chrome/146.0.7680.177 Mobile Safari/537.36 (compatible; Googlebot/2.1; +http://www.google.com/bot.html)"
18.97.9.100 - - [16/Apr/2026:01:06:34 +0200] "GET /robots.txt HTTP/1.1" 200 574 "-" "Mozilla/5.0 AppleWebKit/537.36 (KHTML, like Gecko; compatible; PerplexityBot/1.0; +https://perplexity.ai/perplexitybot)"
18.97.9.96 - - [16/Apr/2026:01:06:34 +0200] "GET /goods/Patron-Gratuit-Sac-Demi-lune-Snaply/615342 HTTP/1.1" 500 199 "-" "Mozilla/5.0 AppleWebKit/537.36 (KHTML, like Gecko; compatible; PerplexityBot/1.0; +https://perplexity.ai/perplexitybot)"
18.97.9.102 - - [16/Apr/2026:01:06:43 +0200] "GET /goods/Patron-Gratuit-Sac-Demi-lune-Snaply/615342 HTTP/1.1" 500 199 "-" "Mozilla/5.0 AppleWebKit/537.36 (KHTML, like Gecko; compatible; PerplexityBot/1.0; +https://perplexity.ai/perplexitybot)"
18.97.9.99 - - [16/Apr/2026:01:06:43 +0200] "GET /robots.txt HTTP/1.1" 200 574 "-" "Mozilla/5.0 AppleWebKit/537.36 (KHTML, like Gecko; compatible; PerplexityBot/1.0; +https://perplexity.ai/perplexitybot)"
66.249.66.32 - - [16/Apr/2026:01:06:53 +0200] "GET /goods/Magic-The-Gathering-Plateau-Revised-3th-Edition/1144718 HTTP/1.1" 500 199 "-" "Mozilla/5.0 (Linux; Android 6.0.1; Nexus 5X Build/MMB29P) AppleWebKit/537.36 (KHTML, like Gecko) Chrome/146.0.7680.177 Mobile Safari/537.36 (compatible; Googlebot/2.1; +http://www.google.com/bot.html)"
52.167.144.176 - - [16/Apr/2026:01:06:54 +0200] "GET /goods/Portable-1-To-2-5-Pouces-Disque-Dur-De-Sauvegarde/769399 HTTP/1.1" 500 199 "-" "Mozilla/5.0 AppleWebKit/537.36 (KHTML, like Gecko; compatible; bingbot/2.0; +http://www.bing.com/bingbot.htm) Chrome/116.0.1938.76 Safari/537.36"
52.167.144.195 - - [16/Apr/2026:01:06:55 +0200] "GET /goods/ces-VEVOR-Outils-Pour-Reparer-Les-Filetages-Sae-Et-Metriques/ HTTP/1.1" 500 199 "-" "Mozilla/5.0 AppleWebKit/537.36 (KHTML, like Gecko; compatible; bingbot/2.0; +http://www.bing.com/bingbot.htm) Chrome/116.0.1938.76 Safari/537.36"
52.167.144.195 - - [16/Apr/2026:01:06:56 +0200] "GET /goods/Relaxed-Fit-And-In-Indigo-M42408LD191/488010 HTTP/1.1" 500 199 "-" "Mozilla/5.0 AppleWebKit/537.36 (KHTML, like Gecko; compatible; bingbot/2.0; +http://www.bing.com/bingbot.htm) Chrome/116.0.1938.76 Safari/537.36"
52.167.144.195 - - [16/Apr/2026:01:06:56 +0200] "GET /goods/Grande-Usine-Chimique-De-G-n-ration-AI-Photo-Premium/941872 HTTP/1.1" 500 199 "-" "Mozilla/5.0 AppleWebKit/537.36 (KHTML, like Gecko; compatible; bingbot/2.0; +http://www.bing.com/bingbot.htm) Chrome/116.0.1938.76 Safari/537.36"
52.167.144.138 - - [16/Apr/2026:01:07:00 +0200] "GET /goods/Taille-Haute-Pour-Femme-Avec-Jambes-Larges-Et-Poches-Multiples/920713 HTTP/1.1" 500 199 "-" "Mozilla/5.0 AppleWebKit/537.36 (KHTML, like Gecko; compatible; bingbot/2.0; +http://www.bing.com/bingbot.htm) Chrome/116.0.1938.76 Safari/537.36"
52.167.144.138 - - [16/Apr/2026:01:07:01 +0200] "GET /goods/Couteau-Pain-Hygiplas-205mm-lt-Couteaux/955987 HTTP/1.1" 500 199 "-" "Mozilla/5.0 AppleWebKit/537.36 (KHTML, like Gecko; compatible; bingbot/2.0; +http://www.bing.com/bingbot.htm) Chrome/116.0.1938.76 Safari/537.36"
40.77.167.67 - - [16/Apr/2026:01:07:02 +0200] "GET /goods/Plastique-Plateau-De-Germination-Maille-Fond-La-Culture/687984 HTTP/1.1" 500 199 "-" "Mozilla/5.0 AppleWebKit/537.36 (KHTML, like Gecko; compatible; bingbot/2.0; +http://www.bing.com/bingbot.htm) Chrome/116.0.1938.76 Safari/537.36"
89.249.21.36 - - [16/Apr/2026:01:07:03 +0200] "GET /os/windows-games/ HTTP/1.1" 500 199 "-" "Mozilla/5.0 (Windows NT 10.0; Win64; x64) AppleWebKit/537.36 (KHTML, like Gecko) Chrome/120.0.0.0 Safari/537.36"
66.249.66.33 - - [16/Apr/2026:01:07:04 +0200] "GET /goods/Panneau-Combin-De-Commutateur-4-Bits/861310 HTTP/1.1" 500 199 "-" "Mozilla/5.0 (Linux; Android 6.0.1; Nexus 5X Build/MMB29P) AppleWebKit/537.36 (KHTML, like Gecko) Chrome/146.0.7680.177 Mobile Safari/537.36 (compatible; GoogleOther)"
66.249.66.32 - - [16/Apr/2026:01:07:16 +0200] "GET /goods/Calendrier-Perp-tuel-EUR-18-00-FR/585235 HTTP/1.1" 500 199 "-" "Mozilla/5.0 (Linux; Android 6.0.1; Nexus 5X Build/MMB29P) AppleWebKit/537.36 (KHTML, like Gecko) Chrome/146.0.7680.177 Mobile Safari/537.36 (compatible; Googlebot/2.1; +http://www.google.com/bot.html)"
66.249.66.32 - - [16/Apr/2026:01:07:39 +0200] "GET /goods/Adapt-Pour-Husqvarna-LTH154-960410329-Tracteur-De/870769 HTTP/1.1" 500 199 "-" "Mozilla/5.0 (Linux; Android 6.0.1; Nexus 5X Build/MMB29P) AppleWebKit/537.36 (KHTML, like Gecko) Chrome/146.0.7680.177 Mobile Safari/537.36 (compatible; Googlebot/2.1; +http://www.google.com/bot.html)"
66.249.66.32 - - [16/Apr/2026:01:08:02 +0200] "GET /goods/Silicone-Rond-20Cm-2-Pi-ces-Antiadh-sif-Moule-A-Gateau-Rrond/1193683 HTTP/1.1" 500 199 "-" "Mozilla/5.0 (Linux; Android 6.0.1; Nexus 5X Build/MMB29P) AppleWebKit/537.36 (KHTML, like Gecko) Chrome/146.0.7680.177 Mobile Safari/537.36 (compatible; Googlebot/2.1; +http://www.google.com/bot.html)"
66.249.66.32 - - [16/Apr/2026:01:08:25 +0200] "GET /goods/Rouleaux-Coniques-32308-7608-Roulement-Rouleaux-Coniques-En/701131 HTTP/1.1" 500 199 "-" "Mozilla/5.0 (Linux; Android 6.0.1; Nexus 5X Build/MMB29P) AppleWebKit/537.36 (KHTML, like Gecko) Chrome/146.0.7680.177 Mobile Safari/537.36 (compatible; Googlebot/2.1; +http://www.google.com/bot.html)"
66.249.66.32 - - [16/Apr/2026:01:08:27 +0200] "GET /goods/Panneau-Combin-De-Commutateur-4-Bits/861310 HTTP/1.1" 500 199 "-" "Mozilla/5.0 (Linux; Android 6.0.1; Nexus 5X Build/MMB29P) AppleWebKit/537.36 (KHTML, like Gecko) Chrome/146.0.7680.177 Mobile Safari/537.36 (compatible; GoogleOther)"
66.249.66.32 - - [16/Apr/2026:01:08:47 +0200] "GET /goods/12-Couvercles-En-Fer-blanc-Pour-Bocaux-Mason-En/915793 HTTP/1.1" 500 199 "-" "Mozilla/5.0 (Linux; Android 6.0.1; Nexus 5X Build/MMB29P) AppleWebKit/537.36 (KHTML, like Gecko) Chrome/146.0.7680.177 Mobile Safari/537.36 (compatible; Googlebot/2.1; +http://www.google.com/bot.html)"
3.212.128.164 - - [16/Apr/2026:01:09:01 +0200] "GET /robots.txt HTTP/1.1" 200 426 "-" "Mozilla/5.0 (Macintosh; Intel Mac OS X 10_10_1) AppleWebKit/600.2.5 (KHTML, like Gecko) Version/8.0.2 Safari/600.2.5 (Gort)"
66.249.66.32 - - [16/Apr/2026:01:09:10 +0200] "GET /goods/Cadeau-Original-Personnalisable-Disque-Vinyle/490053 HTTP/1.1" 500 199 "-" "Mozilla/5.0 (Linux; Android 6.0.1; Nexus 5X Build/MMB29P) AppleWebKit/537.36 (KHTML, like Gecko) Chrome/146.0.7680.177 Mobile Safari/537.36 (compatible; Googlebot/2.1; +http://www.google.com/bot.html)"
66.249.66.33 - - [16/Apr/2026:01:09:33 +0200] "GET /goods/Generic-Veste-Softshell-Enfant-Manteau-Coupe-vent-D-039-hiver/702221 HTTP/1.1" 500 199 "-" "Mozilla/5.0 (Linux; Android 6.0.1; Nexus 5X Build/MMB29P) AppleWebKit/537.36 (KHTML, like Gecko) Chrome/146.0.7680.177 Mobile Safari/537.36 (compatible; Googlebot/2.1; +http://www.google.com/bot.html)"
66.249.66.33 - - [16/Apr/2026:01:09:50 +0200] "GET /goods/V-tements-Accessoires-De-Clips-Magn-tiques-Boucle-D-039/1193324 HTTP/1.1" 500 199 "-" "Mozilla/5.0 (Linux; Android 6.0.1; Nexus 5X Build/MMB29P) AppleWebKit/537.36 (KHTML, like Gecko) Chrome/146.0.7680.177 Mobile Safari/537.36 (compatible; GoogleOther)"
66.249.66.32 - - [16/Apr/2026:01:09:56 +0200] "GET /goods/Carreaux-Doux-Jambes-Larges-Et-Taille-lastique-Pantalon/483588 HTTP/1.1" 500 199 "-" "Mozilla/5.0 (Linux; Android 6.0.1; Nexus 5X Build/MMB29P) AppleWebKit/537.36 (KHTML, like Gecko) Chrome/146.0.7680.177 Mobile Safari/537.36 (compatible; Googlebot/2.1; +http://www.google.com/bot.html)"
66.249.66.33 - - [16/Apr/2026:01:10:18 +0200] "GET /goods/N-112-500g-Click-Cuisine/1274446 HTTP/1.1" 500 199 "-" "Mozilla/5.0 (Linux; Android 6.0.1; Nexus 5X Build/MMB29P) AppleWebKit/537.36 (KHTML, like Gecko) Chrome/146.0.7680.177 Mobile Safari/537.36 (compatible; Googlebot/2.1; +http://www.google.com/bot.html)"
66.249.66.33 - - [16/Apr/2026:01:10:41 +0200] "GET /goods/De-Bois-lectrique-4hp-Avec-Tr-mie-Rotative/1169434 HTTP/1.1" 500 199 "-" "Mozilla/5.0 (Linux; Android 6.0.1; Nexus 5X Build/MMB29P) AppleWebKit/537.36 (KHTML, like Gecko) Chrome/146.0.7680.177 Mobile Safari/537.36 (compatible; Googlebot/2.1; +http://www.google.com/bot.html)"
66.249.66.32 - - [16/Apr/2026:01:11:04 +0200] "GET /goods/Yard-Tissu-G-om-trique-Color-Pour-Chaises-Motif-Abstrait/503696 HTTP/1.1" 500 199 "-" "Mozilla/5.0 (Linux; Android 6.0.1; Nexus 5X Build/MMB29P) AppleWebKit/537.36 (KHTML, like Gecko) Chrome/146.0.7680.177 Mobile Safari/537.36 (compatible; Googlebot/2.1; +http://www.google.com/bot.html)"
66.249.66.2 - - [16/Apr/2026:01:11:10 +0200] "GET /goods/10-Poign-es-D-039-armoire-Carr-es-En-Cuivre-Bross-De-20-Cm/1248134 HTTP/1.1" 500 199 "-" "Mozilla/5.0 (Linux; Android 6.0.1; Nexus 5X Build/MMB29P) AppleWebKit/537.36 (KHTML, like Gecko) Chrome/146.0.7680.177 Mobile Safari/537.36 (compatible; Googlebot/2.1; +http://www.google.com/bot.html)"
66.249.66.198 - - [16/Apr/2026:01:11:12 +0200] "GET /goods/Jaquette-DVD-De-Un-Singe-En-Hiver-Th-atre-Cin-ma-Passion/734322 HTTP/1.1" 500 199 "-" "Mozilla/5.0 (Linux; Android 6.0.1; Nexus 5X Build/MMB29P) AppleWebKit/537.36 (KHTML, like Gecko) Chrome/146.0.7680.177 Mobile Safari/537.36 (compatible; GoogleOther)"
66.249.66.32 - - [16/Apr/2026:01:11:27 +0200] "GET /goods/Toilettes-De-53-3-Cm-De-Haut-Allong-es-Avec/492554 HTTP/1.1" 500 199 "-" "Mozilla/5.0 (Linux; Android 6.0.1; Nexus 5X Build/MMB29P) AppleWebKit/537.36 (KHTML, like Gecko) Chrome/146.0.7680.177 Mobile Safari/537.36 (compatible; Googlebot/2.1; +http://www.google.com/bot.html)"
5.35.37.26 - - [16/Apr/2026:01:11:33 +0200] "GET /web/efes/ HTTP/1.0" 500 166 "http://www.eeggs.ru/web/efes/" "Mozilla/5.0 (Windows NT 10.0; Win64; x64) AppleWebKit/537.36 (KHTML, like Gecko) Chrome/130.0.0.0 Safari/537.36"
5.35.37.26 - - [16/Apr/2026:01:11:33 +0200] "GET / HTTP/1.0" 500 166 "http://www.eeggs.ru/" "Mozilla/5.0 (Windows NT 10.0; Win64; x64) AppleWebKit/537.36 (KHTML, like Gecko) Chrome/130.0.0.0 Safari/537.36"
89.249.21.36 - - [16/Apr/2026:01:11:34 +0200] "GET /os/xp-shutdown/ HTTP/1.1" 500 199 "-" "Mozilla/5.0 (Windows NT 10.0; Win64; x64) AppleWebKit/537.36 (KHTML, like Gecko) Chrome/120.0.0.0 Safari/537.36"
66.249.66.2 - - [16/Apr/2026:01:11:50 +0200] "GET /goods/Tuyau-De-Test-De-Pression-Hydraulique-2-0-M-6-Pieds-M16-X/484644 HTTP/1.1" 500 199 "-" "Mozilla/5.0 (Linux; Android 6.0.1; Nexus 5X Build/MMB29P) AppleWebKit/537.36 (KHTML, like Gecko) Chrome/146.0.7680.177 Mobile Safari/537.36 (compatible; Googlebot/2.1; +http://www.google.com/bot.html)"
40.77.167.77 - - [16/Apr/2026:01:11:55 +0200] "GET /goods/Le-Midi-Par-L-039-Image-GM-Book-And-Disk-Sheet-Music/611283 HTTP/1.1" 500 199 "-" "Mozilla/5.0 AppleWebKit/537.36 (KHTML, like Gecko; compatible; bingbot/2.0; +http://www.bing.com/bingbot.htm) Chrome/116.0.1938.76 Safari/537.36"
52.167.144.195 - - [16/Apr/2026:01:11:56 +0200] "GET /goods/Chemise-De-Pyjama-En-Modal-Majoritaire-Vert-Clair-Femme/1151905 HTTP/1.1" 500 199 "-" "Mozilla/5.0 AppleWebKit/537.36 (KHTML, like Gecko; compatible; bingbot/2.0; +http://www.bing.com/bingbot.htm) Chrome/116.0.1938.76 Safari/537.36"
52.167.144.195 - - [16/Apr/2026:01:12:00 +0200] "GET /goods/4-Mangeoires-Poulet-Suspendre-Avec-Clips-Pour/647669 HTTP/1.1" 500 199 "-" "Mozilla/5.0 AppleWebKit/537.36 (KHTML, like Gecko; compatible; bingbot/2.0; +http://www.bing.com/bingbot.htm) Chrome/116.0.1938.76 Safari/537.36"
66.249.66.33 - - [16/Apr/2026:01:12:12 +0200] "GET /goods/Cosmas-161u20133-5orb-Bronze-Huil-Contemporain-Barre-De-Poign/1277009 HTTP/1.1" 500 199 "-" "Mozilla/5.0 (Linux; Android 6.0.1; Nexus 5X Build/MMB29P) AppleWebKit/537.36 (KHTML, like Gecko) Chrome/146.0.7680.177 Mobile Safari/537.36 (compatible; Googlebot/2.1; +http://www.google.com/bot.html)"
66.249.66.32 - - [16/Apr/2026:01:12:35 +0200] "GET /goods/Jaquette-DVD-De-Un-Singe-En-Hiver-Th-atre-Cin-ma-Passion/734322 HTTP/1.1" 500 199 "-" "Mozilla/5.0 (Linux; Android 6.0.1; Nexus 5X Build/MMB29P) AppleWebKit/537.36 (KHTML, like Gecko) Chrome/146.0.7680.177 Mobile Safari/537.36 (compatible; Googlebot/2.1; +http://www.google.com/bot.html)"
66.249.66.33 - - [16/Apr/2026:01:12:35 +0200] "GET /goods/De-Camping-Pliante-Portable-Pour-1-2-Personnes/698568 HTTP/1.1" 500 199 "-" "Mozilla/5.0 (Linux; Android 6.0.1; Nexus 5X Build/MMB29P) AppleWebKit/537.36 (KHTML, like Gecko) Chrome/146.0.7680.177 Mobile Safari/537.36 (compatible; Googlebot/2.1; +http://www.google.com/bot.html)"
66.249.66.32 - - [16/Apr/2026:01:12:58 +0200] "GET /goods/Les-Oursons-Goldbears-De-Haribo-F-tent-Leurs-100-Ans/457430 HTTP/1.1" 500 199 "-" "Mozilla/5.0 (Linux; Android 6.0.1; Nexus 5X Build/MMB29P) AppleWebKit/537.36 (KHTML, like Gecko) Chrome/146.0.7680.177 Mobile Safari/537.36 (compatible; Googlebot/2.1; +http://www.google.com/bot.html)"
40.77.167.77 - - [16/Apr/2026:01:13:05 +0200] "GET /goods/str-Monocommande-De-Lavabo-Avec-Montage-Mural-Robinets/984002 HTTP/1.1" 500 199 "-" "Mozilla/5.0 AppleWebKit/537.36 (KHTML, like Gecko; compatible; bingbot/2.0; +http://www.bing.com/bingbot.htm) Chrome/116.0.1938.76 Safari/537.36"
52.167.144.195 - - [16/Apr/2026:01:13:09 +0200] "GET /goods/D-ge-2-Verres-Delord-70cl-Rakuten/558103 HTTP/1.1" 500 199 "-" "Mozilla/5.0 AppleWebKit/537.36 (KHTML, like Gecko; compatible; bingbot/2.0; +http://www.bing.com/bingbot.htm) Chrome/116.0.1938.76 Safari/537.36"
40.77.167.67 - - [16/Apr/2026:01:13:14 +0200] "GET /goods/Pour-Rectale-Orale-Et-Axillaire-Corps-Mesure-De-La/946667 HTTP/1.1" 500 199 "-" "Mozilla/5.0 AppleWebKit/537.36 (KHTML, like Gecko; compatible; bingbot/2.0; +http://www.bing.com/bingbot.htm) Chrome/116.0.1938.76 Safari/537.36"
66.249.66.33 - - [16/Apr/2026:01:13:21 +0200] "GET /goods/Format-A5-21-5x15-5cm-Couverture-Rigide-Avec-Poche-Ao-t/895577 HTTP/1.1" 500 199 "-" "Mozilla/5.0 (Linux; Android 6.0.1; Nexus 5X Build/MMB29P) AppleWebKit/537.36 (KHTML, like Gecko) Chrome/146.0.7680.177 Mobile Safari/537.36 (compatible; Googlebot/2.1; +http://www.google.com/bot.html)"
40.77.167.77 - - [16/Apr/2026:01:13:33 +0200] "GET /software/google-chrome HTTP/1.1" 500 199 "-" "Mozilla/5.0 AppleWebKit/537.36 (KHTML, like Gecko; compatible; bingbot/2.0; +http://www.bing.com/bingbot.htm) Chrome/116.0.1938.76 Safari/537.36"
66.249.66.32 - - [16/Apr/2026:01:13:44 +0200] "GET /goods/Kingman-4X-En-Feutre-Noir/421027 HTTP/1.1" 500 199 "-" "Mozilla/5.0 (Linux; Android 6.0.1; Nexus 5X Build/MMB29P) AppleWebKit/537.36 (KHTML, like Gecko) Chrome/146.0.7680.177 Mobile Safari/537.36 (compatible; Googlebot/2.1; +http://www.google.com/bot.html)"
66.249.66.32 - - [16/Apr/2026:01:13:57 +0200] "GET /goods/Jaquette-DVD-De-Un-Singe-En-Hiver-Th-atre-Cin-ma-Passion/734322 HTTP/1.1" 500 199 "-" "Mozilla/5.0 (Linux; Android 6.0.1; Nexus 5X Build/MMB29P) AppleWebKit/537.36 (KHTML, like Gecko) Chrome/146.0.7680.177 Mobile Safari/537.36 (compatible; GoogleOther)"
66.249.66.34 - - [16/Apr/2026:01:14:06 +0200] "GET /goods/Moule-G-teau-AUTREMENT-Lot-De-2-Antiadh-sif-Acier/988815 HTTP/1.1" 500 199 "-" "Mozilla/5.0 (Linux; Android 6.0.1; Nexus 5X Build/MMB29P) AppleWebKit/537.36 (KHTML, like Gecko) Chrome/146.0.7680.177 Mobile Safari/537.36 (compatible; Googlebot/2.1; +http://www.google.com/bot.html)"
66.249.66.33 - - [16/Apr/2026:01:14:29 +0200] "GET /goods/De-Vitesse-Magn-tique-Cyclone-Pour-Gar-on/435358 HTTP/1.1" 500 199 "-" "Mozilla/5.0 (Linux; Android 6.0.1; Nexus 5X Build/MMB29P) AppleWebKit/537.36 (KHTML, like Gecko) Chrome/146.0.7680.177 Mobile Safari/537.36 (compatible; Googlebot/2.1; +http://www.google.com/bot.html)"
66.249.66.32 - - [16/Apr/2026:01:14:52 +0200] "GET /goods/10-Patchs-En-Dentelle-Papillon-Double-Couche-En-Organza/823542 HTTP/1.1" 500 199 "-" "Mozilla/5.0 (Linux; Android 6.0.1; Nexus 5X Build/MMB29P) AppleWebKit/537.36 (KHTML, like Gecko) Chrome/146.0.7680.177 Mobile Safari/537.36 (compatible; Googlebot/2.1; +http://www.google.com/bot.html)"
66.249.66.32 - - [16/Apr/2026:01:15:15 +0200] "GET /goods/Couleurs-De-Pinceau-En-Silicone-Pinceau-De-Cuisine-Pinceau-De/1229313 HTTP/1.1" 500 199 "-" "Mozilla/5.0 (Linux; Android 6.0.1; Nexus 5X Build/MMB29P) AppleWebKit/537.36 (KHTML, like Gecko) Chrome/146.0.7680.177 Mobile Safari/537.36 (compatible; Googlebot/2.1; +http://www.google.com/bot.html)"
66.249.66.32 - - [16/Apr/2026:01:15:20 +0200] "GET /goods/V-tements-Accessoires-De-Clips-Magn-tiques-Boucle-D-039/1193324 HTTP/1.1" 500 199 "-" "Mozilla/5.0 (Linux; Android 6.0.1; Nexus 5X Build/MMB29P) AppleWebKit/537.36 (KHTML, like Gecko) Chrome/146.0.7680.177 Mobile Safari/537.36 (compatible; Googlebot/2.1; +http://www.google.com/bot.html)"
66.249.66.32 - - [16/Apr/2026:01:15:37 +0200] "GET /goods/10-Forets-Beton-Sds-Plus-5-PRO-10x100x165mm/843583 HTTP/1.1" 500 199 "-" "Mozilla/5.0 (Linux; Android 6.0.1; Nexus 5X Build/MMB29P) AppleWebKit/537.36 (KHTML, like Gecko) Chrome/146.0.7680.177 Mobile Safari/537.36 (compatible; Googlebot/2.1; +http://www.google.com/bot.html)"
109.172.91.206 - - [16/Apr/2026:01:15:50 +0200] "GET /web/efes/ HTTP/1.0" 500 166 "http://www.eeggs.ru/web/efes/#comment-329679" "Mozilla/5.0 (Windows NT 10.0; Win64; x64) AppleWebKit/537.36 (KHTML, like Gecko) Chrome/131.0.0.0 Safari/537.36"
109.172.91.206 - - [16/Apr/2026:01:15:50 +0200] "GET / HTTP/1.0" 500 166 "http://www.eeggs.ru/" "Mozilla/5.0 (Windows NT 10.0; Win64; x64) AppleWebKit/537.36 (KHTML, like Gecko) Chrome/131.0.0.0 Safari/537.36"
66.249.66.32 - - [16/Apr/2026:01:16:00 +0200] "GET /goods/2-Palettes-De-P-trissage-Pour-Machine-Pain-Cuisinart/1158110 HTTP/1.1" 500 199 "-" "Mozilla/5.0 (Linux; Android 6.0.1; Nexus 5X Build/MMB29P) AppleWebKit/537.36 (KHTML, like Gecko) Chrome/146.0.7680.177 Mobile Safari/537.36 (compatible; Googlebot/2.1; +http://www.google.com/bot.html)"
