40.77.167.57 - - [16/Apr/2026:02:03:41 +0200] "GET /goods/Our-Child-Of-Two-Worlds-By-Stephen-Cox-Stephen-Cox-Broch/967366 HTTP/1.1" 500 199 "-" "Mozilla/5.0 AppleWebKit/537.36 (KHTML, like Gecko; compatible; bingbot/2.0; +http://www.bing.com/bingbot.htm) Chrome/116.0.1938.76 Safari/537.36"
40.77.167.77 - - [16/Apr/2026:02:03:46 +0200] "GET /goods/Durable-Hommes-Outil-Tablier-De-Cuisine/779903 HTTP/1.1" 500 199 "-" "Mozilla/5.0 AppleWebKit/537.36 (KHTML, like Gecko; compatible; bingbot/2.0; +http://www.bing.com/bingbot.htm) Chrome/116.0.1938.76 Safari/537.36"
66.249.66.198 - - [16/Apr/2026:02:03:55 +0200] "GET /sitemap-pt-page-p1-2008-02.xml HTTP/1.1" 500 199 "-" "Mozilla/5.0 (compatible; Googlebot/2.1; +http://www.google.com/bot.html)"
66.249.66.34 - - [16/Apr/2026:02:04:38 +0200] "GET /goods/M-canicien-Mcn-Uv80-Non-Clean-Solder-Paste-Flux-Soldering-Tin/592208 HTTP/1.1" 500 199 "-" "Mozilla/5.0 (Linux; Android 6.0.1; Nexus 5X Build/MMB29P) AppleWebKit/537.36 (KHTML, like Gecko) Chrome/146.0.7680.177 Mobile Safari/537.36 (compatible; Googlebot/2.1; +http://www.google.com/bot.html)"
216.73.216.41 - - [16/Apr/2026:02:05:03 +0200] "GET / HTTP/1.1" 500 199 "-" "Mozilla/5.0 AppleWebKit/537.36 (KHTML, like Gecko; compatible; ClaudeBot/1.0; +claudebot@anthropic.com)"
66.249.66.33 - - [16/Apr/2026:02:06:29 +0200] "GET /goods/La-Comtesse-Salad-Bowl-In-Melamine-Flowers/433507 HTTP/1.1" 500 199 "-" "Mozilla/5.0 (Linux; Android 6.0.1; Nexus 5X Build/MMB29P) AppleWebKit/537.36 (KHTML, like Gecko) Chrome/146.0.7680.177 Mobile Safari/537.36 (compatible; Googlebot/2.1; +http://www.google.com/bot.html)"
66.249.66.32 - - [16/Apr/2026:02:06:49 +0200] "GET /goods/Rapporteurs-DASQUA-Ensemble-De-6-Jauges-D-039-al-sage/1066733 HTTP/1.1" 500 199 "-" "Mozilla/5.0 (Linux; Android 6.0.1; Nexus 5X Build/MMB29P) AppleWebKit/537.36 (KHTML, like Gecko) Chrome/146.0.7680.177 Mobile Safari/537.36 (compatible; Googlebot/2.1; +http://www.google.com/bot.html)"
66.249.66.33 - - [16/Apr/2026:02:07:09 +0200] "GET /goods/De-5-Boutons-De-Placard-D-Coratifs-Euro-Rose-Avec-Plaque-Florale/829044 HTTP/1.1" 500 199 "-" "Mozilla/5.0 (Linux; Android 6.0.1; Nexus 5X Build/MMB29P) AppleWebKit/537.36 (KHTML, like Gecko) Chrome/146.0.7680.177 Mobile Safari/537.36 (compatible; Googlebot/2.1; +http://www.google.com/bot.html)"
66.249.66.2 - - [16/Apr/2026:02:07:30 +0200] "GET /goods/Boucles-D-039-oreilles-Pour-Femme-Avec-Diamant-U2022-Marc-Orian/1264563 HTTP/1.1" 500 199 "-" "Mozilla/5.0 (Linux; Android 6.0.1; Nexus 5X Build/MMB29P) AppleWebKit/537.36 (KHTML, like Gecko) Chrome/146.0.7680.177 Mobile Safari/537.36 (compatible; Googlebot/2.1; +http://www.google.com/bot.html)"
204.12.208.18 - - [16/Apr/2026:02:07:30 +0200] "GET /wp-includes/bre6295f/index.php HTTP/1.1" 500 199 "http://eeggs.ru/wp-includes/bre6295f/index.php" "Mozilla/5.0 (Macintosh; Intel Mac OS X 10_6_8) AppleWebKit/534.24 (KHTML, like Gecko) Chrome/11.0.696.71 Safari/534.24"
204.12.208.18 - - [16/Apr/2026:02:07:31 +0200] "GET /wp-includes/bre6295f/index.php HTTP/1.1" 500 199 "http://eeggs.ru/wp-includes/bre6295f/index.php" "Mozilla/5.0 (Windows NT 5.1) AppleWebKit/534.30 (KHTML, like Gecko) Chrome/12.0.742.122 Safari/534.30 ChromePlus/1.6.3.1"
204.12.208.18 - - [16/Apr/2026:02:07:31 +0200] "GET /wp-includes/bre6295f/index.php HTTP/1.1" 500 199 "http://eeggs.ru/wp-includes/bre6295f/index.php" "Mozilla/5.0 (Macintosh; Intel Mac OS X 10_6_8) AppleWebKit/535.1 (KHTML, like Gecko) RockMelt/0.9.64.361 Chrome/13.0.782.218 Safari/535.1"
40.77.167.57 - - [16/Apr/2026:02:07:41 +0200] "GET /goods/notes-cologique-Non-Coll-e-Dans-Une/700418 HTTP/1.1" 500 199 "-" "Mozilla/5.0 AppleWebKit/537.36 (KHTML, like Gecko; compatible; bingbot/2.0; +http://www.bing.com/bingbot.htm) Chrome/116.0.1938.76 Safari/537.36"
47.128.60.233 - - [16/Apr/2026:02:07:43 +0200] "GET /robots.txt HTTP/1.1" 200 426 "-" "Mozilla/5.0 (Linux; Android 5.0) AppleWebKit/537.36 (KHTML, like Gecko) Mobile Safari/537.36 (compatible; Bytespider; spider-feedback@bytedance.com)"
40.77.167.57 - - [16/Apr/2026:02:07:46 +0200] "GET /goods/En-Carbure-6-8-Mm-Ensemble-De-Fraises-En-Carbure-Pour-Outils/813262 HTTP/1.1" 500 199 "-" "Mozilla/5.0 AppleWebKit/537.36 (KHTML, like Gecko; compatible; bingbot/2.0; +http://www.bing.com/bingbot.htm) Chrome/116.0.1938.76 Safari/537.36"
66.249.66.32 - - [16/Apr/2026:02:07:50 +0200] "GET /goods/Jijona-Gourmet-250-Gr-Cuisine-D-039-Espagne/1217082 HTTP/1.1" 500 199 "-" "Mozilla/5.0 (Linux; Android 6.0.1; Nexus 5X Build/MMB29P) AppleWebKit/537.36 (KHTML, like Gecko) Chrome/146.0.7680.177 Mobile Safari/537.36 (compatible; Googlebot/2.1; +http://www.google.com/bot.html)"
113.249.101.170 - - [16/Apr/2026:02:08:06 +0200] "GET /wp-login.php HTTP/1.1" 500 199 "-" "Apache-HttpClient/4.5.2 (Java/1.8.0_161)"
113.249.101.170 - - [16/Apr/2026:02:08:06 +0200] "GET /?author=1 HTTP/1.1" 500 199 "-" "Apache-HttpClient/4.5.2 (Java/1.8.0_161)"
113.249.101.170 - - [16/Apr/2026:02:08:07 +0200] "GET /?author=2 HTTP/1.1" 500 199 "-" "Apache-HttpClient/4.5.2 (Java/1.8.0_161)"
113.249.101.170 - - [16/Apr/2026:02:08:07 +0200] "GET /?author=3 HTTP/1.1" 500 199 "-" "Apache-HttpClient/4.5.2 (Java/1.8.0_161)"
113.249.101.170 - - [16/Apr/2026:02:08:08 +0200] "GET /?author=4 HTTP/1.1" 500 199 "-" "Apache-HttpClient/4.5.2 (Java/1.8.0_161)"
113.249.101.170 - - [16/Apr/2026:02:08:08 +0200] "GET /?author=5 HTTP/1.1" 500 199 "-" "Apache-HttpClient/4.5.2 (Java/1.8.0_161)"
113.249.101.170 - - [16/Apr/2026:02:08:09 +0200] "GET /?author=6 HTTP/1.1" 500 199 "-" "Apache-HttpClient/4.5.2 (Java/1.8.0_161)"
113.249.101.170 - - [16/Apr/2026:02:08:09 +0200] "GET /?author=7 HTTP/1.1" 500 199 "-" "Apache-HttpClient/4.5.2 (Java/1.8.0_161)"
113.249.101.170 - - [16/Apr/2026:02:08:10 +0200] "GET /?author=8 HTTP/1.1" 500 199 "-" "Apache-HttpClient/4.5.2 (Java/1.8.0_161)"
66.249.66.167 - - [16/Apr/2026:02:08:10 +0200] "GET /goods/Afghans-Ensemble-De-Crochets-Tunisiens-Avec-Cble-En/660886 HTTP/1.1" 500 199 "-" "Mozilla/5.0 (Linux; Android 6.0.1; Nexus 5X Build/MMB29P) AppleWebKit/537.36 (KHTML, like Gecko) Chrome/146.0.7680.177 Mobile Safari/537.36 (compatible; Googlebot/2.1; +http://www.google.com/bot.html)"
113.249.101.170 - - [16/Apr/2026:02:08:10 +0200] "GET /?author=9 HTTP/1.1" 500 199 "-" "Apache-HttpClient/4.5.2 (Java/1.8.0_161)"
113.249.101.170 - - [16/Apr/2026:02:08:11 +0200] "GET /?author=10 HTTP/1.1" 500 199 "-" "Apache-HttpClient/4.5.2 (Java/1.8.0_161)"
113.249.101.170 - - [16/Apr/2026:02:08:11 +0200] "GET /?author=11 HTTP/1.1" 500 199 "-" "Apache-HttpClient/4.5.2 (Java/1.8.0_161)"
113.249.101.170 - - [16/Apr/2026:02:08:11 +0200] "GET /?author=12 HTTP/1.1" 500 199 "-" "Apache-HttpClient/4.5.2 (Java/1.8.0_161)"
113.249.101.170 - - [16/Apr/2026:02:08:12 +0200] "GET /?author=13 HTTP/1.1" 500 199 "-" "Apache-HttpClient/4.5.2 (Java/1.8.0_161)"
216.244.66.243 - - [16/Apr/2026:02:08:12 +0200] "GET /wp-content/uploads/2008/09/aboutinternets.png HTTP/1.1" 200 40036 "-" "Mozilla/5.0 (compatible; DotBot/1.2; +https://opensiteexplorer.org/dotbot; help@moz.com)"
113.249.101.170 - - [16/Apr/2026:02:08:12 +0200] "GET /?author=14 HTTP/1.1" 500 199 "-" "Apache-HttpClient/4.5.2 (Java/1.8.0_161)"
113.249.101.170 - - [16/Apr/2026:02:08:13 +0200] "GET /?author=15 HTTP/1.1" 500 199 "-" "Apache-HttpClient/4.5.2 (Java/1.8.0_161)"
113.249.101.170 - - [16/Apr/2026:02:08:13 +0200] "GET /?author=16 HTTP/1.1" 500 199 "-" "Apache-HttpClient/4.5.2 (Java/1.8.0_161)"
113.249.101.170 - - [16/Apr/2026:02:08:14 +0200] "GET /?author=17 HTTP/1.1" 500 199 "-" "Apache-HttpClient/4.5.2 (Java/1.8.0_161)"
113.249.101.170 - - [16/Apr/2026:02:08:14 +0200] "GET /?author=18 HTTP/1.1" 500 199 "-" "Apache-HttpClient/4.5.2 (Java/1.8.0_161)"
113.249.101.170 - - [16/Apr/2026:02:08:15 +0200] "GET /?author=19 HTTP/1.1" 500 199 "-" "Apache-HttpClient/4.5.2 (Java/1.8.0_161)"
113.249.101.170 - - [16/Apr/2026:02:08:15 +0200] "GET /?author=20 HTTP/1.1" 500 199 "-" "Apache-HttpClient/4.5.2 (Java/1.8.0_161)"
66.249.66.65 - - [16/Apr/2026:02:08:30 +0200] "GET /goods/De-2-Crochets-Pliables-Clip-De-Bureau-Crochet/591263 HTTP/1.1" 500 199 "-" "Mozilla/5.0 (Linux; Android 6.0.1; Nexus 5X Build/MMB29P) AppleWebKit/537.36 (KHTML, like Gecko) Chrome/146.0.7680.177 Mobile Safari/537.36 (compatible; Googlebot/2.1; +http://www.google.com/bot.html)"
66.249.66.65 - - [16/Apr/2026:02:08:50 +0200] "GET /goods/Lot-De-4-Affiches-Pour-Chambre-D-039-enfant-b-b-U2013-Format/949866 HTTP/1.1" 500 199 "-" "Mozilla/5.0 (Linux; Android 6.0.1; Nexus 5X Build/MMB29P) AppleWebKit/537.36 (KHTML, like Gecko) Chrome/146.0.7680.177 Mobile Safari/537.36 (compatible; Googlebot/2.1; +http://www.google.com/bot.html)"
66.249.66.34 - - [16/Apr/2026:02:09:10 +0200] "GET /goods/De-5-Pi-ces-De-Cale-ons-En-Coton-Pour-Hommes-Cale-ons/1264001 HTTP/1.1" 500 199 "-" "Mozilla/5.0 (Linux; Android 6.0.1; Nexus 5X Build/MMB29P) AppleWebKit/537.36 (KHTML, like Gecko) Chrome/146.0.7680.177 Mobile Safari/537.36 (compatible; Googlebot/2.1; +http://www.google.com/bot.html)"
66.249.66.33 - - [16/Apr/2026:02:09:45 +0200] "GET /goods/De-48-3-Cm-En-Aluminium-Pour/1241980 HTTP/1.1" 500 199 "-" "Mozilla/5.0 (Linux; Android 6.0.1; Nexus 5X Build/MMB29P) AppleWebKit/537.36 (KHTML, like Gecko) Chrome/146.0.7680.177 Mobile Safari/537.36 (compatible; Googlebot/2.1; +http://www.google.com/bot.html)"
66.249.66.3 - - [16/Apr/2026:02:10:00 +0200] "GET /goods/One-T-shirt-Manches-Longues-Green-vert-Seconde-Main/859001 HTTP/1.1" 500 199 "-" "Mozilla/5.0 (Linux; Android 6.0.1; Nexus 5X Build/MMB29P) AppleWebKit/537.36 (KHTML, like Gecko) Chrome/146.0.7680.177 Mobile Safari/537.36 (compatible; Googlebot/2.1; +http://www.google.com/bot.html)"
66.249.66.197 - - [16/Apr/2026:02:10:18 +0200] "GET /goods/T-Shirt-ONLY-And-SONS-T-Shirt-Manches-Courtes-EMP/1019715 HTTP/1.1" 500 199 "-" "Mozilla/5.0 (Linux; Android 6.0.1; Nexus 5X Build/MMB29P) AppleWebKit/537.36 (KHTML, like Gecko) Chrome/146.0.7680.177 Mobile Safari/537.36 (compatible; Googlebot/2.1; +http://www.google.com/bot.html)"
66.249.66.166 - - [16/Apr/2026:02:10:33 +0200] "GET /goods/De-10-Bo-tes-D-039-exp-dition-Et-D-039-exp-dition-En-Carton/815969 HTTP/1.1" 500 199 "-" "Mozilla/5.0 (Linux; Android 6.0.1; Nexus 5X Build/MMB29P) AppleWebKit/537.36 (KHTML, like Gecko) Chrome/146.0.7680.177 Mobile Safari/537.36 (compatible; Googlebot/2.1; +http://www.google.com/bot.html)"
66.249.66.65 - - [16/Apr/2026:02:10:53 +0200] "GET /goods/De-26-Cm-4-Assiettes-Carr-es-En-Carton-Motif/761321 HTTP/1.1" 500 199 "-" "Mozilla/5.0 (Linux; Android 6.0.1; Nexus 5X Build/MMB29P) AppleWebKit/537.36 (KHTML, like Gecko) Chrome/146.0.7680.177 Mobile Safari/537.36 (compatible; Googlebot/2.1; +http://www.google.com/bot.html)"
40.77.167.57 - - [16/Apr/2026:02:11:10 +0200] "GET /goods/De-10-Poulies-De-C-ble-En-Acier-Avec-Rev-tement-En-Plastique/650457 HTTP/1.1" 500 199 "-" "Mozilla/5.0 AppleWebKit/537.36 (KHTML, like Gecko; compatible; bingbot/2.0; +http://www.bing.com/bingbot.htm) Chrome/116.0.1938.76 Safari/537.36"
40.77.167.57 - - [16/Apr/2026:02:11:14 +0200] "GET /goods/invitation-Humoristiques-Pour-Anniversaire-Denfant-Motif-Chien/875320 HTTP/1.1" 500 199 "-" "Mozilla/5.0 AppleWebKit/537.36 (KHTML, like Gecko; compatible; bingbot/2.0; +http://www.bing.com/bingbot.htm) Chrome/116.0.1938.76 Safari/537.36"
40.77.167.57 - - [16/Apr/2026:02:11:14 +0200] "GET /goods/Jetons-Poker-En-Argile-Et-ABS-14-G-40x3-3-Mm-Avec-2-Jeux-De/682488 HTTP/1.1" 500 199 "-" "Mozilla/5.0 AppleWebKit/537.36 (KHTML, like Gecko; compatible; bingbot/2.0; +http://www.bing.com/bingbot.htm) Chrome/116.0.1938.76 Safari/537.36"
40.77.167.57 - - [16/Apr/2026:02:11:14 +0200] "GET /goods/OSRAM-Ampoule-LED-Culot-E27-Jaune-2200-K-2-50-W/1011467 HTTP/1.1" 500 199 "-" "Mozilla/5.0 AppleWebKit/537.36 (KHTML, like Gecko; compatible; bingbot/2.0; +http://www.bing.com/bingbot.htm) Chrome/116.0.1938.76 Safari/537.36"
66.249.66.199 - - [16/Apr/2026:02:11:26 +0200] "GET /goods/Pour-B-b-Extra-Large-25-4-X-50-8-Cm-6-Couches-Super/596149 HTTP/1.1" 500 199 "-" "Mozilla/5.0 (Linux; Android 6.0.1; Nexus 5X Build/MMB29P) AppleWebKit/537.36 (KHTML, like Gecko) Chrome/146.0.7680.177 Mobile Safari/537.36 (compatible; Googlebot/2.1; +http://www.google.com/bot.html)"
66.249.66.3 - - [16/Apr/2026:02:11:36 +0200] "GET /goods/Pantalon-Boucle-Crochet-Cousu-La-Main-Pantalons-Crochets/727342 HTTP/1.1" 500 199 "-" "Mozilla/5.0 (Linux; Android 6.0.1; Nexus 5X Build/MMB29P) AppleWebKit/537.36 (KHTML, like Gecko) Chrome/146.0.7680.177 Mobile Safari/537.36 (compatible; Googlebot/2.1; +http://www.google.com/bot.html)"
66.249.66.166 - - [16/Apr/2026:02:11:54 +0200] "GET /goods/De-12-Masques-De-F-te-En-Papier-Pour-Enfants-Pour-Remplir/903053 HTTP/1.1" 500 199 "-" "Mozilla/5.0 (Linux; Android 6.0.1; Nexus 5X Build/MMB29P) AppleWebKit/537.36 (KHTML, like Gecko) Chrome/146.0.7680.177 Mobile Safari/537.36 (compatible; Googlebot/2.1; +http://www.google.com/bot.html)"
66.249.66.2 - - [16/Apr/2026:02:12:12 +0200] "GET /goods/Roxy-Femme-Rory-Baskets-Enfiler/1033520 HTTP/1.1" 500 199 "-" "Mozilla/5.0 (Linux; Android 6.0.1; Nexus 5X Build/MMB29P) AppleWebKit/537.36 (KHTML, like Gecko) Chrome/146.0.7680.177 Mobile Safari/537.36 (compatible; Googlebot/2.1; +http://www.google.com/bot.html)"
139.99.237.62 - - [16/Apr/2026:02:12:38 +0200] "GET http://eeggs.ru/web/efes/ HTTP/1.0" 500 166 "-" "Mozilla/5.0 (compatible; Googlebot/2.1; +http://www.google.com/bot.html)"
66.249.66.32 - - [16/Apr/2026:02:12:45 +0200] "GET /goods/Prot-ge-matelas-Imperm-able-Pour-Lit-Simple-Housse-De/520316 HTTP/1.1" 500 199 "-" "Mozilla/5.0 (Linux; Android 6.0.1; Nexus 5X Build/MMB29P) AppleWebKit/537.36 (KHTML, like Gecko) Chrome/146.0.7680.177 Mobile Safari/537.36 (compatible; Googlebot/2.1; +http://www.google.com/bot.html)"
66.249.66.34 - - [16/Apr/2026:02:13:05 +0200] "GET /goods/D-s-Coudre-Porcelaine-Canada/1199789 HTTP/1.1" 500 199 "-" "Mozilla/5.0 (Linux; Android 6.0.1; Nexus 5X Build/MMB29P) AppleWebKit/537.36 (KHTML, like Gecko) Chrome/146.0.7680.177 Mobile Safari/537.36 (compatible; Googlebot/2.1; +http://www.google.com/bot.html)"
66.249.66.198 - - [16/Apr/2026:02:13:07 +0200] "GET /goods/es-Avec-Trous-Et-Soucoupe-Pot-De-Fleur-Petit-Pot-De-Fleur/1097321 HTTP/1.1" 500 199 "-" "Mozilla/5.0 (Linux; Android 6.0.1; Nexus 5X Build/MMB29P) AppleWebKit/537.36 (KHTML, like Gecko) Chrome/146.0.7680.177 Mobile Safari/537.36 (compatible; Googlebot/2.1; +http://www.google.com/bot.html)"
66.249.66.33 - - [16/Apr/2026:02:13:20 +0200] "GET /goods/M-canicien-Mcn-Uv80-Non-Clean-Solder-Paste-Flux-Soldering-Tin/592208 HTTP/1.1" 500 199 "-" "Mozilla/5.0 (Linux; Android 6.0.1; Nexus 5X Build/MMB29P) AppleWebKit/537.36 (KHTML, like Gecko) Chrome/146.0.7680.177 Mobile Safari/537.36 (compatible; GoogleOther)"
66.249.66.33 - - [16/Apr/2026:02:13:23 +0200] "GET /goods/Legends-Series-Retro-Figurine-De-Collection-Fantastic-Four/638782 HTTP/1.1" 500 199 "-" "Mozilla/5.0 (Linux; Android 6.0.1; Nexus 5X Build/MMB29P) AppleWebKit/537.36 (KHTML, like Gecko) Chrome/146.0.7680.177 Mobile Safari/537.36 (compatible; Googlebot/2.1; +http://www.google.com/bot.html)"
66.249.66.32 - - [16/Apr/2026:02:13:38 +0200] "GET /goods/Couverture-Corgi-Est-Super-Douce-Et-Chaude-La/1102230 HTTP/1.1" 500 199 "-" "Mozilla/5.0 (Linux; Android 6.0.1; Nexus 5X Build/MMB29P) AppleWebKit/537.36 (KHTML, like Gecko) Chrome/146.0.7680.177 Mobile Safari/537.36 (compatible; Googlebot/2.1; +http://www.google.com/bot.html)"
66.249.66.32 - - [16/Apr/2026:02:13:54 +0200] "GET /goods/Girls-School-Pants-High-Waist-Teen-Girls-Skinny-Pants-Work/870546 HTTP/1.1" 500 199 "-" "Mozilla/5.0 (Linux; Android 6.0.1; Nexus 5X Build/MMB29P) AppleWebKit/537.36 (KHTML, like Gecko) Chrome/146.0.7680.177 Mobile Safari/537.36 (compatible; Googlebot/2.1; +http://www.google.com/bot.html)"
114.119.129.148 - - [16/Apr/2026:02:13:55 +0200] "GET /software/adobe-illustrator-cs3/ HTTP/1.1" 500 199 "http://www.eeggs.ru/software/zend-studio-authors/" "Mozilla/5.0 (Linux; Android 7.0;) AppleWebKit/537.36 (KHTML, like Gecko) Mobile Safari/537.36 (compatible; PetalBot;+https://webmaster.petalsearch.com/site/petalbot)"
52.167.144.189 - - [16/Apr/2026:02:14:05 +0200] "GET /goods/The-Boudreaux-Famly-Seres-By-Deborah-Fletcher/698516 HTTP/1.1" 500 199 "-" "Mozilla/5.0 AppleWebKit/537.36 (KHTML, like Gecko; compatible; bingbot/2.0; +http://www.bing.com/bingbot.htm) Chrome/116.0.1938.76 Safari/537.36"
52.167.144.189 - - [16/Apr/2026:02:14:06 +0200] "GET /goods/160-Mm-N20-W-long-Arbre-De-Sortie-Courant/444339 HTTP/1.1" 500 199 "-" "Mozilla/5.0 AppleWebKit/537.36 (KHTML, like Gecko; compatible; bingbot/2.0; +http://www.bing.com/bingbot.htm) Chrome/116.0.1938.76 Safari/537.36"
40.77.167.159 - - [16/Apr/2026:02:14:21 +0200] "GET /goods/De-Montre-En-Cuir-Ou-En-Acier-Nos-Conseils-Pour-Choisir-Des/693130 HTTP/1.1" 500 199 "-" "Mozilla/5.0 AppleWebKit/537.36 (KHTML, like Gecko; compatible; bingbot/2.0; +http://www.bing.com/bingbot.htm) Chrome/116.0.1938.76 Safari/537.36"
40.77.167.159 - - [16/Apr/2026:02:14:21 +0200] "GET /goods/BECKERT-Pour-Machine-A-Coudre-Industrielle/641574 HTTP/1.1" 500 199 "-" "Mozilla/5.0 AppleWebKit/537.36 (KHTML, like Gecko; compatible; bingbot/2.0; +http://www.bing.com/bingbot.htm) Chrome/116.0.1938.76 Safari/537.36"
66.249.66.32 - - [16/Apr/2026:02:14:24 +0200] "GET /goods/Star-Wars-The-Black-Series-Dark-Malak-Figurine-De-15-Cm/638203 HTTP/1.1" 500 199 "-" "Mozilla/5.0 (Linux; Android 6.0.1; Nexus 5X Build/MMB29P) AppleWebKit/537.36 (KHTML, like Gecko) Chrome/146.0.7680.177 Mobile Safari/537.36 (compatible; Googlebot/2.1; +http://www.google.com/bot.html)"
66.249.66.32 - - [16/Apr/2026:02:14:40 +0200] "GET /goods/De-Noel-Arbre-De-Noel-Jupe-De-Sapin-De-Noel-Decoration-De-Sapin/790172 HTTP/1.1" 500 199 "-" "Mozilla/5.0 (Linux; Android 6.0.1; Nexus 5X Build/MMB29P) AppleWebKit/537.36 (KHTML, like Gecko) Chrome/146.0.7680.177 Mobile Safari/537.36 (compatible; Googlebot/2.1; +http://www.google.com/bot.html)"
94.154.35.236 - - [16/Apr/2026:02:14:47 +0200] "HEAD /system.7z HTTP/1.1" 500 166 "-" "Mozilla/5.0 (Windows NT 10.0; Win64; x64) AppleWebKit/537.36 (KHTML, like Gecko) Chrome/101.0.4951.67 Safari/537.36"
66.249.66.32 - - [16/Apr/2026:02:14:55 +0200] "GET /goods/Shortalls-Volants-Rose/679313 HTTP/1.1" 500 199 "-" "Mozilla/5.0 (Linux; Android 6.0.1; Nexus 5X Build/MMB29P) AppleWebKit/537.36 (KHTML, like Gecko) Chrome/146.0.7680.177 Mobile Safari/537.36 (compatible; Googlebot/2.1; +http://www.google.com/bot.html)"
66.249.66.32 - - [16/Apr/2026:02:15:10 +0200] "GET /goods/Fleurs-Applique-De-Fleurs-En-Dentelle/1220147 HTTP/1.1" 500 199 "-" "Mozilla/5.0 (Linux; Android 6.0.1; Nexus 5X Build/MMB29P) AppleWebKit/537.36 (KHTML, like Gecko) Chrome/146.0.7680.177 Mobile Safari/537.36 (compatible; Googlebot/2.1; +http://www.google.com/bot.html)"
66.249.66.33 - - [16/Apr/2026:02:15:14 +0200] "GET /goods/Cuisine-4-tages-Avec-2-Portes-En-Rotin-Compartiment-Ouvert/561684 HTTP/1.1" 500 199 "-" "Mozilla/5.0 (Linux; Android 6.0.1; Nexus 5X Build/MMB29P) AppleWebKit/537.36 (KHTML, like Gecko) Chrome/146.0.7680.177 Mobile Safari/537.36 (compatible; Googlebot/2.1; +http://www.google.com/bot.html)"
66.249.66.32 - - [16/Apr/2026:02:15:34 +0200] "GET /goods/Tableau-Blanc-Avec-Cadre-En-Bois-60-X-90-Cm/965369 HTTP/1.1" 500 199 "-" "Mozilla/5.0 (Linux; Android 6.0.1; Nexus 5X Build/MMB29P) AppleWebKit/537.36 (KHTML, like Gecko) Chrome/146.0.7680.177 Mobile Safari/537.36 (compatible; Googlebot/2.1; +http://www.google.com/bot.html)"
66.249.66.32 - - [16/Apr/2026:02:15:54 +0200] "GET /goods/Rapide-Levure-Cuisson-Machine-Recettes-125g/843216 HTTP/1.1" 500 199 "-" "Mozilla/5.0 (Linux; Android 6.0.1; Nexus 5X Build/MMB29P) AppleWebKit/537.36 (KHTML, like Gecko) Chrome/146.0.7680.177 Mobile Safari/537.36 (compatible; Googlebot/2.1; +http://www.google.com/bot.html)"
66.249.66.34 - - [16/Apr/2026:02:16:14 +0200] "GET /goods/T-l-commande-Pour-Sharp-AQUOS-TV/505509 HTTP/1.1" 500 199 "-" "Mozilla/5.0 (Linux; Android 6.0.1; Nexus 5X Build/MMB29P) AppleWebKit/537.36 (KHTML, like Gecko) Chrome/146.0.7680.177 Mobile Safari/537.36 (compatible; Googlebot/2.1; +http://www.google.com/bot.html)"
66.249.66.33 - - [16/Apr/2026:02:16:34 +0200] "GET /goods/Avec-Franges-Anti-mouches-Pour-Cheval-Waldhausen/964544 HTTP/1.1" 500 199 "-" "Mozilla/5.0 (Linux; Android 6.0.1; Nexus 5X Build/MMB29P) AppleWebKit/537.36 (KHTML, like Gecko) Chrome/146.0.7680.177 Mobile Safari/537.36 (compatible; Googlebot/2.1; +http://www.google.com/bot.html)"
66.249.66.32 - - [16/Apr/2026:02:16:55 +0200] "GET /goods/Pour-Femme-Manches-3-4-Col-En-V/1118854 HTTP/1.1" 500 199 "-" "Mozilla/5.0 (Linux; Android 6.0.1; Nexus 5X Build/MMB29P) AppleWebKit/537.36 (KHTML, like Gecko) Chrome/146.0.7680.177 Mobile Safari/537.36 (compatible; Googlebot/2.1; +http://www.google.com/bot.html)"
114.119.129.158 - - [16/Apr/2026:02:16:58 +0200] "GET /category/games HTTP/1.1" 500 199 "http://www.eeggs.ru/software/macromedia-flash-8-pro" "Mozilla/5.0 (Linux; Android 7.0;) AppleWebKit/537.36 (KHTML, like Gecko) Mobile Safari/537.36 (compatible; PetalBot;+https://webmaster.petalsearch.com/site/petalbot)"
66.249.66.33 - - [16/Apr/2026:02:17:15 +0200] "GET /goods/STANLEY-2-46-143-querre-Combinaison-Die-Cast-Multi-Usage/722563 HTTP/1.1" 500 199 "-" "Mozilla/5.0 (Linux; Android 6.0.1; Nexus 5X Build/MMB29P) AppleWebKit/537.36 (KHTML, like Gecko) Chrome/146.0.7680.177 Mobile Safari/537.36 (compatible; Googlebot/2.1; +http://www.google.com/bot.html)"
66.249.66.33 - - [16/Apr/2026:02:17:36 +0200] "GET /goods/tel-Crop-Top-Moulant-Tshirt-l-gant-Haut-D-contract/1029333 HTTP/1.1" 500 199 "-" "Mozilla/5.0 (Linux; Android 6.0.1; Nexus 5X Build/MMB29P) AppleWebKit/537.36 (KHTML, like Gecko) Chrome/146.0.7680.177 Mobile Safari/537.36 (compatible; Googlebot/2.1; +http://www.google.com/bot.html)"
66.249.66.33 - - [16/Apr/2026:02:18:08 +0200] "GET /goods/s-Et-D-licats-2-L-Lot-De/1252535 HTTP/1.1" 500 199 "-" "Mozilla/5.0 (Linux; Android 6.0.1; Nexus 5X Build/MMB29P) AppleWebKit/537.36 (KHTML, like Gecko) Chrome/146.0.7680.177 Mobile Safari/537.36 (compatible; Googlebot/2.1; +http://www.google.com/bot.html)"
66.249.66.2 - - [16/Apr/2026:02:18:25 +0200] "GET /goods/VOWALNY-Pistolet-Thermique-Sans-Fil-Compatible-Avec-Batterie/455343 HTTP/1.1" 500 199 "-" "Mozilla/5.0 (Linux; Android 6.0.1; Nexus 5X Build/MMB29P) AppleWebKit/537.36 (KHTML, like Gecko) Chrome/146.0.7680.177 Mobile Safari/537.36 (compatible; Googlebot/2.1; +http://www.google.com/bot.html)"
66.249.66.32 - - [16/Apr/2026:02:18:46 +0200] "GET /goods/Bo-te-Cl-s-Bo-te-Cl-s-Peinte-Avec-Porte/1254208 HTTP/1.1" 500 199 "-" "Mozilla/5.0 (Linux; Android 6.0.1; Nexus 5X Build/MMB29P) AppleWebKit/537.36 (KHTML, like Gecko) Chrome/146.0.7680.177 Mobile Safari/537.36 (compatible; Googlebot/2.1; +http://www.google.com/bot.html)"
52.167.144.189 - - [16/Apr/2026:02:18:57 +0200] "GET /goods/Pochette-En-Lin-Fin-Pour-Serviette-De-Table-Linge-Ancien-Brod/531593 HTTP/1.1" 500 199 "-" "Mozilla/5.0 AppleWebKit/537.36 (KHTML, like Gecko; compatible; bingbot/2.0; +http://www.bing.com/bingbot.htm) Chrome/116.0.1938.76 Safari/537.36"
66.249.66.34 - - [16/Apr/2026:02:19:02 +0200] "GET /goods/Doubl-Jersey-Pour-B-b-Gar-on-Orchestra/471139 HTTP/1.1" 500 199 "-" "Mozilla/5.0 (Linux; Android 6.0.1; Nexus 5X Build/MMB29P) AppleWebKit/537.36 (KHTML, like Gecko) Chrome/146.0.7680.177 Mobile Safari/537.36 (compatible; Googlebot/2.1; +http://www.google.com/bot.html)"
66.249.66.33 - - [16/Apr/2026:02:19:17 +0200] "GET /goods/Pour-Plantes-Crochets-R-tractables-Pour/492329 HTTP/1.1" 500 199 "-" "Mozilla/5.0 (Linux; Android 6.0.1; Nexus 5X Build/MMB29P) AppleWebKit/537.36 (KHTML, like Gecko) Chrome/146.0.7680.177 Mobile Safari/537.36 (compatible; Googlebot/2.1; +http://www.google.com/bot.html)"
47.128.60.252 - - [16/Apr/2026:02:19:24 +0200] "GET /robots.txt HTTP/1.1" 200 426 "-" "Mozilla/5.0 (Linux; Android 5.0) AppleWebKit/537.36 (KHTML, like Gecko) Mobile Safari/537.36 (compatible; Bytespider; spider-feedback@bytedance.com)"
195.2.84.198 - - [16/Apr/2026:02:19:37 +0200] "GET /web/efes/ HTTP/1.0" 500 166 "http://www.eeggs.ru/web/efes/#comment-242597" "Mozilla/5.0 (Windows NT 10.0; Win64; x64) AppleWebKit/537.36 (KHTML, like Gecko) Chrome/129.0.0.0 Safari/537.36"
195.2.84.198 - - [16/Apr/2026:02:19:38 +0200] "GET / HTTP/1.0" 500 166 "http://www.eeggs.ru/" "Mozilla/5.0 (Windows NT 10.0; Win64; x64) AppleWebKit/537.36 (KHTML, like Gecko) Chrome/129.0.0.0 Safari/537.36"
66.249.66.32 - - [16/Apr/2026:02:19:51 +0200] "GET /goods/tal-20-Pi-ces-U2013-Crochets/748025 HTTP/1.1" 500 199 "-" "Mozilla/5.0 (Linux; Android 6.0.1; Nexus 5X Build/MMB29P) AppleWebKit/537.36 (KHTML, like Gecko) Chrome/146.0.7680.177 Mobile Safari/537.36 (compatible; Googlebot/2.1; +http://www.google.com/bot.html)"
52.167.144.189 - - [16/Apr/2026:02:19:59 +0200] "GET /goods/Games-Alcoholics-Play-De-Claude-M-Steiner/645047 HTTP/1.1" 500 199 "-" "Mozilla/5.0 AppleWebKit/537.36 (KHTML, like Gecko; compatible; bingbot/2.0; +http://www.bing.com/bingbot.htm) Chrome/116.0.1938.76 Safari/537.36"
52.167.144.189 - - [16/Apr/2026:02:20:00 +0200] "GET /goods/Eemann-Tech-HOLOSUN-407K-507K-Pour-Glock-MOS-DEVILLE-ARMORY/1132690 HTTP/1.1" 500 199 "-" "Mozilla/5.0 AppleWebKit/537.36 (KHTML, like Gecko; compatible; bingbot/2.0; +http://www.bing.com/bingbot.htm) Chrome/116.0.1938.76 Safari/537.36"
40.77.167.41 - - [16/Apr/2026:02:20:03 +0200] "GET /goods/Assortiment-De-5-Lames-De-Scie-Sauteuse-Pour-Bois-Et-Metal-DIAGER/1281293 HTTP/1.1" 500 199 "-" "Mozilla/5.0 AppleWebKit/537.36 (KHTML, like Gecko; compatible; bingbot/2.0; +http://www.bing.com/bingbot.htm) Chrome/116.0.1938.76 Safari/537.36"
66.249.66.33 - - [16/Apr/2026:02:20:06 +0200] "GET /goods/Le-Blanc-Facile-Peinture-Int-rieure-Murs-Plafonds-Boiseries/592162 HTTP/1.1" 500 199 "-" "Mozilla/5.0 (Linux; Android 6.0.1; Nexus 5X Build/MMB29P) AppleWebKit/537.36 (KHTML, like Gecko) Chrome/146.0.7680.177 Mobile Safari/537.36 (compatible; Googlebot/2.1; +http://www.google.com/bot.html)"
87.117.55.3 - - [16/Apr/2026:02:20:22 +0200] "GET /web/efes/ HTTP/1.0" 500 166 "http://eeggs.ru/web/efes/" "Mozilla/5.0 (Windows NT 10.0; Win64; x64) AppleWebKit/537.36 (KHTML, like Gecko) Chrome/131.0.0.0 Safari/537.36"
66.249.66.32 - - [16/Apr/2026:02:20:23 +0200] "GET /goods/Da-2-Mt-TL1205-Per-Strisce-A-Led-Con/1107806 HTTP/1.1" 500 199 "-" "Mozilla/5.0 (Linux; Android 6.0.1; Nexus 5X Build/MMB29P) AppleWebKit/537.36 (KHTML, like Gecko) Chrome/146.0.7680.177 Mobile Safari/537.36 (compatible; Googlebot/2.1; +http://www.google.com/bot.html)"
66.249.66.32 - - [16/Apr/2026:02:20:39 +0200] "GET /goods/Cha-ne-De-Pluie-Pour-Goutti-res-100cm/1201336 HTTP/1.1" 500 199 "-" "Mozilla/5.0 (Linux; Android 6.0.1; Nexus 5X Build/MMB29P) AppleWebKit/537.36 (KHTML, like Gecko) Chrome/146.0.7680.177 Mobile Safari/537.36 (compatible; Googlebot/2.1; +http://www.google.com/bot.html)"
66.249.66.32 - - [16/Apr/2026:02:20:41 +0200] "GET /goods/De-8-Paires-De-Lunettes-De-Soleil-Amusantes-En/648192 HTTP/1.1" 500 199 "-" "Mozilla/5.0 (Linux; Android 6.0.1; Nexus 5X Build/MMB29P) AppleWebKit/537.36 (KHTML, like Gecko) Chrome/146.0.7680.177 Mobile Safari/537.36 (compatible; Googlebot/2.1; +http://www.google.com/bot.html)"
66.249.66.34 - - [16/Apr/2026:02:21:03 +0200] "GET /goods/Blocs-De-B-b-DouxBoules-Textur-es-Et-Ensemble-De-Jouets/564804 HTTP/1.1" 500 199 "-" "Mozilla/5.0 (Linux; Android 6.0.1; Nexus 5X Build/MMB29P) AppleWebKit/537.36 (KHTML, like Gecko) Chrome/146.0.7680.177 Mobile Safari/537.36 (compatible; Googlebot/2.1; +http://www.google.com/bot.html)"
66.249.66.33 - - [16/Apr/2026:02:21:19 +0200] "GET /goods/soleil-En-Cristal-Attrape-soleil-Suspendre-Avec/1201113 HTTP/1.1" 500 199 "-" "Mozilla/5.0 (Linux; Android 6.0.1; Nexus 5X Build/MMB29P) AppleWebKit/537.36 (KHTML, like Gecko) Chrome/146.0.7680.177 Mobile Safari/537.36 (compatible; Googlebot/2.1; +http://www.google.com/bot.html)"
66.249.66.32 - - [16/Apr/2026:02:21:49 +0200] "GET /goods/Guirlande-12-M-tres-20-Drapeaux-Cuba-45X30-Cm-Drapeau/1200410 HTTP/1.1" 500 199 "-" "Mozilla/5.0 (Linux; Android 6.0.1; Nexus 5X Build/MMB29P) AppleWebKit/537.36 (KHTML, like Gecko) Chrome/146.0.7680.177 Mobile Safari/537.36 (compatible; Googlebot/2.1; +http://www.google.com/bot.html)"
66.249.66.66 - - [16/Apr/2026:02:22:05 +0200] "GET /goods/Umigy-Lot-De-4-Bo-tes-De-Rangement-Pour-Riz-Farine-Nourriture/476988 HTTP/1.1" 500 199 "-" "Mozilla/5.0 (Linux; Android 6.0.1; Nexus 5X Build/MMB29P) AppleWebKit/537.36 (KHTML, like Gecko) Chrome/146.0.7680.177 Mobile Safari/537.36 (compatible; Googlebot/2.1; +http://www.google.com/bot.html)"
66.249.66.32 - - [16/Apr/2026:02:22:20 +0200] "GET /goods/Ripaz-Tapis-En-Jute-Naturel-Tapis-Rond-Boh-me-Fait-La-Main/1022975 HTTP/1.1" 500 199 "-" "Mozilla/5.0 (Linux; Android 6.0.1; Nexus 5X Build/MMB29P) AppleWebKit/537.36 (KHTML, like Gecko) Chrome/146.0.7680.177 Mobile Safari/537.36 (compatible; Googlebot/2.1; +http://www.google.com/bot.html)"
167.253.34.3 - - [16/Apr/2026:02:22:36 +0200] "GET /robots.txt HTTP/1.0" 200 593 "-" "Mozilla/4.0 (compatible; fluid/0.0; +http://www.leak.info/bot.html)"
66.249.66.32 - - [16/Apr/2026:02:22:37 +0200] "GET /goods/FLAGLY-Anneaux-De-Drapeaux-5-Pi-ces-Pour-La-Pour-La-Fixation/1092176 HTTP/1.1" 500 199 "-" "Mozilla/5.0 (Linux; Android 6.0.1; Nexus 5X Build/MMB29P) AppleWebKit/537.36 (KHTML, like Gecko) Chrome/146.0.7680.177 Mobile Safari/537.36 (compatible; Googlebot/2.1; +http://www.google.com/bot.html)"
109.107.160.27 - - [16/Apr/2026:02:22:50 +0200] "GET /web/efes/ HTTP/1.0" 500 166 "http://www.eeggs.ru/web/efes/#comment-325446/" "Mozilla/5.0 (Windows NT 10.0; Win64; x64) AppleWebKit/537.36 (KHTML, like Gecko) Chrome/130.0.0.0 Safari/537.36 CCleaner/130.0.0.0"
194.33.36.28 - - [16/Apr/2026:02:22:50 +0200] "GET /web/efes/ HTTP/1.0" 500 166 "http://www.eeggs.ru/web/efes/#comment-325446/" "Mozilla/5.0 (Windows NT 10.0; Win64; x64) AppleWebKit/537.36 (KHTML, like Gecko) Chrome/130.0.0.0 Safari/537.36 CCleaner/130.0.0.0"
194.156.92.91 - - [16/Apr/2026:02:22:50 +0200] "GET /web/efes/ HTTP/1.0" 500 166 "http://www.eeggs.ru/web/efes/#comment-325446/" "Mozilla/5.0 (Windows NT 10.0; Win64; x64) AppleWebKit/537.36 (KHTML, like Gecko) Chrome/130.0.0.0 Safari/537.36 CCleaner/130.0.0.0"
45.151.145.156 - - [16/Apr/2026:02:22:50 +0200] "GET /web/efes/ HTTP/1.0" 500 166 "http://www.eeggs.ru/web/efes/#comment-325446/" "Mozilla/5.0 (Windows NT 10.0; Win64; x64) AppleWebKit/537.36 (KHTML, like Gecko) Chrome/130.0.0.0 Safari/537.36 CCleaner/130.0.0.0"
45.151.145.156 - - [16/Apr/2026:02:22:51 +0200] "GET / HTTP/1.0" 500 166 "http://www.eeggs.ru/" "Mozilla/5.0 (Windows NT 10.0; Win64; x64) AppleWebKit/537.36 (KHTML, like Gecko) Chrome/130.0.0.0 Safari/537.36 CCleaner/130.0.0.0"
66.249.66.32 - - [16/Apr/2026:02:22:52 +0200] "GET /goods/Poubelle-Lxh-95X80Cm-30Pcs-Sacs-Poubelle-Noirs-Sac/760187 HTTP/1.1" 500 199 "-" "Mozilla/5.0 (Linux; Android 6.0.1; Nexus 5X Build/MMB29P) AppleWebKit/537.36 (KHTML, like Gecko) Chrome/146.0.7680.177 Mobile Safari/537.36 (compatible; Googlebot/2.1; +http://www.google.com/bot.html)"
66.249.66.34 - - [16/Apr/2026:02:23:09 +0200] "GET /goods/Chaussette-Homme-Chaussette-Antid-rapante-Foot-chaussettes/965163 HTTP/1.1" 500 199 "-" "Mozilla/5.0 (Linux; Android 6.0.1; Nexus 5X Build/MMB29P) AppleWebKit/537.36 (KHTML, like Gecko) Chrome/146.0.7680.177 Mobile Safari/537.36 (compatible; Googlebot/2.1; +http://www.google.com/bot.html)"
52.167.144.189 - - [16/Apr/2026:02:23:10 +0200] "GET /goods/130dB-DC5V-1A-Micro-USB-D-cibelm-tre-TA654B/697720 HTTP/1.1" 500 199 "-" "Mozilla/5.0 AppleWebKit/537.36 (KHTML, like Gecko; compatible; bingbot/2.0; +http://www.bing.com/bingbot.htm) Chrome/116.0.1938.76 Safari/537.36"
52.167.144.189 - - [16/Apr/2026:02:23:10 +0200] "GET /goods/De-Morph-e-Matelas-Enfant-80x160-Moelleux-10cm/708574 HTTP/1.1" 500 199 "-" "Mozilla/5.0 AppleWebKit/537.36 (KHTML, like Gecko; compatible; bingbot/2.0; +http://www.bing.com/bingbot.htm) Chrome/116.0.1938.76 Safari/537.36"
66.249.66.33 - - [16/Apr/2026:02:23:25 +0200] "GET /goods/Gestion-Des-C-bles-Sous-Le-Bureau-Organiseur-De-C-bles-Sans/696042 HTTP/1.1" 500 199 "-" "Mozilla/5.0 (Linux; Android 6.0.1; Nexus 5X Build/MMB29P) AppleWebKit/537.36 (KHTML, like Gecko) Chrome/146.0.7680.177 Mobile Safari/537.36 (compatible; Googlebot/2.1; +http://www.google.com/bot.html)"
66.249.66.32 - - [16/Apr/2026:02:23:53 +0200] "GET /goods/POUR-MOUSSE-EXPANSIVE/1046211 HTTP/1.1" 500 199 "-" "Mozilla/5.0 (Linux; Android 6.0.1; Nexus 5X Build/MMB29P) AppleWebKit/537.36 (KHTML, like Gecko) Chrome/146.0.7680.177 Mobile Safari/537.36 (compatible; Googlebot/2.1; +http://www.google.com/bot.html)"
182.44.67.97 - - [16/Apr/2026:02:24:02 +0200] "GET / HTTP/1.1" 500 199 "-" "Mozilla/5.0 (iPhone; CPU iPhone OS 13_2_3 like Mac OS X) AppleWebKit/605.1.15 (KHTML, like Gecko) Version/13.0.3 Mobile/15E148 Safari/604.1"
66.249.66.34 - - [16/Apr/2026:02:24:03 +0200] "GET /goods/50-App-ts-De-Natation-En-Plastique-Souple-Durable-Pour-P-che-En/938958 HTTP/1.1" 500 199 "-" "Mozilla/5.0 (Linux; Android 6.0.1; Nexus 5X Build/MMB29P) AppleWebKit/537.36 (KHTML, like Gecko) Chrome/146.0.7680.177 Mobile Safari/537.36 (compatible; Googlebot/2.1; +http://www.google.com/bot.html)"
66.249.66.33 - - [16/Apr/2026:02:24:18 +0200] "GET /goods/En-Acier-Inoxydable-24-Cm-Cloche/851555 HTTP/1.1" 500 199 "-" "Mozilla/5.0 (Linux; Android 6.0.1; Nexus 5X Build/MMB29P) AppleWebKit/537.36 (KHTML, like Gecko) Chrome/146.0.7680.177 Mobile Safari/537.36 (compatible; Googlebot/2.1; +http://www.google.com/bot.html)"
66.249.66.32 - - [16/Apr/2026:02:24:39 +0200] "GET /goods/Nettoyage-Brosse-De-Nettoyage-lectrique-Compatible-Bosch-Home/663219 HTTP/1.1" 500 199 "-" "Mozilla/5.0 (Linux; Android 6.0.1; Nexus 5X Build/MMB29P) AppleWebKit/537.36 (KHTML, like Gecko) Chrome/146.0.7680.177 Mobile Safari/537.36 (compatible; Googlebot/2.1; +http://www.google.com/bot.html)"
66.249.66.32 - - [16/Apr/2026:02:24:59 +0200] "GET /goods/S-chage-Rapide-Des-Ongles-Avec-72-Perles-LED/1085837 HTTP/1.1" 500 199 "-" "Mozilla/5.0 (Linux; Android 6.0.1; Nexus 5X Build/MMB29P) AppleWebKit/537.36 (KHTML, like Gecko) Chrome/146.0.7680.177 Mobile Safari/537.36 (compatible; Googlebot/2.1; +http://www.google.com/bot.html)"
66.249.66.33 - - [16/Apr/2026:02:25:34 +0200] "GET /goods/Grand-Salon-Lumi-re-Couleur/1204180 HTTP/1.1" 500 199 "-" "Mozilla/5.0 (Linux; Android 6.0.1; Nexus 5X Build/MMB29P) AppleWebKit/537.36 (KHTML, like Gecko) Chrome/146.0.7680.177 Mobile Safari/537.36 (compatible; Googlebot/2.1; +http://www.google.com/bot.html)"
152.228.220.143 - - [16/Apr/2026:02:25:54 +0200] "GET /software/adobe-illustrator-cs3/feed/ HTTP/1.1" 500 199 "-" "Mozilla/5.0 (X11; Linux i686) AppleWebKit/537.36 (KHTML, like Gecko) Chrome/30.0.1599.66 Safari/537.36"
66.249.66.33 - - [16/Apr/2026:02:25:59 +0200] "GET /goods/Sur-Le-Com-dien-Livre-Rare-Book/1193472 HTTP/1.1" 500 199 "-" "Mozilla/5.0 (Linux; Android 6.0.1; Nexus 5X Build/MMB29P) AppleWebKit/537.36 (KHTML, like Gecko) Chrome/146.0.7680.177 Mobile Safari/537.36 (compatible; Googlebot/2.1; +http://www.google.com/bot.html)"
66.249.66.34 - - [16/Apr/2026:02:26:15 +0200] "GET /goods/parapluies-Design-quot-ulrich-quot-30cm-Blanc-Porte-manteaux/954568 HTTP/1.1" 500 199 "-" "Mozilla/5.0 (Linux; Android 6.0.1; Nexus 5X Build/MMB29P) AppleWebKit/537.36 (KHTML, like Gecko) Chrome/146.0.7680.177 Mobile Safari/537.36 (compatible; Googlebot/2.1; +http://www.google.com/bot.html)"
66.249.66.33 - - [16/Apr/2026:02:26:30 +0200] "GET /goods/Pour-Casque-Tatical-Airsoft-FMA-L4-G24-NVG-CNC-OPS-PJ-MH-BJ-Mich/518668 HTTP/1.1" 500 199 "-" "Mozilla/5.0 (Linux; Android 6.0.1; Nexus 5X Build/MMB29P) AppleWebKit/537.36 (KHTML, like Gecko) Chrome/146.0.7680.177 Mobile Safari/537.36 (compatible; Googlebot/2.1; +http://www.google.com/bot.html)"
66.249.66.32 - - [16/Apr/2026:02:26:49 +0200] "GET /goods/200W-300W-oliennes-Horizontales-nergie-Domestique/634173 HTTP/1.1" 500 199 "-" "Mozilla/5.0 (Linux; Android 6.0.1; Nexus 5X Build/MMB29P) AppleWebKit/537.36 (KHTML, like Gecko) Chrome/146.0.7680.177 Mobile Safari/537.36 (compatible; Googlebot/2.1; +http://www.google.com/bot.html)"
66.249.66.33 - - [16/Apr/2026:02:27:00 +0200] "GET /goods/D-fonceuse-lectrique-710W-13000-33000RPM/744479 HTTP/1.1" 500 199 "-" "Mozilla/5.0 (Linux; Android 6.0.1; Nexus 5X Build/MMB29P) AppleWebKit/537.36 (KHTML, like Gecko) Chrome/146.0.7680.177 Mobile Safari/537.36 (compatible; Googlebot/2.1; +http://www.google.com/bot.html)"
66.249.66.33 - - [16/Apr/2026:02:27:20 +0200] "GET /goods/tui-Couteaux-De-Poche-Gaine-De-Couteau-tui-Couteau/602086 HTTP/1.1" 500 199 "-" "Mozilla/5.0 (Linux; Android 6.0.1; Nexus 5X Build/MMB29P) AppleWebKit/537.36 (KHTML, like Gecko) Chrome/146.0.7680.177 Mobile Safari/537.36 (compatible; Googlebot/2.1; +http://www.google.com/bot.html)"
66.249.66.32 - - [16/Apr/2026:02:27:54 +0200] "GET /goods/X5-Plus-Silicone-TPU-Cover-Souple-Cristal-Bumper/1215215 HTTP/1.1" 500 199 "-" "Mozilla/5.0 (Linux; Android 6.0.1; Nexus 5X Build/MMB29P) AppleWebKit/537.36 (KHTML, like Gecko) Chrome/146.0.7680.177 Mobile Safari/537.36 (compatible; Googlebot/2.1; +http://www.google.com/bot.html)"
66.249.66.34 - - [16/Apr/2026:02:28:02 +0200] "GET /goods/De-Lit-Celest-160-Avec-Fixation-Murale-Noir-Conforama/1041396 HTTP/1.1" 500 199 "-" "Mozilla/5.0 (Linux; Android 6.0.1; Nexus 5X Build/MMB29P) AppleWebKit/537.36 (KHTML, like Gecko) Chrome/146.0.7680.177 Mobile Safari/537.36 (compatible; Googlebot/2.1; +http://www.google.com/bot.html)"
66.249.66.33 - - [16/Apr/2026:02:28:21 +0200] "GET /goods/De-Lunettes-De-Soleil-Rangement-Suspendu-Anti-poussi-re/1250721 HTTP/1.1" 500 199 "-" "Mozilla/5.0 (Linux; Android 6.0.1; Nexus 5X Build/MMB29P) AppleWebKit/537.36 (KHTML, like Gecko) Chrome/146.0.7680.177 Mobile Safari/537.36 (compatible; Googlebot/2.1; +http://www.google.com/bot.html)"
66.249.66.32 - - [16/Apr/2026:02:28:56 +0200] "GET /goods/24-Tampons-De-Polissage-En-Mousse-Pour-Voiture/535795 HTTP/1.1" 500 199 "-" "Mozilla/5.0 (Linux; Android 6.0.1; Nexus 5X Build/MMB29P) AppleWebKit/537.36 (KHTML, like Gecko) Chrome/146.0.7680.177 Mobile Safari/537.36 (compatible; Googlebot/2.1; +http://www.google.com/bot.html)"
66.249.66.34 - - [16/Apr/2026:02:29:06 +0200] "GET /goods/Interrupteur-Connect-Homekit-Interrupteur-WiFi-Intelligent/624674 HTTP/1.1" 500 199 "-" "Mozilla/5.0 (Linux; Android 6.0.1; Nexus 5X Build/MMB29P) AppleWebKit/537.36 (KHTML, like Gecko) Chrome/146.0.7680.177 Mobile Safari/537.36 (compatible; Googlebot/2.1; +http://www.google.com/bot.html)"
66.249.66.32 - - [16/Apr/2026:02:29:21 +0200] "GET /goods/MRSC08-Dual-Drive-Flex-Plus-Petit-Mini-Micro-Cliquet-63-Mm-Hex/769877 HTTP/1.1" 500 199 "-" "Mozilla/5.0 (Linux; Android 6.0.1; Nexus 5X Build/MMB29P) AppleWebKit/537.36 (KHTML, like Gecko) Chrome/146.0.7680.177 Mobile Safari/537.36 (compatible; Googlebot/2.1; +http://www.google.com/bot.html)"
66.249.66.33 - - [16/Apr/2026:02:29:41 +0200] "GET /goods/squeton-Porte-cl-s-Mousqueton-Lot-De-2-Avec-4-Anneaux/1157577 HTTP/1.1" 500 199 "-" "Mozilla/5.0 (Linux; Android 6.0.1; Nexus 5X Build/MMB29P) AppleWebKit/537.36 (KHTML, like Gecko) Chrome/146.0.7680.177 Mobile Safari/537.36 (compatible; Googlebot/2.1; +http://www.google.com/bot.html)"
66.249.66.33 - - [16/Apr/2026:02:30:02 +0200] "GET /goods/EVent-Sil-Compression-DrySack-13L-Vert-Au-Jasmin/501042 HTTP/1.1" 500 199 "-" "Mozilla/5.0 (Linux; Android 6.0.1; Nexus 5X Build/MMB29P) AppleWebKit/537.36 (KHTML, like Gecko) Chrome/146.0.7680.177 Mobile Safari/537.36 (compatible; Googlebot/2.1; +http://www.google.com/bot.html)"
66.249.66.32 - - [16/Apr/2026:02:30:52 +0200] "GET /goods/Gants-De-Boxe-Pour-Sac-De-Frappe-HAMMER-En-Cuir-95412-L-XL-Noir/892425 HTTP/1.1" 500 199 "-" "Mozilla/5.0 (Linux; Android 6.0.1; Nexus 5X Build/MMB29P) AppleWebKit/537.36 (KHTML, like Gecko) Chrome/146.0.7680.177 Mobile Safari/537.36 (compatible; Googlebot/2.1; +http://www.google.com/bot.html)"
66.249.66.33 - - [16/Apr/2026:02:31:11 +0200] "GET /goods/Ciseaux-De-P-che-Pliables-En-Forme-De-Crevette-Outil/825771 HTTP/1.1" 500 199 "-" "Mozilla/5.0 (Linux; Android 6.0.1; Nexus 5X Build/MMB29P) AppleWebKit/537.36 (KHTML, like Gecko) Chrome/146.0.7680.177 Mobile Safari/537.36 (compatible; Googlebot/2.1; +http://www.google.com/bot.html)"
66.249.66.32 - - [16/Apr/2026:02:31:27 +0200] "GET /goods/En-Poudre-De-SHIZUOKA-Japon-30-G-Qualit-C-r-moniale-1-re/1262068 HTTP/1.1" 500 199 "-" "Mozilla/5.0 (Linux; Android 6.0.1; Nexus 5X Build/MMB29P) AppleWebKit/537.36 (KHTML, like Gecko) Chrome/146.0.7680.177 Mobile Safari/537.36 (compatible; Googlebot/2.1; +http://www.google.com/bot.html)"
66.249.66.32 - - [16/Apr/2026:02:31:42 +0200] "GET /goods/3SRS-Solid-Casque-Helmet-Noir-XL-0625/657291 HTTP/1.1" 500 199 "-" "Mozilla/5.0 (Linux; Android 6.0.1; Nexus 5X Build/MMB29P) AppleWebKit/537.36 (KHTML, like Gecko) Chrome/146.0.7680.177 Mobile Safari/537.36 (compatible; Googlebot/2.1; +http://www.google.com/bot.html)"
66.249.66.32 - - [16/Apr/2026:02:31:44 +0200] "GET /goods/Complet-Ange-Et-D-mon-DIY-Diamond-Painting-Grande-Point-De/1030079 HTTP/1.1" 500 199 "-" "Mozilla/5.0 (Linux; Android 6.0.1; Nexus 5X Build/MMB29P) AppleWebKit/537.36 (KHTML, like Gecko) Chrome/146.0.7680.177 Mobile Safari/537.36 (compatible; Googlebot/2.1; +http://www.google.com/bot.html)"
66.249.66.32 - - [16/Apr/2026:02:32:01 +0200] "GET /goods/47-Gorra-De-B-isbol-NCAA-Notre-Dame-Fighting-Irish-quot-Wave/1199123 HTTP/1.1" 500 199 "-" "Mozilla/5.0 (Linux; Android 6.0.1; Nexus 5X Build/MMB29P) AppleWebKit/537.36 (KHTML, like Gecko) Chrome/146.0.7680.177 Mobile Safari/537.36 (compatible; Googlebot/2.1; +http://www.google.com/bot.html)"
66.249.66.33 - - [16/Apr/2026:02:32:10 +0200] "GET /goods/Diviseur-D-039-Aile-Compas-trier-De-Diviseur-Ressort/1136394 HTTP/1.1" 500 199 "-" "Mozilla/5.0 (Linux; Android 6.0.1; Nexus 5X Build/MMB29P) AppleWebKit/537.36 (KHTML, like Gecko) Chrome/146.0.7680.177 Mobile Safari/537.36 (compatible; Googlebot/2.1; +http://www.google.com/bot.html)"
66.249.66.32 - - [16/Apr/2026:02:32:23 +0200] "GET /goods/tui-De-Rangement-Pour-180-Marqueurs-Dessin/563081 HTTP/1.1" 500 199 "-" "Mozilla/5.0 (Linux; Android 6.0.1; Nexus 5X Build/MMB29P) AppleWebKit/537.36 (KHTML, like Gecko) Chrome/146.0.7680.177 Mobile Safari/537.36 (compatible; Googlebot/2.1; +http://www.google.com/bot.html)"
66.249.66.34 - - [16/Apr/2026:02:34:16 +0200] "GET /goods/2e-G-n-ration-Chargeur-Solaire-R-sistant-Aux-Intemp-ries/624635 HTTP/1.1" 500 199 "-" "Mozilla/5.0 (Linux; Android 6.0.1; Nexus 5X Build/MMB29P) AppleWebKit/537.36 (KHTML, like Gecko) Chrome/146.0.7680.177 Mobile Safari/537.36 (compatible; Googlebot/2.1; +http://www.google.com/bot.html)"
89.110.118.225 - - [16/Apr/2026:02:35:07 +0200] "GET /web/efes/ HTTP/1.0" 500 166 "http://www.eeggs.ru/web/efes/" "Mozilla/5.0 (Windows NT 10.0; Win64; x64) AppleWebKit/537.36 (KHTML, like Gecko) Chrome/131.0.0.0 Safari/537.36"
89.110.118.225 - - [16/Apr/2026:02:35:07 +0200] "GET / HTTP/1.0" 500 166 "http://www.eeggs.ru/" "Mozilla/5.0 (Windows NT 10.0; Win64; x64) AppleWebKit/537.36 (KHTML, like Gecko) Chrome/131.0.0.0 Safari/537.36"
52.167.144.141 - - [16/Apr/2026:02:37:01 +0200] "GET /goods/Ligne-Rio-Euro-Nymph-11-039-Pour-La-P-che-La-Mouche/1067658 HTTP/1.1" 500 199 "-" "Mozilla/5.0 AppleWebKit/537.36 (KHTML, like Gecko; compatible; bingbot/2.0; +http://www.bing.com/bingbot.htm) Chrome/116.0.1938.76 Safari/537.36"
52.167.144.141 - - [16/Apr/2026:02:37:02 +0200] "GET /goods/Pour-Appareil-Photo-Canon-LP-E6-Batterie-De/846483 HTTP/1.1" 500 199 "-" "Mozilla/5.0 AppleWebKit/537.36 (KHTML, like Gecko; compatible; bingbot/2.0; +http://www.bing.com/bingbot.htm) Chrome/116.0.1938.76 Safari/537.36"
52.167.144.141 - - [16/Apr/2026:02:37:02 +0200] "GET /goods/Compatible-Avec-Xiaomi-Redmi-Note-9-Pro-5G-Mallette-Transport/810793 HTTP/1.1" 500 199 "-" "Mozilla/5.0 AppleWebKit/537.36 (KHTML, like Gecko; compatible; bingbot/2.0; +http://www.bing.com/bingbot.htm) Chrome/116.0.1938.76 Safari/537.36"
40.77.167.159 - - [16/Apr/2026:02:37:04 +0200] "GET /goods/Keeddrum-ADA067-5x-R-partiteur-Casque-R-partiteur-Plusieurs/410712 HTTP/1.1" 500 199 "-" "Mozilla/5.0 AppleWebKit/537.36 (KHTML, like Gecko; compatible; bingbot/2.0; +http://www.bing.com/bingbot.htm) Chrome/116.0.1938.76 Safari/537.36"
52.167.144.187 - - [16/Apr/2026:02:37:06 +0200] "GET /goods/Distribution-Kit-Outils-Courroie-De-Moteur/1141711 HTTP/1.1" 500 199 "-" "Mozilla/5.0 AppleWebKit/537.36 (KHTML, like Gecko; compatible; bingbot/2.0; +http://www.bing.com/bingbot.htm) Chrome/116.0.1938.76 Safari/537.36"
52.167.144.187 - - [16/Apr/2026:02:37:06 +0200] "GET /goods/Museum-A-Novel-By-Anne-Youngson-Paperback-Barnes/894201 HTTP/1.1" 500 199 "-" "Mozilla/5.0 AppleWebKit/537.36 (KHTML, like Gecko; compatible; bingbot/2.0; +http://www.bing.com/bingbot.htm) Chrome/116.0.1938.76 Safari/537.36"
66.249.66.4 - - [16/Apr/2026:02:37:20 +0200] "GET /goods/Fouta-Plage-En-Coton-100-Recycl/1242939 HTTP/1.1" 500 199 "-" "Mozilla/5.0 (Linux; Android 6.0.1; Nexus 5X Build/MMB29P) AppleWebKit/537.36 (KHTML, like Gecko) Chrome/146.0.7680.177 Mobile Safari/537.36 (compatible; Googlebot/2.1; +http://www.google.com/bot.html)"
66.249.66.166 - - [16/Apr/2026:02:37:37 +0200] "GET /goods/En-Fibre-De-Carbone-Coerce-Industrie-Et-Science/410206 HTTP/1.1" 500 199 "-" "Mozilla/5.0 (Linux; Android 6.0.1; Nexus 5X Build/MMB29P) AppleWebKit/537.36 (KHTML, like Gecko) Chrome/146.0.7680.177 Mobile Safari/537.36 (compatible; Googlebot/2.1; +http://www.google.com/bot.html)"
66.249.66.32 - - [16/Apr/2026:02:37:54 +0200] "GET /goods/3SMB10007TK-Shark-Printed-Sweatshirt-Maillot-De-Survetement/469925 HTTP/1.1" 500 199 "-" "Mozilla/5.0 (Linux; Android 6.0.1; Nexus 5X Build/MMB29P) AppleWebKit/537.36 (KHTML, like Gecko) Chrome/146.0.7680.177 Mobile Safari/537.36 (compatible; Googlebot/2.1; +http://www.google.com/bot.html)"
66.249.66.32 - - [16/Apr/2026:02:38:10 +0200] "GET /goods/1100-17-Hummel-Joint-Torique-PG11-1-5mm-Caoutchouc-Nitrile/1230114 HTTP/1.1" 500 199 "-" "Mozilla/5.0 (Linux; Android 6.0.1; Nexus 5X Build/MMB29P) AppleWebKit/537.36 (KHTML, like Gecko) Chrome/146.0.7680.177 Mobile Safari/537.36 (compatible; Googlebot/2.1; +http://www.google.com/bot.html)"
66.249.66.32 - - [16/Apr/2026:02:38:25 +0200] "GET /goods/tal-Chili-Veggie-Aux-3-Haricots-Ma-s-Doux-Et-P/459571 HTTP/1.1" 500 199 "-" "Mozilla/5.0 (Linux; Android 6.0.1; Nexus 5X Build/MMB29P) AppleWebKit/537.36 (KHTML, like Gecko) Chrome/146.0.7680.177 Mobile Safari/537.36 (compatible; Googlebot/2.1; +http://www.google.com/bot.html)"
66.249.66.32 - - [16/Apr/2026:02:38:26 +0200] "GET /goods/Courte-Col-Haut-Pour-Femme-Imprim-Noir-Et/695717 HTTP/1.1" 500 199 "-" "Mozilla/5.0 (Linux; Android 6.0.1; Nexus 5X Build/MMB29P) AppleWebKit/537.36 (KHTML, like Gecko) Chrome/146.0.7680.177 Mobile Safari/537.36 (compatible; Googlebot/2.1; +http://www.google.com/bot.html)"
66.249.66.32 - - [16/Apr/2026:02:38:51 +0200] "GET /goods/W-954-2g11-Osram-Dulux-L-Lumilux-De-Luxe/1291012 HTTP/1.1" 500 199 "-" "Mozilla/5.0 (Linux; Android 6.0.1; Nexus 5X Build/MMB29P) AppleWebKit/537.36 (KHTML, like Gecko) Chrome/146.0.7680.177 Mobile Safari/537.36 (compatible; Googlebot/2.1; +http://www.google.com/bot.html)"
66.249.66.32 - - [16/Apr/2026:02:38:52 +0200] "GET /goods/Matrice-De-D-coupe-Hexagonale-M-trique-12-Mm/724543 HTTP/1.1" 500 199 "-" "Mozilla/5.0 (Linux; Android 6.0.1; Nexus 5X Build/MMB29P) AppleWebKit/537.36 (KHTML, like Gecko) Chrome/146.0.7680.177 Mobile Safari/537.36 (compatible; Googlebot/2.1; +http://www.google.com/bot.html)"
66.249.66.32 - - [16/Apr/2026:02:38:53 +0200] "GET /goods/3-Stand-Bag-Worldwide-Golf-Shops/986819 HTTP/1.1" 500 199 "-" "Mozilla/5.0 (Linux; Android 6.0.1; Nexus 5X Build/MMB29P) AppleWebKit/537.36 (KHTML, like Gecko) Chrome/146.0.7680.177 Mobile Safari/537.36 (compatible; Googlebot/2.1; +http://www.google.com/bot.html)"