66.249.66.32 - - [16/Apr/2026:01:16:23 +0200] "GET /goods/Lampes-Sel-Avec-Variateur-D-039-intensit-Ampoule/1280982 HTTP/1.1" 500 199 "-" "Mozilla/5.0 (Linux; Android 6.0.1; Nexus 5X Build/MMB29P) AppleWebKit/537.36 (KHTML, like Gecko) Chrome/146.0.7680.177 Mobile Safari/537.36 (compatible; Googlebot/2.1; +http://www.google.com/bot.html)"
66.249.66.32 - - [16/Apr/2026:01:16:46 +0200] "GET /goods/HS-Candle-Lot-De-6-Bougies-Piliers-En-Cire-Noir-Cm-X-13-5-Bougie/436344 HTTP/1.1" 500 199 "-" "Mozilla/5.0 (Linux; Android 6.0.1; Nexus 5X Build/MMB29P) AppleWebKit/537.36 (KHTML, like Gecko) Chrome/146.0.7680.177 Mobile Safari/537.36 (compatible; Googlebot/2.1; +http://www.google.com/bot.html)"
66.249.66.33 - - [16/Apr/2026:01:17:09 +0200] "GET /goods/Bout-De-Canap-2-Niveaux-En-Bois-Cadre-En-M-tal-Petite-Table/860898 HTTP/1.1" 500 199 "-" "Mozilla/5.0 (Linux; Android 6.0.1; Nexus 5X Build/MMB29P) AppleWebKit/537.36 (KHTML, like Gecko) Chrome/146.0.7680.177 Mobile Safari/537.36 (compatible; Googlebot/2.1; +http://www.google.com/bot.html)"
66.249.66.33 - - [16/Apr/2026:01:17:31 +0200] "GET /goods/B450-Plus-Gaming-AMD-B450-AM4-DDR4-4400-Mhz-ATX-Fiyatu0131/577029 HTTP/1.1" 500 199 "-" "Mozilla/5.0 (Linux; Android 6.0.1; Nexus 5X Build/MMB29P) AppleWebKit/537.36 (KHTML, like Gecko) Chrome/146.0.7680.177 Mobile Safari/537.36 (compatible; Googlebot/2.1; +http://www.google.com/bot.html)"
66.249.66.32 - - [16/Apr/2026:01:17:54 +0200] "GET /goods/Feuille-Plate-Feuille-De-Cuivre-T2-Plaque-De-Cuivre-Mod-le/1211494 HTTP/1.1" 500 199 "-" "Mozilla/5.0 (Linux; Android 6.0.1; Nexus 5X Build/MMB29P) AppleWebKit/537.36 (KHTML, like Gecko) Chrome/146.0.7680.177 Mobile Safari/537.36 (compatible; Googlebot/2.1; +http://www.google.com/bot.html)"
66.249.66.33 - - [16/Apr/2026:01:18:17 +0200] "GET /goods/Sol-Exterieur-Haute-Resistance-Leroy-Merlin/851553 HTTP/1.1" 500 199 "-" "Mozilla/5.0 (Linux; Android 6.0.1; Nexus 5X Build/MMB29P) AppleWebKit/537.36 (KHTML, like Gecko) Chrome/146.0.7680.177 Mobile Safari/537.36 (compatible; Googlebot/2.1; +http://www.google.com/bot.html)"
66.249.66.33 - - [16/Apr/2026:01:18:40 +0200] "GET /goods/De-Salle-Manger-D-039-ext-rieur-13-Pc-Acier-A3073488-HB010/1157579 HTTP/1.1" 500 199 "-" "Mozilla/5.0 (Linux; Android 6.0.1; Nexus 5X Build/MMB29P) AppleWebKit/537.36 (KHTML, like Gecko) Chrome/146.0.7680.177 Mobile Safari/537.36 (compatible; Googlebot/2.1; +http://www.google.com/bot.html)"
66.249.66.32 - - [16/Apr/2026:01:19:02 +0200] "GET /goods/Maison-D-co-Homme-Tottenham/570134 HTTP/1.1" 500 199 "-" "Mozilla/5.0 (Linux; Android 6.0.1; Nexus 5X Build/MMB29P) AppleWebKit/537.36 (KHTML, like Gecko) Chrome/146.0.7680.177 Mobile Safari/537.36 (compatible; Googlebot/2.1; +http://www.google.com/bot.html)"
66.249.66.34 - - [16/Apr/2026:01:19:25 +0200] "GET /goods/CARTE-DE-CAPTEUR-De-Courant-Lin-aire-U00e0-Effet-Hall-ACS712T/619335 HTTP/1.1" 500 199 "-" "Mozilla/5.0 (Linux; Android 6.0.1; Nexus 5X Build/MMB29P) AppleWebKit/537.36 (KHTML, like Gecko) Chrome/146.0.7680.177 Mobile Safari/537.36 (compatible; Googlebot/2.1; +http://www.google.com/bot.html)"
66.249.66.34 - - [16/Apr/2026:01:19:48 +0200] "GET /goods/OUNONA-Ceinture-lastique-Unisexe-Sans-Boucle-Ceinture/730038 HTTP/1.1" 500 199 "-" "Mozilla/5.0 (Linux; Android 6.0.1; Nexus 5X Build/MMB29P) AppleWebKit/537.36 (KHTML, like Gecko) Chrome/146.0.7680.177 Mobile Safari/537.36 (compatible; Googlebot/2.1; +http://www.google.com/bot.html)"
146.190.77.231 - - [16/Apr/2026:01:19:56 +0200] "GET /.git/config HTTP/1.1" 500 199 "-" "Mozilla/5.0 (X11; Linux x86_64) AppleWebKit/537.36 (KHTML, like Gecko) Chrome/81.0.4044.129 Safari/537.36"
66.249.66.34 - - [16/Apr/2026:01:20:11 +0200] "GET /goods/KIT-7-BLANC-Comparer-Les-Prix-De/894451 HTTP/1.1" 500 199 "-" "Mozilla/5.0 (Linux; Android 6.0.1; Nexus 5X Build/MMB29P) AppleWebKit/537.36 (KHTML, like Gecko) Chrome/146.0.7680.177 Mobile Safari/537.36 (compatible; Googlebot/2.1; +http://www.google.com/bot.html)"
66.249.66.33 - - [16/Apr/2026:01:20:34 +0200] "GET /goods/Shorts-S-chage-Rapide-Et/587893 HTTP/1.1" 500 199 "-" "Mozilla/5.0 (Linux; Android 6.0.1; Nexus 5X Build/MMB29P) AppleWebKit/537.36 (KHTML, like Gecko) Chrome/146.0.7680.177 Mobile Safari/537.36 (compatible; Googlebot/2.1; +http://www.google.com/bot.html)"
94.154.35.236 - - [16/Apr/2026:01:20:35 +0200] "HEAD /system.tar.bz2 HTTP/1.1" 500 166 "-" "Mozilla/5.0 (Windows NT 10.0; Win64; x64) AppleWebKit/537.36 (KHTML, like Gecko) Chrome/101.0.4951.67 Safari/537.36"
66.249.66.32 - - [16/Apr/2026:01:20:51 +0200] "GET /goods/6-the-Perfect-Driver-De-Ross-Bentley-Buscalibre/840766 HTTP/1.1" 500 199 "-" "Mozilla/5.0 (Linux; Android 6.0.1; Nexus 5X Build/MMB29P) AppleWebKit/537.36 (KHTML, like Gecko) Chrome/146.0.7680.177 Mobile Safari/537.36 (compatible; GoogleOther)"
66.249.66.32 - - [16/Apr/2026:01:20:56 +0200] "GET /goods/YEENAIV-Pic-Anti-Pigeon-Oiseaux-Pour-Balcon-3-5-Pique-Anti/504022 HTTP/1.1" 500 199 "-" "Mozilla/5.0 (Linux; Android 6.0.1; Nexus 5X Build/MMB29P) AppleWebKit/537.36 (KHTML, like Gecko) Chrome/146.0.7680.177 Mobile Safari/537.36 (compatible; Googlebot/2.1; +http://www.google.com/bot.html)"
66.249.66.34 - - [16/Apr/2026:01:21:19 +0200] "GET /goods/Cadre-Pour-Dessins-D-039-Enfants-Cadre-Pour-Conserver-Les/1034280 HTTP/1.1" 500 199 "-" "Mozilla/5.0 (Linux; Android 6.0.1; Nexus 5X Build/MMB29P) AppleWebKit/537.36 (KHTML, like Gecko) Chrome/146.0.7680.177 Mobile Safari/537.36 (compatible; Googlebot/2.1; +http://www.google.com/bot.html)"
66.249.66.33 - - [16/Apr/2026:01:21:42 +0200] "GET /goods/Kit-De-Suspension-De-Chaise-Hamac/834685 HTTP/1.1" 500 199 "-" "Mozilla/5.0 (Linux; Android 6.0.1; Nexus 5X Build/MMB29P) AppleWebKit/537.36 (KHTML, like Gecko) Chrome/146.0.7680.177 Mobile Safari/537.36 (compatible; Googlebot/2.1; +http://www.google.com/bot.html)"
47.82.9.8 - - [16/Apr/2026:01:21:45 +0200] "GET /goods/1pc-Tuyau-Robinet-Mitigeur-Connecteur-Adaptateur-Tuyau-De/999942 HTTP/1.1" 500 199 "http://eeggs.ru/" "Mozilla/5.0 (Windows NT 10.0; Win64; x64; rv:137.0) Gecko/20100101 Firefox/137.0"
66.249.66.32 - - [16/Apr/2026:01:22:05 +0200] "GET /goods/Cm-H4-H5-Rigide-En-Gel-Pour/1123421 HTTP/1.1" 500 199 "-" "Mozilla/5.0 (Linux; Android 6.0.1; Nexus 5X Build/MMB29P) AppleWebKit/537.36 (KHTML, like Gecko) Chrome/146.0.7680.177 Mobile Safari/537.36 (compatible; Googlebot/2.1; +http://www.google.com/bot.html)"
66.249.66.32 - - [16/Apr/2026:01:22:13 +0200] "GET /goods/6-the-Perfect-Driver-De-Ross-Bentley-Buscalibre/840766 HTTP/1.1" 500 199 "-" "Mozilla/5.0 (Linux; Android 6.0.1; Nexus 5X Build/MMB29P) AppleWebKit/537.36 (KHTML, like Gecko) Chrome/146.0.7680.177 Mobile Safari/537.36 (compatible; GoogleOther)"
66.249.66.32 - - [16/Apr/2026:01:22:27 +0200] "GET /goods/USB2-0-ABS-Black-3M-C-ble-D-039-extension-USB-3-0-M-le/770643 HTTP/1.1" 500 199 "-" "Mozilla/5.0 (Linux; Android 6.0.1; Nexus 5X Build/MMB29P) AppleWebKit/537.36 (KHTML, like Gecko) Chrome/146.0.7680.177 Mobile Safari/537.36 (compatible; Googlebot/2.1; +http://www.google.com/bot.html)"
66.249.66.32 - - [16/Apr/2026:01:22:50 +0200] "GET /goods/Sans-Bruit-De-Tic-tac-Horloge-D-039-apprentissage-De-20-Cm/869796 HTTP/1.1" 500 199 "-" "Mozilla/5.0 (Linux; Android 6.0.1; Nexus 5X Build/MMB29P) AppleWebKit/537.36 (KHTML, like Gecko) Chrome/146.0.7680.177 Mobile Safari/537.36 (compatible; Googlebot/2.1; +http://www.google.com/bot.html)"
66.249.66.32 - - [16/Apr/2026:01:23:13 +0200] "GET /goods/DE-Courant-Coulomb-Counter-Breakout-LTC4150-NEUF-EUR-4-03/779103 HTTP/1.1" 500 199 "-" "Mozilla/5.0 (Linux; Android 6.0.1; Nexus 5X Build/MMB29P) AppleWebKit/537.36 (KHTML, like Gecko) Chrome/146.0.7680.177 Mobile Safari/537.36 (compatible; Googlebot/2.1; +http://www.google.com/bot.html)"
66.249.66.65 - - [16/Apr/2026:01:23:36 +0200] "GET /goods/Pour-Costume-D-039-Halloween-Mardi-Gras-Ch-le/1140030 HTTP/1.1" 500 199 "-" "Mozilla/5.0 (Linux; Android 6.0.1; Nexus 5X Build/MMB29P) AppleWebKit/537.36 (KHTML, like Gecko) Chrome/146.0.7680.177 Mobile Safari/537.36 (compatible; GoogleOther)"
66.249.66.198 - - [16/Apr/2026:01:23:36 +0200] "GET /goods/Connect-Inclus-1-Passerelle-WIFI-3-Micro/424882 HTTP/1.1" 500 199 "-" "Mozilla/5.0 (Linux; Android 6.0.1; Nexus 5X Build/MMB29P) AppleWebKit/537.36 (KHTML, like Gecko) Chrome/146.0.7680.177 Mobile Safari/537.36 (compatible; Googlebot/2.1; +http://www.google.com/bot.html)"
66.249.92.197 - - [16/Apr/2026:01:23:45 +0200] "GET /goods/Foret-Piranha-Pour-Carrelage-Et-Verre-10-Mm/484138 HTTP/1.1" 500 199 "-" "Mozilla/5.0 (Linux; Android 6.0.1; Nexus 5X Build/MMB29P) AppleWebKit/537.36 (KHTML, like Gecko) Chrome/146.0.7680.177 Mobile Safari/537.36 (compatible; AdsBot-Google-Mobile; +http://www.google.com/mobile/adsbot.html)"
66.249.66.65 - - [16/Apr/2026:01:23:59 +0200] "GET /goods/LOT-DE-4-Jardini-Res-Murales-Pour-Plantes-D-039-Int-Rieur-D/882209 HTTP/1.1" 500 199 "-" "Mozilla/5.0 (Linux; Android 6.0.1; Nexus 5X Build/MMB29P) AppleWebKit/537.36 (KHTML, like Gecko) Chrome/146.0.7680.177 Mobile Safari/537.36 (compatible; Googlebot/2.1; +http://www.google.com/bot.html)"
66.249.66.34 - - [16/Apr/2026:01:24:21 +0200] "GET /goods/De-B-b-Crochets-Pour-Accrocher-Vos-Sacs-De/1137417 HTTP/1.1" 500 199 "-" "Mozilla/5.0 (Linux; Android 6.0.1; Nexus 5X Build/MMB29P) AppleWebKit/537.36 (KHTML, like Gecko) Chrome/146.0.7680.177 Mobile Safari/537.36 (compatible; Googlebot/2.1; +http://www.google.com/bot.html)"
66.249.66.34 - - [16/Apr/2026:01:24:44 +0200] "GET /goods/Fisher-Price-Imaginext-Jurassic-World-24cm-Cuotas-Sin-Inter-s/661296 HTTP/1.1" 500 199 "-" "Mozilla/5.0 (Linux; Android 6.0.1; Nexus 5X Build/MMB29P) AppleWebKit/537.36 (KHTML, like Gecko) Chrome/146.0.7680.177 Mobile Safari/537.36 (compatible; Googlebot/2.1; +http://www.google.com/bot.html)"
66.249.66.33 - - [16/Apr/2026:01:24:58 +0200] "GET /goods/Pour-Costume-D-039-Halloween-Mardi-Gras-Ch-le/1140030 HTTP/1.1" 500 199 "-" "Mozilla/5.0 (Linux; Android 6.0.1; Nexus 5X Build/MMB29P) AppleWebKit/537.36 (KHTML, like Gecko) Chrome/146.0.7680.177 Mobile Safari/537.36 (compatible; GoogleOther)"
66.249.66.33 - - [16/Apr/2026:01:25:07 +0200] "GET /goods/Parts-And-Parts-Pi-ce-De-Rechange-Compatible-Avec-BMW/1108290 HTTP/1.1" 500 199 "-" "Mozilla/5.0 (Linux; Android 6.0.1; Nexus 5X Build/MMB29P) AppleWebKit/537.36 (KHTML, like Gecko) Chrome/146.0.7680.177 Mobile Safari/537.36 (compatible; Googlebot/2.1; +http://www.google.com/bot.html)"
66.249.66.32 - - [16/Apr/2026:01:25:30 +0200] "GET /goods/Vanever-Boxer-Homme-100-Coton-Lot-De-3-Calecons-Hommes-Cale/1231551 HTTP/1.1" 500 199 "-" "Mozilla/5.0 (Linux; Android 6.0.1; Nexus 5X Build/MMB29P) AppleWebKit/537.36 (KHTML, like Gecko) Chrome/146.0.7680.177 Mobile Safari/537.36 (compatible; Googlebot/2.1; +http://www.google.com/bot.html)"
66.249.92.197 - - [16/Apr/2026:01:25:46 +0200] "GET /goods/Foret-Piranha-Pour-Carrelage-Et-Verre-10-Mm/484138 HTTP/1.1" 500 199 "-" "Mozilla/5.0 (Linux; Android 6.0.1; Nexus 5X Build/MMB29P) AppleWebKit/537.36 (KHTML, like Gecko) Chrome/146.0.7680.177 Mobile Safari/537.36 (compatible; AdsBot-Google-Mobile; +http://www.google.com/mobile/adsbot.html)"
66.249.66.166 - - [16/Apr/2026:01:25:53 +0200] "GET /goods/Lunettes-En-Cuir-De-Qualit-Sup-rieure/1043420 HTTP/1.1" 500 199 "-" "Mozilla/5.0 (Linux; Android 6.0.1; Nexus 5X Build/MMB29P) AppleWebKit/537.36 (KHTML, like Gecko) Chrome/146.0.7680.177 Mobile Safari/537.36 (compatible; Googlebot/2.1; +http://www.google.com/bot.html)"
66.249.66.167 - - [16/Apr/2026:01:26:15 +0200] "GET /goods/Enfants-Poncho-Capuche-Pour-Les-Gar-ons-Et-Les-Ideal-Pour-Des/646628 HTTP/1.1" 500 199 "-" "Mozilla/5.0 (Linux; Android 6.0.1; Nexus 5X Build/MMB29P) AppleWebKit/537.36 (KHTML, like Gecko) Chrome/146.0.7680.177 Mobile Safari/537.36 (compatible; Googlebot/2.1; +http://www.google.com/bot.html)"
66.249.66.32 - - [16/Apr/2026:01:26:21 +0200] "GET /goods/Pour-Costume-D-039-Halloween-Mardi-Gras-Ch-le/1140030 HTTP/1.1" 500 199 "-" "Mozilla/5.0 (Linux; Android 6.0.1; Nexus 5X Build/MMB29P) AppleWebKit/537.36 (KHTML, like Gecko) Chrome/146.0.7680.177 Mobile Safari/537.36 (compatible; Googlebot/2.1; +http://www.google.com/bot.html)"
66.249.66.32 - - [16/Apr/2026:01:27:01 +0200] "GET /goods/Lunettes-Pour-Femme-Avec-Pendentif-Papillon-Color-Cha-ne-De/1054621 HTTP/1.1" 500 199 "-" "Mozilla/5.0 (Linux; Android 6.0.1; Nexus 5X Build/MMB29P) AppleWebKit/537.36 (KHTML, like Gecko) Chrome/146.0.7680.177 Mobile Safari/537.36 (compatible; Googlebot/2.1; +http://www.google.com/bot.html)"
66.249.66.32 - - [16/Apr/2026:01:27:24 +0200] "GET /goods/Kashmir-Designs-Suzani-Daisy-Elements-Ivoire-D-coratifs-Taie-D/1295932 HTTP/1.1" 500 199 "-" "Mozilla/5.0 (Linux; Android 6.0.1; Nexus 5X Build/MMB29P) AppleWebKit/537.36 (KHTML, like Gecko) Chrome/146.0.7680.177 Mobile Safari/537.36 (compatible; Googlebot/2.1; +http://www.google.com/bot.html)"
66.249.66.32 - - [16/Apr/2026:01:27:44 +0200] "GET /goods/6-the-Perfect-Driver-De-Ross-Bentley-Buscalibre/840766 HTTP/1.1" 500 199 "-" "Mozilla/5.0 (Linux; Android 6.0.1; Nexus 5X Build/MMB29P) AppleWebKit/537.36 (KHTML, like Gecko) Chrome/146.0.7680.177 Mobile Safari/537.36 (compatible; Googlebot/2.1; +http://www.google.com/bot.html)"
66.249.66.32 - - [16/Apr/2026:01:27:46 +0200] "GET /goods/Collier-De-Lordre-De-La-Chauve-souris/962549 HTTP/1.1" 500 199 "-" "Mozilla/5.0 (Linux; Android 6.0.1; Nexus 5X Build/MMB29P) AppleWebKit/537.36 (KHTML, like Gecko) Chrome/146.0.7680.177 Mobile Safari/537.36 (compatible; Googlebot/2.1; +http://www.google.com/bot.html)"
66.249.66.34 - - [16/Apr/2026:01:28:09 +0200] "GET /goods/rapant-En-Silicone-Pour-Enfants-Et-Adultes-Pour/1041742 HTTP/1.1" 500 199 "-" "Mozilla/5.0 (Linux; Android 6.0.1; Nexus 5X Build/MMB29P) AppleWebKit/537.36 (KHTML, like Gecko) Chrome/146.0.7680.177 Mobile Safari/537.36 (compatible; Googlebot/2.1; +http://www.google.com/bot.html)"
66.249.66.32 - - [16/Apr/2026:01:28:32 +0200] "GET /goods/Pied-Jambe-Cha-ne-Cheville-Mode-Bijoux-Cadeaux-Pour-Femmes/904538 HTTP/1.1" 500 199 "-" "Mozilla/5.0 (Linux; Android 6.0.1; Nexus 5X Build/MMB29P) AppleWebKit/537.36 (KHTML, like Gecko) Chrome/146.0.7680.177 Mobile Safari/537.36 (compatible; Googlebot/2.1; +http://www.google.com/bot.html)"
66.249.66.166 - - [16/Apr/2026:01:28:55 +0200] "GET /goods/Mountain-Croo-Doudoune-Longue-Pour-Femme/813992 HTTP/1.1" 500 199 "-" "Mozilla/5.0 (Linux; Android 6.0.1; Nexus 5X Build/MMB29P) AppleWebKit/537.36 (KHTML, like Gecko) Chrome/146.0.7680.177 Mobile Safari/537.36 (compatible; Googlebot/2.1; +http://www.google.com/bot.html)"
66.249.66.32 - - [16/Apr/2026:01:29:18 +0200] "GET /goods/Halloween-Decoration-Kit-Halloween-Guirlande-Bannier/516186 HTTP/1.1" 500 199 "-" "Mozilla/5.0 (Linux; Android 6.0.1; Nexus 5X Build/MMB29P) AppleWebKit/537.36 (KHTML, like Gecko) Chrome/146.0.7680.177 Mobile Safari/537.36 (compatible; Googlebot/2.1; +http://www.google.com/bot.html)"
66.249.66.33 - - [16/Apr/2026:01:29:40 +0200] "GET /goods/5x100mm-Isol-1000V-Manche-Orange-DERANCOURT/1002957 HTTP/1.1" 500 199 "-" "Mozilla/5.0 (Linux; Android 6.0.1; Nexus 5X Build/MMB29P) AppleWebKit/537.36 (KHTML, like Gecko) Chrome/146.0.7680.177 Mobile Safari/537.36 (compatible; Googlebot/2.1; +http://www.google.com/bot.html)"
66.249.66.32 - - [16/Apr/2026:01:29:55 +0200] "GET /goods/Ustensiles-De-Cuisine-Bois-Homikit-Lot-De-7-Ustensiles-De/831202 HTTP/1.1" 500 199 "-" "Mozilla/5.0 (Linux; Android 6.0.1; Nexus 5X Build/MMB29P) AppleWebKit/537.36 (KHTML, like Gecko) Chrome/146.0.7680.177 Mobile Safari/537.36 (compatible; Googlebot/2.1; +http://www.google.com/bot.html)"
66.249.66.34 - - [16/Apr/2026:01:30:03 +0200] "GET /goods/gr-En-Ch-ne-Sonoma-Meuble-Et-Meuble/954721 HTTP/1.1" 500 199 "-" "Mozilla/5.0 (Linux; Android 6.0.1; Nexus 5X Build/MMB29P) AppleWebKit/537.36 (KHTML, like Gecko) Chrome/146.0.7680.177 Mobile Safari/537.36 (compatible; Googlebot/2.1; +http://www.google.com/bot.html)"
66.249.66.33 - - [16/Apr/2026:01:30:26 +0200] "GET /goods/Robes-De-Mari-e-Sans-Manches-The-Wedding-Explorer/496336 HTTP/1.1" 500 199 "-" "Mozilla/5.0 (Linux; Android 6.0.1; Nexus 5X Build/MMB29P) AppleWebKit/537.36 (KHTML, like Gecko) Chrome/146.0.7680.177 Mobile Safari/537.36 (compatible; Googlebot/2.1; +http://www.google.com/bot.html)"
52.167.144.16 - - [16/Apr/2026:01:30:47 +0200] "GET /goods/Large-Sac-De-Ballon-De-Football-Grand-Filet-De-Ballon-Pour/932976 HTTP/1.1" 500 199 "-" "Mozilla/5.0 AppleWebKit/537.36 (KHTML, like Gecko; compatible; bingbot/2.0; +http://www.bing.com/bingbot.htm) Chrome/116.0.1938.76 Safari/537.36"
66.249.66.32 - - [16/Apr/2026:01:30:49 +0200] "GET /goods/Couchage-Pour-Adultes-Costume-De-Sac-De-Couchage-Pour-Le-Camping/1086160 HTTP/1.1" 500 199 "-" "Mozilla/5.0 (Linux; Android 6.0.1; Nexus 5X Build/MMB29P) AppleWebKit/537.36 (KHTML, like Gecko) Chrome/146.0.7680.177 Mobile Safari/537.36 (compatible; Googlebot/2.1; +http://www.google.com/bot.html)"
40.77.167.154 - - [16/Apr/2026:01:30:56 +0200] "GET /goods/Touche-En-Bois-34-Mm-Combos-Couleur-Pont/963186 HTTP/1.1" 500 199 "-" "Mozilla/5.0 AppleWebKit/537.36 (KHTML, like Gecko; compatible; bingbot/2.0; +http://www.bing.com/bingbot.htm) Chrome/116.0.1938.76 Safari/537.36"
66.249.66.2 - - [16/Apr/2026:01:31:11 +0200] "GET /goods/Pad-Storage-Unit-Tray-Stackable-And/427271 HTTP/1.1" 500 199 "-" "Mozilla/5.0 (Linux; Android 6.0.1; Nexus 5X Build/MMB29P) AppleWebKit/537.36 (KHTML, like Gecko) Chrome/146.0.7680.177 Mobile Safari/537.36 (compatible; Googlebot/2.1; +http://www.google.com/bot.html)"
66.249.66.32 - - [16/Apr/2026:01:31:34 +0200] "GET /goods/Anti-glisse-Abeilles-U2013-Coll-gien/1186209 HTTP/1.1" 500 199 "-" "Mozilla/5.0 (Linux; Android 6.0.1; Nexus 5X Build/MMB29P) AppleWebKit/537.36 (KHTML, like Gecko) Chrome/146.0.7680.177 Mobile Safari/537.36 (compatible; Googlebot/2.1; +http://www.google.com/bot.html)"
66.249.66.32 - - [16/Apr/2026:01:31:57 +0200] "GET /goods/Cl-ture-Plastique-H-1-07-M-Kerbl-Piquet-Fibre-De-Verre/1087535 HTTP/1.1" 500 199 "-" "Mozilla/5.0 (Linux; Android 6.0.1; Nexus 5X Build/MMB29P) AppleWebKit/537.36 (KHTML, like Gecko) Chrome/146.0.7680.177 Mobile Safari/537.36 (compatible; Googlebot/2.1; +http://www.google.com/bot.html)"
66.249.66.32 - - [16/Apr/2026:01:32:20 +0200] "GET /goods/Hexagonal-P-05701-28-Mm/461739 HTTP/1.1" 500 199 "-" "Mozilla/5.0 (Linux; Android 6.0.1; Nexus 5X Build/MMB29P) AppleWebKit/537.36 (KHTML, like Gecko) Chrome/146.0.7680.177 Mobile Safari/537.36 (compatible; Googlebot/2.1; +http://www.google.com/bot.html)"
40.77.167.149 - - [16/Apr/2026:01:33:23 +0200] "GET /goods/12-Pro-tui-Portefeuille-Noir-Stuff-Enough-be/673489 HTTP/1.1" 500 199 "-" "Mozilla/5.0 AppleWebKit/537.36 (KHTML, like Gecko; compatible; bingbot/2.0; +http://www.bing.com/bingbot.htm) Chrome/116.0.1938.76 Safari/537.36"
216.73.216.41 - - [16/Apr/2026:01:33:59 +0200] "GET /robots.txt HTTP/1.1" 200 463 "-" "Mozilla/5.0 AppleWebKit/537.36 (KHTML, like Gecko; compatible; ClaudeBot/1.0; +claudebot@anthropic.com)"
216.73.216.41 - - [16/Apr/2026:01:33:59 +0200] "GET / HTTP/1.1" 500 199 "-" "Mozilla/5.0 AppleWebKit/537.36 (KHTML, like Gecko; compatible; ClaudeBot/1.0; +claudebot@anthropic.com)"
66.249.66.34 - - [16/Apr/2026:01:34:44 +0200] "GET /goods/Pour-Costume-D-039-Halloween-Mardi-Gras-Ch-le/1140030 HTTP/1.1" 500 199 "-" "Mozilla/5.0 (Linux; Android 6.0.1; Nexus 5X Build/MMB29P) AppleWebKit/537.36 (KHTML, like Gecko) Chrome/146.0.7680.177 Mobile Safari/537.36 (compatible; GoogleOther)"
66.249.66.33 - - [16/Apr/2026:01:35:26 +0200] "GET /goods/Pour-Costume-D-039-Halloween-Mardi-Gras-Ch-le/1140030 HTTP/1.1" 500 199 "-" "Mozilla/5.0 (Linux; Android 6.0.1; Nexus 5X Build/MMB29P) AppleWebKit/537.36 (KHTML, like Gecko) Chrome/146.0.7680.177 Mobile Safari/537.36 (compatible; GoogleOther)"
66.249.66.33 - - [16/Apr/2026:01:36:07 +0200] "GET /goods/Pour-Costume-D-039-Halloween-Mardi-Gras-Ch-le/1140030 HTTP/1.1" 500 199 "-" "Mozilla/5.0 (Linux; Android 6.0.1; Nexus 5X Build/MMB29P) AppleWebKit/537.36 (KHTML, like Gecko) Chrome/146.0.7680.177 Mobile Safari/537.36 (compatible; Googlebot/2.1; +http://www.google.com/bot.html)"
40.77.167.154 - - [16/Apr/2026:01:36:38 +0200] "GET /goods/1-Kg-0-5-Kg-X-2-Th-Mat-D/1022621 HTTP/1.1" 500 199 "-" "Mozilla/5.0 AppleWebKit/537.36 (KHTML, like Gecko; compatible; bingbot/2.0; +http://www.bing.com/bingbot.htm) Chrome/116.0.1938.76 Safari/537.36"
40.77.167.154 - - [16/Apr/2026:01:36:38 +0200] "GET /goods/1-Cm-Pour-Restaurant-Rouleau-De-600-M-Rechargeable/427047 HTTP/1.1" 500 199 "-" "Mozilla/5.0 AppleWebKit/537.36 (KHTML, like Gecko; compatible; bingbot/2.0; +http://www.bing.com/bingbot.htm) Chrome/116.0.1938.76 Safari/537.36"
40.77.167.149 - - [16/Apr/2026:01:36:43 +0200] "GET /goods/Trousse-De-Premiers-Secours-Portable-Sac-De-Premiers-Secours/671589 HTTP/1.1" 500 199 "-" "Mozilla/5.0 AppleWebKit/537.36 (KHTML, like Gecko; compatible; bingbot/2.0; +http://www.bing.com/bingbot.htm) Chrome/116.0.1938.76 Safari/537.36"
52.167.144.16 - - [16/Apr/2026:01:36:48 +0200] "GET /goods/MroMax-Lot-De-2-Loquets-Rotatifs-En-Alliage-De-Zinc-Bross-Pour/624436 HTTP/1.1" 500 199 "-" "Mozilla/5.0 AppleWebKit/537.36 (KHTML, like Gecko; compatible; bingbot/2.0; +http://www.bing.com/bingbot.htm) Chrome/116.0.1938.76 Safari/537.36"
66.249.66.33 - - [16/Apr/2026:01:38:01 +0200] "GET /goods/Pour-Costume-D-039-Halloween-Mardi-Gras-Ch-le/1140030 HTTP/1.1" 500 199 "-" "Mozilla/5.0 (Linux; Android 6.0.1; Nexus 5X Build/MMB29P) AppleWebKit/537.36 (KHTML, like Gecko) Chrome/146.0.7680.177 Mobile Safari/537.36 (compatible; Googlebot/2.1; +http://www.google.com/bot.html)"
216.244.66.243 - - [16/Apr/2026:01:38:25 +0200] "GET /robots.txt HTTP/1.1" 200 574 "-" "Mozilla/5.0 (compatible; DotBot/1.2; +https://opensiteexplorer.org/dotbot; help@moz.com)"
66.249.66.33 - - [16/Apr/2026:01:38:42 +0200] "GET /goods/Pour-Costume-D-039-Halloween-Mardi-Gras-Ch-le/1140030 HTTP/1.1" 500 199 "-" "Mozilla/5.0 (Linux; Android 6.0.1; Nexus 5X Build/MMB29P) AppleWebKit/537.36 (KHTML, like Gecko) Chrome/146.0.7680.177 Mobile Safari/537.36 (compatible; GoogleOther)"
66.249.66.32 - - [16/Apr/2026:01:39:24 +0200] "GET /goods/Pour-Costume-D-039-Halloween-Mardi-Gras-Ch-le/1140030 HTTP/1.1" 500 199 "-" "Mozilla/5.0 (Linux; Android 6.0.1; Nexus 5X Build/MMB29P) AppleWebKit/537.36 (KHTML, like Gecko) Chrome/146.0.7680.177 Mobile Safari/537.36 (compatible; GoogleOther)"
66.249.66.200 - - [16/Apr/2026:01:39:40 +0200] "GET /sitemap-pt-post-p1-2010-02.xml HTTP/1.1" 500 199 "-" "Mozilla/5.0 (compatible; Googlebot/2.1; +http://www.google.com/bot.html)"
43.157.50.58 - - [16/Apr/2026:01:39:56 +0200] "GET / HTTP/1.1" 500 199 "-" "Mozilla/5.0 (iPhone; CPU iPhone OS 13_2_3 like Mac OS X) AppleWebKit/605.1.15 (KHTML, like Gecko) Version/13.0.3 Mobile/15E148 Safari/604.1"
66.249.66.198 - - [16/Apr/2026:01:40:40 +0200] "GET /sitemap-pt-post-p1-2010-02.xml HTTP/1.1" 500 199 "-" "Mozilla/5.0 (compatible; Googlebot/2.1; +http://www.google.com/bot.html)"
66.249.66.32 - - [16/Apr/2026:01:41:27 +0200] "GET /goods/Calendrier-Mural-2026-Grand-Calendrier-2026-Imprimer/956034 HTTP/1.1" 500 199 "-" "Mozilla/5.0 (Linux; Android 6.0.1; Nexus 5X Build/MMB29P) AppleWebKit/537.36 (KHTML, like Gecko) Chrome/146.0.7680.177 Mobile Safari/537.36 (compatible; Googlebot/2.1; +http://www.google.com/bot.html)"
66.249.66.200 - - [16/Apr/2026:01:41:40 +0200] "GET /sitemap-pt-post-p1-2010-02.xml HTTP/1.1" 500 199 "-" "Mozilla/5.0 (compatible; Googlebot/2.1; +http://www.google.com/bot.html)"
66.249.66.198 - - [16/Apr/2026:01:41:49 +0200] "GET /goods/OSALADI-6pi-ces-Lot-De-Crochets-De-Fixation-Pour-Corde-Pour/719300 HTTP/1.1" 500 199 "-" "Mozilla/5.0 (Linux; Android 6.0.1; Nexus 5X Build/MMB29P) AppleWebKit/537.36 (KHTML, like Gecko) Chrome/146.0.7680.177 Mobile Safari/537.36 (compatible; Googlebot/2.1; +http://www.google.com/bot.html)"
66.249.66.33 - - [16/Apr/2026:01:42:12 +0200] "GET /goods/s-Manette-De-Jeu-Avec-clairage-Multicolore/420075 HTTP/1.1" 500 199 "-" "Mozilla/5.0 (Linux; Android 6.0.1; Nexus 5X Build/MMB29P) AppleWebKit/537.36 (KHTML, like Gecko) Chrome/146.0.7680.177 Mobile Safari/537.36 (compatible; Googlebot/2.1; +http://www.google.com/bot.html)"
66.249.66.2 - - [16/Apr/2026:01:42:35 +0200] "GET /goods/Multifonctionnelle-Jeu-De-Pinces-Angle/1276399 HTTP/1.1" 500 199 "-" "Mozilla/5.0 (Linux; Android 6.0.1; Nexus 5X Build/MMB29P) AppleWebKit/537.36 (KHTML, like Gecko) Chrome/146.0.7680.177 Mobile Safari/537.36 (compatible; Googlebot/2.1; +http://www.google.com/bot.html)"
85.208.96.194 - - [16/Apr/2026:01:42:38 +0200] "GET /robots.txt HTTP/1.1" 200 426 "-" "Mozilla/5.0 (compatible; SemrushBot/7~bl; +http://www.semrush.com/bot.html)"
85.208.96.205 - - [16/Apr/2026:01:42:39 +0200] "GET /software/3dmark-2001-cow/ HTTP/1.1" 500 199 "-" "Mozilla/5.0 (compatible; SemrushBot/7~bl; +http://www.semrush.com/bot.html)"
66.249.66.38 - - [16/Apr/2026:01:42:41 +0200] "GET /sitemap-pt-post-p1-2010-02.xml HTTP/1.1" 500 199 "-" "Mozilla/5.0 (compatible; Googlebot/2.1; +http://www.google.com/bot.html)"
40.77.167.5 - - [16/Apr/2026:01:42:49 +0200] "GET /goods/Ballantines-1L-4-Red-Bull-250ML-4-Gelo-De-gua-De/677260 HTTP/1.1" 500 199 "-" "Mozilla/5.0 AppleWebKit/537.36 (KHTML, like Gecko; compatible; bingbot/2.0; +http://www.bing.com/bingbot.htm) Chrome/116.0.1938.76 Safari/537.36"
40.77.167.28 - - [16/Apr/2026:01:42:53 +0200] "GET /goods/Tins-Ghost-Chilli-Indian-Nagaland-Chilli-75g/ HTTP/1.1" 500 199 "-" "Mozilla/5.0 AppleWebKit/537.36 (KHTML, like Gecko; compatible; bingbot/2.0; +http://www.bing.com/bingbot.htm) Chrome/116.0.1938.76 Safari/537.36"
66.249.66.32 - - [16/Apr/2026:01:42:58 +0200] "GET /goods/COUVERTS-A-SALADE-TRANSPARENT-ZAK-DESIGNS/962734 HTTP/1.1" 500 199 "-" "Mozilla/5.0 (Linux; Android 6.0.1; Nexus 5X Build/MMB29P) AppleWebKit/537.36 (KHTML, like Gecko) Chrome/146.0.7680.177 Mobile Safari/537.36 (compatible; Googlebot/2.1; +http://www.google.com/bot.html)"
66.249.66.198 - - [16/Apr/2026:01:43:21 +0200] "GET /goods/Pour-Dentiste-Dentaire-Assistant-Dentaire-Grand-Tapis-De/1264441 HTTP/1.1" 500 199 "-" "Mozilla/5.0 (Linux; Android 6.0.1; Nexus 5X Build/MMB29P) AppleWebKit/537.36 (KHTML, like Gecko) Chrome/146.0.7680.177 Mobile Safari/537.36 (compatible; Googlebot/2.1; +http://www.google.com/bot.html)"
216.244.66.243 - - [16/Apr/2026:01:43:35 +0200] "GET /wp-content/uploads/2008/09/aboutinternets.png HTTP/1.1" 200 40036 "-" "Mozilla/5.0 (compatible; DotBot/1.2; +https://opensiteexplorer.org/dotbot; help@moz.com)"
66.249.66.33 - - [16/Apr/2026:01:43:43 +0200] "GET /goods/Suspension-De-Plafond-En-Macram-Pour-Plantes-De-89-9-Cm/912249 HTTP/1.1" 500 199 "-" "Mozilla/5.0 (Linux; Android 6.0.1; Nexus 5X Build/MMB29P) AppleWebKit/537.36 (KHTML, like Gecko) Chrome/146.0.7680.177 Mobile Safari/537.36 (compatible; Googlebot/2.1; +http://www.google.com/bot.html)"
66.249.66.34 - - [16/Apr/2026:01:44:06 +0200] "GET /goods/Treetech-Quarter-Pattern-Sock-Chaussettes-De-Randonn-e/422946 HTTP/1.1" 500 199 "-" "Mozilla/5.0 (Linux; Android 6.0.1; Nexus 5X Build/MMB29P) AppleWebKit/537.36 (KHTML, like Gecko) Chrome/146.0.7680.177 Mobile Safari/537.36 (compatible; Googlebot/2.1; +http://www.google.com/bot.html)"
66.249.66.34 - - [16/Apr/2026:01:44:29 +0200] "GET /goods/De-Protection-De-Cadre-De-V-lo-En-Gel-De-Silice/585149 HTTP/1.1" 500 199 "-" "Mozilla/5.0 (Linux; Android 6.0.1; Nexus 5X Build/MMB29P) AppleWebKit/537.36 (KHTML, like Gecko) Chrome/146.0.7680.177 Mobile Safari/537.36 (compatible; Googlebot/2.1; +http://www.google.com/bot.html)"
20.151.209.7 - - [16/Apr/2026:01:44:46 +0200] "GET //wp-content/plugins/fix/up.php HTTP/1.1" 500 199 "-" "Mozilla/5.0 (Windows NT 10.0; Win64; x64) AppleWebKit/537.36 (KHTML, like Gecko) Chrome/85.0.4183.102 Safari/537.36"
66.249.66.32 - - [16/Apr/2026:01:44:52 +0200] "GET /goods/XINNI-Bouquet-De-Mari-e-Fait-La-Main-En-Satin-Avec-Strass-Et/735919 HTTP/1.1" 500 199 "-" "Mozilla/5.0 (Linux; Android 6.0.1; Nexus 5X Build/MMB29P) AppleWebKit/537.36 (KHTML, like Gecko) Chrome/146.0.7680.177 Mobile Safari/537.36 (compatible; Googlebot/2.1; +http://www.google.com/bot.html)"
66.249.66.33 - - [16/Apr/2026:01:45:14 +0200] "GET /goods/De-2-25-X-25-Cm-Lavettes/1275104 HTTP/1.1" 500 199 "-" "Mozilla/5.0 (Linux; Android 6.0.1; Nexus 5X Build/MMB29P) AppleWebKit/537.36 (KHTML, like Gecko) Chrome/146.0.7680.177 Mobile Safari/537.36 (compatible; Googlebot/2.1; +http://www.google.com/bot.html)"
40.77.167.5 - - [16/Apr/2026:01:45:19 +0200] "GET /goods/Wheel-Lock-Kit-Chrome-Includes-4-Wheel-Locks/584166 HTTP/1.1" 500 199 "-" "Mozilla/5.0 AppleWebKit/537.36 (KHTML, like Gecko; compatible; bingbot/2.0; +http://www.bing.com/bingbot.htm) Chrome/116.0.1938.76 Safari/537.36"
40.77.167.28 - - [16/Apr/2026:01:45:30 +0200] "GET /goods/Katzen-Tasse-N-Katze-Kaffeetasse-Becher-Schwarz-Weiss/1061590 HTTP/1.1" 500 199 "-" "Mozilla/5.0 AppleWebKit/537.36 (KHTML, like Gecko; compatible; bingbot/2.0; +http://www.bing.com/bingbot.htm) Chrome/116.0.1938.76 Safari/537.36"
66.249.66.32 - - [16/Apr/2026:01:45:37 +0200] "GET /goods/Xiaomi-Redmi-12-4G-5G-tui-Protection/414883 HTTP/1.1" 500 199 "-" "Mozilla/5.0 (Linux; Android 6.0.1; Nexus 5X Build/MMB29P) AppleWebKit/537.36 (KHTML, like Gecko) Chrome/146.0.7680.177 Mobile Safari/537.36 (compatible; Googlebot/2.1; +http://www.google.com/bot.html)"
216.73.216.41 - - [16/Apr/2026:01:45:52 +0200] "GET / HTTP/1.1" 500 199 "-" "Mozilla/5.0 AppleWebKit/537.36 (KHTML, like Gecko; compatible; ClaudeBot/1.0; +claudebot@anthropic.com)"
66.249.66.33 - - [16/Apr/2026:01:46:00 +0200] "GET /goods/Manches-Longues-Imprim-Floral-Pour-Femmes-De/785057 HTTP/1.1" 500 199 "-" "Mozilla/5.0 (Linux; Android 6.0.1; Nexus 5X Build/MMB29P) AppleWebKit/537.36 (KHTML, like Gecko) Chrome/146.0.7680.177 Mobile Safari/537.36 (compatible; Googlebot/2.1; +http://www.google.com/bot.html)"
66.249.66.33 - - [16/Apr/2026:01:46:23 +0200] "GET /goods/Courroie-Tondeuse-Courroie-Trap-zo-dale-Sourcing-Map-1060mm/738662 HTTP/1.1" 500 199 "-" "Mozilla/5.0 (Linux; Android 6.0.1; Nexus 5X Build/MMB29P) AppleWebKit/537.36 (KHTML, like Gecko) Chrome/146.0.7680.177 Mobile Safari/537.36 (compatible; Googlebot/2.1; +http://www.google.com/bot.html)"
66.249.66.32 - - [16/Apr/2026:01:46:38 +0200] "GET /goods/Anti-poussi-re-Mastectomie-Sein-Pr-Acheter-Prix-Bas/1053246 HTTP/1.1" 500 199 "-" "Mozilla/5.0 (Linux; Android 6.0.1; Nexus 5X Build/MMB29P) AppleWebKit/537.36 (KHTML, like Gecko) Chrome/146.0.7680.177 Mobile Safari/537.36 (compatible; GoogleOther)"
66.249.66.32 - - [16/Apr/2026:01:46:46 +0200] "GET /goods/Num-riquement-Lunettes-tui-Avec-Cordon-De-Serrage/790791 HTTP/1.1" 500 199 "-" "Mozilla/5.0 (Linux; Android 6.0.1; Nexus 5X Build/MMB29P) AppleWebKit/537.36 (KHTML, like Gecko) Chrome/146.0.7680.177 Mobile Safari/537.36 (compatible; Googlebot/2.1; +http://www.google.com/bot.html)"
66.249.66.33 - - [16/Apr/2026:01:47:08 +0200] "GET /goods/Outdoor-Jardin-Terrasse-Orange-BiG52-IRON-RAW/489230 HTTP/1.1" 500 199 "-" "Mozilla/5.0 (Linux; Android 6.0.1; Nexus 5X Build/MMB29P) AppleWebKit/537.36 (KHTML, like Gecko) Chrome/146.0.7680.177 Mobile Safari/537.36 (compatible; Googlebot/2.1; +http://www.google.com/bot.html)"
66.249.66.32 - - [16/Apr/2026:01:47:20 +0200] "GET /goods/Anti-poussi-re-Mastectomie-Sein-Pr-Acheter-Prix-Bas/1053246 HTTP/1.1" 500 199 "-" "Mozilla/5.0 (Linux; Android 6.0.1; Nexus 5X Build/MMB29P) AppleWebKit/537.36 (KHTML, like Gecko) Chrome/146.0.7680.177 Mobile Safari/537.36 (compatible; Googlebot/2.1; +http://www.google.com/bot.html)"
66.249.66.32 - - [16/Apr/2026:01:47:31 +0200] "GET /goods/Pinceaux-Pinceau-Radiateur-Pinceaux-Pinceaux-Peinture-Mur/977436 HTTP/1.1" 500 199 "-" "Mozilla/5.0 (Linux; Android 6.0.1; Nexus 5X Build/MMB29P) AppleWebKit/537.36 (KHTML, like Gecko) Chrome/146.0.7680.177 Mobile Safari/537.36 (compatible; Googlebot/2.1; +http://www.google.com/bot.html)"
94.154.35.236 - - [16/Apr/2026:01:47:35 +0200] "HEAD /system.gz HTTP/1.1" 500 166 "-" "Mozilla/5.0 (Windows NT 10.0; Win64; x64) AppleWebKit/537.36 (KHTML, like Gecko) Chrome/101.0.4951.67 Safari/537.36"
66.249.66.32 - - [16/Apr/2026:01:47:54 +0200] "GET /goods/NNYCC-Sabre-Laser-RVB-R-aliste-4-Ensembles-D-039-effets-Sonores/761790 HTTP/1.1" 500 199 "-" "Mozilla/5.0 (Linux; Android 6.0.1; Nexus 5X Build/MMB29P) AppleWebKit/537.36 (KHTML, like Gecko) Chrome/146.0.7680.177 Mobile Safari/537.36 (compatible; Googlebot/2.1; +http://www.google.com/bot.html)"
66.249.66.34 - - [16/Apr/2026:01:48:01 +0200] "GET /goods/Anti-poussi-re-Mastectomie-Sein-Pr-Acheter-Prix-Bas/1053246 HTTP/1.1" 500 199 "-" "Mozilla/5.0 (Linux; Android 6.0.1; Nexus 5X Build/MMB29P) AppleWebKit/537.36 (KHTML, like Gecko) Chrome/146.0.7680.177 Mobile Safari/537.36 (compatible; GoogleOther)"
66.249.66.33 - - [16/Apr/2026:01:48:17 +0200] "GET /goods/Cafeti-re-Turque-Cezve-En-Cuivre-150-Ml-Machine-Caf/517598 HTTP/1.1" 500 199 "-" "Mozilla/5.0 (Linux; Android 6.0.1; Nexus 5X Build/MMB29P) AppleWebKit/537.36 (KHTML, like Gecko) Chrome/146.0.7680.177 Mobile Safari/537.36 (compatible; Googlebot/2.1; +http://www.google.com/bot.html)"
216.73.216.41 - - [16/Apr/2026:01:48:39 +0200] "GET /goods.php HTTP/1.1" 500 199 "-" "Mozilla/5.0 AppleWebKit/537.36 (KHTML, like Gecko; compatible; ClaudeBot/1.0; +claudebot@anthropic.com)"
66.249.66.32 - - [16/Apr/2026:01:48:39 +0200] "GET /goods/En-Pin-Massif-Dinamic-Biblioth-que-Et-tag-re/1092161 HTTP/1.1" 500 199 "-" "Mozilla/5.0 (Linux; Android 6.0.1; Nexus 5X Build/MMB29P) AppleWebKit/537.36 (KHTML, like Gecko) Chrome/146.0.7680.177 Mobile Safari/537.36 (compatible; Googlebot/2.1; +http://www.google.com/bot.html)"
66.249.66.34 - - [16/Apr/2026:01:49:02 +0200] "GET /goods/De-D-fonceuse-Empil-es-Pour-Rail-De-Porte-D-039-armoire/485510 HTTP/1.1" 500 199 "-" "Mozilla/5.0 (Linux; Android 6.0.1; Nexus 5X Build/MMB29P) AppleWebKit/537.36 (KHTML, like Gecko) Chrome/146.0.7680.177 Mobile Safari/537.36 (compatible; Googlebot/2.1; +http://www.google.com/bot.html)"
40.77.167.76 - - [16/Apr/2026:01:49:04 +0200] "GET /goods/Memorias-De-Un-Cuerpo-Que-Arde/1186657 HTTP/1.1" 500 199 "-" "Mozilla/5.0 AppleWebKit/537.36 (KHTML, like Gecko; compatible; bingbot/2.0; +http://www.bing.com/bingbot.htm) Chrome/116.0.1938.76 Safari/537.36"
40.77.167.76 - - [16/Apr/2026:01:49:14 +0200] "GET /goods/Tonies-Figurine-Anna-La-Reine-Des-Neiges-2-Personnage-Avec/657477 HTTP/1.1" 500 199 "-" "Mozilla/5.0 AppleWebKit/537.36 (KHTML, like Gecko; compatible; bingbot/2.0; +http://www.bing.com/bingbot.htm) Chrome/116.0.1938.76 Safari/537.36"
40.77.167.5 - - [16/Apr/2026:01:49:18 +0200] "GET /goods/Treuil-Manuel-Treuil-Professionnel-Environ-1588-Kg-Sangle-10-M/416396 HTTP/1.1" 500 199 "-" "Mozilla/5.0 AppleWebKit/537.36 (KHTML, like Gecko; compatible; bingbot/2.0; +http://www.bing.com/bingbot.htm) Chrome/116.0.1938.76 Safari/537.36"
40.77.167.5 - - [16/Apr/2026:01:49:18 +0200] "GET /goods/Cadres-Photo-Format-A5-18X24-Cm-En-Bois-Mdf-Avec-Verre/554318 HTTP/1.1" 500 199 "-" "Mozilla/5.0 AppleWebKit/537.36 (KHTML, like Gecko; compatible; bingbot/2.0; +http://www.bing.com/bingbot.htm) Chrome/116.0.1938.76 Safari/537.36"
40.77.167.28 - - [16/Apr/2026:01:49:24 +0200] "GET /goods/Pairs-Mixed-Nipple-Cover-Breast-Petals-Pasty-Nipples-Sticker/1178689 HTTP/1.1" 500 199 "-" "Mozilla/5.0 AppleWebKit/537.36 (KHTML, like Gecko; compatible; bingbot/2.0; +http://www.bing.com/bingbot.htm) Chrome/116.0.1938.76 Safari/537.36"
66.249.66.197 - - [16/Apr/2026:01:49:25 +0200] "GET /goods/Grand-Format-Broch-2023-De-ditions-Larousse/1061169 HTTP/1.1" 500 199 "-" "Mozilla/5.0 (Linux; Android 6.0.1; Nexus 5X Build/MMB29P) AppleWebKit/537.36 (KHTML, like Gecko) Chrome/146.0.7680.177 Mobile Safari/537.36 (compatible; Googlebot/2.1; +http://www.google.com/bot.html)"
66.249.66.32 - - [16/Apr/2026:01:49:48 +0200] "GET /goods/Arche-De-Ballon-Ballon-Aluminum/1036169 HTTP/1.1" 500 199 "-" "Mozilla/5.0 (Linux; Android 6.0.1; Nexus 5X Build/MMB29P) AppleWebKit/537.36 (KHTML, like Gecko) Chrome/146.0.7680.177 Mobile Safari/537.36 (compatible; Googlebot/2.1; +http://www.google.com/bot.html)"
66.249.66.33 - - [16/Apr/2026:01:50:11 +0200] "GET /goods/Tige-KUD-D-6-Mm-Long-T-te-5-Mm-D-Tige-6-Mm-Carbure-Engr/747270 HTTP/1.1" 500 199 "-" "Mozilla/5.0 (Linux; Android 6.0.1; Nexus 5X Build/MMB29P) AppleWebKit/537.36 (KHTML, like Gecko) Chrome/146.0.7680.177 Mobile Safari/537.36 (compatible; Googlebot/2.1; +http://www.google.com/bot.html)"
66.249.66.33 - - [16/Apr/2026:01:50:33 +0200] "GET /goods/Mm-De-Grosor-20-Kg-2-2-M-Soporta-Hasta-450-Kg/946761 HTTP/1.1" 500 199 "-" "Mozilla/5.0 (Linux; Android 6.0.1; Nexus 5X Build/MMB29P) AppleWebKit/537.36 (KHTML, like Gecko) Chrome/146.0.7680.177 Mobile Safari/537.36 (compatible; Googlebot/2.1; +http://www.google.com/bot.html)"
66.249.66.32 - - [16/Apr/2026:01:50:56 +0200] "GET /goods/Jam-Tangan-Wanita-Les-Catino-Juliet-Watch-Indonesia/531444 HTTP/1.1" 500 199 "-" "Mozilla/5.0 (Linux; Android 6.0.1; Nexus 5X Build/MMB29P) AppleWebKit/537.36 (KHTML, like Gecko) Chrome/146.0.7680.177 Mobile Safari/537.36 (compatible; Googlebot/2.1; +http://www.google.com/bot.html)"
66.249.66.32 - - [16/Apr/2026:01:51:19 +0200] "GET /goods/Mousse-M-moire-De-Forme-U2022-Instant-Sant/638155 HTTP/1.1" 500 199 "-" "Mozilla/5.0 (Linux; Android 6.0.1; Nexus 5X Build/MMB29P) AppleWebKit/537.36 (KHTML, like Gecko) Chrome/146.0.7680.177 Mobile Safari/537.36 (compatible; Googlebot/2.1; +http://www.google.com/bot.html)"
66.249.66.32 - - [16/Apr/2026:01:51:42 +0200] "GET /goods/VIMAR-EIKON-3-MODULES-Catalogue-De-Vente-Et-Tarifs/708952 HTTP/1.1" 500 199 "-" "Mozilla/5.0 (Linux; Android 6.0.1; Nexus 5X Build/MMB29P) AppleWebKit/537.36 (KHTML, like Gecko) Chrome/146.0.7680.177 Mobile Safari/537.36 (compatible; Googlebot/2.1; +http://www.google.com/bot.html)"
66.249.66.33 - - [16/Apr/2026:01:52:05 +0200] "GET /goods/Replay-Ceinture-Boucle-Logo-Replay-Noir-Ceintures-Chez/1192777 HTTP/1.1" 500 199 "-" "Mozilla/5.0 (Linux; Android 6.0.1; Nexus 5X Build/MMB29P) AppleWebKit/537.36 (KHTML, like Gecko) Chrome/146.0.7680.177 Mobile Safari/537.36 (compatible; Googlebot/2.1; +http://www.google.com/bot.html)"
66.249.66.33 - - [16/Apr/2026:01:52:27 +0200] "GET /goods/Sandales-Plates-Gabi-Pour-Femme-Ivoire-Moderne/1281836 HTTP/1.1" 500 199 "-" "Mozilla/5.0 (Linux; Android 6.0.1; Nexus 5X Build/MMB29P) AppleWebKit/537.36 (KHTML, like Gecko) Chrome/146.0.7680.177 Mobile Safari/537.36 (compatible; Googlebot/2.1; +http://www.google.com/bot.html)"
216.73.216.41 - - [16/Apr/2026:01:52:43 +0200] "GET / HTTP/1.1" 500 199 "-" "Mozilla/5.0 AppleWebKit/537.36 (KHTML, like Gecko; compatible; ClaudeBot/1.0; +claudebot@anthropic.com)"
66.249.66.32 - - [16/Apr/2026:01:52:50 +0200] "GET /goods/P-ces-Fendue-Plss-e-Carreaux-Pour-Femmes-Dark/703600 HTTP/1.1" 500 199 "-" "Mozilla/5.0 (Linux; Android 6.0.1; Nexus 5X Build/MMB29P) AppleWebKit/537.36 (KHTML, like Gecko) Chrome/146.0.7680.177 Mobile Safari/537.36 (compatible; Googlebot/2.1; +http://www.google.com/bot.html)"
57.141.20.28 - - [16/Apr/2026:01:52:54 +0200] "GET /sitemap-pt-post-p2-2008-03.html HTTP/1.1" 500 199 "-" "meta-externalagent/1.1 (+https://developers.facebook.com/docs/sharing/webmasters/crawler)"
66.249.66.34 - - [16/Apr/2026:01:53:13 +0200] "GET /goods/Chaussures-De-S-curit-Puma-Chaussures-Puma-Pour-Homme-femme/440901 HTTP/1.1" 500 199 "-" "Mozilla/5.0 (Linux; Android 6.0.1; Nexus 5X Build/MMB29P) AppleWebKit/537.36 (KHTML, like Gecko) Chrome/146.0.7680.177 Mobile Safari/537.36 (compatible; Googlebot/2.1; +http://www.google.com/bot.html)"
66.249.66.2 - - [16/Apr/2026:01:53:36 +0200] "GET /goods/De-S-curit-Unisexes-L-g-res-Flexibles-Anti-crevaison-En/445650 HTTP/1.1" 500 199 "-" "Mozilla/5.0 (Linux; Android 6.0.1; Nexus 5X Build/MMB29P) AppleWebKit/537.36 (KHTML, like Gecko) Chrome/146.0.7680.177 Mobile Safari/537.36 (compatible; Googlebot/2.1; +http://www.google.com/bot.html)"
66.249.66.65 - - [16/Apr/2026:01:53:58 +0200] "GET /goods/s-Children-039-s-Work-Frame-20-Pieces-Red-Blue/419115 HTTP/1.1" 500 199 "-" "Mozilla/5.0 (Linux; Android 6.0.1; Nexus 5X Build/MMB29P) AppleWebKit/537.36 (KHTML, like Gecko) Chrome/146.0.7680.177 Mobile Safari/537.36 (compatible; Googlebot/2.1; +http://www.google.com/bot.html)"
18.97.9.100 - - [16/Apr/2026:01:53:59 +0200] "GET /goods/Boire-Fraise-Framboise-1-5-M-G-8-X-93-Ml/1296732 HTTP/1.1" 500 199 "-" "Mozilla/5.0 AppleWebKit/537.36 (KHTML, like Gecko; compatible; PerplexityBot/1.0; +https://perplexity.ai/perplexitybot)"
18.97.9.100 - - [16/Apr/2026:01:54:05 +0200] "GET /goods/Boire-Fraise-Framboise-1-5-M-G-8-X-93-Ml/1296732 HTTP/1.1" 500 199 "-" "Mozilla/5.0 AppleWebKit/537.36 (KHTML, like Gecko; compatible; PerplexityBot/1.0; +https://perplexity.ai/perplexitybot)"
66.249.66.34 - - [16/Apr/2026:01:54:21 +0200] "GET /goods/Pantalon-De-Jogging-Noir-Pantalons-FR/498426 HTTP/1.1" 500 199 "-" "Mozilla/5.0 (Linux; Android 6.0.1; Nexus 5X Build/MMB29P) AppleWebKit/537.36 (KHTML, like Gecko) Chrome/146.0.7680.177 Mobile Safari/537.36 (compatible; Googlebot/2.1; +http://www.google.com/bot.html)"
66.249.66.167 - - [16/Apr/2026:01:54:44 +0200] "GET /goods/039-agilit-En-Caoutchouc-Antid-rapants-De-Qualit/1193139 HTTP/1.1" 500 199 "-" "Mozilla/5.0 (Linux; Android 6.0.1; Nexus 5X Build/MMB29P) AppleWebKit/537.36 (KHTML, like Gecko) Chrome/146.0.7680.177 Mobile Safari/537.36 (compatible; Googlebot/2.1; +http://www.google.com/bot.html)"
66.249.66.32 - - [16/Apr/2026:01:55:07 +0200] "GET /goods/En-Plastique-2-jpg-Wikimedia/459331 HTTP/1.1" 500 199 "-" "Mozilla/5.0 (Linux; Android 6.0.1; Nexus 5X Build/MMB29P) AppleWebKit/537.36 (KHTML, like Gecko) Chrome/146.0.7680.177 Mobile Safari/537.36 (compatible; Googlebot/2.1; +http://www.google.com/bot.html)"
66.249.66.33 - - [16/Apr/2026:01:55:30 +0200] "GET /goods/Roxy-LIFE-BOARD-F-R-Short-Blue-bleu/1112617 HTTP/1.1" 500 199 "-" "Mozilla/5.0 (Linux; Android 6.0.1; Nexus 5X Build/MMB29P) AppleWebKit/537.36 (KHTML, like Gecko) Chrome/146.0.7680.177 Mobile Safari/537.36 (compatible; Googlebot/2.1; +http://www.google.com/bot.html)"
66.249.66.32 - - [16/Apr/2026:01:55:59 +0200] "GET /goods/Iplusmile-Lot-De-6-Tubes-Ronds-En-Bois-D-039-agar-Avec/746502 HTTP/1.1" 500 199 "-" "Mozilla/5.0 (Linux; Android 6.0.1; Nexus 5X Build/MMB29P) AppleWebKit/537.36 (KHTML, like Gecko) Chrome/146.0.7680.177 Mobile Safari/537.36 (compatible; Googlebot/2.1; +http://www.google.com/bot.html)"
66.249.66.198 - - [16/Apr/2026:01:56:15 +0200] "GET /goods/Verres-Whisky-Et-Verres-Whisky-En-Ardoise-U2013-Cadeau/1086486 HTTP/1.1" 500 199 "-" "Mozilla/5.0 (Linux; Android 6.0.1; Nexus 5X Build/MMB29P) AppleWebKit/537.36 (KHTML, like Gecko) Chrome/146.0.7680.177 Mobile Safari/537.36 (compatible; Googlebot/2.1; +http://www.google.com/bot.html)"
66.249.66.33 - - [16/Apr/2026:01:56:38 +0200] "GET /goods/SKMEI-Montre-Homme-Pour-Homme-Montre-Bracelet-Quartz/1070561 HTTP/1.1" 500 199 "-" "Mozilla/5.0 (Linux; Android 6.0.1; Nexus 5X Build/MMB29P) AppleWebKit/537.36 (KHTML, like Gecko) Chrome/146.0.7680.177 Mobile Safari/537.36 (compatible; Googlebot/2.1; +http://www.google.com/bot.html)"
66.249.66.34 - - [16/Apr/2026:01:57:01 +0200] "GET /goods/Secours-Peau-De-Serpent-Wheel-Protectors-Polyester-Spare-Tire/841466 HTTP/1.1" 500 199 "-" "Mozilla/5.0 (Linux; Android 6.0.1; Nexus 5X Build/MMB29P) AppleWebKit/537.36 (KHTML, like Gecko) Chrome/146.0.7680.177 Mobile Safari/537.36 (compatible; Googlebot/2.1; +http://www.google.com/bot.html)"
66.249.66.3 - - [16/Apr/2026:01:57:24 +0200] "GET /goods/Tendon-D-039-Achille-Bauerfeind-AchilloTrain-Titane/820976 HTTP/1.1" 500 199 "-" "Mozilla/5.0 (Linux; Android 6.0.1; Nexus 5X Build/MMB29P) AppleWebKit/537.36 (KHTML, like Gecko) Chrome/146.0.7680.177 Mobile Safari/537.36 (compatible; Googlebot/2.1; +http://www.google.com/bot.html)"
66.249.66.32 - - [16/Apr/2026:01:57:46 +0200] "GET /goods/Les-Soeurs-Ring-Gwen-Heart-Goud-Les-Soeurs/770195 HTTP/1.1" 500 199 "-" "Mozilla/5.0 (Linux; Android 6.0.1; Nexus 5X Build/MMB29P) AppleWebKit/537.36 (KHTML, like Gecko) Chrome/146.0.7680.177 Mobile Safari/537.36 (compatible; Googlebot/2.1; +http://www.google.com/bot.html)"
66.249.66.33 - - [16/Apr/2026:01:58:09 +0200] "GET /goods/3EZ12-DIO10-Zener-3W-12V-Ammo-Pack-DO15-Diode-Individuelle/1000469 HTTP/1.1" 500 199 "-" "Mozilla/5.0 (Linux; Android 6.0.1; Nexus 5X Build/MMB29P) AppleWebKit/537.36 (KHTML, like Gecko) Chrome/146.0.7680.177 Mobile Safari/537.36 (compatible; Googlebot/2.1; +http://www.google.com/bot.html)"
66.249.66.33 - - [16/Apr/2026:01:58:52 +0200] "GET /goods/Frein-De-Chute-Soft-Close-Finition-De-Haute-Qualit/1182192 HTTP/1.1" 500 199 "-" "Mozilla/5.0 (Linux; Android 6.0.1; Nexus 5X Build/MMB29P) AppleWebKit/537.36 (KHTML, like Gecko) Chrome/146.0.7680.177 Mobile Safari/537.36 (compatible; Googlebot/2.1; +http://www.google.com/bot.html)"
66.249.66.34 - - [16/Apr/2026:01:59:03 +0200] "GET /goods/Bas-Autofixant-Haut-Dentelle-Taille-M-15-Denier-Supershine-Nylon/593119 HTTP/1.1" 500 199 "-" "Mozilla/5.0 (Linux; Android 6.0.1; Nexus 5X Build/MMB29P) AppleWebKit/537.36 (KHTML, like Gecko) Chrome/146.0.7680.177 Mobile Safari/537.36 (compatible; Googlebot/2.1; +http://www.google.com/bot.html)"
66.249.66.198 - - [16/Apr/2026:01:59:17 +0200] "GET /goods/Pi-ces-Pour-Femme-T-shirt-Ajust-Col-Rond/593294 HTTP/1.1" 500 199 "-" "Mozilla/5.0 (Linux; Android 6.0.1; Nexus 5X Build/MMB29P) AppleWebKit/537.36 (KHTML, like Gecko) Chrome/146.0.7680.177 Mobile Safari/537.36 (compatible; Googlebot/2.1; +http://www.google.com/bot.html)"
66.249.66.34 - - [16/Apr/2026:02:00:00 +0200] "GET /goods/Serre-joint-Levier-Serrage-Rapide-En-Acier-Forg-Pour/764259 HTTP/1.1" 500 199 "-" "Mozilla/5.0 (Linux; Android 6.0.1; Nexus 5X Build/MMB29P) AppleWebKit/537.36 (KHTML, like Gecko) Chrome/146.0.7680.177 Mobile Safari/537.36 (compatible; Googlebot/2.1; +http://www.google.com/bot.html)"
66.249.66.33 - - [16/Apr/2026:02:00:32 +0200] "GET /goods/De-Bouturage-Repiquage-ALGOFLASH-NATURASOL-Le-Lot-De/697259 HTTP/1.1" 500 199 "-" "Mozilla/5.0 (Linux; Android 6.0.1; Nexus 5X Build/MMB29P) AppleWebKit/537.36 (KHTML, like Gecko) Chrome/146.0.7680.177 Mobile Safari/537.36 (compatible; Googlebot/2.1; +http://www.google.com/bot.html)"
66.249.66.32 - - [16/Apr/2026:02:00:43 +0200] "GET /goods/Et-Lune-Couple-Quai-Des-Amours/721856 HTTP/1.1" 500 199 "-" "Mozilla/5.0 (Linux; Android 6.0.1; Nexus 5X Build/MMB29P) AppleWebKit/537.36 (KHTML, like Gecko) Chrome/146.0.7680.177 Mobile Safari/537.36 (compatible; Googlebot/2.1; +http://www.google.com/bot.html)"
66.249.66.34 - - [16/Apr/2026:02:01:01 +0200] "GET /goods/Indien-Pakistanais-Designer-Anarkali-Kurta/758707 HTTP/1.1" 500 199 "-" "Mozilla/5.0 (Linux; Android 6.0.1; Nexus 5X Build/MMB29P) AppleWebKit/537.36 (KHTML, like Gecko) Chrome/146.0.7680.177 Mobile Safari/537.36 (compatible; Googlebot/2.1; +http://www.google.com/bot.html)"
66.249.66.32 - - [16/Apr/2026:02:01:07 +0200] "GET /goods/De-Teintures-Jacquard-Procion-MX-MC-Art-Supplies/1254698 HTTP/1.1" 500 199 "-" "Mozilla/5.0 (Linux; Android 6.0.1; Nexus 5X Build/MMB29P) AppleWebKit/537.36 (KHTML, like Gecko) Chrome/146.0.7680.177 Mobile Safari/537.36 (compatible; Googlebot/2.1; +http://www.google.com/bot.html)"
66.249.66.32 - - [16/Apr/2026:02:01:09 +0200] "GET /goods/me-D-039-alimentation-Solaire-De-Balcon-Anker-SOLIX-2-Panneaux/684872 HTTP/1.1" 500 199 "-" "Mozilla/5.0 (Linux; Android 6.0.1; Nexus 5X Build/MMB29P) AppleWebKit/537.36 (KHTML, like Gecko) Chrome/146.0.7680.177 Mobile Safari/537.36 (compatible; Googlebot/2.1; +http://www.google.com/bot.html)"
66.249.66.32 - - [16/Apr/2026:02:01:11 +0200] "GET /goods/De-2-Flacons-De-415ml-Heinz/1046568 HTTP/1.1" 500 199 "-" "Mozilla/5.0 (Linux; Android 6.0.1; Nexus 5X Build/MMB29P) AppleWebKit/537.36 (KHTML, like Gecko) Chrome/146.0.7680.177 Mobile Safari/537.36 (compatible; Googlebot/2.1; +http://www.google.com/bot.html)"
66.249.66.32 - - [16/Apr/2026:02:01:29 +0200] "GET /goods/Anderson-Purist-Player-Development-Lab/1278719 HTTP/1.1" 500 199 "-" "Mozilla/5.0 (Linux; Android 6.0.1; Nexus 5X Build/MMB29P) AppleWebKit/537.36 (KHTML, like Gecko) Chrome/146.0.7680.177 Mobile Safari/537.36 (compatible; Googlebot/2.1; +http://www.google.com/bot.html)"
66.249.66.32 - - [16/Apr/2026:02:01:31 +0200] "GET /goods/Sterling-Ambre-Baltique-V-ritable-Goutte-Pendantes-Oreilles/1022226 HTTP/1.1" 500 199 "-" "Mozilla/5.0 (Linux; Android 6.0.1; Nexus 5X Build/MMB29P) AppleWebKit/537.36 (KHTML, like Gecko) Chrome/146.0.7680.177 Mobile Safari/537.36 (compatible; Googlebot/2.1; +http://www.google.com/bot.html)"
66.249.66.32 - - [16/Apr/2026:02:01:33 +0200] "GET /goods/Hommes-Et-Femmes-Chaussettes-De-Sport-Antid-rapantes-Bas-En/548494 HTTP/1.1" 500 199 "-" "Mozilla/5.0 (Linux; Android 6.0.1; Nexus 5X Build/MMB29P) AppleWebKit/537.36 (KHTML, like Gecko) Chrome/146.0.7680.177 Mobile Safari/537.36 (compatible; Googlebot/2.1; +http://www.google.com/bot.html)"
66.249.66.32 - - [16/Apr/2026:02:01:51 +0200] "GET /goods/Lot-De-8-Piles-Au-Lithium-Rechargeables-AAA-1-5-V-Kratax/1247030 HTTP/1.1" 500 199 "-" "Mozilla/5.0 (Linux; Android 6.0.1; Nexus 5X Build/MMB29P) AppleWebKit/537.36 (KHTML, like Gecko) Chrome/146.0.7680.177 Mobile Safari/537.36 (compatible; Googlebot/2.1; +http://www.google.com/bot.html)"
66.249.66.32 - - [16/Apr/2026:02:02:09 +0200] "GET /goods/De-10-Flacons-Vides-En-Plastique-Pour-Produits-Chimiques-60-Ml/846345 HTTP/1.1" 500 199 "-" "Mozilla/5.0 (Linux; Android 6.0.1; Nexus 5X Build/MMB29P) AppleWebKit/537.36 (KHTML, like Gecko) Chrome/146.0.7680.177 Mobile Safari/537.36 (compatible; Googlebot/2.1; +http://www.google.com/bot.html)"
66.249.66.33 - - [16/Apr/2026:02:02:35 +0200] "GET /goods/Lot-De-3-6729Ip65-032Mosd-Spot-Encastrable-Led-Ip65-En-Acier/731779 HTTP/1.1" 500 199 "-" "Mozilla/5.0 (Linux; Android 6.0.1; Nexus 5X Build/MMB29P) AppleWebKit/537.36 (KHTML, like Gecko) Chrome/146.0.7680.177 Mobile Safari/537.36 (compatible; Googlebot/2.1; +http://www.google.com/bot.html)"
