74.7.227.21 - - [16/Apr/2026:00:10:54 +0200] "GET /18-01-2006/ HTTP/1.1" 200 6291 "https://www.afish-ka.ru/05-02-2006/" "Mozilla/5.0 AppleWebKit/537.36 (KHTML, like Gecko; compatible; GPTBot/1.3; +https://openai.com/gptbot)"
74.7.227.21 - - [16/Apr/2026:00:10:55 +0200] "GET /19-12-2005/ HTTP/1.1" 404 413 "https://www.afish-ka.ru/23-01-2006/" "Mozilla/5.0 AppleWebKit/537.36 (KHTML, like Gecko; compatible; GPTBot/1.3; +https://openai.com/gptbot)"
74.7.227.21 - - [16/Apr/2026:00:10:55 +0200] "GET /27-01-2006/ HTTP/1.1" 200 10265 "https://www.afish-ka.ru/05-02-2006/" "Mozilla/5.0 AppleWebKit/537.36 (KHTML, like Gecko; compatible; GPTBot/1.3; +https://openai.com/gptbot)"
74.7.227.21 - - [16/Apr/2026:00:10:56 +0200] "GET /10-12-2005/ HTTP/1.1" 404 413 "https://www.afish-ka.ru/14-01-2006/" "Mozilla/5.0 AppleWebKit/537.36 (KHTML, like Gecko; compatible; GPTBot/1.3; +https://openai.com/gptbot)"
74.7.227.21 - - [16/Apr/2026:00:10:57 +0200] "GET /13-12-2005/ HTTP/1.1" 404 4174 "https://www.afish-ka.ru/17-01-2006/" "Mozilla/5.0 AppleWebKit/537.36 (KHTML, like Gecko; compatible; GPTBot/1.3; +https://openai.com/gptbot)"
74.7.227.21 - - [16/Apr/2026:00:10:57 +0200] "GET /16-01-2006/ HTTP/1.1" 200 10055 "https://www.afish-ka.ru/05-02-2006/" "Mozilla/5.0 AppleWebKit/537.36 (KHTML, like Gecko; compatible; GPTBot/1.3; +https://openai.com/gptbot)"
74.7.227.21 - - [16/Apr/2026:00:10:58 +0200] "GET /11-07-2007/ HTTP/1.1" 200 6572 "https://www.afish-ka.ru/15-08-2007/" "Mozilla/5.0 AppleWebKit/537.36 (KHTML, like Gecko; compatible; GPTBot/1.3; +https://openai.com/gptbot)"
74.7.227.21 - - [16/Apr/2026:00:10:58 +0200] "GET /24-12-2005/ HTTP/1.1" 404 413 "https://www.afish-ka.ru/28-01-2006/" "Mozilla/5.0 AppleWebKit/537.36 (KHTML, like Gecko; compatible; GPTBot/1.3; +https://openai.com/gptbot)"
185.191.171.6 - - [16/Apr/2026:00:10:58 +0200] "GET /concert_hall/actions/1462/opinions/add/?parent=14839 HTTP/1.1" 200 9529 "-" "Mozilla/5.0 (compatible; SemrushBot/7~bl; +http://www.semrush.com/bot.html)"
92.222.108.108 - - [16/Apr/2026:00:10:59 +0200] "GET /cinema/films/1859/opinions/add/ HTTP/1.1" 200 9543 "-" "Mozilla/5.0 (compatible; AhrefsBot/7.0; +http://ahrefs.com/robot/)"
74.7.227.21 - - [16/Apr/2026:00:10:59 +0200] "GET /06-11-2012/ HTTP/1.1" 200 12577 "https://www.afish-ka.ru/03-11-2012/" "Mozilla/5.0 AppleWebKit/537.36 (KHTML, like Gecko; compatible; GPTBot/1.3; +https://openai.com/gptbot)"
74.7.227.21 - - [16/Apr/2026:00:11:00 +0200] "GET /22-12-2017/ HTTP/1.1" 200 10410 "https://www.afish-ka.ru/09-12-2017/" "Mozilla/5.0 AppleWebKit/537.36 (KHTML, like Gecko; compatible; GPTBot/1.3; +https://openai.com/gptbot)"
74.7.227.21 - - [16/Apr/2026:00:11:00 +0200] "GET /11-12-2005/ HTTP/1.1" 404 413 "https://www.afish-ka.ru/15-01-2006/" "Mozilla/5.0 AppleWebKit/537.36 (KHTML, like Gecko; compatible; GPTBot/1.3; +https://openai.com/gptbot)"
74.7.227.21 - - [16/Apr/2026:00:11:01 +0200] "GET /14-12-2005/ HTTP/1.1" 404 4174 "https://www.afish-ka.ru/18-01-2006/" "Mozilla/5.0 AppleWebKit/537.36 (KHTML, like Gecko; compatible; GPTBot/1.3; +https://openai.com/gptbot)"
74.7.227.21 - - [16/Apr/2026:00:11:02 +0200] "GET /22-07-2008/ HTTP/1.1" 200 10323 "https://www.afish-ka.ru/13-07-2008/" "Mozilla/5.0 AppleWebKit/537.36 (KHTML, like Gecko; compatible; GPTBot/1.3; +https://openai.com/gptbot)"
74.7.227.21 - - [16/Apr/2026:00:11:02 +0200] "GET /23-12-2005/ HTTP/1.1" 404 413 "https://www.afish-ka.ru/27-01-2006/" "Mozilla/5.0 AppleWebKit/537.36 (KHTML, like Gecko; compatible; GPTBot/1.3; +https://openai.com/gptbot)"
74.7.227.21 - - [16/Apr/2026:00:11:03 +0200] "GET /14-01-2020/ HTTP/1.1" 200 13355 "https://www.afish-ka.ru/31-12-2019/" "Mozilla/5.0 AppleWebKit/537.36 (KHTML, like Gecko; compatible; GPTBot/1.3; +https://openai.com/gptbot)"
74.7.227.21 - - [16/Apr/2026:00:11:04 +0200] "GET /21-12-2005/ HTTP/1.1" 404 413 "https://www.afish-ka.ru/25-01-2006/" "Mozilla/5.0 AppleWebKit/537.36 (KHTML, like Gecko; compatible; GPTBot/1.3; +https://openai.com/gptbot)"
74.7.227.21 - - [16/Apr/2026:00:11:04 +0200] "GET /11-02-2012/ HTTP/1.1" 200 13030 "https://www.afish-ka.ru/08-02-2012/" "Mozilla/5.0 AppleWebKit/537.36 (KHTML, like Gecko; compatible; GPTBot/1.3; +https://openai.com/gptbot)"
74.7.227.21 - - [16/Apr/2026:00:11:06 +0200] "GET /11-12-2017/ HTTP/1.1" 200 12492 "https://www.afish-ka.ru/09-12-2017/" "Mozilla/5.0 AppleWebKit/537.36 (KHTML, like Gecko; compatible; GPTBot/1.3; +https://openai.com/gptbot)"
74.7.227.21 - - [16/Apr/2026:00:11:06 +0200] "GET /09-04-2007/ HTTP/1.1" 200 6843 "https://www.afish-ka.ru/14-05-2007/" "Mozilla/5.0 AppleWebKit/537.36 (KHTML, like Gecko; compatible; GPTBot/1.3; +https://openai.com/gptbot)"
74.7.227.21 - - [16/Apr/2026:00:11:07 +0200] "GET /08-09-2010/ HTTP/1.1" 200 8433 "https://www.afish-ka.ru/cinema/films/1068/" "Mozilla/5.0 AppleWebKit/537.36 (KHTML, like Gecko; compatible; GPTBot/1.3; +https://openai.com/gptbot)"
74.7.227.21 - - [16/Apr/2026:00:11:07 +0200] "GET /18-10-2012/ HTTP/1.1" 200 9964 "https://www.afish-ka.ru/03-11-2012/" "Mozilla/5.0 AppleWebKit/537.36 (KHTML, like Gecko; compatible; GPTBot/1.3; +https://openai.com/gptbot)"
74.7.227.21 - - [16/Apr/2026:00:11:08 +0200] "GET /10-01-2017/ HTTP/1.1" 200 9809 "https://www.afish-ka.ru/18-01-2017/" "Mozilla/5.0 AppleWebKit/537.36 (KHTML, like Gecko; compatible; GPTBot/1.3; +https://openai.com/gptbot)"
74.7.227.21 - - [16/Apr/2026:00:11:09 +0200] "GET /11-06-2006/ HTTP/1.1" 200 6170 "https://www.afish-ka.ru/13-06-2006/" "Mozilla/5.0 AppleWebKit/537.36 (KHTML, like Gecko; compatible; GPTBot/1.3; +https://openai.com/gptbot)"
74.7.227.21 - - [16/Apr/2026:00:11:10 +0200] "GET /06-09-2010/ HTTP/1.1" 200 8434 "https://www.afish-ka.ru/26-08-2010/" "Mozilla/5.0 AppleWebKit/537.36 (KHTML, like Gecko; compatible; GPTBot/1.3; +https://openai.com/gptbot)"
74.7.227.21 - - [16/Apr/2026:00:11:10 +0200] "GET /05-10-2012/ HTTP/1.1" 200 8608 "https://www.afish-ka.ru/17-09-2012/" "Mozilla/5.0 AppleWebKit/537.36 (KHTML, like Gecko; compatible; GPTBot/1.3; +https://openai.com/gptbot)"
74.7.227.21 - - [16/Apr/2026:00:11:11 +0200] "GET /09-02-2019/ HTTP/1.1" 200 13432 "https://www.afish-ka.ru/13-02-2019/" "Mozilla/5.0 AppleWebKit/537.36 (KHTML, like Gecko; compatible; GPTBot/1.3; +https://openai.com/gptbot)"
74.7.227.21 - - [16/Apr/2026:00:11:12 +0200] "GET /cinema/films/5571/ HTTP/1.1" 200 6564 "https://www.afish-ka.ru/14-01-2020/" "Mozilla/5.0 AppleWebKit/537.36 (KHTML, like Gecko; compatible; GPTBot/1.3; +https://openai.com/gptbot)"
74.7.227.21 - - [16/Apr/2026:00:11:12 +0200] "GET /cinema/films/1907/ HTTP/1.1" 200 6528 "https://www.afish-ka.ru/11-02-2012/" "Mozilla/5.0 AppleWebKit/537.36 (KHTML, like Gecko; compatible; GPTBot/1.3; +https://openai.com/gptbot)"
74.7.227.21 - - [16/Apr/2026:00:11:13 +0200] "GET /cafe/actions/1904/ HTTP/1.1" 200 7473 "https://www.afish-ka.ru/11-02-2012/" "Mozilla/5.0 AppleWebKit/537.36 (KHTML, like Gecko; compatible; GPTBot/1.3; +https://openai.com/gptbot)"
74.7.227.21 - - [16/Apr/2026:00:11:13 +0200] "GET /cinema/films/5568/ HTTP/1.1" 200 5946 "https://www.afish-ka.ru/14-01-2020/" "Mozilla/5.0 AppleWebKit/537.36 (KHTML, like Gecko; compatible; GPTBot/1.3; +https://openai.com/gptbot)"
74.7.227.21 - - [16/Apr/2026:00:11:14 +0200] "GET /cinema/films/5569/ HTTP/1.1" 200 6772 "https://www.afish-ka.ru/14-01-2020/" "Mozilla/5.0 AppleWebKit/537.36 (KHTML, like Gecko; compatible; GPTBot/1.3; +https://openai.com/gptbot)"
74.7.227.21 - - [16/Apr/2026:00:11:15 +0200] "GET /theater/actions/2237/ HTTP/1.1" 200 7685 "https://www.afish-ka.ru/18-10-2012/" "Mozilla/5.0 AppleWebKit/537.36 (KHTML, like Gecko; compatible; GPTBot/1.3; +https://openai.com/gptbot)"
74.7.227.21 - - [16/Apr/2026:00:11:15 +0200] "GET /cinema/films/5566/ HTTP/1.1" 200 6601 "https://www.afish-ka.ru/14-01-2020/" "Mozilla/5.0 AppleWebKit/537.36 (KHTML, like Gecko; compatible; GPTBot/1.3; +https://openai.com/gptbot)"
74.7.227.21 - - [16/Apr/2026:00:11:16 +0200] "GET /cinema/films/1916/ HTTP/1.1" 200 6665 "https://www.afish-ka.ru/11-02-2012/" "Mozilla/5.0 AppleWebKit/537.36 (KHTML, like Gecko; compatible; GPTBot/1.3; +https://openai.com/gptbot)"
74.7.227.21 - - [16/Apr/2026:00:11:16 +0200] "GET /cinema/films/5570/ HTTP/1.1" 200 6422 "https://www.afish-ka.ru/14-01-2020/" "Mozilla/5.0 AppleWebKit/537.36 (KHTML, like Gecko; compatible; GPTBot/1.3; +https://openai.com/gptbot)"
74.7.227.21 - - [16/Apr/2026:00:11:17 +0200] "GET /07-10-2006/ HTTP/1.1" 200 6342 "https://www.afish-ka.ru/19-10-2006/" "Mozilla/5.0 AppleWebKit/537.36 (KHTML, like Gecko; compatible; GPTBot/1.3; +https://openai.com/gptbot)"
74.7.227.21 - - [16/Apr/2026:00:11:18 +0200] "GET /25-05-2007/ HTTP/1.1" 200 6674 "https://www.afish-ka.ru/21-05-2007/" "Mozilla/5.0 AppleWebKit/537.36 (KHTML, like Gecko; compatible; GPTBot/1.3; +https://openai.com/gptbot)"
74.7.227.21 - - [16/Apr/2026:00:11:18 +0200] "GET /images/b/actions/5571_1.jpg HTTP/1.1" 200 28017 "https://www.afish-ka.ru/cinema/films/5571/" "Mozilla/5.0 AppleWebKit/537.36 (KHTML, like Gecko; compatible; GPTBot/1.3; +https://openai.com/gptbot)"
74.7.227.21 - - [16/Apr/2026:00:11:19 +0200] "GET /images/b/posters/5571.jpg HTTP/1.1" 200 45426 "https://www.afish-ka.ru/cinema/films/5571/" "Mozilla/5.0 AppleWebKit/537.36 (KHTML, like Gecko; compatible; GPTBot/1.3; +https://openai.com/gptbot)"
74.7.227.21 - - [16/Apr/2026:00:11:19 +0200] "GET /images/s/posters/5571.jpg HTTP/1.1" 200 8992 "https://www.afish-ka.ru/cinema/films/5571/" "Mozilla/5.0 AppleWebKit/537.36 (KHTML, like Gecko; compatible; GPTBot/1.3; +https://openai.com/gptbot)"
74.7.227.21 - - [16/Apr/2026:00:11:20 +0200] "GET /09-01-2008/ HTTP/1.1" 200 7008 "https://www.afish-ka.ru/13-02-2008/" "Mozilla/5.0 AppleWebKit/537.36 (KHTML, like Gecko; compatible; GPTBot/1.3; +https://openai.com/gptbot)"
74.7.227.21 - - [16/Apr/2026:00:11:20 +0200] "GET /images/b/actions/5569_1.jpg HTTP/1.1" 200 76177 "https://www.afish-ka.ru/cinema/films/5569/" "Mozilla/5.0 AppleWebKit/537.36 (KHTML, like Gecko; compatible; GPTBot/1.3; +https://openai.com/gptbot)"
74.7.227.21 - - [16/Apr/2026:00:11:21 +0200] "GET /images/s/actions/5569_2.jpg HTTP/1.1" 200 6458 "https://www.afish-ka.ru/cinema/films/5569/" "Mozilla/5.0 AppleWebKit/537.36 (KHTML, like Gecko; compatible; GPTBot/1.3; +https://openai.com/gptbot)"
74.7.227.21 - - [16/Apr/2026:00:11:21 +0200] "GET /images/b/actions/5566_3.jpg HTTP/1.1" 200 21328 "https://www.afish-ka.ru/cinema/films/5566/" "Mozilla/5.0 AppleWebKit/537.36 (KHTML, like Gecko; compatible; GPTBot/1.3; +https://openai.com/gptbot)"
74.7.227.21 - - [16/Apr/2026:00:11:22 +0200] "GET /images/b/actions/1916_1.jpg HTTP/1.1" 200 16758 "https://www.afish-ka.ru/cinema/films/1916/" "Mozilla/5.0 AppleWebKit/537.36 (KHTML, like Gecko; compatible; GPTBot/1.3; +https://openai.com/gptbot)"
74.7.227.21 - - [16/Apr/2026:00:11:22 +0200] "GET /images/b/actions/5570_4.jpg HTTP/1.1" 200 64451 "https://www.afish-ka.ru/cinema/films/5570/" "Mozilla/5.0 AppleWebKit/537.36 (KHTML, like Gecko; compatible; GPTBot/1.3; +https://openai.com/gptbot)"
74.7.227.21 - - [16/Apr/2026:00:11:23 +0200] "GET /images/b/actions/5569_2.jpg HTTP/1.1" 200 62207 "https://www.afish-ka.ru/cinema/films/5569/" "Mozilla/5.0 AppleWebKit/537.36 (KHTML, like Gecko; compatible; GPTBot/1.3; +https://openai.com/gptbot)"
74.7.227.21 - - [16/Apr/2026:00:11:23 +0200] "GET /images/b/actions/5566_1.jpg HTTP/1.1" 200 31785 "https://www.afish-ka.ru/cinema/films/5566/" "Mozilla/5.0 AppleWebKit/537.36 (KHTML, like Gecko; compatible; GPTBot/1.3; +https://openai.com/gptbot)"
74.7.227.21 - - [16/Apr/2026:00:11:24 +0200] "GET /images/b/actions/5566_2.jpg HTTP/1.1" 200 38294 "https://www.afish-ka.ru/cinema/films/5566/" "Mozilla/5.0 AppleWebKit/537.36 (KHTML, like Gecko; compatible; GPTBot/1.3; +https://openai.com/gptbot)"
216.73.216.57 - - [16/Apr/2026:00:11:25 +0200] "GET /robots.txt HTTP/1.1" 200 4257 "-" "Mozilla/5.0 AppleWebKit/537.36 (KHTML, like Gecko; compatible; ClaudeBot/1.0; +claudebot@anthropic.com)"
74.7.227.21 - - [16/Apr/2026:00:11:25 +0200] "GET /images/b/actions/5570_1.jpg HTTP/1.1" 200 35139 "https://www.afish-ka.ru/cinema/films/5570/" "Mozilla/5.0 AppleWebKit/537.36 (KHTML, like Gecko; compatible; GPTBot/1.3; +https://openai.com/gptbot)"
216.73.216.57 - - [16/Apr/2026:00:11:25 +0200] "GET /cinema/films/3203/opinions/add/?parent=29787 HTTP/1.1" 200 5758 "-" "Mozilla/5.0 AppleWebKit/537.36 (KHTML, like Gecko; compatible; ClaudeBot/1.0; +claudebot@anthropic.com)"
74.7.227.21 - - [16/Apr/2026:00:11:25 +0200] "GET /images/b/actions/5570_3.jpg HTTP/1.1" 200 59124 "https://www.afish-ka.ru/cinema/films/5570/" "Mozilla/5.0 AppleWebKit/537.36 (KHTML, like Gecko; compatible; GPTBot/1.3; +https://openai.com/gptbot)"
74.7.227.21 - - [16/Apr/2026:00:11:26 +0200] "GET /images/s/actions/5570_2.jpg HTTP/1.1" 200 7998 "https://www.afish-ka.ru/cinema/films/5570/" "Mozilla/5.0 AppleWebKit/537.36 (KHTML, like Gecko; compatible; GPTBot/1.3; +https://openai.com/gptbot)"
74.7.227.21 - - [16/Apr/2026:00:11:26 +0200] "GET /images/b/actions/5570_2.jpg HTTP/1.1" 200 77829 "https://www.afish-ka.ru/cinema/films/5570/" "Mozilla/5.0 AppleWebKit/537.36 (KHTML, like Gecko; compatible; GPTBot/1.3; +https://openai.com/gptbot)"
74.7.227.21 - - [16/Apr/2026:00:11:27 +0200] "GET /images/s/actions/5570_4.jpg HTTP/1.1" 200 7613 "https://www.afish-ka.ru/cinema/films/5570/" "Mozilla/5.0 AppleWebKit/537.36 (KHTML, like Gecko; compatible; GPTBot/1.3; +https://openai.com/gptbot)"
74.7.227.21 - - [16/Apr/2026:00:11:27 +0200] "GET /images/s/actions/5570_3.jpg HTTP/1.1" 200 5612 "https://www.afish-ka.ru/cinema/films/5570/" "Mozilla/5.0 AppleWebKit/537.36 (KHTML, like Gecko; compatible; GPTBot/1.3; +https://openai.com/gptbot)"
92.222.104.212 - - [16/Apr/2026:00:11:27 +0200] "GET /cinema/films/1079/opinions/add/ HTTP/1.1" 200 9527 "-" "Mozilla/5.0 (compatible; AhrefsBot/7.0; +http://ahrefs.com/robot/)"
74.7.227.21 - - [16/Apr/2026:00:11:28 +0200] "GET /images/b/actions/5566_4.jpg HTTP/1.1" 200 19185 "https://www.afish-ka.ru/cinema/films/5566/" "Mozilla/5.0 AppleWebKit/537.36 (KHTML, like Gecko; compatible; GPTBot/1.3; +https://openai.com/gptbot)"
74.7.227.21 - - [16/Apr/2026:00:11:28 +0200] "GET /images/s/actions/5566_4.jpg HTTP/1.1" 200 4124 "https://www.afish-ka.ru/cinema/films/5566/" "Mozilla/5.0 AppleWebKit/537.36 (KHTML, like Gecko; compatible; GPTBot/1.3; +https://openai.com/gptbot)"
74.7.227.21 - - [16/Apr/2026:00:11:29 +0200] "GET /images/b/actions/5566_5.jpg HTTP/1.1" 200 33480 "https://www.afish-ka.ru/cinema/films/5566/" "Mozilla/5.0 AppleWebKit/537.36 (KHTML, like Gecko; compatible; GPTBot/1.3; +https://openai.com/gptbot)"
74.7.227.21 - - [16/Apr/2026:00:11:29 +0200] "GET /images/s/actions/5566_5.jpg HTTP/1.1" 200 6002 "https://www.afish-ka.ru/cinema/films/5566/" "Mozilla/5.0 AppleWebKit/537.36 (KHTML, like Gecko; compatible; GPTBot/1.3; +https://openai.com/gptbot)"
74.7.227.21 - - [16/Apr/2026:00:11:30 +0200] "GET /images/s/actions/5566_3.jpg HTTP/1.1" 200 4391 "https://www.afish-ka.ru/cinema/films/5566/" "Mozilla/5.0 AppleWebKit/537.36 (KHTML, like Gecko; compatible; GPTBot/1.3; +https://openai.com/gptbot)"
74.7.227.21 - - [16/Apr/2026:00:11:30 +0200] "GET /images/s/actions/5566_2.jpg HTTP/1.1" 200 5552 "https://www.afish-ka.ru/cinema/films/5566/" "Mozilla/5.0 AppleWebKit/537.36 (KHTML, like Gecko; compatible; GPTBot/1.3; +https://openai.com/gptbot)"
74.7.227.21 - - [16/Apr/2026:00:11:31 +0200] "GET /images/s/posters/1916.jpg HTTP/1.1" 200 8629 "https://www.afish-ka.ru/cinema/films/1916/" "Mozilla/5.0 AppleWebKit/537.36 (KHTML, like Gecko; compatible; GPTBot/1.3; +https://openai.com/gptbot)"
74.7.227.21 - - [16/Apr/2026:00:11:31 +0200] "GET /images/s/posters/5569.jpg HTTP/1.1" 200 8095 "https://www.afish-ka.ru/cinema/films/5569/" "Mozilla/5.0 AppleWebKit/537.36 (KHTML, like Gecko; compatible; GPTBot/1.3; +https://openai.com/gptbot)"
74.7.227.21 - - [16/Apr/2026:00:11:32 +0200] "GET /images/s/posters/5570.jpg HTTP/1.1" 200 13268 "https://www.afish-ka.ru/cinema/films/5570/" "Mozilla/5.0 AppleWebKit/537.36 (KHTML, like Gecko; compatible; GPTBot/1.3; +https://openai.com/gptbot)"
74.7.227.21 - - [16/Apr/2026:00:11:32 +0200] "GET /images/b/posters/5569.jpg HTTP/1.1" 200 37975 "https://www.afish-ka.ru/cinema/films/5569/" "Mozilla/5.0 AppleWebKit/537.36 (KHTML, like Gecko; compatible; GPTBot/1.3; +https://openai.com/gptbot)"
74.7.227.21 - - [16/Apr/2026:00:11:33 +0200] "GET /images/b/posters/1916.jpg HTTP/1.1" 200 41412 "https://www.afish-ka.ru/cinema/films/1916/" "Mozilla/5.0 AppleWebKit/537.36 (KHTML, like Gecko; compatible; GPTBot/1.3; +https://openai.com/gptbot)"
74.7.227.21 - - [16/Apr/2026:00:11:33 +0200] "GET /images/b/posters/5570.jpg HTTP/1.1" 200 61353 "https://www.afish-ka.ru/cinema/films/5570/" "Mozilla/5.0 AppleWebKit/537.36 (KHTML, like Gecko; compatible; GPTBot/1.3; +https://openai.com/gptbot)"
74.7.227.21 - - [16/Apr/2026:00:11:34 +0200] "GET /images/b/posters/5566.jpg HTTP/1.1" 200 70885 "https://www.afish-ka.ru/cinema/films/5566/" "Mozilla/5.0 AppleWebKit/537.36 (KHTML, like Gecko; compatible; GPTBot/1.3; +https://openai.com/gptbot)"
74.7.227.21 - - [16/Apr/2026:00:11:34 +0200] "GET /images/s/posters/5566.jpg HTTP/1.1" 200 13750 "https://www.afish-ka.ru/cinema/films/5566/" "Mozilla/5.0 AppleWebKit/537.36 (KHTML, like Gecko; compatible; GPTBot/1.3; +https://openai.com/gptbot)"
185.191.171.1 - - [16/Apr/2026:00:11:33 +0200] "GET /concert_hall/actions/2521/opinions/add/?parent=24363 HTTP/1.1" 200 9522 "-" "Mozilla/5.0 (compatible; SemrushBot/7~bl; +http://www.semrush.com/bot.html)"
74.7.227.21 - - [16/Apr/2026:00:11:35 +0200] "GET /04-01-2012/ HTTP/1.1" 200 8718 "https://www.afish-ka.ru/28-12-2011/" "Mozilla/5.0 AppleWebKit/537.36 (KHTML, like Gecko; compatible; GPTBot/1.3; +https://openai.com/gptbot)"
74.7.227.21 - - [16/Apr/2026:00:11:35 +0200] "GET /26-01-2010/ HTTP/1.1" 200 7536 "https://www.afish-ka.ru/14-02-2010/" "Mozilla/5.0 AppleWebKit/537.36 (KHTML, like Gecko; compatible; GPTBot/1.3; +https://openai.com/gptbot)"
74.7.227.21 - - [16/Apr/2026:00:11:36 +0200] "GET /26-01-2016/ HTTP/1.1" 200 10330 "https://www.afish-ka.ru/13-02-2016/" "Mozilla/5.0 AppleWebKit/537.36 (KHTML, like Gecko; compatible; GPTBot/1.3; +https://openai.com/gptbot)"
74.7.227.21 - - [16/Apr/2026:00:11:37 +0200] "GET /17-02-2017/ HTTP/1.1" 200 9633 "https://www.afish-ka.ru/01-03-2017/" "Mozilla/5.0 AppleWebKit/537.36 (KHTML, like Gecko; compatible; GPTBot/1.3; +https://openai.com/gptbot)"
74.7.227.21 - - [16/Apr/2026:00:11:38 +0200] "GET /28-12-2010/ HTTP/1.1" 200 8461 "https://www.afish-ka.ru/04-01-2011/" "Mozilla/5.0 AppleWebKit/537.36 (KHTML, like Gecko; compatible; GPTBot/1.3; +https://openai.com/gptbot)"
74.7.227.21 - - [16/Apr/2026:00:11:39 +0200] "GET /01-12-2017/ HTTP/1.1" 200 12054 "https://www.afish-ka.ru/09-12-2017/" "Mozilla/5.0 AppleWebKit/537.36 (KHTML, like Gecko; compatible; GPTBot/1.3; +https://openai.com/gptbot)"
74.7.227.21 - - [16/Apr/2026:00:11:40 +0200] "GET /11-01-2018/ HTTP/1.1" 200 10214 "https://www.afish-ka.ru/31-12-2017/" "Mozilla/5.0 AppleWebKit/537.36 (KHTML, like Gecko; compatible; GPTBot/1.3; +https://openai.com/gptbot)"
74.7.227.21 - - [16/Apr/2026:00:11:40 +0200] "GET /18-02-2011/ HTTP/1.1" 200 9565 "https://www.afish-ka.ru/14-02-2011/" "Mozilla/5.0 AppleWebKit/537.36 (KHTML, like Gecko; compatible; GPTBot/1.3; +https://openai.com/gptbot)"
74.7.227.21 - - [16/Apr/2026:00:11:41 +0200] "GET /12-08-2012/ HTTP/1.1" 200 8751 "https://www.afish-ka.ru/05-08-2012/" "Mozilla/5.0 AppleWebKit/537.36 (KHTML, like Gecko; compatible; GPTBot/1.3; +https://openai.com/gptbot)"
74.7.227.21 - - [16/Apr/2026:00:11:42 +0200] "GET /10-07-2009/ HTTP/1.1" 200 6958 "https://www.afish-ka.ru/14-08-2009/" "Mozilla/5.0 AppleWebKit/537.36 (KHTML, like Gecko; compatible; GPTBot/1.3; +https://openai.com/gptbot)"
74.7.227.21 - - [16/Apr/2026:00:11:42 +0200] "GET /12-09-2012/ HTTP/1.1" 200 9198 "https://www.afish-ka.ru/27-08-2012/" "Mozilla/5.0 AppleWebKit/537.36 (KHTML, like Gecko; compatible; GPTBot/1.3; +https://openai.com/gptbot)"
170.106.101.235 - - [16/Apr/2026:00:11:43 +0200] "GET /cafe/actions/2801/cafe/cafe/actions/ HTTP/1.1" 200 7027 "-" "Mozilla/5.0 (Macintosh; Intel Mac OS X 10_15_7) AppleWebKit/537.36 (KHTML, like Gecko) Chrome/142.0.0.0 Safari/537.36"
74.7.227.21 - - [16/Apr/2026:00:11:43 +0200] "GET /04-10-2011/ HTTP/1.1" 200 8644 "https://www.afish-ka.ru/30-08-2011/" "Mozilla/5.0 AppleWebKit/537.36 (KHTML, like Gecko; compatible; GPTBot/1.3; +https://openai.com/gptbot)"
74.7.227.21 - - [16/Apr/2026:00:11:44 +0200] "GET /18-08-2018/ HTTP/1.1" 200 11206 "https://www.afish-ka.ru/14-07-2018/" "Mozilla/5.0 AppleWebKit/537.36 (KHTML, like Gecko; compatible; GPTBot/1.3; +https://openai.com/gptbot)"
74.7.227.21 - - [16/Apr/2026:00:11:44 +0200] "GET /images/s/actions/3827_1.jpg HTTP/1.1" 200 6712 "https://www.afish-ka.ru/26-01-2016/" "Mozilla/5.0 AppleWebKit/537.36 (KHTML, like Gecko; compatible; GPTBot/1.3; +https://openai.com/gptbot)"
74.7.227.21 - - [16/Apr/2026:00:11:45 +0200] "GET /cinema/films/3827/ HTTP/1.1" 200 6481 "https://www.afish-ka.ru/26-01-2016/" "Mozilla/5.0 AppleWebKit/537.36 (KHTML, like Gecko; compatible; GPTBot/1.3; +https://openai.com/gptbot)"
74.7.227.21 - - [16/Apr/2026:00:11:46 +0200] "GET /theater/actions/1266/ HTTP/1.1" 200 5899 "https://www.afish-ka.ru/28-12-2010/" "Mozilla/5.0 AppleWebKit/537.36 (KHTML, like Gecko; compatible; GPTBot/1.3; +https://openai.com/gptbot)"
74.7.227.21 - - [16/Apr/2026:00:11:46 +0200] "GET /10-11-2019/ HTTP/1.1" 200 9211 "https://www.afish-ka.ru/06-10-2019/" "Mozilla/5.0 AppleWebKit/537.36 (KHTML, like Gecko; compatible; GPTBot/1.3; +https://openai.com/gptbot)"
116.179.32.46 - - [16/Apr/2026:00:11:47 +0200] "GET /images/s/posters/736.jpg HTTP/1.1" 200 11084 "-" "Baiduspider-image+(+http://www.baidu.com/search/spider.htm)"
74.7.227.21 - - [16/Apr/2026:00:11:47 +0200] "GET /21-04-2011/ HTTP/1.1" 200 8933 "https://www.afish-ka.ru/17-03-2011/" "Mozilla/5.0 AppleWebKit/537.36 (KHTML, like Gecko; compatible; GPTBot/1.3; +https://openai.com/gptbot)"
85.208.96.206 - - [16/Apr/2026:00:11:47 +0200] "GET /cinema/33/opinions/add/?parent=42331 HTTP/1.1" 200 9519 "-" "Mozilla/5.0 (compatible; SemrushBot/7~bl; +http://www.semrush.com/bot.html)"
74.7.227.21 - - [16/Apr/2026:00:11:47 +0200] "GET /12-11-2016/ HTTP/1.1" 200 10621 "https://www.afish-ka.ru/17-12-2016/" "Mozilla/5.0 AppleWebKit/537.36 (KHTML, like Gecko; compatible; GPTBot/1.3; +https://openai.com/gptbot)"
74.7.227.21 - - [16/Apr/2026:00:11:48 +0200] "GET /06-12-2012/ HTTP/1.1" 200 9817 "https://www.afish-ka.ru/cinema/films/2344/" "Mozilla/5.0 AppleWebKit/537.36 (KHTML, like Gecko; compatible; GPTBot/1.3; +https://openai.com/gptbot)"
74.7.227.21 - - [16/Apr/2026:00:11:49 +0200] "GET /16-11-2010/ HTTP/1.1" 200 8457 "https://www.afish-ka.ru/04-11-2010/" "Mozilla/5.0 AppleWebKit/537.36 (KHTML, like Gecko; compatible; GPTBot/1.3; +https://openai.com/gptbot)"
74.7.227.21 - - [16/Apr/2026:00:11:50 +0200] "GET /25-02-2015/ HTTP/1.1" 200 9165 "https://www.afish-ka.ru/06-03-2015/" "Mozilla/5.0 AppleWebKit/537.36 (KHTML, like Gecko; compatible; GPTBot/1.3; +https://openai.com/gptbot)"
74.7.227.21 - - [16/Apr/2026:00:11:50 +0200] "GET /13-03-2011/ HTTP/1.1" 200 9117 "https://www.afish-ka.ru/07-03-2011/" "Mozilla/5.0 AppleWebKit/537.36 (KHTML, like Gecko; compatible; GPTBot/1.3; +https://openai.com/gptbot)"
74.7.227.21 - - [16/Apr/2026:00:11:51 +0200] "GET /05-02-2008/ HTTP/1.1" 200 7231 "https://www.afish-ka.ru/19-02-2008/" "Mozilla/5.0 AppleWebKit/537.36 (KHTML, like Gecko; compatible; GPTBot/1.3; +https://openai.com/gptbot)"
74.7.227.21 - - [16/Apr/2026:00:11:52 +0200] "GET /23-10-2010/ HTTP/1.1" 200 9949 "https://www.afish-ka.ru/18-09-2010/" "Mozilla/5.0 AppleWebKit/537.36 (KHTML, like Gecko; compatible; GPTBot/1.3; +https://openai.com/gptbot)"
74.7.227.21 - - [16/Apr/2026:00:11:52 +0200] "GET /images/b/actions/3827_5.jpg HTTP/1.1" 200 81294 "https://www.afish-ka.ru/cinema/films/3827/" "Mozilla/5.0 AppleWebKit/537.36 (KHTML, like Gecko; compatible; GPTBot/1.3; +https://openai.com/gptbot)"
74.7.227.21 - - [16/Apr/2026:00:11:53 +0200] "GET /images/b/actions/3827_2.jpg HTTP/1.1" 200 70951 "https://www.afish-ka.ru/cinema/films/3827/" "Mozilla/5.0 AppleWebKit/537.36 (KHTML, like Gecko; compatible; GPTBot/1.3; +https://openai.com/gptbot)"
74.7.227.21 - - [16/Apr/2026:00:11:54 +0200] "GET /images/b/actions/3827_3.jpg HTTP/1.1" 200 53612 "https://www.afish-ka.ru/cinema/films/3827/" "Mozilla/5.0 AppleWebKit/537.36 (KHTML, like Gecko; compatible; GPTBot/1.3; +https://openai.com/gptbot)"
74.7.227.21 - - [16/Apr/2026:00:11:54 +0200] "GET /images/s/actions/3827_5.jpg HTTP/1.1" 200 7652 "https://www.afish-ka.ru/cinema/films/3827/" "Mozilla/5.0 AppleWebKit/537.36 (KHTML, like Gecko; compatible; GPTBot/1.3; +https://openai.com/gptbot)"
74.7.227.21 - - [16/Apr/2026:00:11:55 +0200] "GET /images/b/actions/3827_1.jpg HTTP/1.1" 200 52299 "https://www.afish-ka.ru/cinema/films/3827/" "Mozilla/5.0 AppleWebKit/537.36 (KHTML, like Gecko; compatible; GPTBot/1.3; +https://openai.com/gptbot)"
114.119.151.151 - - [16/Apr/2026:00:11:54 +0200] "GET /cinema/films/117/opinions HTTP/1.1" 200 9304 "https://www.afish-ka.ru/cinema/films/117/" "Mozilla/5.0 (Linux; Android 7.0;) AppleWebKit/537.36 (KHTML, like Gecko) Mobile Safari/537.36 (compatible; PetalBot;+https://webmaster.petalsearch.com/site/petalbot)"
74.7.227.21 - - [16/Apr/2026:00:11:55 +0200] "GET /images/s/actions/2353_1.jpg HTTP/1.1" 200 9071 "https://www.afish-ka.ru/06-12-2012/" "Mozilla/5.0 AppleWebKit/537.36 (KHTML, like Gecko; compatible; GPTBot/1.3; +https://openai.com/gptbot)"
74.7.227.21 - - [16/Apr/2026:00:11:56 +0200] "GET /images/s/actions/2377_1.jpg HTTP/1.1" 200 6284 "https://www.afish-ka.ru/06-12-2012/" "Mozilla/5.0 AppleWebKit/537.36 (KHTML, like Gecko; compatible; GPTBot/1.3; +https://openai.com/gptbot)"
74.7.227.21 - - [16/Apr/2026:00:11:56 +0200] "GET /images/s/actions/3827_3.jpg HTTP/1.1" 200 6003 "https://www.afish-ka.ru/cinema/films/3827/" "Mozilla/5.0 AppleWebKit/537.36 (KHTML, like Gecko; compatible; GPTBot/1.3; +https://openai.com/gptbot)"
74.7.227.21 - - [16/Apr/2026:00:11:57 +0200] "GET /images/b/actions/3827_4.jpg HTTP/1.1" 200 58154 "https://www.afish-ka.ru/cinema/films/3827/" "Mozilla/5.0 AppleWebKit/537.36 (KHTML, like Gecko; compatible; GPTBot/1.3; +https://openai.com/gptbot)"
74.7.227.21 - - [16/Apr/2026:00:11:57 +0200] "GET /images/s/actions/3827_4.jpg HTTP/1.1" 200 6236 "https://www.afish-ka.ru/cinema/films/3827/" "Mozilla/5.0 AppleWebKit/537.36 (KHTML, like Gecko; compatible; GPTBot/1.3; +https://openai.com/gptbot)"
74.7.227.21 - - [16/Apr/2026:00:11:58 +0200] "GET /images/s/actions/3827_2.jpg HTTP/1.1" 200 7518 "https://www.afish-ka.ru/cinema/films/3827/" "Mozilla/5.0 AppleWebKit/537.36 (KHTML, like Gecko; compatible; GPTBot/1.3; +https://openai.com/gptbot)"
74.7.227.21 - - [16/Apr/2026:00:11:58 +0200] "GET /cinema/films/1206/ HTTP/1.1" 200 7627 "https://www.afish-ka.ru/23-10-2010/" "Mozilla/5.0 AppleWebKit/537.36 (KHTML, like Gecko; compatible; GPTBot/1.3; +https://openai.com/gptbot)"
74.7.227.21 - - [16/Apr/2026:00:11:59 +0200] "GET /cinema/films/1205/ HTTP/1.1" 200 6871 "https://www.afish-ka.ru/23-10-2010/" "Mozilla/5.0 AppleWebKit/537.36 (KHTML, like Gecko; compatible; GPTBot/1.3; +https://openai.com/gptbot)"
74.7.227.21 - - [16/Apr/2026:00:11:59 +0200] "GET /theater/actions/1203/ HTTP/1.1" 200 6298 "https://www.afish-ka.ru/23-10-2010/" "Mozilla/5.0 AppleWebKit/537.36 (KHTML, like Gecko; compatible; GPTBot/1.3; +https://openai.com/gptbot)"
66.249.66.165 - - [16/Apr/2026:00:12:00 +0200] "GET /rss/ HTTP/1.1" 302 442 "-" "Mozilla/5.0 (compatible; Googlebot/2.1; +http://www.google.com/bot.html)"
74.7.227.21 - - [16/Apr/2026:00:12:00 +0200] "GET /cinema/films/1176/ HTTP/1.1" 200 6615 "https://www.afish-ka.ru/16-11-2010/" "Mozilla/5.0 AppleWebKit/537.36 (KHTML, like Gecko; compatible; GPTBot/1.3; +https://openai.com/gptbot)"
74.7.227.21 - - [16/Apr/2026:00:12:01 +0200] "GET /10-06-2006/ HTTP/1.1" 200 6167 "https://www.afish-ka.ru/15-07-2006/" "Mozilla/5.0 AppleWebKit/537.36 (KHTML, like Gecko; compatible; GPTBot/1.3; +https://openai.com/gptbot)"
74.7.227.21 - - [16/Apr/2026:00:12:01 +0200] "GET /10-09-2019/ HTTP/1.1" 200 9961 "https://www.afish-ka.ru/04-09-2019/" "Mozilla/5.0 AppleWebKit/537.36 (KHTML, like Gecko; compatible; GPTBot/1.3; +https://openai.com/gptbot)"
74.7.227.21 - - [16/Apr/2026:00:12:02 +0200] "GET /01-12-2006/ HTTP/1.1" 200 6605 "https://www.afish-ka.ru/13-12-2006/" "Mozilla/5.0 AppleWebKit/537.36 (KHTML, like Gecko; compatible; GPTBot/1.3; +https://openai.com/gptbot)"
74.7.227.21 - - [16/Apr/2026:00:12:02 +0200] "GET /17-02-2012/ HTTP/1.1" 200 8641 "https://www.afish-ka.ru/08-02-2012/" "Mozilla/5.0 AppleWebKit/537.36 (KHTML, like Gecko; compatible; GPTBot/1.3; +https://openai.com/gptbot)"
74.7.227.21 - - [16/Apr/2026:00:12:03 +0200] "GET /23-11-2013/ HTTP/1.1" 200 8103 "https://www.afish-ka.ru/08-12-2013/" "Mozilla/5.0 AppleWebKit/537.36 (KHTML, like Gecko; compatible; GPTBot/1.3; +https://openai.com/gptbot)"
185.191.171.6 - - [16/Apr/2026:00:12:03 +0200] "GET /rest_base/38/opinions/add/?parent=47542 HTTP/1.1" 200 9523 "-" "Mozilla/5.0 (compatible; SemrushBot/7~bl; +http://www.semrush.com/bot.html)"
74.7.227.21 - - [16/Apr/2026:00:12:04 +0200] "GET /05-10-2009/ HTTP/1.1" 200 8173 "https://www.afish-ka.ru/17-10-2009/" "Mozilla/5.0 AppleWebKit/537.36 (KHTML, like Gecko; compatible; GPTBot/1.3; +https://openai.com/gptbot)"
74.7.227.21 - - [16/Apr/2026:00:12:04 +0200] "GET /10-03-2006/ HTTP/1.1" 200 7033 "https://www.afish-ka.ru/25-03-2006/" "Mozilla/5.0 AppleWebKit/537.36 (KHTML, like Gecko; compatible; GPTBot/1.3; +https://openai.com/gptbot)"
74.7.227.21 - - [16/Apr/2026:00:12:05 +0200] "GET /11-08-2012/ HTTP/1.1" 200 8920 "https://www.afish-ka.ru/05-08-2012/" "Mozilla/5.0 AppleWebKit/537.36 (KHTML, like Gecko; compatible; GPTBot/1.3; +https://openai.com/gptbot)"
74.7.227.21 - - [16/Apr/2026:00:12:06 +0200] "GET /18-01-2011/ HTTP/1.1" 200 12451 "https://www.afish-ka.ru/31-01-2011/" "Mozilla/5.0 AppleWebKit/537.36 (KHTML, like Gecko; compatible; GPTBot/1.3; +https://openai.com/gptbot)"
74.7.227.21 - - [16/Apr/2026:00:12:06 +0200] "GET /04-01-2020/ HTTP/1.1" 200 8711 "https://www.afish-ka.ru/18-12-2019/" "Mozilla/5.0 AppleWebKit/537.36 (KHTML, like Gecko; compatible; GPTBot/1.3; +https://openai.com/gptbot)"
74.7.227.21 - - [16/Apr/2026:00:12:07 +0200] "GET /images/s/actions/1176_4.jpg HTTP/1.1" 200 7632 "https://www.afish-ka.ru/cinema/films/1176/" "Mozilla/5.0 AppleWebKit/537.36 (KHTML, like Gecko; compatible; GPTBot/1.3; +https://openai.com/gptbot)"
74.7.227.21 - - [16/Apr/2026:00:12:07 +0200] "GET /images/b/actions/1176_2.jpg HTTP/1.1" 200 39841 "https://www.afish-ka.ru/cinema/films/1176/" "Mozilla/5.0 AppleWebKit/537.36 (KHTML, like Gecko; compatible; GPTBot/1.3; +https://openai.com/gptbot)"
74.7.227.21 - - [16/Apr/2026:00:12:08 +0200] "GET /images/b/actions/1176_4.jpg HTTP/1.1" 200 65823 "https://www.afish-ka.ru/cinema/films/1176/" "Mozilla/5.0 AppleWebKit/537.36 (KHTML, like Gecko; compatible; GPTBot/1.3; +https://openai.com/gptbot)"
74.7.227.21 - - [16/Apr/2026:00:12:08 +0200] "GET /images/b/actions/1176_5.jpg HTTP/1.1" 200 56070 "https://www.afish-ka.ru/cinema/films/1176/" "Mozilla/5.0 AppleWebKit/537.36 (KHTML, like Gecko; compatible; GPTBot/1.3; +https://openai.com/gptbot)"
74.7.227.21 - - [16/Apr/2026:00:12:09 +0200] "GET /images/s/actions/1176_3.jpg HTTP/1.1" 200 5093 "https://www.afish-ka.ru/cinema/films/1176/" "Mozilla/5.0 AppleWebKit/537.36 (KHTML, like Gecko; compatible; GPTBot/1.3; +https://openai.com/gptbot)"
74.7.227.21 - - [16/Apr/2026:00:12:09 +0200] "GET /images/s/actions/1176_2.jpg HTTP/1.1" 200 6780 "https://www.afish-ka.ru/cinema/films/1176/" "Mozilla/5.0 AppleWebKit/537.36 (KHTML, like Gecko; compatible; GPTBot/1.3; +https://openai.com/gptbot)"
74.7.227.21 - - [16/Apr/2026:00:12:10 +0200] "GET /images/s/actions/1176_5.jpg HTTP/1.1" 200 7960 "https://www.afish-ka.ru/cinema/films/1176/" "Mozilla/5.0 AppleWebKit/537.36 (KHTML, like Gecko; compatible; GPTBot/1.3; +https://openai.com/gptbot)"
216.73.216.57 - - [16/Apr/2026:00:12:10 +0200] "GET /sitemap.xml HTTP/1.1" 200 161635 "-" "Mozilla/5.0 AppleWebKit/537.36 (KHTML, like Gecko; compatible; ClaudeBot/1.0; +claudebot@anthropic.com)"
74.7.227.21 - - [16/Apr/2026:00:12:10 +0200] "GET /images/b/actions/1176_3.jpg HTTP/1.1" 200 29724 "https://www.afish-ka.ru/cinema/films/1176/" "Mozilla/5.0 AppleWebKit/537.36 (KHTML, like Gecko; compatible; GPTBot/1.3; +https://openai.com/gptbot)"
74.7.227.21 - - [16/Apr/2026:00:12:11 +0200] "GET /images/b/actions/1176_1.jpg HTTP/1.1" 200 50742 "https://www.afish-ka.ru/cinema/films/1176/" "Mozilla/5.0 AppleWebKit/537.36 (KHTML, like Gecko; compatible; GPTBot/1.3; +https://openai.com/gptbot)"
85.208.96.211 - - [16/Apr/2026:00:12:11 +0200] "GET /cinema/films/2002/opinions/add/?parent=20141 HTTP/1.1" 200 9518 "-" "Mozilla/5.0 (compatible; SemrushBot/7~bl; +http://www.semrush.com/bot.html)"
74.7.227.21 - - [16/Apr/2026:00:12:11 +0200] "GET /images/s/actions/2188_1.jpg HTTP/1.1" 200 7226 "https://www.afish-ka.ru/11-08-2012/" "Mozilla/5.0 AppleWebKit/537.36 (KHTML, like Gecko; compatible; GPTBot/1.3; +https://openai.com/gptbot)"
74.7.227.21 - - [16/Apr/2026:00:12:12 +0200] "GET /images/s/posters/1176.jpg HTTP/1.1" 200 7761 "https://www.afish-ka.ru/cinema/films/1176/" "Mozilla/5.0 AppleWebKit/537.36 (KHTML, like Gecko; compatible; GPTBot/1.3; +https://openai.com/gptbot)"
74.7.227.21 - - [16/Apr/2026:00:12:12 +0200] "GET /images/b/posters/1176.jpg HTTP/1.1" 200 71866 "https://www.afish-ka.ru/cinema/films/1176/" "Mozilla/5.0 AppleWebKit/537.36 (KHTML, like Gecko; compatible; GPTBot/1.3; +https://openai.com/gptbot)"
74.7.227.21 - - [16/Apr/2026:00:12:13 +0200] "GET /cafe/actions/2188/ HTTP/1.1" 200 6773 "https://www.afish-ka.ru/11-08-2012/" "Mozilla/5.0 AppleWebKit/537.36 (KHTML, like Gecko; compatible; GPTBot/1.3; +https://openai.com/gptbot)"
74.7.227.21 - - [16/Apr/2026:00:12:14 +0200] "GET /cinema/films/1898/ HTTP/1.1" 200 6511 "https://www.afish-ka.ru/17-02-2012/" "Mozilla/5.0 AppleWebKit/537.36 (KHTML, like Gecko; compatible; GPTBot/1.3; +https://openai.com/gptbot)"
74.7.227.21 - - [16/Apr/2026:00:12:14 +0200] "GET /22-04-2008/ HTTP/1.1" 200 7215 "https://www.afish-ka.ru/18-04-2008/" "Mozilla/5.0 AppleWebKit/537.36 (KHTML, like Gecko; compatible; GPTBot/1.3; +https://openai.com/gptbot)"
74.7.227.21 - - [16/Apr/2026:00:12:15 +0200] "GET /09-08-2007/ HTTP/1.1" 200 6973 "https://www.afish-ka.ru/13-09-2007/" "Mozilla/5.0 AppleWebKit/537.36 (KHTML, like Gecko; compatible; GPTBot/1.3; +https://openai.com/gptbot)"
74.7.227.21 - - [16/Apr/2026:00:12:16 +0200] "GET /12-07-2012/ HTTP/1.1" 200 7717 "https://www.afish-ka.ru/30-06-2012/" "Mozilla/5.0 AppleWebKit/537.36 (KHTML, like Gecko; compatible; GPTBot/1.3; +https://openai.com/gptbot)"
74.7.227.21 - - [16/Apr/2026:00:12:16 +0200] "GET /23-10-2011/ HTTP/1.1" 200 8999 "https://www.afish-ka.ru/18-09-2011/" "Mozilla/5.0 AppleWebKit/537.36 (KHTML, like Gecko; compatible; GPTBot/1.3; +https://openai.com/gptbot)"
74.7.227.21 - - [16/Apr/2026:00:12:17 +0200] "GET /21-02-2018/ HTTP/1.1" 200 11265 "https://www.afish-ka.ru/cinema/films/4681/" "Mozilla/5.0 AppleWebKit/537.36 (KHTML, like Gecko; compatible; GPTBot/1.3; +https://openai.com/gptbot)"
74.7.227.21 - - [16/Apr/2026:00:12:18 +0200] "GET /15-11-2019/ HTTP/1.1" 200 9761 "https://www.afish-ka.ru/06-11-2019/" "Mozilla/5.0 AppleWebKit/537.36 (KHTML, like Gecko; compatible; GPTBot/1.3; +https://openai.com/gptbot)"
74.7.227.21 - - [16/Apr/2026:00:12:18 +0200] "GET /26-07-2007/ HTTP/1.1" 200 6833 "https://www.afish-ka.ru/12-08-2007/" "Mozilla/5.0 AppleWebKit/537.36 (KHTML, like Gecko; compatible; GPTBot/1.3; +https://openai.com/gptbot)"
74.7.227.21 - - [16/Apr/2026:00:12:19 +0200] "GET /20-07-2011/ HTTP/1.1" 200 7892 "https://www.afish-ka.ru/09-07-2011/" "Mozilla/5.0 AppleWebKit/537.36 (KHTML, like Gecko; compatible; GPTBot/1.3; +https://openai.com/gptbot)"
74.7.227.21 - - [16/Apr/2026:00:12:19 +0200] "GET /24-04-2009/ HTTP/1.1" 200 7717 "https://www.afish-ka.ru/27-04-2009/" "Mozilla/5.0 AppleWebKit/537.36 (KHTML, like Gecko; compatible; GPTBot/1.3; +https://openai.com/gptbot)"
74.7.227.21 - - [16/Apr/2026:00:12:20 +0200] "GET /images/b/actions/2188_1.jpg HTTP/1.1" 200 20020 "https://www.afish-ka.ru/cafe/actions/2188/" "Mozilla/5.0 AppleWebKit/537.36 (KHTML, like Gecko; compatible; GPTBot/1.3; +https://openai.com/gptbot)"
216.244.66.228 - - [16/Apr/2026:00:12:21 +0200] "GET /cafe/101/opinions/add/?parent=48981 HTTP/1.1" 200 20880 "-" "Mozilla/5.0 (compatible; DotBot/1.2; +https://opensiteexplorer.org/dotbot; help@moz.com)"
74.7.227.21 - - [16/Apr/2026:00:12:21 +0200] "GET /21-10-2017/ HTTP/1.1" 200 11320 "https://www.afish-ka.ru/16-09-2017/" "Mozilla/5.0 AppleWebKit/537.36 (KHTML, like Gecko; compatible; GPTBot/1.3; +https://openai.com/gptbot)"
185.191.171.8 - - [16/Apr/2026:00:12:21 +0200] "GET /cinema/films/1393/opinions/add/?parent=14906 HTTP/1.1" 200 9521 "-" "Mozilla/5.0 (compatible; SemrushBot/7~bl; +http://www.semrush.com/bot.html)"
74.7.227.21 - - [16/Apr/2026:00:12:21 +0200] "GET /30-06-2009/ HTTP/1.1" 200 7102 "https://www.afish-ka.ru/15-07-2009/" "Mozilla/5.0 AppleWebKit/537.36 (KHTML, like Gecko; compatible; GPTBot/1.3; +https://openai.com/gptbot)"
74.7.227.21 - - [16/Apr/2026:00:12:22 +0200] "GET /26-06-2012/ HTTP/1.1" 200 7885 "https://www.afish-ka.ru/14-06-2012/" "Mozilla/5.0 AppleWebKit/537.36 (KHTML, like Gecko; compatible; GPTBot/1.3; +https://openai.com/gptbot)"
74.7.227.21 - - [16/Apr/2026:00:12:22 +0200] "GET /13-02-2010/ HTTP/1.1" 200 8519 "https://www.afish-ka.ru/21-02-2010/" "Mozilla/5.0 AppleWebKit/537.36 (KHTML, like Gecko; compatible; GPTBot/1.3; +https://openai.com/gptbot)"
74.7.227.21 - - [16/Apr/2026:00:12:23 +0200] "GET /images/s/actions/1768_1.jpg HTTP/1.1" 200 8114 "https://www.afish-ka.ru/23-10-2011/" "Mozilla/5.0 AppleWebKit/537.36 (KHTML, like Gecko; compatible; GPTBot/1.3; +https://openai.com/gptbot)"
216.244.66.228 - - [16/Apr/2026:00:12:23 +0200] "GET /cafe/101/opinions/add/?parent=52491 HTTP/1.1" 200 20880 "-" "Mozilla/5.0 (compatible; DotBot/1.2; +https://opensiteexplorer.org/dotbot; help@moz.com)"
74.7.227.21 - - [16/Apr/2026:00:12:24 +0200] "GET /cafe/actions/1768/ HTTP/1.1" 200 6303 "https://www.afish-ka.ru/23-10-2011/" "Mozilla/5.0 AppleWebKit/537.36 (KHTML, like Gecko; compatible; GPTBot/1.3; +https://openai.com/gptbot)"
74.7.227.21 - - [16/Apr/2026:00:12:24 +0200] "GET /07-04-2006/ HTTP/1.1" 200 6572 "https://www.afish-ka.ru/12-05-2006/" "Mozilla/5.0 AppleWebKit/537.36 (KHTML, like Gecko; compatible; GPTBot/1.3; +https://openai.com/gptbot)"
216.244.66.228 - - [16/Apr/2026:00:12:25 +0200] "GET /cafe/287/opinions/add/?parent=48760 HTTP/1.1" 200 20870 "-" "Mozilla/5.0 (compatible; DotBot/1.2; +https://opensiteexplorer.org/dotbot; help@moz.com)"
74.7.227.21 - - [16/Apr/2026:00:12:25 +0200] "GET /19-10-2012/ HTTP/1.1" 200 10111 "https://www.afish-ka.ru/14-09-2012/" "Mozilla/5.0 AppleWebKit/537.36 (KHTML, like Gecko; compatible; GPTBot/1.3; +https://openai.com/gptbot)"
74.7.227.21 - - [16/Apr/2026:00:12:26 +0200] "GET /cinema/films/1602/ HTTP/1.1" 200 6617 "https://www.afish-ka.ru/20-07-2011/" "Mozilla/5.0 AppleWebKit/537.36 (KHTML, like Gecko; compatible; GPTBot/1.3; +https://openai.com/gptbot)"
74.7.227.21 - - [16/Apr/2026:00:12:27 +0200] "GET /images/s/actions/688_1.jpg HTTP/1.1" 200 6775 "https://www.afish-ka.ru/24-04-2009/" "Mozilla/5.0 AppleWebKit/537.36 (KHTML, like Gecko; compatible; GPTBot/1.3; +https://openai.com/gptbot)"
74.7.227.21 - - [16/Apr/2026:00:12:27 +0200] "GET /20-10-2017/ HTTP/1.1" 200 10761 "https://www.afish-ka.ru/12-10-2017/" "Mozilla/5.0 AppleWebKit/537.36 (KHTML, like Gecko; compatible; GPTBot/1.3; +https://openai.com/gptbot)"
216.244.66.228 - - [16/Apr/2026:00:12:28 +0200] "GET /city/222/opinions/add/?parent=51940 HTTP/1.1" 200 20916 "-" "Mozilla/5.0 (compatible; DotBot/1.2; +https://opensiteexplorer.org/dotbot; help@moz.com)"
74.7.227.21 - - [16/Apr/2026:00:12:28 +0200] "GET /images/s/actions/4608_1.jpg HTTP/1.1" 200 7178 "https://www.afish-ka.ru/21-10-2017/" "Mozilla/5.0 AppleWebKit/537.36 (KHTML, like Gecko; compatible; GPTBot/1.3; +https://openai.com/gptbot)"
74.7.227.21 - - [16/Apr/2026:00:12:29 +0200] "GET /images/s/actions/4607_1.jpg HTTP/1.1" 200 4799 "https://www.afish-ka.ru/21-10-2017/" "Mozilla/5.0 AppleWebKit/537.36 (KHTML, like Gecko; compatible; GPTBot/1.3; +https://openai.com/gptbot)"
74.7.227.21 - - [16/Apr/2026:00:12:29 +0200] "GET /cinema/films/4608/opinions/ HTTP/1.1" 200 5575 "https://www.afish-ka.ru/21-10-2017/" "Mozilla/5.0 AppleWebKit/537.36 (KHTML, like Gecko; compatible; GPTBot/1.3; +https://openai.com/gptbot)"
216.244.66.228 - - [16/Apr/2026:00:12:30 +0200] "GET /city/249/opinions/add/?parent=46574 HTTP/1.1" 200 20974 "-" "Mozilla/5.0 (compatible; DotBot/1.2; +https://opensiteexplorer.org/dotbot; help@moz.com)"
74.7.227.21 - - [16/Apr/2026:00:12:30 +0200] "GET /cinema/films/4608/ HTTP/1.1" 200 6786 "https://www.afish-ka.ru/21-10-2017/" "Mozilla/5.0 AppleWebKit/537.36 (KHTML, like Gecko; compatible; GPTBot/1.3; +https://openai.com/gptbot)"
74.7.227.21 - - [16/Apr/2026:00:12:30 +0200] "GET /cinema/films/4607/ HTTP/1.1" 200 6740 "https://www.afish-ka.ru/21-10-2017/" "Mozilla/5.0 AppleWebKit/537.36 (KHTML, like Gecko; compatible; GPTBot/1.3; +https://openai.com/gptbot)"
74.7.227.21 - - [16/Apr/2026:00:12:31 +0200] "GET /images/b/actions/1768_1.jpg HTTP/1.1" 200 29507 "https://www.afish-ka.ru/cafe/actions/1768/" "Mozilla/5.0 AppleWebKit/537.36 (KHTML, like Gecko; compatible; GPTBot/1.3; +https://openai.com/gptbot)"
216.244.66.228 - - [16/Apr/2026:00:12:31 +0200] "GET /city/256/opinions/add/?parent=52079 HTTP/1.1" 200 20882 "-" "Mozilla/5.0 (compatible; DotBot/1.2; +https://opensiteexplorer.org/dotbot; help@moz.com)"
74.7.227.21 - - [16/Apr/2026:00:12:32 +0200] "GET /01-04-2014/ HTTP/1.1" 200 7834 "https://www.afish-ka.ru/15-04-2014/" "Mozilla/5.0 AppleWebKit/537.36 (KHTML, like Gecko; compatible; GPTBot/1.3; +https://openai.com/gptbot)"
74.7.227.21 - - [16/Apr/2026:00:12:32 +0200] "GET /images/s/actions/2238_1.jpg HTTP/1.1" 200 7101 "https://www.afish-ka.ru/19-10-2012/" "Mozilla/5.0 AppleWebKit/537.36 (KHTML, like Gecko; compatible; GPTBot/1.3; +https://openai.com/gptbot)"
74.7.227.21 - - [16/Apr/2026:00:12:33 +0200] "GET /theater/actions/2238/ HTTP/1.1" 200 7617 "https://www.afish-ka.ru/19-10-2012/" "Mozilla/5.0 AppleWebKit/537.36 (KHTML, like Gecko; compatible; GPTBot/1.3; +https://openai.com/gptbot)"
74.7.227.21 - - [16/Apr/2026:00:12:33 +0200] "GET /images/s/actions/1602_5.jpg HTTP/1.1" 200 4137 "https://www.afish-ka.ru/cinema/films/1602/" "Mozilla/5.0 AppleWebKit/537.36 (KHTML, like Gecko; compatible; GPTBot/1.3; +https://openai.com/gptbot)"
94.23.188.197 - - [16/Apr/2026:00:12:33 +0200] "GET /cinema/films/307/ HTTP/1.1" 200 10208 "-" "Mozilla/5.0 (compatible; AhrefsBot/7.0; +http://ahrefs.com/robot/)"
74.7.227.21 - - [16/Apr/2026:00:12:34 +0200] "GET /images/b/actions/1602_4.jpg HTTP/1.1" 200 11708 "https://www.afish-ka.ru/cinema/films/1602/" "Mozilla/5.0 AppleWebKit/537.36 (KHTML, like Gecko; compatible; GPTBot/1.3; +https://openai.com/gptbot)"
216.244.66.228 - - [16/Apr/2026:00:12:34 +0200] "GET /theater/5/opinions/add/?parent=48079 HTTP/1.1" 200 20935 "-" "Mozilla/5.0 (compatible; DotBot/1.2; +https://opensiteexplorer.org/dotbot; help@moz.com)"
74.7.227.21 - - [16/Apr/2026:00:12:34 +0200] "GET /images/b/actions/1602_3.jpg HTTP/1.1" 200 10525 "https://www.afish-ka.ru/cinema/films/1602/" "Mozilla/5.0 AppleWebKit/537.36 (KHTML, like Gecko; compatible; GPTBot/1.3; +https://openai.com/gptbot)"
74.7.227.21 - - [16/Apr/2026:00:12:35 +0200] "GET /images/b/actions/1602_2.jpg HTTP/1.1" 200 16164 "https://www.afish-ka.ru/cinema/films/1602/" "Mozilla/5.0 AppleWebKit/537.36 (KHTML, like Gecko; compatible; GPTBot/1.3; +https://openai.com/gptbot)"
74.7.227.21 - - [16/Apr/2026:00:12:35 +0200] "GET /images/b/actions/1602_5.jpg HTTP/1.1" 200 9926 "https://www.afish-ka.ru/cinema/films/1602/" "Mozilla/5.0 AppleWebKit/537.36 (KHTML, like Gecko; compatible; GPTBot/1.3; +https://openai.com/gptbot)"
216.244.66.228 - - [16/Apr/2026:00:12:35 +0200] "GET /theater/actions/2076/opinions/ HTTP/1.1" 200 24928 "-" "Mozilla/5.0 (compatible; DotBot/1.2; +https://opensiteexplorer.org/dotbot; help@moz.com)"
74.7.227.21 - - [16/Apr/2026:00:12:36 +0200] "GET /images/s/actions/1602_3.jpg HTTP/1.1" 200 4054 "https://www.afish-ka.ru/cinema/films/1602/" "Mozilla/5.0 AppleWebKit/537.36 (KHTML, like Gecko; compatible; GPTBot/1.3; +https://openai.com/gptbot)"
74.7.227.21 - - [16/Apr/2026:00:12:36 +0200] "GET /images/s/actions/4607_2.jpg HTTP/1.1" 200 4648 "https://www.afish-ka.ru/cinema/films/4607/" "Mozilla/5.0 AppleWebKit/537.36 (KHTML, like Gecko; compatible; GPTBot/1.3; +https://openai.com/gptbot)"
74.7.227.21 - - [16/Apr/2026:00:12:37 +0200] "GET /images/s/actions/4607_4.jpg HTTP/1.1" 200 5753 "https://www.afish-ka.ru/cinema/films/4607/" "Mozilla/5.0 AppleWebKit/537.36 (KHTML, like Gecko; compatible; GPTBot/1.3; +https://openai.com/gptbot)"
74.7.227.21 - - [16/Apr/2026:00:12:38 +0200] "GET /images/b/actions/4607_4.jpg HTTP/1.1" 200 45479 "https://www.afish-ka.ru/cinema/films/4607/" "Mozilla/5.0 AppleWebKit/537.36 (KHTML, like Gecko; compatible; GPTBot/1.3; +https://openai.com/gptbot)"
74.7.227.21 - - [16/Apr/2026:00:12:38 +0200] "GET /images/s/actions/4607_5.jpg HTTP/1.1" 200 6239 "https://www.afish-ka.ru/cinema/films/4607/" "Mozilla/5.0 AppleWebKit/537.36 (KHTML, like Gecko; compatible; GPTBot/1.3; +https://openai.com/gptbot)"
176.31.139.24 - - [16/Apr/2026:00:12:38 +0200] "GET /cinema/films/5633/opinions/ HTTP/1.1" 200 9320 "-" "Mozilla/5.0 (compatible; AhrefsBot/7.0; +http://ahrefs.com/robot/)"
74.7.227.21 - - [16/Apr/2026:00:12:39 +0200] "GET /images/b/actions/2238_1.jpg HTTP/1.1" 200 23955 "https://www.afish-ka.ru/theater/actions/2238/" "Mozilla/5.0 AppleWebKit/537.36 (KHTML, like Gecko; compatible; GPTBot/1.3; +https://openai.com/gptbot)"
74.7.227.21 - - [16/Apr/2026:00:12:39 +0200] "GET /images/b/actions/1602_1.jpg HTTP/1.1" 200 17433 "https://www.afish-ka.ru/cinema/films/1602/" "Mozilla/5.0 AppleWebKit/537.36 (KHTML, like Gecko; compatible; GPTBot/1.3; +https://openai.com/gptbot)"
74.7.227.21 - - [16/Apr/2026:00:12:40 +0200] "GET /images/s/actions/4608_2.jpg HTTP/1.1" 200 7668 "https://www.afish-ka.ru/cinema/films/4608/" "Mozilla/5.0 AppleWebKit/537.36 (KHTML, like Gecko; compatible; GPTBot/1.3; +https://openai.com/gptbot)"
74.7.227.21 - - [16/Apr/2026:00:12:40 +0200] "GET /images/b/actions/4607_5.jpg HTTP/1.1" 200 52440 "https://www.afish-ka.ru/cinema/films/4607/" "Mozilla/5.0 AppleWebKit/537.36 (KHTML, like Gecko; compatible; GPTBot/1.3; +https://openai.com/gptbot)"
74.7.227.21 - - [16/Apr/2026:00:12:41 +0200] "GET /images/s/actions/4606_1.jpg HTTP/1.1" 200 5898 "https://www.afish-ka.ru/20-10-2017/" "Mozilla/5.0 AppleWebKit/537.36 (KHTML, like Gecko; compatible; GPTBot/1.3; +https://openai.com/gptbot)"
185.191.171.1 - - [16/Apr/2026:00:12:40 +0200] "GET /cinema/films/2447/opinions/add/?parent=24538 HTTP/1.1" 200 9542 "-" "Mozilla/5.0 (compatible; SemrushBot/7~bl; +http://www.semrush.com/bot.html)"
74.7.227.21 - - [16/Apr/2026:00:12:41 +0200] "GET /images/s/actions/4607_3.jpg HTTP/1.1" 200 6124 "https://www.afish-ka.ru/cinema/films/4607/" "Mozilla/5.0 AppleWebKit/537.36 (KHTML, like Gecko; compatible; GPTBot/1.3; +https://openai.com/gptbot)"
74.7.227.21 - - [16/Apr/2026:00:12:42 +0200] "GET /images/b/actions/4607_1.jpg HTTP/1.1" 200 43220 "https://www.afish-ka.ru/cinema/films/4607/" "Mozilla/5.0 AppleWebKit/537.36 (KHTML, like Gecko; compatible; GPTBot/1.3; +https://openai.com/gptbot)"
74.7.227.21 - - [16/Apr/2026:00:12:42 +0200] "GET /images/b/actions/4608_2.jpg HTTP/1.1" 200 67888 "https://www.afish-ka.ru/cinema/films/4608/" "Mozilla/5.0 AppleWebKit/537.36 (KHTML, like Gecko; compatible; GPTBot/1.3; +https://openai.com/gptbot)"
74.7.227.21 - - [16/Apr/2026:00:12:43 +0200] "GET /images/b/actions/4608_1.jpg HTTP/1.1" 200 77915 "https://www.afish-ka.ru/cinema/films/4608/" "Mozilla/5.0 AppleWebKit/537.36 (KHTML, like Gecko; compatible; GPTBot/1.3; +https://openai.com/gptbot)"
74.7.227.21 - - [16/Apr/2026:00:12:43 +0200] "GET /images/b/actions/4607_2.jpg HTTP/1.1" 200 37997 "https://www.afish-ka.ru/cinema/films/4607/" "Mozilla/5.0 AppleWebKit/537.36 (KHTML, like Gecko; compatible; GPTBot/1.3; +https://openai.com/gptbot)"
74.7.227.21 - - [16/Apr/2026:00:12:44 +0200] "GET /images/b/actions/4607_3.jpg HTTP/1.1" 200 54898 "https://www.afish-ka.ru/cinema/films/4607/" "Mozilla/5.0 AppleWebKit/537.36 (KHTML, like Gecko; compatible; GPTBot/1.3; +https://openai.com/gptbot)"
74.7.227.21 - - [16/Apr/2026:00:12:44 +0200] "GET /images/s/posters/1602.jpg HTTP/1.1" 200 7305 "https://www.afish-ka.ru/cinema/films/1602/" "Mozilla/5.0 AppleWebKit/537.36 (KHTML, like Gecko; compatible; GPTBot/1.3; +https://openai.com/gptbot)"
74.7.227.21 - - [16/Apr/2026:00:12:45 +0200] "GET /images/b/posters/1602.jpg HTTP/1.1" 200 33165 "https://www.afish-ka.ru/cinema/films/1602/" "Mozilla/5.0 AppleWebKit/537.36 (KHTML, like Gecko; compatible; GPTBot/1.3; +https://openai.com/gptbot)"
74.7.227.21 - - [16/Apr/2026:00:12:45 +0200] "GET /cinema/films/4606/ HTTP/1.1" 200 6477 "https://www.afish-ka.ru/20-10-2017/" "Mozilla/5.0 AppleWebKit/537.36 (KHTML, like Gecko; compatible; GPTBot/1.3; +https://openai.com/gptbot)"
74.7.227.21 - - [16/Apr/2026:00:12:46 +0200] "GET /25-02-2010/ HTTP/1.1" 200 9000 "https://www.afish-ka.ru/14-03-2010/" "Mozilla/5.0 AppleWebKit/537.36 (KHTML, like Gecko; compatible; GPTBot/1.3; +https://openai.com/gptbot)"
74.7.227.21 - - [16/Apr/2026:00:12:47 +0200] "GET /30-03-2006/ HTTP/1.1" 200 6682 "https://www.afish-ka.ru/12-04-2006/" "Mozilla/5.0 AppleWebKit/537.36 (KHTML, like Gecko; compatible; GPTBot/1.3; +https://openai.com/gptbot)"
