74.7.227.21 - - [16/Apr/2026:00:03:31 +0200] "GET /17-09-2009/ HTTP/1.1" 200 7591 "https://www.afish-ka.ru/13-09-2009/" "Mozilla/5.0 AppleWebKit/537.36 (KHTML, like Gecko; compatible; GPTBot/1.3; +https://openai.com/gptbot)"
74.7.227.21 - - [16/Apr/2026:00:03:32 +0200] "GET /images/b/actions/5080_1.jpg HTTP/1.1" 200 73811 "https://www.afish-ka.ru/theater/actions/5080/" "Mozilla/5.0 AppleWebKit/537.36 (KHTML, like Gecko; compatible; GPTBot/1.3; +https://openai.com/gptbot)"
94.154.239.69 - - [16/Apr/2026:00:03:32 +0200] "GET /night_club/13/ HTTP/1.1" 301 540 "-" "Mozilla/5.0 (compatible; MJ12bot/v1.4.8; http://mj12bot.com/)"
74.7.227.21 - - [16/Apr/2026:00:03:32 +0200] "GET /images/b/actions/3739_1.jpg HTTP/1.1" 200 70160 "https://www.afish-ka.ru/cinema/films/3739/" "Mozilla/5.0 AppleWebKit/537.36 (KHTML, like Gecko; compatible; GPTBot/1.3; +https://openai.com/gptbot)"
74.7.227.21 - - [16/Apr/2026:00:03:33 +0200] "GET /images/b/actions/2313_2.jpg HTTP/1.1" 200 17405 "https://www.afish-ka.ru/cinema/films/2313/" "Mozilla/5.0 AppleWebKit/537.36 (KHTML, like Gecko; compatible; GPTBot/1.3; +https://openai.com/gptbot)"
74.7.227.21 - - [16/Apr/2026:00:03:33 +0200] "GET /images/s/actions/2313_5.jpg HTTP/1.1" 200 7308 "https://www.afish-ka.ru/cinema/films/2313/" "Mozilla/5.0 AppleWebKit/537.36 (KHTML, like Gecko; compatible; GPTBot/1.3; +https://openai.com/gptbot)"
94.154.239.69 - - [16/Apr/2026:00:03:33 +0200] "GET /night_club/13/ HTTP/1.1" 200 6608 "-" "Mozilla/5.0 (compatible; MJ12bot/v1.4.8; http://mj12bot.com/)"
74.7.227.21 - - [16/Apr/2026:00:03:34 +0200] "GET /images/b/actions/2313_5.jpg HTTP/1.1" 200 16882 "https://www.afish-ka.ru/cinema/films/2313/" "Mozilla/5.0 AppleWebKit/537.36 (KHTML, like Gecko; compatible; GPTBot/1.3; +https://openai.com/gptbot)"
74.7.227.21 - - [16/Apr/2026:00:03:34 +0200] "GET /images/b/actions/2313_4.jpg HTTP/1.1" 200 15082 "https://www.afish-ka.ru/cinema/films/2313/" "Mozilla/5.0 AppleWebKit/537.36 (KHTML, like Gecko; compatible; GPTBot/1.3; +https://openai.com/gptbot)"
74.7.227.21 - - [16/Apr/2026:00:03:35 +0200] "GET /images/b/actions/2313_1.jpg HTTP/1.1" 200 14574 "https://www.afish-ka.ru/cinema/films/2313/" "Mozilla/5.0 AppleWebKit/537.36 (KHTML, like Gecko; compatible; GPTBot/1.3; +https://openai.com/gptbot)"
94.154.239.69 - - [16/Apr/2026:00:03:35 +0200] "GET /night_club/13/opinions/ HTTP/1.1" 301 558 "-" "Mozilla/5.0 (compatible; MJ12bot/v1.4.8; http://mj12bot.com/)"
74.7.227.21 - - [16/Apr/2026:00:03:35 +0200] "GET /images/b/actions/2313_3.jpg HTTP/1.1" 200 12670 "https://www.afish-ka.ru/cinema/films/2313/" "Mozilla/5.0 AppleWebKit/537.36 (KHTML, like Gecko; compatible; GPTBot/1.3; +https://openai.com/gptbot)"
74.7.227.21 - - [16/Apr/2026:00:03:36 +0200] "GET /images/s/actions/2313_4.jpg HTTP/1.1" 200 5910 "https://www.afish-ka.ru/cinema/films/2313/" "Mozilla/5.0 AppleWebKit/537.36 (KHTML, like Gecko; compatible; GPTBot/1.3; +https://openai.com/gptbot)"
114.119.156.115 - - [16/Apr/2026:00:03:35 +0200] "GET /cinema/films/1038/opinions/add?parent=10355 HTTP/1.1" 200 34287 "https://www.afish-ka.ru/cinema/films/1038/opinions/add?parent=10372" "Mozilla/5.0 (Linux; Android 7.0;) AppleWebKit/537.36 (KHTML, like Gecko) Mobile Safari/537.36 (compatible; PetalBot;+https://webmaster.petalsearch.com/site/petalbot)"
74.7.227.21 - - [16/Apr/2026:00:03:36 +0200] "GET /images/s/actions/2313_3.jpg HTTP/1.1" 200 5516 "https://www.afish-ka.ru/cinema/films/2313/" "Mozilla/5.0 AppleWebKit/537.36 (KHTML, like Gecko; compatible; GPTBot/1.3; +https://openai.com/gptbot)"
74.7.227.21 - - [16/Apr/2026:00:03:37 +0200] "GET /images/s/actions/2313_2.jpg HTTP/1.1" 200 6642 "https://www.afish-ka.ru/cinema/films/2313/" "Mozilla/5.0 AppleWebKit/537.36 (KHTML, like Gecko; compatible; GPTBot/1.3; +https://openai.com/gptbot)"
94.154.239.69 - - [16/Apr/2026:00:03:36 +0200] "GET /night_club/13/opinions/ HTTP/1.1" 200 71761 "-" "Mozilla/5.0 (compatible; MJ12bot/v1.4.8; http://mj12bot.com/)"
74.7.227.21 - - [16/Apr/2026:00:03:37 +0200] "GET /images/b/posters/2313.jpg HTTP/1.1" 200 50984 "https://www.afish-ka.ru/cinema/films/2313/" "Mozilla/5.0 AppleWebKit/537.36 (KHTML, like Gecko; compatible; GPTBot/1.3; +https://openai.com/gptbot)"
74.7.227.21 - - [16/Apr/2026:00:03:38 +0200] "GET /images/s/posters/2313.jpg HTTP/1.1" 200 10622 "https://www.afish-ka.ru/cinema/films/2313/" "Mozilla/5.0 AppleWebKit/537.36 (KHTML, like Gecko; compatible; GPTBot/1.3; +https://openai.com/gptbot)"
74.7.227.21 - - [16/Apr/2026:00:03:38 +0200] "GET /images/b/posters/3739.jpg HTTP/1.1" 200 51745 "https://www.afish-ka.ru/cinema/films/3739/" "Mozilla/5.0 AppleWebKit/537.36 (KHTML, like Gecko; compatible; GPTBot/1.3; +https://openai.com/gptbot)"
94.154.239.69 - - [16/Apr/2026:00:03:38 +0200] "GET /night_club/31/opinions/ HTTP/1.1" 301 558 "-" "Mozilla/5.0 (compatible; MJ12bot/v1.4.8; http://mj12bot.com/)"
74.7.227.21 - - [16/Apr/2026:00:03:39 +0200] "GET /images/s/posters/3739.jpg HTTP/1.1" 200 12507 "https://www.afish-ka.ru/cinema/films/3739/" "Mozilla/5.0 AppleWebKit/537.36 (KHTML, like Gecko; compatible; GPTBot/1.3; +https://openai.com/gptbot)"
74.7.227.21 - - [16/Apr/2026:00:03:39 +0200] "GET /19-08-2009/ HTTP/1.1" 200 6773 "https://www.afish-ka.ru/31-08-2009/" "Mozilla/5.0 AppleWebKit/537.36 (KHTML, like Gecko; compatible; GPTBot/1.3; +https://openai.com/gptbot)"
94.154.239.69 - - [16/Apr/2026:00:03:40 +0200] "GET /night_club/31/opinions/ HTTP/1.1" 200 34391 "-" "Mozilla/5.0 (compatible; MJ12bot/v1.4.8; http://mj12bot.com/)"
74.7.227.21 - - [16/Apr/2026:00:03:40 +0200] "GET /12-08-2009/ HTTP/1.1" 200 7050 "https://www.afish-ka.ru/25-08-2009/" "Mozilla/5.0 AppleWebKit/537.36 (KHTML, like Gecko; compatible; GPTBot/1.3; +https://openai.com/gptbot)"
74.7.227.21 - - [16/Apr/2026:00:03:41 +0200] "GET /14-08-2009/ HTTP/1.1" 200 6914 "https://www.afish-ka.ru/18-09-2009/" "Mozilla/5.0 AppleWebKit/537.36 (KHTML, like Gecko; compatible; GPTBot/1.3; +https://openai.com/gptbot)"
74.7.227.21 - - [16/Apr/2026:00:03:41 +0200] "GET /17-08-2009/ HTTP/1.1" 200 6776 "https://www.afish-ka.ru/31-08-2009/" "Mozilla/5.0 AppleWebKit/537.36 (KHTML, like Gecko; compatible; GPTBot/1.3; +https://openai.com/gptbot)"
94.154.239.69 - - [16/Apr/2026:00:03:42 +0200] "GET /night_club/parties/ HTTP/1.1" 301 550 "-" "Mozilla/5.0 (compatible; MJ12bot/v1.4.8; http://mj12bot.com/)"
74.7.227.21 - - [16/Apr/2026:00:03:42 +0200] "GET /21-07-2009/ HTTP/1.1" 200 6753 "https://www.afish-ka.ru/25-08-2009/" "Mozilla/5.0 AppleWebKit/537.36 (KHTML, like Gecko; compatible; GPTBot/1.3; +https://openai.com/gptbot)"
74.7.227.21 - - [16/Apr/2026:00:03:43 +0200] "GET /23-08-2009/ HTTP/1.1" 200 7015 "https://www.afish-ka.ru/31-08-2009/" "Mozilla/5.0 AppleWebKit/537.36 (KHTML, like Gecko; compatible; GPTBot/1.3; +https://openai.com/gptbot)"
74.7.227.21 - - [16/Apr/2026:00:03:43 +0200] "GET /21-08-2009/ HTTP/1.1" 200 7012 "https://www.afish-ka.ru/31-08-2009/" "Mozilla/5.0 AppleWebKit/537.36 (KHTML, like Gecko; compatible; GPTBot/1.3; +https://openai.com/gptbot)"
94.154.239.69 - - [16/Apr/2026:00:03:43 +0200] "GET /night_club/parties/ HTTP/1.1" 200 6217 "-" "Mozilla/5.0 (compatible; MJ12bot/v1.4.8; http://mj12bot.com/)"
74.7.227.21 - - [16/Apr/2026:00:03:44 +0200] "GET /15-09-2009/ HTTP/1.1" 200 7931 "https://www.afish-ka.ru/13-09-2009/" "Mozilla/5.0 AppleWebKit/537.36 (KHTML, like Gecko; compatible; GPTBot/1.3; +https://openai.com/gptbot)"
185.191.171.11 - - [16/Apr/2026:00:03:44 +0200] "GET /links.php?go=http%3A%2F%2Fpragmatic-stationplay.weebly.com%2Fe HTTP/1.1" 200 5788 "-" "Mozilla/5.0 (compatible; SemrushBot/7~bl; +http://www.semrush.com/bot.html)"
94.154.239.69 - - [16/Apr/2026:00:03:44 +0200] "GET /robots.txt HTTP/1.1" 200 3839 "-" "Mozilla/5.0 (compatible; MJ12bot/v1.4.8; http://mj12bot.com/)"
74.7.227.21 - - [16/Apr/2026:00:03:44 +0200] "GET /16-08-2009/ HTTP/1.1" 200 6904 "https://www.afish-ka.ru/25-08-2009/" "Mozilla/5.0 AppleWebKit/537.36 (KHTML, like Gecko; compatible; GPTBot/1.3; +https://openai.com/gptbot)"
74.7.227.21 - - [16/Apr/2026:00:03:45 +0200] "GET /cinema/films/2270/ HTTP/1.1" 200 6672 "https://www.afish-ka.ru/13-10-2012/" "Mozilla/5.0 AppleWebKit/537.36 (KHTML, like Gecko; compatible; GPTBot/1.3; +https://openai.com/gptbot)"
74.7.227.21 - - [16/Apr/2026:00:03:46 +0200] "GET /cinema/films/2271/ HTTP/1.1" 200 6875 "https://www.afish-ka.ru/13-10-2012/" "Mozilla/5.0 AppleWebKit/537.36 (KHTML, like Gecko; compatible; GPTBot/1.3; +https://openai.com/gptbot)"
94.154.239.69 - - [16/Apr/2026:00:03:46 +0200] "GET /10-02-2026/ HTTP/1.1" 200 5846 "-" "Mozilla/5.0 (compatible; MJ12bot/v1.4.8; http://mj12bot.com/)"
74.7.227.21 - - [16/Apr/2026:00:03:46 +0200] "GET /15-07-2009/ HTTP/1.1" 200 7101 "https://www.afish-ka.ru/19-08-2009/" "Mozilla/5.0 AppleWebKit/537.36 (KHTML, like Gecko; compatible; GPTBot/1.3; +https://openai.com/gptbot)"
74.7.227.21 - - [16/Apr/2026:00:03:47 +0200] "GET /31-07-2009/ HTTP/1.1" 200 7681 "https://www.afish-ka.ru/12-08-2009/" "Mozilla/5.0 AppleWebKit/537.36 (KHTML, like Gecko; compatible; GPTBot/1.3; +https://openai.com/gptbot)"
94.154.239.69 - - [16/Apr/2026:00:03:48 +0200] "GET /24-06-2026/ HTTP/1.1" 200 5840 "-" "Mozilla/5.0 (compatible; MJ12bot/v1.4.8; http://mj12bot.com/)"
74.7.227.21 - - [16/Apr/2026:00:03:48 +0200] "GET /28-07-2009/ HTTP/1.1" 200 6976 "https://www.afish-ka.ru/12-08-2009/" "Mozilla/5.0 AppleWebKit/537.36 (KHTML, like Gecko; compatible; GPTBot/1.3; +https://openai.com/gptbot)"
74.7.227.21 - - [16/Apr/2026:00:03:48 +0200] "GET /13-07-2009/ HTTP/1.1" 200 7106 "https://www.afish-ka.ru/17-08-2009/" "Mozilla/5.0 AppleWebKit/537.36 (KHTML, like Gecko; compatible; GPTBot/1.3; +https://openai.com/gptbot)"
74.7.227.21 - - [16/Apr/2026:00:03:49 +0200] "GET /11-07-2009/ HTTP/1.1" 200 7101 "https://www.afish-ka.ru/21-07-2009/" "Mozilla/5.0 AppleWebKit/537.36 (KHTML, like Gecko; compatible; GPTBot/1.3; +https://openai.com/gptbot)"
74.7.227.21 - - [16/Apr/2026:00:03:49 +0200] "GET /24-07-2009/ HTTP/1.1" 200 7000 "https://www.afish-ka.ru/21-07-2009/" "Mozilla/5.0 AppleWebKit/537.36 (KHTML, like Gecko; compatible; GPTBot/1.3; +https://openai.com/gptbot)"
94.154.239.69 - - [16/Apr/2026:00:03:50 +0200] "GET /29-07-2026/ HTTP/1.1" 200 5841 "-" "Mozilla/5.0 (compatible; MJ12bot/v1.4.8; http://mj12bot.com/)"
74.7.227.21 - - [16/Apr/2026:00:03:50 +0200] "GET /16-07-2009/ HTTP/1.1" 200 6780 "https://www.afish-ka.ru/21-07-2009/" "Mozilla/5.0 AppleWebKit/537.36 (KHTML, like Gecko; compatible; GPTBot/1.3; +https://openai.com/gptbot)"
74.7.227.21 - - [16/Apr/2026:00:03:50 +0200] "GET /14-07-2009/ HTTP/1.1" 200 7102 "https://www.afish-ka.ru/21-07-2009/" "Mozilla/5.0 AppleWebKit/537.36 (KHTML, like Gecko; compatible; GPTBot/1.3; +https://openai.com/gptbot)"
119.13.76.195 - - [16/Apr/2026:00:03:51 +0200] "GET /exhibition/actions/2715/exhibition/exhibition/actions/2715/opinions/add/ HTTP/1.1" 200 10836 "-" "Mozilla/5.0 (Windows NT 10.0; Win64; x64) AppleWebKit/537.36 (KHTML, like Gecko) Chrome/142.0.0.0 Safari/537.36"
74.7.227.21 - - [16/Apr/2026:00:03:51 +0200] "GET /23-07-2009/ HTTP/1.1" 200 6505 "https://www.afish-ka.ru/21-07-2009/" "Mozilla/5.0 AppleWebKit/537.36 (KHTML, like Gecko; compatible; GPTBot/1.3; +https://openai.com/gptbot)"
94.154.239.69 - - [16/Apr/2026:00:03:51 +0200] "GET /cinema/films/1136/ HTTP/1.1" 200 6664 "-" "Mozilla/5.0 (compatible; MJ12bot/v1.4.8; http://mj12bot.com/)"
74.7.227.21 - - [16/Apr/2026:00:03:52 +0200] "GET /17-07-2009/ HTTP/1.1" 200 6915 "https://www.afish-ka.ru/21-07-2009/" "Mozilla/5.0 AppleWebKit/537.36 (KHTML, like Gecko; compatible; GPTBot/1.3; +https://openai.com/gptbot)"
74.7.227.21 - - [16/Apr/2026:00:03:52 +0200] "GET /images/b/actions/2271_4.jpg HTTP/1.1" 200 17295 "https://www.afish-ka.ru/cinema/films/2271/" "Mozilla/5.0 AppleWebKit/537.36 (KHTML, like Gecko; compatible; GPTBot/1.3; +https://openai.com/gptbot)"
74.7.227.21 - - [16/Apr/2026:00:03:53 +0200] "GET /images/b/actions/2271_3.jpg HTTP/1.1" 200 10904 "https://www.afish-ka.ru/cinema/films/2271/" "Mozilla/5.0 AppleWebKit/537.36 (KHTML, like Gecko; compatible; GPTBot/1.3; +https://openai.com/gptbot)"
74.7.227.21 - - [16/Apr/2026:00:03:53 +0200] "GET /images/b/actions/2271_1.jpg HTTP/1.1" 200 18464 "https://www.afish-ka.ru/cinema/films/2271/" "Mozilla/5.0 AppleWebKit/537.36 (KHTML, like Gecko; compatible; GPTBot/1.3; +https://openai.com/gptbot)"
94.154.239.69 - - [16/Apr/2026:00:03:53 +0200] "GET /cinema/films/1324/opinions/ HTTP/1.1" 200 23800 "-" "Mozilla/5.0 (compatible; MJ12bot/v1.4.8; http://mj12bot.com/)"
74.7.227.21 - - [16/Apr/2026:00:03:54 +0200] "GET /images/b/actions/2271_5.jpg HTTP/1.1" 200 15071 "https://www.afish-ka.ru/cinema/films/2271/" "Mozilla/5.0 AppleWebKit/537.36 (KHTML, like Gecko; compatible; GPTBot/1.3; +https://openai.com/gptbot)"
74.7.227.21 - - [16/Apr/2026:00:03:55 +0200] "GET /images/s/actions/2271_3.jpg HTTP/1.1" 200 4440 "https://www.afish-ka.ru/cinema/films/2271/" "Mozilla/5.0 AppleWebKit/537.36 (KHTML, like Gecko; compatible; GPTBot/1.3; +https://openai.com/gptbot)"
92.222.104.200 - - [16/Apr/2026:00:03:55 +0200] "GET /cinema/films/4807/ HTTP/1.1" 200 10648 "-" "Mozilla/5.0 (compatible; AhrefsBot/7.0; +http://ahrefs.com/robot/)"
74.7.227.21 - - [16/Apr/2026:00:03:55 +0200] "GET /25-06-2009/ HTTP/1.1" 200 7401 "https://www.afish-ka.ru/11-07-2009/" "Mozilla/5.0 AppleWebKit/537.36 (KHTML, like Gecko; compatible; GPTBot/1.3; +https://openai.com/gptbot)"
94.154.239.69 - - [16/Apr/2026:00:03:55 +0200] "GET /cinema/films/1325/ HTTP/1.1" 200 6753 "-" "Mozilla/5.0 (compatible; MJ12bot/v1.4.8; http://mj12bot.com/)"
74.7.227.21 - - [16/Apr/2026:00:03:56 +0200] "GET /images/s/actions/2271_4.jpg HTTP/1.1" 200 6503 "https://www.afish-ka.ru/cinema/films/2271/" "Mozilla/5.0 AppleWebKit/537.36 (KHTML, like Gecko; compatible; GPTBot/1.3; +https://openai.com/gptbot)"
74.7.227.21 - - [16/Apr/2026:00:03:56 +0200] "GET /images/s/actions/2271_5.jpg HTTP/1.1" 200 5764 "https://www.afish-ka.ru/cinema/films/2271/" "Mozilla/5.0 AppleWebKit/537.36 (KHTML, like Gecko; compatible; GPTBot/1.3; +https://openai.com/gptbot)"
74.7.227.21 - - [16/Apr/2026:00:03:57 +0200] "GET /images/b/actions/2271_2.jpg HTTP/1.1" 200 22060 "https://www.afish-ka.ru/cinema/films/2271/" "Mozilla/5.0 AppleWebKit/537.36 (KHTML, like Gecko; compatible; GPTBot/1.3; +https://openai.com/gptbot)"
74.7.227.21 - - [16/Apr/2026:00:03:57 +0200] "GET /images/s/actions/2271_2.jpg HTTP/1.1" 200 7074 "https://www.afish-ka.ru/cinema/films/2271/" "Mozilla/5.0 AppleWebKit/537.36 (KHTML, like Gecko; compatible; GPTBot/1.3; +https://openai.com/gptbot)"
94.154.239.69 - - [16/Apr/2026:00:03:57 +0200] "GET /cinema/films/241/opinions/add/?parent=1816 HTTP/1.1" 200 5785 "-" "Mozilla/5.0 (compatible; MJ12bot/v1.4.8; http://mj12bot.com/)"
74.7.227.21 - - [16/Apr/2026:00:03:58 +0200] "GET /images/s/posters/2271.jpg HTTP/1.1" 200 7924 "https://www.afish-ka.ru/cinema/films/2271/" "Mozilla/5.0 AppleWebKit/537.36 (KHTML, like Gecko; compatible; GPTBot/1.3; +https://openai.com/gptbot)"
74.7.227.21 - - [16/Apr/2026:00:03:58 +0200] "GET /images/b/posters/2271.jpg HTTP/1.1" 200 36964 "https://www.afish-ka.ru/cinema/films/2271/" "Mozilla/5.0 AppleWebKit/537.36 (KHTML, like Gecko; compatible; GPTBot/1.3; +https://openai.com/gptbot)"
74.7.227.21 - - [16/Apr/2026:00:03:59 +0200] "GET /24-06-2009/ HTTP/1.1" 200 7517 "https://www.afish-ka.ru/11-07-2009/" "Mozilla/5.0 AppleWebKit/537.36 (KHTML, like Gecko; compatible; GPTBot/1.3; +https://openai.com/gptbot)"
94.154.239.69 - - [16/Apr/2026:00:03:59 +0200] "GET /cinema/films/241/opinions/add/?parent=1864 HTTP/1.1" 200 5786 "-" "Mozilla/5.0 (compatible; MJ12bot/v1.4.8; http://mj12bot.com/)"
74.7.227.21 - - [16/Apr/2026:00:03:59 +0200] "GET /11-06-2009/ HTTP/1.1" 200 7375 "https://www.afish-ka.ru/16-07-2009/" "Mozilla/5.0 AppleWebKit/537.36 (KHTML, like Gecko; compatible; GPTBot/1.3; +https://openai.com/gptbot)"
74.7.227.21 - - [16/Apr/2026:00:04:00 +0200] "GET /28-06-2009/ HTTP/1.1" 200 7232 "https://www.afish-ka.ru/11-07-2009/" "Mozilla/5.0 AppleWebKit/537.36 (KHTML, like Gecko; compatible; GPTBot/1.3; +https://openai.com/gptbot)"
94.154.239.69 - - [16/Apr/2026:00:04:01 +0200] "GET /cinema/films/370/opinions/add/?parent=3970 HTTP/1.1" 200 5764 "-" "Mozilla/5.0 (compatible; MJ12bot/v1.4.8; http://mj12bot.com/)"
74.7.227.21 - - [16/Apr/2026:00:04:01 +0200] "GET /18-06-2009/ HTTP/1.1" 200 7690 "https://www.afish-ka.ru/23-07-2009/" "Mozilla/5.0 AppleWebKit/537.36 (KHTML, like Gecko; compatible; GPTBot/1.3; +https://openai.com/gptbot)"
74.7.227.21 - - [16/Apr/2026:00:04:02 +0200] "GET /26-07-2009/ HTTP/1.1" 200 6976 "https://www.afish-ka.ru/21-07-2009/" "Mozilla/5.0 AppleWebKit/537.36 (KHTML, like Gecko; compatible; GPTBot/1.3; +https://openai.com/gptbot)"
74.7.227.21 - - [16/Apr/2026:00:04:02 +0200] "GET /14-06-2009/ HTTP/1.1" 200 7264 "https://www.afish-ka.ru/25-06-2009/" "Mozilla/5.0 AppleWebKit/537.36 (KHTML, like Gecko; compatible; GPTBot/1.3; +https://openai.com/gptbot)"
94.154.239.69 - - [16/Apr/2026:00:04:02 +0200] "GET /cinema/films/370/opinions/add/?parent=4027 HTTP/1.1" 200 5764 "-" "Mozilla/5.0 (compatible; MJ12bot/v1.4.8; http://mj12bot.com/)"
74.7.227.21 - - [16/Apr/2026:00:04:03 +0200] "GET /17-06-2009/ HTTP/1.1" 200 7576 "https://www.afish-ka.ru/25-06-2009/" "Mozilla/5.0 AppleWebKit/537.36 (KHTML, like Gecko; compatible; GPTBot/1.3; +https://openai.com/gptbot)"
74.7.227.21 - - [16/Apr/2026:00:04:03 +0200] "GET /cinema/films/2273/ HTTP/1.1" 200 6811 "https://www.afish-ka.ru/13-10-2012/" "Mozilla/5.0 AppleWebKit/537.36 (KHTML, like Gecko; compatible; GPTBot/1.3; +https://openai.com/gptbot)"
74.7.227.21 - - [16/Apr/2026:00:04:04 +0200] "GET /cinema/films/5564/ HTTP/1.1" 200 6963 "https://www.afish-ka.ru/26-01-2020/" "Mozilla/5.0 AppleWebKit/537.36 (KHTML, like Gecko; compatible; GPTBot/1.3; +https://openai.com/gptbot)"
94.154.239.69 - - [16/Apr/2026:00:04:04 +0200] "GET /cinema/films/656/opinions/add/?parent=5570 HTTP/1.1" 200 5780 "-" "Mozilla/5.0 (compatible; MJ12bot/v1.4.8; http://mj12bot.com/)"
74.7.227.21 - - [16/Apr/2026:00:04:05 +0200] "GET /cinema/films/2272/ HTTP/1.1" 200 6716 "https://www.afish-ka.ru/13-10-2012/" "Mozilla/5.0 AppleWebKit/537.36 (KHTML, like Gecko; compatible; GPTBot/1.3; +https://openai.com/gptbot)"
74.7.227.21 - - [16/Apr/2026:00:04:05 +0200] "GET /cinema/films/5161/ HTTP/1.1" 200 6901 "https://www.afish-ka.ru/13-11-2018/" "Mozilla/5.0 AppleWebKit/537.36 (KHTML, like Gecko; compatible; GPTBot/1.3; +https://openai.com/gptbot)"
74.7.227.21 - - [16/Apr/2026:00:04:06 +0200] "GET /20-11-2009/ HTTP/1.1" 200 7560 "https://www.afish-ka.ru/10-11-2009/" "Mozilla/5.0 AppleWebKit/537.36 (KHTML, like Gecko; compatible; GPTBot/1.3; +https://openai.com/gptbot)"
94.154.239.69 - - [16/Apr/2026:00:04:06 +0200] "GET /cinema/films/726/opinions/add/?parent=6023 HTTP/1.1" 200 5782 "-" "Mozilla/5.0 (compatible; MJ12bot/v1.4.8; http://mj12bot.com/)"
74.7.227.21 - - [16/Apr/2026:00:04:06 +0200] "GET /26-05-2009/ HTTP/1.1" 200 6838 "https://www.afish-ka.ru/11-06-2009/" "Mozilla/5.0 AppleWebKit/537.36 (KHTML, like Gecko; compatible; GPTBot/1.3; +https://openai.com/gptbot)"
74.7.227.21 - - [16/Apr/2026:00:04:07 +0200] "GET /31-05-2009/ HTTP/1.1" 200 6976 "https://www.afish-ka.ru/11-06-2009/" "Mozilla/5.0 AppleWebKit/537.36 (KHTML, like Gecko; compatible; GPTBot/1.3; +https://openai.com/gptbot)"
74.7.227.21 - - [16/Apr/2026:00:04:08 +0200] "GET /14-05-2009/ HTTP/1.1" 200 7232 "https://www.afish-ka.ru/18-06-2009/" "Mozilla/5.0 AppleWebKit/537.36 (KHTML, like Gecko; compatible; GPTBot/1.3; +https://openai.com/gptbot)"
94.154.239.69 - - [16/Apr/2026:00:04:08 +0200] "GET /cinema/films/799/opinions/add/?parent=6736 HTTP/1.1" 200 5766 "-" "Mozilla/5.0 (compatible; MJ12bot/v1.4.8; http://mj12bot.com/)"
74.7.227.21 - - [16/Apr/2026:00:04:08 +0200] "GET /27-05-2009/ HTTP/1.1" 200 6839 "https://www.afish-ka.ru/11-06-2009/" "Mozilla/5.0 AppleWebKit/537.36 (KHTML, like Gecko; compatible; GPTBot/1.3; +https://openai.com/gptbot)"
74.7.227.21 - - [16/Apr/2026:00:04:09 +0200] "GET /28-05-2009/ HTTP/1.1" 200 7013 "https://www.afish-ka.ru/11-06-2009/" "Mozilla/5.0 AppleWebKit/537.36 (KHTML, like Gecko; compatible; GPTBot/1.3; +https://openai.com/gptbot)"
74.7.227.21 - - [16/Apr/2026:00:04:09 +0200] "GET /13-05-2009/ HTTP/1.1" 200 7062 "https://www.afish-ka.ru/17-06-2009/" "Mozilla/5.0 AppleWebKit/537.36 (KHTML, like Gecko; compatible; GPTBot/1.3; +https://openai.com/gptbot)"
74.7.227.21 - - [16/Apr/2026:00:04:10 +0200] "GET /images/b/posters/2273.jpg HTTP/1.1" 200 50108 "https://www.afish-ka.ru/cinema/films/2273/" "Mozilla/5.0 AppleWebKit/537.36 (KHTML, like Gecko; compatible; GPTBot/1.3; +https://openai.com/gptbot)"
94.154.239.69 - - [16/Apr/2026:00:04:10 +0200] "GET /cinema/films/799/opinions/add/?parent=6745 HTTP/1.1" 200 5765 "-" "Mozilla/5.0 (compatible; MJ12bot/v1.4.8; http://mj12bot.com/)"
74.7.227.21 - - [16/Apr/2026:00:04:11 +0200] "GET /images/s/actions/5564_3.jpg HTTP/1.1" 200 3910 "https://www.afish-ka.ru/cinema/films/5564/" "Mozilla/5.0 AppleWebKit/537.36 (KHTML, like Gecko; compatible; GPTBot/1.3; +https://openai.com/gptbot)"
74.7.227.21 - - [16/Apr/2026:00:04:11 +0200] "GET /images/b/actions/5564_3.jpg HTTP/1.1" 200 19118 "https://www.afish-ka.ru/cinema/films/5564/" "Mozilla/5.0 AppleWebKit/537.36 (KHTML, like Gecko; compatible; GPTBot/1.3; +https://openai.com/gptbot)"
74.7.227.21 - - [16/Apr/2026:00:04:12 +0200] "GET /images/b/actions/5161_2.jpg HTTP/1.1" 200 50036 "https://www.afish-ka.ru/cinema/films/5161/" "Mozilla/5.0 AppleWebKit/537.36 (KHTML, like Gecko; compatible; GPTBot/1.3; +https://openai.com/gptbot)"
94.154.239.69 - - [16/Apr/2026:00:04:12 +0200] "GET /cinema/films/799/opinions/add/?parent=6806 HTTP/1.1" 200 5766 "-" "Mozilla/5.0 (compatible; MJ12bot/v1.4.8; http://mj12bot.com/)"
74.7.227.21 - - [16/Apr/2026:00:04:12 +0200] "GET /images/b/actions/2273_5.jpg HTTP/1.1" 200 18494 "https://www.afish-ka.ru/cinema/films/2273/" "Mozilla/5.0 AppleWebKit/537.36 (KHTML, like Gecko; compatible; GPTBot/1.3; +https://openai.com/gptbot)"
74.7.227.21 - - [16/Apr/2026:00:04:13 +0200] "GET /images/b/actions/5564_4.jpg HTTP/1.1" 200 45455 "https://www.afish-ka.ru/cinema/films/5564/" "Mozilla/5.0 AppleWebKit/537.36 (KHTML, like Gecko; compatible; GPTBot/1.3; +https://openai.com/gptbot)"
74.7.227.21 - - [16/Apr/2026:00:04:13 +0200] "GET /images/b/actions/5564_5.jpg HTTP/1.1" 200 29570 "https://www.afish-ka.ru/cinema/films/5564/" "Mozilla/5.0 AppleWebKit/537.36 (KHTML, like Gecko; compatible; GPTBot/1.3; +https://openai.com/gptbot)"
74.7.227.21 - - [16/Apr/2026:00:04:14 +0200] "GET /images/b/actions/2273_1.jpg HTTP/1.1" 200 14062 "https://www.afish-ka.ru/cinema/films/2273/" "Mozilla/5.0 AppleWebKit/537.36 (KHTML, like Gecko; compatible; GPTBot/1.3; +https://openai.com/gptbot)"
94.154.239.69 - - [16/Apr/2026:00:04:14 +0200] "GET /cinema/films/799/opinions/add/?parent=6988 HTTP/1.1" 200 5766 "-" "Mozilla/5.0 (compatible; MJ12bot/v1.4.8; http://mj12bot.com/)"
74.7.227.21 - - [16/Apr/2026:00:04:14 +0200] "GET /images/b/actions/2272_4.jpg HTTP/1.1" 200 11260 "https://www.afish-ka.ru/cinema/films/2272/" "Mozilla/5.0 AppleWebKit/537.36 (KHTML, like Gecko; compatible; GPTBot/1.3; +https://openai.com/gptbot)"
74.7.227.21 - - [16/Apr/2026:00:04:15 +0200] "GET /images/b/actions/2272_5.jpg HTTP/1.1" 200 19527 "https://www.afish-ka.ru/cinema/films/2272/" "Mozilla/5.0 AppleWebKit/537.36 (KHTML, like Gecko; compatible; GPTBot/1.3; +https://openai.com/gptbot)"
74.7.227.21 - - [16/Apr/2026:00:04:15 +0200] "GET /images/b/actions/5564_2.jpg HTTP/1.1" 200 23235 "https://www.afish-ka.ru/cinema/films/5564/" "Mozilla/5.0 AppleWebKit/537.36 (KHTML, like Gecko; compatible; GPTBot/1.3; +https://openai.com/gptbot)"
94.154.239.69 - - [16/Apr/2026:00:04:15 +0200] "GET /cinema/films/811/opinions/add/?parent=7048 HTTP/1.1" 200 5768 "-" "Mozilla/5.0 (compatible; MJ12bot/v1.4.8; http://mj12bot.com/)"
74.7.227.21 - - [16/Apr/2026:00:04:16 +0200] "GET /images/b/actions/5161_5.jpg HTTP/1.1" 200 43347 "https://www.afish-ka.ru/cinema/films/5161/" "Mozilla/5.0 AppleWebKit/537.36 (KHTML, like Gecko; compatible; GPTBot/1.3; +https://openai.com/gptbot)"
74.7.227.21 - - [16/Apr/2026:00:04:16 +0200] "GET /images/s/actions/5161_2.jpg HTTP/1.1" 200 5571 "https://www.afish-ka.ru/cinema/films/5161/" "Mozilla/5.0 AppleWebKit/537.36 (KHTML, like Gecko; compatible; GPTBot/1.3; +https://openai.com/gptbot)"
74.7.227.21 - - [16/Apr/2026:00:04:17 +0200] "GET /images/s/actions/2273_4.jpg HTTP/1.1" 200 6147 "https://www.afish-ka.ru/cinema/films/2273/" "Mozilla/5.0 AppleWebKit/537.36 (KHTML, like Gecko; compatible; GPTBot/1.3; +https://openai.com/gptbot)"
74.7.227.21 - - [16/Apr/2026:00:04:17 +0200] "GET /images/s/actions/5161_3.jpg HTTP/1.1" 200 5313 "https://www.afish-ka.ru/cinema/films/5161/" "Mozilla/5.0 AppleWebKit/537.36 (KHTML, like Gecko; compatible; GPTBot/1.3; +https://openai.com/gptbot)"
94.154.239.69 - - [16/Apr/2026:00:04:17 +0200] "GET /cinema/films/811/opinions/add/?parent=7094 HTTP/1.1" 200 5768 "-" "Mozilla/5.0 (compatible; MJ12bot/v1.4.8; http://mj12bot.com/)"
74.7.227.21 - - [16/Apr/2026:00:04:18 +0200] "GET /images/b/actions/5161_3.jpg HTTP/1.1" 200 44912 "https://www.afish-ka.ru/cinema/films/5161/" "Mozilla/5.0 AppleWebKit/537.36 (KHTML, like Gecko; compatible; GPTBot/1.3; +https://openai.com/gptbot)"
74.7.227.21 - - [16/Apr/2026:00:04:18 +0200] "GET /images/s/actions/5564_2.jpg HTTP/1.1" 200 4319 "https://www.afish-ka.ru/cinema/films/5564/" "Mozilla/5.0 AppleWebKit/537.36 (KHTML, like Gecko; compatible; GPTBot/1.3; +https://openai.com/gptbot)"
74.7.227.21 - - [16/Apr/2026:00:04:19 +0200] "GET /images/b/actions/2272_3.jpg HTTP/1.1" 200 13716 "https://www.afish-ka.ru/cinema/films/2272/" "Mozilla/5.0 AppleWebKit/537.36 (KHTML, like Gecko; compatible; GPTBot/1.3; +https://openai.com/gptbot)"
94.154.239.69 - - [16/Apr/2026:00:04:19 +0200] "GET /cinema/films/83/opinions/add/?parent=448 HTTP/1.1" 200 5768 "-" "Mozilla/5.0 (compatible; MJ12bot/v1.4.8; http://mj12bot.com/)"
74.7.227.21 - - [16/Apr/2026:00:04:19 +0200] "GET /images/b/actions/5161_4.jpg HTTP/1.1" 200 49461 "https://www.afish-ka.ru/cinema/films/5161/" "Mozilla/5.0 AppleWebKit/537.36 (KHTML, like Gecko; compatible; GPTBot/1.3; +https://openai.com/gptbot)"
74.7.227.21 - - [16/Apr/2026:00:04:20 +0200] "GET /images/s/actions/5161_4.jpg HTTP/1.1" 200 9405 "https://www.afish-ka.ru/cinema/films/5161/" "Mozilla/5.0 AppleWebKit/537.36 (KHTML, like Gecko; compatible; GPTBot/1.3; +https://openai.com/gptbot)"
74.7.227.21 - - [16/Apr/2026:00:04:20 +0200] "GET /images/b/actions/5564_1.jpg HTTP/1.1" 200 31663 "https://www.afish-ka.ru/cinema/films/5564/" "Mozilla/5.0 AppleWebKit/537.36 (KHTML, like Gecko; compatible; GPTBot/1.3; +https://openai.com/gptbot)"
94.154.239.69 - - [16/Apr/2026:00:04:21 +0200] "GET /cinema/films/925/opinions/add/?parent=8633 HTTP/1.1" 200 5763 "-" "Mozilla/5.0 (compatible; MJ12bot/v1.4.8; http://mj12bot.com/)"
74.7.227.21 - - [16/Apr/2026:00:04:21 +0200] "GET /images/b/actions/5161_1.jpg HTTP/1.1" 200 55737 "https://www.afish-ka.ru/cinema/films/5161/" "Mozilla/5.0 AppleWebKit/537.36 (KHTML, like Gecko; compatible; GPTBot/1.3; +https://openai.com/gptbot)"
74.7.227.21 - - [16/Apr/2026:00:04:21 +0200] "GET /images/b/actions/2272_1.jpg HTTP/1.1" 200 15235 "https://www.afish-ka.ru/cinema/films/2272/" "Mozilla/5.0 AppleWebKit/537.36 (KHTML, like Gecko; compatible; GPTBot/1.3; +https://openai.com/gptbot)"
74.7.227.21 - - [16/Apr/2026:00:04:22 +0200] "GET /images/b/actions/2273_4.jpg HTTP/1.1" 200 18610 "https://www.afish-ka.ru/cinema/films/2273/" "Mozilla/5.0 AppleWebKit/537.36 (KHTML, like Gecko; compatible; GPTBot/1.3; +https://openai.com/gptbot)"
74.7.227.21 - - [16/Apr/2026:00:04:23 +0200] "GET /images/b/actions/2273_3.jpg HTTP/1.1" 200 14394 "https://www.afish-ka.ru/cinema/films/2273/" "Mozilla/5.0 AppleWebKit/537.36 (KHTML, like Gecko; compatible; GPTBot/1.3; +https://openai.com/gptbot)"
94.154.239.69 - - [16/Apr/2026:00:04:22 +0200] "GET /cinema/films/929/opinions/add/?parent=8769 HTTP/1.1" 200 5768 "-" "Mozilla/5.0 (compatible; MJ12bot/v1.4.8; http://mj12bot.com/)"
74.7.227.21 - - [16/Apr/2026:00:04:23 +0200] "GET /images/s/actions/2273_5.jpg HTTP/1.1" 200 6276 "https://www.afish-ka.ru/cinema/films/2273/" "Mozilla/5.0 AppleWebKit/537.36 (KHTML, like Gecko; compatible; GPTBot/1.3; +https://openai.com/gptbot)"
74.7.227.21 - - [16/Apr/2026:00:04:24 +0200] "GET /images/b/actions/2273_2.jpg HTTP/1.1" 200 15756 "https://www.afish-ka.ru/cinema/films/2273/" "Mozilla/5.0 AppleWebKit/537.36 (KHTML, like Gecko; compatible; GPTBot/1.3; +https://openai.com/gptbot)"
74.7.227.21 - - [16/Apr/2026:00:04:24 +0200] "GET /images/s/actions/2273_2.jpg HTTP/1.1" 200 5734 "https://www.afish-ka.ru/cinema/films/2273/" "Mozilla/5.0 AppleWebKit/537.36 (KHTML, like Gecko; compatible; GPTBot/1.3; +https://openai.com/gptbot)"
74.7.227.21 - - [16/Apr/2026:00:04:25 +0200] "GET /images/s/actions/5161_5.jpg HTTP/1.1" 200 5475 "https://www.afish-ka.ru/cinema/films/5161/" "Mozilla/5.0 AppleWebKit/537.36 (KHTML, like Gecko; compatible; GPTBot/1.3; +https://openai.com/gptbot)"
94.154.239.69 - - [16/Apr/2026:00:04:24 +0200] "GET /exhibition/actions/1531/opinions/add/?parent=15200 HTTP/1.1" 200 5781 "-" "Mozilla/5.0 (compatible; MJ12bot/v1.4.8; http://mj12bot.com/)"
74.7.227.21 - - [16/Apr/2026:00:04:25 +0200] "GET /images/s/actions/5564_4.jpg HTTP/1.1" 200 5485 "https://www.afish-ka.ru/cinema/films/5564/" "Mozilla/5.0 AppleWebKit/537.36 (KHTML, like Gecko; compatible; GPTBot/1.3; +https://openai.com/gptbot)"
74.7.227.21 - - [16/Apr/2026:00:04:26 +0200] "GET /images/b/actions/2272_2.jpg HTTP/1.1" 200 17437 "https://www.afish-ka.ru/cinema/films/2272/" "Mozilla/5.0 AppleWebKit/537.36 (KHTML, like Gecko; compatible; GPTBot/1.3; +https://openai.com/gptbot)"
74.7.227.21 - - [16/Apr/2026:00:04:26 +0200] "GET /images/s/actions/2272_5.jpg HTTP/1.1" 200 6040 "https://www.afish-ka.ru/cinema/films/2272/" "Mozilla/5.0 AppleWebKit/537.36 (KHTML, like Gecko; compatible; GPTBot/1.3; +https://openai.com/gptbot)"
94.154.239.69 - - [16/Apr/2026:00:04:26 +0200] "GET /exhibition/actions/1531/opinions/add/?parent=15256 HTTP/1.1" 200 5782 "-" "Mozilla/5.0 (compatible; MJ12bot/v1.4.8; http://mj12bot.com/)"
74.7.227.21 - - [16/Apr/2026:00:04:27 +0200] "GET /images/s/actions/2272_2.jpg HTTP/1.1" 200 6240 "https://www.afish-ka.ru/cinema/films/2272/" "Mozilla/5.0 AppleWebKit/537.36 (KHTML, like Gecko; compatible; GPTBot/1.3; +https://openai.com/gptbot)"
74.7.227.21 - - [16/Apr/2026:00:04:27 +0200] "GET /images/s/actions/2272_4.jpg HTTP/1.1" 200 4184 "https://www.afish-ka.ru/cinema/films/2272/" "Mozilla/5.0 AppleWebKit/537.36 (KHTML, like Gecko; compatible; GPTBot/1.3; +https://openai.com/gptbot)"
74.7.227.21 - - [16/Apr/2026:00:04:28 +0200] "GET /images/s/actions/2272_3.jpg HTTP/1.1" 200 4841 "https://www.afish-ka.ru/cinema/films/2272/" "Mozilla/5.0 AppleWebKit/537.36 (KHTML, like Gecko; compatible; GPTBot/1.3; +https://openai.com/gptbot)"
74.7.227.21 - - [16/Apr/2026:00:04:28 +0200] "GET /images/s/actions/5564_5.jpg HTTP/1.1" 200 4687 "https://www.afish-ka.ru/cinema/films/5564/" "Mozilla/5.0 AppleWebKit/537.36 (KHTML, like Gecko; compatible; GPTBot/1.3; +https://openai.com/gptbot)"
94.154.239.69 - - [16/Apr/2026:00:04:28 +0200] "GET /exhibition/actions/1531/opinions/add/?parent=15290 HTTP/1.1" 200 5782 "-" "Mozilla/5.0 (compatible; MJ12bot/v1.4.8; http://mj12bot.com/)"
74.7.227.21 - - [16/Apr/2026:00:04:29 +0200] "GET /images/s/actions/2273_3.jpg HTTP/1.1" 200 5259 "https://www.afish-ka.ru/cinema/films/2273/" "Mozilla/5.0 AppleWebKit/537.36 (KHTML, like Gecko; compatible; GPTBot/1.3; +https://openai.com/gptbot)"
74.7.227.21 - - [16/Apr/2026:00:04:29 +0200] "GET /images/s/posters/5564.jpg HTTP/1.1" 200 13231 "https://www.afish-ka.ru/cinema/films/5564/" "Mozilla/5.0 AppleWebKit/537.36 (KHTML, like Gecko; compatible; GPTBot/1.3; +https://openai.com/gptbot)"
74.7.227.21 - - [16/Apr/2026:00:04:30 +0200] "GET /images/b/posters/5564.jpg HTTP/1.1" 200 72703 "https://www.afish-ka.ru/cinema/films/5564/" "Mozilla/5.0 AppleWebKit/537.36 (KHTML, like Gecko; compatible; GPTBot/1.3; +https://openai.com/gptbot)"
94.154.239.69 - - [16/Apr/2026:00:04:30 +0200] "GET /exhibition/actions/1531/opinions/add/?parent=15294 HTTP/1.1" 200 5781 "-" "Mozilla/5.0 (compatible; MJ12bot/v1.4.8; http://mj12bot.com/)"
176.31.139.21 - - [16/Apr/2026:00:04:30 +0200] "GET /cinema/films/975/ HTTP/1.1" 200 10437 "-" "Mozilla/5.0 (compatible; AhrefsBot/7.0; +http://ahrefs.com/robot/)"
74.7.227.21 - - [16/Apr/2026:00:04:30 +0200] "GET /images/b/posters/2272.jpg HTTP/1.1" 200 43688 "https://www.afish-ka.ru/cinema/films/2272/" "Mozilla/5.0 AppleWebKit/537.36 (KHTML, like Gecko; compatible; GPTBot/1.3; +https://openai.com/gptbot)"
74.7.227.21 - - [16/Apr/2026:00:04:31 +0200] "GET /images/s/posters/2273.jpg HTTP/1.1" 200 9345 "https://www.afish-ka.ru/cinema/films/2273/" "Mozilla/5.0 AppleWebKit/537.36 (KHTML, like Gecko; compatible; GPTBot/1.3; +https://openai.com/gptbot)"
74.7.227.21 - - [16/Apr/2026:00:04:31 +0200] "GET /images/s/posters/2272.jpg HTTP/1.1" 200 7927 "https://www.afish-ka.ru/cinema/films/2272/" "Mozilla/5.0 AppleWebKit/537.36 (KHTML, like Gecko; compatible; GPTBot/1.3; +https://openai.com/gptbot)"
94.154.239.69 - - [16/Apr/2026:00:04:32 +0200] "GET /exhibition/actions/1531/opinions/add/?parent=15405 HTTP/1.1" 200 5782 "-" "Mozilla/5.0 (compatible; MJ12bot/v1.4.8; http://mj12bot.com/)"
74.7.227.21 - - [16/Apr/2026:00:04:32 +0200] "GET /27-04-2009/ HTTP/1.1" 200 7458 "https://www.afish-ka.ru/14-05-2009/" "Mozilla/5.0 AppleWebKit/537.36 (KHTML, like Gecko; compatible; GPTBot/1.3; +https://openai.com/gptbot)"
85.208.96.208 - - [16/Apr/2026:00:04:33 +0200] "GET /cinema/films/5572/opinions/ HTTP/1.1" 200 9304 "-" "Mozilla/5.0 (compatible; SemrushBot/7~bl; +http://www.semrush.com/bot.html)"
74.7.227.21 - - [16/Apr/2026:00:04:33 +0200] "GET /17-05-2009/ HTTP/1.1" 200 7468 "https://www.afish-ka.ru/26-05-2009/" "Mozilla/5.0 AppleWebKit/537.36 (KHTML, like Gecko; compatible; GPTBot/1.3; +https://openai.com/gptbot)"
94.154.239.69 - - [16/Apr/2026:00:04:33 +0200] "GET /info/adv/ HTTP/1.1" 200 6520 "-" "Mozilla/5.0 (compatible; MJ12bot/v1.4.8; http://mj12bot.com/)"
74.7.227.21 - - [16/Apr/2026:00:04:33 +0200] "GET /23-04-2009/ HTTP/1.1" 200 7608 "https://www.afish-ka.ru/28-05-2009/" "Mozilla/5.0 AppleWebKit/537.36 (KHTML, like Gecko; compatible; GPTBot/1.3; +https://openai.com/gptbot)"
74.7.227.21 - - [16/Apr/2026:00:04:34 +0200] "GET /28-04-2009/ HTTP/1.1" 200 7457 "https://www.afish-ka.ru/14-05-2009/" "Mozilla/5.0 AppleWebKit/537.36 (KHTML, like Gecko; compatible; GPTBot/1.3; +https://openai.com/gptbot)"
74.7.227.21 - - [16/Apr/2026:00:04:35 +0200] "GET /15-05-2009/ HTTP/1.1" 200 7405 "https://www.afish-ka.ru/26-05-2009/" "Mozilla/5.0 AppleWebKit/537.36 (KHTML, like Gecko; compatible; GPTBot/1.3; +https://openai.com/gptbot)"
94.154.239.69 - - [16/Apr/2026:00:04:35 +0200] "GET /links.php?n=aeb6bbe5&cb=238476235 HTTP/1.1" 404 411 "-" "Mozilla/5.0 (compatible; MJ12bot/v1.4.8; http://mj12bot.com/)"
74.7.227.21 - - [16/Apr/2026:00:04:35 +0200] "GET /24-05-2009/ HTTP/1.1" 200 6965 "https://www.afish-ka.ru/28-06-2009/" "Mozilla/5.0 AppleWebKit/537.36 (KHTML, like Gecko; compatible; GPTBot/1.3; +https://openai.com/gptbot)"
216.244.66.228 - - [16/Apr/2026:00:04:36 +0200] "GET /cinema/films/4223/opinions/ HTTP/1.1" 200 99272 "-" "Mozilla/5.0 (compatible; DotBot/1.2; +https://opensiteexplorer.org/dotbot; help@moz.com)"
74.7.227.21 - - [16/Apr/2026:00:04:36 +0200] "GET /21-04-2009/ HTTP/1.1" 200 7228 "https://www.afish-ka.ru/26-05-2009/" "Mozilla/5.0 AppleWebKit/537.36 (KHTML, like Gecko; compatible; GPTBot/1.3; +https://openai.com/gptbot)"
94.154.239.69 - - [16/Apr/2026:00:04:37 +0200] "GET /night_club/parties/805/opinions/add/?parent=6877 HTTP/1.1" 200 5786 "-" "Mozilla/5.0 (compatible; MJ12bot/v1.4.8; http://mj12bot.com/)"
74.7.227.21 - - [16/Apr/2026:00:04:36 +0200] "GET /16-05-2009/ HTTP/1.1" 200 7563 "https://www.afish-ka.ru/26-05-2009/" "Mozilla/5.0 AppleWebKit/537.36 (KHTML, like Gecko; compatible; GPTBot/1.3; +https://openai.com/gptbot)"
74.7.227.21 - - [16/Apr/2026:00:04:37 +0200] "GET /12-05-2009/ HTTP/1.1" 200 6921 "https://www.afish-ka.ru/26-05-2009/" "Mozilla/5.0 AppleWebKit/537.36 (KHTML, like Gecko; compatible; GPTBot/1.3; +https://openai.com/gptbot)"
74.7.227.21 - - [16/Apr/2026:00:04:38 +0200] "GET /23-05-2009/ HTTP/1.1" 200 7113 "https://www.afish-ka.ru/26-05-2009/" "Mozilla/5.0 AppleWebKit/537.36 (KHTML, like Gecko; compatible; GPTBot/1.3; +https://openai.com/gptbot)"
74.7.227.21 - - [16/Apr/2026:00:04:38 +0200] "GET /26-04-2009/ HTTP/1.1" 200 7886 "https://www.afish-ka.ru/31-05-2009/" "Mozilla/5.0 AppleWebKit/537.36 (KHTML, like Gecko; compatible; GPTBot/1.3; +https://openai.com/gptbot)"
74.7.227.21 - - [16/Apr/2026:00:04:39 +0200] "GET /25-04-2009/ HTTP/1.1" 200 8319 "https://www.afish-ka.ru/27-04-2009/" "Mozilla/5.0 AppleWebKit/537.36 (KHTML, like Gecko; compatible; GPTBot/1.3; +https://openai.com/gptbot)"
74.7.227.21 - - [16/Apr/2026:00:04:41 +0200] "GET /18-04-2009/ HTTP/1.1" 200 7554 "https://www.afish-ka.ru/27-04-2009/" "Mozilla/5.0 AppleWebKit/537.36 (KHTML, like Gecko; compatible; GPTBot/1.3; +https://openai.com/gptbot)"
74.7.227.21 - - [16/Apr/2026:00:04:41 +0200] "GET /19-04-2009/ HTTP/1.1" 200 7463 "https://www.afish-ka.ru/27-04-2009/" "Mozilla/5.0 AppleWebKit/537.36 (KHTML, like Gecko; compatible; GPTBot/1.3; +https://openai.com/gptbot)"
74.7.227.21 - - [16/Apr/2026:00:04:42 +0200] "GET /12-04-2009/ HTTP/1.1" 200 6921 "https://www.afish-ka.ru/17-05-2009/" "Mozilla/5.0 AppleWebKit/537.36 (KHTML, like Gecko; compatible; GPTBot/1.3; +https://openai.com/gptbot)"
74.7.227.21 - - [16/Apr/2026:00:04:43 +0200] "GET /13-04-2009/ HTTP/1.1" 200 6699 "https://www.afish-ka.ru/27-04-2009/" "Mozilla/5.0 AppleWebKit/537.36 (KHTML, like Gecko; compatible; GPTBot/1.3; +https://openai.com/gptbot)"
74.7.227.21 - - [16/Apr/2026:00:04:43 +0200] "GET /17-04-2009/ HTTP/1.1" 200 7783 "https://www.afish-ka.ru/27-04-2009/" "Mozilla/5.0 AppleWebKit/537.36 (KHTML, like Gecko; compatible; GPTBot/1.3; +https://openai.com/gptbot)"
74.7.227.21 - - [16/Apr/2026:00:04:44 +0200] "GET /24-03-2009/ HTTP/1.1" 200 6823 "https://www.afish-ka.ru/28-04-2009/" "Mozilla/5.0 AppleWebKit/537.36 (KHTML, like Gecko; compatible; GPTBot/1.3; +https://openai.com/gptbot)"
74.7.227.21 - - [16/Apr/2026:00:04:44 +0200] "GET /16-04-2009/ HTTP/1.1" 200 7385 "https://www.afish-ka.ru/27-04-2009/" "Mozilla/5.0 AppleWebKit/537.36 (KHTML, like Gecko; compatible; GPTBot/1.3; +https://openai.com/gptbot)"
74.7.227.21 - - [16/Apr/2026:00:04:45 +0200] "GET /18-05-2009/ HTTP/1.1" 200 7155 "https://www.afish-ka.ru/26-05-2009/" "Mozilla/5.0 AppleWebKit/537.36 (KHTML, like Gecko; compatible; GPTBot/1.3; +https://openai.com/gptbot)"
74.7.227.21 - - [16/Apr/2026:00:04:46 +0200] "GET /10-04-2009/ HTTP/1.1" 200 6695 "https://www.afish-ka.ru/23-04-2009/" "Mozilla/5.0 AppleWebKit/537.36 (KHTML, like Gecko; compatible; GPTBot/1.3; +https://openai.com/gptbot)"
74.7.227.21 - - [16/Apr/2026:00:04:46 +0200] "GET /07-04-2009/ HTTP/1.1" 200 7253 "https://www.afish-ka.ru/23-04-2009/" "Mozilla/5.0 AppleWebKit/537.36 (KHTML, like Gecko; compatible; GPTBot/1.3; +https://openai.com/gptbot)"
85.208.96.197 - - [16/Apr/2026:00:04:46 +0200] "GET /18-10-2016/ HTTP/1.1" 200 13879 "-" "Mozilla/5.0 (compatible; SemrushBot/7~bl; +http://www.semrush.com/bot.html)"
74.7.227.21 - - [16/Apr/2026:00:04:47 +0200] "GET /images/s/actions/692_1.jpg HTTP/1.1" 200 8484 "https://www.afish-ka.ru/25-04-2009/" "Mozilla/5.0 AppleWebKit/537.36 (KHTML, like Gecko; compatible; GPTBot/1.3; +https://openai.com/gptbot)"
74.7.227.21 - - [16/Apr/2026:00:04:47 +0200] "GET /14-03-2009/ HTTP/1.1" 200 7319 "https://www.afish-ka.ru/18-04-2009/" "Mozilla/5.0 AppleWebKit/537.36 (KHTML, like Gecko; compatible; GPTBot/1.3; +https://openai.com/gptbot)"
216.244.66.228 - - [16/Apr/2026:00:04:48 +0200] "GET /27-10-2016/ HTTP/1.1" 200 49469 "-" "Mozilla/5.0 (compatible; DotBot/1.2; +https://opensiteexplorer.org/dotbot; help@moz.com)"
74.7.227.21 - - [16/Apr/2026:00:04:48 +0200] "GET /15-03-2009/ HTTP/1.1" 200 7306 "https://www.afish-ka.ru/19-04-2009/" "Mozilla/5.0 AppleWebKit/537.36 (KHTML, like Gecko; compatible; GPTBot/1.3; +https://openai.com/gptbot)"
74.7.227.21 - - [16/Apr/2026:00:04:48 +0200] "GET /28-03-2009/ HTTP/1.1" 200 7542 "https://www.afish-ka.ru/12-04-2009/" "Mozilla/5.0 AppleWebKit/537.36 (KHTML, like Gecko; compatible; GPTBot/1.3; +https://openai.com/gptbot)"
74.7.227.21 - - [16/Apr/2026:00:04:49 +0200] "GET /25-03-2009/ HTTP/1.1" 200 6823 "https://www.afish-ka.ru/12-04-2009/" "Mozilla/5.0 AppleWebKit/537.36 (KHTML, like Gecko; compatible; GPTBot/1.3; +https://openai.com/gptbot)"
74.7.227.21 - - [16/Apr/2026:00:04:50 +0200] "GET /31-03-2009/ HTTP/1.1" 200 7370 "https://www.afish-ka.ru/18-04-2009/" "Mozilla/5.0 AppleWebKit/537.36 (KHTML, like Gecko; compatible; GPTBot/1.3; +https://openai.com/gptbot)"
74.7.227.21 - - [16/Apr/2026:00:04:50 +0200] "GET /cinema/films/647/opinions/add/ HTTP/1.1" 200 5758 "https://www.afish-ka.ru/24-03-2009/" "Mozilla/5.0 AppleWebKit/537.36 (KHTML, like Gecko; compatible; GPTBot/1.3; +https://openai.com/gptbot)"
74.7.227.21 - - [16/Apr/2026:00:04:51 +0200] "GET /17-02-2009/ HTTP/1.1" 200 8091 "https://www.afish-ka.ru/24-03-2009/" "Mozilla/5.0 AppleWebKit/537.36 (KHTML, like Gecko; compatible; GPTBot/1.3; +https://openai.com/gptbot)"
74.7.227.21 - - [16/Apr/2026:00:04:52 +0200] "GET /18-03-2009/ HTTP/1.1" 200 6933 "https://www.afish-ka.ru/24-03-2009/" "Mozilla/5.0 AppleWebKit/537.36 (KHTML, like Gecko; compatible; GPTBot/1.3; +https://openai.com/gptbot)"
216.244.66.228 - - [16/Apr/2026:00:04:52 +0200] "GET /cinema/films/3908/ HTTP/1.1" 200 26763 "-" "Mozilla/5.0 (compatible; DotBot/1.2; +https://opensiteexplorer.org/dotbot; help@moz.com)"
74.7.227.21 - - [16/Apr/2026:00:04:52 +0200] "GET /16-03-2009/ HTTP/1.1" 200 6939 "https://www.afish-ka.ru/24-03-2009/" "Mozilla/5.0 AppleWebKit/537.36 (KHTML, like Gecko; compatible; GPTBot/1.3; +https://openai.com/gptbot)"
74.7.227.21 - - [16/Apr/2026:00:04:53 +0200] "GET /11-03-2009/ HTTP/1.1" 200 7141 "https://www.afish-ka.ru/24-03-2009/" "Mozilla/5.0 AppleWebKit/537.36 (KHTML, like Gecko; compatible; GPTBot/1.3; +https://openai.com/gptbot)"
74.7.227.21 - - [16/Apr/2026:00:04:54 +0200] "GET /27-03-2009/ HTTP/1.1" 200 7478 "https://www.afish-ka.ru/12-04-2009/" "Mozilla/5.0 AppleWebKit/537.36 (KHTML, like Gecko; compatible; GPTBot/1.3; +https://openai.com/gptbot)"
74.7.227.21 - - [16/Apr/2026:00:04:54 +0200] "GET /12-03-2009/ HTTP/1.1" 200 6948 "https://www.afish-ka.ru/24-03-2009/" "Mozilla/5.0 AppleWebKit/537.36 (KHTML, like Gecko; compatible; GPTBot/1.3; +https://openai.com/gptbot)"
74.7.227.21 - - [16/Apr/2026:00:04:55 +0200] "GET /04-09-2009/ HTTP/1.1" 200 7589 "https://www.afish-ka.ru/13-09-2009/" "Mozilla/5.0 AppleWebKit/537.36 (KHTML, like Gecko; compatible; GPTBot/1.3; +https://openai.com/gptbot)"
74.7.227.21 - - [16/Apr/2026:00:04:56 +0200] "GET /08-05-2009/ HTTP/1.1" 200 6918 "https://www.afish-ka.ru/14-05-2009/" "Mozilla/5.0 AppleWebKit/537.36 (KHTML, like Gecko; compatible; GPTBot/1.3; +https://openai.com/gptbot)"
216.244.66.228 - - [16/Apr/2026:00:04:56 +0200] "GET /images/b/actions/661_3.jpg HTTP/1.1" 200 52030 "-" "Mozilla/5.0 (compatible; DotBot/1.2; +https://opensiteexplorer.org/dotbot; help@moz.com)"
74.7.227.21 - - [16/Apr/2026:00:04:56 +0200] "GET /18-02-2009/ HTTP/1.1" 200 8090 "https://www.afish-ka.ru/25-03-2009/" "Mozilla/5.0 AppleWebKit/537.36 (KHTML, like Gecko; compatible; GPTBot/1.3; +https://openai.com/gptbot)"
92.222.104.213 - - [16/Apr/2026:00:04:57 +0200] "GET /20-02-2026/ HTTP/1.1" 200 9596 "-" "Mozilla/5.0 (compatible; AhrefsBot/7.0; +http://ahrefs.com/robot/)"
85.208.96.210 - - [16/Apr/2026:00:04:57 +0200] "GET /links.php?go=https%3A%2F%2F2bhk-flats-kolkata-within-10-lakhs.blogspot.com%2F2022%2F03%2Fpallonji-joyville-howrah.html HTTP/1.1" 200 5787 "-" "Mozilla/5.0 (compatible; SemrushBot/7~bl; +http://www.semrush.com/bot.html)"
74.7.227.21 - - [16/Apr/2026:00:04:57 +0200] "GET /08-06-2009/ HTTP/1.1" 200 7333 "https://www.afish-ka.ru/13-07-2009/" "Mozilla/5.0 AppleWebKit/537.36 (KHTML, like Gecko; compatible; GPTBot/1.3; +https://openai.com/gptbot)"
74.7.227.21 - - [16/Apr/2026:00:04:58 +0200] "GET /06-09-2009/ HTTP/1.1" 200 7461 "https://www.afish-ka.ru/13-09-2009/" "Mozilla/5.0 AppleWebKit/537.36 (KHTML, like Gecko; compatible; GPTBot/1.3; +https://openai.com/gptbot)"
74.7.227.21 - - [16/Apr/2026:00:04:58 +0200] "GET /13-01-2009/ HTTP/1.1" 200 7287 "https://www.afish-ka.ru/17-02-2009/" "Mozilla/5.0 AppleWebKit/537.36 (KHTML, like Gecko; compatible; GPTBot/1.3; +https://openai.com/gptbot)"
74.7.227.21 - - [16/Apr/2026:00:04:59 +0200] "GET /13-02-2009/ HTTP/1.1" 200 8389 "https://www.afish-ka.ru/17-02-2009/" "Mozilla/5.0 AppleWebKit/537.36 (KHTML, like Gecko; compatible; GPTBot/1.3; +https://openai.com/gptbot)"
74.7.227.21 - - [16/Apr/2026:00:05:00 +0200] "GET /15-02-2009/ HTTP/1.1" 200 8450 "https://www.afish-ka.ru/17-02-2009/" "Mozilla/5.0 AppleWebKit/537.36 (KHTML, like Gecko; compatible; GPTBot/1.3; +https://openai.com/gptbot)"
85.208.96.208 - - [16/Apr/2026:00:05:00 +0200] "GET /cinema/films/3922/opinions/add/?parent=35624 HTTP/1.1" 200 9511 "-" "Mozilla/5.0 (compatible; SemrushBot/7~bl; +http://www.semrush.com/bot.html)"
74.7.227.21 - - [16/Apr/2026:00:05:00 +0200] "GET /cinema/films/639/opinions/add/ HTTP/1.1" 200 5780 "https://www.afish-ka.ru/11-03-2009/" "Mozilla/5.0 AppleWebKit/537.36 (KHTML, like Gecko; compatible; GPTBot/1.3; +https://openai.com/gptbot)"
74.7.227.21 - - [16/Apr/2026:00:05:01 +0200] "GET /16-02-2009/ HTTP/1.1" 200 8092 "https://www.afish-ka.ru/17-02-2009/" "Mozilla/5.0 AppleWebKit/537.36 (KHTML, like Gecko; compatible; GPTBot/1.3; +https://openai.com/gptbot)"
74.7.227.21 - - [16/Apr/2026:00:05:01 +0200] "GET /03-02-2009/ HTTP/1.1" 200 6916 "https://www.afish-ka.ru/17-02-2009/" "Mozilla/5.0 AppleWebKit/537.36 (KHTML, like Gecko; compatible; GPTBot/1.3; +https://openai.com/gptbot)"
185.191.171.13 - - [16/Apr/2026:00:05:02 +0200] "GET /night_club/parties/181/ HTTP/1.1" 200 9582 "-" "Mozilla/5.0 (compatible; SemrushBot/7~bl; +http://www.semrush.com/bot.html)"
74.7.227.21 - - [16/Apr/2026:00:05:02 +0200] "GET /11-02-2009/ HTTP/1.1" 200 7784 "https://www.afish-ka.ru/17-02-2009/" "Mozilla/5.0 AppleWebKit/537.36 (KHTML, like Gecko; compatible; GPTBot/1.3; +https://openai.com/gptbot)"
74.7.227.21 - - [16/Apr/2026:00:05:03 +0200] "GET /10-02-2009/ HTTP/1.1" 200 7787 "https://www.afish-ka.ru/17-02-2009/" "Mozilla/5.0 AppleWebKit/537.36 (KHTML, like Gecko; compatible; GPTBot/1.3; +https://openai.com/gptbot)"
74.7.227.21 - - [16/Apr/2026:00:05:03 +0200] "GET /09-12-2009/ HTTP/1.1" 200 8482 "https://www.afish-ka.ru/27-12-2009/" "Mozilla/5.0 AppleWebKit/537.36 (KHTML, like Gecko; compatible; GPTBot/1.3; +https://openai.com/gptbot)"
85.208.96.208 - - [16/Apr/2026:00:05:04 +0200] "GET /links.php?go=https%3A%2F%2Fjoe-m02.blogspot.com%2F2023%2F03%2Fhugosplay.html HTTP/1.1" 200 5788 "-" "Mozilla/5.0 (compatible; SemrushBot/7~bl; +http://www.semrush.com/bot.html)"
74.7.227.21 - - [16/Apr/2026:00:05:04 +0200] "GET /27-07-2009/ HTTP/1.1" 200 6978 "https://www.afish-ka.ru/31-08-2009/" "Mozilla/5.0 AppleWebKit/537.36 (KHTML, like Gecko; compatible; GPTBot/1.3; +https://openai.com/gptbot)"
216.244.66.228 - - [16/Apr/2026:00:05:05 +0200] "GET /05-07-2016/ HTTP/1.1" 200 61295 "-" "Mozilla/5.0 (compatible; DotBot/1.2; +https://opensiteexplorer.org/dotbot; help@moz.com)"
74.7.227.21 - - [16/Apr/2026:00:05:05 +0200] "GET /07-10-2009/ HTTP/1.1" 200 8168 "https://www.afish-ka.ru/17-10-2009/" "Mozilla/5.0 AppleWebKit/537.36 (KHTML, like Gecko; compatible; GPTBot/1.3; +https://openai.com/gptbot)"
74.7.227.21 - - [16/Apr/2026:00:05:05 +0200] "GET /16-01-2009/ HTTP/1.1" 200 7384 "https://www.afish-ka.ru/13-01-2009/" "Mozilla/5.0 AppleWebKit/537.36 (KHTML, like Gecko; compatible; GPTBot/1.3; +https://openai.com/gptbot)"
74.7.227.21 - - [16/Apr/2026:00:05:06 +0200] "GET /night_club/parties/623/opinions/add/ HTTP/1.1" 200 5786 "https://www.afish-ka.ru/13-02-2009/" "Mozilla/5.0 AppleWebKit/537.36 (KHTML, like Gecko; compatible; GPTBot/1.3; +https://openai.com/gptbot)"
74.7.227.21 - - [16/Apr/2026:00:05:07 +0200] "GET /31-01-2009/ HTTP/1.1" 200 7226 "https://www.afish-ka.ru/13-01-2009/" "Mozilla/5.0 AppleWebKit/537.36 (KHTML, like Gecko; compatible; GPTBot/1.3; +https://openai.com/gptbot)"
74.7.227.21 - - [16/Apr/2026:00:05:08 +0200] "GET /30-12-2008/ HTTP/1.1" 200 7426 "https://www.afish-ka.ru/13-01-2009/" "Mozilla/5.0 AppleWebKit/537.36 (KHTML, like Gecko; compatible; GPTBot/1.3; +https://openai.com/gptbot)"
74.7.227.21 - - [16/Apr/2026:00:05:08 +0200] "GET /15-01-2009/ HTTP/1.1" 200 7542 "https://www.afish-ka.ru/13-01-2009/" "Mozilla/5.0 AppleWebKit/537.36 (KHTML, like Gecko; compatible; GPTBot/1.3; +https://openai.com/gptbot)"
74.7.227.21 - - [16/Apr/2026:00:05:09 +0200] "GET /26-01-2009/ HTTP/1.1" 200 6906 "https://www.afish-ka.ru/13-01-2009/" "Mozilla/5.0 AppleWebKit/537.36 (KHTML, like Gecko; compatible; GPTBot/1.3; +https://openai.com/gptbot)"
74.7.227.21 - - [16/Apr/2026:00:05:09 +0200] "GET /09-12-2008/ HTTP/1.1" 200 6849 "https://www.afish-ka.ru/13-01-2009/" "Mozilla/5.0 AppleWebKit/537.36 (KHTML, like Gecko; compatible; GPTBot/1.3; +https://openai.com/gptbot)"
74.7.227.21 - - [16/Apr/2026:00:05:10 +0200] "GET /24-01-2009/ HTTP/1.1" 200 7623 "https://www.afish-ka.ru/13-01-2009/" "Mozilla/5.0 AppleWebKit/537.36 (KHTML, like Gecko; compatible; GPTBot/1.3; +https://openai.com/gptbot)"
74.7.227.21 - - [16/Apr/2026:00:05:11 +0200] "GET /29-01-2009/ HTTP/1.1" 200 6945 "https://www.afish-ka.ru/13-01-2009/" "Mozilla/5.0 AppleWebKit/537.36 (KHTML, like Gecko; compatible; GPTBot/1.3; +https://openai.com/gptbot)"
