74.7.227.21 - - [16/Apr/2026:00:12:47 +0200] "GET /04-06-2022/ HTTP/1.1" 200 6983 "https://www.afish-ka.ru/13-06-2022/" "Mozilla/5.0 AppleWebKit/537.36 (KHTML, like Gecko; compatible; GPTBot/1.3; +https://openai.com/gptbot)"
74.7.227.21 - - [16/Apr/2026:00:12:49 +0200] "GET /10-12-2012/ HTTP/1.1" 200 9194 "https://www.afish-ka.ru/14-01-2013/" "Mozilla/5.0 AppleWebKit/537.36 (KHTML, like Gecko; compatible; GPTBot/1.3; +https://openai.com/gptbot)"
74.7.227.21 - - [16/Apr/2026:00:12:50 +0200] "GET /30-07-2009/ HTTP/1.1" 200 7617 "https://www.afish-ka.ru/12-08-2009/" "Mozilla/5.0 AppleWebKit/537.36 (KHTML, like Gecko; compatible; GPTBot/1.3; +https://openai.com/gptbot)"
74.7.227.21 - - [16/Apr/2026:00:12:51 +0200] "GET /20-05-2007/ HTTP/1.1" 200 7188 "https://www.afish-ka.ru/21-05-2007/" "Mozilla/5.0 AppleWebKit/537.36 (KHTML, like Gecko; compatible; GPTBot/1.3; +https://openai.com/gptbot)"
74.7.227.21 - - [16/Apr/2026:00:12:51 +0200] "GET /17-07-2012/ HTTP/1.1" 200 7802 "https://www.afish-ka.ru/06-07-2012/" "Mozilla/5.0 AppleWebKit/537.36 (KHTML, like Gecko; compatible; GPTBot/1.3; +https://openai.com/gptbot)"
74.7.227.21 - - [16/Apr/2026:00:12:52 +0200] "GET /02-11-2010/ HTTP/1.1" 200 8432 "https://www.afish-ka.ru/28-09-2010/" "Mozilla/5.0 AppleWebKit/537.36 (KHTML, like Gecko; compatible; GPTBot/1.3; +https://openai.com/gptbot)"
74.7.227.21 - - [16/Apr/2026:00:12:53 +0200] "GET /05-01-2007/ HTTP/1.1" 200 6163 "https://www.afish-ka.ru/09-02-2007/" "Mozilla/5.0 AppleWebKit/537.36 (KHTML, like Gecko; compatible; GPTBot/1.3; +https://openai.com/gptbot)"
74.7.227.21 - - [16/Apr/2026:00:12:53 +0200] "GET /16-11-2015/ HTTP/1.1" 200 10423 "https://www.afish-ka.ru/23-11-2015/" "Mozilla/5.0 AppleWebKit/537.36 (KHTML, like Gecko; compatible; GPTBot/1.3; +https://openai.com/gptbot)"
74.7.227.21 - - [16/Apr/2026:00:12:54 +0200] "GET /images/b/actions/4606_1.jpg HTTP/1.1" 200 38578 "https://www.afish-ka.ru/cinema/films/4606/" "Mozilla/5.0 AppleWebKit/537.36 (KHTML, like Gecko; compatible; GPTBot/1.3; +https://openai.com/gptbot)"
74.7.227.21 - - [16/Apr/2026:00:12:55 +0200] "GET /20-05-2010/ HTTP/1.1" 200 8832 "https://www.afish-ka.ru/05-06-2010/" "Mozilla/5.0 AppleWebKit/537.36 (KHTML, like Gecko; compatible; GPTBot/1.3; +https://openai.com/gptbot)"
74.7.227.21 - - [16/Apr/2026:00:12:55 +0200] "GET /30-03-2007/ HTTP/1.1" 200 6423 "https://www.afish-ka.ru/11-04-2007/" "Mozilla/5.0 AppleWebKit/537.36 (KHTML, like Gecko; compatible; GPTBot/1.3; +https://openai.com/gptbot)"
74.7.227.21 - - [16/Apr/2026:00:12:56 +0200] "GET /cinema/films/6250/ HTTP/1.1" 200 5873 "https://www.afish-ka.ru/04-06-2022/" "Mozilla/5.0 AppleWebKit/537.36 (KHTML, like Gecko; compatible; GPTBot/1.3; +https://openai.com/gptbot)"
85.208.96.210 - - [16/Apr/2026:00:12:56 +0200] "GET /links.php?go=https%3A%2F%2F1xbet-info-in.com%2F HTTP/1.1" 200 9609 "-" "Mozilla/5.0 (compatible; SemrushBot/7~bl; +http://www.semrush.com/bot.html)"
74.7.227.21 - - [16/Apr/2026:00:12:56 +0200] "GET /08-01-2008/ HTTP/1.1" 200 7173 "https://www.afish-ka.ru/14-01-2008/" "Mozilla/5.0 AppleWebKit/537.36 (KHTML, like Gecko; compatible; GPTBot/1.3; +https://openai.com/gptbot)"
74.7.227.21 - - [16/Apr/2026:00:12:57 +0200] "GET /12-09-2009/ HTTP/1.1" 200 7975 "https://www.afish-ka.ru/17-10-2009/" "Mozilla/5.0 AppleWebKit/537.36 (KHTML, like Gecko; compatible; GPTBot/1.3; +https://openai.com/gptbot)"
74.7.227.21 - - [16/Apr/2026:00:12:58 +0200] "GET /07-12-2017/ HTTP/1.1" 200 12503 "https://www.afish-ka.ru/09-12-2017/" "Mozilla/5.0 AppleWebKit/537.36 (KHTML, like Gecko; compatible; GPTBot/1.3; +https://openai.com/gptbot)"
74.7.227.21 - - [16/Apr/2026:00:12:58 +0200] "GET /20-06-2016/ HTTP/1.1" 200 9743 "https://www.afish-ka.ru/03-07-2016/" "Mozilla/5.0 AppleWebKit/537.36 (KHTML, like Gecko; compatible; GPTBot/1.3; +https://openai.com/gptbot)"
74.7.227.21 - - [16/Apr/2026:00:12:59 +0200] "GET /29-09-2019/ HTTP/1.1" 200 9468 "https://www.afish-ka.ru/14-09-2019/" "Mozilla/5.0 AppleWebKit/537.36 (KHTML, like Gecko; compatible; GPTBot/1.3; +https://openai.com/gptbot)"
85.208.96.211 - - [16/Apr/2026:00:13:00 +0200] "GET /cinema/films/5011/opinions/add/ HTTP/1.1" 200 9529 "-" "Mozilla/5.0 (compatible; SemrushBot/7~bl; +http://www.semrush.com/bot.html)"
74.7.227.21 - - [16/Apr/2026:00:13:00 +0200] "GET /05-09-2009/ HTTP/1.1" 200 7459 "https://www.afish-ka.ru/13-09-2009/" "Mozilla/5.0 AppleWebKit/537.36 (KHTML, like Gecko; compatible; GPTBot/1.3; +https://openai.com/gptbot)"
74.7.227.21 - - [16/Apr/2026:00:13:00 +0200] "GET /images/s/actions/3642_1.jpg HTTP/1.1" 200 8570 "https://www.afish-ka.ru/16-11-2015/" "Mozilla/5.0 AppleWebKit/537.36 (KHTML, like Gecko; compatible; GPTBot/1.3; +https://openai.com/gptbot)"
74.7.227.21 - - [16/Apr/2026:00:13:01 +0200] "GET /05-01-2009/ HTTP/1.1" 200 7621 "https://www.afish-ka.ru/13-01-2009/" "Mozilla/5.0 AppleWebKit/537.36 (KHTML, like Gecko; compatible; GPTBot/1.3; +https://openai.com/gptbot)"
74.7.227.21 - - [16/Apr/2026:00:13:01 +0200] "GET /05-01-2012/ HTTP/1.1" 200 9586 "https://www.afish-ka.ru/cinema/films/1801/" "Mozilla/5.0 AppleWebKit/537.36 (KHTML, like Gecko; compatible; GPTBot/1.3; +https://openai.com/gptbot)"
74.7.227.21 - - [16/Apr/2026:00:13:02 +0200] "GET /09-08-2006/ HTTP/1.1" 200 6498 "https://www.afish-ka.ru/13-09-2006/" "Mozilla/5.0 AppleWebKit/537.36 (KHTML, like Gecko; compatible; GPTBot/1.3; +https://openai.com/gptbot)"
74.7.227.21 - - [16/Apr/2026:00:13:03 +0200] "GET /10-12-2009/ HTTP/1.1" 200 7636 "https://www.afish-ka.ru/27-12-2009/" "Mozilla/5.0 AppleWebKit/537.36 (KHTML, like Gecko; compatible; GPTBot/1.3; +https://openai.com/gptbot)"
74.7.227.21 - - [16/Apr/2026:00:13:03 +0200] "GET /28-06-2008/ HTTP/1.1" 200 6975 "https://www.afish-ka.ru/13-07-2008/" "Mozilla/5.0 AppleWebKit/537.36 (KHTML, like Gecko; compatible; GPTBot/1.3; +https://openai.com/gptbot)"
116.179.32.148 - - [16/Apr/2026:00:13:04 +0200] "GET /images/s/actions/3137_1.jpg HTTP/1.1" 200 9976 "-" "Baiduspider-image+(+http://www.baidu.com/search/spider.htm)"
74.7.227.21 - - [16/Apr/2026:00:13:04 +0200] "GET /26-05-2022/ HTTP/1.1" 200 7746 "https://www.afish-ka.ru/31-05-2022/" "Mozilla/5.0 AppleWebKit/537.36 (KHTML, like Gecko; compatible; GPTBot/1.3; +https://openai.com/gptbot)"
74.7.227.21 - - [16/Apr/2026:00:13:05 +0200] "GET /24-11-2012/ HTTP/1.1" 200 9119 "https://www.afish-ka.ru/08-12-2012/" "Mozilla/5.0 AppleWebKit/537.36 (KHTML, like Gecko; compatible; GPTBot/1.3; +https://openai.com/gptbot)"
74.7.227.21 - - [16/Apr/2026:00:13:06 +0200] "GET /13-03-2013/ HTTP/1.1" 200 9479 "https://www.afish-ka.ru/17-04-2013/" "Mozilla/5.0 AppleWebKit/537.36 (KHTML, like Gecko; compatible; GPTBot/1.3; +https://openai.com/gptbot)"
74.7.227.21 - - [16/Apr/2026:00:13:07 +0200] "GET /01-05-2011/ HTTP/1.1" 200 8785 "https://www.afish-ka.ru/17-04-2011/" "Mozilla/5.0 AppleWebKit/537.36 (KHTML, like Gecko; compatible; GPTBot/1.3; +https://openai.com/gptbot)"
74.7.227.21 - - [16/Apr/2026:00:13:08 +0200] "GET /06-09-2007/ HTTP/1.1" 200 6791 "https://www.afish-ka.ru/19-09-2007/" "Mozilla/5.0 AppleWebKit/537.36 (KHTML, like Gecko; compatible; GPTBot/1.3; +https://openai.com/gptbot)"
49.233.0.87 - - [16/Apr/2026:00:13:08 +0200] "GET /exhibition/actions/2384/exhibition/actions/2384/opinions/ HTTP/1.1" 200 11514 "-" "Mozilla/5.0 (Macintosh; Intel Mac OS X 10_15_7) AppleWebKit/537.36 (KHTML, like Gecko) Chrome/142.0.0.0 Safari/537.36"
74.7.227.21 - - [16/Apr/2026:00:13:08 +0200] "GET /28-01-2010/ HTTP/1.1" 200 10898 "https://www.afish-ka.ru/14-02-2010/" "Mozilla/5.0 AppleWebKit/537.36 (KHTML, like Gecko; compatible; GPTBot/1.3; +https://openai.com/gptbot)"
74.7.227.21 - - [16/Apr/2026:00:13:09 +0200] "GET /20-12-2005/ HTTP/1.1" 404 413 "https://www.afish-ka.ru/24-01-2006/" "Mozilla/5.0 AppleWebKit/537.36 (KHTML, like Gecko; compatible; GPTBot/1.3; +https://openai.com/gptbot)"
94.23.188.206 - - [16/Apr/2026:00:13:10 +0200] "GET /cinema/films/3778/opinions/add/ HTTP/1.1" 200 9549 "-" "Mozilla/5.0 (compatible; AhrefsBot/7.0; +http://ahrefs.com/robot/)"
114.119.146.120 - - [16/Apr/2026:00:13:10 +0200] "GET /cinema/films/1061 HTTP/1.1" 200 10510 "https://www.afish-ka.ru/cinema/films/1061/opinions/add" "Mozilla/5.0 (Linux; Android 7.0;) AppleWebKit/537.36 (KHTML, like Gecko) Mobile Safari/537.36 (compatible; PetalBot;+https://webmaster.petalsearch.com/site/petalbot)"
74.7.227.21 - - [16/Apr/2026:00:13:10 +0200] "GET /02-07-2009/ HTTP/1.1" 200 10280 "https://www.afish-ka.ru/15-07-2009/" "Mozilla/5.0 AppleWebKit/537.36 (KHTML, like Gecko; compatible; GPTBot/1.3; +https://openai.com/gptbot)"
74.7.227.21 - - [16/Apr/2026:00:13:11 +0200] "GET /12-02-2011/ HTTP/1.1" 200 9623 "https://www.afish-ka.ru/14-02-2011/" "Mozilla/5.0 AppleWebKit/537.36 (KHTML, like Gecko; compatible; GPTBot/1.3; +https://openai.com/gptbot)"
74.7.227.21 - - [16/Apr/2026:00:13:11 +0200] "GET /09-10-2006/ HTTP/1.1" 200 6349 "https://www.afish-ka.ru/19-10-2006/" "Mozilla/5.0 AppleWebKit/537.36 (KHTML, like Gecko; compatible; GPTBot/1.3; +https://openai.com/gptbot)"
74.7.227.21 - - [16/Apr/2026:00:13:12 +0200] "GET /26-06-2011/ HTTP/1.1" 200 8753 "https://www.afish-ka.ru/07-06-2011/" "Mozilla/5.0 AppleWebKit/537.36 (KHTML, like Gecko; compatible; GPTBot/1.3; +https://openai.com/gptbot)"
74.7.227.21 - - [16/Apr/2026:00:13:13 +0200] "GET /07-09-2010/ HTTP/1.1" 200 8443 "https://www.afish-ka.ru/26-08-2010/" "Mozilla/5.0 AppleWebKit/537.36 (KHTML, like Gecko; compatible; GPTBot/1.3; +https://openai.com/gptbot)"
74.7.227.21 - - [16/Apr/2026:00:13:13 +0200] "GET /images/s/actions/2384_1.jpg HTTP/1.1" 200 7169 "https://www.afish-ka.ru/24-11-2012/" "Mozilla/5.0 AppleWebKit/537.36 (KHTML, like Gecko; compatible; GPTBot/1.3; +https://openai.com/gptbot)"
74.7.227.21 - - [16/Apr/2026:00:13:14 +0200] "GET /images/s/actions/2392_1.jpg HTTP/1.1" 200 5492 "https://www.afish-ka.ru/24-11-2012/" "Mozilla/5.0 AppleWebKit/537.36 (KHTML, like Gecko; compatible; GPTBot/1.3; +https://openai.com/gptbot)"
74.7.227.21 - - [16/Apr/2026:00:13:14 +0200] "GET /images/s/actions/2360_1.jpg HTTP/1.1" 200 5417 "https://www.afish-ka.ru/24-11-2012/" "Mozilla/5.0 AppleWebKit/537.36 (KHTML, like Gecko; compatible; GPTBot/1.3; +https://openai.com/gptbot)"
74.7.227.21 - - [16/Apr/2026:00:13:15 +0200] "GET /cinema/films/1568/ HTTP/1.1" 200 6908 "https://www.afish-ka.ru/01-05-2011/" "Mozilla/5.0 AppleWebKit/537.36 (KHTML, like Gecko; compatible; GPTBot/1.3; +https://openai.com/gptbot)"
47.128.117.67 - - [16/Apr/2026:00:13:15 +0200] "GET /05-04-2024/ HTTP/1.1" 200 9662 "-" "Mozilla/5.0 (Linux; Android 5.0) AppleWebKit/537.36 (KHTML, like Gecko) Mobile Safari/537.36 (compatible; TikTokSpider; ttspider-feedback@tiktok.com)"
74.7.227.21 - - [16/Apr/2026:00:13:16 +0200] "GET /07-08-2010/ HTTP/1.1" 200 8783 "https://www.afish-ka.ru/19-08-2010/" "Mozilla/5.0 AppleWebKit/537.36 (KHTML, like Gecko; compatible; GPTBot/1.3; +https://openai.com/gptbot)"
74.7.227.21 - - [16/Apr/2026:00:13:17 +0200] "GET /14-10-2011/ HTTP/1.1" 200 8428 "https://www.afish-ka.ru/27-09-2011/" "Mozilla/5.0 AppleWebKit/537.36 (KHTML, like Gecko; compatible; GPTBot/1.3; +https://openai.com/gptbot)"
74.7.227.21 - - [16/Apr/2026:00:13:17 +0200] "GET /22-09-2011/ HTTP/1.1" 200 8242 "https://www.afish-ka.ru/15-09-2011/" "Mozilla/5.0 AppleWebKit/537.36 (KHTML, like Gecko; compatible; GPTBot/1.3; +https://openai.com/gptbot)"
74.7.227.21 - - [16/Apr/2026:00:13:18 +0200] "GET /03-05-2010/ HTTP/1.1" 200 8685 "https://www.afish-ka.ru/17-05-2010/" "Mozilla/5.0 AppleWebKit/537.36 (KHTML, like Gecko; compatible; GPTBot/1.3; +https://openai.com/gptbot)"
74.7.227.21 - - [16/Apr/2026:00:13:19 +0200] "GET /12-10-2016/ HTTP/1.1" 200 9612 "https://www.afish-ka.ru/24-10-2016/" "Mozilla/5.0 AppleWebKit/537.36 (KHTML, like Gecko; compatible; GPTBot/1.3; +https://openai.com/gptbot)"
74.7.227.21 - - [16/Apr/2026:00:13:19 +0200] "GET /17-11-2010/ HTTP/1.1" 200 8391 "https://www.afish-ka.ru/cinema/films/1127/" "Mozilla/5.0 AppleWebKit/537.36 (KHTML, like Gecko; compatible; GPTBot/1.3; +https://openai.com/gptbot)"
74.7.227.21 - - [16/Apr/2026:00:13:20 +0200] "GET /22-10-2010/ HTTP/1.1" 200 9010 "https://www.afish-ka.ru/17-09-2010/" "Mozilla/5.0 AppleWebKit/537.36 (KHTML, like Gecko; compatible; GPTBot/1.3; +https://openai.com/gptbot)"
74.7.227.21 - - [16/Apr/2026:00:13:20 +0200] "GET /images/s/actions/1106_1.jpg HTTP/1.1" 200 8554 "https://www.afish-ka.ru/07-09-2010/" "Mozilla/5.0 AppleWebKit/537.36 (KHTML, like Gecko; compatible; GPTBot/1.3; +https://openai.com/gptbot)"
74.7.227.21 - - [16/Apr/2026:00:13:21 +0200] "GET /cinema/films/1106/ HTTP/1.1" 200 7175 "https://www.afish-ka.ru/07-09-2010/" "Mozilla/5.0 AppleWebKit/537.36 (KHTML, like Gecko; compatible; GPTBot/1.3; +https://openai.com/gptbot)"
74.7.227.21 - - [16/Apr/2026:00:13:22 +0200] "GET /18-12-2010/ HTTP/1.1" 200 8711 "https://www.afish-ka.ru/22-01-2011/" "Mozilla/5.0 AppleWebKit/537.36 (KHTML, like Gecko; compatible; GPTBot/1.3; +https://openai.com/gptbot)"
74.7.227.21 - - [16/Apr/2026:00:13:22 +0200] "GET /06-07-2010/ HTTP/1.1" 200 8187 "https://www.afish-ka.ru/19-07-2010/" "Mozilla/5.0 AppleWebKit/537.36 (KHTML, like Gecko; compatible; GPTBot/1.3; +https://openai.com/gptbot)"
74.7.227.21 - - [16/Apr/2026:00:13:23 +0200] "GET /17-12-2007/ HTTP/1.1" 200 7586 "https://www.afish-ka.ru/25-12-2007/" "Mozilla/5.0 AppleWebKit/537.36 (KHTML, like Gecko; compatible; GPTBot/1.3; +https://openai.com/gptbot)"
85.208.96.209 - - [16/Apr/2026:00:13:23 +0200] "GET /concert_hall/actions/508/ HTTP/1.1" 200 10157 "-" "Mozilla/5.0 (compatible; SemrushBot/7~bl; +http://www.semrush.com/bot.html)"
74.7.227.21 - - [16/Apr/2026:00:13:24 +0200] "GET /images/s/actions/1728_1.jpg HTTP/1.1" 200 8115 "https://www.afish-ka.ru/14-10-2011/" "Mozilla/5.0 AppleWebKit/537.36 (KHTML, like Gecko; compatible; GPTBot/1.3; +https://openai.com/gptbot)"
74.7.227.21 - - [16/Apr/2026:00:13:24 +0200] "GET /cinema/films/1661/ HTTP/1.1" 200 6881 "https://www.afish-ka.ru/14-10-2011/" "Mozilla/5.0 AppleWebKit/537.36 (KHTML, like Gecko; compatible; GPTBot/1.3; +https://openai.com/gptbot)"
74.7.227.21 - - [16/Apr/2026:00:13:25 +0200] "GET /22-11-2017/ HTTP/1.1" 200 11903 "https://www.afish-ka.ru/09-12-2017/" "Mozilla/5.0 AppleWebKit/537.36 (KHTML, like Gecko; compatible; GPTBot/1.3; +https://openai.com/gptbot)"
74.7.227.21 - - [16/Apr/2026:00:13:25 +0200] "GET /01-06-2009/ HTTP/1.1" 200 6979 "https://www.afish-ka.ru/11-06-2009/" "Mozilla/5.0 AppleWebKit/537.36 (KHTML, like Gecko; compatible; GPTBot/1.3; +https://openai.com/gptbot)"
185.191.171.1 - - [16/Apr/2026:00:13:26 +0200] "GET /cinema/films/989/opinions/add/?parent=9410 HTTP/1.1" 200 9528 "-" "Mozilla/5.0 (compatible; SemrushBot/7~bl; +http://www.semrush.com/bot.html)"
74.7.227.21 - - [16/Apr/2026:00:13:26 +0200] "GET /02-11-2012/ HTTP/1.1" 200 8722 "https://www.afish-ka.ru/28-09-2012/" "Mozilla/5.0 AppleWebKit/537.36 (KHTML, like Gecko; compatible; GPTBot/1.3; +https://openai.com/gptbot)"
74.7.227.21 - - [16/Apr/2026:00:13:27 +0200] "GET /06-03-2008/ HTTP/1.1" 200 7738 "https://www.afish-ka.ru/14-03-2008/" "Mozilla/5.0 AppleWebKit/537.36 (KHTML, like Gecko; compatible; GPTBot/1.3; +https://openai.com/gptbot)"
74.7.227.21 - - [16/Apr/2026:00:13:28 +0200] "GET /01-02-2011/ HTTP/1.1" 200 8312 "https://www.afish-ka.ru/14-02-2011/" "Mozilla/5.0 AppleWebKit/537.36 (KHTML, like Gecko; compatible; GPTBot/1.3; +https://openai.com/gptbot)"
74.7.227.21 - - [16/Apr/2026:00:13:28 +0200] "GET /images/b/actions/1106_1.jpg HTTP/1.1" 200 79919 "https://www.afish-ka.ru/cinema/films/1106/" "Mozilla/5.0 AppleWebKit/537.36 (KHTML, like Gecko; compatible; GPTBot/1.3; +https://openai.com/gptbot)"
74.7.227.21 - - [16/Apr/2026:00:13:29 +0200] "GET /18-11-2010/ HTTP/1.1" 200 8309 "https://www.afish-ka.ru/04-11-2010/" "Mozilla/5.0 AppleWebKit/537.36 (KHTML, like Gecko; compatible; GPTBot/1.3; +https://openai.com/gptbot)"
74.7.227.21 - - [16/Apr/2026:00:13:29 +0200] "GET /theater/actions/1031/ HTTP/1.1" 200 6633 "https://www.afish-ka.ru/06-07-2010/" "Mozilla/5.0 AppleWebKit/537.36 (KHTML, like Gecko; compatible; GPTBot/1.3; +https://openai.com/gptbot)"
74.7.227.21 - - [16/Apr/2026:00:13:30 +0200] "GET /18-11-2015/ HTTP/1.1" 200 10399 "https://www.afish-ka.ru/23-12-2015/" "Mozilla/5.0 AppleWebKit/537.36 (KHTML, like Gecko; compatible; GPTBot/1.3; +https://openai.com/gptbot)"
74.7.227.21 - - [16/Apr/2026:00:13:31 +0200] "GET /30-03-2011/ HTTP/1.1" 200 8893 "https://www.afish-ka.ru/16-03-2011/" "Mozilla/5.0 AppleWebKit/537.36 (KHTML, like Gecko; compatible; GPTBot/1.3; +https://openai.com/gptbot)"
74.7.227.21 - - [16/Apr/2026:00:13:31 +0200] "GET /images/b/actions/1661_4.jpg HTTP/1.1" 200 17990 "https://www.afish-ka.ru/cinema/films/1661/" "Mozilla/5.0 AppleWebKit/537.36 (KHTML, like Gecko; compatible; GPTBot/1.3; +https://openai.com/gptbot)"
74.7.227.21 - - [16/Apr/2026:00:13:32 +0200] "GET /images/b/actions/1661_5.jpg HTTP/1.1" 200 15927 "https://www.afish-ka.ru/cinema/films/1661/" "Mozilla/5.0 AppleWebKit/537.36 (KHTML, like Gecko; compatible; GPTBot/1.3; +https://openai.com/gptbot)"
74.7.227.21 - - [16/Apr/2026:00:13:32 +0200] "GET /images/b/actions/1661_2.jpg HTTP/1.1" 200 13745 "https://www.afish-ka.ru/cinema/films/1661/" "Mozilla/5.0 AppleWebKit/537.36 (KHTML, like Gecko; compatible; GPTBot/1.3; +https://openai.com/gptbot)"
74.7.227.21 - - [16/Apr/2026:00:13:33 +0200] "GET /images/b/actions/1661_3.jpg HTTP/1.1" 200 16465 "https://www.afish-ka.ru/cinema/films/1661/" "Mozilla/5.0 AppleWebKit/537.36 (KHTML, like Gecko; compatible; GPTBot/1.3; +https://openai.com/gptbot)"
74.7.227.21 - - [16/Apr/2026:00:13:33 +0200] "GET /images/s/actions/1661_3.jpg HTTP/1.1" 200 5311 "https://www.afish-ka.ru/cinema/films/1661/" "Mozilla/5.0 AppleWebKit/537.36 (KHTML, like Gecko; compatible; GPTBot/1.3; +https://openai.com/gptbot)"
74.7.227.21 - - [16/Apr/2026:00:13:34 +0200] "GET /images/s/actions/1661_4.jpg HTTP/1.1" 200 6394 "https://www.afish-ka.ru/cinema/films/1661/" "Mozilla/5.0 AppleWebKit/537.36 (KHTML, like Gecko; compatible; GPTBot/1.3; +https://openai.com/gptbot)"
114.119.152.86 - - [16/Apr/2026:00:13:33 +0200] "GET /cinema/films/1035/opinions/add/?parent=10334 HTTP/1.1" 200 9507 "https://www.afish-ka.ru/cinema/films/1035/opinions/add?parent=10188" "Mozilla/5.0 (Linux; Android 7.0;) AppleWebKit/537.36 (KHTML, like Gecko) Mobile Safari/537.36 (compatible; PetalBot;+https://webmaster.petalsearch.com/site/petalbot)"
74.7.227.21 - - [16/Apr/2026:00:13:34 +0200] "GET /images/s/actions/4664_1.jpg HTTP/1.1" 200 6717 "https://www.afish-ka.ru/22-11-2017/" "Mozilla/5.0 AppleWebKit/537.36 (KHTML, like Gecko; compatible; GPTBot/1.3; +https://openai.com/gptbot)"
74.7.227.21 - - [16/Apr/2026:00:13:35 +0200] "GET /images/s/actions/1661_2.jpg HTTP/1.1" 200 5557 "https://www.afish-ka.ru/cinema/films/1661/" "Mozilla/5.0 AppleWebKit/537.36 (KHTML, like Gecko; compatible; GPTBot/1.3; +https://openai.com/gptbot)"
74.7.227.21 - - [16/Apr/2026:00:13:35 +0200] "GET /images/b/actions/1661_1.jpg HTTP/1.1" 200 19971 "https://www.afish-ka.ru/cinema/films/1661/" "Mozilla/5.0 AppleWebKit/537.36 (KHTML, like Gecko; compatible; GPTBot/1.3; +https://openai.com/gptbot)"
74.7.227.21 - - [16/Apr/2026:00:13:36 +0200] "GET /images/s/actions/1661_5.jpg HTTP/1.1" 200 5195 "https://www.afish-ka.ru/cinema/films/1661/" "Mozilla/5.0 AppleWebKit/537.36 (KHTML, like Gecko; compatible; GPTBot/1.3; +https://openai.com/gptbot)"
74.7.227.21 - - [16/Apr/2026:00:13:36 +0200] "GET /images/b/posters/1661.jpg HTTP/1.1" 200 38248 "https://www.afish-ka.ru/cinema/films/1661/" "Mozilla/5.0 AppleWebKit/537.36 (KHTML, like Gecko; compatible; GPTBot/1.3; +https://openai.com/gptbot)"
74.7.227.21 - - [16/Apr/2026:00:13:37 +0200] "GET /images/s/posters/1661.jpg HTTP/1.1" 200 6613 "https://www.afish-ka.ru/cinema/films/1661/" "Mozilla/5.0 AppleWebKit/537.36 (KHTML, like Gecko; compatible; GPTBot/1.3; +https://openai.com/gptbot)"
74.7.227.21 - - [16/Apr/2026:00:13:37 +0200] "GET /cinema/films/1240/ HTTP/1.1" 200 6377 "https://www.afish-ka.ru/18-11-2010/" "Mozilla/5.0 AppleWebKit/537.36 (KHTML, like Gecko; compatible; GPTBot/1.3; +https://openai.com/gptbot)"
94.23.188.197 - - [16/Apr/2026:00:13:38 +0200] "GET /02-06-2010/ HTTP/1.1" 200 11678 "-" "Mozilla/5.0 (compatible; AhrefsBot/7.0; +http://ahrefs.com/robot/)"
74.7.227.21 - - [16/Apr/2026:00:13:38 +0200] "GET /theater/actions/1029/ HTTP/1.1" 404 315 "https://www.afish-ka.ru" "Mozilla/5.0 AppleWebKit/537.36 (KHTML, like Gecko; compatible; GPTBot/1.3; +https://openai.com/gptbot)"
95.142.196.132 - - [16/Apr/2026:00:13:38 +0200] "GET /rss_source/ HTTP/1.1" 200 21796 "-" "Mozilla/5.0 (compatible; VKRobot/1.0)"
74.7.227.21 - - [16/Apr/2026:00:13:39 +0200] "GET /theater/actions/1028/ HTTP/1.1" 404 315 "https://www.afish-ka.ru" "Mozilla/5.0 AppleWebKit/537.36 (KHTML, like Gecko; compatible; GPTBot/1.3; +https://openai.com/gptbot)"
74.7.227.21 - - [16/Apr/2026:00:13:39 +0200] "GET /theater/actions/1030/ HTTP/1.1" 404 315 "https://www.afish-ka.ru" "Mozilla/5.0 AppleWebKit/537.36 (KHTML, like Gecko; compatible; GPTBot/1.3; +https://openai.com/gptbot)"
74.7.227.21 - - [16/Apr/2026:00:13:40 +0200] "GET /theater/actions/1031/ HTTP/1.1" 200 6557 "https://www.afish-ka.ru" "Mozilla/5.0 AppleWebKit/537.36 (KHTML, like Gecko; compatible; GPTBot/1.3; +https://openai.com/gptbot)"
74.7.227.21 - - [16/Apr/2026:00:13:40 +0200] "GET /cinema/films/4664/ HTTP/1.1" 200 7313 "https://www.afish-ka.ru/22-11-2017/" "Mozilla/5.0 AppleWebKit/537.36 (KHTML, like Gecko; compatible; GPTBot/1.3; +https://openai.com/gptbot)"
74.7.227.21 - - [16/Apr/2026:00:13:41 +0200] "GET /15-05-2012/ HTTP/1.1" 200 8435 "https://www.afish-ka.ru/08-05-2012/" "Mozilla/5.0 AppleWebKit/537.36 (KHTML, like Gecko; compatible; GPTBot/1.3; +https://openai.com/gptbot)"
74.7.227.21 - - [16/Apr/2026:00:13:42 +0200] "GET /09-01-2010/ HTTP/1.1" 200 7987 "https://www.afish-ka.ru/21-01-2010/" "Mozilla/5.0 AppleWebKit/537.36 (KHTML, like Gecko; compatible; GPTBot/1.3; +https://openai.com/gptbot)"
74.7.227.21 - - [16/Apr/2026:00:13:42 +0200] "GET /08-04-2010/ HTTP/1.1" 200 8298 "https://www.afish-ka.ru/13-05-2010/" "Mozilla/5.0 AppleWebKit/537.36 (KHTML, like Gecko; compatible; GPTBot/1.3; +https://openai.com/gptbot)"
74.7.227.21 - - [16/Apr/2026:00:13:43 +0200] "GET /06-01-2009/ HTTP/1.1" 200 7506 "https://www.afish-ka.ru/13-01-2009/" "Mozilla/5.0 AppleWebKit/537.36 (KHTML, like Gecko; compatible; GPTBot/1.3; +https://openai.com/gptbot)"
74.7.227.21 - - [16/Apr/2026:00:13:43 +0200] "GET /22-03-2008/ HTTP/1.1" 200 7228 "https://www.afish-ka.ru/14-03-2008/" "Mozilla/5.0 AppleWebKit/537.36 (KHTML, like Gecko; compatible; GPTBot/1.3; +https://openai.com/gptbot)"
74.7.227.21 - - [16/Apr/2026:00:13:44 +0200] "GET /20-06-2009/ HTTP/1.1" 200 7769 "https://www.afish-ka.ru/25-06-2009/" "Mozilla/5.0 AppleWebKit/537.36 (KHTML, like Gecko; compatible; GPTBot/1.3; +https://openai.com/gptbot)"
74.7.227.21 - - [16/Apr/2026:00:13:45 +0200] "GET /10-01-2007/ HTTP/1.1" 200 6163 "https://www.afish-ka.ru/14-02-2007/" "Mozilla/5.0 AppleWebKit/537.36 (KHTML, like Gecko; compatible; GPTBot/1.3; +https://openai.com/gptbot)"
74.125.212.204 - - [16/Apr/2026:00:13:45 +0200] "GET /rss_source/ HTTP/1.1" 200 2515 "-" "FeedBurner/1.0 (http://www.FeedBurner.com)"
74.7.227.21 - - [16/Apr/2026:00:13:45 +0200] "GET /23-02-2008/ HTTP/1.1" 200 7286 "https://www.afish-ka.ru/29-03-2008/" "Mozilla/5.0 AppleWebKit/537.36 (KHTML, like Gecko; compatible; GPTBot/1.3; +https://openai.com/gptbot)"
74.7.227.21 - - [16/Apr/2026:00:13:46 +0200] "GET /08-11-2008/ HTTP/1.1" 200 7087 "https://www.afish-ka.ru/04-11-2008/" "Mozilla/5.0 AppleWebKit/537.36 (KHTML, like Gecko; compatible; GPTBot/1.3; +https://openai.com/gptbot)"
74.7.227.21 - - [16/Apr/2026:00:13:46 +0200] "GET /09-04-2009/ HTTP/1.1" 200 6719 "https://www.afish-ka.ru/14-05-2009/" "Mozilla/5.0 AppleWebKit/537.36 (KHTML, like Gecko; compatible; GPTBot/1.3; +https://openai.com/gptbot)"
74.7.227.21 - - [16/Apr/2026:00:13:47 +0200] "GET /images/b/actions/4664_1.jpg HTTP/1.1" 200 50346 "https://www.afish-ka.ru/cinema/films/4664/" "Mozilla/5.0 AppleWebKit/537.36 (KHTML, like Gecko; compatible; GPTBot/1.3; +https://openai.com/gptbot)"
74.7.227.21 - - [16/Apr/2026:00:13:47 +0200] "GET /images/b/posters/4664.jpg HTTP/1.1" 200 65743 "https://www.afish-ka.ru/cinema/films/4664/" "Mozilla/5.0 AppleWebKit/537.36 (KHTML, like Gecko; compatible; GPTBot/1.3; +https://openai.com/gptbot)"
74.7.227.21 - - [16/Apr/2026:00:13:48 +0200] "GET /images/s/actions/858_1.jpg HTTP/1.1" 200 6857 "https://www.afish-ka.ru/09-01-2010/" "Mozilla/5.0 AppleWebKit/537.36 (KHTML, like Gecko; compatible; GPTBot/1.3; +https://openai.com/gptbot)"
74.7.227.21 - - [16/Apr/2026:00:13:48 +0200] "GET /images/s/posters/4664.jpg HTTP/1.1" 200 13982 "https://www.afish-ka.ru/cinema/films/4664/" "Mozilla/5.0 AppleWebKit/537.36 (KHTML, like Gecko; compatible; GPTBot/1.3; +https://openai.com/gptbot)"
74.7.227.21 - - [16/Apr/2026:00:13:49 +0200] "GET /07-10-2010/ HTTP/1.1" 200 8057 "https://www.afish-ka.ru/25-09-2010/" "Mozilla/5.0 AppleWebKit/537.36 (KHTML, like Gecko; compatible; GPTBot/1.3; +https://openai.com/gptbot)"
74.7.227.21 - - [16/Apr/2026:00:13:49 +0200] "GET /19-09-2019/ HTTP/1.1" 200 9817 "https://www.afish-ka.ru/04-09-2019/" "Mozilla/5.0 AppleWebKit/537.36 (KHTML, like Gecko; compatible; GPTBot/1.3; +https://openai.com/gptbot)"
74.7.227.21 - - [16/Apr/2026:00:13:50 +0200] "GET /06-10-2011/ HTTP/1.1" 200 8515 "https://www.afish-ka.ru/27-09-2011/" "Mozilla/5.0 AppleWebKit/537.36 (KHTML, like Gecko; compatible; GPTBot/1.3; +https://openai.com/gptbot)"
74.7.227.21 - - [16/Apr/2026:00:13:51 +0200] "GET /02-11-2009/ HTTP/1.1" 200 7510 "https://www.afish-ka.ru/10-11-2009/" "Mozilla/5.0 AppleWebKit/537.36 (KHTML, like Gecko; compatible; GPTBot/1.3; +https://openai.com/gptbot)"
74.7.227.21 - - [16/Apr/2026:00:13:51 +0200] "GET /01-03-2011/ HTTP/1.1" 200 8554 "https://www.afish-ka.ru/14-02-2011/" "Mozilla/5.0 AppleWebKit/537.36 (KHTML, like Gecko; compatible; GPTBot/1.3; +https://openai.com/gptbot)"
74.7.227.21 - - [16/Apr/2026:00:13:52 +0200] "GET /12-08-2008/ HTTP/1.1" 200 7116 "https://www.afish-ka.ru/16-09-2008/" "Mozilla/5.0 AppleWebKit/537.36 (KHTML, like Gecko; compatible; GPTBot/1.3; +https://openai.com/gptbot)"
74.7.227.21 - - [16/Apr/2026:00:13:52 +0200] "GET /08-10-2010/ HTTP/1.1" 200 8032 "https://www.afish-ka.ru/25-09-2010/" "Mozilla/5.0 AppleWebKit/537.36 (KHTML, like Gecko; compatible; GPTBot/1.3; +https://openai.com/gptbot)"
74.7.227.21 - - [16/Apr/2026:00:13:53 +0200] "GET /07-05-2022/ HTTP/1.1" 200 9218 "https://www.afish-ka.ru/17-05-2022/" "Mozilla/5.0 AppleWebKit/537.36 (KHTML, like Gecko; compatible; GPTBot/1.3; +https://openai.com/gptbot)"
74.7.227.21 - - [16/Apr/2026:00:13:55 +0200] "GET /12-03-2010/ HTTP/1.1" 200 8546 "https://www.afish-ka.ru/25-03-2010/" "Mozilla/5.0 AppleWebKit/537.36 (KHTML, like Gecko; compatible; GPTBot/1.3; +https://openai.com/gptbot)"
74.7.227.21 - - [16/Apr/2026:00:13:55 +0200] "GET /26-02-2009/ HTTP/1.1" 200 7233 "https://www.afish-ka.ru/14-03-2009/" "Mozilla/5.0 AppleWebKit/537.36 (KHTML, like Gecko; compatible; GPTBot/1.3; +https://openai.com/gptbot)"
74.7.227.21 - - [16/Apr/2026:00:13:56 +0200] "GET /24-11-2014/ HTTP/1.1" 200 8184 "https://www.afish-ka.ru/06-12-2014/" "Mozilla/5.0 AppleWebKit/537.36 (KHTML, like Gecko; compatible; GPTBot/1.3; +https://openai.com/gptbot)"
74.7.227.21 - - [16/Apr/2026:00:13:56 +0200] "GET /01-04-2010/ HTTP/1.1" 200 8703 "https://www.afish-ka.ru/17-04-2010/" "Mozilla/5.0 AppleWebKit/537.36 (KHTML, like Gecko; compatible; GPTBot/1.3; +https://openai.com/gptbot)"
74.7.227.21 - - [16/Apr/2026:00:13:57 +0200] "GET /06-04-2007/ HTTP/1.1" 200 6839 "https://www.afish-ka.ru/11-05-2007/" "Mozilla/5.0 AppleWebKit/537.36 (KHTML, like Gecko; compatible; GPTBot/1.3; +https://openai.com/gptbot)"
74.7.227.21 - - [16/Apr/2026:00:13:57 +0200] "GET /02-06-2009/ HTTP/1.1" 200 6974 "https://www.afish-ka.ru/11-06-2009/" "Mozilla/5.0 AppleWebKit/537.36 (KHTML, like Gecko; compatible; GPTBot/1.3; +https://openai.com/gptbot)"
74.7.227.21 - - [16/Apr/2026:00:13:58 +0200] "GET /21-02-2009/ HTTP/1.1" 200 7949 "https://www.afish-ka.ru/28-03-2009/" "Mozilla/5.0 AppleWebKit/537.36 (KHTML, like Gecko; compatible; GPTBot/1.3; +https://openai.com/gptbot)"
74.7.227.21 - - [16/Apr/2026:00:13:59 +0200] "GET /29-01-2019/ HTTP/1.1" 200 12227 "https://www.afish-ka.ru/16-01-2019/" "Mozilla/5.0 AppleWebKit/537.36 (KHTML, like Gecko; compatible; GPTBot/1.3; +https://openai.com/gptbot)"
74.7.227.21 - - [16/Apr/2026:00:13:59 +0200] "GET /25-02-2006/ HTTP/1.1" 200 7328 "https://www.afish-ka.ru/12-03-2006/" "Mozilla/5.0 AppleWebKit/537.36 (KHTML, like Gecko; compatible; GPTBot/1.3; +https://openai.com/gptbot)"
74.7.227.21 - - [16/Apr/2026:00:14:00 +0200] "GET /01-04-2008/ HTTP/1.1" 200 7697 "https://www.afish-ka.ru/18-04-2008/" "Mozilla/5.0 AppleWebKit/537.36 (KHTML, like Gecko; compatible; GPTBot/1.3; +https://openai.com/gptbot)"
74.7.227.21 - - [16/Apr/2026:00:14:01 +0200] "GET /cinema/films/5682/ HTTP/1.1" 200 6883 "https://www.afish-ka.ru/07-05-2022/" "Mozilla/5.0 AppleWebKit/537.36 (KHTML, like Gecko; compatible; GPTBot/1.3; +https://openai.com/gptbot)"
185.191.171.1 - - [16/Apr/2026:00:14:01 +0200] "GET /links.php?go=https%3A%2F%2Fassnowi205-1.weebly.com%2F HTTP/1.1" 200 5785 "-" "Mozilla/5.0 (compatible; SemrushBot/7~bl; +http://www.semrush.com/bot.html)"
74.7.227.21 - - [16/Apr/2026:00:14:01 +0200] "GET /cinema/films/5889/ HTTP/1.1" 200 6961 "https://www.afish-ka.ru/07-05-2022/" "Mozilla/5.0 AppleWebKit/537.36 (KHTML, like Gecko; compatible; GPTBot/1.3; +https://openai.com/gptbot)"
74.7.227.21 - - [16/Apr/2026:00:14:02 +0200] "GET /30-07-2022/ HTTP/1.1" 200 6862 "https://www.afish-ka.ru/14-08-2022/" "Mozilla/5.0 AppleWebKit/537.36 (KHTML, like Gecko; compatible; GPTBot/1.3; +https://openai.com/gptbot)"
74.7.227.21 - - [16/Apr/2026:00:14:02 +0200] "GET /11-02-2017/ HTTP/1.1" 200 10013 "https://www.afish-ka.ru/25-02-2017/" "Mozilla/5.0 AppleWebKit/537.36 (KHTML, like Gecko; compatible; GPTBot/1.3; +https://openai.com/gptbot)"
74.7.227.21 - - [16/Apr/2026:00:14:03 +0200] "GET /21-07-2012/ HTTP/1.1" 200 8023 "https://www.afish-ka.ru/06-07-2012/" "Mozilla/5.0 AppleWebKit/537.36 (KHTML, like Gecko; compatible; GPTBot/1.3; +https://openai.com/gptbot)"
85.208.96.204 - - [16/Apr/2026:00:14:03 +0200] "GET /cinema/films/2890/opinions/add/?parent=26727 HTTP/1.1" 200 9527 "-" "Mozilla/5.0 (compatible; SemrushBot/7~bl; +http://www.semrush.com/bot.html)"
74.7.227.21 - - [16/Apr/2026:00:14:03 +0200] "GET /27-02-2007/ HTTP/1.1" 200 6328 "https://www.afish-ka.ru/12-03-2007/" "Mozilla/5.0 AppleWebKit/537.36 (KHTML, like Gecko; compatible; GPTBot/1.3; +https://openai.com/gptbot)"
92.222.108.113 - - [16/Apr/2026:00:14:04 +0200] "GET /07-05-2010/ HTTP/1.1" 200 12706 "-" "Mozilla/5.0 (compatible; AhrefsBot/7.0; +http://ahrefs.com/robot/)"
74.7.227.21 - - [16/Apr/2026:00:14:04 +0200] "GET /07-03-2010/ HTTP/1.1" 200 8622 "https://www.afish-ka.ru/14-03-2010/" "Mozilla/5.0 AppleWebKit/537.36 (KHTML, like Gecko; compatible; GPTBot/1.3; +https://openai.com/gptbot)"
74.7.227.21 - - [16/Apr/2026:00:14:05 +0200] "GET /10-07-2017/ HTTP/1.1" 200 9952 "https://www.afish-ka.ru/05-06-2017/" "Mozilla/5.0 AppleWebKit/537.36 (KHTML, like Gecko; compatible; GPTBot/1.3; +https://openai.com/gptbot)"
74.7.227.21 - - [16/Apr/2026:00:14:06 +0200] "GET /images/s/actions/5277_1.jpg HTTP/1.1" 200 6181 "https://www.afish-ka.ru/29-01-2019/" "Mozilla/5.0 AppleWebKit/537.36 (KHTML, like Gecko; compatible; GPTBot/1.3; +https://openai.com/gptbot)"
74.7.227.21 - - [16/Apr/2026:00:14:06 +0200] "GET /cinema/films/5277/ HTTP/1.1" 200 6695 "https://www.afish-ka.ru/29-01-2019/" "Mozilla/5.0 AppleWebKit/537.36 (KHTML, like Gecko; compatible; GPTBot/1.3; +https://openai.com/gptbot)"
74.7.227.21 - - [16/Apr/2026:00:14:07 +0200] "GET /21-10-2009/ HTTP/1.1" 200 8016 "https://www.afish-ka.ru/31-10-2009/" "Mozilla/5.0 AppleWebKit/537.36 (KHTML, like Gecko; compatible; GPTBot/1.3; +https://openai.com/gptbot)"
74.7.227.21 - - [16/Apr/2026:00:14:08 +0200] "GET /images/b/actions/5682_1.jpg HTTP/1.1" 200 52542 "https://www.afish-ka.ru/cinema/films/5682/" "Mozilla/5.0 AppleWebKit/537.36 (KHTML, like Gecko; compatible; GPTBot/1.3; +https://openai.com/gptbot)"
74.7.227.21 - - [16/Apr/2026:00:14:09 +0200] "GET /images/s/actions/5889_2.jpg HTTP/1.1" 200 7152 "https://www.afish-ka.ru/cinema/films/5889/" "Mozilla/5.0 AppleWebKit/537.36 (KHTML, like Gecko; compatible; GPTBot/1.3; +https://openai.com/gptbot)"
74.7.227.21 - - [16/Apr/2026:00:14:09 +0200] "GET /images/b/actions/5889_1.jpg HTTP/1.1" 200 77915 "https://www.afish-ka.ru/cinema/films/5889/" "Mozilla/5.0 AppleWebKit/537.36 (KHTML, like Gecko; compatible; GPTBot/1.3; +https://openai.com/gptbot)"
74.7.227.21 - - [16/Apr/2026:00:14:10 +0200] "GET /images/b/actions/5889_3.jpg HTTP/1.1" 200 57641 "https://www.afish-ka.ru/cinema/films/5889/" "Mozilla/5.0 AppleWebKit/537.36 (KHTML, like Gecko; compatible; GPTBot/1.3; +https://openai.com/gptbot)"
74.7.227.21 - - [16/Apr/2026:00:14:10 +0200] "GET /images/s/actions/5889_3.jpg HTTP/1.1" 200 6192 "https://www.afish-ka.ru/cinema/films/5889/" "Mozilla/5.0 AppleWebKit/537.36 (KHTML, like Gecko; compatible; GPTBot/1.3; +https://openai.com/gptbot)"
74.7.227.21 - - [16/Apr/2026:00:14:11 +0200] "GET /images/b/actions/5889_4.jpg HTTP/1.1" 200 48285 "https://www.afish-ka.ru/cinema/films/5889/" "Mozilla/5.0 AppleWebKit/537.36 (KHTML, like Gecko; compatible; GPTBot/1.3; +https://openai.com/gptbot)"
74.7.227.21 - - [16/Apr/2026:00:14:11 +0200] "GET /images/b/actions/5682_2.jpg HTTP/1.1" 200 84862 "https://www.afish-ka.ru/cinema/films/5682/" "Mozilla/5.0 AppleWebKit/537.36 (KHTML, like Gecko; compatible; GPTBot/1.3; +https://openai.com/gptbot)"
74.7.227.21 - - [16/Apr/2026:00:14:12 +0200] "GET /images/b/actions/5682_5.jpg HTTP/1.1" 200 80877 "https://www.afish-ka.ru/cinema/films/5682/" "Mozilla/5.0 AppleWebKit/537.36 (KHTML, like Gecko; compatible; GPTBot/1.3; +https://openai.com/gptbot)"
74.7.227.21 - - [16/Apr/2026:00:14:12 +0200] "GET /images/s/actions/5682_5.jpg HTTP/1.1" 200 7305 "https://www.afish-ka.ru/cinema/films/5682/" "Mozilla/5.0 AppleWebKit/537.36 (KHTML, like Gecko; compatible; GPTBot/1.3; +https://openai.com/gptbot)"
74.7.227.21 - - [16/Apr/2026:00:14:13 +0200] "GET /images/s/actions/5277_4.jpg HTTP/1.1" 200 5410 "https://www.afish-ka.ru/cinema/films/5277/" "Mozilla/5.0 AppleWebKit/537.36 (KHTML, like Gecko; compatible; GPTBot/1.3; +https://openai.com/gptbot)"
74.7.227.21 - - [16/Apr/2026:00:14:13 +0200] "GET /images/b/actions/5277_2.jpg HTTP/1.1" 200 47932 "https://www.afish-ka.ru/cinema/films/5277/" "Mozilla/5.0 AppleWebKit/537.36 (KHTML, like Gecko; compatible; GPTBot/1.3; +https://openai.com/gptbot)"
74.7.227.21 - - [16/Apr/2026:00:14:14 +0200] "GET /images/s/actions/5277_3.jpg HTTP/1.1" 200 9537 "https://www.afish-ka.ru/cinema/films/5277/" "Mozilla/5.0 AppleWebKit/537.36 (KHTML, like Gecko; compatible; GPTBot/1.3; +https://openai.com/gptbot)"
74.7.227.21 - - [16/Apr/2026:00:14:14 +0200] "GET /images/s/actions/5682_3.jpg HTTP/1.1" 200 6642 "https://www.afish-ka.ru/cinema/films/5682/" "Mozilla/5.0 AppleWebKit/537.36 (KHTML, like Gecko; compatible; GPTBot/1.3; +https://openai.com/gptbot)"
74.7.227.21 - - [16/Apr/2026:00:14:15 +0200] "GET /images/b/actions/5682_3.jpg HTTP/1.1" 200 62518 "https://www.afish-ka.ru/cinema/films/5682/" "Mozilla/5.0 AppleWebKit/537.36 (KHTML, like Gecko; compatible; GPTBot/1.3; +https://openai.com/gptbot)"
185.191.171.6 - - [16/Apr/2026:00:14:15 +0200] "GET /cinema/films/1020/opinions/add/ HTTP/1.1" 200 9525 "-" "Mozilla/5.0 (compatible; SemrushBot/7~bl; +http://www.semrush.com/bot.html)"
74.7.227.21 - - [16/Apr/2026:00:14:15 +0200] "GET /images/s/actions/5889_4.jpg HTTP/1.1" 200 6540 "https://www.afish-ka.ru/cinema/films/5889/" "Mozilla/5.0 AppleWebKit/537.36 (KHTML, like Gecko; compatible; GPTBot/1.3; +https://openai.com/gptbot)"
74.7.227.21 - - [16/Apr/2026:00:14:16 +0200] "GET /images/s/actions/2180_1.jpg HTTP/1.1" 200 7994 "https://www.afish-ka.ru/21-07-2012/" "Mozilla/5.0 AppleWebKit/537.36 (KHTML, like Gecko; compatible; GPTBot/1.3; +https://openai.com/gptbot)"
74.7.227.21 - - [16/Apr/2026:00:14:16 +0200] "GET /images/b/actions/5682_4.jpg HTTP/1.1" 200 78923 "https://www.afish-ka.ru/cinema/films/5682/" "Mozilla/5.0 AppleWebKit/537.36 (KHTML, like Gecko; compatible; GPTBot/1.3; +https://openai.com/gptbot)"
74.7.227.21 - - [16/Apr/2026:00:14:17 +0200] "GET /images/s/actions/5682_2.jpg HTTP/1.1" 200 6585 "https://www.afish-ka.ru/cinema/films/5682/" "Mozilla/5.0 AppleWebKit/537.36 (KHTML, like Gecko; compatible; GPTBot/1.3; +https://openai.com/gptbot)"
74.7.227.21 - - [16/Apr/2026:00:14:17 +0200] "GET /images/b/actions/5277_1.jpg HTTP/1.1" 200 53787 "https://www.afish-ka.ru/cinema/films/5277/" "Mozilla/5.0 AppleWebKit/537.36 (KHTML, like Gecko; compatible; GPTBot/1.3; +https://openai.com/gptbot)"
74.7.227.21 - - [16/Apr/2026:00:14:18 +0200] "GET /images/b/actions/5277_5.jpg HTTP/1.1" 200 56215 "https://www.afish-ka.ru/cinema/films/5277/" "Mozilla/5.0 AppleWebKit/537.36 (KHTML, like Gecko; compatible; GPTBot/1.3; +https://openai.com/gptbot)"
74.7.227.21 - - [16/Apr/2026:00:14:19 +0200] "GET /images/b/actions/5277_3.jpg HTTP/1.1" 200 59133 "https://www.afish-ka.ru/cinema/films/5277/" "Mozilla/5.0 AppleWebKit/537.36 (KHTML, like Gecko; compatible; GPTBot/1.3; +https://openai.com/gptbot)"
74.7.227.21 - - [16/Apr/2026:00:14:19 +0200] "GET /images/b/actions/5277_4.jpg HTTP/1.1" 200 49267 "https://www.afish-ka.ru/cinema/films/5277/" "Mozilla/5.0 AppleWebKit/537.36 (KHTML, like Gecko; compatible; GPTBot/1.3; +https://openai.com/gptbot)"
74.7.227.21 - - [16/Apr/2026:00:14:20 +0200] "GET /images/b/actions/5889_2.jpg HTTP/1.1" 200 79217 "https://www.afish-ka.ru/cinema/films/5889/" "Mozilla/5.0 AppleWebKit/537.36 (KHTML, like Gecko; compatible; GPTBot/1.3; +https://openai.com/gptbot)"
74.7.227.21 - - [16/Apr/2026:00:14:20 +0200] "GET /images/s/actions/5682_4.jpg HTTP/1.1" 200 6507 "https://www.afish-ka.ru/cinema/films/5682/" "Mozilla/5.0 AppleWebKit/537.36 (KHTML, like Gecko; compatible; GPTBot/1.3; +https://openai.com/gptbot)"
220.181.108.159 - - [16/Apr/2026:00:14:21 +0200] "GET /images/b/posters/4717.jpg HTTP/1.1" 200 74924 "-" "Baiduspider-image+(+http://www.baidu.com/search/spider.htm)"
74.7.227.21 - - [16/Apr/2026:00:14:21 +0200] "GET /images/s/actions/5277_2.jpg HTTP/1.1" 200 5231 "https://www.afish-ka.ru/cinema/films/5277/" "Mozilla/5.0 AppleWebKit/537.36 (KHTML, like Gecko; compatible; GPTBot/1.3; +https://openai.com/gptbot)"
74.7.227.21 - - [16/Apr/2026:00:14:21 +0200] "GET /images/s/actions/5277_5.jpg HTTP/1.1" 200 5794 "https://www.afish-ka.ru/cinema/films/5277/" "Mozilla/5.0 AppleWebKit/537.36 (KHTML, like Gecko; compatible; GPTBot/1.3; +https://openai.com/gptbot)"
74.7.227.21 - - [16/Apr/2026:00:14:22 +0200] "GET /images/b/posters/5682.jpg HTTP/1.1" 200 70319 "https://www.afish-ka.ru/cinema/films/5682/" "Mozilla/5.0 AppleWebKit/537.36 (KHTML, like Gecko; compatible; GPTBot/1.3; +https://openai.com/gptbot)"
185.191.171.5 - - [16/Apr/2026:00:14:22 +0200] "GET /cinema/films/955/opinions/add/?parent=9129 HTTP/1.1" 200 9552 "-" "Mozilla/5.0 (compatible; SemrushBot/7~bl; +http://www.semrush.com/bot.html)"
74.7.227.21 - - [16/Apr/2026:00:14:22 +0200] "GET /images/b/posters/5889.jpg HTTP/1.1" 200 80217 "https://www.afish-ka.ru/cinema/films/5889/" "Mozilla/5.0 AppleWebKit/537.36 (KHTML, like Gecko; compatible; GPTBot/1.3; +https://openai.com/gptbot)"
74.7.227.21 - - [16/Apr/2026:00:14:23 +0200] "GET /images/s/posters/5889.jpg HTTP/1.1" 200 15701 "https://www.afish-ka.ru/cinema/films/5889/" "Mozilla/5.0 AppleWebKit/537.36 (KHTML, like Gecko; compatible; GPTBot/1.3; +https://openai.com/gptbot)"
113.44.105.123 - - [16/Apr/2026:00:14:22 +0200] "GET /cinema/films/2250/opinions/cinema/films/2250/opinions/add/cinema/films/2250/opinions/add/ HTTP/1.1" 200 11155 "-" "Mozilla/5.0 (Windows NT 10.0; Win64; x64) AppleWebKit/537.36 (KHTML, like Gecko) Chrome/143.0.0.0 Safari/537.36"
74.7.227.21 - - [16/Apr/2026:00:14:23 +0200] "GET /images/s/posters/5682.jpg HTTP/1.1" 200 12428 "https://www.afish-ka.ru/cinema/films/5682/" "Mozilla/5.0 AppleWebKit/537.36 (KHTML, like Gecko; compatible; GPTBot/1.3; +https://openai.com/gptbot)"
74.7.227.21 - - [16/Apr/2026:00:14:24 +0200] "GET /cinema/films/2180/ HTTP/1.1" 200 6440 "https://www.afish-ka.ru/21-07-2012/" "Mozilla/5.0 AppleWebKit/537.36 (KHTML, like Gecko; compatible; GPTBot/1.3; +https://openai.com/gptbot)"
74.7.227.21 - - [16/Apr/2026:00:14:24 +0200] "GET /theater/actions/4297/ HTTP/1.1" 200 5915 "https://www.afish-ka.ru/11-02-2017/" "Mozilla/5.0 AppleWebKit/537.36 (KHTML, like Gecko; compatible; GPTBot/1.3; +https://openai.com/gptbot)"
74.7.227.21 - - [16/Apr/2026:00:14:25 +0200] "GET /18-11-2021/ HTTP/1.1" 200 9977 "https://www.afish-ka.ru/cinema/films/6028/" "Mozilla/5.0 AppleWebKit/537.36 (KHTML, like Gecko; compatible; GPTBot/1.3; +https://openai.com/gptbot)"
74.7.227.21 - - [16/Apr/2026:00:14:26 +0200] "GET /10-09-2011/ HTTP/1.1" 200 8324 "https://www.afish-ka.ru/03-09-2011/" "Mozilla/5.0 AppleWebKit/537.36 (KHTML, like Gecko; compatible; GPTBot/1.3; +https://openai.com/gptbot)"
74.7.227.21 - - [16/Apr/2026:00:14:27 +0200] "GET /10-04-2011/ HTTP/1.1" 200 9397 "https://www.afish-ka.ru/06-03-2011/" "Mozilla/5.0 AppleWebKit/537.36 (KHTML, like Gecko; compatible; GPTBot/1.3; +https://openai.com/gptbot)"
74.7.227.21 - - [16/Apr/2026:00:14:28 +0200] "GET /02-11-2013/ HTTP/1.1" 200 8930 "https://www.afish-ka.ru/07-12-2013/" "Mozilla/5.0 AppleWebKit/537.36 (KHTML, like Gecko; compatible; GPTBot/1.3; +https://openai.com/gptbot)"
74.7.227.21 - - [16/Apr/2026:00:14:29 +0200] "GET /18-12-2011/ HTTP/1.1" 200 8465 "https://www.afish-ka.ru/28-12-2011/" "Mozilla/5.0 AppleWebKit/537.36 (KHTML, like Gecko; compatible; GPTBot/1.3; +https://openai.com/gptbot)"
74.7.227.21 - - [16/Apr/2026:00:14:29 +0200] "GET /28-02-2006/ HTTP/1.1" 200 6884 "https://www.afish-ka.ru/15-03-2006/" "Mozilla/5.0 AppleWebKit/537.36 (KHTML, like Gecko; compatible; GPTBot/1.3; +https://openai.com/gptbot)"
74.7.227.21 - - [16/Apr/2026:00:14:30 +0200] "GET /images/s/actions/1827_1.jpg HTTP/1.1" 200 6150 "https://www.afish-ka.ru/18-12-2011/" "Mozilla/5.0 AppleWebKit/537.36 (KHTML, like Gecko; compatible; GPTBot/1.3; +https://openai.com/gptbot)"
74.7.227.21 - - [16/Apr/2026:00:14:30 +0200] "GET /20-01-2009/ HTTP/1.1" 200 7082 "https://www.afish-ka.ru/13-01-2009/" "Mozilla/5.0 AppleWebKit/537.36 (KHTML, like Gecko; compatible; GPTBot/1.3; +https://openai.com/gptbot)"
74.7.227.21 - - [16/Apr/2026:00:14:31 +0200] "GET /27-12-2010/ HTTP/1.1" 200 8314 "https://www.afish-ka.ru/31-01-2011/" "Mozilla/5.0 AppleWebKit/537.36 (KHTML, like Gecko; compatible; GPTBot/1.3; +https://openai.com/gptbot)"
74.7.227.21 - - [16/Apr/2026:00:14:32 +0200] "GET /10-05-2009/ HTTP/1.1" 200 7035 "https://www.afish-ka.ru/14-06-2009/" "Mozilla/5.0 AppleWebKit/537.36 (KHTML, like Gecko; compatible; GPTBot/1.3; +https://openai.com/gptbot)"
74.7.227.21 - - [16/Apr/2026:00:14:32 +0200] "GET /images/b/actions/2180_1.jpg HTTP/1.1" 200 26931 "https://www.afish-ka.ru/cinema/films/2180/" "Mozilla/5.0 AppleWebKit/537.36 (KHTML, like Gecko; compatible; GPTBot/1.3; +https://openai.com/gptbot)"
74.7.227.21 - - [16/Apr/2026:00:14:33 +0200] "GET /11-01-2017/ HTTP/1.1" 200 9615 "https://www.afish-ka.ru/15-02-2017/" "Mozilla/5.0 AppleWebKit/537.36 (KHTML, like Gecko; compatible; GPTBot/1.3; +https://openai.com/gptbot)"
74.7.227.21 - - [16/Apr/2026:00:14:33 +0200] "GET /25-11-2021/ HTTP/1.1" 200 9468 "https://www.afish-ka.ru/18-11-2021/" "Mozilla/5.0 AppleWebKit/537.36 (KHTML, like Gecko; compatible; GPTBot/1.3; +https://openai.com/gptbot)"
74.7.227.21 - - [16/Apr/2026:00:14:34 +0200] "GET /cinema/films/6029/ HTTP/1.1" 200 6908 "https://www.afish-ka.ru/18-11-2021/" "Mozilla/5.0 AppleWebKit/537.36 (KHTML, like Gecko; compatible; GPTBot/1.3; +https://openai.com/gptbot)"
74.7.227.21 - - [16/Apr/2026:00:14:35 +0200] "GET /cinema/films/6032/ HTTP/1.1" 200 6731 "https://www.afish-ka.ru/18-11-2021/" "Mozilla/5.0 AppleWebKit/537.36 (KHTML, like Gecko; compatible; GPTBot/1.3; +https://openai.com/gptbot)"
74.7.227.21 - - [16/Apr/2026:00:14:36 +0200] "GET /cinema/films/6035/ HTTP/1.1" 200 6535 "https://www.afish-ka.ru/18-11-2021/" "Mozilla/5.0 AppleWebKit/537.36 (KHTML, like Gecko; compatible; GPTBot/1.3; +https://openai.com/gptbot)"
74.7.227.21 - - [16/Apr/2026:00:14:36 +0200] "GET /images/s/actions/1827_1.jpg HTTP/1.1" 200 6150 "https://www.afish-ka.ru/18-12-2011/" "Mozilla/5.0 AppleWebKit/537.36 (KHTML, like Gecko; compatible; GPTBot/1.3; +https://openai.com/gptbot)"
74.7.227.21 - - [16/Apr/2026:00:14:37 +0200] "GET /images/s/actions/6035_2.jpg HTTP/1.1" 200 4204 "https://www.afish-ka.ru/cinema/films/6035/" "Mozilla/5.0 AppleWebKit/537.36 (KHTML, like Gecko; compatible; GPTBot/1.3; +https://openai.com/gptbot)"
74.7.227.21 - - [16/Apr/2026:00:14:37 +0200] "GET /images/s/posters/6035.jpg HTTP/1.1" 200 16082 "https://www.afish-ka.ru/cinema/films/6035/" "Mozilla/5.0 AppleWebKit/537.36 (KHTML, like Gecko; compatible; GPTBot/1.3; +https://openai.com/gptbot)"
74.7.227.21 - - [16/Apr/2026:00:14:38 +0200] "GET /images/s/actions/6035_3.jpg HTTP/1.1" 200 3296 "https://www.afish-ka.ru/cinema/films/6035/" "Mozilla/5.0 AppleWebKit/537.36 (KHTML, like Gecko; compatible; GPTBot/1.3; +https://openai.com/gptbot)"
74.7.227.21 - - [16/Apr/2026:00:14:38 +0200] "GET /images/s/actions/6035_4.jpg HTTP/1.1" 200 6216 "https://www.afish-ka.ru/cinema/films/6035/" "Mozilla/5.0 AppleWebKit/537.36 (KHTML, like Gecko; compatible; GPTBot/1.3; +https://openai.com/gptbot)"
74.7.227.21 - - [16/Apr/2026:00:14:39 +0200] "GET /images/s/actions/6035_5.jpg HTTP/1.1" 200 5952 "https://www.afish-ka.ru/cinema/films/6035/" "Mozilla/5.0 AppleWebKit/537.36 (KHTML, like Gecko; compatible; GPTBot/1.3; +https://openai.com/gptbot)"
74.7.227.21 - - [16/Apr/2026:00:14:39 +0200] "GET /cinema/films/6021/ HTTP/1.1" 200 6866 "https://www.afish-ka.ru/18-11-2021/" "Mozilla/5.0 AppleWebKit/537.36 (KHTML, like Gecko; compatible; GPTBot/1.3; +https://openai.com/gptbot)"
37.59.204.146 - - [16/Apr/2026:00:14:40 +0200] "GET /cinema/films/1870/opinions/ HTTP/1.1" 200 13337 "-" "Mozilla/5.0 (compatible; AhrefsBot/7.0; +http://ahrefs.com/robot/)"
74.7.227.21 - - [16/Apr/2026:00:14:40 +0200] "GET /cinema/films/6031/ HTTP/1.1" 200 6720 "https://www.afish-ka.ru/18-11-2021/" "Mozilla/5.0 AppleWebKit/537.36 (KHTML, like Gecko; compatible; GPTBot/1.3; +https://openai.com/gptbot)"
74.7.227.21 - - [16/Apr/2026:00:14:41 +0200] "GET /cafe/actions/3024/ HTTP/1.1" 200 7044 "https://www.afish-ka.ru/02-11-2013/" "Mozilla/5.0 AppleWebKit/537.36 (KHTML, like Gecko; compatible; GPTBot/1.3; +https://openai.com/gptbot)"
74.7.227.21 - - [16/Apr/2026:00:14:41 +0200] "GET /cinema/films/6027/ HTTP/1.1" 200 6933 "https://www.afish-ka.ru/18-11-2021/" "Mozilla/5.0 AppleWebKit/537.36 (KHTML, like Gecko; compatible; GPTBot/1.3; +https://openai.com/gptbot)"
74.7.227.21 - - [16/Apr/2026:00:14:42 +0200] "GET /cinema/films/1529/ HTTP/1.1" 200 6661 "https://www.afish-ka.ru/10-04-2011/" "Mozilla/5.0 AppleWebKit/537.36 (KHTML, like Gecko; compatible; GPTBot/1.3; +https://openai.com/gptbot)"
74.7.227.21 - - [16/Apr/2026:00:14:43 +0200] "GET /cinema/films/6034/ HTTP/1.1" 200 6435 "https://www.afish-ka.ru/18-11-2021/" "Mozilla/5.0 AppleWebKit/537.36 (KHTML, like Gecko; compatible; GPTBot/1.3; +https://openai.com/gptbot)"
74.7.227.21 - - [16/Apr/2026:00:14:43 +0200] "GET /cinema/films/6040/opinions/ HTTP/1.1" 200 5572 "https://www.afish-ka.ru/25-11-2021/" "Mozilla/5.0 AppleWebKit/537.36 (KHTML, like Gecko; compatible; GPTBot/1.3; +https://openai.com/gptbot)"
185.191.171.6 - - [16/Apr/2026:00:14:43 +0200] "GET /16-10-2007/ HTTP/1.1" 200 10690 "-" "Mozilla/5.0 (compatible; SemrushBot/7~bl; +http://www.semrush.com/bot.html)"
74.7.227.21 - - [16/Apr/2026:00:14:44 +0200] "GET /cinema/films/6038/ HTTP/1.1" 200 6756 "https://www.afish-ka.ru/25-11-2021/" "Mozilla/5.0 AppleWebKit/537.36 (KHTML, like Gecko; compatible; GPTBot/1.3; +https://openai.com/gptbot)"
74.7.227.21 - - [16/Apr/2026:00:14:44 +0200] "GET /images/b/posters/6032.jpg HTTP/1.1" 200 83578 "https://www.afish-ka.ru/cinema/films/6032/" "Mozilla/5.0 AppleWebKit/537.36 (KHTML, like Gecko; compatible; GPTBot/1.3; +https://openai.com/gptbot)"
74.7.227.21 - - [16/Apr/2026:00:14:45 +0200] "GET /images/b/actions/6032_2.jpg HTTP/1.1" 200 29501 "https://www.afish-ka.ru/cinema/films/6032/" "Mozilla/5.0 AppleWebKit/537.36 (KHTML, like Gecko; compatible; GPTBot/1.3; +https://openai.com/gptbot)"
74.7.227.21 - - [16/Apr/2026:00:14:45 +0200] "GET /images/s/actions/6035_3.jpg HTTP/1.1" 200 3296 "https://www.afish-ka.ru/cinema/films/6035/" "Mozilla/5.0 AppleWebKit/537.36 (KHTML, like Gecko; compatible; GPTBot/1.3; +https://openai.com/gptbot)"
74.7.227.21 - - [16/Apr/2026:00:14:46 +0200] "GET /images/b/actions/6021_5.jpg HTTP/1.1" 200 68268 "https://www.afish-ka.ru/cinema/films/6021/" "Mozilla/5.0 AppleWebKit/537.36 (KHTML, like Gecko; compatible; GPTBot/1.3; +https://openai.com/gptbot)"
74.7.227.21 - - [16/Apr/2026:00:14:46 +0200] "GET /images/b/actions/6031_5.jpg HTTP/1.1" 200 70264 "https://www.afish-ka.ru/cinema/films/6031/" "Mozilla/5.0 AppleWebKit/537.36 (KHTML, like Gecko; compatible; GPTBot/1.3; +https://openai.com/gptbot)"
74.7.227.21 - - [16/Apr/2026:00:14:47 +0200] "GET /images/s/actions/6021_4.jpg HTTP/1.1" 200 6559 "https://www.afish-ka.ru/cinema/films/6021/" "Mozilla/5.0 AppleWebKit/537.36 (KHTML, like Gecko; compatible; GPTBot/1.3; +https://openai.com/gptbot)"
74.7.227.21 - - [16/Apr/2026:00:14:47 +0200] "GET /images/b/actions/6021_1.jpg HTTP/1.1" 200 39440 "https://www.afish-ka.ru/cinema/films/6021/" "Mozilla/5.0 AppleWebKit/537.36 (KHTML, like Gecko; compatible; GPTBot/1.3; +https://openai.com/gptbot)"
