74.7.227.21 - - [16/Apr/2026:00:08:58 +0200] "GET /26-05-2007/ HTTP/1.1" 200 6523 "https://www.afish-ka.ru/21-05-2007/" "Mozilla/5.0 AppleWebKit/537.36 (KHTML, like Gecko; compatible; GPTBot/1.3; +https://openai.com/gptbot)"
74.7.227.21 - - [16/Apr/2026:00:08:58 +0200] "GET /14-02-2007/ HTTP/1.1" 200 7073 "https://www.afish-ka.ru/21-03-2007/" "Mozilla/5.0 AppleWebKit/537.36 (KHTML, like Gecko; compatible; GPTBot/1.3; +https://openai.com/gptbot)"
74.7.227.21 - - [16/Apr/2026:00:08:59 +0200] "GET /22-10-2007/ HTTP/1.1" 200 6976 "https://www.afish-ka.ru/08-11-2007/" "Mozilla/5.0 AppleWebKit/537.36 (KHTML, like Gecko; compatible; GPTBot/1.3; +https://openai.com/gptbot)"
74.7.227.21 - - [16/Apr/2026:00:08:59 +0200] "GET /04-07-2007/ HTTP/1.1" 200 6730 "https://www.afish-ka.ru/15-07-2007/" "Mozilla/5.0 AppleWebKit/537.36 (KHTML, like Gecko; compatible; GPTBot/1.3; +https://openai.com/gptbot)"
74.7.227.21 - - [16/Apr/2026:00:09:00 +0200] "GET /05-03-2007/ HTTP/1.1" 200 6324 "https://www.afish-ka.ru/21-03-2007/" "Mozilla/5.0 AppleWebKit/537.36 (KHTML, like Gecko; compatible; GPTBot/1.3; +https://openai.com/gptbot)"
74.7.227.21 - - [16/Apr/2026:00:09:00 +0200] "GET /06-10-2007/ HTTP/1.1" 200 7114 "https://www.afish-ka.ru/19-10-2007/" "Mozilla/5.0 AppleWebKit/537.36 (KHTML, like Gecko; compatible; GPTBot/1.3; +https://openai.com/gptbot)"
74.7.227.21 - - [16/Apr/2026:00:09:01 +0200] "GET /09-02-2007/ HTTP/1.1" 200 7093 "https://www.afish-ka.ru/16-03-2007/" "Mozilla/5.0 AppleWebKit/537.36 (KHTML, like Gecko; compatible; GPTBot/1.3; +https://openai.com/gptbot)"
74.7.227.21 - - [16/Apr/2026:00:09:02 +0200] "GET /10-08-2007/ HTTP/1.1" 200 6951 "https://www.afish-ka.ru/15-08-2007/" "Mozilla/5.0 AppleWebKit/537.36 (KHTML, like Gecko; compatible; GPTBot/1.3; +https://openai.com/gptbot)"
74.7.227.21 - - [16/Apr/2026:00:09:02 +0200] "GET /02-08-2007/ HTTP/1.1" 200 7285 "https://www.afish-ka.ru/15-08-2007/" "Mozilla/5.0 AppleWebKit/537.36 (KHTML, like Gecko; compatible; GPTBot/1.3; +https://openai.com/gptbot)"
74.7.227.21 - - [16/Apr/2026:00:09:03 +0200] "GET /18-02-2007/ HTTP/1.1" 200 6981 "https://www.afish-ka.ru/19-02-2007/" "Mozilla/5.0 AppleWebKit/537.36 (KHTML, like Gecko; compatible; GPTBot/1.3; +https://openai.com/gptbot)"
74.7.227.21 - - [16/Apr/2026:00:09:03 +0200] "GET /27-04-2007/ HTTP/1.1" 200 6905 "https://www.afish-ka.ru/13-05-2007/" "Mozilla/5.0 AppleWebKit/537.36 (KHTML, like Gecko; compatible; GPTBot/1.3; +https://openai.com/gptbot)"
74.7.227.21 - - [16/Apr/2026:00:09:04 +0200] "GET /10-09-2007/ HTTP/1.1" 200 6950 "https://www.afish-ka.ru/15-10-2007/" "Mozilla/5.0 AppleWebKit/537.36 (KHTML, like Gecko; compatible; GPTBot/1.3; +https://openai.com/gptbot)"
74.7.227.21 - - [16/Apr/2026:00:09:04 +0200] "GET /31-01-2007/ HTTP/1.1" 200 6978 "https://www.afish-ka.ru/14-02-2007/" "Mozilla/5.0 AppleWebKit/537.36 (KHTML, like Gecko; compatible; GPTBot/1.3; +https://openai.com/gptbot)"
74.7.227.21 - - [16/Apr/2026:00:09:05 +0200] "GET /03-06-2007/ HTTP/1.1" 200 5972 "https://www.afish-ka.ru/29-04-2007/" "Mozilla/5.0 AppleWebKit/537.36 (KHTML, like Gecko; compatible; GPTBot/1.3; +https://openai.com/gptbot)"
74.7.227.21 - - [16/Apr/2026:00:09:06 +0200] "GET /22-04-2007/ HTTP/1.1" 200 7184 "https://www.afish-ka.ru/16-04-2007/" "Mozilla/5.0 AppleWebKit/537.36 (KHTML, like Gecko; compatible; GPTBot/1.3; +https://openai.com/gptbot)"
74.7.227.21 - - [16/Apr/2026:00:09:06 +0200] "GET /04-09-2007/ HTTP/1.1" 200 7372 "https://www.afish-ka.ru/19-09-2007/" "Mozilla/5.0 AppleWebKit/537.36 (KHTML, like Gecko; compatible; GPTBot/1.3; +https://openai.com/gptbot)"
74.7.227.21 - - [16/Apr/2026:00:09:07 +0200] "GET /07-09-2007/ HTTP/1.1" 200 6755 "https://www.afish-ka.ru/19-09-2007/" "Mozilla/5.0 AppleWebKit/537.36 (KHTML, like Gecko; compatible; GPTBot/1.3; +https://openai.com/gptbot)"
85.208.96.200 - - [16/Apr/2026:00:09:07 +0200] "GET /night_club/parties/835/opinions/ HTTP/1.1" 200 9389 "-" "Mozilla/5.0 (compatible; SemrushBot/7~bl; +http://www.semrush.com/bot.html)"
74.7.227.21 - - [16/Apr/2026:00:09:07 +0200] "GET /25-01-2007/ HTTP/1.1" 200 6717 "https://www.afish-ka.ru/09-02-2007/" "Mozilla/5.0 AppleWebKit/537.36 (KHTML, like Gecko; compatible; GPTBot/1.3; +https://openai.com/gptbot)"
74.7.227.21 - - [16/Apr/2026:00:09:08 +0200] "GET /23-01-2007/ HTTP/1.1" 200 6735 "https://www.afish-ka.ru/09-02-2007/" "Mozilla/5.0 AppleWebKit/537.36 (KHTML, like Gecko; compatible; GPTBot/1.3; +https://openai.com/gptbot)"
74.7.227.21 - - [16/Apr/2026:00:09:09 +0200] "GET /26-01-2007/ HTTP/1.1" 200 7525 "https://www.afish-ka.ru/09-02-2007/" "Mozilla/5.0 AppleWebKit/537.36 (KHTML, like Gecko; compatible; GPTBot/1.3; +https://openai.com/gptbot)"
74.7.227.21 - - [16/Apr/2026:00:09:09 +0200] "GET /28-01-2007/ HTTP/1.1" 200 7163 "https://www.afish-ka.ru/09-02-2007/" "Mozilla/5.0 AppleWebKit/537.36 (KHTML, like Gecko; compatible; GPTBot/1.3; +https://openai.com/gptbot)"
74.7.227.21 - - [16/Apr/2026:00:09:10 +0200] "GET /24-01-2007/ HTTP/1.1" 200 6681 "https://www.afish-ka.ru/09-02-2007/" "Mozilla/5.0 AppleWebKit/537.36 (KHTML, like Gecko; compatible; GPTBot/1.3; +https://openai.com/gptbot)"
74.7.227.21 - - [16/Apr/2026:00:09:10 +0200] "GET /14-01-2007/ HTTP/1.1" 200 6165 "https://www.afish-ka.ru/18-02-2007/" "Mozilla/5.0 AppleWebKit/537.36 (KHTML, like Gecko; compatible; GPTBot/1.3; +https://openai.com/gptbot)"
92.222.108.105 - - [16/Apr/2026:00:09:10 +0200] "GET /cinema/films/2356/opinions/ HTTP/1.1" 200 11252 "-" "Mozilla/5.0 (compatible; AhrefsBot/7.0; +http://ahrefs.com/robot/)"
74.7.227.21 - - [16/Apr/2026:00:09:11 +0200] "GET /27-12-2006/ HTTP/1.1" 200 6351 "https://www.afish-ka.ru/31-01-2007/" "Mozilla/5.0 AppleWebKit/537.36 (KHTML, like Gecko; compatible; GPTBot/1.3; +https://openai.com/gptbot)"
185.191.171.3 - - [16/Apr/2026:00:09:11 +0200] "GET /cinema/films/1745/opinions/add/?parent=18002 HTTP/1.1" 200 9511 "-" "Mozilla/5.0 (compatible; SemrushBot/7~bl; +http://www.semrush.com/bot.html)"
74.7.227.21 - - [16/Apr/2026:00:09:11 +0200] "GET /16-01-2007/ HTTP/1.1" 200 6162 "https://www.afish-ka.ru/31-01-2007/" "Mozilla/5.0 AppleWebKit/537.36 (KHTML, like Gecko; compatible; GPTBot/1.3; +https://openai.com/gptbot)"
74.7.227.21 - - [16/Apr/2026:00:09:12 +0200] "GET /19-01-2007/ HTTP/1.1" 200 6833 "https://www.afish-ka.ru/31-01-2007/" "Mozilla/5.0 AppleWebKit/537.36 (KHTML, like Gecko; compatible; GPTBot/1.3; +https://openai.com/gptbot)"
74.7.227.21 - - [16/Apr/2026:00:09:13 +0200] "GET /20-01-2007/ HTTP/1.1" 200 6407 "https://www.afish-ka.ru/31-01-2007/" "Mozilla/5.0 AppleWebKit/537.36 (KHTML, like Gecko; compatible; GPTBot/1.3; +https://openai.com/gptbot)"
116.179.32.165 - - [16/Apr/2026:00:09:13 +0200] "GET /cafe/37/opinions/ HTTP/1.1" 200 76321 "-" "Mozilla/5.0 (compatible; Baiduspider/2.0; +http://www.baidu.com/search/spider.html)"
74.7.227.21 - - [16/Apr/2026:00:09:13 +0200] "GET /17-01-2007/ HTTP/1.1" 200 6160 "https://www.afish-ka.ru/31-01-2007/" "Mozilla/5.0 AppleWebKit/537.36 (KHTML, like Gecko; compatible; GPTBot/1.3; +https://openai.com/gptbot)"
74.7.227.21 - - [16/Apr/2026:00:09:14 +0200] "GET /13-01-2007/ HTTP/1.1" 200 6353 "https://www.afish-ka.ru/25-01-2007/" "Mozilla/5.0 AppleWebKit/537.36 (KHTML, like Gecko; compatible; GPTBot/1.3; +https://openai.com/gptbot)"
74.7.227.21 - - [16/Apr/2026:00:09:14 +0200] "GET /12-01-2007/ HTTP/1.1" 200 6163 "https://www.afish-ka.ru/25-01-2007/" "Mozilla/5.0 AppleWebKit/537.36 (KHTML, like Gecko; compatible; GPTBot/1.3; +https://openai.com/gptbot)"
74.7.227.21 - - [16/Apr/2026:00:09:15 +0200] "GET /17-02-2007/ HTTP/1.1" 200 6980 "https://www.afish-ka.ru/19-02-2007/" "Mozilla/5.0 AppleWebKit/537.36 (KHTML, like Gecko; compatible; GPTBot/1.3; +https://openai.com/gptbot)"
74.7.227.21 - - [16/Apr/2026:00:09:15 +0200] "GET /01-02-2007/ HTTP/1.1" 200 7307 "https://www.afish-ka.ru/14-02-2007/" "Mozilla/5.0 AppleWebKit/537.36 (KHTML, like Gecko; compatible; GPTBot/1.3; +https://openai.com/gptbot)"
74.7.227.21 - - [16/Apr/2026:00:09:16 +0200] "GET /20-12-2006/ HTTP/1.1" 200 6116 "https://www.afish-ka.ru/24-01-2007/" "Mozilla/5.0 AppleWebKit/537.36 (KHTML, like Gecko; compatible; GPTBot/1.3; +https://openai.com/gptbot)"
74.7.227.21 - - [16/Apr/2026:00:09:17 +0200] "GET /28-12-2006/ HTTP/1.1" 200 6166 "https://www.afish-ka.ru/14-01-2007/" "Mozilla/5.0 AppleWebKit/537.36 (KHTML, like Gecko; compatible; GPTBot/1.3; +https://openai.com/gptbot)"
74.7.227.21 - - [16/Apr/2026:00:09:17 +0200] "GET /images/s/actions/174_1.jpg HTTP/1.1" 200 5588 "https://www.afish-ka.ru/27-12-2006/" "Mozilla/5.0 AppleWebKit/537.36 (KHTML, like Gecko; compatible; GPTBot/1.3; +https://openai.com/gptbot)"
74.7.227.21 - - [16/Apr/2026:00:09:18 +0200] "GET /31-12-2006/ HTTP/1.1" 200 5749 "https://www.afish-ka.ru/14-01-2007/" "Mozilla/5.0 AppleWebKit/537.36 (KHTML, like Gecko; compatible; GPTBot/1.3; +https://openai.com/gptbot)"
74.7.227.21 - - [16/Apr/2026:00:09:18 +0200] "GET /23-12-2006/ HTTP/1.1" 200 6219 "https://www.afish-ka.ru/27-12-2006/" "Mozilla/5.0 AppleWebKit/537.36 (KHTML, like Gecko; compatible; GPTBot/1.3; +https://openai.com/gptbot)"
74.7.227.21 - - [16/Apr/2026:00:09:19 +0200] "GET /29-12-2006/ HTTP/1.1" 200 6259 "https://www.afish-ka.ru/14-01-2007/" "Mozilla/5.0 AppleWebKit/537.36 (KHTML, like Gecko; compatible; GPTBot/1.3; +https://openai.com/gptbot)"
74.7.227.21 - - [16/Apr/2026:00:09:19 +0200] "GET /13-12-2006/ HTTP/1.1" 200 6273 "https://www.afish-ka.ru/27-12-2006/" "Mozilla/5.0 AppleWebKit/537.36 (KHTML, like Gecko; compatible; GPTBot/1.3; +https://openai.com/gptbot)"
74.7.227.21 - - [16/Apr/2026:00:09:20 +0200] "GET /09-12-2006/ HTTP/1.1" 200 9967 "https://www.afish-ka.ru/13-01-2007/" "Mozilla/5.0 AppleWebKit/537.36 (KHTML, like Gecko; compatible; GPTBot/1.3; +https://openai.com/gptbot)"
74.7.227.21 - - [16/Apr/2026:00:09:21 +0200] "GET /08-12-2006/ HTTP/1.1" 200 6208 "https://www.afish-ka.ru/12-01-2007/" "Mozilla/5.0 AppleWebKit/537.36 (KHTML, like Gecko; compatible; GPTBot/1.3; +https://openai.com/gptbot)"
74.7.227.21 - - [16/Apr/2026:00:09:21 +0200] "GET /25-12-2006/ HTTP/1.1" 200 6105 "https://www.afish-ka.ru/14-01-2007/" "Mozilla/5.0 AppleWebKit/537.36 (KHTML, like Gecko; compatible; GPTBot/1.3; +https://openai.com/gptbot)"
74.7.227.21 - - [16/Apr/2026:00:09:22 +0200] "GET /30-12-2006/ HTTP/1.1" 200 6258 "https://www.afish-ka.ru/14-01-2007/" "Mozilla/5.0 AppleWebKit/537.36 (KHTML, like Gecko; compatible; GPTBot/1.3; +https://openai.com/gptbot)"
74.7.227.21 - - [16/Apr/2026:00:09:22 +0200] "GET /07-12-2006/ HTTP/1.1" 200 6250 "https://www.afish-ka.ru/20-12-2006/" "Mozilla/5.0 AppleWebKit/537.36 (KHTML, like Gecko; compatible; GPTBot/1.3; +https://openai.com/gptbot)"
74.7.227.21 - - [16/Apr/2026:00:09:23 +0200] "GET /04-12-2006/ HTTP/1.1" 200 6592 "https://www.afish-ka.ru/20-12-2006/" "Mozilla/5.0 AppleWebKit/537.36 (KHTML, like Gecko; compatible; GPTBot/1.3; +https://openai.com/gptbot)"
74.7.227.21 - - [16/Apr/2026:00:09:24 +0200] "GET /23-11-2006/ HTTP/1.1" 200 6442 "https://www.afish-ka.ru/28-12-2006/" "Mozilla/5.0 AppleWebKit/537.36 (KHTML, like Gecko; compatible; GPTBot/1.3; +https://openai.com/gptbot)"
74.7.227.21 - - [16/Apr/2026:00:09:24 +0200] "GET /15-11-2006/ HTTP/1.1" 200 6479 "https://www.afish-ka.ru/20-12-2006/" "Mozilla/5.0 AppleWebKit/537.36 (KHTML, like Gecko; compatible; GPTBot/1.3; +https://openai.com/gptbot)"
74.7.227.21 - - [16/Apr/2026:00:09:25 +0200] "GET /18-11-2006/ HTTP/1.1" 200 6488 "https://www.afish-ka.ru/23-12-2006/" "Mozilla/5.0 AppleWebKit/537.36 (KHTML, like Gecko; compatible; GPTBot/1.3; +https://openai.com/gptbot)"
74.7.227.21 - - [16/Apr/2026:00:09:25 +0200] "GET /10-12-2006/ HTTP/1.1" 200 6206 "https://www.afish-ka.ru/14-01-2007/" "Mozilla/5.0 AppleWebKit/537.36 (KHTML, like Gecko; compatible; GPTBot/1.3; +https://openai.com/gptbot)"
74.7.227.21 - - [16/Apr/2026:00:09:26 +0200] "GET /27-11-2006/ HTTP/1.1" 200 6420 "https://www.afish-ka.ru/13-12-2006/" "Mozilla/5.0 AppleWebKit/537.36 (KHTML, like Gecko; compatible; GPTBot/1.3; +https://openai.com/gptbot)"
74.7.227.21 - - [16/Apr/2026:00:09:27 +0200] "GET /08-11-2006/ HTTP/1.1" 200 6604 "https://www.afish-ka.ru/13-12-2006/" "Mozilla/5.0 AppleWebKit/537.36 (KHTML, like Gecko; compatible; GPTBot/1.3; +https://openai.com/gptbot)"
74.7.227.21 - - [16/Apr/2026:00:09:27 +0200] "GET /28-11-2006/ HTTP/1.1" 200 6423 "https://www.afish-ka.ru/13-12-2006/" "Mozilla/5.0 AppleWebKit/537.36 (KHTML, like Gecko; compatible; GPTBot/1.3; +https://openai.com/gptbot)"
74.7.227.21 - - [16/Apr/2026:00:09:28 +0200] "GET /25-11-2006/ HTTP/1.1" 200 6415 "https://www.afish-ka.ru/09-12-2006/" "Mozilla/5.0 AppleWebKit/537.36 (KHTML, like Gecko; compatible; GPTBot/1.3; +https://openai.com/gptbot)"
74.7.227.21 - - [16/Apr/2026:00:09:28 +0200] "GET /29-11-2006/ HTTP/1.1" 200 6416 "https://www.afish-ka.ru/13-12-2006/" "Mozilla/5.0 AppleWebKit/537.36 (KHTML, like Gecko; compatible; GPTBot/1.3; +https://openai.com/gptbot)"
74.7.227.21 - - [16/Apr/2026:00:09:29 +0200] "GET /21-11-2006/ HTTP/1.1" 200 6470 "https://www.afish-ka.ru/09-12-2006/" "Mozilla/5.0 AppleWebKit/537.36 (KHTML, like Gecko; compatible; GPTBot/1.3; +https://openai.com/gptbot)"
74.7.227.21 - - [16/Apr/2026:00:09:30 +0200] "GET /30-10-2006/ HTTP/1.1" 200 6799 "https://www.afish-ka.ru/04-12-2006/" "Mozilla/5.0 AppleWebKit/537.36 (KHTML, like Gecko; compatible; GPTBot/1.3; +https://openai.com/gptbot)"
74.7.227.21 - - [16/Apr/2026:00:09:30 +0200] "GET /07-11-2006/ HTTP/1.1" 200 6389 "https://www.afish-ka.ru/23-11-2006/" "Mozilla/5.0 AppleWebKit/537.36 (KHTML, like Gecko; compatible; GPTBot/1.3; +https://openai.com/gptbot)"
74.7.227.21 - - [16/Apr/2026:00:09:31 +0200] "GET /19-10-2006/ HTTP/1.1" 200 6991 "https://www.afish-ka.ru/23-11-2006/" "Mozilla/5.0 AppleWebKit/537.36 (KHTML, like Gecko; compatible; GPTBot/1.3; +https://openai.com/gptbot)"
74.7.227.21 - - [16/Apr/2026:00:09:31 +0200] "GET /05-11-2006/ HTTP/1.1" 200 5838 "https://www.afish-ka.ru/15-11-2006/" "Mozilla/5.0 AppleWebKit/537.36 (KHTML, like Gecko; compatible; GPTBot/1.3; +https://openai.com/gptbot)"
114.119.146.120 - - [16/Apr/2026:00:09:32 +0200] "GET /cinema/films/1255 HTTP/1.1" 200 11172 "https://www.afish-ka.ru/cinema/films/1255/opinions/add?parent=13357" "Mozilla/5.0 (Linux; Android 7.0;) AppleWebKit/537.36 (KHTML, like Gecko) Mobile Safari/537.36 (compatible; PetalBot;+https://webmaster.petalsearch.com/site/petalbot)"
74.7.227.21 - - [16/Apr/2026:00:09:32 +0200] "GET /19-11-2006/ HTTP/1.1" 200 6490 "https://www.afish-ka.ru/23-11-2006/" "Mozilla/5.0 AppleWebKit/537.36 (KHTML, like Gecko; compatible; GPTBot/1.3; +https://openai.com/gptbot)"
74.7.227.21 - - [16/Apr/2026:00:09:33 +0200] "GET /13-11-2006/ HTTP/1.1" 200 6461 "https://www.afish-ka.ru/23-11-2006/" "Mozilla/5.0 AppleWebKit/537.36 (KHTML, like Gecko; compatible; GPTBot/1.3; +https://openai.com/gptbot)"
74.7.227.21 - - [16/Apr/2026:00:09:33 +0200] "GET /29-10-2006/ HTTP/1.1" 200 7002 "https://www.afish-ka.ru/08-11-2006/" "Mozilla/5.0 AppleWebKit/537.36 (KHTML, like Gecko; compatible; GPTBot/1.3; +https://openai.com/gptbot)"
74.7.227.21 - - [16/Apr/2026:00:09:34 +0200] "GET /28-10-2006/ HTTP/1.1" 200 7107 "https://www.afish-ka.ru/08-11-2006/" "Mozilla/5.0 AppleWebKit/537.36 (KHTML, like Gecko; compatible; GPTBot/1.3; +https://openai.com/gptbot)"
74.7.227.21 - - [16/Apr/2026:00:09:34 +0200] "GET /25-10-2006/ HTTP/1.1" 200 6964 "https://www.afish-ka.ru/08-11-2006/" "Mozilla/5.0 AppleWebKit/537.36 (KHTML, like Gecko; compatible; GPTBot/1.3; +https://openai.com/gptbot)"
74.7.227.21 - - [16/Apr/2026:00:09:35 +0200] "GET /27-10-2006/ HTTP/1.1" 200 6793 "https://www.afish-ka.ru/08-11-2006/" "Mozilla/5.0 AppleWebKit/537.36 (KHTML, like Gecko; compatible; GPTBot/1.3; +https://openai.com/gptbot)"
74.7.227.21 - - [16/Apr/2026:00:09:35 +0200] "GET /31-10-2006/ HTTP/1.1" 200 6898 "https://www.afish-ka.ru/15-11-2006/" "Mozilla/5.0 AppleWebKit/537.36 (KHTML, like Gecko; compatible; GPTBot/1.3; +https://openai.com/gptbot)"
92.222.104.202 - - [16/Apr/2026:00:09:36 +0200] "GET /cinema/films/4659/opinions/ HTTP/1.1" 200 9321 "-" "Mozilla/5.0 (compatible; AhrefsBot/7.0; +http://ahrefs.com/robot/)"
74.7.227.21 - - [16/Apr/2026:00:09:36 +0200] "GET /25-09-2006/ HTTP/1.1" 200 6324 "https://www.afish-ka.ru/30-10-2006/" "Mozilla/5.0 AppleWebKit/537.36 (KHTML, like Gecko; compatible; GPTBot/1.3; +https://openai.com/gptbot)"
74.7.227.21 - - [16/Apr/2026:00:09:37 +0200] "GET /18-10-2006/ HTTP/1.1" 200 6452 "https://www.afish-ka.ru/30-10-2006/" "Mozilla/5.0 AppleWebKit/537.36 (KHTML, like Gecko; compatible; GPTBot/1.3; +https://openai.com/gptbot)"
74.7.227.21 - - [16/Apr/2026:00:09:37 +0200] "GET /14-09-2006/ HTTP/1.1" 200 6645 "https://www.afish-ka.ru/19-10-2006/" "Mozilla/5.0 AppleWebKit/537.36 (KHTML, like Gecko; compatible; GPTBot/1.3; +https://openai.com/gptbot)"
74.7.227.21 - - [16/Apr/2026:00:09:38 +0200] "GET /01-10-2006/ HTTP/1.1" 200 6366 "https://www.afish-ka.ru/05-11-2006/" "Mozilla/5.0 AppleWebKit/537.36 (KHTML, like Gecko; compatible; GPTBot/1.3; +https://openai.com/gptbot)"
85.208.96.209 - - [16/Apr/2026:00:09:38 +0200] "GET /cinema/films/3069/opinions/add/?parent=28825 HTTP/1.1" 200 9550 "-" "Mozilla/5.0 (compatible; SemrushBot/7~bl; +http://www.semrush.com/bot.html)"
74.7.227.21 - - [16/Apr/2026:00:09:38 +0200] "GET /15-10-2006/ HTTP/1.1" 200 6455 "https://www.afish-ka.ru/19-10-2006/" "Mozilla/5.0 AppleWebKit/537.36 (KHTML, like Gecko; compatible; GPTBot/1.3; +https://openai.com/gptbot)"
74.7.227.21 - - [16/Apr/2026:00:09:39 +0200] "GET /17-11-2006/ HTTP/1.1" 200 6489 "https://www.afish-ka.ru/23-11-2006/" "Mozilla/5.0 AppleWebKit/537.36 (KHTML, like Gecko; compatible; GPTBot/1.3; +https://openai.com/gptbot)"
74.7.227.21 - - [16/Apr/2026:00:09:39 +0200] "GET /24-09-2006/ HTTP/1.1" 200 6327 "https://www.afish-ka.ru/29-10-2006/" "Mozilla/5.0 AppleWebKit/537.36 (KHTML, like Gecko; compatible; GPTBot/1.3; +https://openai.com/gptbot)"
185.191.171.5 - - [16/Apr/2026:00:09:40 +0200] "GET /cafe/276/opinions/add/?parent=44136 HTTP/1.1" 200 9529 "-" "Mozilla/5.0 (compatible; SemrushBot/7~bl; +http://www.semrush.com/bot.html)"
74.7.227.21 - - [16/Apr/2026:00:09:40 +0200] "GET /09-11-2006/ HTTP/1.1" 200 6390 "https://www.afish-ka.ru/23-11-2006/" "Mozilla/5.0 AppleWebKit/537.36 (KHTML, like Gecko; compatible; GPTBot/1.3; +https://openai.com/gptbot)"
74.7.227.21 - - [16/Apr/2026:00:09:41 +0200] "GET /02-10-2006/ HTTP/1.1" 200 6085 "https://www.afish-ka.ru/19-10-2006/" "Mozilla/5.0 AppleWebKit/537.36 (KHTML, like Gecko; compatible; GPTBot/1.3; +https://openai.com/gptbot)"
74.7.227.21 - - [16/Apr/2026:00:09:41 +0200] "GET /05-02-2007/ HTTP/1.1" 200 7490 "https://www.afish-ka.ru/12-03-2007/" "Mozilla/5.0 AppleWebKit/537.36 (KHTML, like Gecko; compatible; GPTBot/1.3; +https://openai.com/gptbot)"
74.7.227.21 - - [16/Apr/2026:00:09:42 +0200] "GET /16-02-2016/ HTTP/1.1" 200 9434 "https://www.afish-ka.ru/22-03-2016/" "Mozilla/5.0 AppleWebKit/537.36 (KHTML, like Gecko; compatible; GPTBot/1.3; +https://openai.com/gptbot)"
74.7.227.21 - - [16/Apr/2026:00:09:42 +0200] "GET /27-09-2006/ HTTP/1.1" 200 6050 "https://www.afish-ka.ru/25-09-2006/" "Mozilla/5.0 AppleWebKit/537.36 (KHTML, like Gecko; compatible; GPTBot/1.3; +https://openai.com/gptbot)"
74.7.227.21 - - [16/Apr/2026:00:09:43 +0200] "GET /21-09-2006/ HTTP/1.1" 200 6328 "https://www.afish-ka.ru/25-09-2006/" "Mozilla/5.0 AppleWebKit/537.36 (KHTML, like Gecko; compatible; GPTBot/1.3; +https://openai.com/gptbot)"
74.7.227.21 - - [16/Apr/2026:00:09:43 +0200] "GET /04-09-2006/ HTTP/1.1" 200 6160 "https://www.afish-ka.ru/14-09-2006/" "Mozilla/5.0 AppleWebKit/537.36 (KHTML, like Gecko; compatible; GPTBot/1.3; +https://openai.com/gptbot)"
85.208.96.206 - - [16/Apr/2026:00:09:43 +0200] "GET /cinema/films/3428/opinions/add/?parent=32103 HTTP/1.1" 200 9550 "-" "Mozilla/5.0 (compatible; SemrushBot/7~bl; +http://www.semrush.com/bot.html)"
74.7.227.21 - - [16/Apr/2026:00:09:44 +0200] "GET /15-09-2006/ HTTP/1.1" 200 6404 "https://www.afish-ka.ru/25-09-2006/" "Mozilla/5.0 AppleWebKit/537.36 (KHTML, like Gecko; compatible; GPTBot/1.3; +https://openai.com/gptbot)"
74.7.227.21 - - [16/Apr/2026:00:09:45 +0200] "GET /19-09-2006/ HTTP/1.1" 200 6676 "https://www.afish-ka.ru/25-09-2006/" "Mozilla/5.0 AppleWebKit/537.36 (KHTML, like Gecko; compatible; GPTBot/1.3; +https://openai.com/gptbot)"
74.7.227.21 - - [16/Apr/2026:00:09:45 +0200] "GET /29-08-2006/ HTTP/1.1" 200 6430 "https://www.afish-ka.ru/14-09-2006/" "Mozilla/5.0 AppleWebKit/537.36 (KHTML, like Gecko; compatible; GPTBot/1.3; +https://openai.com/gptbot)"
74.7.227.21 - - [16/Apr/2026:00:09:46 +0200] "GET /13-09-2006/ HTTP/1.1" 200 6193 "https://www.afish-ka.ru/25-09-2006/" "Mozilla/5.0 AppleWebKit/537.36 (KHTML, like Gecko; compatible; GPTBot/1.3; +https://openai.com/gptbot)"
74.7.227.21 - - [16/Apr/2026:00:09:46 +0200] "GET /12-09-2006/ HTTP/1.1" 200 6193 "https://www.afish-ka.ru/25-09-2006/" "Mozilla/5.0 AppleWebKit/537.36 (KHTML, like Gecko; compatible; GPTBot/1.3; +https://openai.com/gptbot)"
74.7.227.21 - - [16/Apr/2026:00:09:47 +0200] "GET /21-08-2006/ HTTP/1.1" 200 6976 "https://www.afish-ka.ru/25-09-2006/" "Mozilla/5.0 AppleWebKit/537.36 (KHTML, like Gecko; compatible; GPTBot/1.3; +https://openai.com/gptbot)"
74.7.227.21 - - [16/Apr/2026:00:09:47 +0200] "GET /11-09-2006/ HTTP/1.1" 200 6199 "https://www.afish-ka.ru/25-09-2006/" "Mozilla/5.0 AppleWebKit/537.36 (KHTML, like Gecko; compatible; GPTBot/1.3; +https://openai.com/gptbot)"
74.7.227.21 - - [16/Apr/2026:00:09:48 +0200] "GET /16-09-2006/ HTTP/1.1" 200 6677 "https://www.afish-ka.ru/25-09-2006/" "Mozilla/5.0 AppleWebKit/537.36 (KHTML, like Gecko; compatible; GPTBot/1.3; +https://openai.com/gptbot)"
47.128.117.232 - - [16/Apr/2026:00:09:48 +0200] "GET /cafe/actions/1963/ HTTP/1.1" 200 10541 "-" "Mozilla/5.0 (Linux; Android 5.0) AppleWebKit/537.36 (KHTML, like Gecko) Mobile Safari/537.36 (compatible; TikTokSpider; ttspider-feedback@tiktok.com)"
47.128.117.232 - - [16/Apr/2026:00:09:49 +0200] "GET /images/s/posters/1963.jpg HTTP/1.1" 206 909 "https://www.afish-ka.ru/cafe/actions/1963/" "Mozilla/5.0 (Linux; Android 5.0) AppleWebKit/537.36 (KHTML, like Gecko) Mobile Safari/537.36 (compatible; TikTokSpider; ttspider-feedback@tiktok.com)"
74.7.227.21 - - [16/Apr/2026:00:09:49 +0200] "GET /23-08-2006/ HTTP/1.1" 200 7144 "https://www.afish-ka.ru/27-09-2006/" "Mozilla/5.0 AppleWebKit/537.36 (KHTML, like Gecko; compatible; GPTBot/1.3; +https://openai.com/gptbot)"
47.128.117.232 - - [16/Apr/2026:00:09:49 +0200] "GET /images/s/actions/1963_1.jpg HTTP/1.1" 206 908 "https://www.afish-ka.ru/cafe/actions/1963/" "Mozilla/5.0 (Linux; Android 5.0) AppleWebKit/537.36 (KHTML, like Gecko) Mobile Safari/537.36 (compatible; TikTokSpider; ttspider-feedback@tiktok.com)"
74.7.227.21 - - [16/Apr/2026:00:09:49 +0200] "GET /17-08-2006/ HTTP/1.1" 200 7179 "https://www.afish-ka.ru/21-09-2006/" "Mozilla/5.0 AppleWebKit/537.36 (KHTML, like Gecko; compatible; GPTBot/1.3; +https://openai.com/gptbot)"
74.7.227.21 - - [16/Apr/2026:00:09:50 +0200] "GET /31-07-2006/ HTTP/1.1" 200 6144 "https://www.afish-ka.ru/04-09-2006/" "Mozilla/5.0 AppleWebKit/537.36 (KHTML, like Gecko; compatible; GPTBot/1.3; +https://openai.com/gptbot)"
74.7.227.21 - - [16/Apr/2026:00:09:50 +0200] "GET /26-08-2006/ HTTP/1.1" 200 6165 "https://www.afish-ka.ru/04-09-2006/" "Mozilla/5.0 AppleWebKit/537.36 (KHTML, like Gecko; compatible; GPTBot/1.3; +https://openai.com/gptbot)"
74.7.227.21 - - [16/Apr/2026:00:09:51 +0200] "GET /06-09-2006/ HTTP/1.1" 200 6154 "https://www.afish-ka.ru/14-09-2006/" "Mozilla/5.0 AppleWebKit/537.36 (KHTML, like Gecko; compatible; GPTBot/1.3; +https://openai.com/gptbot)"
17.241.219.145 - - [16/Apr/2026:00:09:51 +0200] "GET /cinema/films/5509/ HTTP/1.1" 200 10590 "-" "Mozilla/5.0 (Macintosh; Intel Mac OS X 10_15_7) AppleWebKit/605.1.15 (KHTML, like Gecko) Version/17.4 Safari/605.1.15 (Applebot/0.1; +http://www.apple.com/go/applebot)"
74.7.227.21 - - [16/Apr/2026:00:09:52 +0200] "GET /16-08-2006/ HTTP/1.1" 200 7177 "https://www.afish-ka.ru/29-08-2006/" "Mozilla/5.0 AppleWebKit/537.36 (KHTML, like Gecko; compatible; GPTBot/1.3; +https://openai.com/gptbot)"
74.7.227.21 - - [16/Apr/2026:00:09:52 +0200] "GET /14-08-2006/ HTTP/1.1" 200 7181 "https://www.afish-ka.ru/29-08-2006/" "Mozilla/5.0 AppleWebKit/537.36 (KHTML, like Gecko; compatible; GPTBot/1.3; +https://openai.com/gptbot)"
74.7.227.21 - - [16/Apr/2026:00:09:53 +0200] "GET /18-08-2006/ HTTP/1.1" 200 6973 "https://www.afish-ka.ru/29-08-2006/" "Mozilla/5.0 AppleWebKit/537.36 (KHTML, like Gecko; compatible; GPTBot/1.3; +https://openai.com/gptbot)"
74.7.227.21 - - [16/Apr/2026:00:09:53 +0200] "GET /cinema/films/103/opinions/add/ HTTP/1.1" 200 5767 "https://www.afish-ka.ru/21-08-2006/" "Mozilla/5.0 AppleWebKit/537.36 (KHTML, like Gecko; compatible; GPTBot/1.3; +https://openai.com/gptbot)"
74.7.227.21 - - [16/Apr/2026:00:09:54 +0200] "GET /13-08-2006/ HTTP/1.1" 200 7175 "https://www.afish-ka.ru/21-08-2006/" "Mozilla/5.0 AppleWebKit/537.36 (KHTML, like Gecko; compatible; GPTBot/1.3; +https://openai.com/gptbot)"
74.7.227.21 - - [16/Apr/2026:00:09:54 +0200] "GET /17-07-2006/ HTTP/1.1" 200 6339 "https://www.afish-ka.ru/21-08-2006/" "Mozilla/5.0 AppleWebKit/537.36 (KHTML, like Gecko; compatible; GPTBot/1.3; +https://openai.com/gptbot)"
74.7.227.21 - - [16/Apr/2026:00:09:55 +0200] "GET /12-08-2006/ HTTP/1.1" 200 7173 "https://www.afish-ka.ru/21-08-2006/" "Mozilla/5.0 AppleWebKit/537.36 (KHTML, like Gecko; compatible; GPTBot/1.3; +https://openai.com/gptbot)"
74.7.227.21 - - [16/Apr/2026:00:09:56 +0200] "GET /13-07-2006/ HTTP/1.1" 200 6338 "https://www.afish-ka.ru/17-08-2006/" "Mozilla/5.0 AppleWebKit/537.36 (KHTML, like Gecko; compatible; GPTBot/1.3; +https://openai.com/gptbot)"
74.7.227.21 - - [16/Apr/2026:00:09:56 +0200] "GET /18-07-2006/ HTTP/1.1" 200 6338 "https://www.afish-ka.ru/31-07-2006/" "Mozilla/5.0 AppleWebKit/537.36 (KHTML, like Gecko; compatible; GPTBot/1.3; +https://openai.com/gptbot)"
74.7.227.21 - - [16/Apr/2026:00:09:57 +0200] "GET /23-07-2006/ HTTP/1.1" 200 5996 "https://www.afish-ka.ru/31-07-2006/" "Mozilla/5.0 AppleWebKit/537.36 (KHTML, like Gecko; compatible; GPTBot/1.3; +https://openai.com/gptbot)"
74.7.227.21 - - [16/Apr/2026:00:09:57 +0200] "GET /29-07-2006/ HTTP/1.1" 200 6138 "https://www.afish-ka.ru/31-07-2006/" "Mozilla/5.0 AppleWebKit/537.36 (KHTML, like Gecko; compatible; GPTBot/1.3; +https://openai.com/gptbot)"
74.7.227.21 - - [16/Apr/2026:00:09:58 +0200] "GET /12-07-2006/ HTTP/1.1" 200 6824 "https://www.afish-ka.ru/16-08-2006/" "Mozilla/5.0 AppleWebKit/537.36 (KHTML, like Gecko; compatible; GPTBot/1.3; +https://openai.com/gptbot)"
74.7.227.21 - - [16/Apr/2026:00:09:58 +0200] "GET /25-07-2006/ HTTP/1.1" 200 5990 "https://www.afish-ka.ru/29-08-2006/" "Mozilla/5.0 AppleWebKit/537.36 (KHTML, like Gecko; compatible; GPTBot/1.3; +https://openai.com/gptbot)"
74.7.227.21 - - [16/Apr/2026:00:09:59 +0200] "GET /30-07-2006/ HTTP/1.1" 200 6142 "https://www.afish-ka.ru/31-07-2006/" "Mozilla/5.0 AppleWebKit/537.36 (KHTML, like Gecko; compatible; GPTBot/1.3; +https://openai.com/gptbot)"
74.7.227.21 - - [16/Apr/2026:00:09:59 +0200] "GET /01-08-2006/ HTTP/1.1" 200 6142 "https://www.afish-ka.ru/17-08-2006/" "Mozilla/5.0 AppleWebKit/537.36 (KHTML, like Gecko; compatible; GPTBot/1.3; +https://openai.com/gptbot)"
74.7.227.21 - - [16/Apr/2026:00:10:00 +0200] "GET /26-06-2006/ HTTP/1.1" 200 5985 "https://www.afish-ka.ru/31-07-2006/" "Mozilla/5.0 AppleWebKit/537.36 (KHTML, like Gecko; compatible; GPTBot/1.3; +https://openai.com/gptbot)"
74.7.227.21 - - [16/Apr/2026:00:10:01 +0200] "GET /11-07-2006/ HTTP/1.1" 200 6825 "https://www.afish-ka.ru/17-07-2006/" "Mozilla/5.0 AppleWebKit/537.36 (KHTML, like Gecko; compatible; GPTBot/1.3; +https://openai.com/gptbot)"
74.7.227.21 - - [16/Apr/2026:00:10:01 +0200] "GET /15-07-2006/ HTTP/1.1" 200 6332 "https://www.afish-ka.ru/17-07-2006/" "Mozilla/5.0 AppleWebKit/537.36 (KHTML, like Gecko; compatible; GPTBot/1.3; +https://openai.com/gptbot)"
74.7.227.21 - - [16/Apr/2026:00:10:02 +0200] "GET /29-06-2006/ HTTP/1.1" 200 6310 "https://www.afish-ka.ru/13-07-2006/" "Mozilla/5.0 AppleWebKit/537.36 (KHTML, like Gecko; compatible; GPTBot/1.3; +https://openai.com/gptbot)"
37.59.204.141 - - [16/Apr/2026:00:10:02 +0200] "GET /cinema/films/2205/ HTTP/1.1" 200 10907 "-" "Mozilla/5.0 (compatible; AhrefsBot/7.0; +http://ahrefs.com/robot/)"
74.7.227.21 - - [16/Apr/2026:00:10:02 +0200] "GET /13-06-2006/ HTTP/1.1" 200 6171 "https://www.afish-ka.ru/18-07-2006/" "Mozilla/5.0 AppleWebKit/537.36 (KHTML, like Gecko; compatible; GPTBot/1.3; +https://openai.com/gptbot)"
74.7.227.21 - - [16/Apr/2026:00:10:03 +0200] "GET /18-06-2006/ HTTP/1.1" 200 6223 "https://www.afish-ka.ru/23-07-2006/" "Mozilla/5.0 AppleWebKit/537.36 (KHTML, like Gecko; compatible; GPTBot/1.3; +https://openai.com/gptbot)"
74.7.227.21 - - [16/Apr/2026:00:10:03 +0200] "GET /28-06-2006/ HTTP/1.1" 200 5980 "https://www.afish-ka.ru/13-07-2006/" "Mozilla/5.0 AppleWebKit/537.36 (KHTML, like Gecko; compatible; GPTBot/1.3; +https://openai.com/gptbot)"
114.119.146.120 - - [16/Apr/2026:00:10:03 +0200] "GET /cinema/films/122 HTTP/1.1" 200 10525 "https://www.afish-ka.ru/cinema/films/122/opinions" "Mozilla/5.0 (Linux; Android 7.0;) AppleWebKit/537.36 (KHTML, like Gecko) Mobile Safari/537.36 (compatible; PetalBot;+https://webmaster.petalsearch.com/site/petalbot)"
74.7.227.21 - - [16/Apr/2026:00:10:04 +0200] "GET /08-07-2006/ HTTP/1.1" 200 6818 "https://www.afish-ka.ru/17-07-2006/" "Mozilla/5.0 AppleWebKit/537.36 (KHTML, like Gecko; compatible; GPTBot/1.3; +https://openai.com/gptbot)"
74.7.227.21 - - [16/Apr/2026:00:10:04 +0200] "GET /20-07-2006/ HTTP/1.1" 200 6018 "https://www.afish-ka.ru/31-07-2006/" "Mozilla/5.0 AppleWebKit/537.36 (KHTML, like Gecko; compatible; GPTBot/1.3; +https://openai.com/gptbot)"
74.7.227.21 - - [16/Apr/2026:00:10:05 +0200] "GET /24-06-2006/ HTTP/1.1" 200 5982 "https://www.afish-ka.ru/29-07-2006/" "Mozilla/5.0 AppleWebKit/537.36 (KHTML, like Gecko; compatible; GPTBot/1.3; +https://openai.com/gptbot)"
74.7.227.21 - - [16/Apr/2026:00:10:06 +0200] "GET /09-07-2006/ HTTP/1.1" 200 6819 "https://www.afish-ka.ru/13-08-2006/" "Mozilla/5.0 AppleWebKit/537.36 (KHTML, like Gecko; compatible; GPTBot/1.3; +https://openai.com/gptbot)"
74.7.227.21 - - [16/Apr/2026:00:10:06 +0200] "GET /19-06-2006/ HTTP/1.1" 200 6224 "https://www.afish-ka.ru/26-06-2006/" "Mozilla/5.0 AppleWebKit/537.36 (KHTML, like Gecko; compatible; GPTBot/1.3; +https://openai.com/gptbot)"
74.7.227.21 - - [16/Apr/2026:00:10:07 +0200] "GET /15-06-2006/ HTTP/1.1" 200 6246 "https://www.afish-ka.ru/26-06-2006/" "Mozilla/5.0 AppleWebKit/537.36 (KHTML, like Gecko; compatible; GPTBot/1.3; +https://openai.com/gptbot)"
74.7.227.21 - - [16/Apr/2026:00:10:07 +0200] "GET /21-06-2006/ HTTP/1.1" 200 6218 "https://www.afish-ka.ru/26-06-2006/" "Mozilla/5.0 AppleWebKit/537.36 (KHTML, like Gecko; compatible; GPTBot/1.3; +https://openai.com/gptbot)"
74.7.227.21 - - [16/Apr/2026:00:10:08 +0200] "GET /16-06-2006/ HTTP/1.1" 200 6222 "https://www.afish-ka.ru/26-06-2006/" "Mozilla/5.0 AppleWebKit/537.36 (KHTML, like Gecko; compatible; GPTBot/1.3; +https://openai.com/gptbot)"
74.7.227.21 - - [16/Apr/2026:00:10:09 +0200] "GET /04-08-2006/ HTTP/1.1" 200 6499 "https://www.afish-ka.ru/17-08-2006/" "Mozilla/5.0 AppleWebKit/537.36 (KHTML, like Gecko; compatible; GPTBot/1.3; +https://openai.com/gptbot)"
74.7.227.21 - - [16/Apr/2026:00:10:09 +0200] "GET /14-05-2006/ HTTP/1.1" 200 6431 "https://www.afish-ka.ru/18-06-2006/" "Mozilla/5.0 AppleWebKit/537.36 (KHTML, like Gecko; compatible; GPTBot/1.3; +https://openai.com/gptbot)"
74.7.227.21 - - [16/Apr/2026:00:10:10 +0200] "GET /24-05-2006/ HTTP/1.1" 200 6503 "https://www.afish-ka.ru/28-06-2006/" "Mozilla/5.0 AppleWebKit/537.36 (KHTML, like Gecko; compatible; GPTBot/1.3; +https://openai.com/gptbot)"
74.7.227.21 - - [16/Apr/2026:00:10:10 +0200] "GET /12-10-2019/ HTTP/1.1" 200 9266 "https://www.afish-ka.ru/24-09-2019/" "Mozilla/5.0 AppleWebKit/537.36 (KHTML, like Gecko; compatible; GPTBot/1.3; +https://openai.com/gptbot)"
74.7.227.21 - - [16/Apr/2026:00:10:11 +0200] "GET /11-09-2011/ HTTP/1.1" 200 8130 "https://www.afish-ka.ru/07-08-2011/" "Mozilla/5.0 AppleWebKit/537.36 (KHTML, like Gecko; compatible; GPTBot/1.3; +https://openai.com/gptbot)"
74.7.227.21 - - [16/Apr/2026:00:10:11 +0200] "GET /18-08-2011/ HTTP/1.1" 200 8208 "https://www.afish-ka.ru/05-08-2011/" "Mozilla/5.0 AppleWebKit/537.36 (KHTML, like Gecko; compatible; GPTBot/1.3; +https://openai.com/gptbot)"
74.7.227.21 - - [16/Apr/2026:00:10:12 +0200] "GET /01-08-2007/ HTTP/1.1" 200 7010 "https://www.afish-ka.ru/15-08-2007/" "Mozilla/5.0 AppleWebKit/537.36 (KHTML, like Gecko; compatible; GPTBot/1.3; +https://openai.com/gptbot)"
74.7.227.21 - - [16/Apr/2026:00:10:13 +0200] "GET /15-05-2006/ HTTP/1.1" 200 6436 "https://www.afish-ka.ru/19-06-2006/" "Mozilla/5.0 AppleWebKit/537.36 (KHTML, like Gecko; compatible; GPTBot/1.3; +https://openai.com/gptbot)"
74.7.227.21 - - [16/Apr/2026:00:10:13 +0200] "GET /11-05-2006/ HTTP/1.1" 200 6459 "https://www.afish-ka.ru/15-06-2006/" "Mozilla/5.0 AppleWebKit/537.36 (KHTML, like Gecko; compatible; GPTBot/1.3; +https://openai.com/gptbot)"
74.7.227.21 - - [16/Apr/2026:00:10:14 +0200] "GET /17-05-2006/ HTTP/1.1" 200 6431 "https://www.afish-ka.ru/21-06-2006/" "Mozilla/5.0 AppleWebKit/537.36 (KHTML, like Gecko; compatible; GPTBot/1.3; +https://openai.com/gptbot)"
74.7.227.21 - - [16/Apr/2026:00:10:15 +0200] "GET /12-05-2006/ HTTP/1.1" 200 6714 "https://www.afish-ka.ru/16-06-2006/" "Mozilla/5.0 AppleWebKit/537.36 (KHTML, like Gecko; compatible; GPTBot/1.3; +https://openai.com/gptbot)"
74.7.227.21 - - [16/Apr/2026:00:10:15 +0200] "GET /21-06-2016/ HTTP/1.1" 200 9942 "https://www.afish-ka.ru/03-07-2016/" "Mozilla/5.0 AppleWebKit/537.36 (KHTML, like Gecko; compatible; GPTBot/1.3; +https://openai.com/gptbot)"
74.7.227.21 - - [16/Apr/2026:00:10:16 +0200] "GET /23-05-2006/ HTTP/1.1" 200 6505 "https://www.afish-ka.ru/14-05-2006/" "Mozilla/5.0 AppleWebKit/537.36 (KHTML, like Gecko; compatible; GPTBot/1.3; +https://openai.com/gptbot)"
74.7.227.21 - - [16/Apr/2026:00:10:16 +0200] "GET /27-05-2006/ HTTP/1.1" 200 6001 "https://www.afish-ka.ru/14-05-2006/" "Mozilla/5.0 AppleWebKit/537.36 (KHTML, like Gecko; compatible; GPTBot/1.3; +https://openai.com/gptbot)"
74.7.227.21 - - [16/Apr/2026:00:10:17 +0200] "GET /29-04-2006/ HTTP/1.1" 200 6712 "https://www.afish-ka.ru/14-05-2006/" "Mozilla/5.0 AppleWebKit/537.36 (KHTML, like Gecko; compatible; GPTBot/1.3; +https://openai.com/gptbot)"
74.7.227.21 - - [16/Apr/2026:00:10:17 +0200] "GET /19-04-2006/ HTTP/1.1" 200 6465 "https://www.afish-ka.ru/24-05-2006/" "Mozilla/5.0 AppleWebKit/537.36 (KHTML, like Gecko; compatible; GPTBot/1.3; +https://openai.com/gptbot)"
74.7.227.21 - - [16/Apr/2026:00:10:18 +0200] "GET /13-05-2006/ HTTP/1.1" 200 6844 "https://www.afish-ka.ru/14-05-2006/" "Mozilla/5.0 AppleWebKit/537.36 (KHTML, like Gecko; compatible; GPTBot/1.3; +https://openai.com/gptbot)"
74.7.227.21 - - [16/Apr/2026:00:10:19 +0200] "GET /27-04-2006/ HTTP/1.1" 200 10267 "https://www.afish-ka.ru/14-05-2006/" "Mozilla/5.0 AppleWebKit/537.36 (KHTML, like Gecko; compatible; GPTBot/1.3; +https://openai.com/gptbot)"
74.7.227.21 - - [16/Apr/2026:00:10:19 +0200] "GET /28-04-2006/ HTTP/1.1" 200 6479 "https://www.afish-ka.ru/14-05-2006/" "Mozilla/5.0 AppleWebKit/537.36 (KHTML, like Gecko; compatible; GPTBot/1.3; +https://openai.com/gptbot)"
74.7.227.21 - - [16/Apr/2026:00:10:20 +0200] "GET /16-05-2006/ HTTP/1.1" 200 6435 "https://www.afish-ka.ru/14-05-2006/" "Mozilla/5.0 AppleWebKit/537.36 (KHTML, like Gecko; compatible; GPTBot/1.3; +https://openai.com/gptbot)"
74.7.227.21 - - [16/Apr/2026:00:10:21 +0200] "GET /12-04-2006/ HTTP/1.1" 200 6437 "https://www.afish-ka.ru/17-05-2006/" "Mozilla/5.0 AppleWebKit/537.36 (KHTML, like Gecko; compatible; GPTBot/1.3; +https://openai.com/gptbot)"
74.7.227.21 - - [16/Apr/2026:00:10:21 +0200] "GET /26-04-2006/ HTTP/1.1" 200 6328 "https://www.afish-ka.ru/14-05-2006/" "Mozilla/5.0 AppleWebKit/537.36 (KHTML, like Gecko; compatible; GPTBot/1.3; +https://openai.com/gptbot)"
129.226.184.211 - - [16/Apr/2026:00:10:21 +0200] "GET /theater/actions/3124/theater/actions/3124/opinions/add/theater/actions/3124/opinions/add/ HTTP/1.1" 200 10178 "-" "Mozilla/5.0 (Windows NT 10.0; Win64; x64) AppleWebKit/537.36 (KHTML, like Gecko) Chrome/142.0.0.0 Safari/537.36"
74.7.227.21 - - [16/Apr/2026:00:10:22 +0200] "GET /26-12-2010/ HTTP/1.1" 200 8461 "https://www.afish-ka.ru/cinema/films/1255/" "Mozilla/5.0 AppleWebKit/537.36 (KHTML, like Gecko; compatible; GPTBot/1.3; +https://openai.com/gptbot)"
74.7.227.21 - - [16/Apr/2026:00:10:22 +0200] "GET /18-04-2006/ HTTP/1.1" 200 6468 "https://www.afish-ka.ru/23-05-2006/" "Mozilla/5.0 AppleWebKit/537.36 (KHTML, like Gecko; compatible; GPTBot/1.3; +https://openai.com/gptbot)"
74.7.227.21 - - [16/Apr/2026:00:10:23 +0200] "GET /02-11-2007/ HTTP/1.1" 200 6333 "https://www.afish-ka.ru/15-11-2007/" "Mozilla/5.0 AppleWebKit/537.36 (KHTML, like Gecko; compatible; GPTBot/1.3; +https://openai.com/gptbot)"
74.7.227.21 - - [16/Apr/2026:00:10:24 +0200] "GET /25-03-2006/ HTTP/1.1" 200 7251 "https://www.afish-ka.ru/29-04-2006/" "Mozilla/5.0 AppleWebKit/537.36 (KHTML, like Gecko; compatible; GPTBot/1.3; +https://openai.com/gptbot)"
85.208.96.200 - - [16/Apr/2026:00:10:24 +0200] "GET /concert_hall/actions/7.html HTTP/1.1" 200 10081 "-" "Mozilla/5.0 (compatible; SemrushBot/7~bl; +http://www.semrush.com/bot.html)"
74.7.227.21 - - [16/Apr/2026:00:10:24 +0200] "GET /15-03-2006/ HTTP/1.1" 200 7141 "https://www.afish-ka.ru/19-04-2006/" "Mozilla/5.0 AppleWebKit/537.36 (KHTML, like Gecko; compatible; GPTBot/1.3; +https://openai.com/gptbot)"
74.7.227.21 - - [16/Apr/2026:00:10:25 +0200] "GET /15-04-2006/ HTTP/1.1" 200 6463 "https://www.afish-ka.ru/29-04-2006/" "Mozilla/5.0 AppleWebKit/537.36 (KHTML, like Gecko; compatible; GPTBot/1.3; +https://openai.com/gptbot)"
74.7.227.21 - - [16/Apr/2026:00:10:25 +0200] "GET /16-04-2006/ HTTP/1.1" 200 6463 "https://www.afish-ka.ru/29-04-2006/" "Mozilla/5.0 AppleWebKit/537.36 (KHTML, like Gecko; compatible; GPTBot/1.3; +https://openai.com/gptbot)"
74.7.227.21 - - [16/Apr/2026:00:10:26 +0200] "GET /23-04-2006/ HTTP/1.1" 200 6683 "https://www.afish-ka.ru/29-04-2006/" "Mozilla/5.0 AppleWebKit/537.36 (KHTML, like Gecko; compatible; GPTBot/1.3; +https://openai.com/gptbot)"
74.7.227.21 - - [16/Apr/2026:00:10:26 +0200] "GET /17-04-2006/ HTTP/1.1" 200 6470 "https://www.afish-ka.ru/29-04-2006/" "Mozilla/5.0 AppleWebKit/537.36 (KHTML, like Gecko; compatible; GPTBot/1.3; +https://openai.com/gptbot)"
74.7.227.21 - - [16/Apr/2026:00:10:27 +0200] "GET /27-03-2006/ HTTP/1.1" 200 6889 "https://www.afish-ka.ru/12-04-2006/" "Mozilla/5.0 AppleWebKit/537.36 (KHTML, like Gecko; compatible; GPTBot/1.3; +https://openai.com/gptbot)"
74.7.227.21 - - [16/Apr/2026:00:10:28 +0200] "GET /29-03-2006/ HTTP/1.1" 200 6887 "https://www.afish-ka.ru/12-04-2006/" "Mozilla/5.0 AppleWebKit/537.36 (KHTML, like Gecko; compatible; GPTBot/1.3; +https://openai.com/gptbot)"
74.7.227.21 - - [16/Apr/2026:00:10:28 +0200] "GET /images/s/actions/1287_1.jpg HTTP/1.1" 200 6507 "https://www.afish-ka.ru/26-12-2010/" "Mozilla/5.0 AppleWebKit/537.36 (KHTML, like Gecko; compatible; GPTBot/1.3; +https://openai.com/gptbot)"
85.208.96.197 - - [16/Apr/2026:00:10:28 +0200] "GET /cinema/films/3112/opinions/ HTTP/1.1" 200 10296 "-" "Mozilla/5.0 (compatible; SemrushBot/7~bl; +http://www.semrush.com/bot.html)"
74.7.227.21 - - [16/Apr/2026:00:10:29 +0200] "GET /31-03-2006/ HTTP/1.1" 200 6661 "https://www.afish-ka.ru/12-04-2006/" "Mozilla/5.0 AppleWebKit/537.36 (KHTML, like Gecko; compatible; GPTBot/1.3; +https://openai.com/gptbot)"
74.7.227.21 - - [16/Apr/2026:00:10:29 +0200] "GET /14-03-2006/ HTTP/1.1" 200 6915 "https://www.afish-ka.ru/18-04-2006/" "Mozilla/5.0 AppleWebKit/537.36 (KHTML, like Gecko; compatible; GPTBot/1.3; +https://openai.com/gptbot)"
74.7.227.21 - - [16/Apr/2026:00:10:30 +0200] "GET /21-03-2006/ HTTP/1.1" 200 6572 "https://www.afish-ka.ru/25-03-2006/" "Mozilla/5.0 AppleWebKit/537.36 (KHTML, like Gecko; compatible; GPTBot/1.3; +https://openai.com/gptbot)"
74.7.227.21 - - [16/Apr/2026:00:10:30 +0200] "GET /18-03-2006/ HTTP/1.1" 200 6853 "https://www.afish-ka.ru/25-03-2006/" "Mozilla/5.0 AppleWebKit/537.36 (KHTML, like Gecko; compatible; GPTBot/1.3; +https://openai.com/gptbot)"
74.7.227.21 - - [16/Apr/2026:00:10:31 +0200] "GET /19-03-2006/ HTTP/1.1" 200 6718 "https://www.afish-ka.ru/25-03-2006/" "Mozilla/5.0 AppleWebKit/537.36 (KHTML, like Gecko; compatible; GPTBot/1.3; +https://openai.com/gptbot)"
220.181.108.177 - - [16/Apr/2026:00:10:32 +0200] "GET /images/s/actions/283_1.jpg HTTP/1.1" 200 11646 "-" "Baiduspider-image+(+http://www.baidu.com/search/spider.htm)"
85.208.96.206 - - [16/Apr/2026:00:10:31 +0200] "GET /cinema/films/5681/ HTTP/1.1" 200 10346 "-" "Mozilla/5.0 (compatible; SemrushBot/7~bl; +http://www.semrush.com/bot.html)"
74.7.227.21 - - [16/Apr/2026:00:10:31 +0200] "GET /17-03-2006/ HTTP/1.1" 200 6579 "https://www.afish-ka.ru/25-03-2006/" "Mozilla/5.0 AppleWebKit/537.36 (KHTML, like Gecko; compatible; GPTBot/1.3; +https://openai.com/gptbot)"
74.7.227.21 - - [16/Apr/2026:00:10:32 +0200] "GET /theater/actions/20/opinions/add/ HTTP/1.1" 200 5808 "https://www.afish-ka.ru/23-04-2006/" "Mozilla/5.0 AppleWebKit/537.36 (KHTML, like Gecko; compatible; GPTBot/1.3; +https://openai.com/gptbot)"
74.7.227.21 - - [16/Apr/2026:00:10:33 +0200] "GET /12-03-2006/ HTTP/1.1" 200 7255 "https://www.afish-ka.ru/25-03-2006/" "Mozilla/5.0 AppleWebKit/537.36 (KHTML, like Gecko; compatible; GPTBot/1.3; +https://openai.com/gptbot)"
74.7.227.21 - - [16/Apr/2026:00:10:33 +0200] "GET /13-03-2006/ HTTP/1.1" 200 6919 "https://www.afish-ka.ru/25-03-2006/" "Mozilla/5.0 AppleWebKit/537.36 (KHTML, like Gecko; compatible; GPTBot/1.3; +https://openai.com/gptbot)"
74.7.227.21 - - [16/Apr/2026:00:10:34 +0200] "GET /11-03-2006/ HTTP/1.1" 200 7272 "https://www.afish-ka.ru/25-03-2006/" "Mozilla/5.0 AppleWebKit/537.36 (KHTML, like Gecko; compatible; GPTBot/1.3; +https://openai.com/gptbot)"
85.208.96.209 - - [16/Apr/2026:00:10:34 +0200] "GET /night_club/parties/25.html HTTP/1.1" 200 10017 "-" "Mozilla/5.0 (compatible; SemrushBot/7~bl; +http://www.semrush.com/bot.html)"
74.7.227.21 - - [16/Apr/2026:00:10:35 +0200] "GET /16-03-2006/ HTTP/1.1" 200 6605 "https://www.afish-ka.ru/25-03-2006/" "Mozilla/5.0 AppleWebKit/537.36 (KHTML, like Gecko; compatible; GPTBot/1.3; +https://openai.com/gptbot)"
74.7.227.21 - - [16/Apr/2026:00:10:35 +0200] "GET /28-03-2006/ HTTP/1.1" 200 6886 "https://www.afish-ka.ru/12-04-2006/" "Mozilla/5.0 AppleWebKit/537.36 (KHTML, like Gecko; compatible; GPTBot/1.3; +https://openai.com/gptbot)"
74.7.227.21 - - [16/Apr/2026:00:10:36 +0200] "GET /18-02-2006/ HTTP/1.1" 200 6930 "https://www.afish-ka.ru/25-03-2006/" "Mozilla/5.0 AppleWebKit/537.36 (KHTML, like Gecko; compatible; GPTBot/1.3; +https://openai.com/gptbot)"
74.7.227.21 - - [16/Apr/2026:00:10:36 +0200] "GET /11-04-2006/ HTTP/1.1" 200 6265 "https://www.afish-ka.ru/29-04-2006/" "Mozilla/5.0 AppleWebKit/537.36 (KHTML, like Gecko; compatible; GPTBot/1.3; +https://openai.com/gptbot)"
74.7.227.21 - - [16/Apr/2026:00:10:37 +0200] "GET /14-02-2006/ HTTP/1.1" 200 6449 "https://www.afish-ka.ru/21-03-2006/" "Mozilla/5.0 AppleWebKit/537.36 (KHTML, like Gecko; compatible; GPTBot/1.3; +https://openai.com/gptbot)"
74.7.227.21 - - [16/Apr/2026:00:10:38 +0200] "GET /images/s/actions/23_1.jpg HTTP/1.1" 200 6873 "https://www.afish-ka.ru/19-03-2006/" "Mozilla/5.0 AppleWebKit/537.36 (KHTML, like Gecko; compatible; GPTBot/1.3; +https://openai.com/gptbot)"
74.7.227.21 - - [16/Apr/2026:00:10:38 +0200] "GET /20-03-2006/ HTTP/1.1" 200 6577 "https://www.afish-ka.ru/25-03-2006/" "Mozilla/5.0 AppleWebKit/537.36 (KHTML, like Gecko; compatible; GPTBot/1.3; +https://openai.com/gptbot)"
74.7.227.21 - - [16/Apr/2026:00:10:39 +0200] "GET /03-04-2006/ HTTP/1.1" 200 6659 "https://www.afish-ka.ru/19-04-2006/" "Mozilla/5.0 AppleWebKit/537.36 (KHTML, like Gecko; compatible; GPTBot/1.3; +https://openai.com/gptbot)"
74.7.227.21 - - [16/Apr/2026:00:10:39 +0200] "GET /24-02-2006/ HTTP/1.1" 200 7446 "https://www.afish-ka.ru/31-03-2006/" "Mozilla/5.0 AppleWebKit/537.36 (KHTML, like Gecko; compatible; GPTBot/1.3; +https://openai.com/gptbot)"
51.68.247.197 - - [16/Apr/2026:00:10:40 +0200] "GET /exhibition/actions/916/opinions/ HTTP/1.1" 200 9325 "-" "Mozilla/5.0 (compatible; AhrefsBot/7.0; +http://ahrefs.com/robot/)"
74.7.227.21 - - [16/Apr/2026:00:10:40 +0200] "GET /05-02-2006/ HTTP/1.1" 200 6312 "https://www.afish-ka.ru/12-03-2006/" "Mozilla/5.0 AppleWebKit/537.36 (KHTML, like Gecko; compatible; GPTBot/1.3; +https://openai.com/gptbot)"
74.7.227.21 - - [16/Apr/2026:00:10:41 +0200] "GET /04-02-2006/ HTTP/1.1" 200 6396 "https://www.afish-ka.ru/11-03-2006/" "Mozilla/5.0 AppleWebKit/537.36 (KHTML, like Gecko; compatible; GPTBot/1.3; +https://openai.com/gptbot)"
74.7.227.21 - - [16/Apr/2026:00:10:41 +0200] "GET /26-02-2006/ HTTP/1.1" 200 7161 "https://www.afish-ka.ru/12-03-2006/" "Mozilla/5.0 AppleWebKit/537.36 (KHTML, like Gecko; compatible; GPTBot/1.3; +https://openai.com/gptbot)"
74.7.227.21 - - [16/Apr/2026:00:10:42 +0200] "GET /21-02-2006/ HTTP/1.1" 200 6689 "https://www.afish-ka.ru/12-03-2006/" "Mozilla/5.0 AppleWebKit/537.36 (KHTML, like Gecko; compatible; GPTBot/1.3; +https://openai.com/gptbot)"
74.7.227.21 - - [16/Apr/2026:00:10:43 +0200] "GET /31-01-2006/ HTTP/1.1" 200 6124 "https://www.afish-ka.ru/18-02-2006/" "Mozilla/5.0 AppleWebKit/537.36 (KHTML, like Gecko; compatible; GPTBot/1.3; +https://openai.com/gptbot)"
74.7.227.21 - - [16/Apr/2026:00:10:43 +0200] "GET /17-02-2006/ HTTP/1.1" 200 6835 "https://www.afish-ka.ru/18-02-2006/" "Mozilla/5.0 AppleWebKit/537.36 (KHTML, like Gecko; compatible; GPTBot/1.3; +https://openai.com/gptbot)"
85.208.96.210 - - [16/Apr/2026:00:10:43 +0200] "GET /concert_hall/actions/3152/opinions/ HTTP/1.1" 200 10822 "-" "Mozilla/5.0 (compatible; SemrushBot/7~bl; +http://www.semrush.com/bot.html)"
74.7.227.21 - - [16/Apr/2026:00:10:44 +0200] "GET /14-01-2006/ HTTP/1.1" 200 6586 "https://www.afish-ka.ru/18-02-2006/" "Mozilla/5.0 AppleWebKit/537.36 (KHTML, like Gecko; compatible; GPTBot/1.3; +https://openai.com/gptbot)"
74.7.227.21 - - [16/Apr/2026:00:10:44 +0200] "GET /15-02-2006/ HTTP/1.1" 200 6720 "https://www.afish-ka.ru/18-02-2006/" "Mozilla/5.0 AppleWebKit/537.36 (KHTML, like Gecko; compatible; GPTBot/1.3; +https://openai.com/gptbot)"
74.7.227.21 - - [16/Apr/2026:00:10:45 +0200] "GET /13-02-2006/ HTTP/1.1" 200 6423 "https://www.afish-ka.ru/18-02-2006/" "Mozilla/5.0 AppleWebKit/537.36 (KHTML, like Gecko; compatible; GPTBot/1.3; +https://openai.com/gptbot)"
74.7.227.21 - - [16/Apr/2026:00:10:45 +0200] "GET /07-03-2006/ HTTP/1.1" 200 6781 "https://www.afish-ka.ru/25-03-2006/" "Mozilla/5.0 AppleWebKit/537.36 (KHTML, like Gecko; compatible; GPTBot/1.3; +https://openai.com/gptbot)"
74.7.227.21 - - [16/Apr/2026:00:10:46 +0200] "GET /20-01-2006/ HTTP/1.1" 200 6458 "https://www.afish-ka.ru/24-02-2006/" "Mozilla/5.0 AppleWebKit/537.36 (KHTML, like Gecko; compatible; GPTBot/1.3; +https://openai.com/gptbot)"
74.7.227.21 - - [16/Apr/2026:00:10:47 +0200] "GET /24-01-2006/ HTTP/1.1" 200 6116 "https://www.afish-ka.ru/05-02-2006/" "Mozilla/5.0 AppleWebKit/537.36 (KHTML, like Gecko; compatible; GPTBot/1.3; +https://openai.com/gptbot)"
74.7.227.21 - - [16/Apr/2026:00:10:47 +0200] "GET /theater/actions/15/opinions/ HTTP/1.1" 200 5591 "https://www.afish-ka.ru/04-02-2006/" "Mozilla/5.0 AppleWebKit/537.36 (KHTML, like Gecko; compatible; GPTBot/1.3; +https://openai.com/gptbot)"
74.7.227.21 - - [16/Apr/2026:00:10:48 +0200] "GET /23-01-2006/ HTTP/1.1" 200 6164 "https://www.afish-ka.ru/05-02-2006/" "Mozilla/5.0 AppleWebKit/537.36 (KHTML, like Gecko; compatible; GPTBot/1.3; +https://openai.com/gptbot)"
74.7.227.21 - - [16/Apr/2026:00:10:48 +0200] "GET /19-01-2006/ HTTP/1.1" 200 6121 "https://www.afish-ka.ru/05-02-2006/" "Mozilla/5.0 AppleWebKit/537.36 (KHTML, like Gecko; compatible; GPTBot/1.3; +https://openai.com/gptbot)"
74.7.227.21 - - [16/Apr/2026:00:10:49 +0200] "GET /27-12-2005/ HTTP/1.1" 404 413 "https://www.afish-ka.ru/31-01-2006/" "Mozilla/5.0 AppleWebKit/537.36 (KHTML, like Gecko; compatible; GPTBot/1.3; +https://openai.com/gptbot)"
74.7.227.21 - - [16/Apr/2026:00:10:50 +0200] "GET /17-01-2006/ HTTP/1.1" 200 10053 "https://www.afish-ka.ru/05-02-2006/" "Mozilla/5.0 AppleWebKit/537.36 (KHTML, like Gecko; compatible; GPTBot/1.3; +https://openai.com/gptbot)"
74.7.227.21 - - [16/Apr/2026:00:10:50 +0200] "GET /25-01-2006/ HTTP/1.1" 200 6346 "https://www.afish-ka.ru/05-02-2006/" "Mozilla/5.0 AppleWebKit/537.36 (KHTML, like Gecko; compatible; GPTBot/1.3; +https://openai.com/gptbot)"
74.7.227.21 - - [16/Apr/2026:00:10:51 +0200] "GET /31-12-2005/ HTTP/1.1" 404 413 "https://www.afish-ka.ru/04-02-2006/" "Mozilla/5.0 AppleWebKit/537.36 (KHTML, like Gecko; compatible; GPTBot/1.3; +https://openai.com/gptbot)"
74.7.227.21 - - [16/Apr/2026:00:10:52 +0200] "GET /28-01-2006/ HTTP/1.1" 200 10199 "https://www.afish-ka.ru/05-02-2006/" "Mozilla/5.0 AppleWebKit/537.36 (KHTML, like Gecko; compatible; GPTBot/1.3; +https://openai.com/gptbot)"
74.7.227.21 - - [16/Apr/2026:00:10:52 +0200] "GET /29-01-2006/ HTTP/1.1" 200 6122 "https://www.afish-ka.ru/05-02-2006/" "Mozilla/5.0 AppleWebKit/537.36 (KHTML, like Gecko; compatible; GPTBot/1.3; +https://openai.com/gptbot)"
74.7.227.21 - - [16/Apr/2026:00:10:53 +0200] "GET /16-12-2005/ HTTP/1.1" 404 413 "https://www.afish-ka.ru/20-01-2006/" "Mozilla/5.0 AppleWebKit/537.36 (KHTML, like Gecko; compatible; GPTBot/1.3; +https://openai.com/gptbot)"
74.7.227.21 - - [16/Apr/2026:00:10:53 +0200] "GET /15-01-2006/ HTTP/1.1" 200 10216 "https://www.afish-ka.ru/14-01-2006/" "Mozilla/5.0 AppleWebKit/537.36 (KHTML, like Gecko; compatible; GPTBot/1.3; +https://openai.com/gptbot)"
