74.7.227.21 - - [16/Apr/2026:00:19:59 +0200] "GET /cinema/films/5862/ HTTP/1.1" 200 6896 "https://www.afish-ka.ru/27-05-2021/" "Mozilla/5.0 AppleWebKit/537.36 (KHTML, like Gecko; compatible; GPTBot/1.3; +https://openai.com/gptbot)"
74.7.227.21 - - [16/Apr/2026:00:19:59 +0200] "GET /images/s/actions/5849_3.jpg HTTP/1.1" 200 3933 "https://www.afish-ka.ru/cinema/films/5849/" "Mozilla/5.0 AppleWebKit/537.36 (KHTML, like Gecko; compatible; GPTBot/1.3; +https://openai.com/gptbot)"
74.7.227.21 - - [16/Apr/2026:00:20:00 +0200] "GET /images/b/actions/5849_5.jpg HTTP/1.1" 200 18232 "https://www.afish-ka.ru/cinema/films/5849/" "Mozilla/5.0 AppleWebKit/537.36 (KHTML, like Gecko; compatible; GPTBot/1.3; +https://openai.com/gptbot)"
74.7.227.21 - - [16/Apr/2026:00:20:00 +0200] "GET /images/b/actions/5842_1.jpg HTTP/1.1" 200 48468 "https://www.afish-ka.ru/cinema/films/5842/" "Mozilla/5.0 AppleWebKit/537.36 (KHTML, like Gecko; compatible; GPTBot/1.3; +https://openai.com/gptbot)"
74.7.227.21 - - [16/Apr/2026:00:20:01 +0200] "GET /images/b/actions/5841_1.jpg HTTP/1.1" 200 58676 "https://www.afish-ka.ru/cinema/films/5841/" "Mozilla/5.0 AppleWebKit/537.36 (KHTML, like Gecko; compatible; GPTBot/1.3; +https://openai.com/gptbot)"
74.7.227.21 - - [16/Apr/2026:00:20:01 +0200] "GET /images/b/actions/5849_2.jpg HTTP/1.1" 200 31050 "https://www.afish-ka.ru/cinema/films/5849/" "Mozilla/5.0 AppleWebKit/537.36 (KHTML, like Gecko; compatible; GPTBot/1.3; +https://openai.com/gptbot)"
74.7.227.21 - - [16/Apr/2026:00:20:02 +0200] "GET /images/s/actions/5841_3.jpg HTTP/1.1" 200 7279 "https://www.afish-ka.ru/cinema/films/5841/" "Mozilla/5.0 AppleWebKit/537.36 (KHTML, like Gecko; compatible; GPTBot/1.3; +https://openai.com/gptbot)"
74.7.227.21 - - [16/Apr/2026:00:20:02 +0200] "GET /images/s/actions/5849_2.jpg HTTP/1.1" 200 4755 "https://www.afish-ka.ru/cinema/films/5849/" "Mozilla/5.0 AppleWebKit/537.36 (KHTML, like Gecko; compatible; GPTBot/1.3; +https://openai.com/gptbot)"
74.7.227.21 - - [16/Apr/2026:00:20:03 +0200] "GET /images/b/actions/5842_3.jpg HTTP/1.1" 200 57235 "https://www.afish-ka.ru/cinema/films/5842/" "Mozilla/5.0 AppleWebKit/537.36 (KHTML, like Gecko; compatible; GPTBot/1.3; +https://openai.com/gptbot)"
74.7.227.21 - - [16/Apr/2026:00:20:03 +0200] "GET /images/b/actions/5904_5.jpg HTTP/1.1" 200 43809 "https://www.afish-ka.ru/cinema/films/5904/" "Mozilla/5.0 AppleWebKit/537.36 (KHTML, like Gecko; compatible; GPTBot/1.3; +https://openai.com/gptbot)"
74.7.227.21 - - [16/Apr/2026:00:20:04 +0200] "GET /images/b/actions/5904_4.jpg HTTP/1.1" 200 36271 "https://www.afish-ka.ru/cinema/films/5904/" "Mozilla/5.0 AppleWebKit/537.36 (KHTML, like Gecko; compatible; GPTBot/1.3; +https://openai.com/gptbot)"
74.7.227.21 - - [16/Apr/2026:00:20:05 +0200] "GET /images/s/actions/5904_4.jpg HTTP/1.1" 200 4014 "https://www.afish-ka.ru/cinema/films/5904/" "Mozilla/5.0 AppleWebKit/537.36 (KHTML, like Gecko; compatible; GPTBot/1.3; +https://openai.com/gptbot)"
85.208.96.197 - - [16/Apr/2026:00:20:05 +0200] "GET /links.php?go=https%3A%2F%2Fagen-stationplay.weebly.com%2Fc HTTP/1.1" 200 5786 "-" "Mozilla/5.0 (compatible; SemrushBot/7~bl; +http://www.semrush.com/bot.html)"
74.7.227.21 - - [16/Apr/2026:00:20:05 +0200] "GET /images/b/actions/5904_2.jpg HTTP/1.1" 200 33730 "https://www.afish-ka.ru/cinema/films/5904/" "Mozilla/5.0 AppleWebKit/537.36 (KHTML, like Gecko; compatible; GPTBot/1.3; +https://openai.com/gptbot)"
74.7.227.21 - - [16/Apr/2026:00:20:06 +0200] "GET /images/s/actions/5904_2.jpg HTTP/1.1" 200 4825 "https://www.afish-ka.ru/cinema/films/5904/" "Mozilla/5.0 AppleWebKit/537.36 (KHTML, like Gecko; compatible; GPTBot/1.3; +https://openai.com/gptbot)"
74.7.227.21 - - [16/Apr/2026:00:20:06 +0200] "GET /images/b/actions/5904_1.jpg HTTP/1.1" 200 37013 "https://www.afish-ka.ru/cinema/films/5904/" "Mozilla/5.0 AppleWebKit/537.36 (KHTML, like Gecko; compatible; GPTBot/1.3; +https://openai.com/gptbot)"
74.7.227.21 - - [16/Apr/2026:00:20:07 +0200] "GET /images/b/actions/5904_3.jpg HTTP/1.1" 200 33185 "https://www.afish-ka.ru/cinema/films/5904/" "Mozilla/5.0 AppleWebKit/537.36 (KHTML, like Gecko; compatible; GPTBot/1.3; +https://openai.com/gptbot)"
74.7.227.21 - - [16/Apr/2026:00:20:07 +0200] "GET /images/s/actions/5904_5.jpg HTTP/1.1" 200 4993 "https://www.afish-ka.ru/cinema/films/5904/" "Mozilla/5.0 AppleWebKit/537.36 (KHTML, like Gecko; compatible; GPTBot/1.3; +https://openai.com/gptbot)"
74.7.227.21 - - [16/Apr/2026:00:20:08 +0200] "GET /images/b/actions/5841_3.jpg HTTP/1.1" 200 51864 "https://www.afish-ka.ru/cinema/films/5841/" "Mozilla/5.0 AppleWebKit/537.36 (KHTML, like Gecko; compatible; GPTBot/1.3; +https://openai.com/gptbot)"
74.7.227.21 - - [16/Apr/2026:00:20:08 +0200] "GET /images/b/actions/5842_4.jpg HTTP/1.1" 200 71565 "https://www.afish-ka.ru/cinema/films/5842/" "Mozilla/5.0 AppleWebKit/537.36 (KHTML, like Gecko; compatible; GPTBot/1.3; +https://openai.com/gptbot)"
74.7.227.21 - - [16/Apr/2026:00:20:09 +0200] "GET /images/s/actions/5842_4.jpg HTTP/1.1" 200 6903 "https://www.afish-ka.ru/cinema/films/5842/" "Mozilla/5.0 AppleWebKit/537.36 (KHTML, like Gecko; compatible; GPTBot/1.3; +https://openai.com/gptbot)"
74.7.227.21 - - [16/Apr/2026:00:20:09 +0200] "GET /images/b/actions/5841_5.jpg HTTP/1.1" 200 69908 "https://www.afish-ka.ru/cinema/films/5841/" "Mozilla/5.0 AppleWebKit/537.36 (KHTML, like Gecko; compatible; GPTBot/1.3; +https://openai.com/gptbot)"
74.7.227.21 - - [16/Apr/2026:00:20:10 +0200] "GET /images/s/actions/5841_2.jpg HTTP/1.1" 200 7868 "https://www.afish-ka.ru/cinema/films/5841/" "Mozilla/5.0 AppleWebKit/537.36 (KHTML, like Gecko; compatible; GPTBot/1.3; +https://openai.com/gptbot)"
74.7.227.21 - - [16/Apr/2026:00:20:10 +0200] "GET /images/s/actions/5904_3.jpg HTTP/1.1" 200 3950 "https://www.afish-ka.ru/cinema/films/5904/" "Mozilla/5.0 AppleWebKit/537.36 (KHTML, like Gecko; compatible; GPTBot/1.3; +https://openai.com/gptbot)"
74.7.227.21 - - [16/Apr/2026:00:20:11 +0200] "GET /images/b/actions/5849_3.jpg HTTP/1.1" 200 21627 "https://www.afish-ka.ru/cinema/films/5849/" "Mozilla/5.0 AppleWebKit/537.36 (KHTML, like Gecko; compatible; GPTBot/1.3; +https://openai.com/gptbot)"
185.191.171.2 - - [16/Apr/2026:00:20:11 +0200] "GET /30-04-2025/ HTTP/1.1" 200 9587 "-" "Mozilla/5.0 (compatible; SemrushBot/7~bl; +http://www.semrush.com/bot.html)"
74.7.227.21 - - [16/Apr/2026:00:20:11 +0200] "GET /images/b/actions/5842_5.jpg HTTP/1.1" 200 56301 "https://www.afish-ka.ru/cinema/films/5842/" "Mozilla/5.0 AppleWebKit/537.36 (KHTML, like Gecko; compatible; GPTBot/1.3; +https://openai.com/gptbot)"
74.7.227.21 - - [16/Apr/2026:00:20:12 +0200] "GET /images/b/actions/5841_2.jpg HTTP/1.1" 200 95386 "https://www.afish-ka.ru/cinema/films/5841/" "Mozilla/5.0 AppleWebKit/537.36 (KHTML, like Gecko; compatible; GPTBot/1.3; +https://openai.com/gptbot)"
74.7.227.21 - - [16/Apr/2026:00:20:13 +0200] "GET /images/b/actions/5841_4.jpg HTTP/1.1" 200 49644 "https://www.afish-ka.ru/cinema/films/5841/" "Mozilla/5.0 AppleWebKit/537.36 (KHTML, like Gecko; compatible; GPTBot/1.3; +https://openai.com/gptbot)"
74.7.227.21 - - [16/Apr/2026:00:20:13 +0200] "GET /images/b/actions/5849_1.jpg HTTP/1.1" 200 22224 "https://www.afish-ka.ru/cinema/films/5849/" "Mozilla/5.0 AppleWebKit/537.36 (KHTML, like Gecko; compatible; GPTBot/1.3; +https://openai.com/gptbot)"
185.191.171.18 - - [16/Apr/2026:00:20:13 +0200] "GET /night_club/parties/400/opinions/add/?parent=44965 HTTP/1.1" 200 9539 "-" "Mozilla/5.0 (compatible; SemrushBot/7~bl; +http://www.semrush.com/bot.html)"
74.7.227.21 - - [16/Apr/2026:00:20:14 +0200] "GET /images/b/actions/5849_4.jpg HTTP/1.1" 200 23609 "https://www.afish-ka.ru/cinema/films/5849/" "Mozilla/5.0 AppleWebKit/537.36 (KHTML, like Gecko; compatible; GPTBot/1.3; +https://openai.com/gptbot)"
74.7.227.21 - - [16/Apr/2026:00:20:14 +0200] "GET /images/s/actions/5842_2.jpg HTTP/1.1" 200 7122 "https://www.afish-ka.ru/cinema/films/5842/" "Mozilla/5.0 AppleWebKit/537.36 (KHTML, like Gecko; compatible; GPTBot/1.3; +https://openai.com/gptbot)"
74.7.227.21 - - [16/Apr/2026:00:20:15 +0200] "GET /images/s/actions/5841_5.jpg HTTP/1.1" 200 7206 "https://www.afish-ka.ru/cinema/films/5841/" "Mozilla/5.0 AppleWebKit/537.36 (KHTML, like Gecko; compatible; GPTBot/1.3; +https://openai.com/gptbot)"
74.7.227.21 - - [16/Apr/2026:00:20:15 +0200] "GET /images/b/posters/5841.jpg HTTP/1.1" 200 39927 "https://www.afish-ka.ru/cinema/films/5841/" "Mozilla/5.0 AppleWebKit/537.36 (KHTML, like Gecko; compatible; GPTBot/1.3; +https://openai.com/gptbot)"
74.7.227.21 - - [16/Apr/2026:00:20:16 +0200] "GET /images/s/posters/5904.jpg HTTP/1.1" 200 11437 "https://www.afish-ka.ru/cinema/films/5904/" "Mozilla/5.0 AppleWebKit/537.36 (KHTML, like Gecko; compatible; GPTBot/1.3; +https://openai.com/gptbot)"
74.7.227.21 - - [16/Apr/2026:00:20:16 +0200] "GET /images/s/posters/5842.jpg HTTP/1.1" 200 14853 "https://www.afish-ka.ru/cinema/films/5842/" "Mozilla/5.0 AppleWebKit/537.36 (KHTML, like Gecko; compatible; GPTBot/1.3; +https://openai.com/gptbot)"
74.7.227.21 - - [16/Apr/2026:00:20:17 +0200] "GET /images/s/posters/5841.jpg HTTP/1.1" 200 16290 "https://www.afish-ka.ru/cinema/films/5841/" "Mozilla/5.0 AppleWebKit/537.36 (KHTML, like Gecko; compatible; GPTBot/1.3; +https://openai.com/gptbot)"
85.208.96.197 - - [16/Apr/2026:00:20:17 +0200] "GET /cinema/films/3819/opinions/add/ HTTP/1.1" 200 9519 "-" "Mozilla/5.0 (compatible; SemrushBot/7~bl; +http://www.semrush.com/bot.html)"
74.7.227.21 - - [16/Apr/2026:00:20:17 +0200] "GET /images/s/posters/5849.jpg HTTP/1.1" 200 12266 "https://www.afish-ka.ru/cinema/films/5849/" "Mozilla/5.0 AppleWebKit/537.36 (KHTML, like Gecko; compatible; GPTBot/1.3; +https://openai.com/gptbot)"
74.7.227.21 - - [16/Apr/2026:00:20:18 +0200] "GET /images/b/posters/5849.jpg HTTP/1.1" 200 62587 "https://www.afish-ka.ru/cinema/films/5849/" "Mozilla/5.0 AppleWebKit/537.36 (KHTML, like Gecko; compatible; GPTBot/1.3; +https://openai.com/gptbot)"
74.7.227.21 - - [16/Apr/2026:00:20:18 +0200] "GET /images/b/posters/5904.jpg HTTP/1.1" 200 49482 "https://www.afish-ka.ru/cinema/films/5904/" "Mozilla/5.0 AppleWebKit/537.36 (KHTML, like Gecko; compatible; GPTBot/1.3; +https://openai.com/gptbot)"
74.7.227.21 - - [16/Apr/2026:00:20:19 +0200] "GET /images/b/posters/5842.jpg HTTP/1.1" 200 72377 "https://www.afish-ka.ru/cinema/films/5842/" "Mozilla/5.0 AppleWebKit/537.36 (KHTML, like Gecko; compatible; GPTBot/1.3; +https://openai.com/gptbot)"
74.7.227.21 - - [16/Apr/2026:00:20:19 +0200] "GET /cinema/films/5803/ HTTP/1.1" 200 6103 "https://www.afish-ka.ru/19-04-2021/" "Mozilla/5.0 AppleWebKit/537.36 (KHTML, like Gecko; compatible; GPTBot/1.3; +https://openai.com/gptbot)"
74.7.227.21 - - [16/Apr/2026:00:20:20 +0200] "GET /cinema/films/5902/ HTTP/1.1" 200 6517 "https://www.afish-ka.ru/08-07-2021/" "Mozilla/5.0 AppleWebKit/537.36 (KHTML, like Gecko; compatible; GPTBot/1.3; +https://openai.com/gptbot)"
74.7.227.21 - - [16/Apr/2026:00:20:21 +0200] "GET /cinema/films/5912/ HTTP/1.1" 200 6692 "https://www.afish-ka.ru/08-07-2021/" "Mozilla/5.0 AppleWebKit/537.36 (KHTML, like Gecko; compatible; GPTBot/1.3; +https://openai.com/gptbot)"
74.7.227.21 - - [16/Apr/2026:00:20:21 +0200] "GET /cinema/films/5916/ HTTP/1.1" 200 6710 "https://www.afish-ka.ru/08-07-2021/" "Mozilla/5.0 AppleWebKit/537.36 (KHTML, like Gecko; compatible; GPTBot/1.3; +https://openai.com/gptbot)"
74.7.227.21 - - [16/Apr/2026:00:20:22 +0200] "GET /cinema/films/5926/ HTTP/1.1" 200 6815 "https://www.afish-ka.ru/24-07-2021/" "Mozilla/5.0 AppleWebKit/537.36 (KHTML, like Gecko; compatible; GPTBot/1.3; +https://openai.com/gptbot)"
74.7.227.21 - - [16/Apr/2026:00:20:22 +0200] "GET /cinema/films/5928/ HTTP/1.1" 200 6700 "https://www.afish-ka.ru/24-07-2021/" "Mozilla/5.0 AppleWebKit/537.36 (KHTML, like Gecko; compatible; GPTBot/1.3; +https://openai.com/gptbot)"
92.222.108.116 - - [16/Apr/2026:00:20:23 +0200] "GET /cinema/films/809/opinions/add/?parent=7027 HTTP/1.1" 200 9538 "-" "Mozilla/5.0 (compatible; AhrefsBot/7.0; +http://ahrefs.com/robot/)"
74.7.227.21 - - [16/Apr/2026:00:20:23 +0200] "GET /cinema/films/5874/ HTTP/1.1" 200 6550 "https://www.afish-ka.ru/27-05-2021/" "Mozilla/5.0 AppleWebKit/537.36 (KHTML, like Gecko; compatible; GPTBot/1.3; +https://openai.com/gptbot)"
74.7.227.21 - - [16/Apr/2026:00:20:24 +0200] "GET /cinema/films/5846/ HTTP/1.1" 200 6745 "https://www.afish-ka.ru/09-05-2021/" "Mozilla/5.0 AppleWebKit/537.36 (KHTML, like Gecko; compatible; GPTBot/1.3; +https://openai.com/gptbot)"
74.7.227.21 - - [16/Apr/2026:00:20:24 +0200] "GET /cinema/films/5908/ HTTP/1.1" 200 6627 "https://www.afish-ka.ru/08-07-2021/" "Mozilla/5.0 AppleWebKit/537.36 (KHTML, like Gecko; compatible; GPTBot/1.3; +https://openai.com/gptbot)"
74.7.227.21 - - [16/Apr/2026:00:20:25 +0200] "GET /cinema/films/5830/ HTTP/1.1" 200 7051 "https://www.afish-ka.ru/09-05-2021/" "Mozilla/5.0 AppleWebKit/537.36 (KHTML, like Gecko; compatible; GPTBot/1.3; +https://openai.com/gptbot)"
74.7.227.21 - - [16/Apr/2026:00:20:25 +0200] "GET /cinema/films/5923/ HTTP/1.1" 200 6448 "https://www.afish-ka.ru/24-07-2021/" "Mozilla/5.0 AppleWebKit/537.36 (KHTML, like Gecko; compatible; GPTBot/1.3; +https://openai.com/gptbot)"
74.7.227.21 - - [16/Apr/2026:00:20:26 +0200] "GET /images/b/actions/5803_1.jpg HTTP/1.1" 200 35429 "https://www.afish-ka.ru/cinema/films/5803/" "Mozilla/5.0 AppleWebKit/537.36 (KHTML, like Gecko; compatible; GPTBot/1.3; +https://openai.com/gptbot)"
74.7.227.21 - - [16/Apr/2026:00:20:27 +0200] "GET /images/s/actions/5902_4.jpg HTTP/1.1" 200 5639 "https://www.afish-ka.ru/cinema/films/5902/" "Mozilla/5.0 AppleWebKit/537.36 (KHTML, like Gecko; compatible; GPTBot/1.3; +https://openai.com/gptbot)"
74.7.227.21 - - [16/Apr/2026:00:20:27 +0200] "GET /images/s/actions/5912_3.jpg HTTP/1.1" 200 6262 "https://www.afish-ka.ru/cinema/films/5912/" "Mozilla/5.0 AppleWebKit/537.36 (KHTML, like Gecko; compatible; GPTBot/1.3; +https://openai.com/gptbot)"
74.7.227.21 - - [16/Apr/2026:00:20:28 +0200] "GET /images/b/actions/5916_1.jpg HTTP/1.1" 200 46889 "https://www.afish-ka.ru/cinema/films/5916/" "Mozilla/5.0 AppleWebKit/537.36 (KHTML, like Gecko; compatible; GPTBot/1.3; +https://openai.com/gptbot)"
74.7.227.21 - - [16/Apr/2026:00:20:28 +0200] "GET /images/s/actions/5916_4.jpg HTTP/1.1" 200 8948 "https://www.afish-ka.ru/cinema/films/5916/" "Mozilla/5.0 AppleWebKit/537.36 (KHTML, like Gecko; compatible; GPTBot/1.3; +https://openai.com/gptbot)"
74.7.227.21 - - [16/Apr/2026:00:20:29 +0200] "GET /images/s/actions/5912_2.jpg HTTP/1.1" 200 6772 "https://www.afish-ka.ru/cinema/films/5912/" "Mozilla/5.0 AppleWebKit/537.36 (KHTML, like Gecko; compatible; GPTBot/1.3; +https://openai.com/gptbot)"
74.7.227.21 - - [16/Apr/2026:00:20:29 +0200] "GET /images/s/actions/5912_4.jpg HTTP/1.1" 200 7419 "https://www.afish-ka.ru/cinema/films/5912/" "Mozilla/5.0 AppleWebKit/537.36 (KHTML, like Gecko; compatible; GPTBot/1.3; +https://openai.com/gptbot)"
74.7.227.21 - - [16/Apr/2026:00:20:30 +0200] "GET /images/s/actions/5912_5.jpg HTTP/1.1" 200 7913 "https://www.afish-ka.ru/cinema/films/5912/" "Mozilla/5.0 AppleWebKit/537.36 (KHTML, like Gecko; compatible; GPTBot/1.3; +https://openai.com/gptbot)"
114.119.146.120 - - [16/Apr/2026:00:20:29 +0200] "GET /cinema/films/1206/ HTTP/1.1" 200 11375 "https://www.afish-ka.ru/26-10-2010/" "Mozilla/5.0 (Linux; Android 7.0;) AppleWebKit/537.36 (KHTML, like Gecko) Mobile Safari/537.36 (compatible; PetalBot;+https://webmaster.petalsearch.com/site/petalbot)"
74.7.227.21 - - [16/Apr/2026:00:20:30 +0200] "GET /images/b/actions/5908_3.jpg HTTP/1.1" 200 52287 "https://www.afish-ka.ru/cinema/films/5908/" "Mozilla/5.0 AppleWebKit/537.36 (KHTML, like Gecko; compatible; GPTBot/1.3; +https://openai.com/gptbot)"
74.7.227.21 - - [16/Apr/2026:00:20:31 +0200] "GET /images/b/actions/5908_4.jpg HTTP/1.1" 200 39021 "https://www.afish-ka.ru/cinema/films/5908/" "Mozilla/5.0 AppleWebKit/537.36 (KHTML, like Gecko; compatible; GPTBot/1.3; +https://openai.com/gptbot)"
37.59.204.129 - - [16/Apr/2026:00:20:30 +0200] "GET /cinema/films/2105/ HTTP/1.1" 200 10528 "-" "Mozilla/5.0 (compatible; AhrefsBot/7.0; +http://ahrefs.com/robot/)"
74.7.227.21 - - [16/Apr/2026:00:20:31 +0200] "GET /images/b/actions/5923_1.jpg HTTP/1.1" 200 60757 "https://www.afish-ka.ru/cinema/films/5923/" "Mozilla/5.0 AppleWebKit/537.36 (KHTML, like Gecko; compatible; GPTBot/1.3; +https://openai.com/gptbot)"
74.7.227.21 - - [16/Apr/2026:00:20:32 +0200] "GET /images/s/actions/5923_4.jpg HTTP/1.1" 200 8667 "https://www.afish-ka.ru/cinema/films/5923/" "Mozilla/5.0 AppleWebKit/537.36 (KHTML, like Gecko; compatible; GPTBot/1.3; +https://openai.com/gptbot)"
74.7.227.21 - - [16/Apr/2026:00:20:32 +0200] "GET /images/s/actions/5923_2.jpg HTTP/1.1" 200 6689 "https://www.afish-ka.ru/cinema/films/5923/" "Mozilla/5.0 AppleWebKit/537.36 (KHTML, like Gecko; compatible; GPTBot/1.3; +https://openai.com/gptbot)"
74.7.227.21 - - [16/Apr/2026:00:20:33 +0200] "GET /images/b/actions/5908_5.jpg HTTP/1.1" 200 76056 "https://www.afish-ka.ru/cinema/films/5908/" "Mozilla/5.0 AppleWebKit/537.36 (KHTML, like Gecko; compatible; GPTBot/1.3; +https://openai.com/gptbot)"
74.7.227.21 - - [16/Apr/2026:00:20:33 +0200] "GET /images/b/actions/5923_5.jpg HTTP/1.1" 200 62799 "https://www.afish-ka.ru/cinema/films/5923/" "Mozilla/5.0 AppleWebKit/537.36 (KHTML, like Gecko; compatible; GPTBot/1.3; +https://openai.com/gptbot)"
74.7.227.21 - - [16/Apr/2026:00:20:34 +0200] "GET /images/s/actions/5908_2.jpg HTTP/1.1" 200 7518 "https://www.afish-ka.ru/cinema/films/5908/" "Mozilla/5.0 AppleWebKit/537.36 (KHTML, like Gecko; compatible; GPTBot/1.3; +https://openai.com/gptbot)"
74.7.227.21 - - [16/Apr/2026:00:20:34 +0200] "GET /images/s/actions/5830_3.jpg HTTP/1.1" 200 4450 "https://www.afish-ka.ru/cinema/films/5830/" "Mozilla/5.0 AppleWebKit/537.36 (KHTML, like Gecko; compatible; GPTBot/1.3; +https://openai.com/gptbot)"
74.7.227.21 - - [16/Apr/2026:00:20:35 +0200] "GET /images/s/actions/5908_5.jpg HTTP/1.1" 200 7286 "https://www.afish-ka.ru/cinema/films/5908/" "Mozilla/5.0 AppleWebKit/537.36 (KHTML, like Gecko; compatible; GPTBot/1.3; +https://openai.com/gptbot)"
74.7.227.21 - - [16/Apr/2026:00:20:35 +0200] "GET /images/b/actions/5912_2.jpg HTTP/1.1" 200 56522 "https://www.afish-ka.ru/cinema/films/5912/" "Mozilla/5.0 AppleWebKit/537.36 (KHTML, like Gecko; compatible; GPTBot/1.3; +https://openai.com/gptbot)"
74.7.227.21 - - [16/Apr/2026:00:20:36 +0200] "GET /images/s/actions/5902_2.jpg HTTP/1.1" 200 5175 "https://www.afish-ka.ru/cinema/films/5902/" "Mozilla/5.0 AppleWebKit/537.36 (KHTML, like Gecko; compatible; GPTBot/1.3; +https://openai.com/gptbot)"
185.191.171.8 - - [16/Apr/2026:00:20:36 +0200] "GET /cafe/actions/2297/opinions/add/ HTTP/1.1" 200 9548 "-" "Mozilla/5.0 (compatible; SemrushBot/7~bl; +http://www.semrush.com/bot.html)"
74.7.227.21 - - [16/Apr/2026:00:20:37 +0200] "GET /images/b/actions/5916_4.jpg HTTP/1.1" 200 111698 "https://www.afish-ka.ru/cinema/films/5916/" "Mozilla/5.0 AppleWebKit/537.36 (KHTML, like Gecko; compatible; GPTBot/1.3; +https://openai.com/gptbot)"
74.7.227.21 - - [16/Apr/2026:00:20:37 +0200] "GET /images/s/actions/5916_5.jpg HTTP/1.1" 200 6250 "https://www.afish-ka.ru/cinema/films/5916/" "Mozilla/5.0 AppleWebKit/537.36 (KHTML, like Gecko; compatible; GPTBot/1.3; +https://openai.com/gptbot)"
74.7.227.21 - - [16/Apr/2026:00:20:38 +0200] "GET /images/s/actions/5830_5.jpg HTTP/1.1" 200 5619 "https://www.afish-ka.ru/cinema/films/5830/" "Mozilla/5.0 AppleWebKit/537.36 (KHTML, like Gecko; compatible; GPTBot/1.3; +https://openai.com/gptbot)"
74.7.227.21 - - [16/Apr/2026:00:20:38 +0200] "GET /images/b/actions/5912_1.jpg HTTP/1.1" 200 55313 "https://www.afish-ka.ru/cinema/films/5912/" "Mozilla/5.0 AppleWebKit/537.36 (KHTML, like Gecko; compatible; GPTBot/1.3; +https://openai.com/gptbot)"
74.7.227.21 - - [16/Apr/2026:00:20:39 +0200] "GET /images/b/actions/5830_1.jpg HTTP/1.1" 200 42980 "https://www.afish-ka.ru/cinema/films/5830/" "Mozilla/5.0 AppleWebKit/537.36 (KHTML, like Gecko; compatible; GPTBot/1.3; +https://openai.com/gptbot)"
74.7.227.21 - - [16/Apr/2026:00:20:39 +0200] "GET /images/b/actions/5908_2.jpg HTTP/1.1" 200 55988 "https://www.afish-ka.ru/cinema/films/5908/" "Mozilla/5.0 AppleWebKit/537.36 (KHTML, like Gecko; compatible; GPTBot/1.3; +https://openai.com/gptbot)"
74.7.227.21 - - [16/Apr/2026:00:20:40 +0200] "GET /images/s/actions/5916_3.jpg HTTP/1.1" 200 6998 "https://www.afish-ka.ru/cinema/films/5916/" "Mozilla/5.0 AppleWebKit/537.36 (KHTML, like Gecko; compatible; GPTBot/1.3; +https://openai.com/gptbot)"
74.7.227.21 - - [16/Apr/2026:00:20:40 +0200] "GET /images/s/actions/5908_3.jpg HTTP/1.1" 200 5947 "https://www.afish-ka.ru/cinema/films/5908/" "Mozilla/5.0 AppleWebKit/537.36 (KHTML, like Gecko; compatible; GPTBot/1.3; +https://openai.com/gptbot)"
74.7.227.21 - - [16/Apr/2026:00:20:41 +0200] "GET /images/b/actions/5916_5.jpg HTTP/1.1" 200 53742 "https://www.afish-ka.ru/cinema/films/5916/" "Mozilla/5.0 AppleWebKit/537.36 (KHTML, like Gecko; compatible; GPTBot/1.3; +https://openai.com/gptbot)"
74.7.227.21 - - [16/Apr/2026:00:20:41 +0200] "GET /images/b/actions/5830_3.jpg HTTP/1.1" 200 34193 "https://www.afish-ka.ru/cinema/films/5830/" "Mozilla/5.0 AppleWebKit/537.36 (KHTML, like Gecko; compatible; GPTBot/1.3; +https://openai.com/gptbot)"
74.7.227.21 - - [16/Apr/2026:00:20:42 +0200] "GET /images/b/actions/5916_3.jpg HTTP/1.1" 200 54925 "https://www.afish-ka.ru/cinema/films/5916/" "Mozilla/5.0 AppleWebKit/537.36 (KHTML, like Gecko; compatible; GPTBot/1.3; +https://openai.com/gptbot)"
74.7.227.21 - - [16/Apr/2026:00:20:42 +0200] "GET /images/b/actions/5830_4.jpg HTTP/1.1" 200 35521 "https://www.afish-ka.ru/cinema/films/5830/" "Mozilla/5.0 AppleWebKit/537.36 (KHTML, like Gecko; compatible; GPTBot/1.3; +https://openai.com/gptbot)"
74.7.227.21 - - [16/Apr/2026:00:20:43 +0200] "GET /images/s/actions/5923_5.jpg HTTP/1.1" 200 7927 "https://www.afish-ka.ru/cinema/films/5923/" "Mozilla/5.0 AppleWebKit/537.36 (KHTML, like Gecko; compatible; GPTBot/1.3; +https://openai.com/gptbot)"
74.7.227.21 - - [16/Apr/2026:00:20:43 +0200] "GET /images/b/actions/5923_3.jpg HTTP/1.1" 200 42799 "https://www.afish-ka.ru/cinema/films/5923/" "Mozilla/5.0 AppleWebKit/537.36 (KHTML, like Gecko; compatible; GPTBot/1.3; +https://openai.com/gptbot)"
74.7.227.21 - - [16/Apr/2026:00:20:44 +0200] "GET /images/s/actions/5916_2.jpg HTTP/1.1" 200 6922 "https://www.afish-ka.ru/cinema/films/5916/" "Mozilla/5.0 AppleWebKit/537.36 (KHTML, like Gecko; compatible; GPTBot/1.3; +https://openai.com/gptbot)"
74.7.227.21 - - [16/Apr/2026:00:20:44 +0200] "GET /images/b/actions/5923_2.jpg HTTP/1.1" 200 47340 "https://www.afish-ka.ru/cinema/films/5923/" "Mozilla/5.0 AppleWebKit/537.36 (KHTML, like Gecko; compatible; GPTBot/1.3; +https://openai.com/gptbot)"
74.7.227.21 - - [16/Apr/2026:00:20:45 +0200] "GET /images/s/actions/5830_2.jpg HTTP/1.1" 200 9848 "https://www.afish-ka.ru/cinema/films/5830/" "Mozilla/5.0 AppleWebKit/537.36 (KHTML, like Gecko; compatible; GPTBot/1.3; +https://openai.com/gptbot)"
74.7.227.21 - - [16/Apr/2026:00:20:46 +0200] "GET /images/s/actions/5830_4.jpg HTTP/1.1" 200 5822 "https://www.afish-ka.ru/cinema/films/5830/" "Mozilla/5.0 AppleWebKit/537.36 (KHTML, like Gecko; compatible; GPTBot/1.3; +https://openai.com/gptbot)"
74.7.227.21 - - [16/Apr/2026:00:20:46 +0200] "GET /images/b/actions/5902_3.jpg HTTP/1.1" 200 46714 "https://www.afish-ka.ru/cinema/films/5902/" "Mozilla/5.0 AppleWebKit/537.36 (KHTML, like Gecko; compatible; GPTBot/1.3; +https://openai.com/gptbot)"
74.7.227.21 - - [16/Apr/2026:00:20:47 +0200] "GET /images/b/actions/5912_5.jpg HTTP/1.1" 200 59989 "https://www.afish-ka.ru/cinema/films/5912/" "Mozilla/5.0 AppleWebKit/537.36 (KHTML, like Gecko; compatible; GPTBot/1.3; +https://openai.com/gptbot)"
220.181.108.168 - - [16/Apr/2026:00:20:47 +0200] "GET /images/b/actions/3197_5.jpg HTTP/1.1" 200 30702 "-" "Baiduspider-image+(+http://www.baidu.com/search/spider.htm)"
74.7.227.21 - - [16/Apr/2026:00:20:47 +0200] "GET /images/b/actions/5923_4.jpg HTTP/1.1" 200 93107 "https://www.afish-ka.ru/cinema/films/5923/" "Mozilla/5.0 AppleWebKit/537.36 (KHTML, like Gecko; compatible; GPTBot/1.3; +https://openai.com/gptbot)"
74.7.227.21 - - [16/Apr/2026:00:20:48 +0200] "GET /images/b/actions/5902_4.jpg HTTP/1.1" 200 50194 "https://www.afish-ka.ru/cinema/films/5902/" "Mozilla/5.0 AppleWebKit/537.36 (KHTML, like Gecko; compatible; GPTBot/1.3; +https://openai.com/gptbot)"
74.7.227.21 - - [16/Apr/2026:00:20:48 +0200] "GET /images/b/actions/5902_5.jpg HTTP/1.1" 200 68227 "https://www.afish-ka.ru/cinema/films/5902/" "Mozilla/5.0 AppleWebKit/537.36 (KHTML, like Gecko; compatible; GPTBot/1.3; +https://openai.com/gptbot)"
92.222.104.205 - - [16/Apr/2026:00:20:48 +0200] "GET /cinema/2/opinions/add/?parent=31276 HTTP/1.1" 200 9516 "-" "Mozilla/5.0 (compatible; AhrefsBot/7.0; +http://ahrefs.com/robot/)"
74.7.227.21 - - [16/Apr/2026:00:20:49 +0200] "GET /images/b/actions/5902_2.jpg HTTP/1.1" 200 50420 "https://www.afish-ka.ru/cinema/films/5902/" "Mozilla/5.0 AppleWebKit/537.36 (KHTML, like Gecko; compatible; GPTBot/1.3; +https://openai.com/gptbot)"
74.7.227.21 - - [16/Apr/2026:00:20:49 +0200] "GET /images/b/actions/5830_5.jpg HTTP/1.1" 200 45519 "https://www.afish-ka.ru/cinema/films/5830/" "Mozilla/5.0 AppleWebKit/537.36 (KHTML, like Gecko; compatible; GPTBot/1.3; +https://openai.com/gptbot)"
74.7.227.21 - - [16/Apr/2026:00:20:50 +0200] "GET /images/b/actions/5916_2.jpg HTTP/1.1" 200 45152 "https://www.afish-ka.ru/cinema/films/5916/" "Mozilla/5.0 AppleWebKit/537.36 (KHTML, like Gecko; compatible; GPTBot/1.3; +https://openai.com/gptbot)"
74.7.227.21 - - [16/Apr/2026:00:20:50 +0200] "GET /images/b/actions/5912_4.jpg HTTP/1.1" 200 49931 "https://www.afish-ka.ru/cinema/films/5912/" "Mozilla/5.0 AppleWebKit/537.36 (KHTML, like Gecko; compatible; GPTBot/1.3; +https://openai.com/gptbot)"
74.7.227.21 - - [16/Apr/2026:00:20:51 +0200] "GET /images/b/actions/5912_3.jpg HTTP/1.1" 200 43014 "https://www.afish-ka.ru/cinema/films/5912/" "Mozilla/5.0 AppleWebKit/537.36 (KHTML, like Gecko; compatible; GPTBot/1.3; +https://openai.com/gptbot)"
74.7.227.21 - - [16/Apr/2026:00:20:51 +0200] "GET /images/s/actions/5902_3.jpg HTTP/1.1" 200 5031 "https://www.afish-ka.ru/cinema/films/5902/" "Mozilla/5.0 AppleWebKit/537.36 (KHTML, like Gecko; compatible; GPTBot/1.3; +https://openai.com/gptbot)"
74.7.227.21 - - [16/Apr/2026:00:20:52 +0200] "GET /images/b/actions/5830_2.jpg HTTP/1.1" 200 50307 "https://www.afish-ka.ru/cinema/films/5830/" "Mozilla/5.0 AppleWebKit/537.36 (KHTML, like Gecko; compatible; GPTBot/1.3; +https://openai.com/gptbot)"
74.7.227.21 - - [16/Apr/2026:00:20:52 +0200] "GET /images/b/actions/5902_1.jpg HTTP/1.1" 200 37673 "https://www.afish-ka.ru/cinema/films/5902/" "Mozilla/5.0 AppleWebKit/537.36 (KHTML, like Gecko; compatible; GPTBot/1.3; +https://openai.com/gptbot)"
74.7.227.21 - - [16/Apr/2026:00:20:53 +0200] "GET /images/s/actions/5923_3.jpg HTTP/1.1" 200 6717 "https://www.afish-ka.ru/cinema/films/5923/" "Mozilla/5.0 AppleWebKit/537.36 (KHTML, like Gecko; compatible; GPTBot/1.3; +https://openai.com/gptbot)"
74.7.227.21 - - [16/Apr/2026:00:20:53 +0200] "GET /images/b/actions/5908_1.jpg HTTP/1.1" 200 35168 "https://www.afish-ka.ru/cinema/films/5908/" "Mozilla/5.0 AppleWebKit/537.36 (KHTML, like Gecko; compatible; GPTBot/1.3; +https://openai.com/gptbot)"
74.7.227.21 - - [16/Apr/2026:00:20:54 +0200] "GET /images/s/actions/5902_5.jpg HTTP/1.1" 200 6261 "https://www.afish-ka.ru/cinema/films/5902/" "Mozilla/5.0 AppleWebKit/537.36 (KHTML, like Gecko; compatible; GPTBot/1.3; +https://openai.com/gptbot)"
185.191.171.4 - - [16/Apr/2026:00:20:54 +0200] "GET /29-10-2025/ HTTP/1.1" 200 9592 "-" "Mozilla/5.0 (compatible; SemrushBot/7~bl; +http://www.semrush.com/bot.html)"
74.7.227.21 - - [16/Apr/2026:00:20:54 +0200] "GET /images/s/actions/5908_4.jpg HTTP/1.1" 200 5418 "https://www.afish-ka.ru/cinema/films/5908/" "Mozilla/5.0 AppleWebKit/537.36 (KHTML, like Gecko; compatible; GPTBot/1.3; +https://openai.com/gptbot)"
74.7.227.21 - - [16/Apr/2026:00:20:55 +0200] "GET /images/b/posters/5902.jpg HTTP/1.1" 200 63161 "https://www.afish-ka.ru/cinema/films/5902/" "Mozilla/5.0 AppleWebKit/537.36 (KHTML, like Gecko; compatible; GPTBot/1.3; +https://openai.com/gptbot)"
74.7.227.21 - - [16/Apr/2026:00:20:56 +0200] "GET /images/s/posters/5830.jpg HTTP/1.1" 200 13326 "https://www.afish-ka.ru/cinema/films/5830/" "Mozilla/5.0 AppleWebKit/537.36 (KHTML, like Gecko; compatible; GPTBot/1.3; +https://openai.com/gptbot)"
74.7.227.21 - - [16/Apr/2026:00:20:56 +0200] "GET /images/s/posters/5923.jpg HTTP/1.1" 200 16278 "https://www.afish-ka.ru/cinema/films/5923/" "Mozilla/5.0 AppleWebKit/537.36 (KHTML, like Gecko; compatible; GPTBot/1.3; +https://openai.com/gptbot)"
85.208.96.209 - - [16/Apr/2026:00:20:56 +0200] "GET /cafe/93/opinions/add/?parent=12911 HTTP/1.1" 200 9533 "-" "Mozilla/5.0 (compatible; SemrushBot/7~bl; +http://www.semrush.com/bot.html)"
74.7.227.21 - - [16/Apr/2026:00:20:57 +0200] "GET /images/s/posters/5916.jpg HTTP/1.1" 200 13451 "https://www.afish-ka.ru/cinema/films/5916/" "Mozilla/5.0 AppleWebKit/537.36 (KHTML, like Gecko; compatible; GPTBot/1.3; +https://openai.com/gptbot)"
74.7.227.21 - - [16/Apr/2026:00:20:57 +0200] "GET /images/s/posters/5912.jpg HTTP/1.1" 200 17608 "https://www.afish-ka.ru/cinema/films/5912/" "Mozilla/5.0 AppleWebKit/537.36 (KHTML, like Gecko; compatible; GPTBot/1.3; +https://openai.com/gptbot)"
74.7.227.21 - - [16/Apr/2026:00:20:58 +0200] "GET /images/b/posters/5908.jpg HTTP/1.1" 200 70296 "https://www.afish-ka.ru/cinema/films/5908/" "Mozilla/5.0 AppleWebKit/537.36 (KHTML, like Gecko; compatible; GPTBot/1.3; +https://openai.com/gptbot)"
74.7.227.21 - - [16/Apr/2026:00:20:58 +0200] "GET /images/b/posters/5912.jpg HTTP/1.1" 200 81573 "https://www.afish-ka.ru/cinema/films/5912/" "Mozilla/5.0 AppleWebKit/537.36 (KHTML, like Gecko; compatible; GPTBot/1.3; +https://openai.com/gptbot)"
74.7.227.21 - - [16/Apr/2026:00:20:59 +0200] "GET /images/b/posters/5803.jpg HTTP/1.1" 200 66760 "https://www.afish-ka.ru/cinema/films/5803/" "Mozilla/5.0 AppleWebKit/537.36 (KHTML, like Gecko; compatible; GPTBot/1.3; +https://openai.com/gptbot)"
74.7.227.21 - - [16/Apr/2026:00:20:59 +0200] "GET /images/s/posters/5908.jpg HTTP/1.1" 200 13591 "https://www.afish-ka.ru/cinema/films/5908/" "Mozilla/5.0 AppleWebKit/537.36 (KHTML, like Gecko; compatible; GPTBot/1.3; +https://openai.com/gptbot)"
31.220.47.69 - - [16/Apr/2026:00:20:59 +0200] "GET /15-03-2026/ HTTP/1.1" 200 9197 "https://www.afish-ka.ru/" "Mozilla/5.0 (Linux; Android 7; SM-S901B) AppleWebKit/537.36 (KHTML, like Gecko) Chrome/112.0.0.0 Mobile Safari/537.36"
74.7.227.21 - - [16/Apr/2026:00:21:00 +0200] "GET /images/s/posters/5902.jpg HTTP/1.1" 200 12696 "https://www.afish-ka.ru/cinema/films/5902/" "Mozilla/5.0 AppleWebKit/537.36 (KHTML, like Gecko; compatible; GPTBot/1.3; +https://openai.com/gptbot)"
74.7.227.21 - - [16/Apr/2026:00:21:00 +0200] "GET /images/s/posters/5803.jpg HTTP/1.1" 200 14965 "https://www.afish-ka.ru/cinema/films/5803/" "Mozilla/5.0 AppleWebKit/537.36 (KHTML, like Gecko; compatible; GPTBot/1.3; +https://openai.com/gptbot)"
74.7.227.21 - - [16/Apr/2026:00:21:01 +0200] "GET /images/b/posters/5916.jpg HTTP/1.1" 200 72257 "https://www.afish-ka.ru/cinema/films/5916/" "Mozilla/5.0 AppleWebKit/537.36 (KHTML, like Gecko; compatible; GPTBot/1.3; +https://openai.com/gptbot)"
74.7.227.21 - - [16/Apr/2026:00:21:01 +0200] "GET /images/b/posters/5923.jpg HTTP/1.1" 200 38980 "https://www.afish-ka.ru/cinema/films/5923/" "Mozilla/5.0 AppleWebKit/537.36 (KHTML, like Gecko; compatible; GPTBot/1.3; +https://openai.com/gptbot)"
43.153.111.45 - - [16/Apr/2026:00:21:01 +0200] "GET /concert_hall/actions/2597/opinions/add/concert_hall/actions/2597/ HTTP/1.1" 200 5747 "-" "Mozilla/5.0 (Macintosh; Intel Mac OS X 10_15_7) AppleWebKit/537.36 (KHTML, like Gecko) Chrome/141.0.0.0 Safari/537.36"
74.7.227.21 - - [16/Apr/2026:00:21:02 +0200] "GET /images/b/posters/5830.jpg HTTP/1.1" 200 76326 "https://www.afish-ka.ru/cinema/films/5830/" "Mozilla/5.0 AppleWebKit/537.36 (KHTML, like Gecko; compatible; GPTBot/1.3; +https://openai.com/gptbot)"
74.7.227.21 - - [16/Apr/2026:00:21:02 +0200] "GET /cinema/films/5913/ HTTP/1.1" 200 6715 "https://www.afish-ka.ru/08-07-2021/" "Mozilla/5.0 AppleWebKit/537.36 (KHTML, like Gecko; compatible; GPTBot/1.3; +https://openai.com/gptbot)"
74.7.227.21 - - [16/Apr/2026:00:21:03 +0200] "GET /cinema/films/5906/ HTTP/1.1" 200 6550 "https://www.afish-ka.ru/08-07-2021/" "Mozilla/5.0 AppleWebKit/537.36 (KHTML, like Gecko; compatible; GPTBot/1.3; +https://openai.com/gptbot)"
74.7.227.21 - - [16/Apr/2026:00:21:03 +0200] "GET /cinema/films/5837/ HTTP/1.1" 200 6693 "https://www.afish-ka.ru/29-04-2021/" "Mozilla/5.0 AppleWebKit/537.36 (KHTML, like Gecko; compatible; GPTBot/1.3; +https://openai.com/gptbot)"
74.7.227.21 - - [16/Apr/2026:00:21:04 +0200] "GET /cinema/films/5918/ HTTP/1.1" 200 6798 "https://www.afish-ka.ru/24-07-2021/" "Mozilla/5.0 AppleWebKit/537.36 (KHTML, like Gecko; compatible; GPTBot/1.3; +https://openai.com/gptbot)"
74.7.227.21 - - [16/Apr/2026:00:21:05 +0200] "GET /cinema/films/5812/ HTTP/1.1" 200 6842 "https://www.afish-ka.ru/19-04-2021/" "Mozilla/5.0 AppleWebKit/537.36 (KHTML, like Gecko; compatible; GPTBot/1.3; +https://openai.com/gptbot)"
74.7.227.21 - - [16/Apr/2026:00:21:05 +0200] "GET /cinema/films/5816/ HTTP/1.1" 200 6933 "https://www.afish-ka.ru/19-04-2021/" "Mozilla/5.0 AppleWebKit/537.36 (KHTML, like Gecko; compatible; GPTBot/1.3; +https://openai.com/gptbot)"
74.7.227.21 - - [16/Apr/2026:00:21:06 +0200] "GET /cinema/films/5840/ HTTP/1.1" 200 6774 "https://www.afish-ka.ru/09-05-2021/" "Mozilla/5.0 AppleWebKit/537.36 (KHTML, like Gecko; compatible; GPTBot/1.3; +https://openai.com/gptbot)"
74.7.227.21 - - [16/Apr/2026:00:21:07 +0200] "GET /cinema/films/5827/ HTTP/1.1" 200 6692 "https://www.afish-ka.ru/19-04-2021/" "Mozilla/5.0 AppleWebKit/537.36 (KHTML, like Gecko; compatible; GPTBot/1.3; +https://openai.com/gptbot)"
74.7.227.21 - - [16/Apr/2026:00:21:07 +0200] "GET /cinema/films/5847/ HTTP/1.1" 200 6760 "https://www.afish-ka.ru/09-05-2021/" "Mozilla/5.0 AppleWebKit/537.36 (KHTML, like Gecko; compatible; GPTBot/1.3; +https://openai.com/gptbot)"
74.7.227.21 - - [16/Apr/2026:00:21:08 +0200] "GET /cinema/films/5824/ HTTP/1.1" 200 6579 "https://www.afish-ka.ru/19-04-2021/" "Mozilla/5.0 AppleWebKit/537.36 (KHTML, like Gecko; compatible; GPTBot/1.3; +https://openai.com/gptbot)"
74.7.227.21 - - [16/Apr/2026:00:21:08 +0200] "GET /cinema/films/5839/ HTTP/1.1" 200 6950 "https://www.afish-ka.ru/29-04-2021/" "Mozilla/5.0 AppleWebKit/537.36 (KHTML, like Gecko; compatible; GPTBot/1.3; +https://openai.com/gptbot)"
74.7.227.21 - - [16/Apr/2026:00:21:09 +0200] "GET /images/s/posters/5913.jpg HTTP/1.1" 200 12753 "https://www.afish-ka.ru/cinema/films/5913/" "Mozilla/5.0 AppleWebKit/537.36 (KHTML, like Gecko; compatible; GPTBot/1.3; +https://openai.com/gptbot)"
74.7.227.21 - - [16/Apr/2026:00:21:09 +0200] "GET /images/b/actions/5906_4.jpg HTTP/1.1" 200 41376 "https://www.afish-ka.ru/cinema/films/5906/" "Mozilla/5.0 AppleWebKit/537.36 (KHTML, like Gecko; compatible; GPTBot/1.3; +https://openai.com/gptbot)"
74.7.227.21 - - [16/Apr/2026:00:21:10 +0200] "GET /images/b/actions/5837_2.jpg HTTP/1.1" 200 37636 "https://www.afish-ka.ru/cinema/films/5837/" "Mozilla/5.0 AppleWebKit/537.36 (KHTML, like Gecko; compatible; GPTBot/1.3; +https://openai.com/gptbot)"
74.7.227.21 - - [16/Apr/2026:00:21:10 +0200] "GET /images/b/actions/5906_1.jpg HTTP/1.1" 200 46232 "https://www.afish-ka.ru/cinema/films/5906/" "Mozilla/5.0 AppleWebKit/537.36 (KHTML, like Gecko; compatible; GPTBot/1.3; +https://openai.com/gptbot)"
74.7.227.21 - - [16/Apr/2026:00:21:11 +0200] "GET /images/s/actions/5812_4.jpg HTTP/1.1" 200 6785 "https://www.afish-ka.ru/cinema/films/5812/" "Mozilla/5.0 AppleWebKit/537.36 (KHTML, like Gecko; compatible; GPTBot/1.3; +https://openai.com/gptbot)"
74.7.227.21 - - [16/Apr/2026:00:21:12 +0200] "GET /images/s/actions/5816_4.jpg HTTP/1.1" 200 6382 "https://www.afish-ka.ru/cinema/films/5816/" "Mozilla/5.0 AppleWebKit/537.36 (KHTML, like Gecko; compatible; GPTBot/1.3; +https://openai.com/gptbot)"
74.7.227.21 - - [16/Apr/2026:00:21:12 +0200] "GET /images/s/actions/5812_5.jpg HTTP/1.1" 200 6198 "https://www.afish-ka.ru/cinema/films/5812/" "Mozilla/5.0 AppleWebKit/537.36 (KHTML, like Gecko; compatible; GPTBot/1.3; +https://openai.com/gptbot)"
74.7.227.21 - - [16/Apr/2026:00:21:13 +0200] "GET /images/b/actions/5827_3.jpg HTTP/1.1" 200 54529 "https://www.afish-ka.ru/cinema/films/5827/" "Mozilla/5.0 AppleWebKit/537.36 (KHTML, like Gecko; compatible; GPTBot/1.3; +https://openai.com/gptbot)"
74.7.227.21 - - [16/Apr/2026:00:21:13 +0200] "GET /images/s/actions/5827_3.jpg HTTP/1.1" 200 6564 "https://www.afish-ka.ru/cinema/films/5827/" "Mozilla/5.0 AppleWebKit/537.36 (KHTML, like Gecko; compatible; GPTBot/1.3; +https://openai.com/gptbot)"
74.7.227.21 - - [16/Apr/2026:00:21:14 +0200] "GET /images/s/actions/5837_3.jpg HTTP/1.1" 200 4798 "https://www.afish-ka.ru/cinema/films/5837/" "Mozilla/5.0 AppleWebKit/537.36 (KHTML, like Gecko; compatible; GPTBot/1.3; +https://openai.com/gptbot)"
74.7.227.21 - - [16/Apr/2026:00:21:14 +0200] "GET /images/s/actions/5839_2.jpg HTTP/1.1" 200 7170 "https://www.afish-ka.ru/cinema/films/5839/" "Mozilla/5.0 AppleWebKit/537.36 (KHTML, like Gecko; compatible; GPTBot/1.3; +https://openai.com/gptbot)"
85.208.96.197 - - [16/Apr/2026:00:21:14 +0200] "GET /night_club/11/opinions/add/?parent=1495 HTTP/1.1" 200 9511 "-" "Mozilla/5.0 (compatible; SemrushBot/7~bl; +http://www.semrush.com/bot.html)"
74.7.227.21 - - [16/Apr/2026:00:21:15 +0200] "GET /images/b/actions/5816_1.jpg HTTP/1.1" 200 38360 "https://www.afish-ka.ru/cinema/films/5816/" "Mozilla/5.0 AppleWebKit/537.36 (KHTML, like Gecko; compatible; GPTBot/1.3; +https://openai.com/gptbot)"
74.7.227.21 - - [16/Apr/2026:00:21:15 +0200] "GET /images/s/actions/5837_4.jpg HTTP/1.1" 200 5176 "https://www.afish-ka.ru/cinema/films/5837/" "Mozilla/5.0 AppleWebKit/537.36 (KHTML, like Gecko; compatible; GPTBot/1.3; +https://openai.com/gptbot)"
74.7.227.21 - - [16/Apr/2026:00:21:16 +0200] "GET /images/b/actions/5812_5.jpg HTTP/1.1" 200 43571 "https://www.afish-ka.ru/cinema/films/5812/" "Mozilla/5.0 AppleWebKit/537.36 (KHTML, like Gecko; compatible; GPTBot/1.3; +https://openai.com/gptbot)"
74.7.227.21 - - [16/Apr/2026:00:21:16 +0200] "GET /images/s/actions/5816_3.jpg HTTP/1.1" 200 6492 "https://www.afish-ka.ru/cinema/films/5816/" "Mozilla/5.0 AppleWebKit/537.36 (KHTML, like Gecko; compatible; GPTBot/1.3; +https://openai.com/gptbot)"
74.7.227.21 - - [16/Apr/2026:00:21:17 +0200] "GET /images/s/actions/5906_4.jpg HTTP/1.1" 200 6639 "https://www.afish-ka.ru/cinema/films/5906/" "Mozilla/5.0 AppleWebKit/537.36 (KHTML, like Gecko; compatible; GPTBot/1.3; +https://openai.com/gptbot)"
74.7.227.21 - - [16/Apr/2026:00:21:17 +0200] "GET /images/b/actions/5824_2.jpg HTTP/1.1" 200 40105 "https://www.afish-ka.ru/cinema/films/5824/" "Mozilla/5.0 AppleWebKit/537.36 (KHTML, like Gecko; compatible; GPTBot/1.3; +https://openai.com/gptbot)"
74.7.227.21 - - [16/Apr/2026:00:21:18 +0200] "GET /images/b/actions/5837_5.jpg HTTP/1.1" 200 57655 "https://www.afish-ka.ru/cinema/films/5837/" "Mozilla/5.0 AppleWebKit/537.36 (KHTML, like Gecko; compatible; GPTBot/1.3; +https://openai.com/gptbot)"
74.7.227.21 - - [16/Apr/2026:00:21:18 +0200] "GET /images/b/actions/5840_3.jpg HTTP/1.1" 200 70134 "https://www.afish-ka.ru/cinema/films/5840/" "Mozilla/5.0 AppleWebKit/537.36 (KHTML, like Gecko; compatible; GPTBot/1.3; +https://openai.com/gptbot)"
74.7.227.21 - - [16/Apr/2026:00:21:19 +0200] "GET /images/b/actions/5827_1.jpg HTTP/1.1" 200 27557 "https://www.afish-ka.ru/cinema/films/5827/" "Mozilla/5.0 AppleWebKit/537.36 (KHTML, like Gecko; compatible; GPTBot/1.3; +https://openai.com/gptbot)"
74.7.227.21 - - [16/Apr/2026:00:21:19 +0200] "GET /images/s/actions/5913_4.jpg HTTP/1.1" 200 6743 "https://www.afish-ka.ru/cinema/films/5913/" "Mozilla/5.0 AppleWebKit/537.36 (KHTML, like Gecko; compatible; GPTBot/1.3; +https://openai.com/gptbot)"
74.7.227.21 - - [16/Apr/2026:00:21:20 +0200] "GET /images/b/actions/5918_3.jpg HTTP/1.1" 200 52786 "https://www.afish-ka.ru/cinema/films/5918/" "Mozilla/5.0 AppleWebKit/537.36 (KHTML, like Gecko; compatible; GPTBot/1.3; +https://openai.com/gptbot)"
74.7.227.21 - - [16/Apr/2026:00:21:21 +0200] "GET /images/s/actions/5816_2.jpg HTTP/1.1" 200 6829 "https://www.afish-ka.ru/cinema/films/5816/" "Mozilla/5.0 AppleWebKit/537.36 (KHTML, like Gecko; compatible; GPTBot/1.3; +https://openai.com/gptbot)"
74.7.227.21 - - [16/Apr/2026:00:21:21 +0200] "GET /images/s/actions/5906_2.jpg HTTP/1.1" 200 7431 "https://www.afish-ka.ru/cinema/films/5906/" "Mozilla/5.0 AppleWebKit/537.36 (KHTML, like Gecko; compatible; GPTBot/1.3; +https://openai.com/gptbot)"
40.77.167.20 - - [16/Apr/2026:00:21:21 +0200] "GET /images/b/firms/151_4.jpg HTTP/1.1" 200 103160 "-" "Mozilla/5.0 AppleWebKit/537.36 (KHTML, like Gecko; compatible; bingbot/2.0; +http://www.bing.com/bingbot.htm) Chrome/116.0.1938.76 Safari/537.36"
74.7.227.21 - - [16/Apr/2026:00:21:22 +0200] "GET /images/b/actions/5918_1.jpg HTTP/1.1" 200 53305 "https://www.afish-ka.ru/cinema/films/5918/" "Mozilla/5.0 AppleWebKit/537.36 (KHTML, like Gecko; compatible; GPTBot/1.3; +https://openai.com/gptbot)"
74.7.227.21 - - [16/Apr/2026:00:21:22 +0200] "GET /images/b/actions/5913_1.jpg HTTP/1.1" 200 42150 "https://www.afish-ka.ru/cinema/films/5913/" "Mozilla/5.0 AppleWebKit/537.36 (KHTML, like Gecko; compatible; GPTBot/1.3; +https://openai.com/gptbot)"
74.7.227.21 - - [16/Apr/2026:00:21:23 +0200] "GET /images/s/actions/5827_4.jpg HTTP/1.1" 200 4318 "https://www.afish-ka.ru/cinema/films/5827/" "Mozilla/5.0 AppleWebKit/537.36 (KHTML, like Gecko; compatible; GPTBot/1.3; +https://openai.com/gptbot)"
74.7.227.21 - - [16/Apr/2026:00:21:23 +0200] "GET /images/s/actions/5812_2.jpg HTTP/1.1" 200 6397 "https://www.afish-ka.ru/cinema/films/5812/" "Mozilla/5.0 AppleWebKit/537.36 (KHTML, like Gecko; compatible; GPTBot/1.3; +https://openai.com/gptbot)"
74.7.227.21 - - [16/Apr/2026:00:21:24 +0200] "GET /images/b/actions/5837_1.jpg HTTP/1.1" 200 45666 "https://www.afish-ka.ru/cinema/films/5837/" "Mozilla/5.0 AppleWebKit/537.36 (KHTML, like Gecko; compatible; GPTBot/1.3; +https://openai.com/gptbot)"
74.7.227.21 - - [16/Apr/2026:00:21:24 +0200] "GET /images/b/actions/5906_5.jpg HTTP/1.1" 200 24013 "https://www.afish-ka.ru/cinema/films/5906/" "Mozilla/5.0 AppleWebKit/537.36 (KHTML, like Gecko; compatible; GPTBot/1.3; +https://openai.com/gptbot)"
37.59.204.157 - - [16/Apr/2026:00:21:24 +0200] "GET /cinema/33/opinions/add/?parent=32512 HTTP/1.1" 200 9514 "-" "Mozilla/5.0 (compatible; AhrefsBot/7.0; +http://ahrefs.com/robot/)"
74.7.227.21 - - [16/Apr/2026:00:21:25 +0200] "GET /images/s/actions/5824_2.jpg HTTP/1.1" 200 6683 "https://www.afish-ka.ru/cinema/films/5824/" "Mozilla/5.0 AppleWebKit/537.36 (KHTML, like Gecko; compatible; GPTBot/1.3; +https://openai.com/gptbot)"
74.7.227.21 - - [16/Apr/2026:00:21:25 +0200] "GET /images/b/actions/5847_5.jpg HTTP/1.1" 200 63467 "https://www.afish-ka.ru/cinema/films/5847/" "Mozilla/5.0 AppleWebKit/537.36 (KHTML, like Gecko; compatible; GPTBot/1.3; +https://openai.com/gptbot)"
74.7.227.21 - - [16/Apr/2026:00:21:26 +0200] "GET /images/b/actions/5840_2.jpg HTTP/1.1" 200 65702 "https://www.afish-ka.ru/cinema/films/5840/" "Mozilla/5.0 AppleWebKit/537.36 (KHTML, like Gecko; compatible; GPTBot/1.3; +https://openai.com/gptbot)"
74.7.227.21 - - [16/Apr/2026:00:21:26 +0200] "GET /images/s/actions/5840_3.jpg HTTP/1.1" 200 6095 "https://www.afish-ka.ru/cinema/films/5840/" "Mozilla/5.0 AppleWebKit/537.36 (KHTML, like Gecko; compatible; GPTBot/1.3; +https://openai.com/gptbot)"
185.191.171.11 - - [16/Apr/2026:00:21:26 +0200] "GET /cinema/films/2406/opinions/add/?parent=24209 HTTP/1.1" 200 9515 "-" "Mozilla/5.0 (compatible; SemrushBot/7~bl; +http://www.semrush.com/bot.html)"
74.7.227.21 - - [16/Apr/2026:00:21:27 +0200] "GET /images/b/actions/5847_1.jpg HTTP/1.1" 200 59331 "https://www.afish-ka.ru/cinema/films/5847/" "Mozilla/5.0 AppleWebKit/537.36 (KHTML, like Gecko; compatible; GPTBot/1.3; +https://openai.com/gptbot)"
74.7.227.21 - - [16/Apr/2026:00:21:27 +0200] "GET /images/b/actions/5839_1.jpg HTTP/1.1" 200 67666 "https://www.afish-ka.ru/cinema/films/5839/" "Mozilla/5.0 AppleWebKit/537.36 (KHTML, like Gecko; compatible; GPTBot/1.3; +https://openai.com/gptbot)"
74.7.227.21 - - [16/Apr/2026:00:21:28 +0200] "GET /images/s/actions/5827_5.jpg HTTP/1.1" 200 5807 "https://www.afish-ka.ru/cinema/films/5827/" "Mozilla/5.0 AppleWebKit/537.36 (KHTML, like Gecko; compatible; GPTBot/1.3; +https://openai.com/gptbot)"
74.7.227.21 - - [16/Apr/2026:00:21:28 +0200] "GET /images/s/actions/5840_5.jpg HTTP/1.1" 200 6774 "https://www.afish-ka.ru/cinema/films/5840/" "Mozilla/5.0 AppleWebKit/537.36 (KHTML, like Gecko; compatible; GPTBot/1.3; +https://openai.com/gptbot)"
74.7.227.21 - - [16/Apr/2026:00:21:29 +0200] "GET /images/b/actions/5816_4.jpg HTTP/1.1" 200 61696 "https://www.afish-ka.ru/cinema/films/5816/" "Mozilla/5.0 AppleWebKit/537.36 (KHTML, like Gecko; compatible; GPTBot/1.3; +https://openai.com/gptbot)"
74.7.227.21 - - [16/Apr/2026:00:21:29 +0200] "GET /images/s/actions/5913_3.jpg HTTP/1.1" 200 8507 "https://www.afish-ka.ru/cinema/films/5913/" "Mozilla/5.0 AppleWebKit/537.36 (KHTML, like Gecko; compatible; GPTBot/1.3; +https://openai.com/gptbot)"
74.7.227.21 - - [16/Apr/2026:00:21:30 +0200] "GET /images/s/actions/5827_2.jpg HTTP/1.1" 200 6601 "https://www.afish-ka.ru/cinema/films/5827/" "Mozilla/5.0 AppleWebKit/537.36 (KHTML, like Gecko; compatible; GPTBot/1.3; +https://openai.com/gptbot)"
74.7.227.21 - - [16/Apr/2026:00:21:30 +0200] "GET /images/b/actions/5812_2.jpg HTTP/1.1" 200 54329 "https://www.afish-ka.ru/cinema/films/5812/" "Mozilla/5.0 AppleWebKit/537.36 (KHTML, like Gecko; compatible; GPTBot/1.3; +https://openai.com/gptbot)"
74.7.227.21 - - [16/Apr/2026:00:21:31 +0200] "GET /images/s/actions/5840_2.jpg HTTP/1.1" 200 6924 "https://www.afish-ka.ru/cinema/films/5840/" "Mozilla/5.0 AppleWebKit/537.36 (KHTML, like Gecko; compatible; GPTBot/1.3; +https://openai.com/gptbot)"
74.7.227.21 - - [16/Apr/2026:00:21:31 +0200] "GET /images/s/actions/5918_5.jpg HTTP/1.1" 200 4933 "https://www.afish-ka.ru/cinema/films/5918/" "Mozilla/5.0 AppleWebKit/537.36 (KHTML, like Gecko; compatible; GPTBot/1.3; +https://openai.com/gptbot)"
74.7.227.21 - - [16/Apr/2026:00:21:32 +0200] "GET /images/b/actions/5913_5.jpg HTTP/1.1" 200 52149 "https://www.afish-ka.ru/cinema/films/5913/" "Mozilla/5.0 AppleWebKit/537.36 (KHTML, like Gecko; compatible; GPTBot/1.3; +https://openai.com/gptbot)"
74.7.227.21 - - [16/Apr/2026:00:21:33 +0200] "GET /images/b/actions/5824_5.jpg HTTP/1.1" 200 25635 "https://www.afish-ka.ru/cinema/films/5824/" "Mozilla/5.0 AppleWebKit/537.36 (KHTML, like Gecko; compatible; GPTBot/1.3; +https://openai.com/gptbot)"
74.7.227.21 - - [16/Apr/2026:00:21:33 +0200] "GET /images/s/actions/5839_3.jpg HTTP/1.1" 200 7458 "https://www.afish-ka.ru/cinema/films/5839/" "Mozilla/5.0 AppleWebKit/537.36 (KHTML, like Gecko; compatible; GPTBot/1.3; +https://openai.com/gptbot)"
74.7.227.21 - - [16/Apr/2026:00:21:34 +0200] "GET /images/b/actions/5840_5.jpg HTTP/1.1" 200 36567 "https://www.afish-ka.ru/cinema/films/5840/" "Mozilla/5.0 AppleWebKit/537.36 (KHTML, like Gecko; compatible; GPTBot/1.3; +https://openai.com/gptbot)"
185.191.171.13 - - [16/Apr/2026:00:21:33 +0200] "GET /cinema/films/809/opinions/add/?parent=7144 HTTP/1.1" 200 9541 "-" "Mozilla/5.0 (compatible; SemrushBot/7~bl; +http://www.semrush.com/bot.html)"
74.7.227.21 - - [16/Apr/2026:00:21:34 +0200] "GET /images/b/actions/5847_2.jpg HTTP/1.1" 200 50883 "https://www.afish-ka.ru/cinema/films/5847/" "Mozilla/5.0 AppleWebKit/537.36 (KHTML, like Gecko; compatible; GPTBot/1.3; +https://openai.com/gptbot)"
74.7.227.21 - - [16/Apr/2026:00:21:35 +0200] "GET /images/s/actions/5847_3.jpg HTTP/1.1" 200 7724 "https://www.afish-ka.ru/cinema/films/5847/" "Mozilla/5.0 AppleWebKit/537.36 (KHTML, like Gecko; compatible; GPTBot/1.3; +https://openai.com/gptbot)"
74.7.227.21 - - [16/Apr/2026:00:21:35 +0200] "GET /images/b/actions/5840_1.jpg HTTP/1.1" 200 67236 "https://www.afish-ka.ru/cinema/films/5840/" "Mozilla/5.0 AppleWebKit/537.36 (KHTML, like Gecko; compatible; GPTBot/1.3; +https://openai.com/gptbot)"
74.7.227.21 - - [16/Apr/2026:00:21:36 +0200] "GET /images/s/actions/5837_2.jpg HTTP/1.1" 200 5772 "https://www.afish-ka.ru/cinema/films/5837/" "Mozilla/5.0 AppleWebKit/537.36 (KHTML, like Gecko; compatible; GPTBot/1.3; +https://openai.com/gptbot)"
74.7.227.21 - - [16/Apr/2026:00:21:36 +0200] "GET /images/s/actions/5824_4.jpg HTTP/1.1" 200 4701 "https://www.afish-ka.ru/cinema/films/5824/" "Mozilla/5.0 AppleWebKit/537.36 (KHTML, like Gecko; compatible; GPTBot/1.3; +https://openai.com/gptbot)"
74.7.227.21 - - [16/Apr/2026:00:21:37 +0200] "GET /images/s/actions/5839_4.jpg HTTP/1.1" 200 7953 "https://www.afish-ka.ru/cinema/films/5839/" "Mozilla/5.0 AppleWebKit/537.36 (KHTML, like Gecko; compatible; GPTBot/1.3; +https://openai.com/gptbot)"
74.7.227.21 - - [16/Apr/2026:00:21:37 +0200] "GET /images/s/actions/5816_5.jpg HTTP/1.1" 200 7709 "https://www.afish-ka.ru/cinema/films/5816/" "Mozilla/5.0 AppleWebKit/537.36 (KHTML, like Gecko; compatible; GPTBot/1.3; +https://openai.com/gptbot)"
74.7.227.21 - - [16/Apr/2026:00:21:38 +0200] "GET /images/b/actions/5816_2.jpg HTTP/1.1" 200 66766 "https://www.afish-ka.ru/cinema/films/5816/" "Mozilla/5.0 AppleWebKit/537.36 (KHTML, like Gecko; compatible; GPTBot/1.3; +https://openai.com/gptbot)"
74.7.227.21 - - [16/Apr/2026:00:21:38 +0200] "GET /images/b/actions/5918_2.jpg HTTP/1.1" 200 81391 "https://www.afish-ka.ru/cinema/films/5918/" "Mozilla/5.0 AppleWebKit/537.36 (KHTML, like Gecko; compatible; GPTBot/1.3; +https://openai.com/gptbot)"
