HEX
Server: Apache/2.4.59 (Debian)
System: Linux skycube.cz 4.19.0-25-amd64 #1 SMP Debian 4.19.289-2 (2023-08-08) x86_64
User: ilya (534)
PHP: 7.3.31-1~deb10u7
Disabled: pcntl_alarm,pcntl_fork,pcntl_waitpid,pcntl_wait,pcntl_wifexited,pcntl_wifstopped,pcntl_wifsignaled,pcntl_wifcontinued,pcntl_wexitstatus,pcntl_wtermsig,pcntl_wstopsig,pcntl_signal,pcntl_signal_get_handler,pcntl_signal_dispatch,pcntl_get_last_error,pcntl_strerror,pcntl_sigprocmask,pcntl_sigwaitinfo,pcntl_sigtimedwait,pcntl_exec,pcntl_getpriority,pcntl_setpriority,pcntl_async_signals,
Upload Files
File: /var/www/ilya/data/webdav/webdav/logs/eeggs.ru.access.log
66.249.66.33 - - [16/Apr/2026:00:00:20 +0200] "GET /goods/CO2-Jetable-Edenya-Bubbles-De-600-G-Avec-Raccord-M11x1-Pour-Eau/1233994 HTTP/1.1" 500 199 "-" "Mozilla/5.0 (Linux; Android 6.0.1; Nexus 5X Build/MMB29P) AppleWebKit/537.36 (KHTML, like Gecko) Chrome/146.0.7680.177 Mobile Safari/537.36 (compatible; Googlebot/2.1; +http://www.google.com/bot.html)"
66.249.66.33 - - [16/Apr/2026:00:01:03 +0200] "GET /goods/VENDITA-ACCESSORI-GIOCATTOLI-V-lo-Pour-Fille-V-lo-Enfant-V/939872 HTTP/1.1" 500 199 "-" "Mozilla/5.0 (Linux; Android 6.0.1; Nexus 5X Build/MMB29P) AppleWebKit/537.36 (KHTML, like Gecko) Chrome/146.0.7680.177 Mobile Safari/537.36 (compatible; Googlebot/2.1; +http://www.google.com/bot.html)"
89.249.21.36 - - [16/Apr/2026:00:01:11 +0200] "GET /software/firefox/ HTTP/1.1" 500 199 "-" "Mozilla/5.0 (Windows NT 10.0; Win64; x64) AppleWebKit/537.36 (KHTML, like Gecko) Chrome/120.0.0.0 Safari/537.36"
66.249.66.32 - - [16/Apr/2026:00:01:25 +0200] "GET /goods/Ballons-Entra-nement-Football-Taille-5-Noir-Et-Blanc-Classique/724369 HTTP/1.1" 500 199 "-" "Mozilla/5.0 (Linux; Android 6.0.1; Nexus 5X Build/MMB29P) AppleWebKit/537.36 (KHTML, like Gecko) Chrome/146.0.7680.177 Mobile Safari/537.36 (compatible; Googlebot/2.1; +http://www.google.com/bot.html)"
66.249.66.32 - - [16/Apr/2026:00:01:47 +0200] "GET /goods/Giro-Gants-V-lo-Homme-Trixter-Blanc/1175012 HTTP/1.1" 500 199 "-" "Mozilla/5.0 (Linux; Android 6.0.1; Nexus 5X Build/MMB29P) AppleWebKit/537.36 (KHTML, like Gecko) Chrome/146.0.7680.177 Mobile Safari/537.36 (compatible; Googlebot/2.1; +http://www.google.com/bot.html)"
66.249.66.33 - - [16/Apr/2026:00:02:08 +0200] "GET /goods/En-Mousseline-De-Soie-Pour-Femme-Ouvert-Sur-Le-Devant/994333 HTTP/1.1" 500 199 "-" "Mozilla/5.0 (Linux; Android 6.0.1; Nexus 5X Build/MMB29P) AppleWebKit/537.36 (KHTML, like Gecko) Chrome/146.0.7680.177 Mobile Safari/537.36 (compatible; Googlebot/2.1; +http://www.google.com/bot.html)"
216.244.66.243 - - [16/Apr/2026:00:03:52 +0200] "GET /robots.txt HTTP/1.1" 200 574 "-" "Mozilla/5.0 (compatible; DotBot/1.2; +https://opensiteexplorer.org/dotbot; help@moz.com)"
66.249.66.32 - - [16/Apr/2026:00:03:56 +0200] "GET /goods/IPENNY-Cache-Cou-Cagoule-Masqu-s-Hiver-Homme-Femme-Ski-Moto/1289455 HTTP/1.1" 500 199 "-" "Mozilla/5.0 (Linux; Android 6.0.1; Nexus 5X Build/MMB29P) AppleWebKit/537.36 (KHTML, like Gecko) Chrome/146.0.7680.177 Mobile Safari/537.36 (compatible; Googlebot/2.1; +http://www.google.com/bot.html)"
216.73.216.41 - - [16/Apr/2026:00:04:13 +0200] "GET /robots.txt HTTP/1.1" 200 463 "-" "Mozilla/5.0 AppleWebKit/537.36 (KHTML, like Gecko; compatible; ClaudeBot/1.0; +claudebot@anthropic.com)"
216.73.216.41 - - [16/Apr/2026:00:04:14 +0200] "GET /software/wordpress-26/feed/ HTTP/1.1" 500 199 "-" "Mozilla/5.0 AppleWebKit/537.36 (KHTML, like Gecko; compatible; ClaudeBot/1.0; +claudebot@anthropic.com)"
66.249.66.32 - - [16/Apr/2026:00:04:18 +0200] "GET /goods/Megatron-Transformers-Transformers-Studio-Series-Deluxe-Dark-Of/542471 HTTP/1.1" 500 199 "-" "Mozilla/5.0 (Linux; Android 6.0.1; Nexus 5X Build/MMB29P) AppleWebKit/537.36 (KHTML, like Gecko) Chrome/146.0.7680.177 Mobile Safari/537.36 (compatible; Googlebot/2.1; +http://www.google.com/bot.html)"
40.77.167.26 - - [16/Apr/2026:00:04:35 +0200] "GET /goods/La-Mascotte-Officielle-Des-JO-De-Paris/745244 HTTP/1.1" 500 199 "-" "Mozilla/5.0 AppleWebKit/537.36 (KHTML, like Gecko; compatible; bingbot/2.0; +http://www.bing.com/bingbot.htm) Chrome/116.0.1938.76 Safari/537.36"
89.249.21.36 - - [16/Apr/2026:00:04:38 +0200] "GET /web/antinameofrussia/ HTTP/1.1" 500 199 "-" "Mozilla/5.0 (Windows NT 10.0; Win64; x64) AppleWebKit/537.36 (KHTML, like Gecko) Chrome/120.0.0.0 Safari/537.36"
66.249.66.32 - - [16/Apr/2026:00:04:40 +0200] "GET /goods/Star-D-coupes-Ltd-Channing-Tatum-Blacksuit-Et-Nu0153ud-Papillon/736115 HTTP/1.1" 500 199 "-" "Mozilla/5.0 (Linux; Android 6.0.1; Nexus 5X Build/MMB29P) AppleWebKit/537.36 (KHTML, like Gecko) Chrome/146.0.7680.177 Mobile Safari/537.36 (compatible; Googlebot/2.1; +http://www.google.com/bot.html)"
66.249.66.34 - - [16/Apr/2026:00:05:01 +0200] "GET /goods/History-Of-North-American-Team-Names/1091291 HTTP/1.1" 500 199 "-" "Mozilla/5.0 (Linux; Android 6.0.1; Nexus 5X Build/MMB29P) AppleWebKit/537.36 (KHTML, like Gecko) Chrome/146.0.7680.177 Mobile Safari/537.36 (compatible; Googlebot/2.1; +http://www.google.com/bot.html)"
66.249.66.32 - - [16/Apr/2026:00:05:23 +0200] "GET /goods/Compass-Military-Professional-Waterproof-Metal/917576 HTTP/1.1" 500 199 "-" "Mozilla/5.0 (Linux; Android 6.0.1; Nexus 5X Build/MMB29P) AppleWebKit/537.36 (KHTML, like Gecko) Chrome/146.0.7680.177 Mobile Safari/537.36 (compatible; Googlebot/2.1; +http://www.google.com/bot.html)"
216.244.66.243 - - [16/Apr/2026:00:05:57 +0200] "GET /wp-content/uploads/2008/02/photoshop_10_original.gif HTTP/1.1" 200 33424 "-" "Mozilla/5.0 (compatible; DotBot/1.2; +https://opensiteexplorer.org/dotbot; help@moz.com)"
66.249.66.32 - - [16/Apr/2026:00:06:06 +0200] "GET /goods/Pomme-30x50cm-360-G-m-100-Coton-CFW891847-Leroy-Merlin/968420 HTTP/1.1" 500 199 "-" "Mozilla/5.0 (Linux; Android 6.0.1; Nexus 5X Build/MMB29P) AppleWebKit/537.36 (KHTML, like Gecko) Chrome/146.0.7680.177 Mobile Safari/537.36 (compatible; Googlebot/2.1; +http://www.google.com/bot.html)"
216.73.216.41 - - [16/Apr/2026:00:06:22 +0200] "GET /?p=247 HTTP/1.1" 500 199 "-" "Mozilla/5.0 AppleWebKit/537.36 (KHTML, like Gecko; compatible; ClaudeBot/1.0; +claudebot@anthropic.com)"
66.249.66.3 - - [16/Apr/2026:00:06:28 +0200] "GET /goods/Meilleurs-Sanital-Light-Femme-En-France-Avril/428858 HTTP/1.1" 500 199 "-" "Mozilla/5.0 (Linux; Android 6.0.1; Nexus 5X Build/MMB29P) AppleWebKit/537.36 (KHTML, like Gecko) Chrome/146.0.7680.177 Mobile Safari/537.36 (compatible; Googlebot/2.1; +http://www.google.com/bot.html)"
66.249.66.65 - - [16/Apr/2026:00:06:49 +0200] "GET /goods/M-langeur-De-P-te-Avec-Lames-E-Grandado/811498 HTTP/1.1" 500 199 "-" "Mozilla/5.0 (Linux; Android 6.0.1; Nexus 5X Build/MMB29P) AppleWebKit/537.36 (KHTML, like Gecko) Chrome/146.0.7680.177 Mobile Safari/537.36 (compatible; Googlebot/2.1; +http://www.google.com/bot.html)"
66.249.66.33 - - [16/Apr/2026:00:07:11 +0200] "GET /goods/Kendall-Jenner-quot-40-1-X-0-7-L-G-nstig-Kaufen/1081950 HTTP/1.1" 500 199 "-" "Mozilla/5.0 (Linux; Android 6.0.1; Nexus 5X Build/MMB29P) AppleWebKit/537.36 (KHTML, like Gecko) Chrome/146.0.7680.177 Mobile Safari/537.36 (compatible; Googlebot/2.1; +http://www.google.com/bot.html)"
66.249.66.33 - - [16/Apr/2026:00:07:33 +0200] "GET /goods/Lames-65-Mn-Jauges-D-039-paisseur-En-Alliage-D-039-acier/1252763 HTTP/1.1" 500 199 "-" "Mozilla/5.0 (Linux; Android 6.0.1; Nexus 5X Build/MMB29P) AppleWebKit/537.36 (KHTML, like Gecko) Chrome/146.0.7680.177 Mobile Safari/537.36 (compatible; Googlebot/2.1; +http://www.google.com/bot.html)"
66.249.66.33 - - [16/Apr/2026:00:08:16 +0200] "GET /goods/Compatible-Avec-Coque-IPhone-14-Transparent-Coque-Avec-Motif/1076408 HTTP/1.1" 500 199 "-" "Mozilla/5.0 (Linux; Android 6.0.1; Nexus 5X Build/MMB29P) AppleWebKit/537.36 (KHTML, like Gecko) Chrome/146.0.7680.177 Mobile Safari/537.36 (compatible; Googlebot/2.1; +http://www.google.com/bot.html)"
66.249.66.167 - - [16/Apr/2026:00:08:38 +0200] "GET /goods/Polini-Original-Piaggio-Typhoon-50-2T-Noir/900480 HTTP/1.1" 500 199 "-" "Mozilla/5.0 (Linux; Android 6.0.1; Nexus 5X Build/MMB29P) AppleWebKit/537.36 (KHTML, like Gecko) Chrome/146.0.7680.177 Mobile Safari/537.36 (compatible; Googlebot/2.1; +http://www.google.com/bot.html)"
66.249.66.32 - - [16/Apr/2026:00:08:59 +0200] "GET /goods/Tabouret-En-Plastique-Peppa-Pig/905154 HTTP/1.1" 500 199 "-" "Mozilla/5.0 (Linux; Android 6.0.1; Nexus 5X Build/MMB29P) AppleWebKit/537.36 (KHTML, like Gecko) Chrome/146.0.7680.177 Mobile Safari/537.36 (compatible; Googlebot/2.1; +http://www.google.com/bot.html)"
66.249.66.33 - - [16/Apr/2026:00:09:21 +0200] "GET /goods/Manchons-De-Soutien-De-Compression-De-Sport-Pour-Cuisse-Et-Jambe/821542 HTTP/1.1" 500 199 "-" "Mozilla/5.0 (Linux; Android 6.0.1; Nexus 5X Build/MMB29P) AppleWebKit/537.36 (KHTML, like Gecko) Chrome/146.0.7680.177 Mobile Safari/537.36 (compatible; Googlebot/2.1; +http://www.google.com/bot.html)"
66.249.66.32 - - [16/Apr/2026:00:09:42 +0200] "GET /goods/2x-Sticker-STOP-PUB-Autocollant-PAS-DE-PUBLICIT-tiquette/596595 HTTP/1.1" 500 199 "-" "Mozilla/5.0 (Linux; Android 6.0.1; Nexus 5X Build/MMB29P) AppleWebKit/537.36 (KHTML, like Gecko) Chrome/146.0.7680.177 Mobile Safari/537.36 (compatible; Googlebot/2.1; +http://www.google.com/bot.html)"
216.73.216.41 - - [16/Apr/2026:00:10:09 +0200] "GET /robots.txt HTTP/1.1" 200 463 "-" "Mozilla/5.0 AppleWebKit/537.36 (KHTML, like Gecko; compatible; ClaudeBot/1.0; +claudebot@anthropic.com)"
216.73.216.41 - - [16/Apr/2026:00:10:09 +0200] "GET /goods.php HTTP/1.1" 500 199 "-" "Mozilla/5.0 AppleWebKit/537.36 (KHTML, like Gecko; compatible; ClaudeBot/1.0; +claudebot@anthropic.com)"
66.249.66.33 - - [16/Apr/2026:00:10:26 +0200] "GET /goods/Thermostat-Sans-Fil-Thermostat-Intelligent-Compatible-Avec/1045646 HTTP/1.1" 500 199 "-" "Mozilla/5.0 (Linux; Android 6.0.1; Nexus 5X Build/MMB29P) AppleWebKit/537.36 (KHTML, like Gecko) Chrome/146.0.7680.177 Mobile Safari/537.36 (compatible; Googlebot/2.1; +http://www.google.com/bot.html)"
66.249.66.33 - - [16/Apr/2026:00:10:47 +0200] "GET /goods/Papitous-quot-Terrine-Au-Foie-De-Canard-30-Foie-Gras/717605 HTTP/1.1" 500 199 "-" "Mozilla/5.0 (Linux; Android 6.0.1; Nexus 5X Build/MMB29P) AppleWebKit/537.36 (KHTML, like Gecko) Chrome/146.0.7680.177 Mobile Safari/537.36 (compatible; Googlebot/2.1; +http://www.google.com/bot.html)"
216.73.216.41 - - [16/Apr/2026:00:10:49 +0200] "GET / HTTP/1.1" 500 199 "-" "Mozilla/5.0 AppleWebKit/537.36 (KHTML, like Gecko; compatible; ClaudeBot/1.0; +claudebot@anthropic.com)"
178.20.44.140 - - [16/Apr/2026:00:10:52 +0200] "GET /web/efes/ HTTP/1.0" 500 166 "http://www.eeggs.ru/web/efes/#comment-295594" "Mozilla/5.0 (Windows NT 10.0; Win64; x64) AppleWebKit/537.36 (KHTML, like Gecko) Chrome/131.0.0.0 Safari/537.36"
178.20.44.140 - - [16/Apr/2026:00:10:52 +0200] "GET / HTTP/1.0" 500 166 "http://www.eeggs.ru/" "Mozilla/5.0 (Windows NT 10.0; Win64; x64) AppleWebKit/537.36 (KHTML, like Gecko) Chrome/131.0.0.0 Safari/537.36"
66.249.66.33 - - [16/Apr/2026:00:11:09 +0200] "GET /goods/Moteur-Double-Courant-Continu-Tension-Invers-e-R-gulation/1204460 HTTP/1.1" 500 199 "-" "Mozilla/5.0 (Linux; Android 6.0.1; Nexus 5X Build/MMB29P) AppleWebKit/537.36 (KHTML, like Gecko) Chrome/146.0.7680.177 Mobile Safari/537.36 (compatible; Googlebot/2.1; +http://www.google.com/bot.html)"
66.249.66.32 - - [16/Apr/2026:00:11:31 +0200] "GET /goods/Nappe-En-Toile-Cir-e-Rectangulaire-Campagne/767661 HTTP/1.1" 500 199 "-" "Mozilla/5.0 (Linux; Android 6.0.1; Nexus 5X Build/MMB29P) AppleWebKit/537.36 (KHTML, like Gecko) Chrome/146.0.7680.177 Mobile Safari/537.36 (compatible; Googlebot/2.1; +http://www.google.com/bot.html)"
66.249.66.32 - - [16/Apr/2026:00:11:42 +0200] "GET /goods/De-Frappe-MMA-U2013-Sac-De-Boxe-En-Cuir-PU-Id-al-Pour-Les/508221 HTTP/1.1" 500 199 "-" "Mozilla/5.0 (Linux; Android 6.0.1; Nexus 5X Build/MMB29P) AppleWebKit/537.36 (KHTML, like Gecko) Chrome/146.0.7680.177 Mobile Safari/537.36 (compatible; Googlebot/2.1; +http://www.google.com/bot.html)"
66.249.66.32 - - [16/Apr/2026:00:11:52 +0200] "GET /goods/Hama-Powersplitter-1-5-quot-Techline-quot-Diviseur-De-C-bles/461714 HTTP/1.1" 500 199 "-" "Mozilla/5.0 (Linux; Android 6.0.1; Nexus 5X Build/MMB29P) AppleWebKit/537.36 (KHTML, like Gecko) Chrome/146.0.7680.177 Mobile Safari/537.36 (compatible; Googlebot/2.1; +http://www.google.com/bot.html)"
66.249.66.197 - - [16/Apr/2026:00:12:02 +0200] "GET /goods/Une-Paire-De-Ciseaux-Noirs-Ou-Rouges-Pour-Cordon-Tress-Et-Pince/645315 HTTP/1.1" 500 199 "-" "Mozilla/5.0 (Linux; Android 6.0.1; Nexus 5X Build/MMB29P) AppleWebKit/537.36 (KHTML, like Gecko) Chrome/146.0.7680.177 Mobile Safari/537.36 (compatible; Googlebot/2.1; +http://www.google.com/bot.html)"
66.249.66.33 - - [16/Apr/2026:00:12:35 +0200] "GET /goods/Static-loc-Equipements-Et-Adaptations-PMR-Tous-Ergo/1280786 HTTP/1.1" 500 199 "-" "Mozilla/5.0 (Linux; Android 6.0.1; Nexus 5X Build/MMB29P) AppleWebKit/537.36 (KHTML, like Gecko) Chrome/146.0.7680.177 Mobile Safari/537.36 (compatible; Googlebot/2.1; +http://www.google.com/bot.html)"
66.249.66.32 - - [16/Apr/2026:00:13:17 +0200] "GET /goods/137-X-1-000-Cm-Motif-Ballon-Avec-Bo-te-De-D-coupe/717328 HTTP/1.1" 500 199 "-" "Mozilla/5.0 (Linux; Android 6.0.1; Nexus 5X Build/MMB29P) AppleWebKit/537.36 (KHTML, like Gecko) Chrome/146.0.7680.177 Mobile Safari/537.36 (compatible; Googlebot/2.1; +http://www.google.com/bot.html)"
66.249.66.65 - - [16/Apr/2026:00:13:29 +0200] "GET /goods/Adventure-039-19-039-20-Et-890-Adventure-039/450839 HTTP/1.1" 500 199 "-" "Mozilla/5.0 (Linux; Android 6.0.1; Nexus 5X Build/MMB29P) AppleWebKit/537.36 (KHTML, like Gecko) Chrome/146.0.7680.177 Mobile Safari/537.36 (compatible; Googlebot/2.1; +http://www.google.com/bot.html)"
66.249.66.166 - - [16/Apr/2026:00:13:38 +0200] "GET /goods/Varial-Mid-J-Baskets-Mode-Mixte-Enfant/1153764 HTTP/1.1" 500 199 "-" "Mozilla/5.0 (Linux; Android 6.0.1; Nexus 5X Build/MMB29P) AppleWebKit/537.36 (KHTML, like Gecko) Chrome/146.0.7680.177 Mobile Safari/537.36 (compatible; GoogleOther)"
66.249.66.32 - - [16/Apr/2026:00:13:44 +0200] "GET /goods/able-Double-Couche-Tente-Automatique-Portable/641653 HTTP/1.1" 500 199 "-" "Mozilla/5.0 (Linux; Android 6.0.1; Nexus 5X Build/MMB29P) AppleWebKit/537.36 (KHTML, like Gecko) Chrome/146.0.7680.177 Mobile Safari/537.36 (compatible; Googlebot/2.1; +http://www.google.com/bot.html)"
66.249.66.3 - - [16/Apr/2026:00:14:07 +0200] "GET /goods/Gilet-Reporter-Multipoches-Sans-Manches-VALENTO-SAFARI-Vert/527948 HTTP/1.1" 500 199 "-" "Mozilla/5.0 (Linux; Android 6.0.1; Nexus 5X Build/MMB29P) AppleWebKit/537.36 (KHTML, like Gecko) Chrome/146.0.7680.177 Mobile Safari/537.36 (compatible; Googlebot/2.1; +http://www.google.com/bot.html)"
66.249.66.33 - - [16/Apr/2026:00:14:19 +0200] "GET /goods/Varial-Mid-J-Baskets-Mode-Mixte-Enfant/1153764 HTTP/1.1" 500 199 "-" "Mozilla/5.0 (Linux; Android 6.0.1; Nexus 5X Build/MMB29P) AppleWebKit/537.36 (KHTML, like Gecko) Chrome/146.0.7680.177 Mobile Safari/537.36 (compatible; Googlebot/2.1; +http://www.google.com/bot.html)"
89.249.21.36 - - [16/Apr/2026:00:14:29 +0200] "GET /software/tetris-v-utorrent/ HTTP/1.1" 500 199 "-" "Mozilla/5.0 (Windows NT 10.0; Win64; x64) AppleWebKit/537.36 (KHTML, like Gecko) Chrome/120.0.0.0 Safari/537.36"
66.249.66.2 - - [16/Apr/2026:00:14:29 +0200] "GET /goods/Toxiques-Avec-Plateau-6-3-X-1-9-Cm-Lot-De/534674 HTTP/1.1" 500 199 "-" "Mozilla/5.0 (Linux; Android 6.0.1; Nexus 5X Build/MMB29P) AppleWebKit/537.36 (KHTML, like Gecko) Chrome/146.0.7680.177 Mobile Safari/537.36 (compatible; Googlebot/2.1; +http://www.google.com/bot.html)"
66.249.66.32 - - [16/Apr/2026:00:14:52 +0200] "GET /goods/Goliath-Fille-Rose-18-Comparez-Sur-Par/1080418 HTTP/1.1" 500 199 "-" "Mozilla/5.0 (Linux; Android 6.0.1; Nexus 5X Build/MMB29P) AppleWebKit/537.36 (KHTML, like Gecko) Chrome/146.0.7680.177 Mobile Safari/537.36 (compatible; Googlebot/2.1; +http://www.google.com/bot.html)"
66.249.66.197 - - [16/Apr/2026:00:15:03 +0200] "GET /goods/Varial-Mid-J-Baskets-Mode-Mixte-Enfant/1153764 HTTP/1.1" 500 199 "-" "Mozilla/5.0 (Linux; Android 6.0.1; Nexus 5X Build/MMB29P) AppleWebKit/537.36 (KHTML, like Gecko) Chrome/146.0.7680.177 Mobile Safari/537.36 (compatible; GoogleOther)"
66.249.66.33 - - [16/Apr/2026:00:15:38 +0200] "GET /goods/Coucher-Bureau-Buanderie-Orientale-Tapis-De-Salle-De-Bain/1050907 HTTP/1.1" 500 199 "-" "Mozilla/5.0 (Linux; Android 6.0.1; Nexus 5X Build/MMB29P) AppleWebKit/537.36 (KHTML, like Gecko) Chrome/146.0.7680.177 Mobile Safari/537.36 (compatible; Googlebot/2.1; +http://www.google.com/bot.html)"
66.249.66.199 - - [16/Apr/2026:00:16:01 +0200] "GET /goods/Parure-De-Lit-En-Lin-M-lang-2-Personnes-Gris-Maison/662605 HTTP/1.1" 500 199 "-" "Mozilla/5.0 (Linux; Android 6.0.1; Nexus 5X Build/MMB29P) AppleWebKit/537.36 (KHTML, like Gecko) Chrome/146.0.7680.177 Mobile Safari/537.36 (compatible; Googlebot/2.1; +http://www.google.com/bot.html)"
66.249.66.66 - - [16/Apr/2026:00:16:23 +0200] "GET /goods/Capuche-En-Duvet-Delta-Ridge-Homme-Columbia-Sportswear/750350 HTTP/1.1" 500 199 "-" "Mozilla/5.0 (Linux; Android 6.0.1; Nexus 5X Build/MMB29P) AppleWebKit/537.36 (KHTML, like Gecko) Chrome/146.0.7680.177 Mobile Safari/537.36 (compatible; Googlebot/2.1; +http://www.google.com/bot.html)"
66.249.66.65 - - [16/Apr/2026:00:16:46 +0200] "GET /goods/Ensemble-Jogging-Femme-2-Pi-ces-Survetement-De-Sport-Pantalon/762877 HTTP/1.1" 500 199 "-" "Mozilla/5.0 (Linux; Android 6.0.1; Nexus 5X Build/MMB29P) AppleWebKit/537.36 (KHTML, like Gecko) Chrome/146.0.7680.177 Mobile Safari/537.36 (compatible; Googlebot/2.1; +http://www.google.com/bot.html)"
66.249.66.33 - - [16/Apr/2026:00:17:09 +0200] "GET /goods/e-Chemin-e-Tapis-De-Protection-Anti-Feu-Tapis-Ignifuge/808493 HTTP/1.1" 500 199 "-" "Mozilla/5.0 (Linux; Android 6.0.1; Nexus 5X Build/MMB29P) AppleWebKit/537.36 (KHTML, like Gecko) Chrome/146.0.7680.177 Mobile Safari/537.36 (compatible; Googlebot/2.1; +http://www.google.com/bot.html)"
66.249.66.32 - - [16/Apr/2026:00:17:32 +0200] "GET /goods/Fee-Avec-Fereture-clair-Int-grale/812138 HTTP/1.1" 500 199 "-" "Mozilla/5.0 (Linux; Android 6.0.1; Nexus 5X Build/MMB29P) AppleWebKit/537.36 (KHTML, like Gecko) Chrome/146.0.7680.177 Mobile Safari/537.36 (compatible; Googlebot/2.1; +http://www.google.com/bot.html)"
66.249.66.32 - - [16/Apr/2026:00:17:54 +0200] "GET /goods/De-Casque-De-Moto-Corne-De-Casque-De-Moto-Asudaro/584586 HTTP/1.1" 500 199 "-" "Mozilla/5.0 (Linux; Android 6.0.1; Nexus 5X Build/MMB29P) AppleWebKit/537.36 (KHTML, like Gecko) Chrome/146.0.7680.177 Mobile Safari/537.36 (compatible; Googlebot/2.1; +http://www.google.com/bot.html)"
152.228.220.143 - - [16/Apr/2026:00:18:13 +0200] "GET /web/efes/feed/ HTTP/1.1" 500 199 "-" "Mozilla/5.0 (X11; Linux i686) AppleWebKit/537.36 (KHTML, like Gecko) Chrome/30.0.1599.66 Safari/537.36"
66.249.66.33 - - [16/Apr/2026:00:18:17 +0200] "GET /goods/Y2K-Ensemble-De-2-Jupes-En-Tricot-Au-Crochet-Pour-Femme-Avec/607412 HTTP/1.1" 500 199 "-" "Mozilla/5.0 (Linux; Android 6.0.1; Nexus 5X Build/MMB29P) AppleWebKit/537.36 (KHTML, like Gecko) Chrome/146.0.7680.177 Mobile Safari/537.36 (compatible; Googlebot/2.1; +http://www.google.com/bot.html)"
66.249.66.168 - - [16/Apr/2026:00:19:03 +0200] "GET /goods/Pour-B-b-100-Pur-Coton-Utilisez-les/851998 HTTP/1.1" 500 199 "-" "Mozilla/5.0 (Linux; Android 6.0.1; Nexus 5X Build/MMB29P) AppleWebKit/537.36 (KHTML, like Gecko) Chrome/146.0.7680.177 Mobile Safari/537.36 (compatible; Googlebot/2.1; +http://www.google.com/bot.html)"
66.249.66.32 - - [16/Apr/2026:00:19:26 +0200] "GET /goods/Rouleaux-De-Ruban-Adh-sif-Butyle-Pour-Solive-De-Terrasse-De-3/916807 HTTP/1.1" 500 199 "-" "Mozilla/5.0 (Linux; Android 6.0.1; Nexus 5X Build/MMB29P) AppleWebKit/537.36 (KHTML, like Gecko) Chrome/146.0.7680.177 Mobile Safari/537.36 (compatible; Googlebot/2.1; +http://www.google.com/bot.html)"
66.249.66.32 - - [16/Apr/2026:00:19:48 +0200] "GET /goods/Moderne-AntiTaches-Plastifi-Couverture-De-Table-En-Pvc/583089 HTTP/1.1" 500 199 "-" "Mozilla/5.0 (Linux; Android 6.0.1; Nexus 5X Build/MMB29P) AppleWebKit/537.36 (KHTML, like Gecko) Chrome/146.0.7680.177 Mobile Safari/537.36 (compatible; Googlebot/2.1; +http://www.google.com/bot.html)"
66.249.66.2 - - [16/Apr/2026:00:20:11 +0200] "GET /goods/efour-Bio-Pur-e-D-039-Amande-Compl-te-170-G-Carrefour-Site/1273483 HTTP/1.1" 500 199 "-" "Mozilla/5.0 (Linux; Android 6.0.1; Nexus 5X Build/MMB29P) AppleWebKit/537.36 (KHTML, like Gecko) Chrome/146.0.7680.177 Mobile Safari/537.36 (compatible; Googlebot/2.1; +http://www.google.com/bot.html)"
66.249.66.166 - - [16/Apr/2026:00:20:34 +0200] "GET /goods/10-Pieces-3D-PVC-IMITATION-TILES-Wall-Panels/656643 HTTP/1.1" 500 199 "-" "Mozilla/5.0 (Linux; Android 6.0.1; Nexus 5X Build/MMB29P) AppleWebKit/537.36 (KHTML, like Gecko) Chrome/146.0.7680.177 Mobile Safari/537.36 (compatible; Googlebot/2.1; +http://www.google.com/bot.html)"
66.249.66.65 - - [16/Apr/2026:00:20:57 +0200] "GET /goods/4-Juillet-152-4-X-264-2-Cm-Motif-Patriotique-Buffle-toiles/998889 HTTP/1.1" 500 199 "-" "Mozilla/5.0 (Linux; Android 6.0.1; Nexus 5X Build/MMB29P) AppleWebKit/537.36 (KHTML, like Gecko) Chrome/146.0.7680.177 Mobile Safari/537.36 (compatible; Googlebot/2.1; +http://www.google.com/bot.html)"
66.249.66.32 - - [16/Apr/2026:00:21:20 +0200] "GET /goods/Case-Magnetic-Rubber-Cover-For-IPhone-15-Pro-Max-14-13-12-11-Plus/1185817 HTTP/1.1" 500 199 "-" "Mozilla/5.0 (Linux; Android 6.0.1; Nexus 5X Build/MMB29P) AppleWebKit/537.36 (KHTML, like Gecko) Chrome/146.0.7680.177 Mobile Safari/537.36 (compatible; Googlebot/2.1; +http://www.google.com/bot.html)"
66.249.66.197 - - [16/Apr/2026:00:21:42 +0200] "GET /goods/CHAUSSURE-DE-CYCLISME-FIZIK-TEMPO-POWERSTRAP-R5-Chaussures/706211 HTTP/1.1" 500 199 "-" "Mozilla/5.0 (Linux; Android 6.0.1; Nexus 5X Build/MMB29P) AppleWebKit/537.36 (KHTML, like Gecko) Chrome/146.0.7680.177 Mobile Safari/537.36 (compatible; Googlebot/2.1; +http://www.google.com/bot.html)"
66.249.66.199 - - [16/Apr/2026:00:22:05 +0200] "GET /goods/Musique-Pour-Enfants-Ensemble-De-Jouets-Musicaux-En/1062237 HTTP/1.1" 500 199 "-" "Mozilla/5.0 (Linux; Android 6.0.1; Nexus 5X Build/MMB29P) AppleWebKit/537.36 (KHTML, like Gecko) Chrome/146.0.7680.177 Mobile Safari/537.36 (compatible; Googlebot/2.1; +http://www.google.com/bot.html)"
66.249.66.32 - - [16/Apr/2026:00:22:28 +0200] "GET /goods/Cagoule-Tricot-e-3-Trous-Couverture-Faciale-Pour-Temps/1134863 HTTP/1.1" 500 199 "-" "Mozilla/5.0 (Linux; Android 6.0.1; Nexus 5X Build/MMB29P) AppleWebKit/537.36 (KHTML, like Gecko) Chrome/146.0.7680.177 Mobile Safari/537.36 (compatible; Googlebot/2.1; +http://www.google.com/bot.html)"
66.249.66.32 - - [16/Apr/2026:00:22:51 +0200] "GET /goods/MARTUCCI-La-Musica-Vocale-Da-Camera-Per-Voce-E-Pianoforte/848161 HTTP/1.1" 500 199 "-" "Mozilla/5.0 (Linux; Android 6.0.1; Nexus 5X Build/MMB29P) AppleWebKit/537.36 (KHTML, like Gecko) Chrome/146.0.7680.177 Mobile Safari/537.36 (compatible; Googlebot/2.1; +http://www.google.com/bot.html)"
52.167.144.166 - - [16/Apr/2026:00:22:55 +0200] "GET /goods/Oppo-A98-5G-Durt-9H-Anti-rayurs-Anti-tracs/1289242 HTTP/1.1" 500 199 "-" "Mozilla/5.0 AppleWebKit/537.36 (KHTML, like Gecko; compatible; bingbot/2.0; +http://www.bing.com/bingbot.htm) Chrome/116.0.1938.76 Safari/537.36"
52.167.144.166 - - [16/Apr/2026:00:22:55 +0200] "GET /goods/Popcorn-Bio-L-g-rement-Sal-quot-Mandy-quot-Offre-Chez/972644 HTTP/1.1" 500 199 "-" "Mozilla/5.0 AppleWebKit/537.36 (KHTML, like Gecko; compatible; bingbot/2.0; +http://www.bing.com/bingbot.htm) Chrome/116.0.1938.76 Safari/537.36"
52.167.144.166 - - [16/Apr/2026:00:22:56 +0200] "GET /goods/Pour-Barbecue-Filet-Tubulaire-Pour-Feu-De-Camp-Voyage-Camping/1246318 HTTP/1.1" 500 199 "-" "Mozilla/5.0 AppleWebKit/537.36 (KHTML, like Gecko; compatible; bingbot/2.0; +http://www.bing.com/bingbot.htm) Chrome/116.0.1938.76 Safari/537.36"
52.167.144.166 - - [16/Apr/2026:00:22:56 +0200] "GET /goods/Meuble-De-Salle-De-Bain-En-M-lamine-Couleur-Ch-ne-Blanc/507844 HTTP/1.1" 500 199 "-" "Mozilla/5.0 AppleWebKit/537.36 (KHTML, like Gecko; compatible; bingbot/2.0; +http://www.bing.com/bingbot.htm) Chrome/116.0.1938.76 Safari/537.36"
40.77.167.116 - - [16/Apr/2026:00:23:00 +0200] "GET /goods/tachant-Lessive-Triple-Action-650-L-Aazon-ca/836963 HTTP/1.1" 500 199 "-" "Mozilla/5.0 AppleWebKit/537.36 (KHTML, like Gecko; compatible; bingbot/2.0; +http://www.bing.com/bingbot.htm) Chrome/116.0.1938.76 Safari/537.36"
40.77.167.74 - - [16/Apr/2026:00:23:04 +0200] "GET /goods/De-Raisin-Alpaka-En-100-Coton-I-Coussin-Grains-De-Raisin50x20/1146196 HTTP/1.1" 500 199 "-" "Mozilla/5.0 AppleWebKit/537.36 (KHTML, like Gecko; compatible; bingbot/2.0; +http://www.bing.com/bingbot.htm) Chrome/116.0.1938.76 Safari/537.36"
66.249.66.4 - - [16/Apr/2026:00:23:13 +0200] "GET /goods/G-squad-Gba-800-gbd-800-Meses-Sin-Inter-s/767897 HTTP/1.1" 500 199 "-" "Mozilla/5.0 (Linux; Android 6.0.1; Nexus 5X Build/MMB29P) AppleWebKit/537.36 (KHTML, like Gecko) Chrome/146.0.7680.177 Mobile Safari/537.36 (compatible; Googlebot/2.1; +http://www.google.com/bot.html)"
66.249.66.66 - - [16/Apr/2026:00:23:36 +0200] "GET /goods/Valjoux-7750-EUR-270-00-FR/1060115 HTTP/1.1" 500 199 "-" "Mozilla/5.0 (Linux; Android 6.0.1; Nexus 5X Build/MMB29P) AppleWebKit/537.36 (KHTML, like Gecko) Chrome/146.0.7680.177 Mobile Safari/537.36 (compatible; Googlebot/2.1; +http://www.google.com/bot.html)"
66.249.66.32 - - [16/Apr/2026:00:23:59 +0200] "GET /goods/Snowtaros-Lot-De-6-Pr-sentoirs-G-teaux-Support-Ronds-En/1100563 HTTP/1.1" 500 199 "-" "Mozilla/5.0 (Linux; Android 6.0.1; Nexus 5X Build/MMB29P) AppleWebKit/537.36 (KHTML, like Gecko) Chrome/146.0.7680.177 Mobile Safari/537.36 (compatible; Googlebot/2.1; +http://www.google.com/bot.html)"
66.249.66.32 - - [16/Apr/2026:00:24:22 +0200] "GET /goods/039-oreille-Pour-Casque-AKG-K551-K550-K240-K242-K240S/673446 HTTP/1.1" 500 199 "-" "Mozilla/5.0 (Linux; Android 6.0.1; Nexus 5X Build/MMB29P) AppleWebKit/537.36 (KHTML, like Gecko) Chrome/146.0.7680.177 Mobile Safari/537.36 (compatible; Googlebot/2.1; +http://www.google.com/bot.html)"
66.249.66.65 - - [16/Apr/2026:00:24:45 +0200] "GET /goods/ALGALICIOUS-Algue-Kombu-Bio-50g-Laminaria-Digitata-En/442744 HTTP/1.1" 500 199 "-" "Mozilla/5.0 (Linux; Android 6.0.1; Nexus 5X Build/MMB29P) AppleWebKit/537.36 (KHTML, like Gecko) Chrome/146.0.7680.177 Mobile Safari/537.36 (compatible; Googlebot/2.1; +http://www.google.com/bot.html)"
148.222.185.49 - - [16/Apr/2026:00:24:54 +0200] "GET /web/efes/ HTTP/1.0" 500 166 "http://www.eeggs.ru/web/efes/#comment-325325" "Mozilla/5.0 (Windows NT 10.0; Win64; x64) AppleWebKit/537.36 (KHTML, like Gecko) Chrome/103.0.5042.0 Safari/537.36"
148.222.185.49 - - [16/Apr/2026:00:24:54 +0200] "GET / HTTP/1.0" 500 166 "http://www.eeggs.ru/" "Mozilla/5.0 (Windows NT 10.0; Win64; x64) AppleWebKit/537.36 (KHTML, like Gecko) Chrome/103.0.5042.0 Safari/537.36"
66.249.66.34 - - [16/Apr/2026:00:25:07 +0200] "GET /goods/Chaises-En-Osier-Pour-Patio-Ensembles-De-Conversation-En-Rotin/1174492 HTTP/1.1" 500 199 "-" "Mozilla/5.0 (Linux; Android 6.0.1; Nexus 5X Build/MMB29P) AppleWebKit/537.36 (KHTML, like Gecko) Chrome/146.0.7680.177 Mobile Safari/537.36 (compatible; Googlebot/2.1; +http://www.google.com/bot.html)"
66.249.66.32 - - [16/Apr/2026:00:25:30 +0200] "GET /goods/400-Pi-ces-2-Couleurs-En-Plastique-Fausses-Fourmis-Grandes/1075689 HTTP/1.1" 500 199 "-" "Mozilla/5.0 (Linux; Android 6.0.1; Nexus 5X Build/MMB29P) AppleWebKit/537.36 (KHTML, like Gecko) Chrome/146.0.7680.177 Mobile Safari/537.36 (compatible; Googlebot/2.1; +http://www.google.com/bot.html)"
66.249.66.197 - - [16/Apr/2026:00:25:53 +0200] "GET /goods/Rembourr-3D-Pour-Homme-Sous-v-tement-De-Cyclisme/1211542 HTTP/1.1" 500 199 "-" "Mozilla/5.0 (Linux; Android 6.0.1; Nexus 5X Build/MMB29P) AppleWebKit/537.36 (KHTML, like Gecko) Chrome/146.0.7680.177 Mobile Safari/537.36 (compatible; Googlebot/2.1; +http://www.google.com/bot.html)"
216.73.216.41 - - [16/Apr/2026:00:26:14 +0200] "GET / HTTP/1.1" 500 199 "-" "Mozilla/5.0 AppleWebKit/537.36 (KHTML, like Gecko; compatible; ClaudeBot/1.0; +claudebot@anthropic.com)"
66.249.66.2 - - [16/Apr/2026:00:26:16 +0200] "GET /goods/Papillon-Mignon-Charme-De-Sac-Papillon-Papillon-France/443698 HTTP/1.1" 500 199 "-" "Mozilla/5.0 (Linux; Android 6.0.1; Nexus 5X Build/MMB29P) AppleWebKit/537.36 (KHTML, like Gecko) Chrome/146.0.7680.177 Mobile Safari/537.36 (compatible; Googlebot/2.1; +http://www.google.com/bot.html)"
216.73.216.41 - - [16/Apr/2026:00:26:20 +0200] "GET /goods.php HTTP/1.1" 500 199 "-" "Mozilla/5.0 AppleWebKit/537.36 (KHTML, like Gecko; compatible; ClaudeBot/1.0; +claudebot@anthropic.com)"
94.154.35.236 - - [16/Apr/2026:00:26:26 +0200] "HEAD /system.rar HTTP/1.1" 500 166 "-" "Mozilla/5.0 (Windows NT 10.0; Win64; x64) AppleWebKit/537.36 (KHTML, like Gecko) Chrome/101.0.4951.67 Safari/537.36"
66.249.66.32 - - [16/Apr/2026:00:26:38 +0200] "GET /goods/Son-La-Fl-te-Traversi-re-Apprendre-La-Fl-te/1214628 HTTP/1.1" 500 199 "-" "Mozilla/5.0 (Linux; Android 6.0.1; Nexus 5X Build/MMB29P) AppleWebKit/537.36 (KHTML, like Gecko) Chrome/146.0.7680.177 Mobile Safari/537.36 (compatible; Googlebot/2.1; +http://www.google.com/bot.html)"
66.249.66.198 - - [16/Apr/2026:00:27:01 +0200] "GET /goods/Optique-SC-Avec-Queue-Micro-Structure-De-Pliage-Capuchon-Anti/882228 HTTP/1.1" 500 199 "-" "Mozilla/5.0 (Linux; Android 6.0.1; Nexus 5X Build/MMB29P) AppleWebKit/537.36 (KHTML, like Gecko) Chrome/146.0.7680.177 Mobile Safari/537.36 (compatible; Googlebot/2.1; +http://www.google.com/bot.html)"
66.249.66.197 - - [16/Apr/2026:00:27:24 +0200] "GET /goods/Avec-Doublure-En-Polaire-Thermique-Pour-Temps-Froid-Beige/450581 HTTP/1.1" 500 199 "-" "Mozilla/5.0 (Linux; Android 6.0.1; Nexus 5X Build/MMB29P) AppleWebKit/537.36 (KHTML, like Gecko) Chrome/146.0.7680.177 Mobile Safari/537.36 (compatible; Googlebot/2.1; +http://www.google.com/bot.html)"
52.167.144.219 - - [16/Apr/2026:00:27:40 +0200] "GET /goods/Pointe-Pointue-Double-Compter-Des-Embouts-De/1109440 HTTP/1.1" 500 199 "-" "Mozilla/5.0 AppleWebKit/537.36 (KHTML, like Gecko; compatible; bingbot/2.0; +http://www.bing.com/bingbot.htm) Chrome/116.0.1938.76 Safari/537.36"
52.167.144.219 - - [16/Apr/2026:00:27:41 +0200] "GET /goods/500-Pipettes-De-3-Ml-Pipettes-Jetables-Pipettes-En/1097798 HTTP/1.1" 500 199 "-" "Mozilla/5.0 AppleWebKit/537.36 (KHTML, like Gecko; compatible; bingbot/2.0; +http://www.bing.com/bingbot.htm) Chrome/116.0.1938.76 Safari/537.36"
40.77.167.116 - - [16/Apr/2026:00:27:41 +0200] "GET /goods/USPECLARE-Sac-Main-Transparent-Approuv-Par-Les-Stades-Pour/727033 HTTP/1.1" 500 199 "-" "Mozilla/5.0 AppleWebKit/537.36 (KHTML, like Gecko; compatible; bingbot/2.0; +http://www.bing.com/bingbot.htm) Chrome/116.0.1938.76 Safari/537.36"
40.77.167.116 - - [16/Apr/2026:00:27:45 +0200] "GET /goods/Miroir-Visage-Acier-Chrom-11-8-X-19-X/1126727 HTTP/1.1" 500 199 "-" "Mozilla/5.0 AppleWebKit/537.36 (KHTML, like Gecko; compatible; bingbot/2.0; +http://www.bing.com/bingbot.htm) Chrome/116.0.1938.76 Safari/537.36"
66.249.66.32 - - [16/Apr/2026:00:27:47 +0200] "GET /goods/Les-Jeunes-Enfants-DIY-Chaise-Haute-D-039-escalier-En-Bois/852890 HTTP/1.1" 500 199 "-" "Mozilla/5.0 (Linux; Android 6.0.1; Nexus 5X Build/MMB29P) AppleWebKit/537.36 (KHTML, like Gecko) Chrome/146.0.7680.177 Mobile Safari/537.36 (compatible; Googlebot/2.1; +http://www.google.com/bot.html)"
40.77.167.68 - - [16/Apr/2026:00:27:49 +0200] "GET /goods/Insta360-Flow-Spotlight-Small-And-Light-With-A-Snap-on-Design/758066 HTTP/1.1" 500 199 "-" "Mozilla/5.0 AppleWebKit/537.36 (KHTML, like Gecko; compatible; bingbot/2.0; +http://www.bing.com/bingbot.htm) Chrome/116.0.1938.76 Safari/537.36"
66.249.66.32 - - [16/Apr/2026:00:28:10 +0200] "GET /goods/Cm-Bienvenue-Western-Cowboy-Vintage-Drapeaux-D-039-ext-rieur/1217199 HTTP/1.1" 500 199 "-" "Mozilla/5.0 (Linux; Android 6.0.1; Nexus 5X Build/MMB29P) AppleWebKit/537.36 (KHTML, like Gecko) Chrome/146.0.7680.177 Mobile Safari/537.36 (compatible; Googlebot/2.1; +http://www.google.com/bot.html)"
84.54.44.19 - - [16/Apr/2026:00:28:27 +0200] "GET /web/efes/ HTTP/1.0" 500 166 "http://www.eeggs.ru/web/efes/" "Mozilla/5.0 (Windows NT 10.0; Win64; x64) AppleWebKit/537.36 (KHTML, like Gecko) Chrome/129.0.0.0 Safari/537.36"
84.54.44.19 - - [16/Apr/2026:00:28:27 +0200] "GET / HTTP/1.0" 500 166 "http://www.eeggs.ru/" "Mozilla/5.0 (Windows NT 10.0; Win64; x64) AppleWebKit/537.36 (KHTML, like Gecko) Chrome/129.0.0.0 Safari/537.36"
66.249.66.2 - - [16/Apr/2026:00:28:32 +0200] "GET /goods/Centres-De-Table-En-Nid-D-039-abeille-Style/1288476 HTTP/1.1" 500 199 "-" "Mozilla/5.0 (Linux; Android 6.0.1; Nexus 5X Build/MMB29P) AppleWebKit/537.36 (KHTML, like Gecko) Chrome/146.0.7680.177 Mobile Safari/537.36 (compatible; Googlebot/2.1; +http://www.google.com/bot.html)"
66.249.66.65 - - [16/Apr/2026:00:28:55 +0200] "GET /goods/De-Montage-De-Capteur-Ultrasons-HC-SR04-Avec-Vis/710562 HTTP/1.1" 500 199 "-" "Mozilla/5.0 (Linux; Android 6.0.1; Nexus 5X Build/MMB29P) AppleWebKit/537.36 (KHTML, like Gecko) Chrome/146.0.7680.177 Mobile Safari/537.36 (compatible; Googlebot/2.1; +http://www.google.com/bot.html)"
66.249.66.33 - - [16/Apr/2026:00:29:18 +0200] "GET /goods/SLOW-DOLPHIN-10-X-10Ft-Photo-Video-Studio-Heavy-Duty-Adjustable/1092897 HTTP/1.1" 500 199 "-" "Mozilla/5.0 (Linux; Android 6.0.1; Nexus 5X Build/MMB29P) AppleWebKit/537.36 (KHTML, like Gecko) Chrome/146.0.7680.177 Mobile Safari/537.36 (compatible; Googlebot/2.1; +http://www.google.com/bot.html)"
66.249.66.3 - - [16/Apr/2026:00:29:41 +0200] "GET /goods/Chaussures-Noir-27-9-X-22-9-X-0-6-Cm-Joli-Sac/636471 HTTP/1.1" 500 199 "-" "Mozilla/5.0 (Linux; Android 6.0.1; Nexus 5X Build/MMB29P) AppleWebKit/537.36 (KHTML, like Gecko) Chrome/146.0.7680.177 Mobile Safari/537.36 (compatible; Googlebot/2.1; +http://www.google.com/bot.html)"
52.167.144.219 - - [16/Apr/2026:00:29:48 +0200] "GET /atom.xml HTTP/1.1" 500 199 "-" "Mozilla/5.0 AppleWebKit/537.36 (KHTML, like Gecko; compatible; bingbot/2.0; +http://www.bing.com/bingbot.htm) Chrome/116.0.1938.76 Safari/537.36"
66.249.66.197 - - [16/Apr/2026:00:30:04 +0200] "GET /goods/Cordon-Rouge-Brut-Millesime-La-Tienda-Online-De-Vinos/456375 HTTP/1.1" 500 199 "-" "Mozilla/5.0 (Linux; Android 6.0.1; Nexus 5X Build/MMB29P) AppleWebKit/537.36 (KHTML, like Gecko) Chrome/146.0.7680.177 Mobile Safari/537.36 (compatible; Googlebot/2.1; +http://www.google.com/bot.html)"
5.39.109.167 - - [16/Apr/2026:00:30:25 +0200] "GET /goods.php?sitemap493.xml HTTP/1.1" 500 199 "-" "Mozilla/5.0 (compatible; AhrefsBot/7.0; +http://ahrefs.com/robot/)"
66.249.66.33 - - [16/Apr/2026:00:30:26 +0200] "GET /goods/IUDWCG-24-Pcs-Marqueur-De-Verre-En-Silicone-Marqueur-De-Verre/834786 HTTP/1.1" 500 199 "-" "Mozilla/5.0 (Linux; Android 6.0.1; Nexus 5X Build/MMB29P) AppleWebKit/537.36 (KHTML, like Gecko) Chrome/146.0.7680.177 Mobile Safari/537.36 (compatible; Googlebot/2.1; +http://www.google.com/bot.html)"
66.249.66.32 - - [16/Apr/2026:00:30:49 +0200] "GET /goods/En-Touraine-Souvenirs-Et-Itin-raires-M-connus-Jamais/701056 HTTP/1.1" 500 199 "-" "Mozilla/5.0 (Linux; Android 6.0.1; Nexus 5X Build/MMB29P) AppleWebKit/537.36 (KHTML, like Gecko) Chrome/146.0.7680.177 Mobile Safari/537.36 (compatible; Googlebot/2.1; +http://www.google.com/bot.html)"
66.249.66.199 - - [16/Apr/2026:00:31:12 +0200] "GET /goods/Happilux-Recharge-Pour-Mangeoires-Cassettes-Compatible-Avec/1196789 HTTP/1.1" 500 199 "-" "Mozilla/5.0 (Linux; Android 6.0.1; Nexus 5X Build/MMB29P) AppleWebKit/537.36 (KHTML, like Gecko) Chrome/146.0.7680.177 Mobile Safari/537.36 (compatible; Googlebot/2.1; +http://www.google.com/bot.html)"
146.70.178.164 - - [16/Apr/2026:00:31:29 +0200] "GET / HTTP/1.1" 500 199 "-" "Mozilla/5.0 (Macintosh; Intel Mac OS X 10_15_7) AppleWebKit/537.36 Chrome/120.0.0.0 Safari/537.36"
146.70.178.164 - - [16/Apr/2026:00:31:29 +0200] "GET /wp-login.php HTTP/1.1" 500 199 "-" "Mozilla/5.0 (X11; Linux x86_64) AppleWebKit/537.36 Chrome/122.0.0.0 Safari/537.36"
146.70.178.164 - - [16/Apr/2026:00:31:29 +0200] "GET /administrator/ HTTP/1.1" 500 199 "-" "Mozilla/5.0 (Windows NT 10.0; Win64; x64) AppleWebKit/537.36 Chrome/123.0.0.0 Safari/537.36 Edg/123.0.0.0"
66.249.66.65 - - [16/Apr/2026:00:31:35 +0200] "GET /goods/Tiroirs-En-Plastique-Transparent-4-Tailles-Diviseurs-De/1199340 HTTP/1.1" 500 199 "-" "Mozilla/5.0 (Linux; Android 6.0.1; Nexus 5X Build/MMB29P) AppleWebKit/537.36 (KHTML, like Gecko) Chrome/146.0.7680.177 Mobile Safari/537.36 (compatible; Googlebot/2.1; +http://www.google.com/bot.html)"
66.249.66.166 - - [16/Apr/2026:00:31:57 +0200] "GET /goods/Integra-Plastic-Lever-Roll-Towel-Dispenser-On-Gall-Dispensador/895741 HTTP/1.1" 500 199 "-" "Mozilla/5.0 (Linux; Android 6.0.1; Nexus 5X Build/MMB29P) AppleWebKit/537.36 (KHTML, like Gecko) Chrome/146.0.7680.177 Mobile Safari/537.36 (compatible; Googlebot/2.1; +http://www.google.com/bot.html)"
52.167.144.219 - - [16/Apr/2026:00:32:01 +0200] "GET /goods/X-Low-Profile-Reel-SHS-LE-PH/763627 HTTP/1.1" 500 199 "-" "Mozilla/5.0 AppleWebKit/537.36 (KHTML, like Gecko; compatible; bingbot/2.0; +http://www.bing.com/bingbot.htm) Chrome/116.0.1938.76 Safari/537.36"
40.77.167.116 - - [16/Apr/2026:00:32:06 +0200] "GET /goods/Bagage-De-Voyage-Valise-Protector-18/602105 HTTP/1.1" 500 199 "-" "Mozilla/5.0 AppleWebKit/537.36 (KHTML, like Gecko; compatible; bingbot/2.0; +http://www.bing.com/bingbot.htm) Chrome/116.0.1938.76 Safari/537.36"
66.249.66.33 - - [16/Apr/2026:00:32:20 +0200] "GET /goods/PACK-SPRAYS-FULL-DIP-BLEU-FLUO-BRILLANT-AVEC-BASE-BLANCHE/1044707 HTTP/1.1" 500 199 "-" "Mozilla/5.0 (Linux; Android 6.0.1; Nexus 5X Build/MMB29P) AppleWebKit/537.36 (KHTML, like Gecko) Chrome/146.0.7680.177 Mobile Safari/537.36 (compatible; Googlebot/2.1; +http://www.google.com/bot.html)"
40.77.167.68 - - [16/Apr/2026:00:32:56 +0200] "GET /goods/C-bles-USB-C-Vers-USB-C-3-2-Gen-2-X-2-De-1/1188434 HTTP/1.1" 500 199 "-" "Mozilla/5.0 AppleWebKit/537.36 (KHTML, like Gecko; compatible; bingbot/2.0; +http://www.bing.com/bingbot.htm) Chrome/116.0.1938.76 Safari/537.36"
40.77.167.68 - - [16/Apr/2026:00:32:56 +0200] "GET /goods/Artists-Lot-De-10-ponges-De-Mer-Pour-Peinture-Aquarelle/1015185 HTTP/1.1" 500 199 "-" "Mozilla/5.0 AppleWebKit/537.36 (KHTML, like Gecko; compatible; bingbot/2.0; +http://www.bing.com/bingbot.htm) Chrome/116.0.1938.76 Safari/537.36"
40.77.167.68 - - [16/Apr/2026:00:32:57 +0200] "GET /goods/TS4148C-RZG-Taiwan-Semiconductor-Silicon-Diodes-In-A-0603/1077113 HTTP/1.1" 500 199 "-" "Mozilla/5.0 AppleWebKit/537.36 (KHTML, like Gecko; compatible; bingbot/2.0; +http://www.bing.com/bingbot.htm) Chrome/116.0.1938.76 Safari/537.36"
52.167.144.219 - - [16/Apr/2026:00:33:01 +0200] "GET /goods/And-Water-Saving-Potential-In-Commercial-Buildings-A-Retrofit/1118466 HTTP/1.1" 500 199 "-" "Mozilla/5.0 AppleWebKit/537.36 (KHTML, like Gecko; compatible; bingbot/2.0; +http://www.bing.com/bingbot.htm) Chrome/116.0.1938.76 Safari/537.36"
40.77.167.116 - - [16/Apr/2026:00:33:05 +0200] "GET /goods/s-Acier-Double-Denture-20B2-76-Dents-Pas/463971 HTTP/1.1" 500 199 "-" "Mozilla/5.0 AppleWebKit/537.36 (KHTML, like Gecko; compatible; bingbot/2.0; +http://www.bing.com/bingbot.htm) Chrome/116.0.1938.76 Safari/537.36"
52.167.144.228 - - [16/Apr/2026:00:33:37 +0200] "GET /other/osmp-ny/ HTTP/1.1" 500 199 "-" "Mozilla/5.0 AppleWebKit/537.36 (KHTML, like Gecko; compatible; bingbot/2.0; +http://www.bing.com/bingbot.htm) Chrome/116.0.1938.76 Safari/537.36"
57.141.20.47 - - [16/Apr/2026:00:33:47 +0200] "GET /sitemap-tax-category-1.xml HTTP/1.1" 500 199 "-" "meta-externalagent/1.1 (+https://developers.facebook.com/docs/sharing/webmasters/crawler)"
66.249.66.65 - - [16/Apr/2026:00:34:14 +0200] "GET /goods/Fils-Uni-100G-Hellgrau-Meliert-Fils-Tricoter/1002047 HTTP/1.1" 500 199 "-" "Mozilla/5.0 (Linux; Android 6.0.1; Nexus 5X Build/MMB29P) AppleWebKit/537.36 (KHTML, like Gecko) Chrome/146.0.7680.177 Mobile Safari/537.36 (compatible; Googlebot/2.1; +http://www.google.com/bot.html)"
66.249.66.167 - - [16/Apr/2026:00:34:37 +0200] "GET /goods/Biberon-Herobility-Rosa-140ml-La-Cesta-Magica/962429 HTTP/1.1" 500 199 "-" "Mozilla/5.0 (Linux; Android 6.0.1; Nexus 5X Build/MMB29P) AppleWebKit/537.36 (KHTML, like Gecko) Chrome/146.0.7680.177 Mobile Safari/537.36 (compatible; Googlebot/2.1; +http://www.google.com/bot.html)"
66.249.66.32 - - [16/Apr/2026:00:35:00 +0200] "GET /goods/Herm-tique-5-Kg-Distributeur-De-Riz/763455 HTTP/1.1" 500 199 "-" "Mozilla/5.0 (Linux; Android 6.0.1; Nexus 5X Build/MMB29P) AppleWebKit/537.36 (KHTML, like Gecko) Chrome/146.0.7680.177 Mobile Safari/537.36 (compatible; Googlebot/2.1; +http://www.google.com/bot.html)"
52.167.144.171 - - [16/Apr/2026:00:35:12 +0200] "GET /goods/YOGANUP-Bouquet-De-Fleurs-Au-Crochet-Bouquet-De-Fleurs-Tricot/795101 HTTP/1.1" 500 199 "-" "Mozilla/5.0 AppleWebKit/537.36 (KHTML, like Gecko; compatible; bingbot/2.0; +http://www.bing.com/bingbot.htm) Chrome/116.0.1938.76 Safari/537.36"
52.167.144.171 - - [16/Apr/2026:00:35:14 +0200] "GET /goods/EMME-Couverture-Rafra-chissante-Pour-Grand-Lit-Couverture-D/857159 HTTP/1.1" 500 199 "-" "Mozilla/5.0 AppleWebKit/537.36 (KHTML, like Gecko; compatible; bingbot/2.0; +http://www.bing.com/bingbot.htm) Chrome/116.0.1938.76 Safari/537.36"
95.91.110.210 - - [16/Apr/2026:00:35:14 +0200] "GET /robots.txt HTTP/1.1" 200 630 "-" "Mozilla/5.0 (compatible; MJ12bot/v1.4.8; http://mj12bot.com/)"
52.167.144.171 - - [16/Apr/2026:00:35:14 +0200] "GET /goods/De-Place-Extra-Plat-Avec-Poign-e-Charni-re-250-V-16-A-Pour/1151627 HTTP/1.1" 500 199 "-" "Mozilla/5.0 AppleWebKit/537.36 (KHTML, like Gecko; compatible; bingbot/2.0; +http://www.bing.com/bingbot.htm) Chrome/116.0.1938.76 Safari/537.36"
95.91.110.210 - - [16/Apr/2026:00:35:16 +0200] "GET /category/other/ HTTP/1.1" 500 199 "-" "Mozilla/5.0 (compatible; MJ12bot/v1.4.8; http://mj12bot.com/)"
95.91.110.210 - - [16/Apr/2026:00:35:18 +0200] "GET /feed/ HTTP/1.1" 500 199 "-" "Mozilla/5.0 (compatible; MJ12bot/v1.4.8; http://mj12bot.com/)"
40.77.167.75 - - [16/Apr/2026:00:35:22 +0200] "GET /goods/Transport-Tube-De-Transport-Extensible-Pour-Documents-Et/938192 HTTP/1.1" 500 199 "-" "Mozilla/5.0 AppleWebKit/537.36 (KHTML, like Gecko; compatible; bingbot/2.0; +http://www.bing.com/bingbot.htm) Chrome/116.0.1938.76 Safari/537.36"
40.77.167.75 - - [16/Apr/2026:00:35:22 +0200] "GET /goods/Ethic-DTC-Legion-V2-HIC-Brut/991202 HTTP/1.1" 500 199 "-" "Mozilla/5.0 AppleWebKit/537.36 (KHTML, like Gecko; compatible; bingbot/2.0; +http://www.bing.com/bingbot.htm) Chrome/116.0.1938.76 Safari/537.36"
40.77.167.75 - - [16/Apr/2026:00:35:22 +0200] "GET /goods/En-Eltex-102-L-R-servoir-Essence-Et-Diesel/ HTTP/1.1" 500 199 "-" "Mozilla/5.0 AppleWebKit/537.36 (KHTML, like Gecko; compatible; bingbot/2.0; +http://www.bing.com/bingbot.htm) Chrome/116.0.1938.76 Safari/537.36"
66.249.66.197 - - [16/Apr/2026:00:35:22 +0200] "GET /goods/Kasper-Women-039-s-Split-Front-Layered-Combo-Tank-Porclein/1278404 HTTP/1.1" 500 199 "-" "Mozilla/5.0 (Linux; Android 6.0.1; Nexus 5X Build/MMB29P) AppleWebKit/537.36 (KHTML, like Gecko) Chrome/146.0.7680.177 Mobile Safari/537.36 (compatible; Googlebot/2.1; +http://www.google.com/bot.html)"
40.77.167.26 - - [16/Apr/2026:00:35:27 +0200] "GET /goods/Drfeify-Mors-De-Filet-De-Cheval-Mors-De-Bouche-De-Cheval-Mors-De/875051 HTTP/1.1" 500 199 "-" "Mozilla/5.0 AppleWebKit/537.36 (KHTML, like Gecko; compatible; bingbot/2.0; +http://www.bing.com/bingbot.htm) Chrome/116.0.1938.76 Safari/537.36"
66.249.66.65 - - [16/Apr/2026:00:35:45 +0200] "GET /goods/Adaptateur-Audio-Bluetooth-Adaptateur-De-Microphone-De-Voiture/592707 HTTP/1.1" 500 199 "-" "Mozilla/5.0 (Linux; Android 6.0.1; Nexus 5X Build/MMB29P) AppleWebKit/537.36 (KHTML, like Gecko) Chrome/146.0.7680.177 Mobile Safari/537.36 (compatible; Googlebot/2.1; +http://www.google.com/bot.html)"
66.249.66.34 - - [16/Apr/2026:00:36:08 +0200] "GET /goods/Pendentif-Aigle-En-Argent-Les-Options-En-2025-Classement/901090 HTTP/1.1" 500 199 "-" "Mozilla/5.0 (Linux; Android 6.0.1; Nexus 5X Build/MMB29P) AppleWebKit/537.36 (KHTML, like Gecko) Chrome/146.0.7680.177 Mobile Safari/537.36 (compatible; Googlebot/2.1; +http://www.google.com/bot.html)"
66.249.66.33 - - [16/Apr/2026:00:36:31 +0200] "GET /goods/2-Crayons-De-Charpentier-Solides-Avec-Taille-crayon-Int-gr/1278007 HTTP/1.1" 500 199 "-" "Mozilla/5.0 (Linux; Android 6.0.1; Nexus 5X Build/MMB29P) AppleWebKit/537.36 (KHTML, like Gecko) Chrome/146.0.7680.177 Mobile Safari/537.36 (compatible; Googlebot/2.1; +http://www.google.com/bot.html)"
40.77.167.26 - - [16/Apr/2026:00:36:39 +0200] "GET /sitemap-detail-2026-04-01.xml HTTP/1.1" 500 199 "-" "Mozilla/5.0 AppleWebKit/537.36 (KHTML, like Gecko; compatible; bingbot/2.0; +http://www.bing.com/bingbot.htm) Chrome/116.0.1938.76 Safari/537.36"
66.249.66.32 - - [16/Apr/2026:00:36:40 +0200] "GET /goods/arr-t-De-Moteur-Diesel-XHQ-PT-12V-24V/744965 HTTP/1.1" 500 199 "-" "Mozilla/5.0 (Linux; Android 6.0.1; Nexus 5X Build/MMB29P) AppleWebKit/537.36 (KHTML, like Gecko) Chrome/146.0.7680.177 Mobile Safari/537.36 (compatible; Googlebot/2.1; +http://www.google.com/bot.html)"
66.249.66.32 - - [16/Apr/2026:00:36:54 +0200] "GET /goods/Adscope-608-St-thoscope-Convertible-Cuivre-Noir-1023613/602498 HTTP/1.1" 500 199 "-" "Mozilla/5.0 (Linux; Android 6.0.1; Nexus 5X Build/MMB29P) AppleWebKit/537.36 (KHTML, like Gecko) Chrome/146.0.7680.177 Mobile Safari/537.36 (compatible; Googlebot/2.1; +http://www.google.com/bot.html)"
66.249.66.32 - - [16/Apr/2026:00:37:17 +0200] "GET /goods/Photo-4x6-Blancs-Cadres-Photo-4x6-Accrocher-Au-Mur-Ou-A-Poser/689273 HTTP/1.1" 500 199 "-" "Mozilla/5.0 (Linux; Android 6.0.1; Nexus 5X Build/MMB29P) AppleWebKit/537.36 (KHTML, like Gecko) Chrome/146.0.7680.177 Mobile Safari/537.36 (compatible; Googlebot/2.1; +http://www.google.com/bot.html)"
66.249.66.32 - - [16/Apr/2026:00:37:39 +0200] "GET /goods/ation-Papier-Peint-Intiss-Papier-Peint-En-Optique-De-Brique/656624 HTTP/1.1" 500 199 "-" "Mozilla/5.0 (Linux; Android 6.0.1; Nexus 5X Build/MMB29P) AppleWebKit/537.36 (KHTML, like Gecko) Chrome/146.0.7680.177 Mobile Safari/537.36 (compatible; Googlebot/2.1; +http://www.google.com/bot.html)"
66.249.66.34 - - [16/Apr/2026:00:38:02 +0200] "GET /goods/D-039-extension-Euro-2-En-1-Rallonge-2-Prise-Euro/576018 HTTP/1.1" 500 199 "-" "Mozilla/5.0 (Linux; Android 6.0.1; Nexus 5X Build/MMB29P) AppleWebKit/537.36 (KHTML, like Gecko) Chrome/146.0.7680.177 Mobile Safari/537.36 (compatible; Googlebot/2.1; +http://www.google.com/bot.html)"
66.249.66.32 - - [16/Apr/2026:00:38:25 +0200] "GET /goods/Paillettes-Comestibles-MiruMiru-12g-Violet-Lavande-Poudre/620815 HTTP/1.1" 500 199 "-" "Mozilla/5.0 (Linux; Android 6.0.1; Nexus 5X Build/MMB29P) AppleWebKit/537.36 (KHTML, like Gecko) Chrome/146.0.7680.177 Mobile Safari/537.36 (compatible; Googlebot/2.1; +http://www.google.com/bot.html)"
66.249.66.65 - - [16/Apr/2026:00:38:48 +0200] "GET /goods/De-Lit-De-No-l-Bonhomme-En-Pain-D-039-pice-Ma-Parure/428088 HTTP/1.1" 500 199 "-" "Mozilla/5.0 (Linux; Android 6.0.1; Nexus 5X Build/MMB29P) AppleWebKit/537.36 (KHTML, like Gecko) Chrome/146.0.7680.177 Mobile Safari/537.36 (compatible; Googlebot/2.1; +http://www.google.com/bot.html)"
66.249.66.167 - - [16/Apr/2026:00:39:10 +0200] "GET /goods/Gar-on-Blouson-Hiver-Chaud-pais-Enfant-Gar-ons-Filles/1167047 HTTP/1.1" 500 199 "-" "Mozilla/5.0 (Linux; Android 6.0.1; Nexus 5X Build/MMB29P) AppleWebKit/537.36 (KHTML, like Gecko) Chrome/146.0.7680.177 Mobile Safari/537.36 (compatible; Googlebot/2.1; +http://www.google.com/bot.html)"
40.77.167.75 - - [16/Apr/2026:00:39:27 +0200] "GET /goods/Detectores-De-Movimiento-De-Pared-Por-Infrarrojos-IP65-Blanco/437095 HTTP/1.1" 500 199 "-" "Mozilla/5.0 AppleWebKit/537.36 (KHTML, like Gecko; compatible; bingbot/2.0; +http://www.bing.com/bingbot.htm) Chrome/116.0.1938.76 Safari/537.36"
40.77.167.26 - - [16/Apr/2026:00:39:31 +0200] "GET /goods/e-Pour-Boisson-Frapp-e-Au-Caf-320-G/1054398 HTTP/1.1" 500 199 "-" "Mozilla/5.0 AppleWebKit/537.36 (KHTML, like Gecko; compatible; bingbot/2.0; +http://www.bing.com/bingbot.htm) Chrome/116.0.1938.76 Safari/537.36"
40.77.167.26 - - [16/Apr/2026:00:39:32 +0200] "GET /goods/Th-i-re-Et-Tasse-Th-Portable-En-Forme-De-Panda-Pour/1103444 HTTP/1.1" 500 199 "-" "Mozilla/5.0 AppleWebKit/537.36 (KHTML, like Gecko; compatible; bingbot/2.0; +http://www.bing.com/bingbot.htm) Chrome/116.0.1938.76 Safari/537.36"
66.249.66.32 - - [16/Apr/2026:00:39:33 +0200] "GET /goods/thoscope-Finesse-Child-Avec-Tube-Bleu-Clair/972069 HTTP/1.1" 500 199 "-" "Mozilla/5.0 (Linux; Android 6.0.1; Nexus 5X Build/MMB29P) AppleWebKit/537.36 (KHTML, like Gecko) Chrome/146.0.7680.177 Mobile Safari/537.36 (compatible; Googlebot/2.1; +http://www.google.com/bot.html)"
66.249.66.32 - - [16/Apr/2026:00:39:56 +0200] "GET /goods/Acc-l-rateur-De-Scooter-Finger-Acc-l-rateur-Capteur/1296476 HTTP/1.1" 500 199 "-" "Mozilla/5.0 (Linux; Android 6.0.1; Nexus 5X Build/MMB29P) AppleWebKit/537.36 (KHTML, like Gecko) Chrome/146.0.7680.177 Mobile Safari/537.36 (compatible; Googlebot/2.1; +http://www.google.com/bot.html)"
52.167.144.171 - - [16/Apr/2026:00:40:14 +0200] "GET /goods/RUNGSSET-F-R-BELEUCHTUNG-MIT-DIMMFUNKTION-RNK02-RDP01-TYP-Rzb/1153251 HTTP/1.1" 500 199 "-" "Mozilla/5.0 AppleWebKit/537.36 (KHTML, like Gecko; compatible; bingbot/2.0; +http://www.bing.com/bingbot.htm) Chrome/116.0.1938.76 Safari/537.36"
52.167.144.171 - - [16/Apr/2026:00:40:14 +0200] "GET /goods/On-Stage-CM01-Adaptador-Para-C-mara-De-Video/907620 HTTP/1.1" 500 199 "-" "Mozilla/5.0 AppleWebKit/537.36 (KHTML, like Gecko; compatible; bingbot/2.0; +http://www.bing.com/bingbot.htm) Chrome/116.0.1938.76 Safari/537.36"
40.77.167.75 - - [16/Apr/2026:00:40:18 +0200] "GET /goods/C-bles-Faite-La-Main-Bo-te-De-Gestion-Des/678675 HTTP/1.1" 500 199 "-" "Mozilla/5.0 AppleWebKit/537.36 (KHTML, like Gecko; compatible; bingbot/2.0; +http://www.bing.com/bingbot.htm) Chrome/116.0.1938.76 Safari/537.36"
