85.203.21.77 - - [16/Apr/2026:03:43:50 +0200] "GET /wp_wlx.php HTTP/1.1" 500 199 "-" "Mozilla/5.0 (Macintosh; Intel Mac OS X 10_12_6) AppleWebKit/537.36 (KHTML, like Gecko) Chrome/58.0.3029.110 Safari/537.3"
85.203.21.135 - - [16/Apr/2026:03:43:51 +0200] "GET /wp-admin/js/wp-conflg.php HTTP/1.1" 500 199 "-" "Mozilla/5.0 (X11; Linux x86_64) AppleWebKit/537.36 (KHTML, like Gecko) Chrome/84.0.4147.105 Safari/537.36"
85.203.21.115 - - [16/Apr/2026:03:43:51 +0200] "GET /wp-includes/assets/husky301.php HTTP/1.1" 500 199 "-" "Mozilla/5.0 (Windows NT 10.0; Win64; x64; rv:73.0) Gecko/20100101 Firefox/73.0"
85.203.21.132 - - [16/Apr/2026:03:43:52 +0200] "GET /wp.php HTTP/1.1" 500 199 "-" "Mozilla/5.0 (Macintosh; Intel Mac OS X 10_15_6) AppleWebKit/537.36 (KHTML, like Gecko) Chrome/84.0.4147.125 Safari/537.36"
85.203.21.153 - - [16/Apr/2026:03:43:53 +0200] "GET /wp-admin/css/colors/blue/wp-trackback.php HTTP/1.1" 500 199 "-" "Mozilla/5.0 (Windows NT 10.0; Win64; x64) AppleWebKit/537.36 (KHTML, like Gecko) Chrome/84.0.4147.105 Safari/537.36 OPR/70.0.3728.95"
85.203.21.107 - - [16/Apr/2026:03:43:53 +0200] "GET /wp-content/themes/chosen.php HTTP/1.1" 500 199 "-" "Mozilla/5.0 (Windows NT 10.0; Win64; x64) AppleWebKit/537.36 (KHTML, like Gecko) Chrome/70.0.3538.110 Safari/537.36"
85.203.21.87 - - [16/Apr/2026:03:43:54 +0200] "GET /wp-header.php HTTP/1.1" 500 199 "-" "Mozilla/5.0 (Windows NT 10.0; WOW64) AppleWebKit/537.36 (KHTML, like Gecko) Chrome/84.0.4147.105 Safari/537.36"
85.203.21.130 - - [16/Apr/2026:03:43:54 +0200] "GET /wp-content/themes/admin.php HTTP/1.1" 500 199 "-" "Mozilla/5.0 (Windows NT 10.0; Win64; x64) AppleWebKit/537.36 (KHTML, like Gecko) Chrome/79.0.3945.130 Safari/537.36"
85.203.21.152 - - [16/Apr/2026:03:43:55 +0200] "GET /Marvins.php HTTP/1.1" 500 199 "-" "Mozilla/5.0 (Windows NT 10.0; Win64; x64) AppleWebKit/537.36 (KHTML, like Gecko) Chrome/84.0.4147.105 Safari/537.36 OPR/70.0.3728.95"
85.203.21.137 - - [16/Apr/2026:03:43:56 +0200] "GET /wp-content/about.php HTTP/1.1" 500 199 "-" "Mozilla/5.0 (Windows NT 10.0; Win64; x64) AppleWebKit/537.36 (KHTML, like Gecko) Chrome/79.0.3945.130 Safari/537.36"
85.203.21.138 - - [16/Apr/2026:03:43:56 +0200] "GET /wp-class.php HTTP/1.1" 500 199 "-" "Mozilla/5.0 (Macintosh; Intel Mac OS X 10_12_6) AppleWebKit/537.36 (KHTML, like Gecko) Chrome/58.0.3029.110 Safari/537.3"
85.203.21.96 - - [16/Apr/2026:03:43:57 +0200] "GET /wp-includes/images/smilies/index.php HTTP/1.1" 500 199 "-" "Mozilla/5.0 (Windows NT 10.0; WOW64) AppleWebKit/537.36 (KHTML, like Gecko) Chrome/72.0.3626.121 Safari/537.36"
85.203.21.141 - - [16/Apr/2026:03:43:57 +0200] "GET /xx.php HTTP/1.1" 500 199 "-" "Mozilla/5.0 (Windows NT 10.0; Win64; x64) AppleWebKit/537.36 (KHTML, like Gecko) Chrome/74.0.3729.169 Safari/537.36"
85.203.21.99 - - [16/Apr/2026:03:43:58 +0200] "GET /autoload_classmap.php HTTP/1.1" 500 199 "-" "Mozilla/5.0 (X11; Linux x86_64) AppleWebKit/537.36 (KHTML, like Gecko) Chrome/84.0.4147.105 Safari/537.36"
85.203.21.131 - - [16/Apr/2026:03:43:59 +0200] "GET /wp-includes/classwithtostring.php HTTP/1.1" 500 199 "-" "Mozilla/5.0 (X11; Fedora; Linux x86_64; rv:79.0) Gecko/20100101 Firefox/79.0"
85.203.21.109 - - [16/Apr/2026:03:43:59 +0200] "GET /wp-content/blue.php HTTP/1.1" 500 199 "-" "Mozilla/5.0 (Windows NT 6.1; Win64; x64) AppleWebKit/537.36 (KHTML, like Gecko) Chrome/80.0.3987.149 Safari/537.36"
85.203.21.75 - - [16/Apr/2026:03:44:00 +0200] "GET /content.php HTTP/1.1" 500 199 "-" "Mozilla/5.0 (Windows NT 10.0; Win64; x64; rv:76.0) Gecko/20100101 Firefox/76.0"
85.203.21.153 - - [16/Apr/2026:03:44:00 +0200] "GET /wp-content/uploads/about.php HTTP/1.1" 500 199 "-" "Mozilla/5.0 (compatible; MSIE 10.0; Windows NT 6.1; Trident/6.0)"
85.203.21.150 - - [16/Apr/2026:03:44:01 +0200] "GET /wp-admin/wp-login.php HTTP/1.1" 500 199 "-" "Mozilla/5.0 (Windows NT 10.0) AppleWebKit/537.36 (KHTML, like Gecko) Chrome/84.0.4147.105 Safari/537.36"
85.203.21.99 - - [16/Apr/2026:03:44:02 +0200] "GET /wp-includes/rest-api/endpoints/index.php HTTP/1.1" 500 199 "-" "Mozilla/5.0 (Windows NT 10.0; Win64; x64) AppleWebKit/537.36 (KHTML, like Gecko) Chrome/83.0.4103.97 Safari/537.36"
85.203.21.87 - - [16/Apr/2026:03:44:02 +0200] "GET /wp-content/languages/about.php HTTP/1.1" 500 199 "-" "Mozilla/5.0 (Windows NT 10.0; Win64; x64; rv:73.0) Gecko/20100101 Firefox/73.0"
85.203.21.110 - - [16/Apr/2026:03:44:03 +0200] "GET /wp-content/plugins/wp-theme-editor/include.php HTTP/1.1" 500 199 "-" "Mozilla/5.0 (Windows NT 6.1; Win64; x64) AppleWebKit/537.36 (KHTML, like Gecko) Chrome/80.0.3987.149 Safari/537.36"
85.203.21.143 - - [16/Apr/2026:03:44:04 +0200] "GET /wp-content/plugins/up/main.php HTTP/1.1" 500 199 "-" "Mozilla/5.0 (Linux x86_64; rv:79.0) Gecko/20100101 Firefox/79.0"
85.203.21.105 - - [16/Apr/2026:03:44:04 +0200] "GET /fonts/fontawesome-webfont.php HTTP/1.1" 500 199 "-" "Mozilla/5.0 (Windows NT 10.0; Win64; x64) AppleWebKit/537.36 (KHTML, like Gecko) Chrome/79.0.3945.130 Safari/537.36"
85.203.21.118 - - [16/Apr/2026:03:44:05 +0200] "GET /wp-admin/wp-conflg.php HTTP/1.1" 500 199 "-" "Mozilla/5.0 (Windows NT 6.1; Win64; x64) AppleWebKit/537.36 (KHTML, like Gecko) Chrome/78.0.3904.108 Safari/537.36"
85.203.21.103 - - [16/Apr/2026:03:44:05 +0200] "GET /wp-admin/includes/about.php HTTP/1.1" 500 199 "-" "Mozilla/5.0 (Windows NT 10.0; Win64; x64; rv:76.0) Gecko/20100101 Firefox/76.0"
85.203.21.141 - - [16/Apr/2026:03:44:06 +0200] "GET /wp-admin/css/colors/blue/index.php HTTP/1.1" 500 199 "-" "Mozilla/5.0 (Windows NT 10.0; Win64; x64) AppleWebKit/537.36 (KHTML, like Gecko) Chrome/80.0.3987.149 Safari/537.36"
85.203.21.97 - - [16/Apr/2026:03:44:07 +0200] "GET /images/images/about.php HTTP/1.1" 500 199 "-" "Mozilla/5.0 (Windows NT 10.0; Win64; x64; rv:79.0) Gecko/20100101 Firefox/79.0"
85.203.21.110 - - [16/Apr/2026:03:44:07 +0200] "GET /images/class.php HTTP/1.1" 500 199 "-" "Mozilla/5.0 (Windows NT 6.1; Win64; x64) AppleWebKit/537.36 (KHTML, like Gecko) Chrome/58.0.3029.110 Safari/537.3"
85.203.21.133 - - [16/Apr/2026:03:44:08 +0200] "GET /wp-content/plugins/autoload_classmap.php HTTP/1.1" 500 199 "-" "Mozilla/5.0 (Windows NT 10.0; Win64; x64) AppleWebKit/537.36 (KHTML, like Gecko) Chrome/83.0.4103.97 Safari/537.36"
85.203.21.112 - - [16/Apr/2026:03:44:08 +0200] "GET /web.php HTTP/1.1" 500 199 "-" "Mozilla/5.0 (Windows NT 10.0; Win64; x64) AppleWebKit/537.36 (KHTML, like Gecko) Chrome/81.0.4044.129 Safari/537.36"
85.203.21.85 - - [16/Apr/2026:03:44:09 +0200] "GET /wp-admin/css/colors/ocean/about.php HTTP/1.1" 500 199 "-" "Mozilla/5.0 (Windows NT 10.0; Win64; x64) AppleWebKit/537.36 (KHTML, like Gecko) Chrome/74.0.3729.169 Safari/537.36"
85.203.21.137 - - [16/Apr/2026:03:44:10 +0200] "GET /images/index.php HTTP/1.1" 500 199 "-" "Mozilla/5.0 (Windows NT 10.0; Win64; x64; rv:74.0) Gecko/20100101 Firefox/74.0"
85.203.21.100 - - [16/Apr/2026:03:44:10 +0200] "GET /wp-content/bypass.php HTTP/1.1" 500 199 "-" "Mozilla/5.0 (Windows NT 10.0) AppleWebKit/537.36 (KHTML, like Gecko) Chrome/84.0.4147.105 Safari/537.36"
85.203.21.116 - - [16/Apr/2026:03:44:11 +0200] "GET /.well-known/gecko-litespeed.php HTTP/1.1" 500 199 "-" "Mozilla/5.0 (Windows NT 10.0; Win64; x64; rv:77.0) Gecko/20100101 Firefox/77.0"
85.203.21.77 - - [16/Apr/2026:03:44:11 +0200] "GET /wp-admin/css/colors/midnight/install.php HTTP/1.1" 500 199 "-" "Mozilla/5.0 (Windows NT 10.0; Win64; x64) AppleWebKit/537.36 (KHTML, like Gecko) Chrome/77.0.3865.90 Safari/537.36"
85.203.21.116 - - [16/Apr/2026:03:44:12 +0200] "GET /wp-trackback.php HTTP/1.1" 500 199 "-" "Mozilla/5.0 (Windows NT 10.0; WOW64) AppleWebKit/537.36 (KHTML, like Gecko) Chrome/84.0.4147.105 Safari/537.36"
85.203.21.105 - - [16/Apr/2026:03:44:13 +0200] "GET /wp-includes/style-engine/bypass.php HTTP/1.1" 500 199 "-" "Mozilla/5.0 (Windows NT 10.0; WOW64) AppleWebKit/537.36 (KHTML, like Gecko) Chrome/84.0.4147.105 Safari/537.36"
85.203.21.86 - - [16/Apr/2026:03:44:13 +0200] "GET /radio.php HTTP/1.1" 500 199 "-" "Mozilla/5.0 (Windows NT 10.0; Win64; x64) AppleWebKit/537.36 (KHTML, like Gecko) Chrome/83.0.4103.61 Safari/537.36"
85.203.21.141 - - [16/Apr/2026:03:44:14 +0200] "GET /wp-admin/mah.php HTTP/1.1" 500 199 "-" "Mozilla/5.0 (X11; Ubuntu; Linux x86_64; rv:79.0) Gecko/20100101 Firefox/79.0"
85.203.21.120 - - [16/Apr/2026:03:44:15 +0200] "GET /wp-content/plugins/dummyyummy/wp-signup.php HTTP/1.1" 500 199 "-" "Mozilla/5.0 (Windows NT 10.0; Win64; x64) AppleWebKit/537.36 (KHTML, like Gecko) Chrome/83.0.4103.61 Safari/537.36"
85.203.21.85 - - [16/Apr/2026:03:44:15 +0200] "GET /wp-admin/css/colors/midnight/wp-login.php HTTP/1.1" 500 199 "-" "Mozilla/5.0 (Windows NT 10.0; Win64; x64) AppleWebKit/537.36 (KHTML, like Gecko) Chrome/58.0.3029.110 Safari/537.3"
85.203.21.99 - - [16/Apr/2026:03:44:16 +0200] "GET /wp-conflg.php HTTP/1.1" 500 199 "-" "Mozilla/5.0 (Windows NT 10.0; Win64; x64; rv:73.0) Gecko/20100101 Firefox/73.0"
85.203.21.95 - - [16/Apr/2026:03:44:16 +0200] "GET /wp-setup.php HTTP/1.1" 500 199 "-" "Mozilla/5.0 (Windows NT 10.0; Win64; x64) AppleWebKit/537.36 (KHTML, like Gecko) Chrome/77.0.3865.90 Safari/537.36"
85.203.21.93 - - [16/Apr/2026:03:44:17 +0200] "GET /ms-themes.php HTTP/1.1" 500 199 "-" "Mozilla/5.0 (Windows NT 10.0; WOW64) AppleWebKit/537.36 (KHTML, like Gecko) Chrome/72.0.3626.121 Safari/537.36"
85.203.21.74 - - [16/Apr/2026:03:44:17 +0200] "GET /wp-includes/assets/about.php HTTP/1.1" 500 199 "-" "Mozilla/5.0 (Windows NT 6.1; Win64; x64) AppleWebKit/537.36 (KHTML, like Gecko) Chrome/74.0.3729.169 Safari/537.36"
85.203.21.94 - - [16/Apr/2026:03:44:18 +0200] "GET /style.php HTTP/1.1" 500 199 "-" "Mozilla/5.0 (Linux x86_64; rv:79.0) Gecko/20100101 Firefox/79.0"
85.203.21.77 - - [16/Apr/2026:03:44:19 +0200] "GET /wp-includes/infi.php HTTP/1.1" 500 199 "-" "Mozilla/5.0 (Windows NT 10.0; Win64; x64; rv:79.0) Gecko/20100101 Firefox/79.0"
85.203.21.141 - - [16/Apr/2026:03:44:19 +0200] "GET /wp-admin/maint/index.php HTTP/1.1" 500 199 "-" "Mozilla/5.0 (Windows NT 10.0; Win64; x64; rv:77.0) Gecko/20100101 Firefox/77.0"
85.203.21.138 - - [16/Apr/2026:03:44:20 +0200] "GET /x.php HTTP/1.1" 500 199 "-" "Mozilla/5.0 (compatible; MSIE 10.0; Windows NT 6.1; Trident/6.0)"
85.203.21.92 - - [16/Apr/2026:03:44:20 +0200] "GET /wp-includes/IXR/index.php HTTP/1.1" 500 199 "-" "Mozilla/5.0 (Linux x86_64; rv:79.0) Gecko/20100101 Firefox/79.0"
85.203.21.103 - - [16/Apr/2026:03:44:21 +0200] "GET /css/index.php HTTP/1.1" 500 199 "-" "Mozilla/5.0 (Windows NT 6.1; Win64; x64) AppleWebKit/537.36 (KHTML, like Gecko) Chrome/74.0.3729.169 Safari/537.36"
85.203.21.105 - - [16/Apr/2026:03:44:22 +0200] "GET /images/index22.php HTTP/1.1" 500 199 "-" "Mozilla/5.0 (Windows NT 10.0; Win64; x64; rv:77.0) Gecko/20100101 Firefox/77.0"
85.203.21.123 - - [16/Apr/2026:03:44:22 +0200] "GET /wp-user.php HTTP/1.1" 500 199 "-" "Mozilla/5.0 (Windows NT 10.0; WOW64) AppleWebKit/537.36 (KHTML, like Gecko) Chrome/84.0.4147.105 Safari/537.36"
85.203.21.93 - - [16/Apr/2026:03:44:24 +0200] "GET /wp-includes/pomo/about.php HTTP/1.1" 500 199 "-" "Mozilla/5.0 (Windows NT 10.0; Win64; x64) AppleWebKit/537.36 (KHTML, like Gecko) Chrome/79.0.3945.88 Safari/537.36"
85.203.21.95 - - [16/Apr/2026:03:44:24 +0200] "GET /wp-includes/pomo/index.php HTTP/1.1" 500 199 "-" "Mozilla/5.0 (Windows NT 6.1; Win64; x64) AppleWebKit/537.36 (KHTML, like Gecko) Chrome/58.0.3029.110 Safari/537.3"
85.203.21.79 - - [16/Apr/2026:03:44:25 +0200] "GET /config.php HTTP/1.1" 500 199 "-" "Mozilla/5.0 (Windows NT 10.0; Win64; x64; rv:72.0) Gecko/20100101 Firefox/72.0"
85.203.21.77 - - [16/Apr/2026:03:44:26 +0200] "GET /special.php HTTP/1.1" 500 199 "-" "Mozilla/5.0 (Windows NT 10.0; Win64; x64; rv:73.0) Gecko/20100101 Firefox/73.0"
85.203.21.77 - - [16/Apr/2026:03:44:27 +0200] "GET /assets/script.js.php HTTP/1.1" 500 199 "-" "Mozilla/5.0 (Windows NT 10.0; Win64; x64) AppleWebKit/537.36 (KHTML, like Gecko) Chrome/84.0.4147.105 Safari/537.36"
85.203.21.119 - - [16/Apr/2026:03:44:28 +0200] "GET /wp-content/themes/twentytwentythree/patterns/index.php HTTP/1.1" 500 199 "-" "Mozilla/5.0 (X11; Ubuntu; Linux i686; rv:79.0) Gecko/20100101 Firefox/79.0"
85.203.21.152 - - [16/Apr/2026:03:44:29 +0200] "GET /wp-admin/css/colors/sunrise/colors_95.php HTTP/1.1" 500 199 "-" "Mozilla/5.0 (Windows NT 10.0; Win64; x64; rv:76.0) Gecko/20100101 Firefox/76.0"
85.203.21.131 - - [16/Apr/2026:03:44:29 +0200] "GET /wp-includes/block-patterns/autoload_classmap.php HTTP/1.1" 500 199 "-" "Mozilla/5.0 (Windows NT 10.0; Win64; x64) AppleWebKit/537.36 (KHTML, like Gecko) Chrome/69.0.3497.100 Safari/537.36"
85.203.21.112 - - [16/Apr/2026:03:44:30 +0200] "GET /wp-content/uploads/wp.php HTTP/1.1" 500 199 "-" "Mozilla/5.0 (Macintosh; Intel Mac OS X 10_15_6) AppleWebKit/537.36 (KHTML, like Gecko) Chrome/84.0.4147.125 Safari/537.36"
85.203.21.99 - - [16/Apr/2026:03:44:31 +0200] "GET /wp-includes/certificates/about.php HTTP/1.1" 500 199 "-" "Mozilla/5.0 (Windows NT 10.0; WOW64; x64) AppleWebKit/537.36 (KHTML, like Gecko) Chrome/84.0.4147.105 Safari/537.36 OPR/70.0.3728.95"
85.203.21.88 - - [16/Apr/2026:03:44:31 +0200] "GET /cgi-bin/class.api.php HTTP/1.1" 404 438 "-" "Mozilla/5.0 (Windows NT 10.0; Win64; x64; rv:67.0) Gecko/20100101 Firefox/67.0"
85.203.21.88 - - [16/Apr/2026:03:44:32 +0200] "GET /wp-content/cache/index.php HTTP/1.1" 500 199 "-" "Mozilla/5.0 (Windows NT 10.0; Win64; x64) AppleWebKit/537.36 (KHTML, like Gecko) Chrome/83.0.4103.97 Safari/537.36"
85.203.21.88 - - [16/Apr/2026:03:44:32 +0200] "GET /wp-admin/css/colors/blue/file.php HTTP/1.1" 500 199 "-" "Mozilla/5.0 (Windows NT 10.0; Win64; x64) AppleWebKit/537.36 (KHTML, like Gecko) Chrome/80.0.3987.149 Safari/537.36"
85.203.21.77 - - [16/Apr/2026:03:44:33 +0200] "GET /wp-includes/edit.php HTTP/1.1" 500 199 "-" "Mozilla/5.0 (Windows NT 10.0; Win64; x64) AppleWebKit/537.36 (KHTML, like Gecko) Chrome/79.0.3945.79 Safari/537.36"
85.203.21.114 - - [16/Apr/2026:03:44:33 +0200] "GET /webdb.php HTTP/1.1" 500 185 "-" "Mozilla/5.0 (X11; Linux x86_64) AppleWebKit/537.36 (KHTML, like Gecko) Chrome/84.0.4147.105 Safari/537.36"
85.203.21.103 - - [16/Apr/2026:03:44:34 +0200] "GET /assets/images/doc.php HTTP/1.1" 500 199 "-" "Mozilla/5.0 (Windows NT 10.0; Win64; x64) AppleWebKit/537.36 (KHTML, like Gecko) Chrome/77.0.3865.90 Safari/537.36"
85.203.21.71 - - [16/Apr/2026:03:44:35 +0200] "GET /file2.php HTTP/1.1" 500 199 "-" "Mozilla/5.0 (Windows NT 10.0; Win64; x64; rv:72.0) Gecko/20100101 Firefox/72.0"
85.203.21.105 - - [16/Apr/2026:03:44:35 +0200] "GET /wp-includes/ID3/wp-work.php HTTP/1.1" 500 199 "-" "Mozilla/5.0 (Windows NT 10.0; Win64; x64) AppleWebKit/537.36 (KHTML, like Gecko) Chrome/69.0.3497.100 Safari/537.36"
85.203.21.143 - - [16/Apr/2026:03:44:36 +0200] "GET /alfa.php HTTP/1.1" 500 199 "-" "Mozilla/5.0 (Windows NT 10.0; Win64; x64; rv:73.0) Gecko/20100101 Firefox/73.0"
85.203.21.95 - - [16/Apr/2026:03:44:36 +0200] "GET /wp-admin/css/colors/blue/admin.php HTTP/1.1" 500 199 "-" "Mozilla/5.0 (Macintosh; Intel Mac OS X 10_12_6) AppleWebKit/537.36 (KHTML, like Gecko) Chrome/58.0.3029.110 Safari/537.3"
85.203.21.81 - - [16/Apr/2026:03:44:37 +0200] "GET /wp-includes/click.php HTTP/1.1" 500 199 "-" "Mozilla/5.0 (Windows NT 10.0; Win64; x64) AppleWebKit/537.36 (KHTML, like Gecko) Chrome/84.0.4147.105 Safari/537.36"
85.203.21.116 - - [16/Apr/2026:03:44:38 +0200] "GET /.well-known/wp-conflg.php HTTP/1.1" 500 199 "-" "Mozilla/5.0 (Windows NT 10.0; Win64; x64) AppleWebKit/537.36 (KHTML, like Gecko) Chrome/79.0.3945.130 Safari/537.36"
85.203.21.137 - - [16/Apr/2026:03:44:39 +0200] "GET /wp-admin/css/colors/blue/atomlib.php HTTP/1.1" 500 199 "-" "Mozilla/5.0 (Windows NT 10.0; Win64; x64; rv:72.0) Gecko/20100101 Firefox/72.0"
57.141.20.60 - - [16/Apr/2026:03:44:44 +0200] "GET /index.php?s=b62cd71162c1cf9d967ec6b125019d04&act=Login&CODE=04&f=4&fromforum=&i=1 HTTP/1.1" 500 199 "-" "meta-externalagent/1.1 (+https://developers.facebook.com/docs/sharing/webmasters/crawler)"
216.244.66.202 - - [16/Apr/2026:03:44:48 +0200] "GET /lofiversion/index.php?t4879.html HTTP/1.1" 500 199 "-" "Mozilla/5.0 (compatible; DotBot/1.2; +https://opensiteexplorer.org/dotbot; help@moz.com)"
85.203.21.139 - - [16/Apr/2026:03:44:50 +0200] "GET /update/ HTTP/1.1" 500 199 "-" "Mozilla/5.0 (Macintosh; Intel Mac OS X 10_15_6) AppleWebKit/537.36 (KHTML, like Gecko) Chrome/84.0.4147.105 Safari/537.36 OPR/70.0.3728.95"
85.203.21.133 - - [16/Apr/2026:03:44:51 +0200] "GET /wp-content/ HTTP/1.1" 500 199 "-" "Mozilla/5.0 (Windows NT 10.0; Win64; x64; rv:77.0) Gecko/20100101 Firefox/77.0"
85.203.21.138 - - [16/Apr/2026:03:44:51 +0200] "GET /wp-admin/maint/ HTTP/1.1" 500 199 "-" "Mozilla/5.0 (Windows NT 10.0; Win64; x64) AppleWebKit/537.36 (KHTML, like Gecko) Chrome/83.0.4103.97 Safari/537.36"
85.203.21.137 - - [16/Apr/2026:03:44:52 +0200] "GET /themes/zMousse/ HTTP/1.1" 500 199 "-" "Mozilla/5.0 (Windows NT 10.0; Win64; x64) AppleWebKit/537.36 (KHTML, like Gecko) Chrome/69.0.3497.100 Safari/537.36"
85.203.21.100 - - [16/Apr/2026:03:44:52 +0200] "GET /wp-content/plugins/ubh/ HTTP/1.1" 500 199 "-" "Mozilla/5.0 (Macintosh; Intel Mac OS X 10_15_6) AppleWebKit/537.36 (KHTML, like Gecko) Chrome/84.0.4147.125 Safari/537.36"
85.203.21.72 - - [16/Apr/2026:03:44:53 +0200] "GET /wp-admin/images/ HTTP/1.1" 500 199 "-" "Mozilla/5.0 (Windows NT 10.0; WOW64; Trident/7.0; .NET4.0C; .NET4.0E; .NET CLR 2.0.50727; .NET CLR 3.0.30729; .NET CLR 3.5.30729; rv:11.0) like Gecko"
85.203.21.86 - - [16/Apr/2026:03:44:54 +0200] "GET /wp-content/plugins/seoplugins/ HTTP/1.1" 500 199 "-" "Mozilla/5.0 (Windows NT 10.0; Win64; x64; rv:71.0) Gecko/20100101 Firefox/71.0"
85.203.21.94 - - [16/Apr/2026:03:44:54 +0200] "GET /wp-content/themes/pridmag/ HTTP/1.1" 500 199 "-" "Mozilla/5.0 (Windows NT 10.0; Win64; x64) AppleWebKit/537.36 (KHTML, like Gecko) Chrome/79.0.3945.79 Safari/537.36"
85.203.21.74 - - [16/Apr/2026:03:44:55 +0200] "GET /wp-content/plugins/linkpreview/ HTTP/1.1" 500 199 "-" "Mozilla/5.0 (Windows NT 10.0; Win64; x64) AppleWebKit/537.36 (KHTML, like Gecko) Chrome/84.0.4147.105 Safari/537.36"
85.203.21.110 - - [16/Apr/2026:03:44:56 +0200] "GET /modules/mod_simplefileuploadv1.3/elements/ HTTP/1.1" 500 199 "-" "Mozilla/5.0 (Windows NT 10.0; Win64; x64) AppleWebKit/537.36 (KHTML, like Gecko) Chrome/70.0.3538.77 Safari/537.36"
85.203.21.132 - - [16/Apr/2026:03:44:56 +0200] "GET /wp-content/plugins/pwnd/ HTTP/1.1" 500 199 "-" "Mozilla/5.0 (Windows NT 10.0; Win64; x64) AppleWebKit/537.36 (KHTML, like Gecko) Chrome/79.0.3945.88 Safari/537.36"
85.203.21.96 - - [16/Apr/2026:03:44:57 +0200] "GET /wp-content/plugins/pwnd-1/ HTTP/1.1" 500 199 "-" "Mozilla/5.0 (Windows NT 10.0; Win64; x64) AppleWebKit/537.36 (KHTML, like Gecko) Chrome/83.0.4103.97 Safari/537.36"
85.203.21.150 - - [16/Apr/2026:03:44:58 +0200] "GET /wp-admin/css/colors/midnight/ HTTP/1.1" 500 199 "-" "Mozilla/5.0 (Windows NT 10.0; Win64; x64) AppleWebKit/537.36 (KHTML, like Gecko) Chrome/84.0.4147.105 Safari/537.36"
85.203.21.100 - - [16/Apr/2026:03:44:58 +0200] "GET /vendor/phpunit/phpunit/src/Util/PHP/ HTTP/1.1" 500 199 "-" "Mozilla/5.0 (Windows NT 10.0; Win64; x64; rv:74.0) Gecko/20100101 Firefox/74.0"
85.203.21.92 - - [16/Apr/2026:03:44:59 +0200] "GET /wp-includes/style-engine/ HTTP/1.1" 500 199 "-" "Mozilla/5.0 (Windows NT 10.0; Win64; x64) AppleWebKit/537.36 (KHTML, like Gecko) Chrome/70.0.3538.110 Safari/537.36"
85.203.21.116 - - [16/Apr/2026:03:44:59 +0200] "GET /wp-content/plugins/core-plugin/ HTTP/1.1" 500 199 "-" "Mozilla/5.0 (X11; Linux x86_64) AppleWebKit/537.36 (KHTML, like Gecko) Chrome/84.0.4147.105 Safari/537.36"
85.203.21.88 - - [16/Apr/2026:03:45:00 +0200] "GET /wp-content/plugins/ HTTP/1.1" 500 199 "-" "Mozilla/5.0 (X11; Linux x86_64) AppleWebKit/537.36 (KHTML, like Gecko) Chrome/84.0.4147.105 Safari/537.36"
85.203.21.72 - - [16/Apr/2026:03:45:01 +0200] "GET /uploads/ HTTP/1.1" 200 555 "-" "Mozilla/5.0 (Windows NT 10.0; Win64; x64) AppleWebKit/537.36 (KHTML, like Gecko) Chrome/69.0.3497.100 Safari/537.36"
85.203.21.72 - - [16/Apr/2026:03:45:01 +0200] "GET /js/ HTTP/1.1" 500 199 "-" "Mozilla/5.0 (Windows NT 10.0; Win64; x64) AppleWebKit/537.36 (KHTML, like Gecko) Chrome/70.0.3538.77 Safari/537.36"
85.203.21.88 - - [16/Apr/2026:03:45:02 +0200] "GET /.well-known/pki-validation/ HTTP/1.1" 500 199 "-" "Mozilla/5.0 (Windows NT 10.0; Win64; x64; rv:71.0) Gecko/20100101 Firefox/71.0"
85.203.21.79 - - [16/Apr/2026:03:45:02 +0200] "GET /wp-includes/js/ HTTP/1.1" 500 199 "-" "Mozilla/5.0 (Windows NT 10.0; Win64; x64; rv:66.0) Gecko/20100101 Firefox/66.0"
85.203.21.95 - - [16/Apr/2026:03:45:04 +0200] "GET /wp-content/upgrade/ HTTP/1.1" 500 199 "-" "Mozilla/5.0 (Windows NT 6.1; Win64; x64) AppleWebKit/537.36 (KHTML, like Gecko) Chrome/58.0.3029.110 Safari/537.3"
85.203.21.94 - - [16/Apr/2026:03:45:05 +0200] "GET /wp-content/languages/ HTTP/1.1" 500 199 "-" "Mozilla/5.0 (Windows NT 10.0) AppleWebKit/537.36 (KHTML, like Gecko) Chrome/84.0.4147.105 Safari/537.36"
85.203.21.132 - - [16/Apr/2026:03:45:06 +0200] "GET /wp-content/themes/ HTTP/1.1" 500 199 "-" "Mozilla/5.0 (Windows NT 6.3; Win64; x64; rv:73.0) Gecko/20100101 Firefox/73.0"
85.203.21.88 - - [16/Apr/2026:03:45:07 +0200] "GET /wp-content/plugins/elementor/ HTTP/1.1" 500 199 "-" "Mozilla/5.0 (Windows NT 10.0; WOW64) AppleWebKit/537.36 (KHTML, like Gecko) Chrome/72.0.3626.121 Safari/537.36"
85.203.21.120 - - [16/Apr/2026:03:45:09 +0200] "GET /wp-includes/IXR/ HTTP/1.1" 500 199 "-" "Mozilla/5.0 (Macintosh; Intel Mac OS X 10_10_1) AppleWebKit/537.36 (KHTML, like Gecko) Chrome/39.0.2171.95 Safari/537.36"
85.203.21.130 - - [16/Apr/2026:03:45:09 +0200] "GET /wp-includes/widgets/ HTTP/1.1" 500 199 "-" "Mozilla/5.0 (Windows NT 10.0; Win64; x64) AppleWebKit/537.36 (KHTML, like Gecko) Chrome/75.0.3770.100 Safari/537.36"
85.203.21.138 - - [16/Apr/2026:03:45:10 +0200] "GET /admin/ HTTP/1.1" 500 199 "-" "Mozilla/5.0 (Windows NT 6.1; Win64; x64) AppleWebKit/537.36 (KHTML, like Gecko) Chrome/79.0.3945.130 Safari/537.36"
85.203.21.92 - - [16/Apr/2026:03:45:10 +0200] "GET /wp-includes/images/smilies/ HTTP/1.1" 500 199 "-" "Mozilla/5.0 (Windows NT 10.0; Win64; x64; rv:77.0) Gecko/20100101 Firefox/77.0"
85.203.21.111 - - [16/Apr/2026:03:45:11 +0200] "GET /wp-includes/js/crop/ HTTP/1.1" 500 199 "-" "Mozilla/5.0 (Macintosh; Intel Mac OS X 10_15_6) AppleWebKit/537.36 (KHTML, like Gecko) Chrome/84.0.4147.105 Safari/537.36"
85.203.21.85 - - [16/Apr/2026:03:45:12 +0200] "GET /wp-includes/PHPMailer/ HTTP/1.1" 500 199 "-" "Mozilla/5.0 (Windows NT 6.1; Win64; x64) AppleWebKit/537.36 (KHTML, like Gecko) Chrome/79.0.3945.130 Safari/537.36"
85.203.21.96 - - [16/Apr/2026:03:45:12 +0200] "GET /cgi-bin/ HTTP/1.1" 403 441 "-" "Mozilla/5.0 (Linux x86_64; rv:79.0) Gecko/20100101 Firefox/79.0"
85.203.21.96 - - [16/Apr/2026:03:45:12 +0200] "GET /wp-admin/js/ HTTP/1.1" 500 199 "-" "Mozilla/5.0 (Windows NT 10.0; Win64; x64; rv:79.0) Gecko/20100101 Firefox/79.0"
85.203.21.75 - - [16/Apr/2026:03:45:13 +0200] "GET /wp-includes/js/jquery/ HTTP/1.1" 500 199 "-" "Mozilla/5.0 (Windows NT 10.0; Win64; x64; rv:75.0) Gecko/20100101 Firefox/75.0"
85.203.21.95 - - [16/Apr/2026:03:45:14 +0200] "GET /wp-includes/block-supports/ HTTP/1.1" 500 199 "-" "Mozilla/5.0 (Windows NT 6.1; Win64; x64) AppleWebKit/537.36 (KHTML, like Gecko) Chrome/74.0.3729.169 Safari/537.36"
85.203.21.87 - - [16/Apr/2026:03:45:14 +0200] "GET /wp-admin/network/ HTTP/1.1" 500 199 "-" "Mozilla/5.0 (Windows NT 6.3; Win64; x64; rv:73.0) Gecko/20100101 Firefox/73.0"
85.203.21.110 - - [16/Apr/2026:03:45:15 +0200] "GET /wp-admin/ HTTP/1.1" 500 199 "-" "Mozilla/5.0 (Windows NT 10.0; Win64; x64) AppleWebKit/537.36 (KHTML, like Gecko) Chrome/70.0.3538.110 Safari/537.36"
85.203.21.101 - - [16/Apr/2026:03:45:15 +0200] "GET /wp-includes/blocks/table/int/tmpl/ HTTP/1.1" 500 199 "-" "Mozilla/5.0 (Windows NT 10.0; Win64; x64) AppleWebKit/537.36 (KHTML, like Gecko) Chrome/58.0.3029.110 Safari/537.3"
85.203.21.132 - - [16/Apr/2026:03:45:16 +0200] "GET /wp-includes/ HTTP/1.1" 500 199 "-" "Mozilla/5.0 (Windows NT 6.1; Win64; x64) AppleWebKit/537.36 (KHTML, like Gecko) Chrome/74.0.3729.169 Safari/537.36"
85.203.21.93 - - [16/Apr/2026:03:45:17 +0200] "GET /wp-includes/customize/ HTTP/1.1" 500 199 "-" "Mozilla/5.0 (Windows NT 10.0; Win64; x64) AppleWebKit/537.36 (KHTML, like Gecko) Chrome/79.0.3945.88 Safari/537.36"
85.203.21.70 - - [16/Apr/2026:03:45:17 +0200] "GET /wp-includes/SimplePie/ HTTP/1.1" 500 199 "-" "Mozilla/5.0 (Windows NT 6.1; Win64; x64) AppleWebKit/537.36 (KHTML, like Gecko) Chrome/78.0.3904.108 Safari/537.36"
85.203.21.76 - - [16/Apr/2026:03:45:18 +0200] "GET /wp-includes/theme-compat/ HTTP/1.1" 500 199 "-" "Mozilla/5.0 (Windows NT 10.0; Win64; x64; rv:74.0) Gecko/20100101 Firefox/74.0"
85.203.21.111 - - [16/Apr/2026:03:45:18 +0200] "GET /wp-includes/Requests/ HTTP/1.1" 500 199 "-" "Mozilla/5.0 (Windows NT 10.0; WOW64; x64) AppleWebKit/537.36 (KHTML, like Gecko) Chrome/84.0.4147.105 Safari/537.36 OPR/70.0.3728.95"
85.203.21.103 - - [16/Apr/2026:03:45:19 +0200] "GET /wp-includes/ID3/ HTTP/1.1" 500 199 "-" "Mozilla/5.0 (Windows NT 10.0; Win64; x64; rv:76.0) Gecko/20100101 Firefox/76.0"
216.244.66.202 - - [16/Apr/2026:03:45:19 +0200] "GET /lofiversion/index.php?t17212.html HTTP/1.1" 500 185 "-" "Mozilla/5.0 (compatible; DotBot/1.2; +https://opensiteexplorer.org/dotbot; help@moz.com)"
85.203.21.114 - - [16/Apr/2026:03:45:20 +0200] "GET /wp-content/x/ HTTP/1.1" 500 199 "-" "Mozilla/5.0 (Windows NT 10.0) AppleWebKit/537.36 (KHTML, like Gecko) Chrome/72.0.3626.121 Safari/537.36"
85.203.21.133 - - [16/Apr/2026:03:45:20 +0200] "GET /wp-includes/assets/ HTTP/1.1" 500 199 "-" "Mozilla/5.0 (Windows NT 6.1; Win64; x64) AppleWebKit/537.36 (KHTML, like Gecko) Chrome/79.0.3945.130 Safari/537.36"
85.203.21.139 - - [16/Apr/2026:03:45:21 +0200] "GET /wp-includes/fonts/ HTTP/1.1" 500 199 "-" "Mozilla/5.0 (Windows NT 10.0; Win64; x64; rv:67.0) Gecko/20100101 Firefox/67.0"
85.203.21.97 - - [16/Apr/2026:03:45:22 +0200] "GET /autoload_classmap/ HTTP/1.1" 500 199 "-" "Mozilla/5.0 (Windows NT 10.0; Win64; x64; rv:67.0) Gecko/20100101 Firefox/67.0"
85.203.21.123 - - [16/Apr/2026:03:45:22 +0200] "GET /wp-content/themes/tflow/ HTTP/1.1" 500 199 "-" "Mozilla/5.0 (Windows NT 10.0; Win64; x64) AppleWebKit/537.36 (KHTML, like Gecko) Chrome/83.0.4103.61 Safari/537.36"
85.203.21.116 - - [16/Apr/2026:03:45:23 +0200] "GET /templates/beez3/ HTTP/1.1" 500 199 "-" "Mozilla/5.0 (Windows NT 10.0; WOW64; x64) AppleWebKit/537.36 (KHTML, like Gecko) Chrome/84.0.4147.105 Safari/537.36 OPR/70.0.3728.95"
85.203.21.131 - - [16/Apr/2026:03:45:23 +0200] "GET /wp-admin/css/colors/blue/ HTTP/1.1" 500 199 "-" "Mozilla/5.0 (Windows NT 6.3; Win64; x64; rv:73.0) Gecko/20100101 Firefox/73.0"
85.203.21.141 - - [16/Apr/2026:03:45:25 +0200] "GET /components/com_jea/views/form/tmpl/ HTTP/1.1" 500 199 "-" "Mozilla/5.0 (Windows NT 6.1; Win64; x64) AppleWebKit/537.36 (KHTML, like Gecko) Chrome/80.0.3987.149 Safari/537.36"
85.203.21.99 - - [16/Apr/2026:03:45:26 +0200] "GET /templates/beez/ HTTP/1.1" 500 199 "-" "Mozilla/5.0 (X11; Linux x86_64) AppleWebKit/537.36 (KHTML, like Gecko) Chrome/84.0.4147.105 Safari/537.36"
85.203.21.115 - - [16/Apr/2026:03:45:26 +0200] "GET /wp-admin/css/colors/light/ HTTP/1.1" 500 199 "-" "Mozilla/5.0 (Windows NT 10.0; Win64; x64) AppleWebKit/537.36 (KHTML, like Gecko) Chrome/84.0.4147.105 Safari/537.36"
85.203.21.138 - - [16/Apr/2026:03:45:27 +0200] "GET /wp-content/uploads/ HTTP/1.1" 500 199 "-" "Mozilla/5.0 (X11; Ubuntu; Linux i686; rv:79.0) Gecko/20100101 Firefox/79.0"
85.203.21.153 - - [16/Apr/2026:03:45:28 +0200] "GET /wp-includes/rest-api/ HTTP/1.1" 500 199 "-" "Mozilla/5.0 (Windows NT 10.0; Win64; x64) AppleWebKit/537.36 (KHTML, like Gecko) Chrome/70.0.3538.77 Safari/537.36"
85.203.21.147 - - [16/Apr/2026:03:45:28 +0200] "GET /css/ HTTP/1.1" 500 199 "-" "Mozilla/5.0 (Windows NT 10.0; Win64; x64) AppleWebKit/537.36 (KHTML, like Gecko) Chrome/75.0.3770.100 Safari/537.36"
85.203.21.70 - - [16/Apr/2026:03:45:29 +0200] "GET /wp-admin/user/ HTTP/1.1" 500 199 "-" "Mozilla/5.0 (Windows NT 10.0; WOW64; x64) AppleWebKit/537.36 (KHTML, like Gecko) Chrome/84.0.4147.105 Safari/537.36 OPR/70.0.3728.95"
85.203.21.92 - - [16/Apr/2026:03:45:31 +0200] "GET /assets/ HTTP/1.1" 500 199 "-" "Mozilla/5.0 (X11; Ubuntu; Linux x86_64; rv:79.0) Gecko/20100101 Firefox/79.0"
85.203.21.109 - - [16/Apr/2026:03:45:31 +0200] "GET /wp-admin/css/ HTTP/1.1" 500 199 "-" "Mozilla/5.0 (Macintosh; Intel Mac OS X 10_15_6) AppleWebKit/537.36 (KHTML, like Gecko) Chrome/84.0.4147.105 Safari/537.36"
85.203.21.71 - - [16/Apr/2026:03:45:32 +0200] "GET /wp-includes/rest-api/endpoints/ HTTP/1.1" 500 199 "-" "Mozilla/5.0 (Windows NT 6.1; Win64; x64) AppleWebKit/537.36 (KHTML, like Gecko) Chrome/78.0.3904.108 Safari/537.36"
85.203.21.76 - - [16/Apr/2026:03:45:32 +0200] "GET /wp-content/plugins/wp-theme-editor/ HTTP/1.1" 500 199 "-" "Mozilla/5.0 (X11; Ubuntu; Linux i686; rv:79.0) Gecko/20100101 Firefox/79.0"
85.203.21.103 - - [16/Apr/2026:03:45:33 +0200] "GET /wp-content/plugins/up/ HTTP/1.1" 500 199 "-" "Mozilla/5.0 (Windows NT 10.0; Win64; x64) AppleWebKit/537.36 (KHTML, like Gecko) Chrome/79.0.3945.88 Safari/537.36"
85.203.21.74 - - [16/Apr/2026:03:45:34 +0200] "GET /fonts/ HTTP/1.1" 500 199 "-" "Mozilla/5.0 (Windows NT 10.0; Win64; x64) AppleWebKit/537.36 (KHTML, like Gecko) Chrome/70.0.3538.110 Safari/537.36"
85.203.21.97 - - [16/Apr/2026:03:45:34 +0200] "GET /wp-admin/includes/ HTTP/1.1" 500 199 "-" "Mozilla/5.0 (Windows NT 10.0; Win64; x64) AppleWebKit/537.36 (KHTML, like Gecko) Chrome/79.0.3945.88 Safari/537.36"
85.203.21.74 - - [16/Apr/2026:03:45:35 +0200] "GET /images/images/ HTTP/1.1" 500 199 "-" "Mozilla/5.0 (Windows NT 10.0) AppleWebKit/537.36 (KHTML, like Gecko) Chrome/84.0.4147.105 Safari/537.36"
85.203.21.131 - - [16/Apr/2026:03:45:36 +0200] "GET /wp-admin/css/colors/ocean/ HTTP/1.1" 500 199 "-" "Mozilla/5.0 (Windows NT 10.0; Win64; x64) AppleWebKit/537.36 (KHTML, like Gecko) Chrome/80.0.3987.149 Safari/537.36"
85.203.21.72 - - [16/Apr/2026:03:45:36 +0200] "GET /wp-content/plugins/dummyyummy/ HTTP/1.1" 500 199 "-" "Mozilla/5.0 (X11; Fedora; Linux x86_64; rv:79.0) Gecko/20100101 Firefox/79.0"
85.203.21.153 - - [16/Apr/2026:03:45:37 +0200] "GET /wp-includes/pomo/ HTTP/1.1" 500 199 "-" "Mozilla/5.0 (Windows NT 10.0) AppleWebKit/537.36 (KHTML, like Gecko) Chrome/72.0.3626.121 Safari/537.36"
85.203.21.96 - - [16/Apr/2026:03:45:37 +0200] "GET /wp-content/themes/twentytwentythree/patterns/ HTTP/1.1" 500 199 "-" "Mozilla/5.0 (Windows NT 10.0; Win64; x64) AppleWebKit/537.36 (KHTML, like Gecko) Chrome/79.0.3945.88 Safari/537.36"
85.203.21.150 - - [16/Apr/2026:03:45:38 +0200] "GET /wp-admin/css/colors/sunrise/ HTTP/1.1" 500 199 "-" "Mozilla/5.0 (X11; Ubuntu; Linux x86_64; rv:79.0) Gecko/20100101 Firefox/79.0"
85.203.21.112 - - [16/Apr/2026:03:45:39 +0200] "GET /wp-includes/block-patterns/ HTTP/1.1" 500 199 "-" "Mozilla/5.0 (Windows NT 10.0; Win64; x64) AppleWebKit/537.36 (KHTML, like Gecko) Chrome/74.0.3729.169 Safari/537.36"
85.203.21.110 - - [16/Apr/2026:03:45:39 +0200] "GET /wp-includes/certificates/ HTTP/1.1" 500 199 "-" "Mozilla/5.0 (X11; Ubuntu; Linux i686; rv:79.0) Gecko/20100101 Firefox/79.0"
85.203.21.97 - - [16/Apr/2026:03:45:40 +0200] "GET /wp-content/cache/ HTTP/1.1" 500 199 "-" "Mozilla/5.0 (Macintosh; Intel Mac OS X 10_12_6) AppleWebKit/537.36 (KHTML, like Gecko) Chrome/58.0.3029.110 Safari/537.3"
85.203.21.93 - - [16/Apr/2026:03:45:40 +0200] "GET /assets/images/ HTTP/1.1" 500 199 "-" "Mozilla/5.0 (Windows NT 10.0; Win64; x64) AppleWebKit/537.36 (KHTML, like Gecko) Chrome/79.0.3945.88 Safari/537.36"
85.203.21.152 - - [16/Apr/2026:03:45:41 +0200] "GET /wp-admin/js/widgets/ HTTP/1.1" 500 199 "-" "Mozilla/5.0 (Windows NT 10.0; Win64; x64) AppleWebKit/537.36 (KHTML, like Gecko) Chrome/79.0.3945.88 Safari/537.36"
85.203.21.100 - - [16/Apr/2026:03:45:42 +0200] "GET /wp-includes/random_compat/ HTTP/1.1" 500 199 "-" "Mozilla/5.0 (Macintosh; Intel Mac OS X 10_10_1) AppleWebKit/537.36 (KHTML, like Gecko) Chrome/39.0.2171.95 Safari/537.36"
85.203.21.112 - - [16/Apr/2026:03:45:42 +0200] "GET /wp-content/plugins/WordPressCore/ HTTP/1.1" 500 199 "-" "Mozilla/5.0 (Windows NT 10.0; Win64; x64) AppleWebKit/537.36 (KHTML, like Gecko) Chrome/70.0.3538.110 Safari/537.36"
85.203.21.75 - - [16/Apr/2026:03:45:43 +0200] "GET /wp-includes/images/media/ HTTP/1.1" 500 199 "-" "Mozilla/5.0 (Windows NT 10.0; Win64; x64; rv:74.0) Gecko/20100101 Firefox/74.0"
85.203.21.77 - - [16/Apr/2026:03:45:44 +0200] "GET /wp-includes/css/ HTTP/1.1" 500 199 "-" "Mozilla/5.0 (Windows NT 10.0; Win64; x64) AppleWebKit/537.36 (KHTML, like Gecko) Chrome/79.0.3945.88 Safari/537.36"
85.203.21.147 - - [16/Apr/2026:03:45:44 +0200] "GET /wp-content/plugins/phpadmin/ HTTP/1.1" 500 199 "-" "Mozilla/5.0 (X11; Ubuntu; Linux i686; rv:79.0) Gecko/20100101 Firefox/79.0"
85.203.21.101 - - [16/Apr/2026:03:45:45 +0200] "GET /wp-content/plugins/seoo/ HTTP/1.1" 500 199 "-" "Mozilla/5.0 (Windows NT 10.0; Win64; x64) AppleWebKit/537.36 (KHTML, like Gecko) Chrome/70.0.3538.110 Safari/537.36"
85.203.21.135 - - [16/Apr/2026:03:45:46 +0200] "GET /wp-content/plugins/view-more/ HTTP/1.1" 500 199 "-" "Mozilla/5.0 (X11; Ubuntu; Linux x86_64; rv:79.0) Gecko/20100101 Firefox/79.0"
85.203.21.72 - - [16/Apr/2026:03:45:46 +0200] "GET /wp-admin/css/colors/ HTTP/1.1" 500 199 "-" "Mozilla/5.0 (Windows NT 10.0; Win64; x64) AppleWebKit/537.36 (KHTML, like Gecko) Chrome/77.0.3865.90 Safari/537.36"
85.203.21.132 - - [16/Apr/2026:03:45:47 +0200] "GET /wp-content/themes/seotheme/ HTTP/1.1" 500 199 "-" "Mozilla/5.0 (Windows NT 10.0; Win64; x64) AppleWebKit/537.36 (KHTML, like Gecko) Chrome/84.0.4147.105 Safari/537.36 OPR/70.0.3728.95"
85.203.21.103 - - [16/Apr/2026:03:45:47 +0200] "GET /wp-includes/images/ HTTP/1.1" 500 199 "-" "Mozilla/5.0 (X11; Linux i686; rv:79.0) Gecko/20100101 Firefox/79.0"
85.203.21.131 - - [16/Apr/2026:03:45:48 +0200] "GET /wp-content/plugins/ioxi/ HTTP/1.1" 500 199 "-" "Mozilla/5.0 (X11; Ubuntu; Linux x86_64; rv:79.0) Gecko/20100101 Firefox/79.0"
85.203.21.152 - - [16/Apr/2026:03:45:49 +0200] "GET /blog/wp-content/ HTTP/1.1" 500 199 "-" "Mozilla/5.0 (Windows NT 10.0; Win64; x64) AppleWebKit/537.36 (KHTML, like Gecko) Chrome/83.0.4103.97 Safari/537.36"
57.141.20.5 - - [16/Apr/2026:03:45:49 +0200] "GET /index.php?s=3820c6bf801d1003af265245a861f19a&showtopic=6555&view=getlastpost HTTP/1.1" 500 199 "-" "meta-externalagent/1.1 (+https://developers.facebook.com/docs/sharing/webmasters/crawler)"
85.203.21.70 - - [16/Apr/2026:03:45:49 +0200] "GET /.well-known/acme-challenge/ HTTP/1.1" 403 441 "-" "Mozilla/5.0 (Windows NT 10.0; Win64; x64; rv:79.0) Gecko/20100101 Firefox/79.0"
85.203.21.70 - - [16/Apr/2026:03:45:50 +0200] "GET /wp-content/themes/astra/inc/ HTTP/1.1" 500 199 "-" "Mozilla/5.0 (Macintosh; Intel Mac OS X 10.15; rv:79.0) Gecko/20100101 Firefox/79.0"
85.203.21.147 - - [16/Apr/2026:03:45:50 +0200] "GET /wp-content/plugins/ccx/ HTTP/1.1" 500 199 "-" "Mozilla/5.0 (Windows NT 10.0; Win64; x64; rv:71.0) Gecko/20100101 Firefox/71.0"
85.203.21.111 - - [16/Apr/2026:03:45:51 +0200] "GET /wp-includes/css/dist/edit-widgets/ HTTP/1.1" 500 199 "-" "Mozilla/5.0 (Windows NT 10.0; Win64; x64) AppleWebKit/537.36 (KHTML, like Gecko) Chrome/79.0.3945.130 Safari/537.36"
85.203.21.147 - - [16/Apr/2026:03:45:53 +0200] "GET /wp-includes/Requests/src/Exception/Http/ HTTP/1.1" 500 199 "-" "Mozilla/5.0 (Windows NT 10.0; Win64; x64; rv:79.0) Gecko/20100101 Firefox/79.0"
85.203.21.72 - - [16/Apr/2026:03:45:53 +0200] "GET /wp-includes/Text/Diff/Renderer/ HTTP/1.1" 500 199 "-" "Mozilla/5.0 (Windows NT 10.0; Win64; x64) AppleWebKit/537.36 (KHTML, like Gecko) Chrome/74.0.3729.157 Safari/537.36"
85.203.21.103 - - [16/Apr/2026:03:45:54 +0200] "GET /wp-includes/Text/Diff/ HTTP/1.1" 500 199 "-" "Mozilla/5.0 (X11; Linux i686; rv:79.0) Gecko/20100101 Firefox/79.0"
85.203.21.143 - - [16/Apr/2026:03:45:54 +0200] "GET /wp-includes/js/tinymce/skins/lightgray/img/ HTTP/1.1" 500 199 "-" "Mozilla/5.0 (Windows NT 10.0; Win64; x64) AppleWebKit/537.36 (KHTML, like Gecko) Chrome/74.0.3729.169 Safari/537.36"
85.203.21.101 - - [16/Apr/2026:03:45:55 +0200] "GET /wp-content/themes/twentytwentytwo/assets/fonts/ HTTP/1.1" 500 199 "-" "Mozilla/5.0 (Windows NT 10.0; Win64; x64) AppleWebKit/537.36 (KHTML, like Gecko) Chrome/58.0.3029.110 Safari/537.3"
85.203.21.139 - - [16/Apr/2026:03:45:56 +0200] "GET /blog/wp-includes/ HTTP/1.1" 500 199 "-" "Mozilla/5.0 (Windows NT 10.0; Win64; x64; rv:76.0) Gecko/20100101 Firefox/76.0"
85.203.21.87 - - [16/Apr/2026:03:45:56 +0200] "GET /blog/wp-admin/ HTTP/1.1" 500 199 "-" "Mozilla/5.0 (Windows NT 10.0; Win64; x64; rv:71.0) Gecko/20100101 Firefox/71.0"
85.203.21.76 - - [16/Apr/2026:03:45:57 +0200] "GET /wp-content/themes/twentyfive/ HTTP/1.1" 500 199 "-" "Mozilla/5.0 (Windows NT 10.0; WOW64; x64) AppleWebKit/537.36 (KHTML, like Gecko) Chrome/84.0.4147.105 Safari/537.36 OPR/70.0.3728.95"
85.203.21.75 - - [16/Apr/2026:03:45:58 +0200] "GET /wp-includes/blocks/ HTTP/1.1" 500 199 "-" "Mozilla/5.0 (X11; Ubuntu; Linux i686; rv:79.0) Gecko/20100101 Firefox/79.0"
85.203.21.110 - - [16/Apr/2026:03:45:58 +0200] "GET /.bod/.ll/ HTTP/1.1" 500 199 "-" "Mozilla/5.0 (Windows NT 10.0; WOW64) AppleWebKit/537.36 (KHTML, like Gecko) Chrome/72.0.3626.121 Safari/537.36"
85.203.21.93 - - [16/Apr/2026:03:45:59 +0200] "GET /wp-content/themes/twentytwentytwo/ HTTP/1.1" 500 199 "-" "Mozilla/5.0 (Windows NT 10.0; Win64; x64; rv:77.0) Gecko/20100101 Firefox/77.0"
85.203.21.107 - - [16/Apr/2026:03:45:59 +0200] "GET /wp-includes/html-api/ HTTP/1.1" 500 199 "-" "Mozilla/5.0 (Windows NT 10.0; Win64; x64; rv:72.0) Gecko/20100101 Firefox/72.0"
85.203.21.153 - - [16/Apr/2026:03:46:00 +0200] "GET /wp-includes/sitemaps/providers/ HTTP/1.1" 500 199 "-" "Mozilla/5.0 (Windows NT 10.0; Win64; x64) AppleWebKit/537.36 (KHTML, like Gecko) Chrome/70.0.3538.77 Safari/537.36"
85.203.21.130 - - [16/Apr/2026:03:46:01 +0200] "GET /wp-includes/Text/Diff/Engine/ HTTP/1.1" 500 199 "-" "Mozilla/5.0 (Windows NT 10.0; Win64; x64) AppleWebKit/537.36 (KHTML, like Gecko) Chrome/83.0.4103.61 Safari/537.36"
85.203.21.98 - - [16/Apr/2026:03:46:01 +0200] "GET /wp-admin/css/colors/coffee/ HTTP/1.1" 500 199 "-" "Mozilla/5.0 (compatible; MSIE 10.0; Windows NT 6.1; Trident/6.0)"
85.203.21.101 - - [16/Apr/2026:03:46:02 +0200] "GET /wp-includes/blocks/calendar/ HTTP/1.1" 500 199 "-" "Mozilla/5.0 (Windows NT 10.0; Win64; x64; rv:67.0) Gecko/20100101 Firefox/67.0"
85.203.21.120 - - [16/Apr/2026:03:46:03 +0200] "GET /wp-content/plugins/fix/ HTTP/1.1" 500 199 "-" "Mozilla/5.0 (X11; Ubuntu; Linux i686; rv:79.0) Gecko/20100101 Firefox/79.0"
85.203.21.71 - - [16/Apr/2026:03:46:03 +0200] "GET /wp-content/themes/twentytwentyfour/ HTTP/1.1" 500 199 "-" "Mozilla/5.0 (Windows NT 6.1; Win64; x64) AppleWebKit/537.36 (KHTML, like Gecko) Chrome/58.0.3029.110 Safari/537.3"
85.203.21.81 - - [16/Apr/2026:03:46:04 +0200] "GET /wp-includes/bk/ HTTP/1.1" 500 199 "-" "Mozilla/5.0 (Windows NT 10.0; Win64; x64; rv:71.0) Gecko/20100101 Firefox/71.0"
85.203.21.105 - - [16/Apr/2026:03:46:05 +0200] "GET /wp-content/ALFA_DATA/alfacgiapi/ HTTP/1.1" 500 199 "-" "Mozilla/5.0 (Windows NT 6.1; Win64; x64) AppleWebKit/537.36 (KHTML, like Gecko) Chrome/79.0.3945.130 Safari/537.36"
85.203.21.101 - - [16/Apr/2026:03:46:05 +0200] "GET /wp-content/uploads/2023/05/ HTTP/1.1" 500 199 "-" "Mozilla/5.0 (Macintosh; Intel Mac OS X 10_15_6) AppleWebKit/537.36 (KHTML, like Gecko) Chrome/84.0.4147.125 Safari/537.36"
85.203.21.86 - - [16/Apr/2026:03:46:06 +0200] "GET /wp-content/themes/hello-element/ HTTP/1.1" 500 199 "-" "Mozilla/5.0 (Windows NT 10.0; Win64; x64; rv:79.0) Gecko/20100101 Firefox/79.0"
85.203.21.152 - - [16/Apr/2026:03:46:07 +0200] "GET /wp-includes/Text/ HTTP/1.1" 500 199 "-" "Mozilla/5.0 (Windows NT 10.0; Win64; x64) AppleWebKit/537.36 (KHTML, like Gecko) Chrome/70.0.3538.77 Safari/537.36"
85.203.21.81 - - [16/Apr/2026:03:46:07 +0200] "GET /wp-includes/sitemaps/ HTTP/1.1" 500 199 "-" "Mozilla/5.0 (Windows NT 10.0; Win64; x64) AppleWebKit/537.36 (KHTML, like Gecko) Chrome/81.0.4044.129 Safari/537.36"
85.203.21.143 - - [16/Apr/2026:03:46:08 +0200] "GET /wp-includes/sodium_compat/ HTTP/1.1" 500 199 "-" "Mozilla/5.0 (Windows NT 10.0; Win64; x64) AppleWebKit/537.36 (KHTML, like Gecko) Chrome/75.0.3770.100 Safari/537.36"
85.203.21.123 - - [16/Apr/2026:03:46:09 +0200] "GET /wp-includes/js/dist/ HTTP/1.1" 500 199 "-" "Mozilla/5.0 (Windows NT 6.1; Win64; x64) AppleWebKit/537.36 (KHTML, like Gecko) Chrome/80.0.3987.149 Safari/537.36"
85.203.21.103 - - [16/Apr/2026:03:46:09 +0200] "GET /wp-includes/sodium_compat/src/ HTTP/1.1" 500 199 "-" "Mozilla/5.0 (Macintosh; Intel Mac OS X 10_15_6) AppleWebKit/537.36 (KHTML, like Gecko) Chrome/84.0.4147.105 Safari/537.36 OPR/70.0.3728.95"
85.203.21.85 - - [16/Apr/2026:03:46:10 +0200] "GET /wp-content/plugins/erinyani/ HTTP/1.1" 500 199 "-" "Mozilla/5.0 (Windows NT 10.0; Win64; x64) AppleWebKit/537.36 (KHTML, like Gecko) Chrome/74.0.3729.169 Safari/537.36"
85.203.21.153 - - [16/Apr/2026:03:46:10 +0200] "GET /wp-includes/SimplePie/Parse/ HTTP/1.1" 500 199 "-" "Mozilla/5.0 (X11; Ubuntu; Linux i686; rv:79.0) Gecko/20100101 Firefox/79.0"
85.203.21.97 - - [16/Apr/2026:03:46:11 +0200] "GET /wp-content/themes/sky-pro/ HTTP/1.1" 500 199 "-" "Mozilla/5.0 (Windows NT 10.0; WOW64; Trident/7.0; .NET4.0C; .NET4.0E; .NET CLR 2.0.50727; .NET CLR 3.0.30729; .NET CLR 3.5.30729; rv:11.0) like Gecko"
85.203.21.81 - - [16/Apr/2026:03:46:12 +0200] "GET /wp-includes/SimplePie/Cache/ HTTP/1.1" 500 199 "-" "Mozilla/5.0 (Windows NT 10.0; Win64; x64) AppleWebKit/537.36 (KHTML, like Gecko) Chrome/81.0.4044.129 Safari/537.36"
85.203.21.98 - - [16/Apr/2026:03:46:12 +0200] "GET /wp-includes/js/tinymce/plugins/fullscreen/ HTTP/1.1" 500 199 "-" "Mozilla/5.0 (X11; Linux x86_64) AppleWebKit/537.36 (KHTML, like Gecko) Chrome/84.0.4147.105 Safari/537.36 OPR/70.0.3728.95"
85.203.21.97 - - [16/Apr/2026:03:46:13 +0200] "GET /wp-content/languages/themes/ HTTP/1.1" 500 199 "-" "Mozilla/5.0 (X11; Linux i686; rv:79.0) Gecko/20100101 Firefox/79.0"
85.203.21.75 - - [16/Apr/2026:03:46:13 +0200] "GET /admin/controller/extension/extension/ HTTP/1.1" 500 199 "-" "Mozilla/5.0 (Windows NT 6.1; Win64; x64) AppleWebKit/537.36 (KHTML, like Gecko) Chrome/80.0.3987.149 Safari/537.36"
85.203.21.73 - - [16/Apr/2026:03:46:14 +0200] "GET /img/ HTTP/1.1" 500 199 "-" "Mozilla/5.0 (compatible; MSIE 10.0; Windows NT 6.1; Trident/6.0)"
85.203.21.86 - - [16/Apr/2026:03:46:15 +0200] "GET /wp-includes/interactivity-api/ HTTP/1.1" 500 199 "-" "Mozilla/5.0 (Windows NT 10.0; Win64; x64; rv:72.0) Gecko/20100101 Firefox/72.0"
85.203.21.95 - - [16/Apr/2026:03:46:15 +0200] "GET /wp-includes/l10n/ HTTP/1.1" 500 199 "-" "Mozilla/5.0 (Windows NT 10.0; WOW64; x64) AppleWebKit/537.36 (KHTML, like Gecko) Chrome/84.0.4147.105 Safari/537.36 OPR/70.0.3728.95"
85.203.21.103 - - [16/Apr/2026:03:46:16 +0200] "GET /tinyfilemanager/ HTTP/1.1" 500 199 "-" "Mozilla/5.0 (Windows NT 10.0; Win64; x64) AppleWebKit/537.36 (KHTML, like Gecko) Chrome/69.0.3497.100 Safari/537.36"
85.203.21.96 - - [16/Apr/2026:03:46:17 +0200] "GET /wp-includes/js/tinymce/utils/ HTTP/1.1" 500 199 "-" "Mozilla/5.0 (Windows NT 10.0; Win64; x64) AppleWebKit/537.36 (KHTML, like Gecko) Chrome/69.0.3497.100 Safari/537.36"
85.203.21.107 - - [16/Apr/2026:03:46:18 +0200] "GET /components/com_newsfeeds/models/ HTTP/1.1" 500 199 "-" "Mozilla/5.0 (Windows NT 10.0; Win64; x64; rv:75.0) Gecko/20100101 Firefox/75.0"
85.203.21.72 - - [16/Apr/2026:03:46:19 +0200] "GET /.trash7309/ HTTP/1.1" 500 199 "-" "Mozilla/5.0 (Windows NT 10.0; Win64; x64) AppleWebKit/537.36 (KHTML, like Gecko) Chrome/70.0.3538.77 Safari/537.36"
85.203.21.123 - - [16/Apr/2026:03:46:20 +0200] "GET /wp-content/plugins/revslider/includes/external/page/ HTTP/1.1" 500 199 "-" "Mozilla/5.0 (Macintosh; Intel Mac OS X 10_12_6) AppleWebKit/537.36 (KHTML, like Gecko) Chrome/58.0.3029.110 Safari/537.3"
85.203.21.141 - - [16/Apr/2026:03:46:20 +0200] "GET /wp-content/plugins/ioxi/ioxi/ HTTP/1.1" 500 199 "-" "Mozilla/5.0 (Windows NT 6.1; Win64; x64) AppleWebKit/537.36 (KHTML, like Gecko) Chrome/74.0.3729.169 Safari/537.36"
85.203.21.120 - - [16/Apr/2026:03:46:21 +0200] "GET /modules/ HTTP/1.1" 200 827 "-" "Mozilla/5.0 (Windows NT 10.0; Win64; x64; rv:74.0) Gecko/20100101 Firefox/74.0"
85.203.21.120 - - [16/Apr/2026:03:46:21 +0200] "GET /wp-includes/js/codemirror/ HTTP/1.1" 500 199 "-" "Mozilla/5.0 (Macintosh; Intel Mac OS X 10_12_6) AppleWebKit/537.36 (KHTML, like Gecko) Chrome/58.0.3029.110 Safari/537.3"
85.203.21.152 - - [16/Apr/2026:03:46:22 +0200] "GET /wp-includes/js/tinymce/langs/ HTTP/1.1" 500 199 "-" "Mozilla/5.0 (Macintosh; Intel Mac OS X 10_15_6) AppleWebKit/537.36 (KHTML, like Gecko) Chrome/84.0.4147.125 Safari/537.36"
85.203.21.98 - - [16/Apr/2026:03:46:22 +0200] "GET /wp-admin/css/colors/modern/ HTTP/1.1" 500 199 "-" "Mozilla/5.0 (X11; Ubuntu; Linux i686; rv:79.0) Gecko/20100101 Firefox/79.0"
85.203.21.95 - - [16/Apr/2026:03:46:23 +0200] "GET /wp-includes/blocks/group/ HTTP/1.1" 500 199 "-" "Mozilla/5.0 (Windows NT 10.0; Win64; x64) AppleWebKit/537.36 (KHTML, like Gecko) Chrome/79.0.3945.130 Safari/537.36"
85.203.21.71 - - [16/Apr/2026:03:46:24 +0200] "GET /plugins/ HTTP/1.1" 500 199 "-" "Mozilla/5.0 (Windows NT 6.1; Win64; x64) AppleWebKit/537.36 (KHTML, like Gecko) Chrome/74.0.3729.169 Safari/537.36"
85.203.21.150 - - [16/Apr/2026:03:46:24 +0200] "GET /wordpress/wp-content/uploads/ HTTP/1.1" 500 199 "-" "Mozilla/5.0 (Windows NT 6.1; Win64; x64) AppleWebKit/537.36 (KHTML, like Gecko) Chrome/80.0.3987.149 Safari/537.36"
85.203.21.85 - - [16/Apr/2026:03:46:25 +0200] "GET /upload/ HTTP/1.1" 500 199 "-" "Mozilla/5.0 (Windows NT 10.0; Win64; x64) AppleWebKit/537.36 (KHTML, like Gecko) Chrome/79.0.3945.88 Safari/537.36"
85.203.21.77 - - [16/Apr/2026:03:46:25 +0200] "GET /wordpress/wp-includes/ HTTP/1.1" 500 199 "-" "Mozilla/5.0 (Windows NT 10.0; Win64; x64; rv:79.0) Gecko/20100101 Firefox/79.0"
85.203.21.133 - - [16/Apr/2026:03:46:26 +0200] "GET /wp-includes/css/dist/ HTTP/1.1" 500 199 "-" "Mozilla/5.0 (Windows NT 10.0; Win64; x64; rv:75.0) Gecko/20100101 Firefox/75.0"
85.203.21.153 - - [16/Apr/2026:03:46:28 +0200] "GET /ALFA_DATA/alfacgiapi/ HTTP/1.1" 500 199 "-" "Mozilla/5.0 (Windows NT 10.0; WOW64; x64) AppleWebKit/537.36 (KHTML, like Gecko) Chrome/84.0.4147.105 Safari/537.36 OPR/70.0.3728.95"
85.203.21.119 - - [16/Apr/2026:03:46:29 +0200] "GET /.tmb/ HTTP/1.1" 500 199 "-" "Mozilla/5.0 (Windows NT 10.0; Win64; x64) AppleWebKit/537.36 (KHTML, like Gecko) Chrome/83.0.4103.97 Safari/537.36"
85.203.21.133 - - [16/Apr/2026:03:46:29 +0200] "GET /wp-includes/assets/wp-includes/assets/ HTTP/1.1" 500 199 "-" "Mozilla/5.0 (Windows NT 10.0; Win64; x64) AppleWebKit/537.36 (KHTML, like Gecko) Chrome/58.0.3029.110 Safari/537.3"
85.203.21.70 - - [16/Apr/2026:03:46:30 +0200] "GET /wp-includes/blocks/file/ HTTP/1.1" 500 199 "-" "Mozilla/5.0 (X11; Linux i686; rv:79.0) Gecko/20100101 Firefox/79.0"
85.203.21.99 - - [16/Apr/2026:03:46:30 +0200] "GET /wp-content/mu-plugins/ HTTP/1.1" 500 199 "-" "Mozilla/5.0 (Macintosh; Intel Mac OS X 10_15_6) AppleWebKit/537.36 (KHTML, like Gecko) Chrome/84.0.4147.105 Safari/537.36"
85.203.21.93 - - [16/Apr/2026:03:46:31 +0200] "GET /blog/ HTTP/1.1" 500 199 "-" "Mozilla/5.0 (Windows NT 10.0) AppleWebKit/537.36 (KHTML, like Gecko) Chrome/84.0.4147.105 Safari/537.36"
85.203.21.77 - - [16/Apr/2026:03:46:32 +0200] "GET /include/ HTTP/1.1" 500 199 "-" "Mozilla/5.0 (Windows NT 6.3; Win64; x64; rv:73.0) Gecko/20100101 Firefox/73.0"
85.203.21.123 - - [16/Apr/2026:03:46:32 +0200] "GET /file/ HTTP/1.1" 500 199 "-" "Mozilla/5.0 (Windows NT 10.0; Win64; x64) AppleWebKit/537.36 (KHTML, like Gecko) Chrome/84.0.4147.105 Safari/537.36 OPR/70.0.3728.95"
85.203.21.110 - - [16/Apr/2026:03:46:33 +0200] "GET /wp-content/themes/twentytwentyfour/patterns/ HTTP/1.1" 500 199 "-" "Mozilla/5.0 (X11; Linux x86_64) AppleWebKit/537.36 (KHTML, like Gecko) Chrome/84.0.4147.105 Safari/537.36 OPR/70.0.3728.95"
85.203.21.95 - - [16/Apr/2026:03:46:35 +0200] "GET /images/news_event/ HTTP/1.1" 500 199 "-" "Mozilla/5.0 (Windows NT 6.1; Win64; x64) AppleWebKit/537.36 (KHTML, like Gecko) Chrome/80.0.3987.149 Safari/537.36"
85.203.21.96 - - [16/Apr/2026:03:46:35 +0200] "GET /wp-content/themes/wp-pridmag/ HTTP/1.1" 500 199 "-" "Mozilla/5.0 (Windows NT 10.0; WOW64) AppleWebKit/537.36 (KHTML, like Gecko) Chrome/84.0.4147.105 Safari/537.36"
85.203.21.110 - - [16/Apr/2026:03:46:36 +0200] "GET /templates/beez5/ HTTP/1.1" 500 199 "-" "Mozilla/5.0 (Windows NT 10.0; Win64; x64) AppleWebKit/537.36 (KHTML, like Gecko) Chrome/84.0.4147.105 Safari/537.36 OPR/70.0.3728.95"
85.203.21.73 - - [16/Apr/2026:03:46:36 +0200] "GET /wp-admin/js/file/ HTTP/1.1" 500 199 "-" "Mozilla/5.0 (Windows NT 10.0; Win64; x64) AppleWebKit/537.36 (KHTML, like Gecko) Chrome/84.0.4147.105 Safari/537.36 OPR/70.0.3728.95"
85.203.21.88 - - [16/Apr/2026:03:46:37 +0200] "GET /wp-includes/id3/ HTTP/1.1" 500 199 "-" "Mozilla/5.0 (Windows NT 10.0; WOW64) AppleWebKit/537.36 (KHTML, like Gecko) Chrome/84.0.4147.105 Safari/537.36"
85.203.21.107 - - [16/Apr/2026:03:46:38 +0200] "GET /wp-includes/js/imgareaselect/ HTTP/1.1" 500 199 "-" "Mozilla/5.0 (Windows NT 10.0; Win64; x64) AppleWebKit/537.36 (KHTML, like Gecko) Chrome/74.0.3729.169 Safari/537.36"
85.203.21.97 - - [16/Apr/2026:03:46:38 +0200] "GET /upload/bilder/ HTTP/1.1" 500 199 "-" "Mozilla/5.0 (Windows NT 10.0; Win64; x64; rv:77.0) Gecko/20100101 Firefox/77.0"
85.203.21.150 - - [16/Apr/2026:03:46:39 +0200] "GET /wp-includes/Requests/Text/ HTTP/1.1" 500 199 "-" "Mozilla/5.0 (Windows NT 10.0; Win64; x64; rv:75.0) Gecko/20100101 Firefox/75.0"
85.203.21.73 - - [16/Apr/2026:03:46:39 +0200] "GET /wp-includes/sodium_compat/lib/ HTTP/1.1" 500 199 "-" "Mozilla/5.0 (Windows NT 10.0; Win64; x64) AppleWebKit/537.36 (KHTML, like Gecko) Chrome/80.0.3987.149 Safari/537.36"
