74.7.227.21 - - [16/Apr/2026:01:09:07 +0200] "GET /images/s/actions/1018_3.jpg HTTP/1.1" 200 5454 "https://www.afish-ka.ru/cinema/films/1018/" "Mozilla/5.0 AppleWebKit/537.36 (KHTML, like Gecko; compatible; GPTBot/1.3; +https://openai.com/gptbot)"
74.7.227.21 - - [16/Apr/2026:01:09:08 +0200] "GET /images/b/posters/1018.jpg HTTP/1.1" 200 59935 "https://www.afish-ka.ru/cinema/films/1018/" "Mozilla/5.0 AppleWebKit/537.36 (KHTML, like Gecko; compatible; GPTBot/1.3; +https://openai.com/gptbot)"
74.7.227.21 - - [16/Apr/2026:01:09:08 +0200] "GET /images/s/posters/1018.jpg HTTP/1.1" 200 7354 "https://www.afish-ka.ru/cinema/films/1018/" "Mozilla/5.0 AppleWebKit/537.36 (KHTML, like Gecko; compatible; GPTBot/1.3; +https://openai.com/gptbot)"
74.7.227.21 - - [16/Apr/2026:01:09:09 +0200] "GET /04-05-2008/ HTTP/1.1" 200 6613 "https://www.afish-ka.ru/13-05-2008/" "Mozilla/5.0 AppleWebKit/537.36 (KHTML, like Gecko; compatible; GPTBot/1.3; +https://openai.com/gptbot)"
114.119.153.106 - - [16/Apr/2026:01:09:09 +0200] "GET /cafe/132/opinions/add/?parent=12252 HTTP/1.1" 200 9531 "https://www.afish-ka.ru/cafe/132/opinions/add?parent=52440" "Mozilla/5.0 (Linux; Android 7.0;) AppleWebKit/537.36 (KHTML, like Gecko) Mobile Safari/537.36 (compatible; PetalBot;+https://webmaster.petalsearch.com/site/petalbot)"
74.7.227.21 - - [16/Apr/2026:01:09:09 +0200] "GET /22-09-2008/ HTTP/1.1" 200 7028 "https://www.afish-ka.ru/18-09-2008/" "Mozilla/5.0 AppleWebKit/537.36 (KHTML, like Gecko; compatible; GPTBot/1.3; +https://openai.com/gptbot)"
74.7.227.21 - - [16/Apr/2026:01:09:10 +0200] "GET /14-04-2022/ HTTP/1.1" 200 10566 "https://www.afish-ka.ru/19-05-2022/" "Mozilla/5.0 AppleWebKit/537.36 (KHTML, like Gecko; compatible; GPTBot/1.3; +https://openai.com/gptbot)"
74.7.227.21 - - [16/Apr/2026:01:09:11 +0200] "GET /23-03-2007/ HTTP/1.1" 200 6440 "https://www.afish-ka.ru/21-03-2007/" "Mozilla/5.0 AppleWebKit/537.36 (KHTML, like Gecko; compatible; GPTBot/1.3; +https://openai.com/gptbot)"
74.7.227.21 - - [16/Apr/2026:01:09:11 +0200] "GET /30-04-2009/ HTTP/1.1" 200 6925 "https://www.afish-ka.ru/14-05-2009/" "Mozilla/5.0 AppleWebKit/537.36 (KHTML, like Gecko; compatible; GPTBot/1.3; +https://openai.com/gptbot)"
74.7.227.21 - - [16/Apr/2026:01:09:12 +0200] "GET /05-03-2009/ HTTP/1.1" 200 7237 "https://www.afish-ka.ru/14-03-2009/" "Mozilla/5.0 AppleWebKit/537.36 (KHTML, like Gecko; compatible; GPTBot/1.3; +https://openai.com/gptbot)"
74.7.227.21 - - [16/Apr/2026:01:09:13 +0200] "GET /09-12-2011/ HTTP/1.1" 200 8777 "https://www.afish-ka.ru/08-12-2011/" "Mozilla/5.0 AppleWebKit/537.36 (KHTML, like Gecko; compatible; GPTBot/1.3; +https://openai.com/gptbot)"
74.7.227.21 - - [16/Apr/2026:01:09:13 +0200] "GET /29-09-2010/ HTTP/1.1" 200 7522 "https://www.afish-ka.ru/18-09-2010/" "Mozilla/5.0 AppleWebKit/537.36 (KHTML, like Gecko; compatible; GPTBot/1.3; +https://openai.com/gptbot)"
74.7.227.21 - - [16/Apr/2026:01:09:14 +0200] "GET /23-04-2022/ HTTP/1.1" 200 9703 "https://www.afish-ka.ru/03-05-2022/" "Mozilla/5.0 AppleWebKit/537.36 (KHTML, like Gecko; compatible; GPTBot/1.3; +https://openai.com/gptbot)"
74.7.227.21 - - [16/Apr/2026:01:09:16 +0200] "GET /20-02-2015/ HTTP/1.1" 200 8890 "https://www.afish-ka.ru/06-03-2015/" "Mozilla/5.0 AppleWebKit/537.36 (KHTML, like Gecko; compatible; GPTBot/1.3; +https://openai.com/gptbot)"
74.7.227.21 - - [16/Apr/2026:01:09:17 +0200] "GET /21-10-2006/ HTTP/1.1" 200 6983 "https://www.afish-ka.ru/25-11-2006/" "Mozilla/5.0 AppleWebKit/537.36 (KHTML, like Gecko; compatible; GPTBot/1.3; +https://openai.com/gptbot)"
74.7.227.21 - - [16/Apr/2026:01:09:17 +0200] "GET /10-01-2016/ HTTP/1.1" 200 10572 "https://www.afish-ka.ru/09-01-2016/" "Mozilla/5.0 AppleWebKit/537.36 (KHTML, like Gecko; compatible; GPTBot/1.3; +https://openai.com/gptbot)"
74.7.227.21 - - [16/Apr/2026:01:09:18 +0200] "GET /22-06-2006/ HTTP/1.1" 200 5986 "https://www.afish-ka.ru/26-06-2006/" "Mozilla/5.0 AppleWebKit/537.36 (KHTML, like Gecko; compatible; GPTBot/1.3; +https://openai.com/gptbot)"
74.7.227.21 - - [16/Apr/2026:01:09:18 +0200] "GET /28-09-2020/ HTTP/1.1" 200 7630 "https://www.afish-ka.ru/02-11-2020/" "Mozilla/5.0 AppleWebKit/537.36 (KHTML, like Gecko; compatible; GPTBot/1.3; +https://openai.com/gptbot)"
74.7.227.21 - - [16/Apr/2026:01:09:19 +0200] "GET /16-10-2011/ HTTP/1.1" 200 8867 "https://www.afish-ka.ru/27-09-2011/" "Mozilla/5.0 AppleWebKit/537.36 (KHTML, like Gecko; compatible; GPTBot/1.3; +https://openai.com/gptbot)"
74.7.227.21 - - [16/Apr/2026:01:09:19 +0200] "GET /27-05-2022/ HTTP/1.1" 200 7821 "https://www.afish-ka.ru/31-05-2022/" "Mozilla/5.0 AppleWebKit/537.36 (KHTML, like Gecko; compatible; GPTBot/1.3; +https://openai.com/gptbot)"
181.177.86.149 - - [16/Apr/2026:01:09:20 +0200] "GET / HTTP/1.0" 301 531 "http://afish-ka.ru/" "Mozilla/5.0 (Windows NT 10.0; Win64; x64) AppleWebKit/537.36 (KHTML, like Gecko) Chrome/130.0.0.0 Safari/537.36"
74.7.227.21 - - [16/Apr/2026:01:09:20 +0200] "GET /23-02-2007/ HTTP/1.1" 200 6338 "https://www.afish-ka.ru/11-03-2007/" "Mozilla/5.0 AppleWebKit/537.36 (KHTML, like Gecko; compatible; GPTBot/1.3; +https://openai.com/gptbot)"
74.7.227.21 - - [16/Apr/2026:01:09:21 +0200] "GET /cafe/actions/1831/ HTTP/1.1" 200 6371 "https://www.afish-ka.ru/09-12-2011/" "Mozilla/5.0 AppleWebKit/537.36 (KHTML, like Gecko; compatible; GPTBot/1.3; +https://openai.com/gptbot)"
181.177.86.149 - - [16/Apr/2026:01:09:20 +0200] "GET / HTTP/1.0" 200 21785 "http://www.afish-ka.ru/" "Mozilla/5.0 (Windows NT 10.0; Win64; x64) AppleWebKit/537.36 (KHTML, like Gecko) Chrome/130.0.0.0 Safari/537.36"
74.7.227.21 - - [16/Apr/2026:01:09:21 +0200] "GET /20-01-2008/ HTTP/1.1" 200 7361 "https://www.afish-ka.ru/31-01-2008/" "Mozilla/5.0 AppleWebKit/537.36 (KHTML, like Gecko; compatible; GPTBot/1.3; +https://openai.com/gptbot)"
74.7.227.21 - - [16/Apr/2026:01:09:22 +0200] "GET /11-02-2008/ HTTP/1.1" 200 7317 "https://www.afish-ka.ru/17-03-2008/" "Mozilla/5.0 AppleWebKit/537.36 (KHTML, like Gecko; compatible; GPTBot/1.3; +https://openai.com/gptbot)"
74.7.227.21 - - [16/Apr/2026:01:09:22 +0200] "GET /images/s/actions/3401_1.jpg HTTP/1.1" 200 8023 "https://www.afish-ka.ru/20-02-2015/" "Mozilla/5.0 AppleWebKit/537.36 (KHTML, like Gecko; compatible; GPTBot/1.3; +https://openai.com/gptbot)"
74.7.227.21 - - [16/Apr/2026:01:09:23 +0200] "GET /04-02-2008/ HTTP/1.1" 200 7242 "https://www.afish-ka.ru/19-02-2008/" "Mozilla/5.0 AppleWebKit/537.36 (KHTML, like Gecko; compatible; GPTBot/1.3; +https://openai.com/gptbot)"
74.7.227.21 - - [16/Apr/2026:01:09:24 +0200] "GET /05-09-2007/ HTTP/1.1" 200 7366 "https://www.afish-ka.ru/19-09-2007/" "Mozilla/5.0 AppleWebKit/537.36 (KHTML, like Gecko; compatible; GPTBot/1.3; +https://openai.com/gptbot)"
74.7.227.21 - - [16/Apr/2026:01:09:24 +0200] "GET /02-10-2019/ HTTP/1.1" 200 9469 "https://www.afish-ka.ru/cinema/films/5473/" "Mozilla/5.0 AppleWebKit/537.36 (KHTML, like Gecko; compatible; GPTBot/1.3; +https://openai.com/gptbot)"
181.177.86.149 - - [16/Apr/2026:01:09:24 +0200] "GET /info/firms/ HTTP/1.0" 200 29304 "https://www.afish-ka.ru/info/firms/" "Mozilla/5.0 (Windows NT 10.0; Win64; x64) AppleWebKit/537.36 (KHTML, like Gecko) Chrome/130.0.0.0 Safari/537.36"
74.7.227.21 - - [16/Apr/2026:01:09:25 +0200] "GET /09-01-2022/ HTTP/1.1" 200 10467 "https://www.afish-ka.ru/19-01-2022/" "Mozilla/5.0 AppleWebKit/537.36 (KHTML, like Gecko; compatible; GPTBot/1.3; +https://openai.com/gptbot)"
74.7.227.21 - - [16/Apr/2026:01:09:25 +0200] "GET /images/s/actions/1762_1.jpg HTTP/1.1" 200 7094 "https://www.afish-ka.ru/16-10-2011/" "Mozilla/5.0 AppleWebKit/537.36 (KHTML, like Gecko; compatible; GPTBot/1.3; +https://openai.com/gptbot)"
74.7.227.21 - - [16/Apr/2026:01:09:26 +0200] "GET /images/s/actions/1729_1.jpg HTTP/1.1" 200 8507 "https://www.afish-ka.ru/16-10-2011/" "Mozilla/5.0 AppleWebKit/537.36 (KHTML, like Gecko; compatible; GPTBot/1.3; +https://openai.com/gptbot)"
74.7.227.21 - - [16/Apr/2026:01:09:26 +0200] "GET /cafe/actions/1762/ HTTP/1.1" 200 6680 "https://www.afish-ka.ru/16-10-2011/" "Mozilla/5.0 AppleWebKit/537.36 (KHTML, like Gecko; compatible; GPTBot/1.3; +https://openai.com/gptbot)"
74.7.227.21 - - [16/Apr/2026:01:09:27 +0200] "GET /17-10-2010/ HTTP/1.1" 200 9073 "https://www.afish-ka.ru/28-09-2010/" "Mozilla/5.0 AppleWebKit/537.36 (KHTML, like Gecko; compatible; GPTBot/1.3; +https://openai.com/gptbot)"
74.7.227.21 - - [16/Apr/2026:01:09:28 +0200] "GET /06-01-2022/ HTTP/1.1" 200 10467 "https://www.afish-ka.ru/cinema/films/6070/" "Mozilla/5.0 AppleWebKit/537.36 (KHTML, like Gecko; compatible; GPTBot/1.3; +https://openai.com/gptbot)"
74.7.227.21 - - [16/Apr/2026:01:09:29 +0200] "GET /12-06-2011/ HTTP/1.1" 200 7731 "https://www.afish-ka.ru/30-05-2011/" "Mozilla/5.0 AppleWebKit/537.36 (KHTML, like Gecko; compatible; GPTBot/1.3; +https://openai.com/gptbot)"
74.7.227.21 - - [16/Apr/2026:01:09:29 +0200] "GET /22-04-2009/ HTTP/1.1" 200 7226 "https://www.afish-ka.ru/27-05-2009/" "Mozilla/5.0 AppleWebKit/537.36 (KHTML, like Gecko; compatible; GPTBot/1.3; +https://openai.com/gptbot)"
181.177.86.149 - - [16/Apr/2026:01:09:30 +0200] "GET /links.php?go=http://www.kamforum.ru HTTP/1.0" 404 3662 "https://www.afish-ka.ru/links.php?go=http://www.kamforum.ru" "Mozilla/5.0 (Windows NT 10.0; Win64; x64) AppleWebKit/537.36 (KHTML, like Gecko) Chrome/130.0.0.0 Safari/537.36"
74.7.227.21 - - [16/Apr/2026:01:09:30 +0200] "GET /23-11-2020/ HTTP/1.1" 200 11163 "https://www.afish-ka.ru/05-12-2020/" "Mozilla/5.0 AppleWebKit/537.36 (KHTML, like Gecko; compatible; GPTBot/1.3; +https://openai.com/gptbot)"
74.7.227.21 - - [16/Apr/2026:01:09:30 +0200] "GET /02-09-2007/ HTTP/1.1" 200 7176 "https://www.afish-ka.ru/13-09-2007/" "Mozilla/5.0 AppleWebKit/537.36 (KHTML, like Gecko; compatible; GPTBot/1.3; +https://openai.com/gptbot)"
74.7.227.21 - - [16/Apr/2026:01:09:31 +0200] "GET /27-11-2017/ HTTP/1.1" 200 11211 "https://www.afish-ka.ru/09-12-2017/" "Mozilla/5.0 AppleWebKit/537.36 (KHTML, like Gecko; compatible; GPTBot/1.3; +https://openai.com/gptbot)"
74.7.227.21 - - [16/Apr/2026:01:09:32 +0200] "GET /11-08-2021/ HTTP/1.1" 200 9571 "https://www.afish-ka.ru/cinema/films/5928/" "Mozilla/5.0 AppleWebKit/537.36 (KHTML, like Gecko; compatible; GPTBot/1.3; +https://openai.com/gptbot)"
74.7.227.21 - - [16/Apr/2026:01:09:32 +0200] "GET /12-05-2012/ HTTP/1.1" 200 8761 "https://www.afish-ka.ru/07-04-2012/" "Mozilla/5.0 AppleWebKit/537.36 (KHTML, like Gecko; compatible; GPTBot/1.3; +https://openai.com/gptbot)"
74.7.227.21 - - [16/Apr/2026:01:09:33 +0200] "GET /12-11-2020/ HTTP/1.1" 200 9552 "https://www.afish-ka.ru/cinema/films/5691/" "Mozilla/5.0 AppleWebKit/537.36 (KHTML, like Gecko; compatible; GPTBot/1.3; +https://openai.com/gptbot)"
74.7.227.21 - - [16/Apr/2026:01:09:33 +0200] "GET /images/b/actions/1762_1.jpg HTTP/1.1" 200 23640 "https://www.afish-ka.ru/cafe/actions/1762/" "Mozilla/5.0 AppleWebKit/537.36 (KHTML, like Gecko; compatible; GPTBot/1.3; +https://openai.com/gptbot)"
74.7.227.21 - - [16/Apr/2026:01:09:34 +0200] "GET /city/actions/1192/ HTTP/1.1" 200 6239 "https://www.afish-ka.ru/17-10-2010/" "Mozilla/5.0 AppleWebKit/537.36 (KHTML, like Gecko; compatible; GPTBot/1.3; +https://openai.com/gptbot)"
74.7.227.21 - - [16/Apr/2026:01:09:34 +0200] "GET /cinema/films/1153/ HTTP/1.1" 200 6430 "https://www.afish-ka.ru/17-10-2010/" "Mozilla/5.0 AppleWebKit/537.36 (KHTML, like Gecko; compatible; GPTBot/1.3; +https://openai.com/gptbot)"
74.7.227.21 - - [16/Apr/2026:01:09:35 +0200] "GET /05-02-2015/ HTTP/1.1" 200 9694 "https://www.afish-ka.ru/14-02-2015/" "Mozilla/5.0 AppleWebKit/537.36 (KHTML, like Gecko; compatible; GPTBot/1.3; +https://openai.com/gptbot)"
185.191.171.14 - - [16/Apr/2026:01:09:36 +0200] "GET /cinema/films/2032/opinions/add/?parent=20798 HTTP/1.1" 200 9501 "-" "Mozilla/5.0 (compatible; SemrushBot/7~bl; +http://www.semrush.com/bot.html)"
54.37.118.88 - - [16/Apr/2026:01:09:36 +0200] "GET /restaurant/32/opinions/add/?parent=10416 HTTP/1.1" 200 9520 "-" "Mozilla/5.0 (compatible; AhrefsBot/7.0; +http://ahrefs.com/robot/)"
74.7.227.21 - - [16/Apr/2026:01:09:35 +0200] "GET /03-01-2011/ HTTP/1.1" 200 8436 "https://www.afish-ka.ru/23-01-2011/" "Mozilla/5.0 AppleWebKit/537.36 (KHTML, like Gecko; compatible; GPTBot/1.3; +https://openai.com/gptbot)"
74.7.227.21 - - [16/Apr/2026:01:09:36 +0200] "GET /24-08-2008/ HTTP/1.1" 200 6763 "https://www.afish-ka.ru/17-08-2008/" "Mozilla/5.0 AppleWebKit/537.36 (KHTML, like Gecko; compatible; GPTBot/1.3; +https://openai.com/gptbot)"
74.7.227.21 - - [16/Apr/2026:01:09:37 +0200] "GET /20-12-2018/ HTTP/1.1" 200 9436 "https://www.afish-ka.ru/29-12-2018/" "Mozilla/5.0 AppleWebKit/537.36 (KHTML, like Gecko; compatible; GPTBot/1.3; +https://openai.com/gptbot)"
74.7.227.21 - - [16/Apr/2026:01:09:38 +0200] "GET /07-05-2008/ HTTP/1.1" 200 6602 "https://www.afish-ka.ru/21-05-2008/" "Mozilla/5.0 AppleWebKit/537.36 (KHTML, like Gecko; compatible; GPTBot/1.3; +https://openai.com/gptbot)"
74.7.227.21 - - [16/Apr/2026:01:09:38 +0200] "GET /cinema/films/5931/ HTTP/1.1" 200 6625 "https://www.afish-ka.ru/11-08-2021/" "Mozilla/5.0 AppleWebKit/537.36 (KHTML, like Gecko; compatible; GPTBot/1.3; +https://openai.com/gptbot)"
74.7.227.21 - - [16/Apr/2026:01:09:39 +0200] "GET /cinema/films/5930/ HTTP/1.1" 200 6768 "https://www.afish-ka.ru/11-08-2021/" "Mozilla/5.0 AppleWebKit/537.36 (KHTML, like Gecko; compatible; GPTBot/1.3; +https://openai.com/gptbot)"
74.7.227.21 - - [16/Apr/2026:01:09:39 +0200] "GET /cinema/films/5932/ HTTP/1.1" 200 6704 "https://www.afish-ka.ru/11-08-2021/" "Mozilla/5.0 AppleWebKit/537.36 (KHTML, like Gecko; compatible; GPTBot/1.3; +https://openai.com/gptbot)"
74.7.227.21 - - [16/Apr/2026:01:09:40 +0200] "GET /05-06-2008/ HTTP/1.1" 200 7184 "https://www.afish-ka.ru/17-06-2008/" "Mozilla/5.0 AppleWebKit/537.36 (KHTML, like Gecko; compatible; GPTBot/1.3; +https://openai.com/gptbot)"
74.7.227.21 - - [16/Apr/2026:01:09:41 +0200] "GET /images/b/actions/1192_1.jpg HTTP/1.1" 200 163949 "https://www.afish-ka.ru/city/actions/1192/" "Mozilla/5.0 AppleWebKit/537.36 (KHTML, like Gecko; compatible; GPTBot/1.3; +https://openai.com/gptbot)"
74.7.227.21 - - [16/Apr/2026:01:09:41 +0200] "GET /18-08-2010/ HTTP/1.1" 200 8380 "https://www.afish-ka.ru/26-08-2010/" "Mozilla/5.0 AppleWebKit/537.36 (KHTML, like Gecko; compatible; GPTBot/1.3; +https://openai.com/gptbot)"
74.7.227.21 - - [16/Apr/2026:01:09:42 +0200] "GET /theater/actions/3398/ HTTP/1.1" 200 5838 "https://www.afish-ka.ru/05-02-2015/" "Mozilla/5.0 AppleWebKit/537.36 (KHTML, like Gecko; compatible; GPTBot/1.3; +https://openai.com/gptbot)"
74.7.227.21 - - [16/Apr/2026:01:09:42 +0200] "GET /images/s/actions/1339_1.jpg HTTP/1.1" 200 6365 "https://www.afish-ka.ru/03-01-2011/" "Mozilla/5.0 AppleWebKit/537.36 (KHTML, like Gecko; compatible; GPTBot/1.3; +https://openai.com/gptbot)"
74.7.227.21 - - [16/Apr/2026:01:09:43 +0200] "GET /24-04-2011/ HTTP/1.1" 200 9117 "https://www.afish-ka.ru/17-04-2011/" "Mozilla/5.0 AppleWebKit/537.36 (KHTML, like Gecko; compatible; GPTBot/1.3; +https://openai.com/gptbot)"
74.7.227.21 - - [16/Apr/2026:01:09:44 +0200] "GET /22-09-2010/ HTTP/1.1" 200 8243 "https://www.afish-ka.ru/18-09-2010/" "Mozilla/5.0 AppleWebKit/537.36 (KHTML, like Gecko; compatible; GPTBot/1.3; +https://openai.com/gptbot)"
74.7.227.21 - - [16/Apr/2026:01:09:44 +0200] "GET /11-01-2014/ HTTP/1.1" 200 9177 "https://www.afish-ka.ru/23-01-2014/" "Mozilla/5.0 AppleWebKit/537.36 (KHTML, like Gecko; compatible; GPTBot/1.3; +https://openai.com/gptbot)"
74.7.227.21 - - [16/Apr/2026:01:09:45 +0200] "GET /02-04-2006/ HTTP/1.1" 200 7097 "https://www.afish-ka.ru/12-04-2006/" "Mozilla/5.0 AppleWebKit/537.36 (KHTML, like Gecko; compatible; GPTBot/1.3; +https://openai.com/gptbot)"
74.7.227.21 - - [16/Apr/2026:01:09:46 +0200] "GET /images/b/actions/5930_3.jpg HTTP/1.1" 200 52516 "https://www.afish-ka.ru/cinema/films/5930/" "Mozilla/5.0 AppleWebKit/537.36 (KHTML, like Gecko; compatible; GPTBot/1.3; +https://openai.com/gptbot)"
74.7.227.21 - - [16/Apr/2026:01:09:47 +0200] "GET /images/b/actions/5932_3.jpg HTTP/1.1" 200 51589 "https://www.afish-ka.ru/cinema/films/5932/" "Mozilla/5.0 AppleWebKit/537.36 (KHTML, like Gecko; compatible; GPTBot/1.3; +https://openai.com/gptbot)"
74.7.227.21 - - [16/Apr/2026:01:09:47 +0200] "GET /images/s/actions/5932_4.jpg HTTP/1.1" 200 5004 "https://www.afish-ka.ru/cinema/films/5932/" "Mozilla/5.0 AppleWebKit/537.36 (KHTML, like Gecko; compatible; GPTBot/1.3; +https://openai.com/gptbot)"
74.7.227.21 - - [16/Apr/2026:01:09:48 +0200] "GET /images/s/actions/5932_2.jpg HTTP/1.1" 200 6583 "https://www.afish-ka.ru/cinema/films/5932/" "Mozilla/5.0 AppleWebKit/537.36 (KHTML, like Gecko; compatible; GPTBot/1.3; +https://openai.com/gptbot)"
74.7.227.21 - - [16/Apr/2026:01:09:48 +0200] "GET /images/s/actions/5930_5.jpg HTTP/1.1" 200 6385 "https://www.afish-ka.ru/cinema/films/5930/" "Mozilla/5.0 AppleWebKit/537.36 (KHTML, like Gecko; compatible; GPTBot/1.3; +https://openai.com/gptbot)"
74.7.227.21 - - [16/Apr/2026:01:09:49 +0200] "GET /images/s/actions/5930_4.jpg HTTP/1.1" 200 7562 "https://www.afish-ka.ru/cinema/films/5930/" "Mozilla/5.0 AppleWebKit/537.36 (KHTML, like Gecko; compatible; GPTBot/1.3; +https://openai.com/gptbot)"
74.7.227.21 - - [16/Apr/2026:01:09:49 +0200] "GET /images/b/actions/5932_2.jpg HTTP/1.1" 200 50080 "https://www.afish-ka.ru/cinema/films/5932/" "Mozilla/5.0 AppleWebKit/537.36 (KHTML, like Gecko; compatible; GPTBot/1.3; +https://openai.com/gptbot)"
74.7.227.21 - - [16/Apr/2026:01:09:50 +0200] "GET /images/s/actions/5930_3.jpg HTTP/1.1" 200 6540 "https://www.afish-ka.ru/cinema/films/5930/" "Mozilla/5.0 AppleWebKit/537.36 (KHTML, like Gecko; compatible; GPTBot/1.3; +https://openai.com/gptbot)"
74.7.227.21 - - [16/Apr/2026:01:09:50 +0200] "GET /city/actions/1114/ HTTP/1.1" 200 6136 "https://www.afish-ka.ru/22-09-2010/" "Mozilla/5.0 AppleWebKit/537.36 (KHTML, like Gecko; compatible; GPTBot/1.3; +https://openai.com/gptbot)"
74.7.227.21 - - [16/Apr/2026:01:09:51 +0200] "GET /images/s/actions/5932_3.jpg HTTP/1.1" 200 6148 "https://www.afish-ka.ru/cinema/films/5932/" "Mozilla/5.0 AppleWebKit/537.36 (KHTML, like Gecko; compatible; GPTBot/1.3; +https://openai.com/gptbot)"
74.7.227.21 - - [16/Apr/2026:01:09:51 +0200] "GET /images/s/actions/5932_5.jpg HTTP/1.1" 200 5292 "https://www.afish-ka.ru/cinema/films/5932/" "Mozilla/5.0 AppleWebKit/537.36 (KHTML, like Gecko; compatible; GPTBot/1.3; +https://openai.com/gptbot)"
74.7.227.21 - - [16/Apr/2026:01:09:52 +0200] "GET /images/b/actions/5930_1.jpg HTTP/1.1" 200 38710 "https://www.afish-ka.ru/cinema/films/5930/" "Mozilla/5.0 AppleWebKit/537.36 (KHTML, like Gecko; compatible; GPTBot/1.3; +https://openai.com/gptbot)"
74.7.227.21 - - [16/Apr/2026:01:09:52 +0200] "GET /images/b/actions/5930_2.jpg HTTP/1.1" 200 68108 "https://www.afish-ka.ru/cinema/films/5930/" "Mozilla/5.0 AppleWebKit/537.36 (KHTML, like Gecko; compatible; GPTBot/1.3; +https://openai.com/gptbot)"
74.7.227.21 - - [16/Apr/2026:01:09:53 +0200] "GET /images/s/actions/5930_2.jpg HTTP/1.1" 200 7009 "https://www.afish-ka.ru/cinema/films/5930/" "Mozilla/5.0 AppleWebKit/537.36 (KHTML, like Gecko; compatible; GPTBot/1.3; +https://openai.com/gptbot)"
74.7.227.21 - - [16/Apr/2026:01:09:53 +0200] "GET /images/b/actions/5932_5.jpg HTTP/1.1" 200 31142 "https://www.afish-ka.ru/cinema/films/5932/" "Mozilla/5.0 AppleWebKit/537.36 (KHTML, like Gecko; compatible; GPTBot/1.3; +https://openai.com/gptbot)"
74.7.227.21 - - [16/Apr/2026:01:09:54 +0200] "GET /images/b/actions/5932_1.jpg HTTP/1.1" 200 35577 "https://www.afish-ka.ru/cinema/films/5932/" "Mozilla/5.0 AppleWebKit/537.36 (KHTML, like Gecko; compatible; GPTBot/1.3; +https://openai.com/gptbot)"
74.7.227.21 - - [16/Apr/2026:01:09:55 +0200] "GET /images/b/actions/5930_5.jpg HTTP/1.1" 200 82514 "https://www.afish-ka.ru/cinema/films/5930/" "Mozilla/5.0 AppleWebKit/537.36 (KHTML, like Gecko; compatible; GPTBot/1.3; +https://openai.com/gptbot)"
74.7.227.21 - - [16/Apr/2026:01:09:55 +0200] "GET /images/b/actions/5930_4.jpg HTTP/1.1" 200 93842 "https://www.afish-ka.ru/cinema/films/5930/" "Mozilla/5.0 AppleWebKit/537.36 (KHTML, like Gecko; compatible; GPTBot/1.3; +https://openai.com/gptbot)"
185.191.171.15 - - [16/Apr/2026:01:09:55 +0200] "GET /cinema/films/2171/opinions/add/?parent=22298 HTTP/1.1" 200 9521 "-" "Mozilla/5.0 (compatible; SemrushBot/7~bl; +http://www.semrush.com/bot.html)"
74.7.227.21 - - [16/Apr/2026:01:09:56 +0200] "GET /images/b/actions/5932_4.jpg HTTP/1.1" 200 55638 "https://www.afish-ka.ru/cinema/films/5932/" "Mozilla/5.0 AppleWebKit/537.36 (KHTML, like Gecko; compatible; GPTBot/1.3; +https://openai.com/gptbot)"
74.7.227.21 - - [16/Apr/2026:01:09:56 +0200] "GET /images/s/actions/1114_1.jpg HTTP/1.1" 200 9011 "https://www.afish-ka.ru/22-09-2010/" "Mozilla/5.0 AppleWebKit/537.36 (KHTML, like Gecko; compatible; GPTBot/1.3; +https://openai.com/gptbot)"
116.179.32.115 - - [16/Apr/2026:01:09:56 +0200] "GET /images/s/actions/807_1.jpg HTTP/1.1" 200 10899 "-" "Baiduspider-image+(+http://www.baidu.com/search/spider.htm)"
74.7.227.21 - - [16/Apr/2026:01:09:57 +0200] "GET /images/b/actions/1114_1.jpg HTTP/1.1" 200 106063 "https://www.afish-ka.ru/city/actions/1114/" "Mozilla/5.0 AppleWebKit/537.36 (KHTML, like Gecko; compatible; GPTBot/1.3; +https://openai.com/gptbot)"
74.7.227.21 - - [16/Apr/2026:01:09:57 +0200] "GET /images/b/posters/5930.jpg HTTP/1.1" 200 35195 "https://www.afish-ka.ru/cinema/films/5930/" "Mozilla/5.0 AppleWebKit/537.36 (KHTML, like Gecko; compatible; GPTBot/1.3; +https://openai.com/gptbot)"
74.7.227.21 - - [16/Apr/2026:01:09:58 +0200] "GET /images/s/posters/5932.jpg HTTP/1.1" 200 14694 "https://www.afish-ka.ru/cinema/films/5932/" "Mozilla/5.0 AppleWebKit/537.36 (KHTML, like Gecko; compatible; GPTBot/1.3; +https://openai.com/gptbot)"
74.7.227.21 - - [16/Apr/2026:01:09:58 +0200] "GET /images/s/posters/5930.jpg HTTP/1.1" 200 8679 "https://www.afish-ka.ru/cinema/films/5930/" "Mozilla/5.0 AppleWebKit/537.36 (KHTML, like Gecko; compatible; GPTBot/1.3; +https://openai.com/gptbot)"
185.191.171.15 - - [16/Apr/2026:01:09:58 +0200] "GET /links.php?go=https%3A%2F%2Fhelp.forumotion.com%2Ft157865-favorite-games%3Fhighlight%3Dgames%2F HTTP/1.1" 200 9577 "-" "Mozilla/5.0 (compatible; SemrushBot/7~bl; +http://www.semrush.com/bot.html)"
74.7.227.21 - - [16/Apr/2026:01:09:59 +0200] "GET /images/b/posters/5932.jpg HTTP/1.1" 200 81404 "https://www.afish-ka.ru/cinema/films/5932/" "Mozilla/5.0 AppleWebKit/537.36 (KHTML, like Gecko; compatible; GPTBot/1.3; +https://openai.com/gptbot)"
74.7.227.21 - - [16/Apr/2026:01:09:59 +0200] "GET /city/actions/1114/opinions/ HTTP/1.1" 200 5659 "https://www.afish-ka.ru/22-09-2010/" "Mozilla/5.0 AppleWebKit/537.36 (KHTML, like Gecko; compatible; GPTBot/1.3; +https://openai.com/gptbot)"
74.7.227.21 - - [16/Apr/2026:01:10:00 +0200] "GET /cinema/films/1557/ HTTP/1.1" 200 6871 "https://www.afish-ka.ru/24-04-2011/" "Mozilla/5.0 AppleWebKit/537.36 (KHTML, like Gecko; compatible; GPTBot/1.3; +https://openai.com/gptbot)"
74.7.227.21 - - [16/Apr/2026:01:10:00 +0200] "GET /11-02-2020/ HTTP/1.1" 200 11091 "https://www.afish-ka.ru/05-02-2020/" "Mozilla/5.0 AppleWebKit/537.36 (KHTML, like Gecko; compatible; GPTBot/1.3; +https://openai.com/gptbot)"
74.7.227.21 - - [16/Apr/2026:01:10:01 +0200] "GET /18-12-2012/ HTTP/1.1" 200 9744 "https://www.afish-ka.ru/06-01-2013/" "Mozilla/5.0 AppleWebKit/537.36 (KHTML, like Gecko; compatible; GPTBot/1.3; +https://openai.com/gptbot)"
74.7.227.21 - - [16/Apr/2026:01:10:02 +0200] "GET /02-03-2021/ HTTP/1.1" 200 9905 "https://www.afish-ka.ru/14-03-2021/" "Mozilla/5.0 AppleWebKit/537.36 (KHTML, like Gecko; compatible; GPTBot/1.3; +https://openai.com/gptbot)"
74.7.227.21 - - [16/Apr/2026:01:10:03 +0200] "GET /21-10-2013/ HTTP/1.1" 200 8175 "https://www.afish-ka.ru/25-11-2013/" "Mozilla/5.0 AppleWebKit/537.36 (KHTML, like Gecko; compatible; GPTBot/1.3; +https://openai.com/gptbot)"
74.7.227.21 - - [16/Apr/2026:01:10:04 +0200] "GET /04-02-2021/ HTTP/1.1" 200 11534 "https://www.afish-ka.ru/cinema/films/5761/" "Mozilla/5.0 AppleWebKit/537.36 (KHTML, like Gecko; compatible; GPTBot/1.3; +https://openai.com/gptbot)"
114.119.153.106 - - [16/Apr/2026:01:10:04 +0200] "GET /31-03-2019/ HTTP/1.1" 200 13421 "https://www.afish-ka.ru/11-03-2019" "Mozilla/5.0 (Linux; Android 7.0;) AppleWebKit/537.36 (KHTML, like Gecko) Mobile Safari/537.36 (compatible; PetalBot;+https://webmaster.petalsearch.com/site/petalbot)"
74.7.227.21 - - [16/Apr/2026:01:10:04 +0200] "GET /15-10-2021/ HTTP/1.1" 200 8500 "https://www.afish-ka.ru/28-09-2021/" "Mozilla/5.0 AppleWebKit/537.36 (KHTML, like Gecko; compatible; GPTBot/1.3; +https://openai.com/gptbot)"
74.7.227.21 - - [16/Apr/2026:01:10:05 +0200] "GET /05-01-2011/ HTTP/1.1" 200 8196 "https://www.afish-ka.ru/23-01-2011/" "Mozilla/5.0 AppleWebKit/537.36 (KHTML, like Gecko; compatible; GPTBot/1.3; +https://openai.com/gptbot)"
74.7.227.21 - - [16/Apr/2026:01:10:05 +0200] "GET /17-10-2011/ HTTP/1.1" 200 8320 "https://www.afish-ka.ru/03-10-2011/" "Mozilla/5.0 AppleWebKit/537.36 (KHTML, like Gecko; compatible; GPTBot/1.3; +https://openai.com/gptbot)"
74.7.227.21 - - [16/Apr/2026:01:10:06 +0200] "GET /09-03-2006/ HTTP/1.1" 200 7064 "https://www.afish-ka.ru/25-03-2006/" "Mozilla/5.0 AppleWebKit/537.36 (KHTML, like Gecko; compatible; GPTBot/1.3; +https://openai.com/gptbot)"
74.7.227.21 - - [16/Apr/2026:01:10:07 +0200] "GET /13-03-2010/ HTTP/1.1" 200 8894 "https://www.afish-ka.ru/17-04-2010/" "Mozilla/5.0 AppleWebKit/537.36 (KHTML, like Gecko; compatible; GPTBot/1.3; +https://openai.com/gptbot)"
74.7.227.21 - - [16/Apr/2026:01:10:07 +0200] "GET /08-01-2010/ HTTP/1.1" 200 7987 "https://www.afish-ka.ru/21-01-2010/" "Mozilla/5.0 AppleWebKit/537.36 (KHTML, like Gecko; compatible; GPTBot/1.3; +https://openai.com/gptbot)"
74.7.227.21 - - [16/Apr/2026:01:10:08 +0200] "GET /cinema/films/5598/ HTTP/1.1" 200 10507 "https://www.afish-ka.ru/11-02-2020/" "Mozilla/5.0 AppleWebKit/537.36 (KHTML, like Gecko; compatible; GPTBot/1.3; +https://openai.com/gptbot)"
74.7.227.21 - - [16/Apr/2026:01:10:09 +0200] "GET /05-07-2007/ HTTP/1.1" 200 6590 "https://www.afish-ka.ru/15-07-2007/" "Mozilla/5.0 AppleWebKit/537.36 (KHTML, like Gecko; compatible; GPTBot/1.3; +https://openai.com/gptbot)"
74.7.227.21 - - [16/Apr/2026:01:10:09 +0200] "GET /19-12-2011/ HTTP/1.1" 200 7873 "https://www.afish-ka.ru/28-12-2011/" "Mozilla/5.0 AppleWebKit/537.36 (KHTML, like Gecko; compatible; GPTBot/1.3; +https://openai.com/gptbot)"
74.7.227.21 - - [16/Apr/2026:01:10:10 +0200] "GET /21-12-2015/ HTTP/1.1" 200 9301 "https://www.afish-ka.ru/09-01-2016/" "Mozilla/5.0 AppleWebKit/537.36 (KHTML, like Gecko; compatible; GPTBot/1.3; +https://openai.com/gptbot)"
74.7.227.21 - - [16/Apr/2026:01:10:11 +0200] "GET /cinema/films/5778/ HTTP/1.1" 200 6719 "https://www.afish-ka.ru/04-02-2021/" "Mozilla/5.0 AppleWebKit/537.36 (KHTML, like Gecko; compatible; GPTBot/1.3; +https://openai.com/gptbot)"
13.59.255.17 - - [16/Apr/2026:01:10:12 +0200] "GET /robots.txt HTTP/1.1" 200 4313 "-" "Mozilla/5.0 (Macintosh; Intel Mac OS X 10_15_7) AppleWebKit/537.36 (KHTML, like Gecko) Chrome/131.0.0.0 Safari/537.36; ClaudeBot/1.0; +claudebot@anthropic.com)"
74.7.227.21 - - [16/Apr/2026:01:10:12 +0200] "GET /cinema/films/5765/ HTTP/1.1" 200 6640 "https://www.afish-ka.ru/04-02-2021/" "Mozilla/5.0 AppleWebKit/537.36 (KHTML, like Gecko; compatible; GPTBot/1.3; +https://openai.com/gptbot)"
13.59.255.17 - - [16/Apr/2026:01:10:12 +0200] "GET /night_club/parties/2793/opinions/ HTTP/1.1" 200 9382 "-" "Mozilla/5.0 (Macintosh; Intel Mac OS X 10_15_7) AppleWebKit/537.36 (KHTML, like Gecko) Chrome/131.0.0.0 Safari/537.36; ClaudeBot/1.0; +claudebot@anthropic.com)"
13.59.255.17 - - [16/Apr/2026:01:10:13 +0200] "GET /i/style.css HTTP/1.1" 200 1001 "https://www.afish-ka.ru/night_club/parties/2793/opinions/" "Mozilla/5.0 (Macintosh; Intel Mac OS X 10_15_7) AppleWebKit/537.36 (KHTML, like Gecko) Chrome/131.0.0.0 Safari/537.36; ClaudeBot/1.0; +claudebot@anthropic.com)"
74.7.227.21 - - [16/Apr/2026:01:10:12 +0200] "GET /12-05-2021/ HTTP/1.1" 200 10957 "https://www.afish-ka.ru/17-05-2021/" "Mozilla/5.0 AppleWebKit/537.36 (KHTML, like Gecko; compatible; GPTBot/1.3; +https://openai.com/gptbot)"
13.59.255.17 - - [16/Apr/2026:01:10:13 +0200] "GET /i/mba/css/mba.css HTTP/1.1" 200 1384 "https://www.afish-ka.ru/night_club/parties/2793/opinions/" "Mozilla/5.0 (Macintosh; Intel Mac OS X 10_15_7) AppleWebKit/537.36 (KHTML, like Gecko) Chrome/131.0.0.0 Safari/537.36; ClaudeBot/1.0; +claudebot@anthropic.com)"
13.59.255.17 - - [16/Apr/2026:01:10:13 +0200] "GET /i/mba/js/mba.js HTTP/1.1" 200 10688 "https://www.afish-ka.ru/night_club/parties/2793/opinions/" "Mozilla/5.0 (Macintosh; Intel Mac OS X 10_15_7) AppleWebKit/537.36 (KHTML, like Gecko) Chrome/131.0.0.0 Safari/537.36; ClaudeBot/1.0; +claudebot@anthropic.com)"
13.59.255.17 - - [16/Apr/2026:01:10:13 +0200] "GET /i/mootools.js HTTP/1.1" 200 23048 "https://www.afish-ka.ru/night_club/parties/2793/opinions/" "Mozilla/5.0 (Macintosh; Intel Mac OS X 10_15_7) AppleWebKit/537.36 (KHTML, like Gecko) Chrome/131.0.0.0 Safari/537.36; ClaudeBot/1.0; +claudebot@anthropic.com)"
13.59.255.17 - - [16/Apr/2026:01:10:13 +0200] "GET /i/logo.gif HTTP/1.1" 200 5760 "https://www.afish-ka.ru/night_club/parties/2793/opinions/" "Mozilla/5.0 (Macintosh; Intel Mac OS X 10_15_7) AppleWebKit/537.36 (KHTML, like Gecko) Chrome/131.0.0.0 Safari/537.36; ClaudeBot/1.0; +claudebot@anthropic.com)"
13.59.255.17 - - [16/Apr/2026:01:10:13 +0200] "GET /i/empty.gif HTTP/1.1" 200 401 "https://www.afish-ka.ru/night_club/parties/2793/opinions/" "Mozilla/5.0 (Macintosh; Intel Mac OS X 10_15_7) AppleWebKit/537.36 (KHTML, like Gecko) Chrome/131.0.0.0 Safari/537.36; ClaudeBot/1.0; +claudebot@anthropic.com)"
74.7.227.21 - - [16/Apr/2026:01:10:13 +0200] "GET /11-07-2010/ HTTP/1.1" 200 7618 "https://www.afish-ka.ru/19-07-2010/" "Mozilla/5.0 AppleWebKit/537.36 (KHTML, like Gecko; compatible; GPTBot/1.3; +https://openai.com/gptbot)"
74.7.227.21 - - [16/Apr/2026:01:10:14 +0200] "GET /21-10-2012/ HTTP/1.1" 200 10308 "https://www.afish-ka.ru/16-09-2012/" "Mozilla/5.0 AppleWebKit/537.36 (KHTML, like Gecko; compatible; GPTBot/1.3; +https://openai.com/gptbot)"
74.7.227.21 - - [16/Apr/2026:01:10:15 +0200] "GET /images/s/actions/930_1.jpg HTTP/1.1" 200 7527 "https://www.afish-ka.ru/13-03-2010/" "Mozilla/5.0 AppleWebKit/537.36 (KHTML, like Gecko; compatible; GPTBot/1.3; +https://openai.com/gptbot)"
74.7.227.21 - - [16/Apr/2026:01:10:16 +0200] "GET /03-11-2013/ HTTP/1.1" 200 8909 "https://www.afish-ka.ru/08-12-2013/" "Mozilla/5.0 AppleWebKit/537.36 (KHTML, like Gecko; compatible; GPTBot/1.3; +https://openai.com/gptbot)"
74.7.227.21 - - [16/Apr/2026:01:10:17 +0200] "GET /images/b/actions/5598_5.jpg HTTP/1.1" 200 55209 "https://www.afish-ka.ru/cinema/films/5598/" "Mozilla/5.0 AppleWebKit/537.36 (KHTML, like Gecko; compatible; GPTBot/1.3; +https://openai.com/gptbot)"
74.7.227.21 - - [16/Apr/2026:01:10:18 +0200] "GET /images/b/actions/5598_2.jpg HTTP/1.1" 200 107861 "https://www.afish-ka.ru/cinema/films/5598/" "Mozilla/5.0 AppleWebKit/537.36 (KHTML, like Gecko; compatible; GPTBot/1.3; +https://openai.com/gptbot)"
74.7.227.21 - - [16/Apr/2026:01:10:18 +0200] "GET /images/b/actions/5598_1.jpg HTTP/1.1" 200 32003 "https://www.afish-ka.ru/cinema/films/5598/" "Mozilla/5.0 AppleWebKit/537.36 (KHTML, like Gecko; compatible; GPTBot/1.3; +https://openai.com/gptbot)"
74.7.227.21 - - [16/Apr/2026:01:10:19 +0200] "GET /images/s/actions/5598_4.jpg HTTP/1.1" 200 7301 "https://www.afish-ka.ru/cinema/films/5598/" "Mozilla/5.0 AppleWebKit/537.36 (KHTML, like Gecko; compatible; GPTBot/1.3; +https://openai.com/gptbot)"
74.7.227.21 - - [16/Apr/2026:01:10:19 +0200] "GET /images/b/actions/5778_2.jpg HTTP/1.1" 200 61633 "https://www.afish-ka.ru/cinema/films/5778/" "Mozilla/5.0 AppleWebKit/537.36 (KHTML, like Gecko; compatible; GPTBot/1.3; +https://openai.com/gptbot)"
74.7.227.21 - - [16/Apr/2026:01:10:20 +0200] "GET /images/b/actions/5765_3.jpg HTTP/1.1" 200 64768 "https://www.afish-ka.ru/cinema/films/5765/" "Mozilla/5.0 AppleWebKit/537.36 (KHTML, like Gecko; compatible; GPTBot/1.3; +https://openai.com/gptbot)"
74.7.227.21 - - [16/Apr/2026:01:10:20 +0200] "GET /images/b/actions/5765_1.jpg HTTP/1.1" 200 81702 "https://www.afish-ka.ru/cinema/films/5765/" "Mozilla/5.0 AppleWebKit/537.36 (KHTML, like Gecko; compatible; GPTBot/1.3; +https://openai.com/gptbot)"
74.7.227.21 - - [16/Apr/2026:01:10:21 +0200] "GET /images/s/actions/5778_3.jpg HTTP/1.1" 200 4316 "https://www.afish-ka.ru/cinema/films/5778/" "Mozilla/5.0 AppleWebKit/537.36 (KHTML, like Gecko; compatible; GPTBot/1.3; +https://openai.com/gptbot)"
74.7.227.21 - - [16/Apr/2026:01:10:21 +0200] "GET /theater/actions/2241/opinions/add/ HTTP/1.1" 200 5797 "https://www.afish-ka.ru/21-10-2012/" "Mozilla/5.0 AppleWebKit/537.36 (KHTML, like Gecko; compatible; GPTBot/1.3; +https://openai.com/gptbot)"
74.7.227.21 - - [16/Apr/2026:01:10:22 +0200] "GET /images/b/actions/5765_2.jpg HTTP/1.1" 200 71130 "https://www.afish-ka.ru/cinema/films/5765/" "Mozilla/5.0 AppleWebKit/537.36 (KHTML, like Gecko; compatible; GPTBot/1.3; +https://openai.com/gptbot)"
74.7.227.21 - - [16/Apr/2026:01:10:22 +0200] "GET /images/s/actions/5778_2.jpg HTTP/1.1" 200 6599 "https://www.afish-ka.ru/cinema/films/5778/" "Mozilla/5.0 AppleWebKit/537.36 (KHTML, like Gecko; compatible; GPTBot/1.3; +https://openai.com/gptbot)"
74.7.227.21 - - [16/Apr/2026:01:10:23 +0200] "GET /images/b/actions/5778_4.jpg HTTP/1.1" 200 118414 "https://www.afish-ka.ru/cinema/films/5778/" "Mozilla/5.0 AppleWebKit/537.36 (KHTML, like Gecko; compatible; GPTBot/1.3; +https://openai.com/gptbot)"
74.7.227.21 - - [16/Apr/2026:01:10:23 +0200] "GET /images/b/actions/5765_5.jpg HTTP/1.1" 200 106986 "https://www.afish-ka.ru/cinema/films/5765/" "Mozilla/5.0 AppleWebKit/537.36 (KHTML, like Gecko; compatible; GPTBot/1.3; +https://openai.com/gptbot)"
74.7.227.21 - - [16/Apr/2026:01:10:24 +0200] "GET /images/s/actions/2248_1.jpg HTTP/1.1" 200 6387 "https://www.afish-ka.ru/21-10-2012/" "Mozilla/5.0 AppleWebKit/537.36 (KHTML, like Gecko; compatible; GPTBot/1.3; +https://openai.com/gptbot)"
74.7.227.21 - - [16/Apr/2026:01:10:24 +0200] "GET /images/s/actions/5765_4.jpg HTTP/1.1" 200 6496 "https://www.afish-ka.ru/cinema/films/5765/" "Mozilla/5.0 AppleWebKit/537.36 (KHTML, like Gecko; compatible; GPTBot/1.3; +https://openai.com/gptbot)"
74.7.227.21 - - [16/Apr/2026:01:10:25 +0200] "GET /images/s/actions/5765_2.jpg HTTP/1.1" 200 7781 "https://www.afish-ka.ru/cinema/films/5765/" "Mozilla/5.0 AppleWebKit/537.36 (KHTML, like Gecko; compatible; GPTBot/1.3; +https://openai.com/gptbot)"
185.191.171.18 - - [16/Apr/2026:01:10:25 +0200] "GET /01-09-2018/ HTTP/1.1" 200 15121 "-" "Mozilla/5.0 (compatible; SemrushBot/7~bl; +http://www.semrush.com/bot.html)"
74.7.227.21 - - [16/Apr/2026:01:10:25 +0200] "GET /images/s/actions/5778_4.jpg HTTP/1.1" 200 9199 "https://www.afish-ka.ru/cinema/films/5778/" "Mozilla/5.0 AppleWebKit/537.36 (KHTML, like Gecko; compatible; GPTBot/1.3; +https://openai.com/gptbot)"
74.7.227.21 - - [16/Apr/2026:01:10:26 +0200] "GET /images/s/actions/5598_2.jpg HTTP/1.1" 200 8087 "https://www.afish-ka.ru/cinema/films/5598/" "Mozilla/5.0 AppleWebKit/537.36 (KHTML, like Gecko; compatible; GPTBot/1.3; +https://openai.com/gptbot)"
74.7.227.21 - - [16/Apr/2026:01:10:26 +0200] "GET /images/b/actions/5765_4.jpg HTTP/1.1" 200 44268 "https://www.afish-ka.ru/cinema/films/5765/" "Mozilla/5.0 AppleWebKit/537.36 (KHTML, like Gecko; compatible; GPTBot/1.3; +https://openai.com/gptbot)"
43.163.116.56 - - [16/Apr/2026:01:10:26 +0200] "GET /cinema/films/758/opinions/cinema/cinema/films/758/opinions/add/?parent=6450 HTTP/1.1" 200 6407 "-" "Mozilla/5.0 (Windows NT 10.0; Win64; x64) AppleWebKit/537.36 (KHTML, like Gecko) Chrome/142.0.0.0 Safari/537.36"
74.7.227.21 - - [16/Apr/2026:01:10:27 +0200] "GET /images/b/actions/5598_3.jpg HTTP/1.1" 200 25629 "https://www.afish-ka.ru/cinema/films/5598/" "Mozilla/5.0 AppleWebKit/537.36 (KHTML, like Gecko; compatible; GPTBot/1.3; +https://openai.com/gptbot)"
74.7.227.21 - - [16/Apr/2026:01:10:28 +0200] "GET /images/s/actions/5765_3.jpg HTTP/1.1" 200 7538 "https://www.afish-ka.ru/cinema/films/5765/" "Mozilla/5.0 AppleWebKit/537.36 (KHTML, like Gecko; compatible; GPTBot/1.3; +https://openai.com/gptbot)"
74.7.227.21 - - [16/Apr/2026:01:10:28 +0200] "GET /images/b/actions/5778_3.jpg HTTP/1.1" 200 33952 "https://www.afish-ka.ru/cinema/films/5778/" "Mozilla/5.0 AppleWebKit/537.36 (KHTML, like Gecko; compatible; GPTBot/1.3; +https://openai.com/gptbot)"
43.163.116.56 - - [16/Apr/2026:01:10:28 +0200] "GET /i/mba/js/mba.js HTTP/1.1" 200 13886 "http://www.afish-ka.ru/" "Mozilla/5.0 (Windows NT 10.0; Win64; x64) AppleWebKit/537.36 (KHTML, like Gecko) Chrome/142.0.0.0 Safari/537.36"
74.7.227.21 - - [16/Apr/2026:01:10:29 +0200] "GET /images/s/actions/5598_3.jpg HTTP/1.1" 200 4561 "https://www.afish-ka.ru/cinema/films/5598/" "Mozilla/5.0 AppleWebKit/537.36 (KHTML, like Gecko; compatible; GPTBot/1.3; +https://openai.com/gptbot)"
74.7.227.21 - - [16/Apr/2026:01:10:29 +0200] "GET /images/b/actions/5598_4.jpg HTTP/1.1" 200 86934 "https://www.afish-ka.ru/cinema/films/5598/" "Mozilla/5.0 AppleWebKit/537.36 (KHTML, like Gecko; compatible; GPTBot/1.3; +https://openai.com/gptbot)"
74.7.227.21 - - [16/Apr/2026:01:10:30 +0200] "GET /images/b/actions/5778_1.jpg HTTP/1.1" 200 24927 "https://www.afish-ka.ru/cinema/films/5778/" "Mozilla/5.0 AppleWebKit/537.36 (KHTML, like Gecko; compatible; GPTBot/1.3; +https://openai.com/gptbot)"
74.7.227.21 - - [16/Apr/2026:01:10:30 +0200] "GET /images/b/actions/5778_5.jpg HTTP/1.1" 200 62248 "https://www.afish-ka.ru/cinema/films/5778/" "Mozilla/5.0 AppleWebKit/537.36 (KHTML, like Gecko; compatible; GPTBot/1.3; +https://openai.com/gptbot)"
74.7.227.21 - - [16/Apr/2026:01:10:31 +0200] "GET /images/s/actions/5778_5.jpg HTTP/1.1" 200 6354 "https://www.afish-ka.ru/cinema/films/5778/" "Mozilla/5.0 AppleWebKit/537.36 (KHTML, like Gecko; compatible; GPTBot/1.3; +https://openai.com/gptbot)"
74.7.227.21 - - [16/Apr/2026:01:10:31 +0200] "GET /images/s/actions/5765_5.jpg HTTP/1.1" 200 8662 "https://www.afish-ka.ru/cinema/films/5765/" "Mozilla/5.0 AppleWebKit/537.36 (KHTML, like Gecko; compatible; GPTBot/1.3; +https://openai.com/gptbot)"
74.7.227.21 - - [16/Apr/2026:01:10:32 +0200] "GET /images/s/actions/5598_5.jpg HTTP/1.1" 200 7661 "https://www.afish-ka.ru/cinema/films/5598/" "Mozilla/5.0 AppleWebKit/537.36 (KHTML, like Gecko; compatible; GPTBot/1.3; +https://openai.com/gptbot)"
74.7.227.21 - - [16/Apr/2026:01:10:32 +0200] "GET /images/s/posters/5778.jpg HTTP/1.1" 200 14809 "https://www.afish-ka.ru/cinema/films/5778/" "Mozilla/5.0 AppleWebKit/537.36 (KHTML, like Gecko; compatible; GPTBot/1.3; +https://openai.com/gptbot)"
74.7.227.21 - - [16/Apr/2026:01:10:33 +0200] "GET /images/s/posters/5765.jpg HTTP/1.1" 200 16359 "https://www.afish-ka.ru/cinema/films/5765/" "Mozilla/5.0 AppleWebKit/537.36 (KHTML, like Gecko; compatible; GPTBot/1.3; +https://openai.com/gptbot)"
74.7.227.21 - - [16/Apr/2026:01:10:33 +0200] "GET /images/b/posters/5778.jpg HTTP/1.1" 200 60915 "https://www.afish-ka.ru/cinema/films/5778/" "Mozilla/5.0 AppleWebKit/537.36 (KHTML, like Gecko; compatible; GPTBot/1.3; +https://openai.com/gptbot)"
74.7.227.21 - - [16/Apr/2026:01:10:34 +0200] "GET /images/b/posters/5598.jpg HTTP/1.1" 200 44367 "https://www.afish-ka.ru/cinema/films/5598/" "Mozilla/5.0 AppleWebKit/537.36 (KHTML, like Gecko; compatible; GPTBot/1.3; +https://openai.com/gptbot)"
5.39.109.184 - - [16/Apr/2026:01:10:34 +0200] "GET /cinema/films/1914/opinions/ HTTP/1.1" 200 9316 "-" "Mozilla/5.0 (compatible; AhrefsBot/7.0; +http://ahrefs.com/robot/)"
74.7.227.21 - - [16/Apr/2026:01:10:34 +0200] "GET /images/s/posters/5598.jpg HTTP/1.1" 200 10064 "https://www.afish-ka.ru/cinema/films/5598/" "Mozilla/5.0 AppleWebKit/537.36 (KHTML, like Gecko; compatible; GPTBot/1.3; +https://openai.com/gptbot)"
74.7.227.21 - - [16/Apr/2026:01:10:35 +0200] "GET /images/b/posters/5765.jpg HTTP/1.1" 200 94469 "https://www.afish-ka.ru/cinema/films/5765/" "Mozilla/5.0 AppleWebKit/537.36 (KHTML, like Gecko; compatible; GPTBot/1.3; +https://openai.com/gptbot)"
74.7.227.21 - - [16/Apr/2026:01:10:35 +0200] "GET /theater/actions/2241/ HTTP/1.1" 200 6455 "https://www.afish-ka.ru/21-10-2012/" "Mozilla/5.0 AppleWebKit/537.36 (KHTML, like Gecko; compatible; GPTBot/1.3; +https://openai.com/gptbot)"
74.7.227.21 - - [16/Apr/2026:01:10:36 +0200] "GET /08-02-2009/ HTTP/1.1" 200 7783 "https://www.afish-ka.ru/15-03-2009/" "Mozilla/5.0 AppleWebKit/537.36 (KHTML, like Gecko; compatible; GPTBot/1.3; +https://openai.com/gptbot)"
74.7.227.21 - - [16/Apr/2026:01:10:37 +0200] "GET /23-08-2008/ HTTP/1.1" 200 6885 "https://www.afish-ka.ru/27-09-2008/" "Mozilla/5.0 AppleWebKit/537.36 (KHTML, like Gecko; compatible; GPTBot/1.3; +https://openai.com/gptbot)"
74.7.227.21 - - [16/Apr/2026:01:10:37 +0200] "GET /09-01-2006/ HTTP/1.1" 404 413 "https://www.afish-ka.ru/13-02-2006/" "Mozilla/5.0 AppleWebKit/537.36 (KHTML, like Gecko; compatible; GPTBot/1.3; +https://openai.com/gptbot)"
74.7.227.21 - - [16/Apr/2026:01:10:38 +0200] "GET /08-04-2008/ HTTP/1.1" 200 11444 "https://www.afish-ka.ru/13-05-2008/" "Mozilla/5.0 AppleWebKit/537.36 (KHTML, like Gecko; compatible; GPTBot/1.3; +https://openai.com/gptbot)"
74.7.227.21 - - [16/Apr/2026:01:10:39 +0200] "GET /02-06-2012/ HTTP/1.1" 200 7828 "https://www.afish-ka.ru/16-05-2012/" "Mozilla/5.0 AppleWebKit/537.36 (KHTML, like Gecko; compatible; GPTBot/1.3; +https://openai.com/gptbot)"
74.7.227.21 - - [16/Apr/2026:01:10:39 +0200] "GET /19-11-2018/ HTTP/1.1" 200 11886 "https://www.afish-ka.ru/06-11-2018/" "Mozilla/5.0 AppleWebKit/537.36 (KHTML, like Gecko; compatible; GPTBot/1.3; +https://openai.com/gptbot)"
74.7.227.21 - - [16/Apr/2026:01:10:40 +0200] "GET /15-12-2005/ HTTP/1.1" 404 413 "https://www.afish-ka.ru/19-01-2006/" "Mozilla/5.0 AppleWebKit/537.36 (KHTML, like Gecko; compatible; GPTBot/1.3; +https://openai.com/gptbot)"
74.7.227.21 - - [16/Apr/2026:01:10:41 +0200] "GET /04-01-2007/ HTTP/1.1" 200 9928 "https://www.afish-ka.ru/14-01-2007/" "Mozilla/5.0 AppleWebKit/537.36 (KHTML, like Gecko; compatible; GPTBot/1.3; +https://openai.com/gptbot)"
74.7.227.21 - - [16/Apr/2026:01:10:41 +0200] "GET /03-02-2012/ HTTP/1.1" 200 9289 "https://www.afish-ka.ru/30-12-2011/" "Mozilla/5.0 AppleWebKit/537.36 (KHTML, like Gecko; compatible; GPTBot/1.3; +https://openai.com/gptbot)"
74.7.227.21 - - [16/Apr/2026:01:10:42 +0200] "GET /01-06-2012/ HTTP/1.1" 200 7553 "https://www.afish-ka.ru/16-05-2012/" "Mozilla/5.0 AppleWebKit/537.36 (KHTML, like Gecko; compatible; GPTBot/1.3; +https://openai.com/gptbot)"
74.7.227.21 - - [16/Apr/2026:01:10:42 +0200] "GET /28-10-2012/ HTTP/1.1" 200 9038 "https://www.afish-ka.ru/23-09-2012/" "Mozilla/5.0 AppleWebKit/537.36 (KHTML, like Gecko; compatible; GPTBot/1.3; +https://openai.com/gptbot)"
74.7.227.21 - - [16/Apr/2026:01:10:44 +0200] "GET /12-11-2007/ HTTP/1.1" 200 6465 "https://www.afish-ka.ru/30-11-2007/" "Mozilla/5.0 AppleWebKit/537.36 (KHTML, like Gecko; compatible; GPTBot/1.3; +https://openai.com/gptbot)"
74.7.227.21 - - [16/Apr/2026:01:10:44 +0200] "GET /images/s/actions/2311_1.jpg HTTP/1.1" 200 8889 "https://www.afish-ka.ru/28-10-2012/" "Mozilla/5.0 AppleWebKit/537.36 (KHTML, like Gecko; compatible; GPTBot/1.3; +https://openai.com/gptbot)"
74.7.227.21 - - [16/Apr/2026:01:10:45 +0200] "GET /04-02-2007/ HTTP/1.1" 200 7493 "https://www.afish-ka.ru/11-03-2007/" "Mozilla/5.0 AppleWebKit/537.36 (KHTML, like Gecko; compatible; GPTBot/1.3; +https://openai.com/gptbot)"
74.7.227.21 - - [16/Apr/2026:01:10:45 +0200] "GET /10-02-2014/ HTTP/1.1" 200 8428 "https://www.afish-ka.ru/26-02-2014/" "Mozilla/5.0 AppleWebKit/537.36 (KHTML, like Gecko; compatible; GPTBot/1.3; +https://openai.com/gptbot)"
74.7.227.21 - - [16/Apr/2026:01:10:46 +0200] "GET /25-10-2010/ HTTP/1.1" 200 8766 "https://www.afish-ka.ru/28-10-2010/" "Mozilla/5.0 AppleWebKit/537.36 (KHTML, like Gecko; compatible; GPTBot/1.3; +https://openai.com/gptbot)"
74.7.227.21 - - [16/Apr/2026:01:10:47 +0200] "GET /images/s/actions/2083_1.jpg HTTP/1.1" 200 6392 "https://www.afish-ka.ru/02-06-2012/" "Mozilla/5.0 AppleWebKit/537.36 (KHTML, like Gecko; compatible; GPTBot/1.3; +https://openai.com/gptbot)"
74.7.227.21 - - [16/Apr/2026:01:10:47 +0200] "GET /images/s/actions/2099_1.jpg HTTP/1.1" 200 5681 "https://www.afish-ka.ru/02-06-2012/" "Mozilla/5.0 AppleWebKit/537.36 (KHTML, like Gecko; compatible; GPTBot/1.3; +https://openai.com/gptbot)"
74.7.227.21 - - [16/Apr/2026:01:10:48 +0200] "GET /cafe/actions/2083/ HTTP/1.1" 200 6782 "https://www.afish-ka.ru/02-06-2012/" "Mozilla/5.0 AppleWebKit/537.36 (KHTML, like Gecko; compatible; GPTBot/1.3; +https://openai.com/gptbot)"
74.7.227.21 - - [16/Apr/2026:01:10:48 +0200] "GET /29-11-2010/ HTTP/1.1" 200 8533 "https://www.afish-ka.ru/23-11-2010/" "Mozilla/5.0 AppleWebKit/537.36 (KHTML, like Gecko; compatible; GPTBot/1.3; +https://openai.com/gptbot)"
74.7.227.21 - - [16/Apr/2026:01:10:49 +0200] "GET /images/s/actions/1902_1.jpg HTTP/1.1" 200 5521 "https://www.afish-ka.ru/03-02-2012/" "Mozilla/5.0 AppleWebKit/537.36 (KHTML, like Gecko; compatible; GPTBot/1.3; +https://openai.com/gptbot)"
74.7.227.21 - - [16/Apr/2026:01:10:50 +0200] "GET /images/s/actions/2104_1.jpg HTTP/1.1" 200 6484 "https://www.afish-ka.ru/01-06-2012/" "Mozilla/5.0 AppleWebKit/537.36 (KHTML, like Gecko; compatible; GPTBot/1.3; +https://openai.com/gptbot)"
74.7.227.21 - - [16/Apr/2026:01:10:50 +0200] "GET /images/s/actions/2098_1.jpg HTTP/1.1" 200 8153 "https://www.afish-ka.ru/01-06-2012/" "Mozilla/5.0 AppleWebKit/537.36 (KHTML, like Gecko; compatible; GPTBot/1.3; +https://openai.com/gptbot)"
74.7.227.21 - - [16/Apr/2026:01:10:51 +0200] "GET /images/s/actions/2095_1.jpg HTTP/1.1" 200 7087 "https://www.afish-ka.ru/01-06-2012/" "Mozilla/5.0 AppleWebKit/537.36 (KHTML, like Gecko; compatible; GPTBot/1.3; +https://openai.com/gptbot)"
74.7.227.21 - - [16/Apr/2026:01:10:51 +0200] "GET /images/s/actions/2311_1.jpg HTTP/1.1" 200 8889 "https://www.afish-ka.ru/28-10-2012/" "Mozilla/5.0 AppleWebKit/537.36 (KHTML, like Gecko; compatible; GPTBot/1.3; +https://openai.com/gptbot)"
74.7.227.21 - - [16/Apr/2026:01:10:52 +0200] "GET /cafe/actions/2104/ HTTP/1.1" 200 6244 "https://www.afish-ka.ru/01-06-2012/" "Mozilla/5.0 AppleWebKit/537.36 (KHTML, like Gecko; compatible; GPTBot/1.3; +https://openai.com/gptbot)"
89.223.53.7 - - [16/Apr/2026:01:10:52 +0200] "GET / HTTP/1.1" 301 568 "-" "Wget/1.25.0"
74.7.227.21 - - [16/Apr/2026:01:10:52 +0200] "GET /cafe/actions/2095/ HTTP/1.1" 200 6631 "https://www.afish-ka.ru/01-06-2012/" "Mozilla/5.0 AppleWebKit/537.36 (KHTML, like Gecko; compatible; GPTBot/1.3; +https://openai.com/gptbot)"
74.7.227.21 - - [16/Apr/2026:01:10:53 +0200] "GET /cafe/actions/2308/ HTTP/1.1" 200 6808 "https://www.afish-ka.ru/28-10-2012/" "Mozilla/5.0 AppleWebKit/537.36 (KHTML, like Gecko; compatible; GPTBot/1.3; +https://openai.com/gptbot)"
74.7.227.21 - - [16/Apr/2026:01:10:54 +0200] "GET /07-10-2012/ HTTP/1.1" 200 8919 "https://www.afish-ka.ru/17-09-2012/" "Mozilla/5.0 AppleWebKit/537.36 (KHTML, like Gecko; compatible; GPTBot/1.3; +https://openai.com/gptbot)"
74.7.227.21 - - [16/Apr/2026:01:10:54 +0200] "GET /images/b/actions/2083_1.jpg HTTP/1.1" 200 16017 "https://www.afish-ka.ru/cafe/actions/2083/" "Mozilla/5.0 AppleWebKit/537.36 (KHTML, like Gecko; compatible; GPTBot/1.3; +https://openai.com/gptbot)"
74.7.227.21 - - [16/Apr/2026:01:10:55 +0200] "GET /27-11-2010/ HTTP/1.1" 200 9035 "https://www.afish-ka.ru/09-11-2010/" "Mozilla/5.0 AppleWebKit/537.36 (KHTML, like Gecko; compatible; GPTBot/1.3; +https://openai.com/gptbot)"
74.7.227.21 - - [16/Apr/2026:01:10:55 +0200] "GET /theater/actions/1243/ HTTP/1.1" 200 7129 "https://www.afish-ka.ru/29-11-2010/" "Mozilla/5.0 AppleWebKit/537.36 (KHTML, like Gecko; compatible; GPTBot/1.3; +https://openai.com/gptbot)"
74.7.227.21 - - [16/Apr/2026:01:10:56 +0200] "GET /22-12-2008/ HTTP/1.1" 200 7346 "https://www.afish-ka.ru/30-12-2008/" "Mozilla/5.0 AppleWebKit/537.36 (KHTML, like Gecko; compatible; GPTBot/1.3; +https://openai.com/gptbot)"
74.7.227.21 - - [16/Apr/2026:01:10:57 +0200] "GET /08-02-2021/ HTTP/1.1" 200 11761 "https://www.afish-ka.ru/15-03-2021/" "Mozilla/5.0 AppleWebKit/537.36 (KHTML, like Gecko; compatible; GPTBot/1.3; +https://openai.com/gptbot)"
74.7.227.21 - - [16/Apr/2026:01:10:57 +0200] "GET /30-08-2022/ HTTP/1.1" 200 5874 "https://www.afish-ka.ru/26-07-2022/" "Mozilla/5.0 AppleWebKit/537.36 (KHTML, like Gecko; compatible; GPTBot/1.3; +https://openai.com/gptbot)"
74.7.227.21 - - [16/Apr/2026:01:10:58 +0200] "GET /16-11-2013/ HTTP/1.1" 200 9110 "https://www.afish-ka.ru/26-11-2013/" "Mozilla/5.0 AppleWebKit/537.36 (KHTML, like Gecko; compatible; GPTBot/1.3; +https://openai.com/gptbot)"
74.7.227.21 - - [16/Apr/2026:01:10:59 +0200] "GET /images/b/actions/2104_1.jpg HTTP/1.1" 200 18918 "https://www.afish-ka.ru/cafe/actions/2104/" "Mozilla/5.0 AppleWebKit/537.36 (KHTML, like Gecko; compatible; GPTBot/1.3; +https://openai.com/gptbot)"
74.7.227.21 - - [16/Apr/2026:01:10:59 +0200] "GET /images/b/actions/2095_1.jpg HTTP/1.1" 200 20056 "https://www.afish-ka.ru/cafe/actions/2095/" "Mozilla/5.0 AppleWebKit/537.36 (KHTML, like Gecko; compatible; GPTBot/1.3; +https://openai.com/gptbot)"
74.7.227.21 - - [16/Apr/2026:01:11:00 +0200] "GET /images/b/posters/2095.jpg HTTP/1.1" 200 44043 "https://www.afish-ka.ru/cafe/actions/2095/" "Mozilla/5.0 AppleWebKit/537.36 (KHTML, like Gecko; compatible; GPTBot/1.3; +https://openai.com/gptbot)"
5.39.1.240 - - [16/Apr/2026:01:11:00 +0200] "GET /cinema/films/2891/opinions/add/?parent=26875 HTTP/1.1" 200 9559 "-" "Mozilla/5.0 (compatible; AhrefsBot/7.0; +http://ahrefs.com/robot/)"
74.7.227.21 - - [16/Apr/2026:01:11:00 +0200] "GET /images/s/posters/2095.jpg HTTP/1.1" 200 8958 "https://www.afish-ka.ru/cafe/actions/2095/" "Mozilla/5.0 AppleWebKit/537.36 (KHTML, like Gecko; compatible; GPTBot/1.3; +https://openai.com/gptbot)"
