74.7.227.21 - - [16/Apr/2026:00:18:14 +0200] "GET /images/s/posters/5961.jpg HTTP/1.1" 200 10206 "https://www.afish-ka.ru/cinema/films/5961/" "Mozilla/5.0 AppleWebKit/537.36 (KHTML, like Gecko; compatible; GPTBot/1.3; +https://openai.com/gptbot)"
185.191.171.15 - - [16/Apr/2026:00:18:14 +0200] "GET /exhibition/actions/635/opinions/add/ HTTP/1.1" 200 9532 "-" "Mozilla/5.0 (compatible; SemrushBot/7~bl; +http://www.semrush.com/bot.html)"
74.7.227.21 - - [16/Apr/2026:00:18:14 +0200] "GET /images/s/posters/5968.jpg HTTP/1.1" 200 15044 "https://www.afish-ka.ru/cinema/films/5968/" "Mozilla/5.0 AppleWebKit/537.36 (KHTML, like Gecko; compatible; GPTBot/1.3; +https://openai.com/gptbot)"
74.7.227.21 - - [16/Apr/2026:00:18:15 +0200] "GET /images/b/posters/5973.jpg HTTP/1.1" 200 63536 "https://www.afish-ka.ru/cinema/films/5973/" "Mozilla/5.0 AppleWebKit/537.36 (KHTML, like Gecko; compatible; GPTBot/1.3; +https://openai.com/gptbot)"
74.7.227.21 - - [16/Apr/2026:00:18:15 +0200] "GET /images/b/posters/5961.jpg HTTP/1.1" 200 42781 "https://www.afish-ka.ru/cinema/films/5961/" "Mozilla/5.0 AppleWebKit/537.36 (KHTML, like Gecko; compatible; GPTBot/1.3; +https://openai.com/gptbot)"
74.7.227.21 - - [16/Apr/2026:00:18:16 +0200] "GET /images/b/posters/5964.jpg HTTP/1.1" 200 27143 "https://www.afish-ka.ru/cinema/films/5964/" "Mozilla/5.0 AppleWebKit/537.36 (KHTML, like Gecko; compatible; GPTBot/1.3; +https://openai.com/gptbot)"
74.7.227.21 - - [16/Apr/2026:00:18:16 +0200] "GET /cinema/films/5983/ HTTP/1.1" 200 6482 "https://www.afish-ka.ru/28-09-2021/" "Mozilla/5.0 AppleWebKit/537.36 (KHTML, like Gecko; compatible; GPTBot/1.3; +https://openai.com/gptbot)"
114.119.146.120 - - [16/Apr/2026:00:18:16 +0200] "GET /cinema/33/cinema/films/5427/cinema/films/5428 HTTP/1.1" 200 10273 "-" "Mozilla/5.0 (Linux; Android 7.0;) AppleWebKit/537.36 (KHTML, like Gecko) Mobile Safari/537.36 (compatible; PetalBot;+https://webmaster.petalsearch.com/site/petalbot)"
74.7.227.21 - - [16/Apr/2026:00:18:17 +0200] "GET /cinema/films/5962/ HTTP/1.1" 200 6575 "https://www.afish-ka.ru/28-09-2021/" "Mozilla/5.0 AppleWebKit/537.36 (KHTML, like Gecko; compatible; GPTBot/1.3; +https://openai.com/gptbot)"
74.7.227.21 - - [16/Apr/2026:00:18:18 +0200] "GET /cinema/films/5942/ HTTP/1.1" 200 6712 "https://www.afish-ka.ru/28-09-2021/" "Mozilla/5.0 AppleWebKit/537.36 (KHTML, like Gecko; compatible; GPTBot/1.3; +https://openai.com/gptbot)"
74.7.227.21 - - [16/Apr/2026:00:18:18 +0200] "GET /17-06-2021/ HTTP/1.1" 200 10572 "https://www.afish-ka.ru/cinema/films/5891/" "Mozilla/5.0 AppleWebKit/537.36 (KHTML, like Gecko; compatible; GPTBot/1.3; +https://openai.com/gptbot)"
74.7.227.21 - - [16/Apr/2026:00:18:19 +0200] "GET /26-09-2021/ HTTP/1.1" 200 11609 "https://www.afish-ka.ru/28-09-2021/" "Mozilla/5.0 AppleWebKit/537.36 (KHTML, like Gecko; compatible; GPTBot/1.3; +https://openai.com/gptbot)"
74.7.227.21 - - [16/Apr/2026:00:18:19 +0200] "GET /17-09-2021/ HTTP/1.1" 200 11202 "https://www.afish-ka.ru/28-09-2021/" "Mozilla/5.0 AppleWebKit/537.36 (KHTML, like Gecko; compatible; GPTBot/1.3; +https://openai.com/gptbot)"
74.7.227.21 - - [16/Apr/2026:00:18:20 +0200] "GET /16-09-2021/ HTTP/1.1" 200 11238 "https://www.afish-ka.ru/cinema/films/5972/" "Mozilla/5.0 AppleWebKit/537.36 (KHTML, like Gecko; compatible; GPTBot/1.3; +https://openai.com/gptbot)"
74.7.227.21 - - [16/Apr/2026:00:18:20 +0200] "GET /24-09-2021/ HTTP/1.1" 200 11609 "https://www.afish-ka.ru/28-09-2021/" "Mozilla/5.0 AppleWebKit/537.36 (KHTML, like Gecko; compatible; GPTBot/1.3; +https://openai.com/gptbot)"
74.7.227.21 - - [16/Apr/2026:00:18:21 +0200] "GET /13-09-2021/ HTTP/1.1" 200 10290 "https://www.afish-ka.ru/28-09-2021/" "Mozilla/5.0 AppleWebKit/537.36 (KHTML, like Gecko; compatible; GPTBot/1.3; +https://openai.com/gptbot)"
74.7.227.21 - - [16/Apr/2026:00:18:22 +0200] "GET /14-09-2021/ HTTP/1.1" 200 10286 "https://www.afish-ka.ru/28-09-2021/" "Mozilla/5.0 AppleWebKit/537.36 (KHTML, like Gecko; compatible; GPTBot/1.3; +https://openai.com/gptbot)"
74.7.227.21 - - [16/Apr/2026:00:18:22 +0200] "GET /04-09-2021/ HTTP/1.1" 200 9546 "https://www.afish-ka.ru/cinema/films/5964/" "Mozilla/5.0 AppleWebKit/537.36 (KHTML, like Gecko; compatible; GPTBot/1.3; +https://openai.com/gptbot)"
74.7.227.21 - - [16/Apr/2026:00:18:23 +0200] "GET /cinema/films/5966/ HTTP/1.1" 200 6557 "https://www.afish-ka.ru/28-09-2021/" "Mozilla/5.0 AppleWebKit/537.36 (KHTML, like Gecko; compatible; GPTBot/1.3; +https://openai.com/gptbot)"
74.7.227.21 - - [16/Apr/2026:00:18:23 +0200] "GET /images/b/actions/5962_1.jpg HTTP/1.1" 200 63566 "https://www.afish-ka.ru/cinema/films/5962/" "Mozilla/5.0 AppleWebKit/537.36 (KHTML, like Gecko; compatible; GPTBot/1.3; +https://openai.com/gptbot)"
74.7.227.21 - - [16/Apr/2026:00:18:24 +0200] "GET /images/b/actions/5942_3.jpg HTTP/1.1" 200 57520 "https://www.afish-ka.ru/cinema/films/5942/" "Mozilla/5.0 AppleWebKit/537.36 (KHTML, like Gecko; compatible; GPTBot/1.3; +https://openai.com/gptbot)"
74.7.227.21 - - [16/Apr/2026:00:18:24 +0200] "GET /cinema/films/5881/opinions/ HTTP/1.1" 200 5570 "https://www.afish-ka.ru/17-06-2021/" "Mozilla/5.0 AppleWebKit/537.36 (KHTML, like Gecko; compatible; GPTBot/1.3; +https://openai.com/gptbot)"
74.7.227.21 - - [16/Apr/2026:00:18:25 +0200] "GET /06-06-2021/ HTTP/1.1" 200 10141 "https://www.afish-ka.ru/17-06-2021/" "Mozilla/5.0 AppleWebKit/537.36 (KHTML, like Gecko; compatible; GPTBot/1.3; +https://openai.com/gptbot)"
74.7.227.21 - - [16/Apr/2026:00:18:26 +0200] "GET /images/b/actions/5942_5.jpg HTTP/1.1" 200 79002 "https://www.afish-ka.ru/cinema/films/5942/" "Mozilla/5.0 AppleWebKit/537.36 (KHTML, like Gecko; compatible; GPTBot/1.3; +https://openai.com/gptbot)"
74.7.227.21 - - [16/Apr/2026:00:18:27 +0200] "GET /images/b/actions/5942_4.jpg HTTP/1.1" 200 74217 "https://www.afish-ka.ru/cinema/films/5942/" "Mozilla/5.0 AppleWebKit/537.36 (KHTML, like Gecko; compatible; GPTBot/1.3; +https://openai.com/gptbot)"
74.7.227.21 - - [16/Apr/2026:00:18:28 +0200] "GET /images/b/actions/5942_2.jpg HTTP/1.1" 200 61928 "https://www.afish-ka.ru/cinema/films/5942/" "Mozilla/5.0 AppleWebKit/537.36 (KHTML, like Gecko; compatible; GPTBot/1.3; +https://openai.com/gptbot)"
74.7.227.21 - - [16/Apr/2026:00:18:28 +0200] "GET /images/s/actions/5942_4.jpg HTTP/1.1" 200 7549 "https://www.afish-ka.ru/cinema/films/5942/" "Mozilla/5.0 AppleWebKit/537.36 (KHTML, like Gecko; compatible; GPTBot/1.3; +https://openai.com/gptbot)"
74.7.227.21 - - [16/Apr/2026:00:18:29 +0200] "GET /images/b/actions/5962_2.jpg HTTP/1.1" 200 36231 "https://www.afish-ka.ru/cinema/films/5962/" "Mozilla/5.0 AppleWebKit/537.36 (KHTML, like Gecko; compatible; GPTBot/1.3; +https://openai.com/gptbot)"
74.7.227.21 - - [16/Apr/2026:00:18:29 +0200] "GET /images/s/actions/5942_5.jpg HTTP/1.1" 200 8024 "https://www.afish-ka.ru/cinema/films/5942/" "Mozilla/5.0 AppleWebKit/537.36 (KHTML, like Gecko; compatible; GPTBot/1.3; +https://openai.com/gptbot)"
74.7.227.21 - - [16/Apr/2026:00:18:30 +0200] "GET /images/b/actions/5962_5.jpg HTTP/1.1" 200 58538 "https://www.afish-ka.ru/cinema/films/5962/" "Mozilla/5.0 AppleWebKit/537.36 (KHTML, like Gecko; compatible; GPTBot/1.3; +https://openai.com/gptbot)"
74.7.227.21 - - [16/Apr/2026:00:18:30 +0200] "GET /images/b/actions/5962_4.jpg HTTP/1.1" 200 29070 "https://www.afish-ka.ru/cinema/films/5962/" "Mozilla/5.0 AppleWebKit/537.36 (KHTML, like Gecko; compatible; GPTBot/1.3; +https://openai.com/gptbot)"
74.7.227.21 - - [16/Apr/2026:00:18:31 +0200] "GET /images/s/actions/5942_3.jpg HTTP/1.1" 200 7610 "https://www.afish-ka.ru/cinema/films/5942/" "Mozilla/5.0 AppleWebKit/537.36 (KHTML, like Gecko; compatible; GPTBot/1.3; +https://openai.com/gptbot)"
74.7.227.21 - - [16/Apr/2026:00:18:31 +0200] "GET /images/s/actions/5962_5.jpg HTTP/1.1" 200 7285 "https://www.afish-ka.ru/cinema/films/5962/" "Mozilla/5.0 AppleWebKit/537.36 (KHTML, like Gecko; compatible; GPTBot/1.3; +https://openai.com/gptbot)"
74.7.227.21 - - [16/Apr/2026:00:18:32 +0200] "GET /images/s/actions/5942_2.jpg HTTP/1.1" 200 7192 "https://www.afish-ka.ru/cinema/films/5942/" "Mozilla/5.0 AppleWebKit/537.36 (KHTML, like Gecko; compatible; GPTBot/1.3; +https://openai.com/gptbot)"
40.77.167.20 - - [16/Apr/2026:00:18:31 +0200] "GET /concert_hall/ HTTP/1.1" 200 11696 "-" "Mozilla/5.0 AppleWebKit/537.36 (KHTML, like Gecko; compatible; bingbot/2.0; +http://www.bing.com/bingbot.htm) Chrome/116.0.1938.76 Safari/537.36"
74.7.227.21 - - [16/Apr/2026:00:18:32 +0200] "GET /images/s/actions/5962_2.jpg HTTP/1.1" 200 5488 "https://www.afish-ka.ru/cinema/films/5962/" "Mozilla/5.0 AppleWebKit/537.36 (KHTML, like Gecko; compatible; GPTBot/1.3; +https://openai.com/gptbot)"
74.7.227.21 - - [16/Apr/2026:00:18:33 +0200] "GET /images/s/actions/5962_3.jpg HTTP/1.1" 200 6785 "https://www.afish-ka.ru/cinema/films/5962/" "Mozilla/5.0 AppleWebKit/537.36 (KHTML, like Gecko; compatible; GPTBot/1.3; +https://openai.com/gptbot)"
116.204.105.12 - - [16/Apr/2026:00:18:33 +0200] "GET /theater/actions/636/theater/actions/636/opinions/theater/actions/ HTTP/1.1" 200 10063 "-" "Mozilla/5.0 (Macintosh; Intel Mac OS X 10_15_7) AppleWebKit/537.36 (KHTML, like Gecko) Chrome/141.0.0.0 Safari/537.36"
74.7.227.21 - - [16/Apr/2026:00:18:33 +0200] "GET /images/s/actions/5962_4.jpg HTTP/1.1" 200 4560 "https://www.afish-ka.ru/cinema/films/5962/" "Mozilla/5.0 AppleWebKit/537.36 (KHTML, like Gecko; compatible; GPTBot/1.3; +https://openai.com/gptbot)"
185.191.171.11 - - [16/Apr/2026:00:18:33 +0200] "GET /cinema/films/882/opinions/add?parent=8273 HTTP/1.1" 200 8525 "-" "Mozilla/5.0 (compatible; SemrushBot/7~bl; +http://www.semrush.com/bot.html)"
74.7.227.21 - - [16/Apr/2026:00:18:34 +0200] "GET /images/b/actions/5942_1.jpg HTTP/1.1" 200 68098 "https://www.afish-ka.ru/cinema/films/5942/" "Mozilla/5.0 AppleWebKit/537.36 (KHTML, like Gecko; compatible; GPTBot/1.3; +https://openai.com/gptbot)"
74.7.227.21 - - [16/Apr/2026:00:18:34 +0200] "GET /images/b/actions/5962_3.jpg HTTP/1.1" 200 54805 "https://www.afish-ka.ru/cinema/films/5962/" "Mozilla/5.0 AppleWebKit/537.36 (KHTML, like Gecko; compatible; GPTBot/1.3; +https://openai.com/gptbot)"
74.7.227.21 - - [16/Apr/2026:00:18:35 +0200] "GET /cinema/films/5879/opinions/ HTTP/1.1" 200 5657 "https://www.afish-ka.ru/17-06-2021/" "Mozilla/5.0 AppleWebKit/537.36 (KHTML, like Gecko; compatible; GPTBot/1.3; +https://openai.com/gptbot)"
74.7.227.21 - - [16/Apr/2026:00:18:35 +0200] "GET /images/b/posters/5962.jpg HTTP/1.1" 200 71533 "https://www.afish-ka.ru/cinema/films/5962/" "Mozilla/5.0 AppleWebKit/537.36 (KHTML, like Gecko; compatible; GPTBot/1.3; +https://openai.com/gptbot)"
74.7.227.21 - - [16/Apr/2026:00:18:36 +0200] "GET /images/b/posters/5942.jpg HTTP/1.1" 200 73612 "https://www.afish-ka.ru/cinema/films/5942/" "Mozilla/5.0 AppleWebKit/537.36 (KHTML, like Gecko; compatible; GPTBot/1.3; +https://openai.com/gptbot)"
74.7.227.21 - - [16/Apr/2026:00:18:36 +0200] "GET /images/s/posters/5962.jpg HTTP/1.1" 200 12891 "https://www.afish-ka.ru/cinema/films/5962/" "Mozilla/5.0 AppleWebKit/537.36 (KHTML, like Gecko; compatible; GPTBot/1.3; +https://openai.com/gptbot)"
51.75.236.139 - - [16/Apr/2026:00:18:36 +0200] "GET /concert_hall/actions/1422/ HTTP/1.1" 200 9754 "-" "Mozilla/5.0 (compatible; AhrefsBot/7.0; +http://ahrefs.com/robot/)"
74.7.227.21 - - [16/Apr/2026:00:18:37 +0200] "GET /images/s/posters/5942.jpg HTTP/1.1" 200 13835 "https://www.afish-ka.ru/cinema/films/5942/" "Mozilla/5.0 AppleWebKit/537.36 (KHTML, like Gecko; compatible; GPTBot/1.3; +https://openai.com/gptbot)"
74.7.227.21 - - [16/Apr/2026:00:18:38 +0200] "GET /cinema/films/5960/ HTTP/1.1" 200 6725 "https://www.afish-ka.ru/13-09-2021/" "Mozilla/5.0 AppleWebKit/537.36 (KHTML, like Gecko; compatible; GPTBot/1.3; +https://openai.com/gptbot)"
74.7.227.21 - - [16/Apr/2026:00:18:38 +0200] "GET /cinema/films/5879/ HTTP/1.1" 200 6817 "https://www.afish-ka.ru/17-06-2021/" "Mozilla/5.0 AppleWebKit/537.36 (KHTML, like Gecko; compatible; GPTBot/1.3; +https://openai.com/gptbot)"
74.7.227.21 - - [16/Apr/2026:00:18:39 +0200] "GET /cinema/films/5893/ HTTP/1.1" 200 6799 "https://www.afish-ka.ru/17-06-2021/" "Mozilla/5.0 AppleWebKit/537.36 (KHTML, like Gecko; compatible; GPTBot/1.3; +https://openai.com/gptbot)"
74.7.227.21 - - [16/Apr/2026:00:18:39 +0200] "GET /cinema/films/5876/ HTTP/1.1" 200 6822 "https://www.afish-ka.ru/17-06-2021/" "Mozilla/5.0 AppleWebKit/537.36 (KHTML, like Gecko; compatible; GPTBot/1.3; +https://openai.com/gptbot)"
74.7.227.21 - - [16/Apr/2026:00:18:40 +0200] "GET /cinema/films/5892/ HTTP/1.1" 200 6780 "https://www.afish-ka.ru/17-06-2021/" "Mozilla/5.0 AppleWebKit/537.36 (KHTML, like Gecko; compatible; GPTBot/1.3; +https://openai.com/gptbot)"
74.7.227.21 - - [16/Apr/2026:00:18:41 +0200] "GET /cinema/films/5870/ HTTP/1.1" 200 6772 "https://www.afish-ka.ru/06-06-2021/" "Mozilla/5.0 AppleWebKit/537.36 (KHTML, like Gecko; compatible; GPTBot/1.3; +https://openai.com/gptbot)"
74.7.227.21 - - [16/Apr/2026:00:18:41 +0200] "GET /cinema/films/5867/ HTTP/1.1" 200 6623 "https://www.afish-ka.ru/06-06-2021/" "Mozilla/5.0 AppleWebKit/537.36 (KHTML, like Gecko; compatible; GPTBot/1.3; +https://openai.com/gptbot)"
74.7.227.21 - - [16/Apr/2026:00:18:42 +0200] "GET /cinema/films/5890/ HTTP/1.1" 200 6741 "https://www.afish-ka.ru/17-06-2021/" "Mozilla/5.0 AppleWebKit/537.36 (KHTML, like Gecko; compatible; GPTBot/1.3; +https://openai.com/gptbot)"
74.7.227.21 - - [16/Apr/2026:00:18:42 +0200] "GET /cinema/films/5872/ HTTP/1.1" 200 6533 "https://www.afish-ka.ru/06-06-2021/" "Mozilla/5.0 AppleWebKit/537.36 (KHTML, like Gecko; compatible; GPTBot/1.3; +https://openai.com/gptbot)"
74.7.227.21 - - [16/Apr/2026:00:18:43 +0200] "GET /cinema/films/5938/ HTTP/1.1" 200 6654 "https://www.afish-ka.ru/04-09-2021/" "Mozilla/5.0 AppleWebKit/537.36 (KHTML, like Gecko; compatible; GPTBot/1.3; +https://openai.com/gptbot)"
74.7.227.21 - - [16/Apr/2026:00:18:44 +0200] "GET /cinema/films/5873/ HTTP/1.1" 200 6473 "https://www.afish-ka.ru/06-06-2021/" "Mozilla/5.0 AppleWebKit/537.36 (KHTML, like Gecko; compatible; GPTBot/1.3; +https://openai.com/gptbot)"
74.7.227.21 - - [16/Apr/2026:00:18:44 +0200] "GET /images/b/actions/5960_3.jpg HTTP/1.1" 200 55829 "https://www.afish-ka.ru/cinema/films/5960/" "Mozilla/5.0 AppleWebKit/537.36 (KHTML, like Gecko; compatible; GPTBot/1.3; +https://openai.com/gptbot)"
74.7.227.21 - - [16/Apr/2026:00:18:45 +0200] "GET /images/s/actions/5960_2.jpg HTTP/1.1" 200 6818 "https://www.afish-ka.ru/cinema/films/5960/" "Mozilla/5.0 AppleWebKit/537.36 (KHTML, like Gecko; compatible; GPTBot/1.3; +https://openai.com/gptbot)"
74.7.227.21 - - [16/Apr/2026:00:18:45 +0200] "GET /images/b/actions/5879_5.jpg HTTP/1.1" 200 35127 "https://www.afish-ka.ru/cinema/films/5879/" "Mozilla/5.0 AppleWebKit/537.36 (KHTML, like Gecko; compatible; GPTBot/1.3; +https://openai.com/gptbot)"
74.7.227.21 - - [16/Apr/2026:00:18:46 +0200] "GET /images/b/actions/5960_1.jpg HTTP/1.1" 200 62445 "https://www.afish-ka.ru/cinema/films/5960/" "Mozilla/5.0 AppleWebKit/537.36 (KHTML, like Gecko; compatible; GPTBot/1.3; +https://openai.com/gptbot)"
74.7.227.21 - - [16/Apr/2026:00:18:46 +0200] "GET /images/b/actions/5892_5.jpg HTTP/1.1" 200 15980 "https://www.afish-ka.ru/cinema/films/5892/" "Mozilla/5.0 AppleWebKit/537.36 (KHTML, like Gecko; compatible; GPTBot/1.3; +https://openai.com/gptbot)"
74.7.227.21 - - [16/Apr/2026:00:18:47 +0200] "GET /images/b/actions/5892_4.jpg HTTP/1.1" 200 20647 "https://www.afish-ka.ru/cinema/films/5892/" "Mozilla/5.0 AppleWebKit/537.36 (KHTML, like Gecko; compatible; GPTBot/1.3; +https://openai.com/gptbot)"
74.7.227.21 - - [16/Apr/2026:00:18:47 +0200] "GET /images/s/actions/5892_2.jpg HTTP/1.1" 200 3244 "https://www.afish-ka.ru/cinema/films/5892/" "Mozilla/5.0 AppleWebKit/537.36 (KHTML, like Gecko; compatible; GPTBot/1.3; +https://openai.com/gptbot)"
74.7.227.21 - - [16/Apr/2026:00:18:48 +0200] "GET /images/b/actions/5890_1.jpg HTTP/1.1" 200 50927 "https://www.afish-ka.ru/cinema/films/5890/" "Mozilla/5.0 AppleWebKit/537.36 (KHTML, like Gecko; compatible; GPTBot/1.3; +https://openai.com/gptbot)"
74.7.227.21 - - [16/Apr/2026:00:18:48 +0200] "GET /images/s/actions/5890_4.jpg HTTP/1.1" 200 7677 "https://www.afish-ka.ru/cinema/films/5890/" "Mozilla/5.0 AppleWebKit/537.36 (KHTML, like Gecko; compatible; GPTBot/1.3; +https://openai.com/gptbot)"
74.7.227.21 - - [16/Apr/2026:00:18:49 +0200] "GET /images/s/actions/5960_3.jpg HTTP/1.1" 200 7745 "https://www.afish-ka.ru/cinema/films/5960/" "Mozilla/5.0 AppleWebKit/537.36 (KHTML, like Gecko; compatible; GPTBot/1.3; +https://openai.com/gptbot)"
74.7.227.21 - - [16/Apr/2026:00:18:49 +0200] "GET /images/b/actions/5893_1.jpg HTTP/1.1" 200 54835 "https://www.afish-ka.ru/cinema/films/5893/" "Mozilla/5.0 AppleWebKit/537.36 (KHTML, like Gecko; compatible; GPTBot/1.3; +https://openai.com/gptbot)"
74.7.227.21 - - [16/Apr/2026:00:18:50 +0200] "GET /images/b/actions/5893_2.jpg HTTP/1.1" 200 46398 "https://www.afish-ka.ru/cinema/films/5893/" "Mozilla/5.0 AppleWebKit/537.36 (KHTML, like Gecko; compatible; GPTBot/1.3; +https://openai.com/gptbot)"
74.7.227.21 - - [16/Apr/2026:00:18:51 +0200] "GET /images/s/actions/5879_2.jpg HTTP/1.1" 200 5417 "https://www.afish-ka.ru/cinema/films/5879/" "Mozilla/5.0 AppleWebKit/537.36 (KHTML, like Gecko; compatible; GPTBot/1.3; +https://openai.com/gptbot)"
74.7.227.21 - - [16/Apr/2026:00:18:51 +0200] "GET /images/s/actions/5893_2.jpg HTTP/1.1" 200 6641 "https://www.afish-ka.ru/cinema/films/5893/" "Mozilla/5.0 AppleWebKit/537.36 (KHTML, like Gecko; compatible; GPTBot/1.3; +https://openai.com/gptbot)"
74.7.227.21 - - [16/Apr/2026:00:18:52 +0200] "GET /images/b/actions/5890_4.jpg HTTP/1.1" 200 50915 "https://www.afish-ka.ru/cinema/films/5890/" "Mozilla/5.0 AppleWebKit/537.36 (KHTML, like Gecko; compatible; GPTBot/1.3; +https://openai.com/gptbot)"
74.7.227.21 - - [16/Apr/2026:00:18:52 +0200] "GET /images/b/actions/5879_4.jpg HTTP/1.1" 200 31373 "https://www.afish-ka.ru/cinema/films/5879/" "Mozilla/5.0 AppleWebKit/537.36 (KHTML, like Gecko; compatible; GPTBot/1.3; +https://openai.com/gptbot)"
74.7.227.21 - - [16/Apr/2026:00:18:53 +0200] "GET /images/b/actions/5960_2.jpg HTTP/1.1" 200 51095 "https://www.afish-ka.ru/cinema/films/5960/" "Mozilla/5.0 AppleWebKit/537.36 (KHTML, like Gecko; compatible; GPTBot/1.3; +https://openai.com/gptbot)"
74.7.227.21 - - [16/Apr/2026:00:18:53 +0200] "GET /images/b/actions/5892_3.jpg HTTP/1.1" 200 13118 "https://www.afish-ka.ru/cinema/films/5892/" "Mozilla/5.0 AppleWebKit/537.36 (KHTML, like Gecko; compatible; GPTBot/1.3; +https://openai.com/gptbot)"
74.7.227.21 - - [16/Apr/2026:00:18:54 +0200] "GET /images/s/actions/5890_5.jpg HTTP/1.1" 200 6944 "https://www.afish-ka.ru/cinema/films/5890/" "Mozilla/5.0 AppleWebKit/537.36 (KHTML, like Gecko; compatible; GPTBot/1.3; +https://openai.com/gptbot)"
74.7.227.21 - - [16/Apr/2026:00:18:54 +0200] "GET /images/s/actions/5890_3.jpg HTTP/1.1" 200 6287 "https://www.afish-ka.ru/cinema/films/5890/" "Mozilla/5.0 AppleWebKit/537.36 (KHTML, like Gecko; compatible; GPTBot/1.3; +https://openai.com/gptbot)"
74.7.227.21 - - [16/Apr/2026:00:18:55 +0200] "GET /images/b/actions/5960_4.jpg HTTP/1.1" 200 45275 "https://www.afish-ka.ru/cinema/films/5960/" "Mozilla/5.0 AppleWebKit/537.36 (KHTML, like Gecko; compatible; GPTBot/1.3; +https://openai.com/gptbot)"
74.7.227.21 - - [16/Apr/2026:00:18:56 +0200] "GET /images/s/actions/5893_3.jpg HTTP/1.1" 200 6162 "https://www.afish-ka.ru/cinema/films/5893/" "Mozilla/5.0 AppleWebKit/537.36 (KHTML, like Gecko; compatible; GPTBot/1.3; +https://openai.com/gptbot)"
74.7.227.21 - - [16/Apr/2026:00:18:56 +0200] "GET /images/b/actions/5879_1.jpg HTTP/1.1" 200 22878 "https://www.afish-ka.ru/cinema/films/5879/" "Mozilla/5.0 AppleWebKit/537.36 (KHTML, like Gecko; compatible; GPTBot/1.3; +https://openai.com/gptbot)"
74.7.227.21 - - [16/Apr/2026:00:18:57 +0200] "GET /images/s/actions/5893_4.jpg HTTP/1.1" 200 7804 "https://www.afish-ka.ru/cinema/films/5893/" "Mozilla/5.0 AppleWebKit/537.36 (KHTML, like Gecko; compatible; GPTBot/1.3; +https://openai.com/gptbot)"
74.7.227.21 - - [16/Apr/2026:00:18:57 +0200] "GET /images/b/actions/5892_2.jpg HTTP/1.1" 200 15267 "https://www.afish-ka.ru/cinema/films/5892/" "Mozilla/5.0 AppleWebKit/537.36 (KHTML, like Gecko; compatible; GPTBot/1.3; +https://openai.com/gptbot)"
74.7.227.21 - - [16/Apr/2026:00:18:58 +0200] "GET /images/b/actions/5879_3.jpg HTTP/1.1" 200 63711 "https://www.afish-ka.ru/cinema/films/5879/" "Mozilla/5.0 AppleWebKit/537.36 (KHTML, like Gecko; compatible; GPTBot/1.3; +https://openai.com/gptbot)"
74.7.227.21 - - [16/Apr/2026:00:18:58 +0200] "GET /images/b/actions/5879_2.jpg HTTP/1.1" 200 31901 "https://www.afish-ka.ru/cinema/films/5879/" "Mozilla/5.0 AppleWebKit/537.36 (KHTML, like Gecko; compatible; GPTBot/1.3; +https://openai.com/gptbot)"
17.241.219.192 - - [16/Apr/2026:00:18:58 +0200] "GET /cinema/films/2571/opinions/add/?parent=24803 HTTP/1.1" 200 9519 "-" "Mozilla/5.0 (Macintosh; Intel Mac OS X 10_15_7) AppleWebKit/605.1.15 (KHTML, like Gecko) Version/17.4 Safari/605.1.15 (Applebot/0.1; +http://www.apple.com/go/applebot)"
74.7.227.21 - - [16/Apr/2026:00:18:59 +0200] "GET /images/s/actions/5893_5.jpg HTTP/1.1" 200 7842 "https://www.afish-ka.ru/cinema/films/5893/" "Mozilla/5.0 AppleWebKit/537.36 (KHTML, like Gecko; compatible; GPTBot/1.3; +https://openai.com/gptbot)"
74.7.227.21 - - [16/Apr/2026:00:18:59 +0200] "GET /images/b/actions/5890_2.jpg HTTP/1.1" 200 68567 "https://www.afish-ka.ru/cinema/films/5890/" "Mozilla/5.0 AppleWebKit/537.36 (KHTML, like Gecko; compatible; GPTBot/1.3; +https://openai.com/gptbot)"
74.7.227.21 - - [16/Apr/2026:00:19:00 +0200] "GET /images/s/actions/5892_3.jpg HTTP/1.1" 200 2562 "https://www.afish-ka.ru/cinema/films/5892/" "Mozilla/5.0 AppleWebKit/537.36 (KHTML, like Gecko; compatible; GPTBot/1.3; +https://openai.com/gptbot)"
74.7.227.21 - - [16/Apr/2026:00:19:00 +0200] "GET /images/b/actions/5893_5.jpg HTTP/1.1" 200 62790 "https://www.afish-ka.ru/cinema/films/5893/" "Mozilla/5.0 AppleWebKit/537.36 (KHTML, like Gecko; compatible; GPTBot/1.3; +https://openai.com/gptbot)"
74.7.227.21 - - [16/Apr/2026:00:19:01 +0200] "GET /images/s/actions/5879_4.jpg HTTP/1.1" 200 5306 "https://www.afish-ka.ru/cinema/films/5879/" "Mozilla/5.0 AppleWebKit/537.36 (KHTML, like Gecko; compatible; GPTBot/1.3; +https://openai.com/gptbot)"
74.7.227.21 - - [16/Apr/2026:00:19:01 +0200] "GET /images/s/actions/5960_5.jpg HTTP/1.1" 200 8506 "https://www.afish-ka.ru/cinema/films/5960/" "Mozilla/5.0 AppleWebKit/537.36 (KHTML, like Gecko; compatible; GPTBot/1.3; +https://openai.com/gptbot)"
74.7.227.21 - - [16/Apr/2026:00:19:02 +0200] "GET /images/s/actions/5892_4.jpg HTTP/1.1" 200 4118 "https://www.afish-ka.ru/cinema/films/5892/" "Mozilla/5.0 AppleWebKit/537.36 (KHTML, like Gecko; compatible; GPTBot/1.3; +https://openai.com/gptbot)"
37.59.204.133 - - [16/Apr/2026:00:19:01 +0200] "GET /cinema/films/809/opinions/add/?parent=8573 HTTP/1.1" 200 9539 "-" "Mozilla/5.0 (compatible; AhrefsBot/7.0; +http://ahrefs.com/robot/)"
74.7.227.21 - - [16/Apr/2026:00:19:02 +0200] "GET /images/s/actions/5960_4.jpg HTTP/1.1" 200 7242 "https://www.afish-ka.ru/cinema/films/5960/" "Mozilla/5.0 AppleWebKit/537.36 (KHTML, like Gecko; compatible; GPTBot/1.3; +https://openai.com/gptbot)"
185.191.171.8 - - [16/Apr/2026:00:19:02 +0200] "GET /links.php?go=http%3A%2F%2Ffafaslot-online39.weebly.com HTTP/1.1" 200 9594 "-" "Mozilla/5.0 (compatible; SemrushBot/7~bl; +http://www.semrush.com/bot.html)"
74.7.227.21 - - [16/Apr/2026:00:19:03 +0200] "GET /images/b/actions/5893_4.jpg HTTP/1.1" 200 58245 "https://www.afish-ka.ru/cinema/films/5893/" "Mozilla/5.0 AppleWebKit/537.36 (KHTML, like Gecko; compatible; GPTBot/1.3; +https://openai.com/gptbot)"
74.7.227.21 - - [16/Apr/2026:00:19:03 +0200] "GET /images/s/actions/5890_2.jpg HTTP/1.1" 200 8200 "https://www.afish-ka.ru/cinema/films/5890/" "Mozilla/5.0 AppleWebKit/537.36 (KHTML, like Gecko; compatible; GPTBot/1.3; +https://openai.com/gptbot)"
74.7.227.21 - - [16/Apr/2026:00:19:04 +0200] "GET /images/s/actions/5879_3.jpg HTTP/1.1" 200 7487 "https://www.afish-ka.ru/cinema/films/5879/" "Mozilla/5.0 AppleWebKit/537.36 (KHTML, like Gecko; compatible; GPTBot/1.3; +https://openai.com/gptbot)"
74.7.227.21 - - [16/Apr/2026:00:19:04 +0200] "GET /images/s/actions/5879_5.jpg HTTP/1.1" 200 5114 "https://www.afish-ka.ru/cinema/films/5879/" "Mozilla/5.0 AppleWebKit/537.36 (KHTML, like Gecko; compatible; GPTBot/1.3; +https://openai.com/gptbot)"
74.7.227.21 - - [16/Apr/2026:00:19:05 +0200] "GET /images/s/actions/5892_5.jpg HTTP/1.1" 200 3417 "https://www.afish-ka.ru/cinema/films/5892/" "Mozilla/5.0 AppleWebKit/537.36 (KHTML, like Gecko; compatible; GPTBot/1.3; +https://openai.com/gptbot)"
74.7.227.21 - - [16/Apr/2026:00:19:05 +0200] "GET /images/b/actions/5893_3.jpg HTTP/1.1" 200 54935 "https://www.afish-ka.ru/cinema/films/5893/" "Mozilla/5.0 AppleWebKit/537.36 (KHTML, like Gecko; compatible; GPTBot/1.3; +https://openai.com/gptbot)"
74.7.227.21 - - [16/Apr/2026:00:19:06 +0200] "GET /images/b/actions/5890_3.jpg HTTP/1.1" 200 47069 "https://www.afish-ka.ru/cinema/films/5890/" "Mozilla/5.0 AppleWebKit/537.36 (KHTML, like Gecko; compatible; GPTBot/1.3; +https://openai.com/gptbot)"
74.7.227.21 - - [16/Apr/2026:00:19:07 +0200] "GET /images/b/actions/5890_5.jpg HTTP/1.1" 200 33759 "https://www.afish-ka.ru/cinema/films/5890/" "Mozilla/5.0 AppleWebKit/537.36 (KHTML, like Gecko; compatible; GPTBot/1.3; +https://openai.com/gptbot)"
74.7.227.21 - - [16/Apr/2026:00:19:07 +0200] "GET /images/b/actions/5960_5.jpg HTTP/1.1" 200 57021 "https://www.afish-ka.ru/cinema/films/5960/" "Mozilla/5.0 AppleWebKit/537.36 (KHTML, like Gecko; compatible; GPTBot/1.3; +https://openai.com/gptbot)"
85.208.96.197 - - [16/Apr/2026:00:19:07 +0200] "GET /links.php?go=http%3A%2F%2Fagen-stationplay.weebly.com%2Fj HTTP/1.1" 200 5787 "-" "Mozilla/5.0 (compatible; SemrushBot/7~bl; +http://www.semrush.com/bot.html)"
74.7.227.21 - - [16/Apr/2026:00:19:08 +0200] "GET /images/b/actions/5892_1.jpg HTTP/1.1" 200 26246 "https://www.afish-ka.ru/cinema/films/5892/" "Mozilla/5.0 AppleWebKit/537.36 (KHTML, like Gecko; compatible; GPTBot/1.3; +https://openai.com/gptbot)"
74.7.227.21 - - [16/Apr/2026:00:19:08 +0200] "GET /images/s/posters/5890.jpg HTTP/1.1" 200 17516 "https://www.afish-ka.ru/cinema/films/5890/" "Mozilla/5.0 AppleWebKit/537.36 (KHTML, like Gecko; compatible; GPTBot/1.3; +https://openai.com/gptbot)"
74.7.227.21 - - [16/Apr/2026:00:19:09 +0200] "GET /images/s/posters/5879.jpg HTTP/1.1" 200 8164 "https://www.afish-ka.ru/cinema/films/5879/" "Mozilla/5.0 AppleWebKit/537.36 (KHTML, like Gecko; compatible; GPTBot/1.3; +https://openai.com/gptbot)"
74.7.227.21 - - [16/Apr/2026:00:19:09 +0200] "GET /images/b/posters/5879.jpg HTTP/1.1" 200 35158 "https://www.afish-ka.ru/cinema/films/5879/" "Mozilla/5.0 AppleWebKit/537.36 (KHTML, like Gecko; compatible; GPTBot/1.3; +https://openai.com/gptbot)"
185.191.171.2 - - [16/Apr/2026:00:19:09 +0200] "GET /cafe/184/opinions/add/?parent=28985 HTTP/1.1" 200 9511 "-" "Mozilla/5.0 (compatible; SemrushBot/7~bl; +http://www.semrush.com/bot.html)"
74.7.227.21 - - [16/Apr/2026:00:19:10 +0200] "GET /images/s/posters/5960.jpg HTTP/1.1" 200 16470 "https://www.afish-ka.ru/cinema/films/5960/" "Mozilla/5.0 AppleWebKit/537.36 (KHTML, like Gecko; compatible; GPTBot/1.3; +https://openai.com/gptbot)"
74.7.227.21 - - [16/Apr/2026:00:19:10 +0200] "GET /images/b/posters/5890.jpg HTTP/1.1" 200 92465 "https://www.afish-ka.ru/cinema/films/5890/" "Mozilla/5.0 AppleWebKit/537.36 (KHTML, like Gecko; compatible; GPTBot/1.3; +https://openai.com/gptbot)"
74.7.227.21 - - [16/Apr/2026:00:19:11 +0200] "GET /images/b/posters/5960.jpg HTTP/1.1" 200 79714 "https://www.afish-ka.ru/cinema/films/5960/" "Mozilla/5.0 AppleWebKit/537.36 (KHTML, like Gecko; compatible; GPTBot/1.3; +https://openai.com/gptbot)"
74.7.227.21 - - [16/Apr/2026:00:19:11 +0200] "GET /images/s/posters/5938.jpg HTTP/1.1" 200 13874 "https://www.afish-ka.ru/cinema/films/5938/" "Mozilla/5.0 AppleWebKit/537.36 (KHTML, like Gecko; compatible; GPTBot/1.3; +https://openai.com/gptbot)"
74.7.227.21 - - [16/Apr/2026:00:19:12 +0200] "GET /images/b/posters/5893.jpg HTTP/1.1" 200 77063 "https://www.afish-ka.ru/cinema/films/5893/" "Mozilla/5.0 AppleWebKit/537.36 (KHTML, like Gecko; compatible; GPTBot/1.3; +https://openai.com/gptbot)"
74.7.227.21 - - [16/Apr/2026:00:19:12 +0200] "GET /images/s/posters/5893.jpg HTTP/1.1" 200 16088 "https://www.afish-ka.ru/cinema/films/5893/" "Mozilla/5.0 AppleWebKit/537.36 (KHTML, like Gecko; compatible; GPTBot/1.3; +https://openai.com/gptbot)"
74.7.227.21 - - [16/Apr/2026:00:19:13 +0200] "GET /images/b/posters/5892.jpg HTTP/1.1" 200 47473 "https://www.afish-ka.ru/cinema/films/5892/" "Mozilla/5.0 AppleWebKit/537.36 (KHTML, like Gecko; compatible; GPTBot/1.3; +https://openai.com/gptbot)"
74.7.227.21 - - [16/Apr/2026:00:19:13 +0200] "GET /images/s/posters/5892.jpg HTTP/1.1" 200 8964 "https://www.afish-ka.ru/cinema/films/5892/" "Mozilla/5.0 AppleWebKit/537.36 (KHTML, like Gecko; compatible; GPTBot/1.3; +https://openai.com/gptbot)"
74.7.227.21 - - [16/Apr/2026:00:19:14 +0200] "GET /images/b/posters/5938.jpg HTTP/1.1" 200 104777 "https://www.afish-ka.ru/cinema/films/5938/" "Mozilla/5.0 AppleWebKit/537.36 (KHTML, like Gecko; compatible; GPTBot/1.3; +https://openai.com/gptbot)"
74.7.227.21 - - [16/Apr/2026:00:19:14 +0200] "GET /cinema/films/5869/ HTTP/1.1" 200 6623 "https://www.afish-ka.ru/06-06-2021/" "Mozilla/5.0 AppleWebKit/537.36 (KHTML, like Gecko; compatible; GPTBot/1.3; +https://openai.com/gptbot)"
52.167.144.172 - - [16/Apr/2026:00:19:15 +0200] "GET /night_club/11/opinions/ HTTP/1.1" 200 42949 "-" "Mozilla/5.0 AppleWebKit/537.36 (KHTML, like Gecko; compatible; bingbot/2.0; +http://www.bing.com/bingbot.htm) Chrome/116.0.1938.76 Safari/537.36"
74.7.227.21 - - [16/Apr/2026:00:19:15 +0200] "GET /cinema/films/5863/ HTTP/1.1" 200 6815 "https://www.afish-ka.ru/06-06-2021/" "Mozilla/5.0 AppleWebKit/537.36 (KHTML, like Gecko; compatible; GPTBot/1.3; +https://openai.com/gptbot)"
74.7.227.21 - - [16/Apr/2026:00:19:16 +0200] "GET /cinema/films/5963/ HTTP/1.1" 200 6618 "https://www.afish-ka.ru/13-09-2021/" "Mozilla/5.0 AppleWebKit/537.36 (KHTML, like Gecko; compatible; GPTBot/1.3; +https://openai.com/gptbot)"
213.180.203.239 - - [16/Apr/2026:00:19:16 +0200] "GET /robots.txt HTTP/1.1" 200 4354 "-" "Mozilla/5.0 (compatible; YandexBot/3.0; +http://yandex.com/bots)"
74.7.227.21 - - [16/Apr/2026:00:19:16 +0200] "GET /cinema/films/5894/ HTTP/1.1" 200 6690 "https://www.afish-ka.ru/17-06-2021/" "Mozilla/5.0 AppleWebKit/537.36 (KHTML, like Gecko; compatible; GPTBot/1.3; +https://openai.com/gptbot)"
74.7.227.21 - - [16/Apr/2026:00:19:17 +0200] "GET /cinema/films/5967/ HTTP/1.1" 200 6695 "https://www.afish-ka.ru/17-09-2021/" "Mozilla/5.0 AppleWebKit/537.36 (KHTML, like Gecko; compatible; GPTBot/1.3; +https://openai.com/gptbot)"
87.250.224.228 - - [16/Apr/2026:00:19:17 +0200] "GET /cinema/films/929/ HTTP/1.1" 200 11042 "-" "Mozilla/5.0 (compatible; YandexBot/3.0; +http://yandex.com/bots)"
74.7.227.21 - - [16/Apr/2026:00:19:17 +0200] "GET /cinema/films/5864/ HTTP/1.1" 200 6107 "https://www.afish-ka.ru/17-06-2021/" "Mozilla/5.0 AppleWebKit/537.36 (KHTML, like Gecko; compatible; GPTBot/1.3; +https://openai.com/gptbot)"
74.7.227.21 - - [16/Apr/2026:00:19:18 +0200] "GET /cinema/films/5861/ HTTP/1.1" 200 6892 "https://www.afish-ka.ru/17-06-2021/" "Mozilla/5.0 AppleWebKit/537.36 (KHTML, like Gecko; compatible; GPTBot/1.3; +https://openai.com/gptbot)"
178.20.235.164 - - [16/Apr/2026:00:19:19 +0200] "GET /exhibition/actions/1579 HTTP/1.1" 301 577 "-" "Mozilla/5.0 (Macintosh; Intel Mac OS X 10_15_7) AppleWebKit/605.1.15 (KHTML, like Gecko) Version/15.0 Safari/605.1.15"
74.7.227.21 - - [16/Apr/2026:00:19:19 +0200] "GET /cinema/films/5871/ HTTP/1.1" 200 6777 "https://www.afish-ka.ru/06-06-2021/" "Mozilla/5.0 AppleWebKit/537.36 (KHTML, like Gecko; compatible; GPTBot/1.3; +https://openai.com/gptbot)"
178.20.235.164 - - [16/Apr/2026:00:19:19 +0200] "GET /exhibition/actions/1579 HTTP/1.1" 200 7252 "-" "Mozilla/5.0 (Macintosh; Intel Mac OS X 10_13_6) AppleWebKit/605.1.15 (KHTML, like Gecko) Version/13.1.2 Safari/605.1.15"
74.7.227.21 - - [16/Apr/2026:00:19:19 +0200] "GET /03-06-2021/ HTTP/1.1" 200 10189 "https://www.afish-ka.ru/17-06-2021/" "Mozilla/5.0 AppleWebKit/537.36 (KHTML, like Gecko; compatible; GPTBot/1.3; +https://openai.com/gptbot)"
74.7.227.21 - - [16/Apr/2026:00:19:21 +0200] "GET /04-06-2021/ HTTP/1.1" 200 10141 "https://www.afish-ka.ru/17-06-2021/" "Mozilla/5.0 AppleWebKit/537.36 (KHTML, like Gecko; compatible; GPTBot/1.3; +https://openai.com/gptbot)"
74.7.227.21 - - [16/Apr/2026:00:19:21 +0200] "GET /17-05-2021/ HTTP/1.1" 200 9730 "https://www.afish-ka.ru/06-06-2021/" "Mozilla/5.0 AppleWebKit/537.36 (KHTML, like Gecko; compatible; GPTBot/1.3; +https://openai.com/gptbot)"
74.7.227.21 - - [16/Apr/2026:00:19:22 +0200] "GET /19-06-2021/ HTTP/1.1" 200 10518 "https://www.afish-ka.ru/17-06-2021/" "Mozilla/5.0 AppleWebKit/537.36 (KHTML, like Gecko; compatible; GPTBot/1.3; +https://openai.com/gptbot)"
74.7.227.21 - - [16/Apr/2026:00:19:22 +0200] "GET /27-06-2021/ HTTP/1.1" 200 9486 "https://www.afish-ka.ru/17-06-2021/" "Mozilla/5.0 AppleWebKit/537.36 (KHTML, like Gecko; compatible; GPTBot/1.3; +https://openai.com/gptbot)"
74.7.227.21 - - [16/Apr/2026:00:19:23 +0200] "GET /images/s/actions/5963_5.jpg HTTP/1.1" 200 6646 "https://www.afish-ka.ru/cinema/films/5963/" "Mozilla/5.0 AppleWebKit/537.36 (KHTML, like Gecko; compatible; GPTBot/1.3; +https://openai.com/gptbot)"
74.7.227.21 - - [16/Apr/2026:00:19:24 +0200] "GET /images/b/actions/5894_1.jpg HTTP/1.1" 200 56584 "https://www.afish-ka.ru/cinema/films/5894/" "Mozilla/5.0 AppleWebKit/537.36 (KHTML, like Gecko; compatible; GPTBot/1.3; +https://openai.com/gptbot)"
74.7.227.21 - - [16/Apr/2026:00:19:24 +0200] "GET /images/b/actions/5967_3.jpg HTTP/1.1" 200 61212 "https://www.afish-ka.ru/cinema/films/5967/" "Mozilla/5.0 AppleWebKit/537.36 (KHTML, like Gecko; compatible; GPTBot/1.3; +https://openai.com/gptbot)"
74.7.227.21 - - [16/Apr/2026:00:19:25 +0200] "GET /images/b/actions/5967_1.jpg HTTP/1.1" 200 55448 "https://www.afish-ka.ru/cinema/films/5967/" "Mozilla/5.0 AppleWebKit/537.36 (KHTML, like Gecko; compatible; GPTBot/1.3; +https://openai.com/gptbot)"
74.7.227.21 - - [16/Apr/2026:00:19:25 +0200] "GET /images/s/actions/5967_2.jpg HTTP/1.1" 200 6881 "https://www.afish-ka.ru/cinema/films/5967/" "Mozilla/5.0 AppleWebKit/537.36 (KHTML, like Gecko; compatible; GPTBot/1.3; +https://openai.com/gptbot)"
74.7.227.21 - - [16/Apr/2026:00:19:26 +0200] "GET /images/s/actions/5894_4.jpg HTTP/1.1" 200 6504 "https://www.afish-ka.ru/cinema/films/5894/" "Mozilla/5.0 AppleWebKit/537.36 (KHTML, like Gecko; compatible; GPTBot/1.3; +https://openai.com/gptbot)"
74.7.227.21 - - [16/Apr/2026:00:19:26 +0200] "GET /images/s/actions/5894_3.jpg HTTP/1.1" 200 5913 "https://www.afish-ka.ru/cinema/films/5894/" "Mozilla/5.0 AppleWebKit/537.36 (KHTML, like Gecko; compatible; GPTBot/1.3; +https://openai.com/gptbot)"
74.7.227.21 - - [16/Apr/2026:00:19:27 +0200] "GET /images/b/actions/5894_4.jpg HTTP/1.1" 200 58354 "https://www.afish-ka.ru/cinema/films/5894/" "Mozilla/5.0 AppleWebKit/537.36 (KHTML, like Gecko; compatible; GPTBot/1.3; +https://openai.com/gptbot)"
74.7.227.21 - - [16/Apr/2026:00:19:27 +0200] "GET /cinema/films/5860/ HTTP/1.1" 200 6726 "https://www.afish-ka.ru/17-05-2021/" "Mozilla/5.0 AppleWebKit/537.36 (KHTML, like Gecko; compatible; GPTBot/1.3; +https://openai.com/gptbot)"
74.7.227.21 - - [16/Apr/2026:00:19:28 +0200] "GET /cinema/films/5858/opinions/ HTTP/1.1" 200 5559 "https://www.afish-ka.ru/17-05-2021/" "Mozilla/5.0 AppleWebKit/537.36 (KHTML, like Gecko; compatible; GPTBot/1.3; +https://openai.com/gptbot)"
74.7.227.21 - - [16/Apr/2026:00:19:28 +0200] "GET /images/b/actions/5967_4.jpg HTTP/1.1" 200 69108 "https://www.afish-ka.ru/cinema/films/5967/" "Mozilla/5.0 AppleWebKit/537.36 (KHTML, like Gecko; compatible; GPTBot/1.3; +https://openai.com/gptbot)"
116.179.32.136 - - [16/Apr/2026:00:19:28 +0200] "GET /cinema/films/3723/opinions/add/?parent=33831 HTTP/1.1" 200 9587 "-" "Mozilla/5.0 (compatible; Baiduspider/2.0; +http://www.baidu.com/search/spider.html)"
74.7.227.21 - - [16/Apr/2026:00:19:29 +0200] "GET /images/s/actions/5963_3.jpg HTTP/1.1" 200 6070 "https://www.afish-ka.ru/cinema/films/5963/" "Mozilla/5.0 AppleWebKit/537.36 (KHTML, like Gecko; compatible; GPTBot/1.3; +https://openai.com/gptbot)"
92.222.104.218 - - [16/Apr/2026:00:19:29 +0200] "GET /cinema/films/809/opinions/add/?parent=7122 HTTP/1.1" 200 9539 "-" "Mozilla/5.0 (compatible; AhrefsBot/7.0; +http://ahrefs.com/robot/)"
74.7.227.21 - - [16/Apr/2026:00:19:29 +0200] "GET /images/s/actions/5967_5.jpg HTTP/1.1" 200 6178 "https://www.afish-ka.ru/cinema/films/5967/" "Mozilla/5.0 AppleWebKit/537.36 (KHTML, like Gecko; compatible; GPTBot/1.3; +https://openai.com/gptbot)"
178.20.235.164 - - [16/Apr/2026:00:19:30 +0200] "GET /cafe/73/opinions HTTP/1.1" 301 563 "-" "Mozilla/5.0 (Windows NT 6.1; WOW64) AppleWebKit/537.36 (KHTML, like Gecko) Chrome/54.0.2840.71 Safari/537.36"
178.20.235.164 - - [16/Apr/2026:00:19:30 +0200] "GET /cafe/73/opinions HTTP/1.1" 404 334 "-" "Mozilla/5.0 (Windows NT 6.1; WOW64) AppleWebKit/537.36 (KHTML, like Gecko) Chrome/54.0.2840.71 Safari/537.36"
74.7.227.21 - - [16/Apr/2026:00:19:30 +0200] "GET /images/b/actions/5894_3.jpg HTTP/1.1" 200 35325 "https://www.afish-ka.ru/cinema/films/5894/" "Mozilla/5.0 AppleWebKit/537.36 (KHTML, like Gecko; compatible; GPTBot/1.3; +https://openai.com/gptbot)"
74.7.227.21 - - [16/Apr/2026:00:19:31 +0200] "GET /images/b/actions/5967_5.jpg HTTP/1.1" 200 66343 "https://www.afish-ka.ru/cinema/films/5967/" "Mozilla/5.0 AppleWebKit/537.36 (KHTML, like Gecko; compatible; GPTBot/1.3; +https://openai.com/gptbot)"
74.7.227.21 - - [16/Apr/2026:00:19:31 +0200] "GET /images/s/actions/5894_5.jpg HTTP/1.1" 200 5337 "https://www.afish-ka.ru/cinema/films/5894/" "Mozilla/5.0 AppleWebKit/537.36 (KHTML, like Gecko; compatible; GPTBot/1.3; +https://openai.com/gptbot)"
74.7.227.21 - - [16/Apr/2026:00:19:32 +0200] "GET /images/s/actions/5894_2.jpg HTTP/1.1" 200 5715 "https://www.afish-ka.ru/cinema/films/5894/" "Mozilla/5.0 AppleWebKit/537.36 (KHTML, like Gecko; compatible; GPTBot/1.3; +https://openai.com/gptbot)"
74.7.227.21 - - [16/Apr/2026:00:19:32 +0200] "GET /images/s/actions/5967_4.jpg HTTP/1.1" 200 5941 "https://www.afish-ka.ru/cinema/films/5967/" "Mozilla/5.0 AppleWebKit/537.36 (KHTML, like Gecko; compatible; GPTBot/1.3; +https://openai.com/gptbot)"
74.7.227.21 - - [16/Apr/2026:00:19:33 +0200] "GET /images/b/actions/5963_1.jpg HTTP/1.1" 200 29577 "https://www.afish-ka.ru/cinema/films/5963/" "Mozilla/5.0 AppleWebKit/537.36 (KHTML, like Gecko; compatible; GPTBot/1.3; +https://openai.com/gptbot)"
74.7.227.21 - - [16/Apr/2026:00:19:33 +0200] "GET /images/b/actions/5860_5.jpg HTTP/1.1" 200 61692 "https://www.afish-ka.ru/cinema/films/5860/" "Mozilla/5.0 AppleWebKit/537.36 (KHTML, like Gecko; compatible; GPTBot/1.3; +https://openai.com/gptbot)"
149.232.131.243 - - [16/Apr/2026:00:19:33 +0200] "GET /16-03-2014 HTTP/1.1" 200 8436 "-" "Mozilla/5.0 (Macintosh; Intel Mac OS X 10_15_7) AppleWebKit/537.36 (KHTML, like Gecko) Chrome/144.0.0.0 Safari/537.36"
74.7.227.21 - - [16/Apr/2026:00:19:34 +0200] "GET /images/s/actions/5860_5.jpg HTTP/1.1" 200 6931 "https://www.afish-ka.ru/cinema/films/5860/" "Mozilla/5.0 AppleWebKit/537.36 (KHTML, like Gecko; compatible; GPTBot/1.3; +https://openai.com/gptbot)"
74.7.227.21 - - [16/Apr/2026:00:19:34 +0200] "GET /images/b/actions/5860_4.jpg HTTP/1.1" 200 54127 "https://www.afish-ka.ru/cinema/films/5860/" "Mozilla/5.0 AppleWebKit/537.36 (KHTML, like Gecko; compatible; GPTBot/1.3; +https://openai.com/gptbot)"
74.7.227.21 - - [16/Apr/2026:00:19:35 +0200] "GET /images/b/actions/5860_1.jpg HTTP/1.1" 200 54144 "https://www.afish-ka.ru/cinema/films/5860/" "Mozilla/5.0 AppleWebKit/537.36 (KHTML, like Gecko; compatible; GPTBot/1.3; +https://openai.com/gptbot)"
74.7.227.21 - - [16/Apr/2026:00:19:35 +0200] "GET /images/s/actions/5860_2.jpg HTTP/1.1" 200 6810 "https://www.afish-ka.ru/cinema/films/5860/" "Mozilla/5.0 AppleWebKit/537.36 (KHTML, like Gecko; compatible; GPTBot/1.3; +https://openai.com/gptbot)"
74.7.227.21 - - [16/Apr/2026:00:19:36 +0200] "GET /images/s/actions/5860_4.jpg HTTP/1.1" 200 6913 "https://www.afish-ka.ru/cinema/films/5860/" "Mozilla/5.0 AppleWebKit/537.36 (KHTML, like Gecko; compatible; GPTBot/1.3; +https://openai.com/gptbot)"
74.7.227.21 - - [16/Apr/2026:00:19:36 +0200] "GET /images/s/actions/5860_3.jpg HTTP/1.1" 200 6096 "https://www.afish-ka.ru/cinema/films/5860/" "Mozilla/5.0 AppleWebKit/537.36 (KHTML, like Gecko; compatible; GPTBot/1.3; +https://openai.com/gptbot)"
74.7.227.21 - - [16/Apr/2026:00:19:37 +0200] "GET /images/b/actions/5963_2.jpg HTTP/1.1" 200 46857 "https://www.afish-ka.ru/cinema/films/5963/" "Mozilla/5.0 AppleWebKit/537.36 (KHTML, like Gecko; compatible; GPTBot/1.3; +https://openai.com/gptbot)"
74.7.227.21 - - [16/Apr/2026:00:19:37 +0200] "GET /images/s/actions/5963_4.jpg HTTP/1.1" 200 4675 "https://www.afish-ka.ru/cinema/films/5963/" "Mozilla/5.0 AppleWebKit/537.36 (KHTML, like Gecko; compatible; GPTBot/1.3; +https://openai.com/gptbot)"
74.7.227.21 - - [16/Apr/2026:00:19:38 +0200] "GET /images/b/actions/5963_5.jpg HTTP/1.1" 200 58191 "https://www.afish-ka.ru/cinema/films/5963/" "Mozilla/5.0 AppleWebKit/537.36 (KHTML, like Gecko; compatible; GPTBot/1.3; +https://openai.com/gptbot)"
74.7.227.21 - - [16/Apr/2026:00:19:38 +0200] "GET /images/b/actions/5963_4.jpg HTTP/1.1" 200 37874 "https://www.afish-ka.ru/cinema/films/5963/" "Mozilla/5.0 AppleWebKit/537.36 (KHTML, like Gecko; compatible; GPTBot/1.3; +https://openai.com/gptbot)"
74.7.227.21 - - [16/Apr/2026:00:19:39 +0200] "GET /images/b/actions/5860_2.jpg HTTP/1.1" 200 76542 "https://www.afish-ka.ru/cinema/films/5860/" "Mozilla/5.0 AppleWebKit/537.36 (KHTML, like Gecko; compatible; GPTBot/1.3; +https://openai.com/gptbot)"
74.7.227.21 - - [16/Apr/2026:00:19:39 +0200] "GET /images/b/actions/5967_2.jpg HTTP/1.1" 200 74574 "https://www.afish-ka.ru/cinema/films/5967/" "Mozilla/5.0 AppleWebKit/537.36 (KHTML, like Gecko; compatible; GPTBot/1.3; +https://openai.com/gptbot)"
74.7.227.21 - - [16/Apr/2026:00:19:40 +0200] "GET /images/s/actions/5963_2.jpg HTTP/1.1" 200 5500 "https://www.afish-ka.ru/cinema/films/5963/" "Mozilla/5.0 AppleWebKit/537.36 (KHTML, like Gecko; compatible; GPTBot/1.3; +https://openai.com/gptbot)"
74.7.227.21 - - [16/Apr/2026:00:19:40 +0200] "GET /images/b/actions/5963_3.jpg HTTP/1.1" 200 53243 "https://www.afish-ka.ru/cinema/films/5963/" "Mozilla/5.0 AppleWebKit/537.36 (KHTML, like Gecko; compatible; GPTBot/1.3; +https://openai.com/gptbot)"
74.7.227.21 - - [16/Apr/2026:00:19:41 +0200] "GET /images/s/actions/5967_3.jpg HTTP/1.1" 200 6139 "https://www.afish-ka.ru/cinema/films/5967/" "Mozilla/5.0 AppleWebKit/537.36 (KHTML, like Gecko; compatible; GPTBot/1.3; +https://openai.com/gptbot)"
114.119.128.55 - - [16/Apr/2026:00:19:40 +0200] "GET /cinema/films/1751/opinions/ HTTP/1.1" 200 11621 "https://www.afish-ka.ru/11-09-2012/" "Mozilla/5.0 (Linux; Android 7.0;) AppleWebKit/537.36 (KHTML, like Gecko) Mobile Safari/537.36 (compatible; PetalBot;+https://webmaster.petalsearch.com/site/petalbot)"
74.7.227.21 - - [16/Apr/2026:00:19:41 +0200] "GET /images/b/actions/5894_5.jpg HTTP/1.1" 200 39077 "https://www.afish-ka.ru/cinema/films/5894/" "Mozilla/5.0 AppleWebKit/537.36 (KHTML, like Gecko; compatible; GPTBot/1.3; +https://openai.com/gptbot)"
74.7.227.21 - - [16/Apr/2026:00:19:42 +0200] "GET /images/b/actions/5860_3.jpg HTTP/1.1" 200 67083 "https://www.afish-ka.ru/cinema/films/5860/" "Mozilla/5.0 AppleWebKit/537.36 (KHTML, like Gecko; compatible; GPTBot/1.3; +https://openai.com/gptbot)"
74.7.227.21 - - [16/Apr/2026:00:19:43 +0200] "GET /images/b/posters/5967.jpg HTTP/1.1" 200 55812 "https://www.afish-ka.ru/cinema/films/5967/" "Mozilla/5.0 AppleWebKit/537.36 (KHTML, like Gecko; compatible; GPTBot/1.3; +https://openai.com/gptbot)"
74.7.227.21 - - [16/Apr/2026:00:19:43 +0200] "GET /images/s/posters/5860.jpg HTTP/1.1" 200 12282 "https://www.afish-ka.ru/cinema/films/5860/" "Mozilla/5.0 AppleWebKit/537.36 (KHTML, like Gecko; compatible; GPTBot/1.3; +https://openai.com/gptbot)"
74.7.227.21 - - [16/Apr/2026:00:19:44 +0200] "GET /images/s/posters/5963.jpg HTTP/1.1" 200 11404 "https://www.afish-ka.ru/cinema/films/5963/" "Mozilla/5.0 AppleWebKit/537.36 (KHTML, like Gecko; compatible; GPTBot/1.3; +https://openai.com/gptbot)"
74.7.227.21 - - [16/Apr/2026:00:19:44 +0200] "GET /images/b/posters/5860.jpg HTTP/1.1" 200 55786 "https://www.afish-ka.ru/cinema/films/5860/" "Mozilla/5.0 AppleWebKit/537.36 (KHTML, like Gecko; compatible; GPTBot/1.3; +https://openai.com/gptbot)"
74.7.227.21 - - [16/Apr/2026:00:19:45 +0200] "GET /images/b/posters/5963.jpg HTTP/1.1" 200 51935 "https://www.afish-ka.ru/cinema/films/5963/" "Mozilla/5.0 AppleWebKit/537.36 (KHTML, like Gecko; compatible; GPTBot/1.3; +https://openai.com/gptbot)"
74.7.227.21 - - [16/Apr/2026:00:19:45 +0200] "GET /images/s/posters/5967.jpg HTTP/1.1" 200 11873 "https://www.afish-ka.ru/cinema/films/5967/" "Mozilla/5.0 AppleWebKit/537.36 (KHTML, like Gecko; compatible; GPTBot/1.3; +https://openai.com/gptbot)"
74.7.227.21 - - [16/Apr/2026:00:19:46 +0200] "GET /cinema/films/5841/ HTTP/1.1" 200 6454 "https://www.afish-ka.ru/17-05-2021/" "Mozilla/5.0 AppleWebKit/537.36 (KHTML, like Gecko; compatible; GPTBot/1.3; +https://openai.com/gptbot)"
74.7.227.21 - - [16/Apr/2026:00:19:46 +0200] "GET /cinema/films/5842/ HTTP/1.1" 200 6936 "https://www.afish-ka.ru/17-05-2021/" "Mozilla/5.0 AppleWebKit/537.36 (KHTML, like Gecko; compatible; GPTBot/1.3; +https://openai.com/gptbot)"
74.7.227.21 - - [16/Apr/2026:00:19:47 +0200] "GET /cinema/films/5849/ HTTP/1.1" 200 6714 "https://www.afish-ka.ru/17-05-2021/" "Mozilla/5.0 AppleWebKit/537.36 (KHTML, like Gecko; compatible; GPTBot/1.3; +https://openai.com/gptbot)"
74.7.227.21 - - [16/Apr/2026:00:19:48 +0200] "GET /09-05-2021/ HTTP/1.1" 200 10973 "https://www.afish-ka.ru/17-05-2021/" "Mozilla/5.0 AppleWebKit/537.36 (KHTML, like Gecko; compatible; GPTBot/1.3; +https://openai.com/gptbot)"
74.7.227.21 - - [16/Apr/2026:00:19:48 +0200] "GET /29-04-2021/ HTTP/1.1" 200 13819 "https://www.afish-ka.ru/03-06-2021/" "Mozilla/5.0 AppleWebKit/537.36 (KHTML, like Gecko; compatible; GPTBot/1.3; +https://openai.com/gptbot)"
74.7.227.21 - - [16/Apr/2026:00:19:49 +0200] "GET /03-09-2021/ HTTP/1.1" 200 9251 "https://www.afish-ka.ru/17-09-2021/" "Mozilla/5.0 AppleWebKit/537.36 (KHTML, like Gecko; compatible; GPTBot/1.3; +https://openai.com/gptbot)"
74.7.227.21 - - [16/Apr/2026:00:19:49 +0200] "GET /08-07-2021/ HTTP/1.1" 200 11336 "https://www.afish-ka.ru/03-06-2021/" "Mozilla/5.0 AppleWebKit/537.36 (KHTML, like Gecko; compatible; GPTBot/1.3; +https://openai.com/gptbot)"
74.7.227.21 - - [16/Apr/2026:00:19:50 +0200] "GET /19-05-2021/ HTTP/1.1" 200 10073 "https://www.afish-ka.ru/06-06-2021/" "Mozilla/5.0 AppleWebKit/537.36 (KHTML, like Gecko; compatible; GPTBot/1.3; +https://openai.com/gptbot)"
74.7.227.21 - - [16/Apr/2026:00:19:51 +0200] "GET /27-05-2021/ HTTP/1.1" 200 10414 "https://www.afish-ka.ru/06-06-2021/" "Mozilla/5.0 AppleWebKit/537.36 (KHTML, like Gecko; compatible; GPTBot/1.3; +https://openai.com/gptbot)"
74.7.227.21 - - [16/Apr/2026:00:19:53 +0200] "GET /06-05-2021/ HTTP/1.1" 200 10981 "https://www.afish-ka.ru/17-05-2021/" "Mozilla/5.0 AppleWebKit/537.36 (KHTML, like Gecko; compatible; GPTBot/1.3; +https://openai.com/gptbot)"
74.7.227.21 - - [16/Apr/2026:00:19:53 +0200] "GET /24-07-2021/ HTTP/1.1" 200 9570 "https://www.afish-ka.ru/19-06-2021/" "Mozilla/5.0 AppleWebKit/537.36 (KHTML, like Gecko; compatible; GPTBot/1.3; +https://openai.com/gptbot)"
74.7.227.21 - - [16/Apr/2026:00:19:54 +0200] "GET /images/s/actions/5841_4.jpg HTTP/1.1" 200 7158 "https://www.afish-ka.ru/cinema/films/5841/" "Mozilla/5.0 AppleWebKit/537.36 (KHTML, like Gecko; compatible; GPTBot/1.3; +https://openai.com/gptbot)"
74.7.227.21 - - [16/Apr/2026:00:19:55 +0200] "GET /images/s/actions/5842_3.jpg HTTP/1.1" 200 7354 "https://www.afish-ka.ru/cinema/films/5842/" "Mozilla/5.0 AppleWebKit/537.36 (KHTML, like Gecko; compatible; GPTBot/1.3; +https://openai.com/gptbot)"
74.7.227.21 - - [16/Apr/2026:00:19:56 +0200] "GET /images/s/actions/5849_5.jpg HTTP/1.1" 200 3728 "https://www.afish-ka.ru/cinema/films/5849/" "Mozilla/5.0 AppleWebKit/537.36 (KHTML, like Gecko; compatible; GPTBot/1.3; +https://openai.com/gptbot)"
74.7.227.21 - - [16/Apr/2026:00:19:56 +0200] "GET /19-04-2021/ HTTP/1.1" 200 10104 "https://www.afish-ka.ru/09-05-2021/" "Mozilla/5.0 AppleWebKit/537.36 (KHTML, like Gecko; compatible; GPTBot/1.3; +https://openai.com/gptbot)"
74.7.227.21 - - [16/Apr/2026:00:19:57 +0200] "GET /images/s/actions/5849_4.jpg HTTP/1.1" 200 4289 "https://www.afish-ka.ru/cinema/films/5849/" "Mozilla/5.0 AppleWebKit/537.36 (KHTML, like Gecko; compatible; GPTBot/1.3; +https://openai.com/gptbot)"
74.7.227.21 - - [16/Apr/2026:00:19:57 +0200] "GET /images/s/actions/5842_5.jpg HTTP/1.1" 200 7212 "https://www.afish-ka.ru/cinema/films/5842/" "Mozilla/5.0 AppleWebKit/537.36 (KHTML, like Gecko; compatible; GPTBot/1.3; +https://openai.com/gptbot)"
74.7.227.21 - - [16/Apr/2026:00:19:58 +0200] "GET /cinema/films/5904/ HTTP/1.1" 200 6625 "https://www.afish-ka.ru/08-07-2021/" "Mozilla/5.0 AppleWebKit/537.36 (KHTML, like Gecko; compatible; GPTBot/1.3; +https://openai.com/gptbot)"
74.7.227.21 - - [16/Apr/2026:00:19:58 +0200] "GET /images/b/actions/5842_2.jpg HTTP/1.1" 200 65286 "https://www.afish-ka.ru/cinema/films/5842/" "Mozilla/5.0 AppleWebKit/537.36 (KHTML, like Gecko; compatible; GPTBot/1.3; +https://openai.com/gptbot)"
74.7.227.21 - - [16/Apr/2026:00:19:59 +0200] "GET /cinema/films/5862/ HTTP/1.1" 200 6896 "https://www.afish-ka.ru/27-05-2021/" "Mozilla/5.0 AppleWebKit/537.36 (KHTML, like Gecko; compatible; GPTBot/1.3; +https://openai.com/gptbot)"
