74.7.227.21 - - [16/Apr/2026:01:11:01 +0200] "GET /cafe/actions/2299/ HTTP/1.1" 200 5901 "https://www.afish-ka.ru/07-10-2012/" "Mozilla/5.0 AppleWebKit/537.36 (KHTML, like Gecko; compatible; GPTBot/1.3; +https://openai.com/gptbot)"
74.7.227.21 - - [16/Apr/2026:01:11:02 +0200] "GET /images/s/actions/1236_1.jpg HTTP/1.1" 200 5539 "https://www.afish-ka.ru/27-11-2010/" "Mozilla/5.0 AppleWebKit/537.36 (KHTML, like Gecko; compatible; GPTBot/1.3; +https://openai.com/gptbot)"
74.7.227.21 - - [16/Apr/2026:01:11:02 +0200] "GET /images/s/actions/1269_1.jpg HTTP/1.1" 200 6322 "https://www.afish-ka.ru/27-11-2010/" "Mozilla/5.0 AppleWebKit/537.36 (KHTML, like Gecko; compatible; GPTBot/1.3; +https://openai.com/gptbot)"
74.7.227.21 - - [16/Apr/2026:01:11:03 +0200] "GET /cinema/films/1269/ HTTP/1.1" 200 6519 "https://www.afish-ka.ru/27-11-2010/" "Mozilla/5.0 AppleWebKit/537.36 (KHTML, like Gecko; compatible; GPTBot/1.3; +https://openai.com/gptbot)"
74.7.227.21 - - [16/Apr/2026:01:11:03 +0200] "GET /02-08-2006/ HTTP/1.1" 200 6141 "https://www.afish-ka.ru/17-08-2006/" "Mozilla/5.0 AppleWebKit/537.36 (KHTML, like Gecko; compatible; GPTBot/1.3; +https://openai.com/gptbot)"
74.7.227.21 - - [16/Apr/2026:01:11:04 +0200] "GET /21-11-2016/ HTTP/1.1" 200 10462 "https://www.afish-ka.ru/09-12-2016/" "Mozilla/5.0 AppleWebKit/537.36 (KHTML, like Gecko; compatible; GPTBot/1.3; +https://openai.com/gptbot)"
186.159.174.182 - - [16/Apr/2026:01:11:04 +0200] "GET /links.php?go=https://lukamodriccz.biz HTTP/1.1" 404 4127 "https://www.afish-ka.ru/" "Mozilla/5.0 (Macintosh; Intel Mac OS X 10_15_7) AppleWebKit/605.1.15 (KHTML, like Gecko) Version/17.0 Safari/605.1.15"
220.181.108.80 - - [16/Apr/2026:01:11:05 +0200] "GET /images/b/actions/6044_4.jpg HTTP/1.1" 200 49308 "-" "Baiduspider-image+(+http://www.baidu.com/search/spider.htm)"
85.208.96.194 - - [16/Apr/2026:01:11:04 +0200] "GET /restaurant/15/opinions/add/?parent=28341 HTTP/1.1" 200 9511 "-" "Mozilla/5.0 (compatible; SemrushBot/7~bl; +http://www.semrush.com/bot.html)"
74.7.227.21 - - [16/Apr/2026:01:11:04 +0200] "GET /10-05-2021/ HTTP/1.1" 200 10964 "https://www.afish-ka.ru/17-05-2021/" "Mozilla/5.0 AppleWebKit/537.36 (KHTML, like Gecko; compatible; GPTBot/1.3; +https://openai.com/gptbot)"
74.7.227.21 - - [16/Apr/2026:01:11:05 +0200] "GET /28-01-2008/ HTTP/1.1" 200 7005 "https://www.afish-ka.ru/13-02-2008/" "Mozilla/5.0 AppleWebKit/537.36 (KHTML, like Gecko; compatible; GPTBot/1.3; +https://openai.com/gptbot)"
74.7.227.21 - - [16/Apr/2026:01:11:06 +0200] "GET /21-10-2010/ HTTP/1.1" 200 9218 "https://www.afish-ka.ru/16-09-2010/" "Mozilla/5.0 AppleWebKit/537.36 (KHTML, like Gecko; compatible; GPTBot/1.3; +https://openai.com/gptbot)"
74.7.227.21 - - [16/Apr/2026:01:11:06 +0200] "GET /21-05-2015/ HTTP/1.1" 200 8429 "https://www.afish-ka.ru/25-06-2015/" "Mozilla/5.0 AppleWebKit/537.36 (KHTML, like Gecko; compatible; GPTBot/1.3; +https://openai.com/gptbot)"
74.7.227.21 - - [16/Apr/2026:01:11:07 +0200] "GET /02-01-2012/ HTTP/1.1" 200 8722 "https://www.afish-ka.ru/cinema/films/1801/" "Mozilla/5.0 AppleWebKit/537.36 (KHTML, like Gecko; compatible; GPTBot/1.3; +https://openai.com/gptbot)"
74.7.227.21 - - [16/Apr/2026:01:11:07 +0200] "GET /13-01-2013/ HTTP/1.1" 200 9474 "https://www.afish-ka.ru/26-01-2013/" "Mozilla/5.0 AppleWebKit/537.36 (KHTML, like Gecko; compatible; GPTBot/1.3; +https://openai.com/gptbot)"
74.7.227.21 - - [16/Apr/2026:01:11:08 +0200] "GET /12-11-2018/ HTTP/1.1" 200 11882 "https://www.afish-ka.ru/06-11-2018/" "Mozilla/5.0 AppleWebKit/537.36 (KHTML, like Gecko; compatible; GPTBot/1.3; +https://openai.com/gptbot)"
74.7.227.21 - - [16/Apr/2026:01:11:08 +0200] "GET /22-04-2006/ HTTP/1.1" 200 6525 "https://www.afish-ka.ru/27-05-2006/" "Mozilla/5.0 AppleWebKit/537.36 (KHTML, like Gecko; compatible; GPTBot/1.3; +https://openai.com/gptbot)"
74.7.227.21 - - [16/Apr/2026:01:11:09 +0200] "GET /images/b/actions/1269_1.jpg HTTP/1.1" 200 41702 "https://www.afish-ka.ru/cinema/films/1269/" "Mozilla/5.0 AppleWebKit/537.36 (KHTML, like Gecko; compatible; GPTBot/1.3; +https://openai.com/gptbot)"
74.7.227.21 - - [16/Apr/2026:01:11:09 +0200] "GET /22-07-2007/ HTTP/1.1" 200 6708 "https://www.afish-ka.ru/15-07-2007/" "Mozilla/5.0 AppleWebKit/537.36 (KHTML, like Gecko; compatible; GPTBot/1.3; +https://openai.com/gptbot)"
74.7.227.21 - - [16/Apr/2026:01:11:10 +0200] "GET /09-03-2020/ HTTP/1.1" 200 8911 "https://www.afish-ka.ru/05-03-2020/" "Mozilla/5.0 AppleWebKit/537.36 (KHTML, like Gecko; compatible; GPTBot/1.3; +https://openai.com/gptbot)"
74.7.227.21 - - [16/Apr/2026:01:11:11 +0200] "GET /07-10-2021/ HTTP/1.1" 200 9665 "https://www.afish-ka.ru/28-09-2021/" "Mozilla/5.0 AppleWebKit/537.36 (KHTML, like Gecko; compatible; GPTBot/1.3; +https://openai.com/gptbot)"
74.7.227.21 - - [16/Apr/2026:01:11:11 +0200] "GET /15-01-2011/ HTTP/1.1" 200 9559 "https://www.afish-ka.ru/23-01-2011/" "Mozilla/5.0 AppleWebKit/537.36 (KHTML, like Gecko; compatible; GPTBot/1.3; +https://openai.com/gptbot)"
74.7.227.21 - - [16/Apr/2026:01:11:13 +0200] "GET /30-10-2009/ HTTP/1.1" 200 7518 "https://www.afish-ka.ru/10-11-2009/" "Mozilla/5.0 AppleWebKit/537.36 (KHTML, like Gecko; compatible; GPTBot/1.3; +https://openai.com/gptbot)"
74.7.227.21 - - [16/Apr/2026:01:11:13 +0200] "GET /13-03-2021/ HTTP/1.1" 200 10134 "https://www.afish-ka.ru/25-03-2021/" "Mozilla/5.0 AppleWebKit/537.36 (KHTML, like Gecko; compatible; GPTBot/1.3; +https://openai.com/gptbot)"
74.7.227.21 - - [16/Apr/2026:01:11:14 +0200] "GET /08-03-2009/ HTTP/1.1" 200 7177 "https://www.afish-ka.ru/12-04-2009/" "Mozilla/5.0 AppleWebKit/537.36 (KHTML, like Gecko; compatible; GPTBot/1.3; +https://openai.com/gptbot)"
74.7.227.21 - - [16/Apr/2026:01:11:14 +0200] "GET /images/s/actions/2507_1.jpg HTTP/1.1" 200 7840 "https://www.afish-ka.ru/13-01-2013/" "Mozilla/5.0 AppleWebKit/537.36 (KHTML, like Gecko; compatible; GPTBot/1.3; +https://openai.com/gptbot)"
74.7.227.21 - - [16/Apr/2026:01:11:15 +0200] "GET /theater/actions/5081/ HTTP/1.1" 200 6673 "https://www.afish-ka.ru/12-11-2018/" "Mozilla/5.0 AppleWebKit/537.36 (KHTML, like Gecko; compatible; GPTBot/1.3; +https://openai.com/gptbot)"
185.191.171.2 - - [16/Apr/2026:01:11:15 +0200] "GET /cinema/films/4401/opinions/add/?parent=41335 HTTP/1.1" 200 9523 "-" "Mozilla/5.0 (compatible; SemrushBot/7~bl; +http://www.semrush.com/bot.html)"
74.7.227.21 - - [16/Apr/2026:01:11:16 +0200] "GET /01-11-2017/ HTTP/1.1" 200 10345 "https://www.afish-ka.ru/cinema/films/4596/" "Mozilla/5.0 AppleWebKit/537.36 (KHTML, like Gecko; compatible; GPTBot/1.3; +https://openai.com/gptbot)"
74.7.227.21 - - [16/Apr/2026:01:11:16 +0200] "GET /04-02-2011/ HTTP/1.1" 200 9448 "https://www.afish-ka.ru/14-02-2011/" "Mozilla/5.0 AppleWebKit/537.36 (KHTML, like Gecko; compatible; GPTBot/1.3; +https://openai.com/gptbot)"
74.7.227.21 - - [16/Apr/2026:01:11:17 +0200] "GET /22-03-2007/ HTTP/1.1" 200 6454 "https://www.afish-ka.ru/26-04-2007/" "Mozilla/5.0 AppleWebKit/537.36 (KHTML, like Gecko; compatible; GPTBot/1.3; +https://openai.com/gptbot)"
85.208.96.198 - - [16/Apr/2026:01:11:17 +0200] "GET /20-11-2010/ HTTP/1.1" 200 11916 "-" "Mozilla/5.0 (compatible; SemrushBot/7~bl; +http://www.semrush.com/bot.html)"
74.7.227.21 - - [16/Apr/2026:01:11:17 +0200] "GET /13-04-2020/ HTTP/1.1" 200 5846 "https://www.afish-ka.ru/09-03-2020/" "Mozilla/5.0 AppleWebKit/537.36 (KHTML, like Gecko; compatible; GPTBot/1.3; +https://openai.com/gptbot)"
74.7.227.21 - - [16/Apr/2026:01:11:18 +0200] "GET /21-09-2019/ HTTP/1.1" 200 9758 "https://www.afish-ka.ru/04-09-2019/" "Mozilla/5.0 AppleWebKit/537.36 (KHTML, like Gecko; compatible; GPTBot/1.3; +https://openai.com/gptbot)"
74.7.227.21 - - [16/Apr/2026:01:11:19 +0200] "GET /28-08-2011/ HTTP/1.1" 200 8186 "https://www.afish-ka.ru/19-08-2011/" "Mozilla/5.0 AppleWebKit/537.36 (KHTML, like Gecko; compatible; GPTBot/1.3; +https://openai.com/gptbot)"
74.7.227.21 - - [16/Apr/2026:01:11:19 +0200] "GET /09-02-2011/ HTTP/1.1" 200 9130 "https://www.afish-ka.ru/14-02-2011/" "Mozilla/5.0 AppleWebKit/537.36 (KHTML, like Gecko; compatible; GPTBot/1.3; +https://openai.com/gptbot)"
74.7.227.21 - - [16/Apr/2026:01:11:20 +0200] "GET /30-01-2012/ HTTP/1.1" 200 8326 "https://www.afish-ka.ru/08-02-2012/" "Mozilla/5.0 AppleWebKit/537.36 (KHTML, like Gecko; compatible; GPTBot/1.3; +https://openai.com/gptbot)"
74.7.227.21 - - [16/Apr/2026:01:11:20 +0200] "GET /19-01-2010/ HTTP/1.1" 200 7820 "https://www.afish-ka.ru/29-01-2010/" "Mozilla/5.0 AppleWebKit/537.36 (KHTML, like Gecko; compatible; GPTBot/1.3; +https://openai.com/gptbot)"
74.7.227.21 - - [16/Apr/2026:01:11:21 +0200] "GET /06-08-2006/ HTTP/1.1" 200 6499 "https://www.afish-ka.ru/17-08-2006/" "Mozilla/5.0 AppleWebKit/537.36 (KHTML, like Gecko; compatible; GPTBot/1.3; +https://openai.com/gptbot)"
74.7.227.21 - - [16/Apr/2026:01:11:22 +0200] "GET /08-03-2008/ HTTP/1.1" 200 6913 "https://www.afish-ka.ru/14-03-2008/" "Mozilla/5.0 AppleWebKit/537.36 (KHTML, like Gecko; compatible; GPTBot/1.3; +https://openai.com/gptbot)"
74.7.227.21 - - [16/Apr/2026:01:11:22 +0200] "GET /02-06-2021/ HTTP/1.1" 200 10572 "https://www.afish-ka.ru/17-06-2021/" "Mozilla/5.0 AppleWebKit/537.36 (KHTML, like Gecko; compatible; GPTBot/1.3; +https://openai.com/gptbot)"
74.7.227.21 - - [16/Apr/2026:01:11:23 +0200] "GET /02-01-2016/ HTTP/1.1" 200 9980 "https://www.afish-ka.ru/09-01-2016/" "Mozilla/5.0 AppleWebKit/537.36 (KHTML, like Gecko; compatible; GPTBot/1.3; +https://openai.com/gptbot)"
74.7.227.21 - - [16/Apr/2026:01:11:27 +0200] "GET /20-05-2006/ HTTP/1.1" 200 6507 "https://www.afish-ka.ru/24-06-2006/" "Mozilla/5.0 AppleWebKit/537.36 (KHTML, like Gecko; compatible; GPTBot/1.3; +https://openai.com/gptbot)"
74.7.227.21 - - [16/Apr/2026:01:11:27 +0200] "GET /18-05-2020/ HTTP/1.1" 200 5849 "https://www.afish-ka.ru/13-04-2020/" "Mozilla/5.0 AppleWebKit/537.36 (KHTML, like Gecko; compatible; GPTBot/1.3; +https://openai.com/gptbot)"
74.7.227.21 - - [16/Apr/2026:01:11:28 +0200] "GET /01-02-2015/ HTTP/1.1" 200 10417 "https://www.afish-ka.ru/14-02-2015/" "Mozilla/5.0 AppleWebKit/537.36 (KHTML, like Gecko; compatible; GPTBot/1.3; +https://openai.com/gptbot)"
74.7.230.53 - - [16/Apr/2026:01:11:30 +0200] "GET /robots.txt HTTP/1.1" 200 420 "-" "Mozilla/5.0 (Macintosh; Intel Mac OS X 10_15_7) AppleWebKit/537.36 (KHTML, like Gecko) Chrome/131.0.0.0 Safari/537.36; compatible; OAI-SearchBot/1.3; robots.txt; +https://openai.com/searchbot"
85.208.96.193 - - [16/Apr/2026:01:11:29 +0200] "GET /cinema/films/4933/opinions/ HTTP/1.1" 200 9317 "-" "Mozilla/5.0 (compatible; SemrushBot/7~bl; +http://www.semrush.com/bot.html)"
74.7.227.21 - - [16/Apr/2026:01:11:29 +0200] "GET /24-02-2008/ HTTP/1.1" 200 7294 "https://www.afish-ka.ru/19-02-2008/" "Mozilla/5.0 AppleWebKit/537.36 (KHTML, like Gecko; compatible; GPTBot/1.3; +https://openai.com/gptbot)"
74.7.227.21 - - [16/Apr/2026:01:11:30 +0200] "GET /21-07-2021/ HTTP/1.1" 200 10482 "https://www.afish-ka.ru/08-07-2021/" "Mozilla/5.0 AppleWebKit/537.36 (KHTML, like Gecko; compatible; GPTBot/1.3; +https://openai.com/gptbot)"
74.7.227.21 - - [16/Apr/2026:01:11:31 +0200] "GET /09-06-2009/ HTTP/1.1" 200 7429 "https://www.afish-ka.ru/14-07-2009/" "Mozilla/5.0 AppleWebKit/537.36 (KHTML, like Gecko; compatible; GPTBot/1.3; +https://openai.com/gptbot)"
74.7.227.21 - - [16/Apr/2026:01:11:31 +0200] "GET /14-11-2011/ HTTP/1.1" 200 7906 "https://www.afish-ka.ru/05-11-2011/" "Mozilla/5.0 AppleWebKit/537.36 (KHTML, like Gecko; compatible; GPTBot/1.3; +https://openai.com/gptbot)"
74.7.227.21 - - [16/Apr/2026:01:11:32 +0200] "GET /03-10-2012/ HTTP/1.1" 200 9286 "https://www.afish-ka.ru/17-09-2012/" "Mozilla/5.0 AppleWebKit/537.36 (KHTML, like Gecko; compatible; GPTBot/1.3; +https://openai.com/gptbot)"
74.7.227.21 - - [16/Apr/2026:01:11:33 +0200] "GET /11-10-2007/ HTTP/1.1" 200 6984 "https://www.afish-ka.ru/15-11-2007/" "Mozilla/5.0 AppleWebKit/537.36 (KHTML, like Gecko; compatible; GPTBot/1.3; +https://openai.com/gptbot)"
74.7.227.21 - - [16/Apr/2026:01:11:33 +0200] "GET /22-10-2009/ HTTP/1.1" 200 8185 "https://www.afish-ka.ru/31-10-2009/" "Mozilla/5.0 AppleWebKit/537.36 (KHTML, like Gecko; compatible; GPTBot/1.3; +https://openai.com/gptbot)"
74.7.227.21 - - [16/Apr/2026:01:11:34 +0200] "GET /19-02-2022/ HTTP/1.1" 200 9866 "https://www.afish-ka.ru/17-02-2022/" "Mozilla/5.0 AppleWebKit/537.36 (KHTML, like Gecko; compatible; GPTBot/1.3; +https://openai.com/gptbot)"
74.7.227.21 - - [16/Apr/2026:01:11:35 +0200] "GET /14-10-2010/ HTTP/1.1" 200 8350 "https://www.afish-ka.ru/28-09-2010/" "Mozilla/5.0 AppleWebKit/537.36 (KHTML, like Gecko; compatible; GPTBot/1.3; +https://openai.com/gptbot)"
74.7.227.21 - - [16/Apr/2026:01:11:36 +0200] "GET /01-10-2008/ HTTP/1.1" 200 7861 "https://www.afish-ka.ru/13-10-2008/" "Mozilla/5.0 AppleWebKit/537.36 (KHTML, like Gecko; compatible; GPTBot/1.3; +https://openai.com/gptbot)"
185.191.171.12 - - [16/Apr/2026:01:11:36 +0200] "GET /cinema/films/247.html HTTP/1.1" 200 11746 "-" "Mozilla/5.0 (compatible; SemrushBot/7~bl; +http://www.semrush.com/bot.html)"
74.7.227.21 - - [16/Apr/2026:01:11:36 +0200] "GET /29-10-2020/ HTTP/1.1" 200 10181 "https://www.afish-ka.ru/cinema/films/5678/" "Mozilla/5.0 AppleWebKit/537.36 (KHTML, like Gecko; compatible; GPTBot/1.3; +https://openai.com/gptbot)"
74.7.227.21 - - [16/Apr/2026:01:11:37 +0200] "GET /10-11-2018/ HTTP/1.1" 200 11991 "https://www.afish-ka.ru/06-11-2018/" "Mozilla/5.0 AppleWebKit/537.36 (KHTML, like Gecko; compatible; GPTBot/1.3; +https://openai.com/gptbot)"
185.191.171.9 - - [16/Apr/2026:01:11:38 +0200] "GET /cinema/films/2170/opinions/ HTTP/1.1" 200 9620 "-" "Mozilla/5.0 (compatible; SemrushBot/7~bl; +http://www.semrush.com/bot.html)"
74.7.227.21 - - [16/Apr/2026:01:11:37 +0200] "GET /10-06-2016/ HTTP/1.1" 200 9541 "https://www.afish-ka.ru/29-05-2016/" "Mozilla/5.0 AppleWebKit/537.36 (KHTML, like Gecko; compatible; GPTBot/1.3; +https://openai.com/gptbot)"
74.7.227.21 - - [16/Apr/2026:01:11:39 +0200] "GET /27-03-2020/ HTTP/1.1" 200 9456 "https://www.afish-ka.ru/16-03-2020/" "Mozilla/5.0 AppleWebKit/537.36 (KHTML, like Gecko; compatible; GPTBot/1.3; +https://openai.com/gptbot)"
74.7.227.21 - - [16/Apr/2026:01:11:39 +0200] "GET /04-10-2022/ HTTP/1.1" 200 5846 "https://www.afish-ka.ru/30-08-2022/" "Mozilla/5.0 AppleWebKit/537.36 (KHTML, like Gecko; compatible; GPTBot/1.3; +https://openai.com/gptbot)"
74.7.227.21 - - [16/Apr/2026:01:11:40 +0200] "GET /07-01-2021/ HTTP/1.1" 200 9071 "https://www.afish-ka.ru/29-12-2020/" "Mozilla/5.0 AppleWebKit/537.36 (KHTML, like Gecko; compatible; GPTBot/1.3; +https://openai.com/gptbot)"
74.7.227.21 - - [16/Apr/2026:01:11:41 +0200] "GET /06-11-2011/ HTTP/1.1" 200 8617 "https://www.afish-ka.ru/22-10-2011/" "Mozilla/5.0 AppleWebKit/537.36 (KHTML, like Gecko; compatible; GPTBot/1.3; +https://openai.com/gptbot)"
74.7.227.21 - - [16/Apr/2026:01:11:42 +0200] "GET /21-04-2010/ HTTP/1.1" 200 8953 "https://www.afish-ka.ru/26-05-2010/" "Mozilla/5.0 AppleWebKit/537.36 (KHTML, like Gecko; compatible; GPTBot/1.3; +https://openai.com/gptbot)"
74.7.227.21 - - [16/Apr/2026:01:11:43 +0200] "GET /11-04-2011/ HTTP/1.1" 200 8731 "https://www.afish-ka.ru/07-03-2011/" "Mozilla/5.0 AppleWebKit/537.36 (KHTML, like Gecko; compatible; GPTBot/1.3; +https://openai.com/gptbot)"
92.222.108.116 - - [16/Apr/2026:01:11:43 +0200] "GET /cinema/films/82/opinions/ HTTP/1.1" 200 10414 "-" "Mozilla/5.0 (compatible; AhrefsBot/7.0; +http://ahrefs.com/robot/)"
185.191.171.7 - - [16/Apr/2026:01:11:43 +0200] "GET /links.php?go=http%3A%2F%2Ffootballpredictiomom.cdw-online.com%2Ftips HTTP/1.1" 200 9610 "-" "Mozilla/5.0 (compatible; SemrushBot/7~bl; +http://www.semrush.com/bot.html)"
74.7.227.21 - - [16/Apr/2026:01:11:43 +0200] "GET /01-10-2021/ HTTP/1.1" 200 11684 "https://www.afish-ka.ru/28-09-2021/" "Mozilla/5.0 AppleWebKit/537.36 (KHTML, like Gecko; compatible; GPTBot/1.3; +https://openai.com/gptbot)"
74.7.227.21 - - [16/Apr/2026:01:11:45 +0200] "GET /images/s/actions/446_1.jpg HTTP/1.1" 200 6198 "https://www.afish-ka.ru/01-10-2008/" "Mozilla/5.0 AppleWebKit/537.36 (KHTML, like Gecko; compatible; GPTBot/1.3; +https://openai.com/gptbot)"
74.7.227.21 - - [16/Apr/2026:01:11:45 +0200] "GET /10-03-2020/ HTTP/1.1" 200 8906 "https://www.afish-ka.ru/05-03-2020/" "Mozilla/5.0 AppleWebKit/537.36 (KHTML, like Gecko; compatible; GPTBot/1.3; +https://openai.com/gptbot)"
74.7.227.21 - - [16/Apr/2026:01:11:46 +0200] "GET /images/s/actions/5083_1.jpg HTTP/1.1" 200 7673 "https://www.afish-ka.ru/10-11-2018/" "Mozilla/5.0 AppleWebKit/537.36 (KHTML, like Gecko; compatible; GPTBot/1.3; +https://openai.com/gptbot)"
74.7.227.21 - - [16/Apr/2026:01:11:47 +0200] "GET /theater/actions/5083/ HTTP/1.1" 200 6259 "https://www.afish-ka.ru/10-11-2018/" "Mozilla/5.0 AppleWebKit/537.36 (KHTML, like Gecko; compatible; GPTBot/1.3; +https://openai.com/gptbot)"
74.7.227.21 - - [16/Apr/2026:01:11:47 +0200] "GET /02-12-2009/ HTTP/1.1" 200 7788 "https://www.afish-ka.ru/08-12-2009/" "Mozilla/5.0 AppleWebKit/537.36 (KHTML, like Gecko; compatible; GPTBot/1.3; +https://openai.com/gptbot)"
74.7.227.21 - - [16/Apr/2026:01:11:48 +0200] "GET /06-05-2006/ HTTP/1.1" 200 6429 "https://www.afish-ka.ru/14-05-2006/" "Mozilla/5.0 AppleWebKit/537.36 (KHTML, like Gecko; compatible; GPTBot/1.3; +https://openai.com/gptbot)"
74.7.227.21 - - [16/Apr/2026:01:11:48 +0200] "GET /09-03-2007/ HTTP/1.1" 200 6126 "https://www.afish-ka.ru/13-04-2007/" "Mozilla/5.0 AppleWebKit/537.36 (KHTML, like Gecko; compatible; GPTBot/1.3; +https://openai.com/gptbot)"
74.7.227.21 - - [16/Apr/2026:01:11:49 +0200] "GET /images/s/actions/1770_1.jpg HTTP/1.1" 200 8023 "https://www.afish-ka.ru/06-11-2011/" "Mozilla/5.0 AppleWebKit/537.36 (KHTML, like Gecko; compatible; GPTBot/1.3; +https://openai.com/gptbot)"
74.7.227.21 - - [16/Apr/2026:01:11:50 +0200] "GET /12-03-2013/ HTTP/1.1" 200 13257 "https://www.afish-ka.ru/18-03-2013/" "Mozilla/5.0 AppleWebKit/537.36 (KHTML, like Gecko; compatible; GPTBot/1.3; +https://openai.com/gptbot)"
43.159.136.26 - - [16/Apr/2026:01:11:50 +0200] "GET /cinema/films/1123/opinions/cinema/films/1123/cinema/films/1123/opinions/add/ HTTP/1.1" 200 8090 "-" "Mozilla/5.0 (Macintosh; Intel Mac OS X 10_15_7) AppleWebKit/537.36 (KHTML, like Gecko) Chrome/142.0.0.0 Safari/537.36"
74.7.227.21 - - [16/Apr/2026:01:11:50 +0200] "GET /20-12-2016/ HTTP/1.1" 200 9501 "https://www.afish-ka.ru/19-12-2016/" "Mozilla/5.0 AppleWebKit/537.36 (KHTML, like Gecko; compatible; GPTBot/1.3; +https://openai.com/gptbot)"
74.7.227.21 - - [16/Apr/2026:01:11:51 +0200] "GET /04-01-2009/ HTTP/1.1" 200 7501 "https://www.afish-ka.ru/13-01-2009/" "Mozilla/5.0 AppleWebKit/537.36 (KHTML, like Gecko; compatible; GPTBot/1.3; +https://openai.com/gptbot)"
74.7.227.21 - - [16/Apr/2026:01:11:51 +0200] "GET /01-03-2013/ HTTP/1.1" 200 9572 "https://www.afish-ka.ru/26-02-2013/" "Mozilla/5.0 AppleWebKit/537.36 (KHTML, like Gecko; compatible; GPTBot/1.3; +https://openai.com/gptbot)"
74.7.227.21 - - [16/Apr/2026:01:11:52 +0200] "GET /12-04-2010/ HTTP/1.1" 200 8305 "https://www.afish-ka.ru/17-05-2010/" "Mozilla/5.0 AppleWebKit/537.36 (KHTML, like Gecko; compatible; GPTBot/1.3; +https://openai.com/gptbot)"
74.7.227.21 - - [16/Apr/2026:01:11:53 +0200] "GET /22-05-2011/ HTTP/1.1" 200 8705 "https://www.afish-ka.ru/17-04-2011/" "Mozilla/5.0 AppleWebKit/537.36 (KHTML, like Gecko; compatible; GPTBot/1.3; +https://openai.com/gptbot)"
74.7.227.21 - - [16/Apr/2026:01:11:53 +0200] "GET /images/b/actions/5083_1.jpg HTTP/1.1" 200 73811 "https://www.afish-ka.ru/theater/actions/5083/" "Mozilla/5.0 AppleWebKit/537.36 (KHTML, like Gecko; compatible; GPTBot/1.3; +https://openai.com/gptbot)"
74.7.227.21 - - [16/Apr/2026:01:11:54 +0200] "GET /14-04-2011/ HTTP/1.1" 200 8649 "https://www.afish-ka.ru/03-04-2011/" "Mozilla/5.0 AppleWebKit/537.36 (KHTML, like Gecko; compatible; GPTBot/1.3; +https://openai.com/gptbot)"
74.7.227.21 - - [16/Apr/2026:01:11:54 +0200] "GET /15-12-2020/ HTTP/1.1" 200 11300 "https://www.afish-ka.ru/19-12-2020/" "Mozilla/5.0 AppleWebKit/537.36 (KHTML, like Gecko; compatible; GPTBot/1.3; +https://openai.com/gptbot)"
74.7.227.21 - - [16/Apr/2026:01:11:55 +0200] "GET /21-12-2010/ HTTP/1.1" 200 8193 "https://www.afish-ka.ru/04-01-2011/" "Mozilla/5.0 AppleWebKit/537.36 (KHTML, like Gecko; compatible; GPTBot/1.3; +https://openai.com/gptbot)"
74.7.227.21 - - [16/Apr/2026:01:11:56 +0200] "GET /03-01-2009/ HTTP/1.1" 200 7602 "https://www.afish-ka.ru/13-01-2009/" "Mozilla/5.0 AppleWebKit/537.36 (KHTML, like Gecko; compatible; GPTBot/1.3; +https://openai.com/gptbot)"
74.7.227.21 - - [16/Apr/2026:01:11:56 +0200] "GET /10-08-2022/ HTTP/1.1" 200 7184 "https://www.afish-ka.ru/17-08-2022/" "Mozilla/5.0 AppleWebKit/537.36 (KHTML, like Gecko; compatible; GPTBot/1.3; +https://openai.com/gptbot)"
74.7.227.21 - - [16/Apr/2026:01:11:57 +0200] "GET /09-07-2007/ HTTP/1.1" 200 6577 "https://www.afish-ka.ru/13-08-2007/" "Mozilla/5.0 AppleWebKit/537.36 (KHTML, like Gecko; compatible; GPTBot/1.3; +https://openai.com/gptbot)"
74.7.227.21 - - [16/Apr/2026:01:11:57 +0200] "GET /01-09-2008/ HTTP/1.1" 200 7223 "https://www.afish-ka.ru/18-09-2008/" "Mozilla/5.0 AppleWebKit/537.36 (KHTML, like Gecko; compatible; GPTBot/1.3; +https://openai.com/gptbot)"
74.7.227.21 - - [16/Apr/2026:01:11:58 +0200] "GET /01-11-2015/ HTTP/1.1" 200 9969 "https://www.afish-ka.ru/06-11-2015/" "Mozilla/5.0 AppleWebKit/537.36 (KHTML, like Gecko; compatible; GPTBot/1.3; +https://openai.com/gptbot)"
74.7.227.21 - - [16/Apr/2026:01:11:58 +0200] "GET /16-02-2006/ HTTP/1.1" 200 6697 "https://www.afish-ka.ru/18-02-2006/" "Mozilla/5.0 AppleWebKit/537.36 (KHTML, like Gecko; compatible; GPTBot/1.3; +https://openai.com/gptbot)"
74.7.227.21 - - [16/Apr/2026:01:11:59 +0200] "GET /images/s/actions/1589_1.jpg HTTP/1.1" 200 6690 "https://www.afish-ka.ru/22-05-2011/" "Mozilla/5.0 AppleWebKit/537.36 (KHTML, like Gecko; compatible; GPTBot/1.3; +https://openai.com/gptbot)"
74.7.227.21 - - [16/Apr/2026:01:12:00 +0200] "GET /cinema/films/1589/ HTTP/1.1" 200 6686 "https://www.afish-ka.ru/22-05-2011/" "Mozilla/5.0 AppleWebKit/537.36 (KHTML, like Gecko; compatible; GPTBot/1.3; +https://openai.com/gptbot)"
74.7.227.21 - - [16/Apr/2026:01:12:00 +0200] "GET /12-04-2022/ HTTP/1.1" 200 8890 "https://www.afish-ka.ru/17-05-2022/" "Mozilla/5.0 AppleWebKit/537.36 (KHTML, like Gecko; compatible; GPTBot/1.3; +https://openai.com/gptbot)"
185.191.171.1 - - [16/Apr/2026:01:12:00 +0200] "GET /cinema/films/3409/opinions/add/?parent=31970 HTTP/1.1" 200 9542 "-" "Mozilla/5.0 (compatible; SemrushBot/7~bl; +http://www.semrush.com/bot.html)"
74.7.227.21 - - [16/Apr/2026:01:12:01 +0200] "GET /cinema/films/5721/ HTTP/1.1" 200 6552 "https://www.afish-ka.ru/15-12-2020/" "Mozilla/5.0 AppleWebKit/537.36 (KHTML, like Gecko; compatible; GPTBot/1.3; +https://openai.com/gptbot)"
74.7.227.21 - - [16/Apr/2026:01:12:01 +0200] "GET /02-09-2008/ HTTP/1.1" 200 7138 "https://www.afish-ka.ru/18-09-2008/" "Mozilla/5.0 AppleWebKit/537.36 (KHTML, like Gecko; compatible; GPTBot/1.3; +https://openai.com/gptbot)"
74.7.227.21 - - [16/Apr/2026:01:12:02 +0200] "GET /22-10-2006/ HTTP/1.1" 200 6988 "https://www.afish-ka.ru/30-10-2006/" "Mozilla/5.0 AppleWebKit/537.36 (KHTML, like Gecko; compatible; GPTBot/1.3; +https://openai.com/gptbot)"
74.7.227.21 - - [16/Apr/2026:01:12:03 +0200] "GET /12-03-2011/ HTTP/1.1" 200 9315 "https://www.afish-ka.ru/07-03-2011/" "Mozilla/5.0 AppleWebKit/537.36 (KHTML, like Gecko; compatible; GPTBot/1.3; +https://openai.com/gptbot)"
74.7.227.21 - - [16/Apr/2026:01:12:03 +0200] "GET /23-01-2021/ HTTP/1.1" 200 9947 "https://www.afish-ka.ru/19-12-2020/" "Mozilla/5.0 AppleWebKit/537.36 (KHTML, like Gecko; compatible; GPTBot/1.3; +https://openai.com/gptbot)"
74.7.227.21 - - [16/Apr/2026:01:12:04 +0200] "GET /01-03-2007/ HTTP/1.1" 200 6324 "https://www.afish-ka.ru/12-03-2007/" "Mozilla/5.0 AppleWebKit/537.36 (KHTML, like Gecko; compatible; GPTBot/1.3; +https://openai.com/gptbot)"
74.7.227.21 - - [16/Apr/2026:01:12:04 +0200] "GET /07-10-2007/ HTTP/1.1" 200 7117 "https://www.afish-ka.ru/19-10-2007/" "Mozilla/5.0 AppleWebKit/537.36 (KHTML, like Gecko; compatible; GPTBot/1.3; +https://openai.com/gptbot)"
74.7.227.21 - - [16/Apr/2026:01:12:05 +0200] "GET /02-05-2008/ HTTP/1.1" 200 6612 "https://www.afish-ka.ru/13-05-2008/" "Mozilla/5.0 AppleWebKit/537.36 (KHTML, like Gecko; compatible; GPTBot/1.3; +https://openai.com/gptbot)"
74.7.227.21 - - [16/Apr/2026:01:12:06 +0200] "GET /03-07-2007/ HTTP/1.1" 200 6734 "https://www.afish-ka.ru/15-07-2007/" "Mozilla/5.0 AppleWebKit/537.36 (KHTML, like Gecko; compatible; GPTBot/1.3; +https://openai.com/gptbot)"
74.7.227.21 - - [16/Apr/2026:01:12:06 +0200] "GET /images/b/actions/1589_1.jpg HTTP/1.1" 200 20643 "https://www.afish-ka.ru/cinema/films/1589/" "Mozilla/5.0 AppleWebKit/537.36 (KHTML, like Gecko; compatible; GPTBot/1.3; +https://openai.com/gptbot)"
74.7.227.21 - - [16/Apr/2026:01:12:07 +0200] "GET /09-06-2006/ HTTP/1.1" 200 6167 "https://www.afish-ka.ru/13-06-2006/" "Mozilla/5.0 AppleWebKit/537.36 (KHTML, like Gecko; compatible; GPTBot/1.3; +https://openai.com/gptbot)"
74.7.227.21 - - [16/Apr/2026:01:12:07 +0200] "GET /images/b/actions/5721_2.jpg HTTP/1.1" 200 98846 "https://www.afish-ka.ru/cinema/films/5721/" "Mozilla/5.0 AppleWebKit/537.36 (KHTML, like Gecko; compatible; GPTBot/1.3; +https://openai.com/gptbot)"
74.7.227.21 - - [16/Apr/2026:01:12:08 +0200] "GET /images/b/actions/5721_3.jpg HTTP/1.1" 200 83416 "https://www.afish-ka.ru/cinema/films/5721/" "Mozilla/5.0 AppleWebKit/537.36 (KHTML, like Gecko; compatible; GPTBot/1.3; +https://openai.com/gptbot)"
74.7.227.21 - - [16/Apr/2026:01:12:09 +0200] "GET /images/b/actions/5721_4.jpg HTTP/1.1" 200 55287 "https://www.afish-ka.ru/cinema/films/5721/" "Mozilla/5.0 AppleWebKit/537.36 (KHTML, like Gecko; compatible; GPTBot/1.3; +https://openai.com/gptbot)"
74.7.227.21 - - [16/Apr/2026:01:12:09 +0200] "GET /images/s/actions/5721_3.jpg HTTP/1.1" 200 8147 "https://www.afish-ka.ru/cinema/films/5721/" "Mozilla/5.0 AppleWebKit/537.36 (KHTML, like Gecko; compatible; GPTBot/1.3; +https://openai.com/gptbot)"
74.7.227.21 - - [16/Apr/2026:01:12:10 +0200] "GET /images/b/actions/5721_1.jpg HTTP/1.1" 200 89385 "https://www.afish-ka.ru/cinema/films/5721/" "Mozilla/5.0 AppleWebKit/537.36 (KHTML, like Gecko; compatible; GPTBot/1.3; +https://openai.com/gptbot)"
185.191.171.6 - - [16/Apr/2026:01:12:09 +0200] "GET /cafe/37/opinions/add/?parent=32452 HTTP/1.1" 200 9529 "-" "Mozilla/5.0 (compatible; SemrushBot/7~bl; +http://www.semrush.com/bot.html)"
74.7.227.21 - - [16/Apr/2026:01:12:10 +0200] "GET /images/s/actions/5721_4.jpg HTTP/1.1" 200 6829 "https://www.afish-ka.ru/cinema/films/5721/" "Mozilla/5.0 AppleWebKit/537.36 (KHTML, like Gecko; compatible; GPTBot/1.3; +https://openai.com/gptbot)"
74.7.227.21 - - [16/Apr/2026:01:12:11 +0200] "GET /images/b/actions/5721_5.jpg HTTP/1.1" 200 84594 "https://www.afish-ka.ru/cinema/films/5721/" "Mozilla/5.0 AppleWebKit/537.36 (KHTML, like Gecko; compatible; GPTBot/1.3; +https://openai.com/gptbot)"
74.7.227.21 - - [16/Apr/2026:01:12:11 +0200] "GET /images/s/actions/5721_5.jpg HTTP/1.1" 200 8075 "https://www.afish-ka.ru/cinema/films/5721/" "Mozilla/5.0 AppleWebKit/537.36 (KHTML, like Gecko; compatible; GPTBot/1.3; +https://openai.com/gptbot)"
185.191.171.6 - - [16/Apr/2026:01:12:11 +0200] "GET /cafe/actions/2849/opinions/add/?parent=50145 HTTP/1.1" 200 9542 "-" "Mozilla/5.0 (compatible; SemrushBot/7~bl; +http://www.semrush.com/bot.html)"
74.7.227.21 - - [16/Apr/2026:01:12:12 +0200] "GET /images/s/actions/5721_2.jpg HTTP/1.1" 200 8786 "https://www.afish-ka.ru/cinema/films/5721/" "Mozilla/5.0 AppleWebKit/537.36 (KHTML, like Gecko; compatible; GPTBot/1.3; +https://openai.com/gptbot)"
74.7.227.21 - - [16/Apr/2026:01:12:12 +0200] "GET /images/b/posters/5721.jpg HTTP/1.1" 200 89185 "https://www.afish-ka.ru/cinema/films/5721/" "Mozilla/5.0 AppleWebKit/537.36 (KHTML, like Gecko; compatible; GPTBot/1.3; +https://openai.com/gptbot)"
74.7.227.21 - - [16/Apr/2026:01:12:13 +0200] "GET /images/s/posters/5721.jpg HTTP/1.1" 200 16036 "https://www.afish-ka.ru/cinema/films/5721/" "Mozilla/5.0 AppleWebKit/537.36 (KHTML, like Gecko; compatible; GPTBot/1.3; +https://openai.com/gptbot)"
74.7.227.21 - - [16/Apr/2026:01:12:13 +0200] "GET /20-03-2008/ HTTP/1.1" 200 7253 "https://www.afish-ka.ru/14-03-2008/" "Mozilla/5.0 AppleWebKit/537.36 (KHTML, like Gecko; compatible; GPTBot/1.3; +https://openai.com/gptbot)"
74.7.227.21 - - [16/Apr/2026:01:12:14 +0200] "GET /24-04-2007/ HTTP/1.1" 200 7172 "https://www.afish-ka.ru/13-05-2007/" "Mozilla/5.0 AppleWebKit/537.36 (KHTML, like Gecko; compatible; GPTBot/1.3; +https://openai.com/gptbot)"
220.181.108.146 - - [16/Apr/2026:01:12:16 +0200] "GET /images/b/posters/3520.jpg HTTP/1.1" 200 85075 "-" "Baiduspider-image+(+http://www.baidu.com/search/spider.htm)"
74.7.227.21 - - [16/Apr/2026:01:12:14 +0200] "GET /28-03-2022/ HTTP/1.1" 200 10755 "https://www.afish-ka.ru/13-04-2022/" "Mozilla/5.0 AppleWebKit/537.36 (KHTML, like Gecko; compatible; GPTBot/1.3; +https://openai.com/gptbot)"
74.7.227.21 - - [16/Apr/2026:01:12:16 +0200] "GET /01-09-2019/ HTTP/1.1" 200 10666 "https://www.afish-ka.ru/04-09-2019/" "Mozilla/5.0 AppleWebKit/537.36 (KHTML, like Gecko; compatible; GPTBot/1.3; +https://openai.com/gptbot)"
114.119.152.86 - - [16/Apr/2026:01:12:17 +0200] "GET /30-05-2012/ HTTP/1.1" 200 12072 "https://www.afish-ka.ru/17-06-2012/" "Mozilla/5.0 (Linux; Android 7.0;) AppleWebKit/537.36 (KHTML, like Gecko) Mobile Safari/537.36 (compatible; PetalBot;+https://webmaster.petalsearch.com/site/petalbot)"
185.191.171.16 - - [16/Apr/2026:01:12:17 +0200] "GET /cinema/films/3355/opinions/ HTTP/1.1" 200 10762 "-" "Mozilla/5.0 (compatible; SemrushBot/7~bl; +http://www.semrush.com/bot.html)"
74.7.227.21 - - [16/Apr/2026:01:12:17 +0200] "GET /02-01-2014/ HTTP/1.1" 200 8792 "https://www.afish-ka.ru/09-01-2014/" "Mozilla/5.0 AppleWebKit/537.36 (KHTML, like Gecko; compatible; GPTBot/1.3; +https://openai.com/gptbot)"
74.7.227.21 - - [16/Apr/2026:01:12:18 +0200] "GET /01-02-2013/ HTTP/1.1" 200 9097 "https://www.afish-ka.ru/16-02-2013/" "Mozilla/5.0 AppleWebKit/537.36 (KHTML, like Gecko; compatible; GPTBot/1.3; +https://openai.com/gptbot)"
74.7.227.21 - - [16/Apr/2026:01:12:19 +0200] "GET /25-08-2022/ HTTP/1.1" 200 5899 "https://www.afish-ka.ru/21-07-2022/" "Mozilla/5.0 AppleWebKit/537.36 (KHTML, like Gecko; compatible; GPTBot/1.3; +https://openai.com/gptbot)"
74.7.227.21 - - [16/Apr/2026:01:12:20 +0200] "GET /images/s/actions/2546_1.jpg HTTP/1.1" 200 6333 "https://www.afish-ka.ru/01-02-2013/" "Mozilla/5.0 AppleWebKit/537.36 (KHTML, like Gecko; compatible; GPTBot/1.3; +https://openai.com/gptbot)"
74.7.227.21 - - [16/Apr/2026:01:12:21 +0200] "GET /05-08-2008/ HTTP/1.1" 200 6516 "https://www.afish-ka.ru/17-08-2008/" "Mozilla/5.0 AppleWebKit/537.36 (KHTML, like Gecko; compatible; GPTBot/1.3; +https://openai.com/gptbot)"
74.7.227.21 - - [16/Apr/2026:01:12:21 +0200] "GET /05-02-2011/ HTTP/1.1" 200 9439 "https://www.afish-ka.ru/14-02-2011/" "Mozilla/5.0 AppleWebKit/537.36 (KHTML, like Gecko; compatible; GPTBot/1.3; +https://openai.com/gptbot)"
74.7.227.21 - - [16/Apr/2026:01:12:22 +0200] "GET /22-09-2012/ HTTP/1.1" 200 8377 "https://www.afish-ka.ru/07-09-2012/" "Mozilla/5.0 AppleWebKit/537.36 (KHTML, like Gecko; compatible; GPTBot/1.3; +https://openai.com/gptbot)"
94.23.188.198 - - [16/Apr/2026:01:12:23 +0200] "GET /cinema/films/1070/opinions/add/?parent=11135 HTTP/1.1" 200 9528 "-" "Mozilla/5.0 (compatible; AhrefsBot/7.0; +http://ahrefs.com/robot/)"
74.7.227.21 - - [16/Apr/2026:01:12:23 +0200] "GET /24-10-2014/ HTTP/1.1" 200 8079 "https://www.afish-ka.ru/09-11-2014/" "Mozilla/5.0 AppleWebKit/537.36 (KHTML, like Gecko; compatible; GPTBot/1.3; +https://openai.com/gptbot)"
74.7.227.21 - - [16/Apr/2026:01:12:23 +0200] "GET /10-02-2015/ HTTP/1.1" 200 9552 "https://www.afish-ka.ru/24-02-2015/" "Mozilla/5.0 AppleWebKit/537.36 (KHTML, like Gecko; compatible; GPTBot/1.3; +https://openai.com/gptbot)"
74.7.227.21 - - [16/Apr/2026:01:12:24 +0200] "GET /30-12-2010/ HTTP/1.1" 200 8407 "https://www.afish-ka.ru/cinema/films/1258/" "Mozilla/5.0 AppleWebKit/537.36 (KHTML, like Gecko; compatible; GPTBot/1.3; +https://openai.com/gptbot)"
74.7.227.21 - - [16/Apr/2026:01:12:25 +0200] "GET /22-01-2024/ HTTP/1.1" 200 5849 "https://www.afish-ka.ru/18-12-2023/" "Mozilla/5.0 AppleWebKit/537.36 (KHTML, like Gecko; compatible; GPTBot/1.3; +https://openai.com/gptbot)"
74.7.227.21 - - [16/Apr/2026:01:12:25 +0200] "GET /25-11-2010/ HTTP/1.1" 200 8185 "https://www.afish-ka.ru/cinema/films/1181/" "Mozilla/5.0 AppleWebKit/537.36 (KHTML, like Gecko; compatible; GPTBot/1.3; +https://openai.com/gptbot)"
74.7.227.21 - - [16/Apr/2026:01:12:26 +0200] "GET /16-02-2011/ HTTP/1.1" 200 9177 "https://www.afish-ka.ru/14-02-2011/" "Mozilla/5.0 AppleWebKit/537.36 (KHTML, like Gecko; compatible; GPTBot/1.3; +https://openai.com/gptbot)"
74.7.227.21 - - [16/Apr/2026:01:12:26 +0200] "GET /images/s/actions/2546_1.jpg HTTP/1.1" 200 6333 "https://www.afish-ka.ru/01-02-2013/" "Mozilla/5.0 AppleWebKit/537.36 (KHTML, like Gecko; compatible; GPTBot/1.3; +https://openai.com/gptbot)"
74.7.227.21 - - [16/Apr/2026:01:12:27 +0200] "GET /cafe/actions/2553/ HTTP/1.1" 200 6163 "https://www.afish-ka.ru/01-02-2013/" "Mozilla/5.0 AppleWebKit/537.36 (KHTML, like Gecko; compatible; GPTBot/1.3; +https://openai.com/gptbot)"
74.7.227.21 - - [16/Apr/2026:01:12:28 +0200] "GET /02-10-2014/ HTTP/1.1" 200 8863 "https://www.afish-ka.ru/06-11-2014/" "Mozilla/5.0 AppleWebKit/537.36 (KHTML, like Gecko; compatible; GPTBot/1.3; +https://openai.com/gptbot)"
95.142.198.150 - - [16/Apr/2026:01:12:28 +0200] "GET /rss_source/ HTTP/1.1" 200 21796 "-" "Mozilla/5.0 (compatible; VKRobot/1.0)"
185.191.171.17 - - [16/Apr/2026:01:12:28 +0200] "GET /cinema/films/4247/opinions/add/?parent=37084 HTTP/1.1" 200 9537 "-" "Mozilla/5.0 (compatible; SemrushBot/7~bl; +http://www.semrush.com/bot.html)"
74.7.227.21 - - [16/Apr/2026:01:12:28 +0200] "GET /12-11-2017/ HTTP/1.1" 200 12125 "https://www.afish-ka.ru/25-10-2017/" "Mozilla/5.0 AppleWebKit/537.36 (KHTML, like Gecko; compatible; GPTBot/1.3; +https://openai.com/gptbot)"
74.7.227.21 - - [16/Apr/2026:01:12:29 +0200] "GET /images/s/actions/2275_1.jpg HTTP/1.1" 200 5475 "https://www.afish-ka.ru/22-09-2012/" "Mozilla/5.0 AppleWebKit/537.36 (KHTML, like Gecko; compatible; GPTBot/1.3; +https://openai.com/gptbot)"
74.7.227.21 - - [16/Apr/2026:01:12:29 +0200] "GET /images/s/actions/3289_1.jpg HTTP/1.1" 200 5390 "https://www.afish-ka.ru/24-10-2014/" "Mozilla/5.0 AppleWebKit/537.36 (KHTML, like Gecko; compatible; GPTBot/1.3; +https://openai.com/gptbot)"
74.7.227.21 - - [16/Apr/2026:01:12:30 +0200] "GET /images/s/actions/2256_1.jpg HTTP/1.1" 200 8645 "https://www.afish-ka.ru/22-09-2012/" "Mozilla/5.0 AppleWebKit/537.36 (KHTML, like Gecko; compatible; GPTBot/1.3; +https://openai.com/gptbot)"
74.7.227.21 - - [16/Apr/2026:01:12:30 +0200] "GET /cafe/actions/2256/ HTTP/1.1" 200 7987 "https://www.afish-ka.ru/22-09-2012/" "Mozilla/5.0 AppleWebKit/537.36 (KHTML, like Gecko; compatible; GPTBot/1.3; +https://openai.com/gptbot)"
74.7.227.21 - - [16/Apr/2026:01:12:31 +0200] "GET /11-02-2010/ HTTP/1.1" 200 8101 "https://www.afish-ka.ru/18-03-2010/" "Mozilla/5.0 AppleWebKit/537.36 (KHTML, like Gecko; compatible; GPTBot/1.3; +https://openai.com/gptbot)"
74.7.227.21 - - [16/Apr/2026:01:12:32 +0200] "GET /20-11-2017/ HTTP/1.1" 200 12087 "https://www.afish-ka.ru/09-12-2017/" "Mozilla/5.0 AppleWebKit/537.36 (KHTML, like Gecko; compatible; GPTBot/1.3; +https://openai.com/gptbot)"
74.7.227.21 - - [16/Apr/2026:01:12:32 +0200] "GET /13-10-2021/ HTTP/1.1" 200 9661 "https://www.afish-ka.ru/28-09-2021/" "Mozilla/5.0 AppleWebKit/537.36 (KHTML, like Gecko; compatible; GPTBot/1.3; +https://openai.com/gptbot)"
74.7.227.21 - - [16/Apr/2026:01:12:33 +0200] "GET /04-12-2011/ HTTP/1.1" 200 8474 "https://www.afish-ka.ru/08-12-2011/" "Mozilla/5.0 AppleWebKit/537.36 (KHTML, like Gecko; compatible; GPTBot/1.3; +https://openai.com/gptbot)"
74.7.227.21 - - [16/Apr/2026:01:12:33 +0200] "GET /images/b/actions/2553_1.jpg HTTP/1.1" 200 26685 "https://www.afish-ka.ru/cafe/actions/2553/" "Mozilla/5.0 AppleWebKit/537.36 (KHTML, like Gecko; compatible; GPTBot/1.3; +https://openai.com/gptbot)"
74.7.227.21 - - [16/Apr/2026:01:12:34 +0200] "GET /09-06-2010/ HTTP/1.1" 200 7674 "https://www.afish-ka.ru/21-06-2010/" "Mozilla/5.0 AppleWebKit/537.36 (KHTML, like Gecko; compatible; GPTBot/1.3; +https://openai.com/gptbot)"
74.7.227.21 - - [16/Apr/2026:01:12:34 +0200] "GET /images/s/actions/4647_1.jpg HTTP/1.1" 200 6815 "https://www.afish-ka.ru/12-11-2017/" "Mozilla/5.0 AppleWebKit/537.36 (KHTML, like Gecko; compatible; GPTBot/1.3; +https://openai.com/gptbot)"
74.7.227.21 - - [16/Apr/2026:01:12:35 +0200] "GET /cinema/films/4647/ HTTP/1.1" 200 7014 "https://www.afish-ka.ru/12-11-2017/" "Mozilla/5.0 AppleWebKit/537.36 (KHTML, like Gecko; compatible; GPTBot/1.3; +https://openai.com/gptbot)"
74.7.227.21 - - [16/Apr/2026:01:12:35 +0200] "GET /07-06-2022/ HTTP/1.1" 200 6979 "https://www.afish-ka.ru/13-06-2022/" "Mozilla/5.0 AppleWebKit/537.36 (KHTML, like Gecko; compatible; GPTBot/1.3; +https://openai.com/gptbot)"
74.7.227.21 - - [16/Apr/2026:01:12:36 +0200] "GET /21-09-2012/ HTTP/1.1" 200 8149 "https://www.afish-ka.ru/07-09-2012/" "Mozilla/5.0 AppleWebKit/537.36 (KHTML, like Gecko; compatible; GPTBot/1.3; +https://openai.com/gptbot)"
74.7.227.21 - - [16/Apr/2026:01:12:36 +0200] "GET /images/b/actions/2256_1.jpg HTTP/1.1" 200 38392 "https://www.afish-ka.ru/cafe/actions/2256/" "Mozilla/5.0 AppleWebKit/537.36 (KHTML, like Gecko; compatible; GPTBot/1.3; +https://openai.com/gptbot)"
74.7.227.21 - - [16/Apr/2026:01:12:37 +0200] "GET /images/b/posters/2256.jpg HTTP/1.1" 200 72177 "https://www.afish-ka.ru/cafe/actions/2256/" "Mozilla/5.0 AppleWebKit/537.36 (KHTML, like Gecko; compatible; GPTBot/1.3; +https://openai.com/gptbot)"
74.7.227.21 - - [16/Apr/2026:01:12:37 +0200] "GET /images/s/posters/2256.jpg HTTP/1.1" 200 9598 "https://www.afish-ka.ru/cafe/actions/2256/" "Mozilla/5.0 AppleWebKit/537.36 (KHTML, like Gecko; compatible; GPTBot/1.3; +https://openai.com/gptbot)"
123.28.104.169 - - [16/Apr/2026:01:12:38 +0200] "GET /12-08-2006/ HTTP/1.1" 200 10943 "-" "Mozilla/5.0 (Macintosh; Intel Mac OS X 15.4; rv:133.0) Gecko/20100101 Firefox/133.0"
74.7.227.21 - - [16/Apr/2026:01:12:38 +0200] "GET /15-02-2010/ HTTP/1.1" 200 8026 "https://www.afish-ka.ru/21-02-2010/" "Mozilla/5.0 AppleWebKit/537.36 (KHTML, like Gecko; compatible; GPTBot/1.3; +https://openai.com/gptbot)"
74.7.227.21 - - [16/Apr/2026:01:12:39 +0200] "GET /06-08-2008/ HTTP/1.1" 200 6624 "https://www.afish-ka.ru/17-08-2008/" "Mozilla/5.0 AppleWebKit/537.36 (KHTML, like Gecko; compatible; GPTBot/1.3; +https://openai.com/gptbot)"
74.7.227.21 - - [16/Apr/2026:01:12:40 +0200] "GET /18-02-2012/ HTTP/1.1" 200 9038 "https://www.afish-ka.ru/14-01-2012/" "Mozilla/5.0 AppleWebKit/537.36 (KHTML, like Gecko; compatible; GPTBot/1.3; +https://openai.com/gptbot)"
74.7.227.21 - - [16/Apr/2026:01:12:40 +0200] "GET /19-09-2009/ HTTP/1.1" 200 7494 "https://www.afish-ka.ru/13-09-2009/" "Mozilla/5.0 AppleWebKit/537.36 (KHTML, like Gecko; compatible; GPTBot/1.3; +https://openai.com/gptbot)"
74.7.227.21 - - [16/Apr/2026:01:12:41 +0200] "GET /19-11-2013/ HTTP/1.1" 200 8671 "https://www.afish-ka.ru/08-12-2013/" "Mozilla/5.0 AppleWebKit/537.36 (KHTML, like Gecko; compatible; GPTBot/1.3; +https://openai.com/gptbot)"
74.7.227.21 - - [16/Apr/2026:01:12:42 +0200] "GET /images/s/actions/4647_2.jpg HTTP/1.1" 200 6090 "https://www.afish-ka.ru/cinema/films/4647/" "Mozilla/5.0 AppleWebKit/537.36 (KHTML, like Gecko; compatible; GPTBot/1.3; +https://openai.com/gptbot)"
74.7.227.21 - - [16/Apr/2026:01:12:42 +0200] "GET /images/b/actions/4647_2.jpg HTTP/1.1" 200 54909 "https://www.afish-ka.ru/cinema/films/4647/" "Mozilla/5.0 AppleWebKit/537.36 (KHTML, like Gecko; compatible; GPTBot/1.3; +https://openai.com/gptbot)"
74.7.227.21 - - [16/Apr/2026:01:12:43 +0200] "GET /images/b/actions/4647_5.jpg HTTP/1.1" 200 73716 "https://www.afish-ka.ru/cinema/films/4647/" "Mozilla/5.0 AppleWebKit/537.36 (KHTML, like Gecko; compatible; GPTBot/1.3; +https://openai.com/gptbot)"
74.7.227.21 - - [16/Apr/2026:01:12:43 +0200] "GET /images/b/actions/4647_1.jpg HTTP/1.1" 200 70136 "https://www.afish-ka.ru/cinema/films/4647/" "Mozilla/5.0 AppleWebKit/537.36 (KHTML, like Gecko; compatible; GPTBot/1.3; +https://openai.com/gptbot)"
74.7.227.21 - - [16/Apr/2026:01:12:44 +0200] "GET /images/b/actions/4647_4.jpg HTTP/1.1" 200 76017 "https://www.afish-ka.ru/cinema/films/4647/" "Mozilla/5.0 AppleWebKit/537.36 (KHTML, like Gecko; compatible; GPTBot/1.3; +https://openai.com/gptbot)"
74.7.227.21 - - [16/Apr/2026:01:12:44 +0200] "GET /images/s/actions/4647_3.jpg HTTP/1.1" 200 7810 "https://www.afish-ka.ru/cinema/films/4647/" "Mozilla/5.0 AppleWebKit/537.36 (KHTML, like Gecko; compatible; GPTBot/1.3; +https://openai.com/gptbot)"
74.7.227.21 - - [16/Apr/2026:01:12:45 +0200] "GET /images/b/actions/4647_3.jpg HTTP/1.1" 200 85978 "https://www.afish-ka.ru/cinema/films/4647/" "Mozilla/5.0 AppleWebKit/537.36 (KHTML, like Gecko; compatible; GPTBot/1.3; +https://openai.com/gptbot)"
74.7.227.21 - - [16/Apr/2026:01:12:45 +0200] "GET /images/s/actions/4647_5.jpg HTTP/1.1" 200 7060 "https://www.afish-ka.ru/cinema/films/4647/" "Mozilla/5.0 AppleWebKit/537.36 (KHTML, like Gecko; compatible; GPTBot/1.3; +https://openai.com/gptbot)"
74.7.227.21 - - [16/Apr/2026:01:12:46 +0200] "GET /images/s/actions/4647_4.jpg HTTP/1.1" 200 7043 "https://www.afish-ka.ru/cinema/films/4647/" "Mozilla/5.0 AppleWebKit/537.36 (KHTML, like Gecko; compatible; GPTBot/1.3; +https://openai.com/gptbot)"
74.7.227.21 - - [16/Apr/2026:01:12:46 +0200] "GET /cinema/films/1913/ HTTP/1.1" 200 6498 "https://www.afish-ka.ru/18-02-2012/" "Mozilla/5.0 AppleWebKit/537.36 (KHTML, like Gecko; compatible; GPTBot/1.3; +https://openai.com/gptbot)"
185.191.171.4 - - [16/Apr/2026:01:12:47 +0200] "GET /cinema/films/6344/opinions/add/?parent=62087 HTTP/1.1" 200 9512 "-" "Mozilla/5.0 (compatible; SemrushBot/7~bl; +http://www.semrush.com/bot.html)"
74.7.227.21 - - [16/Apr/2026:01:12:47 +0200] "GET /14-04-2014/ HTTP/1.1" 200 8105 "https://www.afish-ka.ru/04-05-2014/" "Mozilla/5.0 AppleWebKit/537.36 (KHTML, like Gecko; compatible; GPTBot/1.3; +https://openai.com/gptbot)"
74.7.227.21 - - [16/Apr/2026:01:12:48 +0200] "GET /06-08-2022/ HTTP/1.1" 200 6880 "https://www.afish-ka.ru/17-08-2022/" "Mozilla/5.0 AppleWebKit/537.36 (KHTML, like Gecko; compatible; GPTBot/1.3; +https://openai.com/gptbot)"
74.7.227.21 - - [16/Apr/2026:01:12:48 +0200] "GET /31-03-2011/ HTTP/1.1" 200 9126 "https://www.afish-ka.ru/16-03-2011/" "Mozilla/5.0 AppleWebKit/537.36 (KHTML, like Gecko; compatible; GPTBot/1.3; +https://openai.com/gptbot)"
74.7.227.21 - - [16/Apr/2026:01:12:49 +0200] "GET /08-10-2021/ HTTP/1.1" 200 9639 "https://www.afish-ka.ru/28-09-2021/" "Mozilla/5.0 AppleWebKit/537.36 (KHTML, like Gecko; compatible; GPTBot/1.3; +https://openai.com/gptbot)"
74.7.227.21 - - [16/Apr/2026:01:12:49 +0200] "GET /30-01-2011/ HTTP/1.1" 200 9066 "https://www.afish-ka.ru/31-01-2011/" "Mozilla/5.0 AppleWebKit/537.36 (KHTML, like Gecko; compatible; GPTBot/1.3; +https://openai.com/gptbot)"
74.7.227.21 - - [16/Apr/2026:01:12:50 +0200] "GET /04-01-2022/ HTTP/1.1" 200 8917 "https://www.afish-ka.ru/19-01-2022/" "Mozilla/5.0 AppleWebKit/537.36 (KHTML, like Gecko; compatible; GPTBot/1.3; +https://openai.com/gptbot)"
74.7.227.21 - - [16/Apr/2026:01:12:51 +0200] "GET /22-11-2010/ HTTP/1.1" 200 8006 "https://www.afish-ka.ru/09-11-2010/" "Mozilla/5.0 AppleWebKit/537.36 (KHTML, like Gecko; compatible; GPTBot/1.3; +https://openai.com/gptbot)"
74.7.227.21 - - [16/Apr/2026:01:12:51 +0200] "GET /26-01-2006/ HTTP/1.1" 200 9883 "https://www.afish-ka.ru/05-02-2006/" "Mozilla/5.0 AppleWebKit/537.36 (KHTML, like Gecko; compatible; GPTBot/1.3; +https://openai.com/gptbot)"
74.7.227.21 - - [16/Apr/2026:01:12:52 +0200] "GET /28-02-2010/ HTTP/1.1" 200 9018 "https://www.afish-ka.ru/14-03-2010/" "Mozilla/5.0 AppleWebKit/537.36 (KHTML, like Gecko; compatible; GPTBot/1.3; +https://openai.com/gptbot)"
74.7.227.21 - - [16/Apr/2026:01:12:53 +0200] "GET /05-04-2010/ HTTP/1.1" 200 8432 "https://www.afish-ka.ru/19-04-2010/" "Mozilla/5.0 AppleWebKit/537.36 (KHTML, like Gecko; compatible; GPTBot/1.3; +https://openai.com/gptbot)"
74.7.227.21 - - [16/Apr/2026:01:12:53 +0200] "GET /22-05-2010/ HTTP/1.1" 200 8831 "https://www.afish-ka.ru/05-06-2010/" "Mozilla/5.0 AppleWebKit/537.36 (KHTML, like Gecko; compatible; GPTBot/1.3; +https://openai.com/gptbot)"
74.7.227.21 - - [16/Apr/2026:01:12:54 +0200] "GET /22-11-2019/ HTTP/1.1" 200 10021 "https://www.afish-ka.ru/18-10-2019/" "Mozilla/5.0 AppleWebKit/537.36 (KHTML, like Gecko; compatible; GPTBot/1.3; +https://openai.com/gptbot)"
74.7.227.21 - - [16/Apr/2026:01:12:54 +0200] "GET /10-09-2022/ HTTP/1.1" 200 5853 "https://www.afish-ka.ru/06-08-2022/" "Mozilla/5.0 AppleWebKit/537.36 (KHTML, like Gecko; compatible; GPTBot/1.3; +https://openai.com/gptbot)"
74.7.227.21 - - [16/Apr/2026:01:12:55 +0200] "GET /08-05-2006/ HTTP/1.1" 200 6437 "https://www.afish-ka.ru/14-05-2006/" "Mozilla/5.0 AppleWebKit/537.36 (KHTML, like Gecko; compatible; GPTBot/1.3; +https://openai.com/gptbot)"
74.7.227.21 - - [16/Apr/2026:01:12:55 +0200] "GET /07-02-2021/ HTTP/1.1" 200 11756 "https://www.afish-ka.ru/14-03-2021/" "Mozilla/5.0 AppleWebKit/537.36 (KHTML, like Gecko; compatible; GPTBot/1.3; +https://openai.com/gptbot)"
74.7.227.21 - - [16/Apr/2026:01:12:56 +0200] "GET /concert_hall/actions/1363/opinions/ HTTP/1.1" 200 5600 "https://www.afish-ka.ru/30-01-2011/" "Mozilla/5.0 AppleWebKit/537.36 (KHTML, like Gecko; compatible; GPTBot/1.3; +https://openai.com/gptbot)"
74.7.227.21 - - [16/Apr/2026:01:12:57 +0200] "GET /15-12-2012/ HTTP/1.1" 200 10153 "https://www.afish-ka.ru/19-01-2013/" "Mozilla/5.0 AppleWebKit/537.36 (KHTML, like Gecko; compatible; GPTBot/1.3; +https://openai.com/gptbot)"
74.7.227.21 - - [16/Apr/2026:01:12:57 +0200] "GET /07-01-2012/ HTTP/1.1" 200 9734 "https://www.afish-ka.ru/28-12-2011/" "Mozilla/5.0 AppleWebKit/537.36 (KHTML, like Gecko; compatible; GPTBot/1.3; +https://openai.com/gptbot)"
74.7.227.21 - - [16/Apr/2026:01:12:59 +0200] "GET /22-12-2005/ HTTP/1.1" 404 413 "https://www.afish-ka.ru/26-01-2006/" "Mozilla/5.0 AppleWebKit/537.36 (KHTML, like Gecko; compatible; GPTBot/1.3; +https://openai.com/gptbot)"
74.7.227.21 - - [16/Apr/2026:01:12:59 +0200] "GET /11-02-2014/ HTTP/1.1" 200 12185 "https://www.afish-ka.ru/26-02-2014/" "Mozilla/5.0 AppleWebKit/537.36 (KHTML, like Gecko; compatible; GPTBot/1.3; +https://openai.com/gptbot)"
74.7.227.21 - - [16/Apr/2026:01:13:00 +0200] "GET /30-11-2022/ HTTP/1.1" 200 5847 "https://www.afish-ka.ru/26-10-2022/" "Mozilla/5.0 AppleWebKit/537.36 (KHTML, like Gecko; compatible; GPTBot/1.3; +https://openai.com/gptbot)"
74.7.227.21 - - [16/Apr/2026:01:13:01 +0200] "GET /28-07-2007/ HTTP/1.1" 200 7004 "https://www.afish-ka.ru/12-08-2007/" "Mozilla/5.0 AppleWebKit/537.36 (KHTML, like Gecko; compatible; GPTBot/1.3; +https://openai.com/gptbot)"
74.7.227.21 - - [16/Apr/2026:01:13:01 +0200] "GET /20-11-2016/ HTTP/1.1" 200 11163 "https://www.afish-ka.ru/28-11-2016/" "Mozilla/5.0 AppleWebKit/537.36 (KHTML, like Gecko; compatible; GPTBot/1.3; +https://openai.com/gptbot)"
74.7.227.21 - - [16/Apr/2026:01:13:02 +0200] "GET /15-10-2022/ HTTP/1.1" 200 5846 "https://www.afish-ka.ru/10-09-2022/" "Mozilla/5.0 AppleWebKit/537.36 (KHTML, like Gecko; compatible; GPTBot/1.3; +https://openai.com/gptbot)"
85.208.96.193 - - [16/Apr/2026:01:13:02 +0200] "GET /cinema/films/1659/opinions/add/ HTTP/1.1" 200 9500 "-" "Mozilla/5.0 (compatible; SemrushBot/7~bl; +http://www.semrush.com/bot.html)"
74.7.227.21 - - [16/Apr/2026:01:13:02 +0200] "GET /12-01-2009/ HTTP/1.1" 200 7120 "https://www.afish-ka.ru/13-01-2009/" "Mozilla/5.0 AppleWebKit/537.36 (KHTML, like Gecko; compatible; GPTBot/1.3; +https://openai.com/gptbot)"
144.76.32.120 - - [16/Apr/2026:01:13:03 +0200] "GET /robots.txt HTTP/1.1" 200 476 "-" "Mozilla/5.0 (compatible; SERankingBacklinksBot/1.0; +https://seranking.com/backlinks-crawler)"
74.7.227.21 - - [16/Apr/2026:01:13:03 +0200] "GET /30-01-2007/ HTTP/1.1" 200 6978 "https://www.afish-ka.ru/14-02-2007/" "Mozilla/5.0 AppleWebKit/537.36 (KHTML, like Gecko; compatible; GPTBot/1.3; +https://openai.com/gptbot)"
144.76.32.120 - - [16/Apr/2026:01:13:03 +0200] "GET /27-08-2009/ HTTP/1.1" 200 6505 "-" "Mozilla/5.0 (compatible; SERankingBacklinksBot/1.0; +https://seranking.com/backlinks-crawler)"
74.7.227.21 - - [16/Apr/2026:01:13:04 +0200] "GET /02-12-2010/ HTTP/1.1" 200 8419 "https://www.afish-ka.ru/28-10-2010/" "Mozilla/5.0 AppleWebKit/537.36 (KHTML, like Gecko; compatible; GPTBot/1.3; +https://openai.com/gptbot)"
74.7.227.21 - - [16/Apr/2026:01:13:04 +0200] "GET /07-08-2007/ HTTP/1.1" 200 6984 "https://www.afish-ka.ru/11-09-2007/" "Mozilla/5.0 AppleWebKit/537.36 (KHTML, like Gecko; compatible; GPTBot/1.3; +https://openai.com/gptbot)"
74.7.227.21 - - [16/Apr/2026:01:13:05 +0200] "GET /09-01-2019/ HTTP/1.1" 200 9165 "https://www.afish-ka.ru/29-12-2018/" "Mozilla/5.0 AppleWebKit/537.36 (KHTML, like Gecko; compatible; GPTBot/1.3; +https://openai.com/gptbot)"
43.163.111.51 - - [16/Apr/2026:01:13:05 +0200] "GET /night_club/parties/834/opinions/night_club/parties/night_club/parties/ HTTP/1.1" 200 10063 "-" "Mozilla/5.0 (Windows NT 10.0; Win64; x64) AppleWebKit/537.36 (KHTML, like Gecko) Chrome/144.0.0.0 Safari/537.36"
74.7.227.21 - - [16/Apr/2026:01:13:05 +0200] "GET /03-09-2007/ HTTP/1.1" 200 7345 "https://www.afish-ka.ru/19-09-2007/" "Mozilla/5.0 AppleWebKit/537.36 (KHTML, like Gecko; compatible; GPTBot/1.3; +https://openai.com/gptbot)"
74.7.227.21 - - [16/Apr/2026:01:13:06 +0200] "GET /29-09-2007/ HTTP/1.1" 200 7317 "https://www.afish-ka.ru/13-10-2007/" "Mozilla/5.0 AppleWebKit/537.36 (KHTML, like Gecko; compatible; GPTBot/1.3; +https://openai.com/gptbot)"
