File: /var/www/ilya/data/webdav/webdav/webdav/logs/afish-ka.ru.access.log
74.7.227.21 - - [16/Apr/2026:00:00:03 +0200] "GET /images/s/actions/6147_4.jpg HTTP/1.1" 200 7892 "https://www.afish-ka.ru/cinema/films/6147/" "Mozilla/5.0 AppleWebKit/537.36 (KHTML, like Gecko; compatible; GPTBot/1.3; +https://openai.com/gptbot)"
74.7.227.21 - - [16/Apr/2026:00:00:04 +0200] "GET /images/b/actions/6150_1.jpg HTTP/1.1" 200 33700 "https://www.afish-ka.ru/cinema/films/6150/" "Mozilla/5.0 AppleWebKit/537.36 (KHTML, like Gecko; compatible; GPTBot/1.3; +https://openai.com/gptbot)"
199.16.157.181 - - [16/Apr/2026:00:00:04 +0200] "GET /robots.txt HTTP/1.1" 200 461 "-" "Twitterbot/1.0"
199.16.157.181 - - [16/Apr/2026:00:00:04 +0200] "GET /concert_hall/actions/3319/ HTTP/1.1" 200 7140 "-" "Twitterbot/1.0"
74.7.227.21 - - [16/Apr/2026:00:00:04 +0200] "GET /images/b/actions/6147_2.jpg HTTP/1.1" 200 69740 "https://www.afish-ka.ru/cinema/films/6147/" "Mozilla/5.0 AppleWebKit/537.36 (KHTML, like Gecko; compatible; GPTBot/1.3; +https://openai.com/gptbot)"
43.167.245.18 - - [16/Apr/2026:00:00:04 +0200] "GET / HTTP/1.1" 200 6064 "-" "Mozilla/5.0 (iPhone; CPU iPhone OS 13_2_3 like Mac OS X) AppleWebKit/605.1.15 (KHTML, like Gecko) Version/13.0.3 Mobile/15E148 Safari/604.1"
74.7.227.21 - - [16/Apr/2026:00:00:05 +0200] "GET /images/s/actions/6147_3.jpg HTTP/1.1" 200 7245 "https://www.afish-ka.ru/cinema/films/6147/" "Mozilla/5.0 AppleWebKit/537.36 (KHTML, like Gecko; compatible; GPTBot/1.3; +https://openai.com/gptbot)"
185.191.171.13 - - [16/Apr/2026:00:00:05 +0200] "GET /cinema/films/4506/opinions/ HTTP/1.1" 200 9313 "-" "Mozilla/5.0 (compatible; SemrushBot/7~bl; +http://www.semrush.com/bot.html)"
74.7.227.21 - - [16/Apr/2026:00:00:05 +0200] "GET /images/s/actions/6155_3.jpg HTTP/1.1" 200 6247 "https://www.afish-ka.ru/cinema/films/6155/" "Mozilla/5.0 AppleWebKit/537.36 (KHTML, like Gecko; compatible; GPTBot/1.3; +https://openai.com/gptbot)"
74.7.227.21 - - [16/Apr/2026:00:00:06 +0200] "GET /images/b/actions/6154_2.jpg HTTP/1.1" 200 38830 "https://www.afish-ka.ru/cinema/films/6154/" "Mozilla/5.0 AppleWebKit/537.36 (KHTML, like Gecko; compatible; GPTBot/1.3; +https://openai.com/gptbot)"
74.7.227.21 - - [16/Apr/2026:00:00:06 +0200] "GET /images/b/actions/6154_5.jpg HTTP/1.1" 200 36370 "https://www.afish-ka.ru/cinema/films/6154/" "Mozilla/5.0 AppleWebKit/537.36 (KHTML, like Gecko; compatible; GPTBot/1.3; +https://openai.com/gptbot)"
74.7.227.21 - - [16/Apr/2026:00:00:07 +0200] "GET /images/b/actions/6155_4.jpg HTTP/1.1" 200 53023 "https://www.afish-ka.ru/cinema/films/6155/" "Mozilla/5.0 AppleWebKit/537.36 (KHTML, like Gecko; compatible; GPTBot/1.3; +https://openai.com/gptbot)"
74.7.227.21 - - [16/Apr/2026:00:00:08 +0200] "GET /images/s/actions/2338_4.jpg HTTP/1.1" 200 6091 "https://www.afish-ka.ru/cinema/films/2338/" "Mozilla/5.0 AppleWebKit/537.36 (KHTML, like Gecko; compatible; GPTBot/1.3; +https://openai.com/gptbot)"
74.7.227.21 - - [16/Apr/2026:00:00:08 +0200] "GET /images/b/actions/6152_4.jpg HTTP/1.1" 200 64559 "https://www.afish-ka.ru/cinema/films/6152/" "Mozilla/5.0 AppleWebKit/537.36 (KHTML, like Gecko; compatible; GPTBot/1.3; +https://openai.com/gptbot)"
185.191.171.16 - - [16/Apr/2026:00:00:08 +0200] "GET /cinema/films/4241/opinions/add/?parent=36745 HTTP/1.1" 200 9531 "-" "Mozilla/5.0 (compatible; SemrushBot/7~bl; +http://www.semrush.com/bot.html)"
74.7.227.21 - - [16/Apr/2026:00:00:09 +0200] "GET /images/s/actions/6150_2.jpg HTTP/1.1" 200 5755 "https://www.afish-ka.ru/cinema/films/6150/" "Mozilla/5.0 AppleWebKit/537.36 (KHTML, like Gecko; compatible; GPTBot/1.3; +https://openai.com/gptbot)"
74.7.227.21 - - [16/Apr/2026:00:00:09 +0200] "GET /images/b/actions/2355_4.jpg HTTP/1.1" 200 14895 "https://www.afish-ka.ru/cinema/films/2355/" "Mozilla/5.0 AppleWebKit/537.36 (KHTML, like Gecko; compatible; GPTBot/1.3; +https://openai.com/gptbot)"
74.7.227.21 - - [16/Apr/2026:00:00:10 +0200] "GET /images/b/actions/6152_5.jpg HTTP/1.1" 200 49148 "https://www.afish-ka.ru/cinema/films/6152/" "Mozilla/5.0 AppleWebKit/537.36 (KHTML, like Gecko; compatible; GPTBot/1.3; +https://openai.com/gptbot)"
74.7.227.21 - - [16/Apr/2026:00:00:10 +0200] "GET /images/b/actions/2338_5.jpg HTTP/1.1" 200 11105 "https://www.afish-ka.ru/cinema/films/2338/" "Mozilla/5.0 AppleWebKit/537.36 (KHTML, like Gecko; compatible; GPTBot/1.3; +https://openai.com/gptbot)"
74.7.227.21 - - [16/Apr/2026:00:00:11 +0200] "GET /images/s/actions/6155_2.jpg HTTP/1.1" 200 7041 "https://www.afish-ka.ru/cinema/films/6155/" "Mozilla/5.0 AppleWebKit/537.36 (KHTML, like Gecko; compatible; GPTBot/1.3; +https://openai.com/gptbot)"
74.7.227.21 - - [16/Apr/2026:00:00:11 +0200] "GET /images/s/actions/2355_3.jpg HTTP/1.1" 200 6943 "https://www.afish-ka.ru/cinema/films/2355/" "Mozilla/5.0 AppleWebKit/537.36 (KHTML, like Gecko; compatible; GPTBot/1.3; +https://openai.com/gptbot)"
74.7.227.21 - - [16/Apr/2026:00:00:12 +0200] "GET /images/s/actions/6151_5.jpg HTTP/1.1" 200 7094 "https://www.afish-ka.ru/cinema/films/6151/" "Mozilla/5.0 AppleWebKit/537.36 (KHTML, like Gecko; compatible; GPTBot/1.3; +https://openai.com/gptbot)"
74.7.227.21 - - [16/Apr/2026:00:00:12 +0200] "GET /images/s/actions/2355_2.jpg HTTP/1.1" 200 6503 "https://www.afish-ka.ru/cinema/films/2355/" "Mozilla/5.0 AppleWebKit/537.36 (KHTML, like Gecko; compatible; GPTBot/1.3; +https://openai.com/gptbot)"
85.208.96.196 - - [16/Apr/2026:00:00:12 +0200] "GET /concert_hall/actions/998/opinions/add/ HTTP/1.1" 200 9547 "-" "Mozilla/5.0 (compatible; SemrushBot/7~bl; +http://www.semrush.com/bot.html)"
74.7.227.21 - - [16/Apr/2026:00:00:13 +0200] "GET /images/s/actions/2337_2.jpg HTTP/1.1" 200 5833 "https://www.afish-ka.ru/cinema/films/2337/" "Mozilla/5.0 AppleWebKit/537.36 (KHTML, like Gecko; compatible; GPTBot/1.3; +https://openai.com/gptbot)"
74.7.227.21 - - [16/Apr/2026:00:00:13 +0200] "GET /images/s/actions/2338_2.jpg HTTP/1.1" 200 5151 "https://www.afish-ka.ru/cinema/films/2338/" "Mozilla/5.0 AppleWebKit/537.36 (KHTML, like Gecko; compatible; GPTBot/1.3; +https://openai.com/gptbot)"
74.7.227.21 - - [16/Apr/2026:00:00:14 +0200] "GET /images/s/actions/2338_3.jpg HTTP/1.1" 200 6005 "https://www.afish-ka.ru/cinema/films/2338/" "Mozilla/5.0 AppleWebKit/537.36 (KHTML, like Gecko; compatible; GPTBot/1.3; +https://openai.com/gptbot)"
74.7.227.21 - - [16/Apr/2026:00:00:14 +0200] "GET /images/s/actions/2337_3.jpg HTTP/1.1" 200 6497 "https://www.afish-ka.ru/cinema/films/2337/" "Mozilla/5.0 AppleWebKit/537.36 (KHTML, like Gecko; compatible; GPTBot/1.3; +https://openai.com/gptbot)"
220.181.108.103 - - [16/Apr/2026:00:00:14 +0200] "GET /images/s/actions/4747_2.jpg HTTP/1.1" 200 10183 "-" "Baiduspider-image+(+http://www.baidu.com/search/spider.htm)"
74.7.227.21 - - [16/Apr/2026:00:00:15 +0200] "GET /images/s/actions/2355_5.jpg HTTP/1.1" 200 7579 "https://www.afish-ka.ru/cinema/films/2355/" "Mozilla/5.0 AppleWebKit/537.36 (KHTML, like Gecko; compatible; GPTBot/1.3; +https://openai.com/gptbot)"
74.7.227.21 - - [16/Apr/2026:00:00:15 +0200] "GET /images/s/actions/6155_5.jpg HTTP/1.1" 200 6586 "https://www.afish-ka.ru/cinema/films/6155/" "Mozilla/5.0 AppleWebKit/537.36 (KHTML, like Gecko; compatible; GPTBot/1.3; +https://openai.com/gptbot)"
74.7.227.21 - - [16/Apr/2026:00:00:16 +0200] "GET /images/s/posters/2355.jpg HTTP/1.1" 200 8319 "https://www.afish-ka.ru/cinema/films/2355/" "Mozilla/5.0 AppleWebKit/537.36 (KHTML, like Gecko; compatible; GPTBot/1.3; +https://openai.com/gptbot)"
74.7.227.21 - - [16/Apr/2026:00:00:16 +0200] "GET /images/s/posters/6143.jpg HTTP/1.1" 200 10251 "https://www.afish-ka.ru/cinema/films/6143/" "Mozilla/5.0 AppleWebKit/537.36 (KHTML, like Gecko; compatible; GPTBot/1.3; +https://openai.com/gptbot)"
74.7.227.21 - - [16/Apr/2026:00:00:17 +0200] "GET /images/s/posters/6147.jpg HTTP/1.1" 200 17242 "https://www.afish-ka.ru/cinema/films/6147/" "Mozilla/5.0 AppleWebKit/537.36 (KHTML, like Gecko; compatible; GPTBot/1.3; +https://openai.com/gptbot)"
216.244.66.228 - - [16/Apr/2026:00:00:17 +0200] "GET /robots.txt HTTP/1.1" 200 461 "-" "Mozilla/5.0 (compatible; DotBot/1.2; +https://opensiteexplorer.org/dotbot; help@moz.com)"
74.7.227.21 - - [16/Apr/2026:00:00:17 +0200] "GET /images/b/posters/2355.jpg HTTP/1.1" 200 39181 "https://www.afish-ka.ru/cinema/films/2355/" "Mozilla/5.0 AppleWebKit/537.36 (KHTML, like Gecko; compatible; GPTBot/1.3; +https://openai.com/gptbot)"
74.7.227.21 - - [16/Apr/2026:00:00:18 +0200] "GET /images/b/posters/6155.jpg HTTP/1.1" 200 57971 "https://www.afish-ka.ru/cinema/films/6155/" "Mozilla/5.0 AppleWebKit/537.36 (KHTML, like Gecko; compatible; GPTBot/1.3; +https://openai.com/gptbot)"
74.7.227.21 - - [16/Apr/2026:00:00:19 +0200] "GET /images/s/posters/6151.jpg HTTP/1.1" 200 13687 "https://www.afish-ka.ru/cinema/films/6151/" "Mozilla/5.0 AppleWebKit/537.36 (KHTML, like Gecko; compatible; GPTBot/1.3; +https://openai.com/gptbot)"
74.7.227.21 - - [16/Apr/2026:00:00:19 +0200] "GET /images/s/posters/6154.jpg HTTP/1.1" 200 10250 "https://www.afish-ka.ru/cinema/films/6154/" "Mozilla/5.0 AppleWebKit/537.36 (KHTML, like Gecko; compatible; GPTBot/1.3; +https://openai.com/gptbot)"
74.7.227.21 - - [16/Apr/2026:00:00:20 +0200] "GET /images/s/posters/2337.jpg HTTP/1.1" 200 8334 "https://www.afish-ka.ru/cinema/films/2337/" "Mozilla/5.0 AppleWebKit/537.36 (KHTML, like Gecko; compatible; GPTBot/1.3; +https://openai.com/gptbot)"
74.7.227.21 - - [16/Apr/2026:00:00:20 +0200] "GET /images/b/posters/6143.jpg HTTP/1.1" 200 36528 "https://www.afish-ka.ru/cinema/films/6143/" "Mozilla/5.0 AppleWebKit/537.36 (KHTML, like Gecko; compatible; GPTBot/1.3; +https://openai.com/gptbot)"
74.7.227.21 - - [16/Apr/2026:00:00:21 +0200] "GET /images/b/posters/6148.jpg HTTP/1.1" 200 74211 "https://www.afish-ka.ru/cinema/films/6148/" "Mozilla/5.0 AppleWebKit/537.36 (KHTML, like Gecko; compatible; GPTBot/1.3; +https://openai.com/gptbot)"
74.7.227.21 - - [16/Apr/2026:00:00:21 +0200] "GET /images/b/posters/2338.jpg HTTP/1.1" 200 47643 "https://www.afish-ka.ru/cinema/films/2338/" "Mozilla/5.0 AppleWebKit/537.36 (KHTML, like Gecko; compatible; GPTBot/1.3; +https://openai.com/gptbot)"
74.7.227.21 - - [16/Apr/2026:00:00:22 +0200] "GET /images/b/posters/6154.jpg HTTP/1.1" 200 60801 "https://www.afish-ka.ru/cinema/films/6154/" "Mozilla/5.0 AppleWebKit/537.36 (KHTML, like Gecko; compatible; GPTBot/1.3; +https://openai.com/gptbot)"
74.7.227.21 - - [16/Apr/2026:00:00:22 +0200] "GET /images/b/posters/6152.jpg HTTP/1.1" 200 77831 "https://www.afish-ka.ru/cinema/films/6152/" "Mozilla/5.0 AppleWebKit/537.36 (KHTML, like Gecko; compatible; GPTBot/1.3; +https://openai.com/gptbot)"
74.7.227.21 - - [16/Apr/2026:00:00:23 +0200] "GET /images/s/posters/6152.jpg HTTP/1.1" 200 13474 "https://www.afish-ka.ru/cinema/films/6152/" "Mozilla/5.0 AppleWebKit/537.36 (KHTML, like Gecko; compatible; GPTBot/1.3; +https://openai.com/gptbot)"
74.7.227.21 - - [16/Apr/2026:00:00:23 +0200] "GET /images/b/posters/6151.jpg HTTP/1.1" 200 67378 "https://www.afish-ka.ru/cinema/films/6151/" "Mozilla/5.0 AppleWebKit/537.36 (KHTML, like Gecko; compatible; GPTBot/1.3; +https://openai.com/gptbot)"
74.7.227.21 - - [16/Apr/2026:00:00:24 +0200] "GET /images/s/posters/6148.jpg HTTP/1.1" 200 15935 "https://www.afish-ka.ru/cinema/films/6148/" "Mozilla/5.0 AppleWebKit/537.36 (KHTML, like Gecko; compatible; GPTBot/1.3; +https://openai.com/gptbot)"
74.7.227.21 - - [16/Apr/2026:00:00:24 +0200] "GET /images/b/posters/6147.jpg HTTP/1.1" 200 64443 "https://www.afish-ka.ru/cinema/films/6147/" "Mozilla/5.0 AppleWebKit/537.36 (KHTML, like Gecko; compatible; GPTBot/1.3; +https://openai.com/gptbot)"
74.7.227.21 - - [16/Apr/2026:00:00:25 +0200] "GET /images/s/posters/6150.jpg HTTP/1.1" 200 16657 "https://www.afish-ka.ru/cinema/films/6150/" "Mozilla/5.0 AppleWebKit/537.36 (KHTML, like Gecko; compatible; GPTBot/1.3; +https://openai.com/gptbot)"
74.7.227.21 - - [16/Apr/2026:00:00:25 +0200] "GET /images/b/posters/6150.jpg HTTP/1.1" 200 102472 "https://www.afish-ka.ru/cinema/films/6150/" "Mozilla/5.0 AppleWebKit/537.36 (KHTML, like Gecko; compatible; GPTBot/1.3; +https://openai.com/gptbot)"
74.7.227.21 - - [16/Apr/2026:00:00:26 +0200] "GET /images/b/posters/2337.jpg HTTP/1.1" 200 42327 "https://www.afish-ka.ru/cinema/films/2337/" "Mozilla/5.0 AppleWebKit/537.36 (KHTML, like Gecko; compatible; GPTBot/1.3; +https://openai.com/gptbot)"
74.7.227.21 - - [16/Apr/2026:00:00:27 +0200] "GET /images/s/posters/6155.jpg HTTP/1.1" 200 16865 "https://www.afish-ka.ru/cinema/films/6155/" "Mozilla/5.0 AppleWebKit/537.36 (KHTML, like Gecko; compatible; GPTBot/1.3; +https://openai.com/gptbot)"
74.7.227.21 - - [16/Apr/2026:00:00:27 +0200] "GET /images/s/posters/2338.jpg HTTP/1.1" 200 9122 "https://www.afish-ka.ru/cinema/films/2338/" "Mozilla/5.0 AppleWebKit/537.36 (KHTML, like Gecko; compatible; GPTBot/1.3; +https://openai.com/gptbot)"
74.7.227.21 - - [16/Apr/2026:00:00:28 +0200] "GET /cinema/films/6136/ HTTP/1.1" 200 6980 "https://www.afish-ka.ru/09-03-2022/" "Mozilla/5.0 AppleWebKit/537.36 (KHTML, like Gecko; compatible; GPTBot/1.3; +https://openai.com/gptbot)"
74.7.227.21 - - [16/Apr/2026:00:00:28 +0200] "GET /cinema/films/6117/ HTTP/1.1" 200 6665 "https://www.afish-ka.ru/09-03-2022/" "Mozilla/5.0 AppleWebKit/537.36 (KHTML, like Gecko; compatible; GPTBot/1.3; +https://openai.com/gptbot)"
74.7.227.21 - - [16/Apr/2026:00:00:29 +0200] "GET /18-11-2012/ HTTP/1.1" 200 8761 "https://www.afish-ka.ru/03-11-2012/" "Mozilla/5.0 AppleWebKit/537.36 (KHTML, like Gecko; compatible; GPTBot/1.3; +https://openai.com/gptbot)"
74.7.227.21 - - [16/Apr/2026:00:00:29 +0200] "GET /09-11-2012/ HTTP/1.1" 200 9555 "https://www.afish-ka.ru/03-11-2012/" "Mozilla/5.0 AppleWebKit/537.36 (KHTML, like Gecko; compatible; GPTBot/1.3; +https://openai.com/gptbot)"
74.7.227.21 - - [16/Apr/2026:00:00:30 +0200] "GET /30-10-2012/ HTTP/1.1" 200 8443 "https://www.afish-ka.ru/03-11-2012/" "Mozilla/5.0 AppleWebKit/537.36 (KHTML, like Gecko; compatible; GPTBot/1.3; +https://openai.com/gptbot)"
74.7.227.21 - - [16/Apr/2026:00:00:30 +0200] "GET /27-01-2011/ HTTP/1.1" 200 8585 "https://www.afish-ka.ru/31-01-2011/" "Mozilla/5.0 AppleWebKit/537.36 (KHTML, like Gecko; compatible; GPTBot/1.3; +https://openai.com/gptbot)"
74.7.227.21 - - [16/Apr/2026:00:00:31 +0200] "GET /26-12-2012/ HTTP/1.1" 200 8769 "https://www.afish-ka.ru/07-01-2013/" "Mozilla/5.0 AppleWebKit/537.36 (KHTML, like Gecko; compatible; GPTBot/1.3; +https://openai.com/gptbot)"
74.7.227.21 - - [16/Apr/2026:00:00:32 +0200] "GET /26-06-2010/ HTTP/1.1" 200 8324 "https://www.afish-ka.ru/21-06-2010/" "Mozilla/5.0 AppleWebKit/537.36 (KHTML, like Gecko; compatible; GPTBot/1.3; +https://openai.com/gptbot)"
74.7.227.21 - - [16/Apr/2026:00:00:33 +0200] "GET /21-10-2014/ HTTP/1.1" 200 8676 "https://www.afish-ka.ru/09-11-2014/" "Mozilla/5.0 AppleWebKit/537.36 (KHTML, like Gecko; compatible; GPTBot/1.3; +https://openai.com/gptbot)"
74.7.227.21 - - [16/Apr/2026:00:00:33 +0200] "GET /16-01-2016/ HTTP/1.1" 200 10396 "https://www.afish-ka.ru/09-01-2016/" "Mozilla/5.0 AppleWebKit/537.36 (KHTML, like Gecko; compatible; GPTBot/1.3; +https://openai.com/gptbot)"
74.7.227.21 - - [16/Apr/2026:00:00:34 +0200] "GET /02-01-2011/ HTTP/1.1" 200 8591 "https://www.afish-ka.ru/cinema/films/1314/" "Mozilla/5.0 AppleWebKit/537.36 (KHTML, like Gecko; compatible; GPTBot/1.3; +https://openai.com/gptbot)"
74.7.227.21 - - [16/Apr/2026:00:00:34 +0200] "GET /images/b/posters/6136.jpg HTTP/1.1" 200 66489 "https://www.afish-ka.ru/cinema/films/6136/" "Mozilla/5.0 AppleWebKit/537.36 (KHTML, like Gecko; compatible; GPTBot/1.3; +https://openai.com/gptbot)"
74.7.227.21 - - [16/Apr/2026:00:00:35 +0200] "GET /images/b/actions/6117_2.jpg HTTP/1.1" 200 62151 "https://www.afish-ka.ru/cinema/films/6117/" "Mozilla/5.0 AppleWebKit/537.36 (KHTML, like Gecko; compatible; GPTBot/1.3; +https://openai.com/gptbot)"
85.208.96.209 - - [16/Apr/2026:00:00:35 +0200] "GET /cinema/films/3424/opinions/add/?parent=32101 HTTP/1.1" 200 9519 "-" "Mozilla/5.0 (compatible; SemrushBot/7~bl; +http://www.semrush.com/bot.html)"
74.7.227.21 - - [16/Apr/2026:00:00:35 +0200] "GET /images/s/actions/6136_4.jpg HTTP/1.1" 200 5176 "https://www.afish-ka.ru/cinema/films/6136/" "Mozilla/5.0 AppleWebKit/537.36 (KHTML, like Gecko; compatible; GPTBot/1.3; +https://openai.com/gptbot)"
74.7.227.21 - - [16/Apr/2026:00:00:36 +0200] "GET /images/s/actions/2293_1.jpg HTTP/1.1" 200 5247 "https://www.afish-ka.ru/09-11-2012/" "Mozilla/5.0 AppleWebKit/537.36 (KHTML, like Gecko; compatible; GPTBot/1.3; +https://openai.com/gptbot)"
74.7.227.21 - - [16/Apr/2026:00:00:36 +0200] "GET /images/b/actions/6136_1.jpg HTTP/1.1" 200 31612 "https://www.afish-ka.ru/cinema/films/6136/" "Mozilla/5.0 AppleWebKit/537.36 (KHTML, like Gecko; compatible; GPTBot/1.3; +https://openai.com/gptbot)"
74.7.227.21 - - [16/Apr/2026:00:00:37 +0200] "GET /images/s/actions/6136_2.jpg HTTP/1.1" 200 7432 "https://www.afish-ka.ru/cinema/films/6136/" "Mozilla/5.0 AppleWebKit/537.36 (KHTML, like Gecko; compatible; GPTBot/1.3; +https://openai.com/gptbot)"
94.23.188.211 - - [16/Apr/2026:00:00:37 +0200] "GET /cinema/films/5156/opinions/add/?parent=44348 HTTP/1.1" 200 9534 "-" "Mozilla/5.0 (compatible; AhrefsBot/7.0; +http://ahrefs.com/robot/)"
74.7.227.21 - - [16/Apr/2026:00:00:37 +0200] "GET /images/s/actions/6117_5.jpg HTTP/1.1" 200 9164 "https://www.afish-ka.ru/cinema/films/6117/" "Mozilla/5.0 AppleWebKit/537.36 (KHTML, like Gecko; compatible; GPTBot/1.3; +https://openai.com/gptbot)"
74.7.227.21 - - [16/Apr/2026:00:00:38 +0200] "GET /images/b/actions/6136_2.jpg HTTP/1.1" 200 73370 "https://www.afish-ka.ru/cinema/films/6136/" "Mozilla/5.0 AppleWebKit/537.36 (KHTML, like Gecko; compatible; GPTBot/1.3; +https://openai.com/gptbot)"
74.7.227.21 - - [16/Apr/2026:00:00:39 +0200] "GET /images/s/actions/6117_2.jpg HTTP/1.1" 200 6490 "https://www.afish-ka.ru/cinema/films/6117/" "Mozilla/5.0 AppleWebKit/537.36 (KHTML, like Gecko; compatible; GPTBot/1.3; +https://openai.com/gptbot)"
74.7.227.21 - - [16/Apr/2026:00:00:39 +0200] "GET /images/s/actions/2362_1.jpg HTTP/1.1" 200 6100 "https://www.afish-ka.ru/09-11-2012/" "Mozilla/5.0 AppleWebKit/537.36 (KHTML, like Gecko; compatible; GPTBot/1.3; +https://openai.com/gptbot)"
74.7.227.21 - - [16/Apr/2026:00:00:40 +0200] "GET /images/s/actions/6117_3.jpg HTTP/1.1" 200 6407 "https://www.afish-ka.ru/cinema/films/6117/" "Mozilla/5.0 AppleWebKit/537.36 (KHTML, like Gecko; compatible; GPTBot/1.3; +https://openai.com/gptbot)"
74.7.227.21 - - [16/Apr/2026:00:00:40 +0200] "GET /images/b/actions/6117_3.jpg HTTP/1.1" 200 59394 "https://www.afish-ka.ru/cinema/films/6117/" "Mozilla/5.0 AppleWebKit/537.36 (KHTML, like Gecko; compatible; GPTBot/1.3; +https://openai.com/gptbot)"
74.7.227.21 - - [16/Apr/2026:00:00:41 +0200] "GET /images/b/actions/6136_4.jpg HTTP/1.1" 200 43412 "https://www.afish-ka.ru/cinema/films/6136/" "Mozilla/5.0 AppleWebKit/537.36 (KHTML, like Gecko; compatible; GPTBot/1.3; +https://openai.com/gptbot)"
74.7.227.21 - - [16/Apr/2026:00:00:41 +0200] "GET /images/s/actions/2474_1.jpg HTTP/1.1" 200 7444 "https://www.afish-ka.ru/26-12-2012/" "Mozilla/5.0 AppleWebKit/537.36 (KHTML, like Gecko; compatible; GPTBot/1.3; +https://openai.com/gptbot)"
74.7.227.21 - - [16/Apr/2026:00:00:42 +0200] "GET /images/s/actions/6136_5.jpg HTTP/1.1" 200 7673 "https://www.afish-ka.ru/cinema/films/6136/" "Mozilla/5.0 AppleWebKit/537.36 (KHTML, like Gecko; compatible; GPTBot/1.3; +https://openai.com/gptbot)"
185.191.171.3 - - [16/Apr/2026:00:00:42 +0200] "GET /cinema/films/4309/opinions/add/?parent=38735 HTTP/1.1" 200 9516 "-" "Mozilla/5.0 (compatible; SemrushBot/7~bl; +http://www.semrush.com/bot.html)"
74.7.227.21 - - [16/Apr/2026:00:00:42 +0200] "GET /images/b/actions/6117_1.jpg HTTP/1.1" 200 35148 "https://www.afish-ka.ru/cinema/films/6117/" "Mozilla/5.0 AppleWebKit/537.36 (KHTML, like Gecko; compatible; GPTBot/1.3; +https://openai.com/gptbot)"
74.7.227.21 - - [16/Apr/2026:00:00:43 +0200] "GET /images/b/actions/6117_4.jpg HTTP/1.1" 200 47049 "https://www.afish-ka.ru/cinema/films/6117/" "Mozilla/5.0 AppleWebKit/537.36 (KHTML, like Gecko; compatible; GPTBot/1.3; +https://openai.com/gptbot)"
74.7.227.21 - - [16/Apr/2026:00:00:43 +0200] "GET /images/b/actions/6136_3.jpg HTTP/1.1" 200 60120 "https://www.afish-ka.ru/cinema/films/6136/" "Mozilla/5.0 AppleWebKit/537.36 (KHTML, like Gecko; compatible; GPTBot/1.3; +https://openai.com/gptbot)"
74.7.227.21 - - [16/Apr/2026:00:00:44 +0200] "GET /images/s/actions/6117_4.jpg HTTP/1.1" 200 5492 "https://www.afish-ka.ru/cinema/films/6117/" "Mozilla/5.0 AppleWebKit/537.36 (KHTML, like Gecko; compatible; GPTBot/1.3; +https://openai.com/gptbot)"
85.208.96.195 - - [16/Apr/2026:00:00:44 +0200] "GET /cinema/films/1751/opinions/add/?parent=22072 HTTP/1.1" 200 9514 "-" "Mozilla/5.0 (compatible; SemrushBot/7~bl; +http://www.semrush.com/bot.html)"
74.7.227.21 - - [16/Apr/2026:00:00:44 +0200] "GET /images/b/actions/6117_5.jpg HTTP/1.1" 200 100742 "https://www.afish-ka.ru/cinema/films/6117/" "Mozilla/5.0 AppleWebKit/537.36 (KHTML, like Gecko; compatible; GPTBot/1.3; +https://openai.com/gptbot)"
74.7.227.21 - - [16/Apr/2026:00:00:45 +0200] "GET /images/b/actions/6136_5.jpg HTTP/1.1" 200 75505 "https://www.afish-ka.ru/cinema/films/6136/" "Mozilla/5.0 AppleWebKit/537.36 (KHTML, like Gecko; compatible; GPTBot/1.3; +https://openai.com/gptbot)"
74.7.227.21 - - [16/Apr/2026:00:00:45 +0200] "GET /images/s/actions/2368_1.jpg HTTP/1.1" 200 5519 "https://www.afish-ka.ru/18-11-2012/" "Mozilla/5.0 AppleWebKit/537.36 (KHTML, like Gecko; compatible; GPTBot/1.3; +https://openai.com/gptbot)"
5.39.1.228 - - [16/Apr/2026:00:00:45 +0200] "GET /cinema/films/4270/opinions/add/?parent=36747 HTTP/1.1" 200 9524 "-" "Mozilla/5.0 (compatible; AhrefsBot/7.0; +http://ahrefs.com/robot/)"
74.7.227.21 - - [16/Apr/2026:00:00:46 +0200] "GET /images/s/actions/6136_3.jpg HTTP/1.1" 200 6721 "https://www.afish-ka.ru/cinema/films/6136/" "Mozilla/5.0 AppleWebKit/537.36 (KHTML, like Gecko; compatible; GPTBot/1.3; +https://openai.com/gptbot)"
74.7.227.21 - - [16/Apr/2026:00:00:47 +0200] "GET /images/b/posters/6117.jpg HTTP/1.1" 200 64077 "https://www.afish-ka.ru/cinema/films/6117/" "Mozilla/5.0 AppleWebKit/537.36 (KHTML, like Gecko; compatible; GPTBot/1.3; +https://openai.com/gptbot)"
74.7.227.21 - - [16/Apr/2026:00:00:47 +0200] "GET /images/s/posters/6117.jpg HTTP/1.1" 200 12753 "https://www.afish-ka.ru/cinema/films/6117/" "Mozilla/5.0 AppleWebKit/537.36 (KHTML, like Gecko; compatible; GPTBot/1.3; +https://openai.com/gptbot)"
74.7.227.21 - - [16/Apr/2026:00:00:48 +0200] "GET /images/s/posters/6136.jpg HTTP/1.1" 200 13257 "https://www.afish-ka.ru/cinema/films/6136/" "Mozilla/5.0 AppleWebKit/537.36 (KHTML, like Gecko; compatible; GPTBot/1.3; +https://openai.com/gptbot)"
74.7.227.21 - - [16/Apr/2026:00:00:48 +0200] "GET /cinema/films/2365/ HTTP/1.1" 200 6713 "https://www.afish-ka.ru/09-11-2012/" "Mozilla/5.0 AppleWebKit/537.36 (KHTML, like Gecko; compatible; GPTBot/1.3; +https://openai.com/gptbot)"
74.7.227.21 - - [16/Apr/2026:00:00:49 +0200] "GET /cafe/actions/2376/ HTTP/1.1" 200 6525 "https://www.afish-ka.ru/26-12-2012/" "Mozilla/5.0 AppleWebKit/537.36 (KHTML, like Gecko; compatible; GPTBot/1.3; +https://openai.com/gptbot)"
74.7.227.21 - - [16/Apr/2026:00:00:49 +0200] "GET /cinema/films/2268/ HTTP/1.1" 200 6652 "https://www.afish-ka.ru/30-10-2012/" "Mozilla/5.0 AppleWebKit/537.36 (KHTML, like Gecko; compatible; GPTBot/1.3; +https://openai.com/gptbot)"
209.209.9.152 - - [16/Apr/2026:00:00:48 +0200] "GET /services/sitemap/1.html HTTP/1.0" 200 35988 "-" "Mozilla/4.0 (compatible; MSIE 7.0; Windows NT 5.1; .NET CLR 3.3.31634)"
74.7.227.21 - - [16/Apr/2026:00:00:50 +0200] "GET /10-08-2012/ HTTP/1.1" 200 8853 "https://www.afish-ka.ru/06-07-2012/" "Mozilla/5.0 AppleWebKit/537.36 (KHTML, like Gecko; compatible; GPTBot/1.3; +https://openai.com/gptbot)"
74.7.227.21 - - [16/Apr/2026:00:00:51 +0200] "GET /20-10-2011/ HTTP/1.1" 200 8156 "https://www.afish-ka.ru/15-09-2011/" "Mozilla/5.0 AppleWebKit/537.36 (KHTML, like Gecko; compatible; GPTBot/1.3; +https://openai.com/gptbot)"
74.7.227.21 - - [16/Apr/2026:00:00:51 +0200] "GET /13-01-2011/ HTTP/1.1" 200 8978 "https://www.afish-ka.ru/23-01-2011/" "Mozilla/5.0 AppleWebKit/537.36 (KHTML, like Gecko; compatible; GPTBot/1.3; +https://openai.com/gptbot)"
74.7.227.21 - - [16/Apr/2026:00:00:52 +0200] "GET /20-10-2016/ HTTP/1.1" 200 9316 "https://www.afish-ka.ru/24-10-2016/" "Mozilla/5.0 AppleWebKit/537.36 (KHTML, like Gecko; compatible; GPTBot/1.3; +https://openai.com/gptbot)"
74.7.227.21 - - [16/Apr/2026:00:00:52 +0200] "GET /09-08-2010/ HTTP/1.1" 200 8791 "https://www.afish-ka.ru/26-08-2010/" "Mozilla/5.0 AppleWebKit/537.36 (KHTML, like Gecko; compatible; GPTBot/1.3; +https://openai.com/gptbot)"
74.7.227.21 - - [16/Apr/2026:00:00:53 +0200] "GET /19-01-2011/ HTTP/1.1" 200 9594 "https://www.afish-ka.ru/31-01-2011/" "Mozilla/5.0 AppleWebKit/537.36 (KHTML, like Gecko; compatible; GPTBot/1.3; +https://openai.com/gptbot)"
74.7.227.21 - - [16/Apr/2026:00:00:53 +0200] "GET /01-10-2017/ HTTP/1.1" 200 9776 "https://www.afish-ka.ru/17-09-2017/" "Mozilla/5.0 AppleWebKit/537.36 (KHTML, like Gecko; compatible; GPTBot/1.3; +https://openai.com/gptbot)"
74.7.227.21 - - [16/Apr/2026:00:00:54 +0200] "GET /02-08-2010/ HTTP/1.1" 200 7821 "https://www.afish-ka.ru/19-08-2010/" "Mozilla/5.0 AppleWebKit/537.36 (KHTML, like Gecko; compatible; GPTBot/1.3; +https://openai.com/gptbot)"
74.7.227.21 - - [16/Apr/2026:00:00:54 +0200] "GET /images/b/actions/2365_4.jpg HTTP/1.1" 200 17704 "https://www.afish-ka.ru/cinema/films/2365/" "Mozilla/5.0 AppleWebKit/537.36 (KHTML, like Gecko; compatible; GPTBot/1.3; +https://openai.com/gptbot)"
74.7.227.21 - - [16/Apr/2026:00:00:55 +0200] "GET /images/b/actions/2365_1.jpg HTTP/1.1" 200 15847 "https://www.afish-ka.ru/cinema/films/2365/" "Mozilla/5.0 AppleWebKit/537.36 (KHTML, like Gecko; compatible; GPTBot/1.3; +https://openai.com/gptbot)"
74.7.227.21 - - [16/Apr/2026:00:00:56 +0200] "GET /images/s/actions/2365_4.jpg HTTP/1.1" 200 6693 "https://www.afish-ka.ru/cinema/films/2365/" "Mozilla/5.0 AppleWebKit/537.36 (KHTML, like Gecko; compatible; GPTBot/1.3; +https://openai.com/gptbot)"
74.7.227.21 - - [16/Apr/2026:00:00:56 +0200] "GET /images/s/actions/2365_3.jpg HTTP/1.1" 200 4987 "https://www.afish-ka.ru/cinema/films/2365/" "Mozilla/5.0 AppleWebKit/537.36 (KHTML, like Gecko; compatible; GPTBot/1.3; +https://openai.com/gptbot)"
74.7.227.21 - - [16/Apr/2026:00:00:57 +0200] "GET /images/b/actions/2365_2.jpg HTTP/1.1" 200 22835 "https://www.afish-ka.ru/cinema/films/2365/" "Mozilla/5.0 AppleWebKit/537.36 (KHTML, like Gecko; compatible; GPTBot/1.3; +https://openai.com/gptbot)"
85.208.96.198 - - [16/Apr/2026:00:00:57 +0200] "GET /cafe/actions/2101/opinions/ HTTP/1.1" 200 9344 "-" "Mozilla/5.0 (compatible; SemrushBot/7~bl; +http://www.semrush.com/bot.html)"
74.7.227.21 - - [16/Apr/2026:00:00:57 +0200] "GET /images/b/actions/2365_3.jpg HTTP/1.1" 200 14035 "https://www.afish-ka.ru/cinema/films/2365/" "Mozilla/5.0 AppleWebKit/537.36 (KHTML, like Gecko; compatible; GPTBot/1.3; +https://openai.com/gptbot)"
74.7.227.21 - - [16/Apr/2026:00:00:58 +0200] "GET /images/b/actions/2365_5.jpg HTTP/1.1" 200 16404 "https://www.afish-ka.ru/cinema/films/2365/" "Mozilla/5.0 AppleWebKit/537.36 (KHTML, like Gecko; compatible; GPTBot/1.3; +https://openai.com/gptbot)"
74.7.227.21 - - [16/Apr/2026:00:00:58 +0200] "GET /images/b/actions/2376_1.jpg HTTP/1.1" 200 23167 "https://www.afish-ka.ru/cafe/actions/2376/" "Mozilla/5.0 AppleWebKit/537.36 (KHTML, like Gecko; compatible; GPTBot/1.3; +https://openai.com/gptbot)"
74.7.227.21 - - [16/Apr/2026:00:00:59 +0200] "GET /images/s/actions/2365_2.jpg HTTP/1.1" 200 7652 "https://www.afish-ka.ru/cinema/films/2365/" "Mozilla/5.0 AppleWebKit/537.36 (KHTML, like Gecko; compatible; GPTBot/1.3; +https://openai.com/gptbot)"
74.7.227.21 - - [16/Apr/2026:00:00:59 +0200] "GET /images/s/actions/2365_5.jpg HTTP/1.1" 200 5967 "https://www.afish-ka.ru/cinema/films/2365/" "Mozilla/5.0 AppleWebKit/537.36 (KHTML, like Gecko; compatible; GPTBot/1.3; +https://openai.com/gptbot)"
74.7.227.21 - - [16/Apr/2026:00:01:00 +0200] "GET /images/b/posters/2376.jpg HTTP/1.1" 200 68201 "https://www.afish-ka.ru/cafe/actions/2376/" "Mozilla/5.0 AppleWebKit/537.36 (KHTML, like Gecko; compatible; GPTBot/1.3; +https://openai.com/gptbot)"
74.7.227.21 - - [16/Apr/2026:00:01:00 +0200] "GET /images/s/posters/2376.jpg HTTP/1.1" 200 12338 "https://www.afish-ka.ru/cafe/actions/2376/" "Mozilla/5.0 AppleWebKit/537.36 (KHTML, like Gecko; compatible; GPTBot/1.3; +https://openai.com/gptbot)"
74.7.227.21 - - [16/Apr/2026:00:01:01 +0200] "GET /images/b/posters/2365.jpg HTTP/1.1" 200 50688 "https://www.afish-ka.ru/cinema/films/2365/" "Mozilla/5.0 AppleWebKit/537.36 (KHTML, like Gecko; compatible; GPTBot/1.3; +https://openai.com/gptbot)"
74.7.227.21 - - [16/Apr/2026:00:01:01 +0200] "GET /images/s/posters/2365.jpg HTTP/1.1" 200 9228 "https://www.afish-ka.ru/cinema/films/2365/" "Mozilla/5.0 AppleWebKit/537.36 (KHTML, like Gecko; compatible; GPTBot/1.3; +https://openai.com/gptbot)"
74.7.227.21 - - [16/Apr/2026:00:01:02 +0200] "GET /13-03-2022/ HTTP/1.1" 200 10691 "https://www.afish-ka.ru/17-04-2022/" "Mozilla/5.0 AppleWebKit/537.36 (KHTML, like Gecko; compatible; GPTBot/1.3; +https://openai.com/gptbot)"
74.7.227.21 - - [16/Apr/2026:00:01:02 +0200] "GET /03-09-2010/ HTTP/1.1" 200 9019 "https://www.afish-ka.ru/26-08-2010/" "Mozilla/5.0 AppleWebKit/537.36 (KHTML, like Gecko; compatible; GPTBot/1.3; +https://openai.com/gptbot)"
74.7.227.21 - - [16/Apr/2026:00:01:03 +0200] "GET /10-12-2015/ HTTP/1.1" 200 10081 "https://www.afish-ka.ru/26-12-2015/" "Mozilla/5.0 AppleWebKit/537.36 (KHTML, like Gecko; compatible; GPTBot/1.3; +https://openai.com/gptbot)"
129.226.148.167 - - [16/Apr/2026:00:01:04 +0200] "GET /cinema/films/2687/cinema/films/2687/opinions/cinema/films/2687/opinions/ HTTP/1.1" 200 10594 "-" "Mozilla/5.0 (Windows NT 10.0; Win64; x64) AppleWebKit/537.36 (KHTML, like Gecko) Chrome/145.0.0.0 Safari/537.36"
74.7.227.21 - - [16/Apr/2026:00:01:03 +0200] "GET /02-10-2012/ HTTP/1.1" 200 9148 "https://www.afish-ka.ru/17-09-2012/" "Mozilla/5.0 AppleWebKit/537.36 (KHTML, like Gecko; compatible; GPTBot/1.3; +https://openai.com/gptbot)"
129.226.148.167 - - [16/Apr/2026:00:01:05 +0200] "GET /i/mba/js/mba.js HTTP/1.1" 200 10124 "https://www.afish-ka.ru/cinema/films/2687/cinema/films/2687/opinions/cinema/films/2687/opinions/" "Mozilla/5.0 (Windows NT 10.0; Win64; x64) AppleWebKit/537.36 (KHTML, like Gecko) Chrome/145.0.0.0 Safari/537.36"
74.7.227.21 - - [16/Apr/2026:00:01:05 +0200] "GET /12-11-2015/ HTTP/1.1" 200 10268 "https://www.afish-ka.ru/23-11-2015/" "Mozilla/5.0 AppleWebKit/537.36 (KHTML, like Gecko; compatible; GPTBot/1.3; +https://openai.com/gptbot)"
74.7.227.21 - - [16/Apr/2026:00:01:05 +0200] "GET /28-01-2012/ HTTP/1.1" 200 9455 "https://www.afish-ka.ru/12-01-2012/" "Mozilla/5.0 AppleWebKit/537.36 (KHTML, like Gecko; compatible; GPTBot/1.3; +https://openai.com/gptbot)"
74.7.227.21 - - [16/Apr/2026:00:01:06 +0200] "GET /21-02-2011/ HTTP/1.1" 200 9033 "https://www.afish-ka.ru/14-02-2011/" "Mozilla/5.0 AppleWebKit/537.36 (KHTML, like Gecko; compatible; GPTBot/1.3; +https://openai.com/gptbot)"
74.7.227.21 - - [16/Apr/2026:00:01:06 +0200] "GET /12-10-2010/ HTTP/1.1" 200 8209 "https://www.afish-ka.ru/28-09-2010/" "Mozilla/5.0 AppleWebKit/537.36 (KHTML, like Gecko; compatible; GPTBot/1.3; +https://openai.com/gptbot)"
85.208.96.206 - - [16/Apr/2026:00:01:07 +0200] "GET /cinema/films/1321/opinions/add/?parent=13970 HTTP/1.1" 200 9514 "-" "Mozilla/5.0 (compatible; SemrushBot/7~bl; +http://www.semrush.com/bot.html)"
74.7.227.21 - - [16/Apr/2026:00:01:07 +0200] "GET /21-11-2014/ HTTP/1.1" 200 8297 "https://www.afish-ka.ru/06-12-2014/" "Mozilla/5.0 AppleWebKit/537.36 (KHTML, like Gecko; compatible; GPTBot/1.3; +https://openai.com/gptbot)"
74.7.227.21 - - [16/Apr/2026:00:01:08 +0200] "GET /06-11-2010/ HTTP/1.1" 200 9431 "https://www.afish-ka.ru/28-10-2010/" "Mozilla/5.0 AppleWebKit/537.36 (KHTML, like Gecko; compatible; GPTBot/1.3; +https://openai.com/gptbot)"
74.7.227.21 - - [16/Apr/2026:00:01:09 +0200] "GET /08-05-2010/ HTTP/1.1" 200 9149 "https://www.afish-ka.ru/17-05-2010/" "Mozilla/5.0 AppleWebKit/537.36 (KHTML, like Gecko; compatible; GPTBot/1.3; +https://openai.com/gptbot)"
74.7.227.21 - - [16/Apr/2026:00:01:09 +0200] "GET /31-01-2020/ HTTP/1.1" 200 10207 "https://www.afish-ka.ru/05-02-2020/" "Mozilla/5.0 AppleWebKit/537.36 (KHTML, like Gecko; compatible; GPTBot/1.3; +https://openai.com/gptbot)"
74.7.227.21 - - [16/Apr/2026:00:01:10 +0200] "GET /images/s/actions/1095_1.jpg HTTP/1.1" 200 5988 "https://www.afish-ka.ru/03-09-2010/" "Mozilla/5.0 AppleWebKit/537.36 (KHTML, like Gecko; compatible; GPTBot/1.3; +https://openai.com/gptbot)"
74.7.227.21 - - [16/Apr/2026:00:01:10 +0200] "GET /images/s/actions/1097_1.jpg HTTP/1.1" 200 8554 "https://www.afish-ka.ru/03-09-2010/" "Mozilla/5.0 AppleWebKit/537.36 (KHTML, like Gecko; compatible; GPTBot/1.3; +https://openai.com/gptbot)"
74.7.227.21 - - [16/Apr/2026:00:01:11 +0200] "GET /cinema/films/1097/ HTTP/1.1" 200 6952 "https://www.afish-ka.ru/03-09-2010/" "Mozilla/5.0 AppleWebKit/537.36 (KHTML, like Gecko; compatible; GPTBot/1.3; +https://openai.com/gptbot)"
74.7.227.21 - - [16/Apr/2026:00:01:11 +0200] "GET /images/s/actions/3745_1.jpg HTTP/1.1" 200 4692 "https://www.afish-ka.ru/12-11-2015/" "Mozilla/5.0 AppleWebKit/537.36 (KHTML, like Gecko; compatible; GPTBot/1.3; +https://openai.com/gptbot)"
74.7.227.21 - - [16/Apr/2026:00:01:12 +0200] "GET /cinema/films/1905/ HTTP/1.1" 200 6264 "https://www.afish-ka.ru/28-01-2012/" "Mozilla/5.0 AppleWebKit/537.36 (KHTML, like Gecko; compatible; GPTBot/1.3; +https://openai.com/gptbot)"
74.7.227.21 - - [16/Apr/2026:00:01:13 +0200] "GET /cinema/films/3745/ HTTP/1.1" 200 6415 "https://www.afish-ka.ru/12-11-2015/" "Mozilla/5.0 AppleWebKit/537.36 (KHTML, like Gecko; compatible; GPTBot/1.3; +https://openai.com/gptbot)"
74.7.227.21 - - [16/Apr/2026:00:01:13 +0200] "GET /cinema/films/1082/ HTTP/1.1" 200 6676 "https://www.afish-ka.ru/12-10-2010/" "Mozilla/5.0 AppleWebKit/537.36 (KHTML, like Gecko; compatible; GPTBot/1.3; +https://openai.com/gptbot)"
92.222.104.207 - - [16/Apr/2026:00:01:13 +0200] "GET /cafe/actions/3114/opinions/add/ HTTP/1.1" 200 9559 "-" "Mozilla/5.0 (compatible; AhrefsBot/7.0; +http://ahrefs.com/robot/)"
74.7.227.21 - - [16/Apr/2026:00:01:14 +0200] "GET /cinema/films/1096/ HTTP/1.1" 200 6580 "https://www.afish-ka.ru/12-10-2010/" "Mozilla/5.0 AppleWebKit/537.36 (KHTML, like Gecko; compatible; GPTBot/1.3; +https://openai.com/gptbot)"
74.7.227.21 - - [16/Apr/2026:00:01:14 +0200] "GET /images/s/actions/1223_1.jpg HTTP/1.1" 200 6208 "https://www.afish-ka.ru/06-11-2010/" "Mozilla/5.0 AppleWebKit/537.36 (KHTML, like Gecko; compatible; GPTBot/1.3; +https://openai.com/gptbot)"
85.208.96.198 - - [16/Apr/2026:00:01:15 +0200] "GET /night_club/10/opinions/add/?parent=245 HTTP/1.1" 200 9546 "-" "Mozilla/5.0 (compatible; SemrushBot/7~bl; +http://www.semrush.com/bot.html)"
74.7.227.21 - - [16/Apr/2026:00:01:15 +0200] "GET /images/s/actions/1219_1.jpg HTTP/1.1" 200 7815 "https://www.afish-ka.ru/06-11-2010/" "Mozilla/5.0 AppleWebKit/537.36 (KHTML, like Gecko; compatible; GPTBot/1.3; +https://openai.com/gptbot)"
74.7.227.21 - - [16/Apr/2026:00:01:15 +0200] "GET /theater/actions/1840/ HTTP/1.1" 200 7107 "https://www.afish-ka.ru/28-01-2012/" "Mozilla/5.0 AppleWebKit/537.36 (KHTML, like Gecko; compatible; GPTBot/1.3; +https://openai.com/gptbot)"
74.7.227.21 - - [16/Apr/2026:00:01:16 +0200] "GET /theater/actions/1160/ HTTP/1.1" 200 6851 "https://www.afish-ka.ru/06-11-2010/" "Mozilla/5.0 AppleWebKit/537.36 (KHTML, like Gecko; compatible; GPTBot/1.3; +https://openai.com/gptbot)"
74.7.227.21 - - [16/Apr/2026:00:01:17 +0200] "GET /cinema/films/1080/ HTTP/1.1" 200 6705 "https://www.afish-ka.ru/12-10-2010/" "Mozilla/5.0 AppleWebKit/537.36 (KHTML, like Gecko; compatible; GPTBot/1.3; +https://openai.com/gptbot)"
74.7.227.21 - - [16/Apr/2026:00:01:17 +0200] "GET /images/b/actions/1097_1.jpg HTTP/1.1" 200 79919 "https://www.afish-ka.ru/cinema/films/1097/" "Mozilla/5.0 AppleWebKit/537.36 (KHTML, like Gecko; compatible; GPTBot/1.3; +https://openai.com/gptbot)"
74.7.227.21 - - [16/Apr/2026:00:01:18 +0200] "GET /cinema/films/5578/ HTTP/1.1" 200 6420 "https://www.afish-ka.ru/31-01-2020/" "Mozilla/5.0 AppleWebKit/537.36 (KHTML, like Gecko; compatible; GPTBot/1.3; +https://openai.com/gptbot)"
74.7.227.21 - - [16/Apr/2026:00:01:18 +0200] "GET /city/actions/1223/ HTTP/1.1" 200 6150 "https://www.afish-ka.ru/06-11-2010/" "Mozilla/5.0 AppleWebKit/537.36 (KHTML, like Gecko; compatible; GPTBot/1.3; +https://openai.com/gptbot)"
74.7.227.21 - - [16/Apr/2026:00:01:19 +0200] "GET /images/b/actions/3745_3.jpg HTTP/1.1" 200 42187 "https://www.afish-ka.ru/cinema/films/3745/" "Mozilla/5.0 AppleWebKit/537.36 (KHTML, like Gecko; compatible; GPTBot/1.3; +https://openai.com/gptbot)"
74.7.227.21 - - [16/Apr/2026:00:01:20 +0200] "GET /images/s/actions/3745_3.jpg HTTP/1.1" 200 5976 "https://www.afish-ka.ru/cinema/films/3745/" "Mozilla/5.0 AppleWebKit/537.36 (KHTML, like Gecko; compatible; GPTBot/1.3; +https://openai.com/gptbot)"
74.7.227.21 - - [16/Apr/2026:00:01:20 +0200] "GET /images/b/actions/3745_2.jpg HTTP/1.1" 200 45657 "https://www.afish-ka.ru/cinema/films/3745/" "Mozilla/5.0 AppleWebKit/537.36 (KHTML, like Gecko; compatible; GPTBot/1.3; +https://openai.com/gptbot)"
74.7.227.21 - - [16/Apr/2026:00:01:21 +0200] "GET /images/b/actions/3745_1.jpg HTTP/1.1" 200 27152 "https://www.afish-ka.ru/cinema/films/3745/" "Mozilla/5.0 AppleWebKit/537.36 (KHTML, like Gecko; compatible; GPTBot/1.3; +https://openai.com/gptbot)"
85.208.96.205 - - [16/Apr/2026:00:01:21 +0200] "GET /night_club/31/opinions/add/?parent=16157 HTTP/1.1" 200 9526 "-" "Mozilla/5.0 (compatible; SemrushBot/7~bl; +http://www.semrush.com/bot.html)"
74.7.227.21 - - [16/Apr/2026:00:01:21 +0200] "GET /images/s/actions/3745_2.jpg HTTP/1.1" 200 6703 "https://www.afish-ka.ru/cinema/films/3745/" "Mozilla/5.0 AppleWebKit/537.36 (KHTML, like Gecko; compatible; GPTBot/1.3; +https://openai.com/gptbot)"
74.7.227.21 - - [16/Apr/2026:00:01:22 +0200] "GET /city/actions/1093/ HTTP/1.1" 200 6865 "https://www.afish-ka.ru/03-09-2010/" "Mozilla/5.0 AppleWebKit/537.36 (KHTML, like Gecko; compatible; GPTBot/1.3; +https://openai.com/gptbot)"
74.7.227.21 - - [16/Apr/2026:00:01:22 +0200] "GET /cinema/films/1081/ HTTP/1.1" 200 6769 "https://www.afish-ka.ru/12-10-2010/" "Mozilla/5.0 AppleWebKit/537.36 (KHTML, like Gecko; compatible; GPTBot/1.3; +https://openai.com/gptbot)"
74.7.227.21 - - [16/Apr/2026:00:01:23 +0200] "GET /city/actions/1095/ HTTP/1.1" 200 7063 "https://www.afish-ka.ru/03-09-2010/" "Mozilla/5.0 AppleWebKit/537.36 (KHTML, like Gecko; compatible; GPTBot/1.3; +https://openai.com/gptbot)"
74.7.227.21 - - [16/Apr/2026:00:01:23 +0200] "GET /cafe/actions/1841/ HTTP/1.1" 200 7464 "https://www.afish-ka.ru/28-01-2012/" "Mozilla/5.0 AppleWebKit/537.36 (KHTML, like Gecko; compatible; GPTBot/1.3; +https://openai.com/gptbot)"
74.7.227.21 - - [16/Apr/2026:00:01:24 +0200] "GET /images/s/actions/5578_4.jpg HTTP/1.1" 200 12521 "https://www.afish-ka.ru/cinema/films/5578/" "Mozilla/5.0 AppleWebKit/537.36 (KHTML, like Gecko; compatible; GPTBot/1.3; +https://openai.com/gptbot)"
74.7.227.21 - - [16/Apr/2026:00:01:25 +0200] "GET /images/b/actions/5578_4.jpg HTTP/1.1" 200 68091 "https://www.afish-ka.ru/cinema/films/5578/" "Mozilla/5.0 AppleWebKit/537.36 (KHTML, like Gecko; compatible; GPTBot/1.3; +https://openai.com/gptbot)"
74.7.227.21 - - [16/Apr/2026:00:01:25 +0200] "GET /images/b/actions/1223_1.jpg HTTP/1.1" 200 7265 "https://www.afish-ka.ru/city/actions/1223/" "Mozilla/5.0 AppleWebKit/537.36 (KHTML, like Gecko; compatible; GPTBot/1.3; +https://openai.com/gptbot)"
74.7.227.21 - - [16/Apr/2026:00:01:26 +0200] "GET /images/b/actions/5578_5.jpg HTTP/1.1" 200 37416 "https://www.afish-ka.ru/cinema/films/5578/" "Mozilla/5.0 AppleWebKit/537.36 (KHTML, like Gecko; compatible; GPTBot/1.3; +https://openai.com/gptbot)"
74.7.227.21 - - [16/Apr/2026:00:01:26 +0200] "GET /images/b/actions/5578_2.jpg HTTP/1.1" 200 44258 "https://www.afish-ka.ru/cinema/films/5578/" "Mozilla/5.0 AppleWebKit/537.36 (KHTML, like Gecko; compatible; GPTBot/1.3; +https://openai.com/gptbot)"
74.7.227.21 - - [16/Apr/2026:00:01:27 +0200] "GET /images/b/actions/5578_1.jpg HTTP/1.1" 200 58163 "https://www.afish-ka.ru/cinema/films/5578/" "Mozilla/5.0 AppleWebKit/537.36 (KHTML, like Gecko; compatible; GPTBot/1.3; +https://openai.com/gptbot)"
74.7.227.21 - - [16/Apr/2026:00:01:27 +0200] "GET /images/s/actions/5578_3.jpg HTTP/1.1" 200 6939 "https://www.afish-ka.ru/cinema/films/5578/" "Mozilla/5.0 AppleWebKit/537.36 (KHTML, like Gecko; compatible; GPTBot/1.3; +https://openai.com/gptbot)"
74.7.227.21 - - [16/Apr/2026:00:01:28 +0200] "GET /images/b/actions/1093_1.jpg HTTP/1.1" 200 53875 "https://www.afish-ka.ru/city/actions/1093/" "Mozilla/5.0 AppleWebKit/537.36 (KHTML, like Gecko; compatible; GPTBot/1.3; +https://openai.com/gptbot)"
74.7.227.21 - - [16/Apr/2026:00:01:28 +0200] "GET /images/b/actions/5578_3.jpg HTTP/1.1" 200 58516 "https://www.afish-ka.ru/cinema/films/5578/" "Mozilla/5.0 AppleWebKit/537.36 (KHTML, like Gecko; compatible; GPTBot/1.3; +https://openai.com/gptbot)"
74.7.227.21 - - [16/Apr/2026:00:01:29 +0200] "GET /images/s/actions/5578_2.jpg HTTP/1.1" 200 7379 "https://www.afish-ka.ru/cinema/films/5578/" "Mozilla/5.0 AppleWebKit/537.36 (KHTML, like Gecko; compatible; GPTBot/1.3; +https://openai.com/gptbot)"
74.7.227.21 - - [16/Apr/2026:00:01:29 +0200] "GET /images/b/actions/1223_2.jpg HTTP/1.1" 200 55885 "https://www.afish-ka.ru/city/actions/1223/" "Mozilla/5.0 AppleWebKit/537.36 (KHTML, like Gecko; compatible; GPTBot/1.3; +https://openai.com/gptbot)"
74.7.227.21 - - [16/Apr/2026:00:01:30 +0200] "GET /images/b/actions/1095_1.jpg HTTP/1.1" 200 77927 "https://www.afish-ka.ru/city/actions/1095/" "Mozilla/5.0 AppleWebKit/537.36 (KHTML, like Gecko; compatible; GPTBot/1.3; +https://openai.com/gptbot)"
74.7.227.21 - - [16/Apr/2026:00:01:30 +0200] "GET /images/s/actions/5578_5.jpg HTTP/1.1" 200 6255 "https://www.afish-ka.ru/cinema/films/5578/" "Mozilla/5.0 AppleWebKit/537.36 (KHTML, like Gecko; compatible; GPTBot/1.3; +https://openai.com/gptbot)"
74.7.227.21 - - [16/Apr/2026:00:01:31 +0200] "GET /images/s/actions/1223_2.jpg HTTP/1.1" 200 6656 "https://www.afish-ka.ru/city/actions/1223/" "Mozilla/5.0 AppleWebKit/537.36 (KHTML, like Gecko; compatible; GPTBot/1.3; +https://openai.com/gptbot)"
74.7.227.21 - - [16/Apr/2026:00:01:31 +0200] "GET /images/b/posters/5578.jpg HTTP/1.1" 200 43926 "https://www.afish-ka.ru/cinema/films/5578/" "Mozilla/5.0 AppleWebKit/537.36 (KHTML, like Gecko; compatible; GPTBot/1.3; +https://openai.com/gptbot)"
74.7.227.21 - - [16/Apr/2026:00:01:32 +0200] "GET /images/s/posters/5578.jpg HTTP/1.1" 200 17293 "https://www.afish-ka.ru/cinema/films/5578/" "Mozilla/5.0 AppleWebKit/537.36 (KHTML, like Gecko; compatible; GPTBot/1.3; +https://openai.com/gptbot)"
116.179.32.238 - - [16/Apr/2026:00:01:33 +0200] "GET /images/b/posters/5326.jpg HTTP/1.1" 200 73097 "-" "Baiduspider-image+(+http://www.baidu.com/search/spider.htm)"
74.7.227.21 - - [16/Apr/2026:00:01:33 +0200] "GET /11-01-2019/ HTTP/1.1" 200 11943 "https://www.afish-ka.ru/29-12-2018/" "Mozilla/5.0 AppleWebKit/537.36 (KHTML, like Gecko; compatible; GPTBot/1.3; +https://openai.com/gptbot)"
74.7.227.21 - - [16/Apr/2026:00:01:33 +0200] "GET /20-01-2019/ HTTP/1.1" 200 12601 "https://www.afish-ka.ru/cinema/films/3768/" "Mozilla/5.0 AppleWebKit/537.36 (KHTML, like Gecko; compatible; GPTBot/1.3; +https://openai.com/gptbot)"
74.7.227.21 - - [16/Apr/2026:00:01:34 +0200] "GET /08-10-2011/ HTTP/1.1" 200 9181 "https://www.afish-ka.ru/03-09-2011/" "Mozilla/5.0 AppleWebKit/537.36 (KHTML, like Gecko; compatible; GPTBot/1.3; +https://openai.com/gptbot)"
74.7.227.21 - - [16/Apr/2026:00:01:34 +0200] "GET /21-02-2013/ HTTP/1.1" 200 8775 "https://www.afish-ka.ru/26-02-2013/" "Mozilla/5.0 AppleWebKit/537.36 (KHTML, like Gecko; compatible; GPTBot/1.3; +https://openai.com/gptbot)"
74.7.227.21 - - [16/Apr/2026:00:01:35 +0200] "GET /20-10-2019/ HTTP/1.1" 200 9529 "https://www.afish-ka.ru/15-09-2019/" "Mozilla/5.0 AppleWebKit/537.36 (KHTML, like Gecko; compatible; GPTBot/1.3; +https://openai.com/gptbot)"
74.7.227.21 - - [16/Apr/2026:00:01:35 +0200] "GET /11-08-2022/ HTTP/1.1" 200 7290 "https://www.afish-ka.ru/cinema/films/4319/" "Mozilla/5.0 AppleWebKit/537.36 (KHTML, like Gecko; compatible; GPTBot/1.3; +https://openai.com/gptbot)"
74.7.227.21 - - [16/Apr/2026:00:01:36 +0200] "GET /23-12-2010/ HTTP/1.1" 200 7857 "https://www.afish-ka.ru/04-01-2011/" "Mozilla/5.0 AppleWebKit/537.36 (KHTML, like Gecko; compatible; GPTBot/1.3; +https://openai.com/gptbot)"
74.7.227.21 - - [16/Apr/2026:00:01:37 +0200] "GET /26-10-2012/ HTTP/1.1" 200 8710 "https://www.afish-ka.ru/03-11-2012/" "Mozilla/5.0 AppleWebKit/537.36 (KHTML, like Gecko; compatible; GPTBot/1.3; +https://openai.com/gptbot)"
74.7.227.21 - - [16/Apr/2026:00:01:37 +0200] "GET /20-07-2010/ HTTP/1.1" 200 7322 "https://www.afish-ka.ru/24-08-2010/" "Mozilla/5.0 AppleWebKit/537.36 (KHTML, like Gecko; compatible; GPTBot/1.3; +https://openai.com/gptbot)"
74.7.227.21 - - [16/Apr/2026:00:01:38 +0200] "GET /28-01-2011/ HTTP/1.1" 200 9015 "https://www.afish-ka.ru/31-01-2011/" "Mozilla/5.0 AppleWebKit/537.36 (KHTML, like Gecko; compatible; GPTBot/1.3; +https://openai.com/gptbot)"
74.7.227.21 - - [16/Apr/2026:00:01:38 +0200] "GET /11-05-2015/ HTTP/1.1" 200 9861 "https://www.afish-ka.ru/15-06-2015/" "Mozilla/5.0 AppleWebKit/537.36 (KHTML, like Gecko; compatible; GPTBot/1.3; +https://openai.com/gptbot)"
74.7.227.21 - - [16/Apr/2026:00:01:39 +0200] "GET /17-11-2018/ HTTP/1.1" 200 12198 "https://www.afish-ka.ru/06-11-2018/" "Mozilla/5.0 AppleWebKit/537.36 (KHTML, like Gecko; compatible; GPTBot/1.3; +https://openai.com/gptbot)"
74.7.227.21 - - [16/Apr/2026:00:01:39 +0200] "GET /21-02-2010/ HTTP/1.1" 200 8351 "https://www.afish-ka.ru/28-03-2010/" "Mozilla/5.0 AppleWebKit/537.36 (KHTML, like Gecko; compatible; GPTBot/1.3; +https://openai.com/gptbot)"
74.7.227.21 - - [16/Apr/2026:00:01:40 +0200] "GET /images/s/actions/1722_1.jpg HTTP/1.1" 200 5532 "https://www.afish-ka.ru/08-10-2011/" "Mozilla/5.0 AppleWebKit/537.36 (KHTML, like Gecko; compatible; GPTBot/1.3; +https://openai.com/gptbot)"
74.7.227.21 - - [16/Apr/2026:00:01:40 +0200] "GET /20-12-2010/ HTTP/1.1" 200 8214 "https://www.afish-ka.ru/04-01-2011/" "Mozilla/5.0 AppleWebKit/537.36 (KHTML, like Gecko; compatible; GPTBot/1.3; +https://openai.com/gptbot)"
74.7.227.21 - - [16/Apr/2026:00:01:41 +0200] "GET /31-10-2011/ HTTP/1.1" 200 8058 "https://www.afish-ka.ru/22-10-2011/" "Mozilla/5.0 AppleWebKit/537.36 (KHTML, like Gecko; compatible; GPTBot/1.3; +https://openai.com/gptbot)"
74.7.227.21 - - [16/Apr/2026:00:01:42 +0200] "GET /18-11-2019/ HTTP/1.1" 200 9761 "https://www.afish-ka.ru/14-10-2019/" "Mozilla/5.0 AppleWebKit/537.36 (KHTML, like Gecko; compatible; GPTBot/1.3; +https://openai.com/gptbot)"
74.7.227.21 - - [16/Apr/2026:00:01:43 +0200] "GET /24-04-2014/ HTTP/1.1" 200 7821 "https://www.afish-ka.ru/29-05-2014/" "Mozilla/5.0 AppleWebKit/537.36 (KHTML, like Gecko; compatible; GPTBot/1.3; +https://openai.com/gptbot)"
74.7.227.21 - - [16/Apr/2026:00:01:43 +0200] "GET /images/s/actions/2230_1.jpg HTTP/1.1" 200 6662 "https://www.afish-ka.ru/26-10-2012/" "Mozilla/5.0 AppleWebKit/537.36 (KHTML, like Gecko; compatible; GPTBot/1.3; +https://openai.com/gptbot)"
74.7.227.21 - - [16/Apr/2026:00:01:44 +0200] "GET /images/s/actions/2322_1.jpg HTTP/1.1" 200 8809 "https://www.afish-ka.ru/26-10-2012/" "Mozilla/5.0 AppleWebKit/537.36 (KHTML, like Gecko; compatible; GPTBot/1.3; +https://openai.com/gptbot)"
74.7.227.21 - - [16/Apr/2026:00:01:44 +0200] "GET /cafe/actions/2322/ HTTP/1.1" 200 6419 "https://www.afish-ka.ru/26-10-2012/" "Mozilla/5.0 AppleWebKit/537.36 (KHTML, like Gecko; compatible; GPTBot/1.3; +https://openai.com/gptbot)"
85.208.96.204 - - [16/Apr/2026:00:01:45 +0200] "GET /cinema/films/5312/ HTTP/1.1" 200 10496 "-" "Mozilla/5.0 (compatible; SemrushBot/7~bl; +http://www.semrush.com/bot.html)"
74.7.227.21 - - [16/Apr/2026:00:01:45 +0200] "GET /12-02-2019/ HTTP/1.1" 200 13182 "https://www.afish-ka.ru/08-01-2019/" "Mozilla/5.0 AppleWebKit/537.36 (KHTML, like Gecko; compatible; GPTBot/1.3; +https://openai.com/gptbot)"
74.7.227.21 - - [16/Apr/2026:00:01:46 +0200] "GET /12-09-2019/ HTTP/1.1" 200 8877 "https://www.afish-ka.ru/04-09-2019/" "Mozilla/5.0 AppleWebKit/537.36 (KHTML, like Gecko; compatible; GPTBot/1.3; +https://openai.com/gptbot)"
85.208.96.208 - - [16/Apr/2026:00:01:47 +0200] "GET /robots.txt HTTP/1.1" 200 4229 "-" "Mozilla/5.0 (compatible; SemrushBot/7~bl; +http://www.semrush.com/bot.html)"
74.7.227.21 - - [16/Apr/2026:00:01:46 +0200] "GET /14-02-2010/ HTTP/1.1" 200 8754 "https://www.afish-ka.ru/21-02-2010/" "Mozilla/5.0 AppleWebKit/537.36 (KHTML, like Gecko; compatible; GPTBot/1.3; +https://openai.com/gptbot)"
85.208.96.207 - - [16/Apr/2026:00:01:47 +0200] "GET /cinema/films/2932/opinions/ HTTP/1.1" 200 9987 "-" "Mozilla/5.0 (compatible; SemrushBot/7~bl; +http://www.semrush.com/bot.html)"
74.7.227.21 - - [16/Apr/2026:00:01:48 +0200] "GET /08-02-2010/ HTTP/1.1" 200 7871 "https://www.afish-ka.ru/21-02-2010/" "Mozilla/5.0 AppleWebKit/537.36 (KHTML, like Gecko; compatible; GPTBot/1.3; +https://openai.com/gptbot)"
74.7.227.21 - - [16/Apr/2026:00:01:48 +0200] "GET /cinema/films/1250/ HTTP/1.1" 200 6607 "https://www.afish-ka.ru/20-12-2010/" "Mozilla/5.0 AppleWebKit/537.36 (KHTML, like Gecko; compatible; GPTBot/1.3; +https://openai.com/gptbot)"
37.59.204.128 - - [16/Apr/2026:00:01:49 +0200] "GET /exhibition/actions/2970/opinions/ HTTP/1.1" 200 9325 "-" "Mozilla/5.0 (compatible; AhrefsBot/7.0; +http://ahrefs.com/robot/)"
