74.7.227.21 - - [16/Apr/2026:00:39:27 +0200] "GET /images/b/actions/5716_1.jpg HTTP/1.1" 200 42206 "https://www.afish-ka.ru/cinema/films/5716/" "Mozilla/5.0 AppleWebKit/537.36 (KHTML, like Gecko; compatible; GPTBot/1.3; +https://openai.com/gptbot)"
74.7.227.21 - - [16/Apr/2026:00:39:28 +0200] "GET /images/s/actions/6072_3.jpg HTTP/1.1" 200 5180 "https://www.afish-ka.ru/cinema/films/6072/" "Mozilla/5.0 AppleWebKit/537.36 (KHTML, like Gecko; compatible; GPTBot/1.3; +https://openai.com/gptbot)"
74.7.227.21 - - [16/Apr/2026:00:39:28 +0200] "GET /images/b/actions/6072_4.jpg HTTP/1.1" 200 19810 "https://www.afish-ka.ru/cinema/films/6072/" "Mozilla/5.0 AppleWebKit/537.36 (KHTML, like Gecko; compatible; GPTBot/1.3; +https://openai.com/gptbot)"
74.7.227.21 - - [16/Apr/2026:00:39:29 +0200] "GET /images/b/actions/5731_5.jpg HTTP/1.1" 200 43637 "https://www.afish-ka.ru/cinema/films/5731/" "Mozilla/5.0 AppleWebKit/537.36 (KHTML, like Gecko; compatible; GPTBot/1.3; +https://openai.com/gptbot)"
74.7.227.21 - - [16/Apr/2026:00:39:29 +0200] "GET /images/s/actions/5713_4.jpg HTTP/1.1" 200 8087 "https://www.afish-ka.ru/cinema/films/5713/" "Mozilla/5.0 AppleWebKit/537.36 (KHTML, like Gecko; compatible; GPTBot/1.3; +https://openai.com/gptbot)"
74.7.227.21 - - [16/Apr/2026:00:39:30 +0200] "GET /images/s/actions/5694_5.jpg HTTP/1.1" 200 7114 "https://www.afish-ka.ru/cinema/films/5694/" "Mozilla/5.0 AppleWebKit/537.36 (KHTML, like Gecko; compatible; GPTBot/1.3; +https://openai.com/gptbot)"
74.7.227.21 - - [16/Apr/2026:00:39:31 +0200] "GET /images/b/actions/5694_5.jpg HTTP/1.1" 200 69968 "https://www.afish-ka.ru/cinema/films/5694/" "Mozilla/5.0 AppleWebKit/537.36 (KHTML, like Gecko; compatible; GPTBot/1.3; +https://openai.com/gptbot)"
74.7.227.21 - - [16/Apr/2026:00:39:31 +0200] "GET /images/b/actions/6072_3.jpg HTTP/1.1" 200 28423 "https://www.afish-ka.ru/cinema/films/6072/" "Mozilla/5.0 AppleWebKit/537.36 (KHTML, like Gecko; compatible; GPTBot/1.3; +https://openai.com/gptbot)"
74.7.227.21 - - [16/Apr/2026:00:39:32 +0200] "GET /images/s/posters/6073.jpg HTTP/1.1" 200 16727 "https://www.afish-ka.ru/cinema/films/6073/" "Mozilla/5.0 AppleWebKit/537.36 (KHTML, like Gecko; compatible; GPTBot/1.3; +https://openai.com/gptbot)"
74.7.227.21 - - [16/Apr/2026:00:39:32 +0200] "GET /images/b/posters/5731.jpg HTTP/1.1" 200 64621 "https://www.afish-ka.ru/cinema/films/5731/" "Mozilla/5.0 AppleWebKit/537.36 (KHTML, like Gecko; compatible; GPTBot/1.3; +https://openai.com/gptbot)"
57.141.20.39 - - [16/Apr/2026:00:39:32 +0200] "GET /08-03-2026/ HTTP/1.1" 200 24940 "-" "meta-externalagent/1.1 (+https://developers.facebook.com/docs/sharing/webmasters/crawler)"
74.7.227.21 - - [16/Apr/2026:00:39:33 +0200] "GET /images/s/posters/6072.jpg HTTP/1.1" 200 10171 "https://www.afish-ka.ru/cinema/films/6072/" "Mozilla/5.0 AppleWebKit/537.36 (KHTML, like Gecko; compatible; GPTBot/1.3; +https://openai.com/gptbot)"
74.7.227.21 - - [16/Apr/2026:00:39:33 +0200] "GET /images/s/posters/5716.jpg HTTP/1.1" 200 12593 "https://www.afish-ka.ru/cinema/films/5716/" "Mozilla/5.0 AppleWebKit/537.36 (KHTML, like Gecko; compatible; GPTBot/1.3; +https://openai.com/gptbot)"
74.7.227.21 - - [16/Apr/2026:00:39:34 +0200] "GET /images/s/posters/5694.jpg HTTP/1.1" 200 13064 "https://www.afish-ka.ru/cinema/films/5694/" "Mozilla/5.0 AppleWebKit/537.36 (KHTML, like Gecko; compatible; GPTBot/1.3; +https://openai.com/gptbot)"
74.7.227.21 - - [16/Apr/2026:00:39:34 +0200] "GET /images/s/posters/5731.jpg HTTP/1.1" 200 12998 "https://www.afish-ka.ru/cinema/films/5731/" "Mozilla/5.0 AppleWebKit/537.36 (KHTML, like Gecko; compatible; GPTBot/1.3; +https://openai.com/gptbot)"
74.7.227.21 - - [16/Apr/2026:00:39:35 +0200] "GET /images/b/posters/5710.jpg HTTP/1.1" 200 36022 "https://www.afish-ka.ru/cinema/films/5710/" "Mozilla/5.0 AppleWebKit/537.36 (KHTML, like Gecko; compatible; GPTBot/1.3; +https://openai.com/gptbot)"
74.7.227.21 - - [16/Apr/2026:00:39:35 +0200] "GET /images/s/posters/5701.jpg HTTP/1.1" 200 16013 "https://www.afish-ka.ru/cinema/films/5701/" "Mozilla/5.0 AppleWebKit/537.36 (KHTML, like Gecko; compatible; GPTBot/1.3; +https://openai.com/gptbot)"
74.7.227.21 - - [16/Apr/2026:00:39:36 +0200] "GET /images/b/posters/5701.jpg HTTP/1.1" 200 46777 "https://www.afish-ka.ru/cinema/films/5701/" "Mozilla/5.0 AppleWebKit/537.36 (KHTML, like Gecko; compatible; GPTBot/1.3; +https://openai.com/gptbot)"
74.7.227.21 - - [16/Apr/2026:00:39:36 +0200] "GET /images/b/posters/6073.jpg HTTP/1.1" 200 53461 "https://www.afish-ka.ru/cinema/films/6073/" "Mozilla/5.0 AppleWebKit/537.36 (KHTML, like Gecko; compatible; GPTBot/1.3; +https://openai.com/gptbot)"
74.7.227.21 - - [16/Apr/2026:00:39:37 +0200] "GET /images/b/posters/6072.jpg HTTP/1.1" 200 57782 "https://www.afish-ka.ru/cinema/films/6072/" "Mozilla/5.0 AppleWebKit/537.36 (KHTML, like Gecko; compatible; GPTBot/1.3; +https://openai.com/gptbot)"
74.7.227.21 - - [16/Apr/2026:00:39:37 +0200] "GET /images/s/posters/5710.jpg HTTP/1.1" 200 8200 "https://www.afish-ka.ru/cinema/films/5710/" "Mozilla/5.0 AppleWebKit/537.36 (KHTML, like Gecko; compatible; GPTBot/1.3; +https://openai.com/gptbot)"
74.7.227.21 - - [16/Apr/2026:00:39:38 +0200] "GET /images/b/posters/5712.jpg HTTP/1.1" 200 55015 "https://www.afish-ka.ru/cinema/films/5712/" "Mozilla/5.0 AppleWebKit/537.36 (KHTML, like Gecko; compatible; GPTBot/1.3; +https://openai.com/gptbot)"
74.7.227.21 - - [16/Apr/2026:00:39:38 +0200] "GET /images/b/posters/5694.jpg HTTP/1.1" 200 56403 "https://www.afish-ka.ru/cinema/films/5694/" "Mozilla/5.0 AppleWebKit/537.36 (KHTML, like Gecko; compatible; GPTBot/1.3; +https://openai.com/gptbot)"
74.7.227.21 - - [16/Apr/2026:00:39:39 +0200] "GET /images/s/posters/5713.jpg HTTP/1.1" 200 11350 "https://www.afish-ka.ru/cinema/films/5713/" "Mozilla/5.0 AppleWebKit/537.36 (KHTML, like Gecko; compatible; GPTBot/1.3; +https://openai.com/gptbot)"
74.7.227.21 - - [16/Apr/2026:00:39:40 +0200] "GET /images/s/posters/5691.jpg HTTP/1.1" 200 15711 "https://www.afish-ka.ru/cinema/films/5691/" "Mozilla/5.0 AppleWebKit/537.36 (KHTML, like Gecko; compatible; GPTBot/1.3; +https://openai.com/gptbot)"
74.7.227.21 - - [16/Apr/2026:00:39:40 +0200] "GET /images/b/posters/5702.jpg HTTP/1.1" 200 67992 "https://www.afish-ka.ru/cinema/films/5702/" "Mozilla/5.0 AppleWebKit/537.36 (KHTML, like Gecko; compatible; GPTBot/1.3; +https://openai.com/gptbot)"
74.7.227.21 - - [16/Apr/2026:00:39:41 +0200] "GET /images/s/posters/5712.jpg HTTP/1.1" 200 11027 "https://www.afish-ka.ru/cinema/films/5712/" "Mozilla/5.0 AppleWebKit/537.36 (KHTML, like Gecko; compatible; GPTBot/1.3; +https://openai.com/gptbot)"
74.7.227.21 - - [16/Apr/2026:00:39:41 +0200] "GET /images/b/posters/5713.jpg HTTP/1.1" 200 54713 "https://www.afish-ka.ru/cinema/films/5713/" "Mozilla/5.0 AppleWebKit/537.36 (KHTML, like Gecko; compatible; GPTBot/1.3; +https://openai.com/gptbot)"
74.7.227.21 - - [16/Apr/2026:00:39:42 +0200] "GET /images/s/posters/5702.jpg HTTP/1.1" 200 10805 "https://www.afish-ka.ru/cinema/films/5702/" "Mozilla/5.0 AppleWebKit/537.36 (KHTML, like Gecko; compatible; GPTBot/1.3; +https://openai.com/gptbot)"
74.7.227.21 - - [16/Apr/2026:00:39:42 +0200] "GET /images/b/posters/5716.jpg HTTP/1.1" 200 60380 "https://www.afish-ka.ru/cinema/films/5716/" "Mozilla/5.0 AppleWebKit/537.36 (KHTML, like Gecko; compatible; GPTBot/1.3; +https://openai.com/gptbot)"
74.7.227.21 - - [16/Apr/2026:00:39:43 +0200] "GET /cinema/films/5695/ HTTP/1.1" 200 6787 "https://www.afish-ka.ru/05-12-2020/" "Mozilla/5.0 AppleWebKit/537.36 (KHTML, like Gecko; compatible; GPTBot/1.3; +https://openai.com/gptbot)"
74.7.227.21 - - [16/Apr/2026:00:39:43 +0200] "GET /cinema/films/5733/ HTTP/1.1" 200 6527 "https://www.afish-ka.ru/29-12-2020/" "Mozilla/5.0 AppleWebKit/537.36 (KHTML, like Gecko; compatible; GPTBot/1.3; +https://openai.com/gptbot)"
185.191.171.15 - - [16/Apr/2026:00:39:43 +0200] "GET /cinema/films/2059/opinions/add/?parent=25249 HTTP/1.1" 200 9532 "-" "Mozilla/5.0 (compatible; SemrushBot/7~bl; +http://www.semrush.com/bot.html)"
17.22.237.220 - - [16/Apr/2026:00:39:44 +0200] "GET /i/style.css HTTP/1.1" 200 4732 "https://www.afish-ka.ru/cinema/films/2306/opinions/add/?parent=23788" "Mozilla/5.0 (Macintosh; Intel Mac OS X 10_15_7) AppleWebKit/605.1.15 (KHTML, like Gecko) Version/17.4 Safari/605.1.15 (Applebot/0.1; +http://www.apple.com/go/applebot)"
74.7.227.21 - - [16/Apr/2026:00:39:44 +0200] "GET /cinema/films/5707/ HTTP/1.1" 200 6578 "https://www.afish-ka.ru/05-12-2020/" "Mozilla/5.0 AppleWebKit/537.36 (KHTML, like Gecko; compatible; GPTBot/1.3; +https://openai.com/gptbot)"
74.7.227.21 - - [16/Apr/2026:00:39:44 +0200] "GET /cinema/films/6062/ HTTP/1.1" 200 7093 "https://www.afish-ka.ru/08-01-2022/" "Mozilla/5.0 AppleWebKit/537.36 (KHTML, like Gecko; compatible; GPTBot/1.3; +https://openai.com/gptbot)"
46.250.162.16 - - [16/Apr/2026:00:39:45 +0200] "GET /cinema/films/1659/opinions/add/cinema/films/1659/opinions/cinema/films/1659/opinions/ HTTP/1.1" 200 9584 "-" "Mozilla/5.0 (Macintosh; Intel Mac OS X 10_15_7) AppleWebKit/537.36 (KHTML, like Gecko) Chrome/141.0.0.0 Safari/537.36"
17.22.237.26 - - [16/Apr/2026:00:39:45 +0200] "GET /i/mba/js/mba.js HTTP/1.1" 200 13839 "https://www.afish-ka.ru/cinema/films/2306/opinions/add/?parent=23788" "Mozilla/5.0 (Macintosh; Intel Mac OS X 10_15_7) AppleWebKit/605.1.15 (KHTML, like Gecko) Version/17.4 Safari/605.1.15 (Applebot/0.1; +http://www.apple.com/go/applebot)"
185.191.171.19 - - [16/Apr/2026:00:39:45 +0200] "GET /links.php?go=https%3A%2F%2Fberita-liputan-6.weebly.com%2F HTTP/1.1" 200 5788 "-" "Mozilla/5.0 (compatible; SemrushBot/7~bl; +http://www.semrush.com/bot.html)"
74.7.227.21 - - [16/Apr/2026:00:39:45 +0200] "GET /cinema/films/5705/ HTTP/1.1" 200 6615 "https://www.afish-ka.ru/05-12-2020/" "Mozilla/5.0 AppleWebKit/537.36 (KHTML, like Gecko; compatible; GPTBot/1.3; +https://openai.com/gptbot)"
74.7.227.21 - - [16/Apr/2026:00:39:46 +0200] "GET /cinema/films/5715/ HTTP/1.1" 200 6647 "https://www.afish-ka.ru/05-12-2020/" "Mozilla/5.0 AppleWebKit/537.36 (KHTML, like Gecko; compatible; GPTBot/1.3; +https://openai.com/gptbot)"
74.7.227.21 - - [16/Apr/2026:00:39:46 +0200] "GET /cinema/films/5711/ HTTP/1.1" 200 6625 "https://www.afish-ka.ru/05-12-2020/" "Mozilla/5.0 AppleWebKit/537.36 (KHTML, like Gecko; compatible; GPTBot/1.3; +https://openai.com/gptbot)"
17.22.253.229 - - [16/Apr/2026:00:39:47 +0200] "GET /i/mootools.js HTTP/1.1" 200 26199 "https://www.afish-ka.ru/cinema/films/2306/opinions/add/?parent=23788" "Mozilla/5.0 (Macintosh; Intel Mac OS X 10_15_7) AppleWebKit/605.1.15 (KHTML, like Gecko) Version/17.4 Safari/605.1.15 (Applebot/0.1; +http://www.apple.com/go/applebot)"
74.7.227.21 - - [16/Apr/2026:00:39:47 +0200] "GET /19-11-2020/ HTTP/1.1" 200 10977 "https://www.afish-ka.ru/cinema/films/5697/" "Mozilla/5.0 AppleWebKit/537.36 (KHTML, like Gecko; compatible; GPTBot/1.3; +https://openai.com/gptbot)"
17.22.253.242 - - [16/Apr/2026:00:39:48 +0200] "GET /i/mba/css/mba.css HTTP/1.1" 200 5115 "https://www.afish-ka.ru/cinema/films/2306/opinions/add/?parent=23788" "Mozilla/5.0 (Macintosh; Intel Mac OS X 10_15_7) AppleWebKit/605.1.15 (KHTML, like Gecko) Version/17.4 Safari/605.1.15 (Applebot/0.1; +http://www.apple.com/go/applebot)"
74.7.227.21 - - [16/Apr/2026:00:39:49 +0200] "GET /13-01-2021/ HTTP/1.1" 200 9036 "https://www.afish-ka.ru/cinema/films/5724/" "Mozilla/5.0 AppleWebKit/537.36 (KHTML, like Gecko; compatible; GPTBot/1.3; +https://openai.com/gptbot)"
74.7.227.21 - - [16/Apr/2026:00:39:50 +0200] "GET /12-01-2021/ HTTP/1.1" 200 9038 "https://www.afish-ka.ru/29-12-2020/" "Mozilla/5.0 AppleWebKit/537.36 (KHTML, like Gecko; compatible; GPTBot/1.3; +https://openai.com/gptbot)"
176.31.139.23 - - [16/Apr/2026:00:39:51 +0200] "GET /cinema/films/809/opinions/add/?parent=7231 HTTP/1.1" 200 9539 "-" "Mozilla/5.0 (compatible; AhrefsBot/7.0; +http://ahrefs.com/robot/)"
74.7.227.21 - - [16/Apr/2026:00:39:51 +0200] "GET /24-11-2020/ HTTP/1.1" 200 11161 "https://www.afish-ka.ru/05-12-2020/" "Mozilla/5.0 AppleWebKit/537.36 (KHTML, like Gecko; compatible; GPTBot/1.3; +https://openai.com/gptbot)"
74.7.227.21 - - [16/Apr/2026:00:39:52 +0200] "GET /images/b/posters/5695.jpg HTTP/1.1" 200 63431 "https://www.afish-ka.ru/cinema/films/5695/" "Mozilla/5.0 AppleWebKit/537.36 (KHTML, like Gecko; compatible; GPTBot/1.3; +https://openai.com/gptbot)"
74.7.227.21 - - [16/Apr/2026:00:39:52 +0200] "GET /images/b/actions/5733_5.jpg HTTP/1.1" 200 77957 "https://www.afish-ka.ru/cinema/films/5733/" "Mozilla/5.0 AppleWebKit/537.36 (KHTML, like Gecko; compatible; GPTBot/1.3; +https://openai.com/gptbot)"
74.7.227.21 - - [16/Apr/2026:00:39:53 +0200] "GET /images/s/actions/5707_4.jpg HTTP/1.1" 200 4606 "https://www.afish-ka.ru/cinema/films/5707/" "Mozilla/5.0 AppleWebKit/537.36 (KHTML, like Gecko; compatible; GPTBot/1.3; +https://openai.com/gptbot)"
74.7.227.21 - - [16/Apr/2026:00:39:53 +0200] "GET /images/b/actions/5733_4.jpg HTTP/1.1" 200 56876 "https://www.afish-ka.ru/cinema/films/5733/" "Mozilla/5.0 AppleWebKit/537.36 (KHTML, like Gecko; compatible; GPTBot/1.3; +https://openai.com/gptbot)"
74.7.227.21 - - [16/Apr/2026:00:39:54 +0200] "GET /images/s/actions/5705_2.jpg HTTP/1.1" 200 6378 "https://www.afish-ka.ru/cinema/films/5705/" "Mozilla/5.0 AppleWebKit/537.36 (KHTML, like Gecko; compatible; GPTBot/1.3; +https://openai.com/gptbot)"
52.167.144.181 - - [16/Apr/2026:00:39:54 +0200] "GET /12-01-2011/info/about/cinema/films/1253/opinions/ HTTP/1.1" 200 8920 "-" "Mozilla/5.0 AppleWebKit/537.36 (KHTML, like Gecko; compatible; bingbot/2.0; +http://www.bing.com/bingbot.htm) Chrome/116.0.1938.76 Safari/537.36"
74.7.227.21 - - [16/Apr/2026:00:39:54 +0200] "GET /images/s/actions/6062_3.jpg HTTP/1.1" 200 7062 "https://www.afish-ka.ru/cinema/films/6062/" "Mozilla/5.0 AppleWebKit/537.36 (KHTML, like Gecko; compatible; GPTBot/1.3; +https://openai.com/gptbot)"
74.7.227.21 - - [16/Apr/2026:00:39:55 +0200] "GET /images/b/actions/6062_1.jpg HTTP/1.1" 200 49931 "https://www.afish-ka.ru/cinema/films/6062/" "Mozilla/5.0 AppleWebKit/537.36 (KHTML, like Gecko; compatible; GPTBot/1.3; +https://openai.com/gptbot)"
74.7.227.21 - - [16/Apr/2026:00:39:55 +0200] "GET /images/b/actions/5711_5.jpg HTTP/1.1" 200 59812 "https://www.afish-ka.ru/cinema/films/5711/" "Mozilla/5.0 AppleWebKit/537.36 (KHTML, like Gecko; compatible; GPTBot/1.3; +https://openai.com/gptbot)"
74.7.227.21 - - [16/Apr/2026:00:39:56 +0200] "GET /31-01-2021/ HTTP/1.1" 200 10690 "https://www.afish-ka.ru/13-01-2021/" "Mozilla/5.0 AppleWebKit/537.36 (KHTML, like Gecko; compatible; GPTBot/1.3; +https://openai.com/gptbot)"
74.7.227.21 - - [16/Apr/2026:00:39:57 +0200] "GET /cinema/films/5740/ HTTP/1.1" 200 6600 "https://www.afish-ka.ru/13-01-2021/" "Mozilla/5.0 AppleWebKit/537.36 (KHTML, like Gecko; compatible; GPTBot/1.3; +https://openai.com/gptbot)"
74.7.227.21 - - [16/Apr/2026:00:39:58 +0200] "GET /images/b/actions/5715_2.jpg HTTP/1.1" 200 41763 "https://www.afish-ka.ru/cinema/films/5715/" "Mozilla/5.0 AppleWebKit/537.36 (KHTML, like Gecko; compatible; GPTBot/1.3; +https://openai.com/gptbot)"
74.7.227.21 - - [16/Apr/2026:00:39:58 +0200] "GET /images/s/actions/5711_4.jpg HTTP/1.1" 200 7018 "https://www.afish-ka.ru/cinema/films/5711/" "Mozilla/5.0 AppleWebKit/537.36 (KHTML, like Gecko; compatible; GPTBot/1.3; +https://openai.com/gptbot)"
74.7.227.21 - - [16/Apr/2026:00:39:59 +0200] "GET /images/b/actions/6062_3.jpg HTTP/1.1" 200 70042 "https://www.afish-ka.ru/cinema/films/6062/" "Mozilla/5.0 AppleWebKit/537.36 (KHTML, like Gecko; compatible; GPTBot/1.3; +https://openai.com/gptbot)"
74.7.227.21 - - [16/Apr/2026:00:39:59 +0200] "GET /images/b/actions/5711_1.jpg HTTP/1.1" 200 54504 "https://www.afish-ka.ru/cinema/films/5711/" "Mozilla/5.0 AppleWebKit/537.36 (KHTML, like Gecko; compatible; GPTBot/1.3; +https://openai.com/gptbot)"
74.7.227.21 - - [16/Apr/2026:00:40:00 +0200] "GET /images/b/actions/5733_1.jpg HTTP/1.1" 200 63520 "https://www.afish-ka.ru/cinema/films/5733/" "Mozilla/5.0 AppleWebKit/537.36 (KHTML, like Gecko; compatible; GPTBot/1.3; +https://openai.com/gptbot)"
74.7.227.21 - - [16/Apr/2026:00:40:00 +0200] "GET /images/s/actions/5705_3.jpg HTTP/1.1" 200 4672 "https://www.afish-ka.ru/cinema/films/5705/" "Mozilla/5.0 AppleWebKit/537.36 (KHTML, like Gecko; compatible; GPTBot/1.3; +https://openai.com/gptbot)"
74.7.227.21 - - [16/Apr/2026:00:40:01 +0200] "GET /images/b/actions/5707_3.jpg HTTP/1.1" 200 24967 "https://www.afish-ka.ru/cinema/films/5707/" "Mozilla/5.0 AppleWebKit/537.36 (KHTML, like Gecko; compatible; GPTBot/1.3; +https://openai.com/gptbot)"
74.7.227.21 - - [16/Apr/2026:00:40:01 +0200] "GET /images/b/actions/5711_2.jpg HTTP/1.1" 200 58062 "https://www.afish-ka.ru/cinema/films/5711/" "Mozilla/5.0 AppleWebKit/537.36 (KHTML, like Gecko; compatible; GPTBot/1.3; +https://openai.com/gptbot)"
74.7.227.21 - - [16/Apr/2026:00:40:02 +0200] "GET /images/b/actions/5707_5.jpg HTTP/1.1" 200 23874 "https://www.afish-ka.ru/cinema/films/5707/" "Mozilla/5.0 AppleWebKit/537.36 (KHTML, like Gecko; compatible; GPTBot/1.3; +https://openai.com/gptbot)"
74.7.227.21 - - [16/Apr/2026:00:40:03 +0200] "GET /images/s/actions/5705_4.jpg HTTP/1.1" 200 4285 "https://www.afish-ka.ru/cinema/films/5705/" "Mozilla/5.0 AppleWebKit/537.36 (KHTML, like Gecko; compatible; GPTBot/1.3; +https://openai.com/gptbot)"
74.7.227.21 - - [16/Apr/2026:00:40:03 +0200] "GET /images/s/actions/5740_4.jpg HTTP/1.1" 200 2557 "https://www.afish-ka.ru/cinema/films/5740/" "Mozilla/5.0 AppleWebKit/537.36 (KHTML, like Gecko; compatible; GPTBot/1.3; +https://openai.com/gptbot)"
74.7.227.21 - - [16/Apr/2026:00:40:04 +0200] "GET /images/b/actions/5740_4.jpg HTTP/1.1" 200 12293 "https://www.afish-ka.ru/cinema/films/5740/" "Mozilla/5.0 AppleWebKit/537.36 (KHTML, like Gecko; compatible; GPTBot/1.3; +https://openai.com/gptbot)"
74.7.227.21 - - [16/Apr/2026:00:40:04 +0200] "GET /images/s/actions/5740_2.jpg HTTP/1.1" 200 3154 "https://www.afish-ka.ru/cinema/films/5740/" "Mozilla/5.0 AppleWebKit/537.36 (KHTML, like Gecko; compatible; GPTBot/1.3; +https://openai.com/gptbot)"
74.7.227.21 - - [16/Apr/2026:00:40:05 +0200] "GET /images/s/actions/5740_5.jpg HTTP/1.1" 200 3831 "https://www.afish-ka.ru/cinema/films/5740/" "Mozilla/5.0 AppleWebKit/537.36 (KHTML, like Gecko; compatible; GPTBot/1.3; +https://openai.com/gptbot)"
74.7.227.21 - - [16/Apr/2026:00:40:05 +0200] "GET /images/s/actions/5711_3.jpg HTTP/1.1" 200 6912 "https://www.afish-ka.ru/cinema/films/5711/" "Mozilla/5.0 AppleWebKit/537.36 (KHTML, like Gecko; compatible; GPTBot/1.3; +https://openai.com/gptbot)"
74.7.227.21 - - [16/Apr/2026:00:40:06 +0200] "GET /images/b/actions/6062_5.jpg HTTP/1.1" 200 36000 "https://www.afish-ka.ru/cinema/films/6062/" "Mozilla/5.0 AppleWebKit/537.36 (KHTML, like Gecko; compatible; GPTBot/1.3; +https://openai.com/gptbot)"
74.7.227.21 - - [16/Apr/2026:00:40:06 +0200] "GET /images/s/actions/5707_3.jpg HTTP/1.1" 200 4368 "https://www.afish-ka.ru/cinema/films/5707/" "Mozilla/5.0 AppleWebKit/537.36 (KHTML, like Gecko; compatible; GPTBot/1.3; +https://openai.com/gptbot)"
74.7.227.21 - - [16/Apr/2026:00:40:07 +0200] "GET /images/b/actions/5705_4.jpg HTTP/1.1" 200 24528 "https://www.afish-ka.ru/cinema/films/5705/" "Mozilla/5.0 AppleWebKit/537.36 (KHTML, like Gecko; compatible; GPTBot/1.3; +https://openai.com/gptbot)"
74.7.227.21 - - [16/Apr/2026:00:40:07 +0200] "GET /images/b/actions/5705_1.jpg HTTP/1.1" 200 34563 "https://www.afish-ka.ru/cinema/films/5705/" "Mozilla/5.0 AppleWebKit/537.36 (KHTML, like Gecko; compatible; GPTBot/1.3; +https://openai.com/gptbot)"
74.7.227.21 - - [16/Apr/2026:00:40:08 +0200] "GET /images/s/actions/5707_2.jpg HTTP/1.1" 200 3669 "https://www.afish-ka.ru/cinema/films/5707/" "Mozilla/5.0 AppleWebKit/537.36 (KHTML, like Gecko; compatible; GPTBot/1.3; +https://openai.com/gptbot)"
74.7.227.21 - - [16/Apr/2026:00:40:08 +0200] "GET /images/b/actions/5715_5.jpg HTTP/1.1" 200 20268 "https://www.afish-ka.ru/cinema/films/5715/" "Mozilla/5.0 AppleWebKit/537.36 (KHTML, like Gecko; compatible; GPTBot/1.3; +https://openai.com/gptbot)"
185.191.171.18 - - [16/Apr/2026:00:40:08 +0200] "GET /cinema/films/844/opinions/add/?parent=7615 HTTP/1.1" 200 9523 "-" "Mozilla/5.0 (compatible; SemrushBot/7~bl; +http://www.semrush.com/bot.html)"
74.7.227.21 - - [16/Apr/2026:00:40:09 +0200] "GET /images/s/actions/5733_2.jpg HTTP/1.1" 200 7238 "https://www.afish-ka.ru/cinema/films/5733/" "Mozilla/5.0 AppleWebKit/537.36 (KHTML, like Gecko; compatible; GPTBot/1.3; +https://openai.com/gptbot)"
74.7.227.21 - - [16/Apr/2026:00:40:09 +0200] "GET /images/s/actions/5715_3.jpg HTTP/1.1" 200 4738 "https://www.afish-ka.ru/cinema/films/5715/" "Mozilla/5.0 AppleWebKit/537.36 (KHTML, like Gecko; compatible; GPTBot/1.3; +https://openai.com/gptbot)"
74.7.227.21 - - [16/Apr/2026:00:40:10 +0200] "GET /images/b/actions/5740_3.jpg HTTP/1.1" 200 22466 "https://www.afish-ka.ru/cinema/films/5740/" "Mozilla/5.0 AppleWebKit/537.36 (KHTML, like Gecko; compatible; GPTBot/1.3; +https://openai.com/gptbot)"
92.222.108.116 - - [16/Apr/2026:00:40:10 +0200] "GET /exhibition/actions/1190/opinions/add/?parent=11851 HTTP/1.1" 200 9543 "-" "Mozilla/5.0 (compatible; AhrefsBot/7.0; +http://ahrefs.com/robot/)"
74.7.227.21 - - [16/Apr/2026:00:40:11 +0200] "GET /images/b/actions/6062_2.jpg HTTP/1.1" 200 46216 "https://www.afish-ka.ru/cinema/films/6062/" "Mozilla/5.0 AppleWebKit/537.36 (KHTML, like Gecko; compatible; GPTBot/1.3; +https://openai.com/gptbot)"
74.7.227.21 - - [16/Apr/2026:00:40:11 +0200] "GET /images/b/actions/5707_1.jpg HTTP/1.1" 200 46439 "https://www.afish-ka.ru/cinema/films/5707/" "Mozilla/5.0 AppleWebKit/537.36 (KHTML, like Gecko; compatible; GPTBot/1.3; +https://openai.com/gptbot)"
74.7.227.21 - - [16/Apr/2026:00:40:12 +0200] "GET /images/s/actions/5733_4.jpg HTTP/1.1" 200 7541 "https://www.afish-ka.ru/cinema/films/5733/" "Mozilla/5.0 AppleWebKit/537.36 (KHTML, like Gecko; compatible; GPTBot/1.3; +https://openai.com/gptbot)"
74.7.227.21 - - [16/Apr/2026:00:40:12 +0200] "GET /images/b/actions/5740_5.jpg HTTP/1.1" 200 26165 "https://www.afish-ka.ru/cinema/films/5740/" "Mozilla/5.0 AppleWebKit/537.36 (KHTML, like Gecko; compatible; GPTBot/1.3; +https://openai.com/gptbot)"
74.7.227.21 - - [16/Apr/2026:00:40:13 +0200] "GET /images/b/actions/5715_3.jpg HTTP/1.1" 200 27112 "https://www.afish-ka.ru/cinema/films/5715/" "Mozilla/5.0 AppleWebKit/537.36 (KHTML, like Gecko; compatible; GPTBot/1.3; +https://openai.com/gptbot)"
185.191.171.8 - - [16/Apr/2026:00:40:13 +0200] "GET /cinema/films/5472/ HTTP/1.1" 200 10483 "-" "Mozilla/5.0 (compatible; SemrushBot/7~bl; +http://www.semrush.com/bot.html)"
74.7.227.21 - - [16/Apr/2026:00:40:13 +0200] "GET /images/b/actions/5740_2.jpg HTTP/1.1" 200 18924 "https://www.afish-ka.ru/cinema/films/5740/" "Mozilla/5.0 AppleWebKit/537.36 (KHTML, like Gecko; compatible; GPTBot/1.3; +https://openai.com/gptbot)"
74.7.227.21 - - [16/Apr/2026:00:40:14 +0200] "GET /images/b/actions/5707_4.jpg HTTP/1.1" 200 24064 "https://www.afish-ka.ru/cinema/films/5707/" "Mozilla/5.0 AppleWebKit/537.36 (KHTML, like Gecko; compatible; GPTBot/1.3; +https://openai.com/gptbot)"
74.7.227.21 - - [16/Apr/2026:00:40:14 +0200] "GET /images/b/actions/5711_3.jpg HTTP/1.1" 200 64709 "https://www.afish-ka.ru/cinema/films/5711/" "Mozilla/5.0 AppleWebKit/537.36 (KHTML, like Gecko; compatible; GPTBot/1.3; +https://openai.com/gptbot)"
74.7.227.21 - - [16/Apr/2026:00:40:15 +0200] "GET /images/b/actions/5740_1.jpg HTTP/1.1" 200 28568 "https://www.afish-ka.ru/cinema/films/5740/" "Mozilla/5.0 AppleWebKit/537.36 (KHTML, like Gecko; compatible; GPTBot/1.3; +https://openai.com/gptbot)"
74.7.227.21 - - [16/Apr/2026:00:40:15 +0200] "GET /images/b/actions/5705_3.jpg HTTP/1.1" 200 26579 "https://www.afish-ka.ru/cinema/films/5705/" "Mozilla/5.0 AppleWebKit/537.36 (KHTML, like Gecko; compatible; GPTBot/1.3; +https://openai.com/gptbot)"
74.7.227.21 - - [16/Apr/2026:00:40:16 +0200] "GET /images/s/actions/5715_4.jpg HTTP/1.1" 200 3824 "https://www.afish-ka.ru/cinema/films/5715/" "Mozilla/5.0 AppleWebKit/537.36 (KHTML, like Gecko; compatible; GPTBot/1.3; +https://openai.com/gptbot)"
74.7.227.21 - - [16/Apr/2026:00:40:16 +0200] "GET /images/b/actions/5707_2.jpg HTTP/1.1" 200 20576 "https://www.afish-ka.ru/cinema/films/5707/" "Mozilla/5.0 AppleWebKit/537.36 (KHTML, like Gecko; compatible; GPTBot/1.3; +https://openai.com/gptbot)"
74.7.227.21 - - [16/Apr/2026:00:40:17 +0200] "GET /images/b/actions/5705_2.jpg HTTP/1.1" 200 37437 "https://www.afish-ka.ru/cinema/films/5705/" "Mozilla/5.0 AppleWebKit/537.36 (KHTML, like Gecko; compatible; GPTBot/1.3; +https://openai.com/gptbot)"
74.7.227.21 - - [16/Apr/2026:00:40:17 +0200] "GET /images/s/actions/6062_5.jpg HTTP/1.1" 200 4463 "https://www.afish-ka.ru/cinema/films/6062/" "Mozilla/5.0 AppleWebKit/537.36 (KHTML, like Gecko; compatible; GPTBot/1.3; +https://openai.com/gptbot)"
74.7.227.21 - - [16/Apr/2026:00:40:18 +0200] "GET /images/b/actions/5705_5.jpg HTTP/1.1" 200 38427 "https://www.afish-ka.ru/cinema/films/5705/" "Mozilla/5.0 AppleWebKit/537.36 (KHTML, like Gecko; compatible; GPTBot/1.3; +https://openai.com/gptbot)"
74.7.227.21 - - [16/Apr/2026:00:40:18 +0200] "GET /images/s/actions/5715_2.jpg HTTP/1.1" 200 5240 "https://www.afish-ka.ru/cinema/films/5715/" "Mozilla/5.0 AppleWebKit/537.36 (KHTML, like Gecko; compatible; GPTBot/1.3; +https://openai.com/gptbot)"
74.7.227.21 - - [16/Apr/2026:00:40:19 +0200] "GET /images/b/actions/5733_3.jpg HTTP/1.1" 200 52572 "https://www.afish-ka.ru/cinema/films/5733/" "Mozilla/5.0 AppleWebKit/537.36 (KHTML, like Gecko; compatible; GPTBot/1.3; +https://openai.com/gptbot)"
74.7.227.21 - - [16/Apr/2026:00:40:19 +0200] "GET /images/s/actions/5740_3.jpg HTTP/1.1" 200 4620 "https://www.afish-ka.ru/cinema/films/5740/" "Mozilla/5.0 AppleWebKit/537.36 (KHTML, like Gecko; compatible; GPTBot/1.3; +https://openai.com/gptbot)"
74.7.227.21 - - [16/Apr/2026:00:40:20 +0200] "GET /images/b/actions/5711_4.jpg HTTP/1.1" 200 58629 "https://www.afish-ka.ru/cinema/films/5711/" "Mozilla/5.0 AppleWebKit/537.36 (KHTML, like Gecko; compatible; GPTBot/1.3; +https://openai.com/gptbot)"
74.7.227.21 - - [16/Apr/2026:00:40:20 +0200] "GET /images/b/actions/5715_1.jpg HTTP/1.1" 200 20305 "https://www.afish-ka.ru/cinema/films/5715/" "Mozilla/5.0 AppleWebKit/537.36 (KHTML, like Gecko; compatible; GPTBot/1.3; +https://openai.com/gptbot)"
74.7.227.21 - - [16/Apr/2026:00:40:21 +0200] "GET /images/b/actions/5733_2.jpg HTTP/1.1" 200 48458 "https://www.afish-ka.ru/cinema/films/5733/" "Mozilla/5.0 AppleWebKit/537.36 (KHTML, like Gecko; compatible; GPTBot/1.3; +https://openai.com/gptbot)"
74.7.227.21 - - [16/Apr/2026:00:40:21 +0200] "GET /images/b/actions/5715_4.jpg HTTP/1.1" 200 18960 "https://www.afish-ka.ru/cinema/films/5715/" "Mozilla/5.0 AppleWebKit/537.36 (KHTML, like Gecko; compatible; GPTBot/1.3; +https://openai.com/gptbot)"
74.7.227.21 - - [16/Apr/2026:00:40:22 +0200] "GET /images/s/actions/5711_2.jpg HTTP/1.1" 200 6078 "https://www.afish-ka.ru/cinema/films/5711/" "Mozilla/5.0 AppleWebKit/537.36 (KHTML, like Gecko; compatible; GPTBot/1.3; +https://openai.com/gptbot)"
74.7.227.21 - - [16/Apr/2026:00:40:23 +0200] "GET /images/b/actions/6062_4.jpg HTTP/1.1" 200 70801 "https://www.afish-ka.ru/cinema/films/6062/" "Mozilla/5.0 AppleWebKit/537.36 (KHTML, like Gecko; compatible; GPTBot/1.3; +https://openai.com/gptbot)"
74.7.227.21 - - [16/Apr/2026:00:40:23 +0200] "GET /images/s/actions/6062_4.jpg HTTP/1.1" 200 6526 "https://www.afish-ka.ru/cinema/films/6062/" "Mozilla/5.0 AppleWebKit/537.36 (KHTML, like Gecko; compatible; GPTBot/1.3; +https://openai.com/gptbot)"
74.7.227.21 - - [16/Apr/2026:00:40:24 +0200] "GET /images/s/actions/5733_5.jpg HTTP/1.1" 200 9240 "https://www.afish-ka.ru/cinema/films/5733/" "Mozilla/5.0 AppleWebKit/537.36 (KHTML, like Gecko; compatible; GPTBot/1.3; +https://openai.com/gptbot)"
46.8.14.107 - - [16/Apr/2026:00:40:24 +0200] "GET /links.php?go=https://penstudiogialai.com/how-to-keep-your-phantom-browser-extension-and-seed-phrase-actually-safe/ HTTP/1.1" 404 371 "-" "Mozilla/5.0 (Windows NT 10.0; Win64; x64) AppleWebKit/537.36 (KHTML, like Gecko) Chrome/142.0.0.0 YaBrowser/25.12.0.0 Safari/537.36"
74.7.227.21 - - [16/Apr/2026:00:40:24 +0200] "GET /images/s/actions/5733_3.jpg HTTP/1.1" 200 7975 "https://www.afish-ka.ru/cinema/films/5733/" "Mozilla/5.0 AppleWebKit/537.36 (KHTML, like Gecko; compatible; GPTBot/1.3; +https://openai.com/gptbot)"
46.8.14.107 - - [16/Apr/2026:00:40:24 +0200] "GET /links.php?go=http://todaydemooo.blogspot.com HTTP/1.1" 404 371 "http://www.afish-ka.ru/links.php?go=https://penstudiogialai.com/how-to-keep-your-phantom-browser-extension-and-seed-phrase-actually-safe/" "Mozilla/5.0 (Windows NT 10.0; Win64; x64) AppleWebKit/537.36 (KHTML, like Gecko) Chrome/142.0.0.0 YaBrowser/25.12.0.0 Safari/537.36"
46.8.14.107 - - [16/Apr/2026:00:40:24 +0200] "GET / HTTP/1.1" 200 6101 "http://www.afish-ka.ru/links.php?go=https://penstudiogialai.com/how-to-keep-your-phantom-browser-extension-and-seed-phrase-actually-safe/" "Mozilla/5.0 (Windows NT 10.0; Win64; x64) AppleWebKit/537.36 (KHTML, like Gecko) Chrome/142.0.0.0 YaBrowser/25.12.0.0 Safari/537.36"
74.7.227.21 - - [16/Apr/2026:00:40:25 +0200] "GET /images/s/actions/5711_5.jpg HTTP/1.1" 200 6820 "https://www.afish-ka.ru/cinema/films/5711/" "Mozilla/5.0 AppleWebKit/537.36 (KHTML, like Gecko; compatible; GPTBot/1.3; +https://openai.com/gptbot)"
74.7.227.21 - - [16/Apr/2026:00:40:25 +0200] "GET /images/s/actions/6062_2.jpg HTTP/1.1" 200 5841 "https://www.afish-ka.ru/cinema/films/6062/" "Mozilla/5.0 AppleWebKit/537.36 (KHTML, like Gecko; compatible; GPTBot/1.3; +https://openai.com/gptbot)"
74.7.227.21 - - [16/Apr/2026:00:40:26 +0200] "GET /images/s/actions/5705_5.jpg HTTP/1.1" 200 5161 "https://www.afish-ka.ru/cinema/films/5705/" "Mozilla/5.0 AppleWebKit/537.36 (KHTML, like Gecko; compatible; GPTBot/1.3; +https://openai.com/gptbot)"
74.7.227.21 - - [16/Apr/2026:00:40:26 +0200] "GET /images/s/actions/5715_5.jpg HTTP/1.1" 200 4266 "https://www.afish-ka.ru/cinema/films/5715/" "Mozilla/5.0 AppleWebKit/537.36 (KHTML, like Gecko; compatible; GPTBot/1.3; +https://openai.com/gptbot)"
74.7.227.21 - - [16/Apr/2026:00:40:27 +0200] "GET /images/s/actions/5707_5.jpg HTTP/1.1" 200 4813 "https://www.afish-ka.ru/cinema/films/5707/" "Mozilla/5.0 AppleWebKit/537.36 (KHTML, like Gecko; compatible; GPTBot/1.3; +https://openai.com/gptbot)"
74.7.227.21 - - [16/Apr/2026:00:40:27 +0200] "GET /images/s/posters/5707.jpg HTTP/1.1" 200 9831 "https://www.afish-ka.ru/cinema/films/5707/" "Mozilla/5.0 AppleWebKit/537.36 (KHTML, like Gecko; compatible; GPTBot/1.3; +https://openai.com/gptbot)"
74.7.227.21 - - [16/Apr/2026:00:40:28 +0200] "GET /images/s/posters/5740.jpg HTTP/1.1" 200 7237 "https://www.afish-ka.ru/cinema/films/5740/" "Mozilla/5.0 AppleWebKit/537.36 (KHTML, like Gecko; compatible; GPTBot/1.3; +https://openai.com/gptbot)"
74.7.227.21 - - [16/Apr/2026:00:40:28 +0200] "GET /images/b/posters/6062.jpg HTTP/1.1" 200 72693 "https://www.afish-ka.ru/cinema/films/6062/" "Mozilla/5.0 AppleWebKit/537.36 (KHTML, like Gecko; compatible; GPTBot/1.3; +https://openai.com/gptbot)"
74.7.227.21 - - [16/Apr/2026:00:40:29 +0200] "GET /images/s/posters/5711.jpg HTTP/1.1" 200 13534 "https://www.afish-ka.ru/cinema/films/5711/" "Mozilla/5.0 AppleWebKit/537.36 (KHTML, like Gecko; compatible; GPTBot/1.3; +https://openai.com/gptbot)"
74.7.227.21 - - [16/Apr/2026:00:40:29 +0200] "GET /images/b/posters/5715.jpg HTTP/1.1" 200 42886 "https://www.afish-ka.ru/cinema/films/5715/" "Mozilla/5.0 AppleWebKit/537.36 (KHTML, like Gecko; compatible; GPTBot/1.3; +https://openai.com/gptbot)"
74.7.227.21 - - [16/Apr/2026:00:40:30 +0200] "GET /images/s/posters/5715.jpg HTTP/1.1" 200 8551 "https://www.afish-ka.ru/cinema/films/5715/" "Mozilla/5.0 AppleWebKit/537.36 (KHTML, like Gecko; compatible; GPTBot/1.3; +https://openai.com/gptbot)"
74.7.227.21 - - [16/Apr/2026:00:40:31 +0200] "GET /images/s/posters/5733.jpg HTTP/1.1" 200 17428 "https://www.afish-ka.ru/cinema/films/5733/" "Mozilla/5.0 AppleWebKit/537.36 (KHTML, like Gecko; compatible; GPTBot/1.3; +https://openai.com/gptbot)"
74.7.227.21 - - [16/Apr/2026:00:40:31 +0200] "GET /images/s/posters/5705.jpg HTTP/1.1" 200 12906 "https://www.afish-ka.ru/cinema/films/5705/" "Mozilla/5.0 AppleWebKit/537.36 (KHTML, like Gecko; compatible; GPTBot/1.3; +https://openai.com/gptbot)"
74.7.227.21 - - [16/Apr/2026:00:40:32 +0200] "GET /images/b/posters/5740.jpg HTTP/1.1" 200 35074 "https://www.afish-ka.ru/cinema/films/5740/" "Mozilla/5.0 AppleWebKit/537.36 (KHTML, like Gecko; compatible; GPTBot/1.3; +https://openai.com/gptbot)"
74.7.227.21 - - [16/Apr/2026:00:40:32 +0200] "GET /images/b/posters/5705.jpg HTTP/1.1" 200 70250 "https://www.afish-ka.ru/cinema/films/5705/" "Mozilla/5.0 AppleWebKit/537.36 (KHTML, like Gecko; compatible; GPTBot/1.3; +https://openai.com/gptbot)"
74.7.227.21 - - [16/Apr/2026:00:40:33 +0200] "GET /images/b/posters/5707.jpg HTTP/1.1" 200 48604 "https://www.afish-ka.ru/cinema/films/5707/" "Mozilla/5.0 AppleWebKit/537.36 (KHTML, like Gecko; compatible; GPTBot/1.3; +https://openai.com/gptbot)"
74.7.227.21 - - [16/Apr/2026:00:40:33 +0200] "GET /images/s/posters/6062.jpg HTTP/1.1" 200 12748 "https://www.afish-ka.ru/cinema/films/6062/" "Mozilla/5.0 AppleWebKit/537.36 (KHTML, like Gecko; compatible; GPTBot/1.3; +https://openai.com/gptbot)"
74.7.227.21 - - [16/Apr/2026:00:40:34 +0200] "GET /images/b/posters/5711.jpg HTTP/1.1" 200 63482 "https://www.afish-ka.ru/cinema/films/5711/" "Mozilla/5.0 AppleWebKit/537.36 (KHTML, like Gecko; compatible; GPTBot/1.3; +https://openai.com/gptbot)"
74.7.227.21 - - [16/Apr/2026:00:40:34 +0200] "GET /images/s/posters/5695.jpg HTTP/1.1" 200 12093 "https://www.afish-ka.ru/cinema/films/5695/" "Mozilla/5.0 AppleWebKit/537.36 (KHTML, like Gecko; compatible; GPTBot/1.3; +https://openai.com/gptbot)"
74.7.227.21 - - [16/Apr/2026:00:40:35 +0200] "GET /images/b/posters/5733.jpg HTTP/1.1" 200 79960 "https://www.afish-ka.ru/cinema/films/5733/" "Mozilla/5.0 AppleWebKit/537.36 (KHTML, like Gecko; compatible; GPTBot/1.3; +https://openai.com/gptbot)"
74.7.227.21 - - [16/Apr/2026:00:40:35 +0200] "GET /cinema/films/5683/ HTTP/1.1" 200 6642 "https://www.afish-ka.ru/19-11-2020/" "Mozilla/5.0 AppleWebKit/537.36 (KHTML, like Gecko; compatible; GPTBot/1.3; +https://openai.com/gptbot)"
74.7.227.21 - - [16/Apr/2026:00:40:36 +0200] "GET /cinema/films/5703/ HTTP/1.1" 200 6909 "https://www.afish-ka.ru/31-01-2021/" "Mozilla/5.0 AppleWebKit/537.36 (KHTML, like Gecko; compatible; GPTBot/1.3; +https://openai.com/gptbot)"
74.7.227.21 - - [16/Apr/2026:00:40:37 +0200] "GET /cinema/films/5739/ HTTP/1.1" 200 6731 "https://www.afish-ka.ru/13-01-2021/" "Mozilla/5.0 AppleWebKit/537.36 (KHTML, like Gecko; compatible; GPTBot/1.3; +https://openai.com/gptbot)"
74.7.227.21 - - [16/Apr/2026:00:40:37 +0200] "GET /cinema/films/5693/ HTTP/1.1" 200 6572 "https://www.afish-ka.ru/19-11-2020/" "Mozilla/5.0 AppleWebKit/537.36 (KHTML, like Gecko; compatible; GPTBot/1.3; +https://openai.com/gptbot)"
74.7.227.21 - - [16/Apr/2026:00:40:38 +0200] "GET /cinema/films/5684/ HTTP/1.1" 200 6575 "https://www.afish-ka.ru/19-11-2020/" "Mozilla/5.0 AppleWebKit/537.36 (KHTML, like Gecko; compatible; GPTBot/1.3; +https://openai.com/gptbot)"
74.7.227.21 - - [16/Apr/2026:00:40:38 +0200] "GET /cinema/films/5749/ HTTP/1.1" 200 6859 "https://www.afish-ka.ru/13-01-2021/" "Mozilla/5.0 AppleWebKit/537.36 (KHTML, like Gecko; compatible; GPTBot/1.3; +https://openai.com/gptbot)"
74.7.227.21 - - [16/Apr/2026:00:40:39 +0200] "GET /cinema/films/5741/ HTTP/1.1" 200 6955 "https://www.afish-ka.ru/31-01-2021/" "Mozilla/5.0 AppleWebKit/537.36 (KHTML, like Gecko; compatible; GPTBot/1.3; +https://openai.com/gptbot)"
74.7.227.21 - - [16/Apr/2026:00:40:40 +0200] "GET /cinema/films/5734/ HTTP/1.1" 200 6905 "https://www.afish-ka.ru/13-01-2021/" "Mozilla/5.0 AppleWebKit/537.36 (KHTML, like Gecko; compatible; GPTBot/1.3; +https://openai.com/gptbot)"
74.7.227.21 - - [16/Apr/2026:00:40:40 +0200] "GET /cinema/films/5742/ HTTP/1.1" 200 7111 "https://www.afish-ka.ru/31-01-2021/" "Mozilla/5.0 AppleWebKit/537.36 (KHTML, like Gecko; compatible; GPTBot/1.3; +https://openai.com/gptbot)"
54.37.118.88 - - [16/Apr/2026:00:40:41 +0200] "GET /restaurant/15/opinions/add/?parent=2915 HTTP/1.1" 200 9523 "-" "Mozilla/5.0 (compatible; AhrefsBot/7.0; +http://ahrefs.com/robot/)"
74.7.227.21 - - [16/Apr/2026:00:40:41 +0200] "GET /cinema/films/5648/ HTTP/1.1" 200 6937 "https://www.afish-ka.ru/19-11-2020/" "Mozilla/5.0 AppleWebKit/537.36 (KHTML, like Gecko; compatible; GPTBot/1.3; +https://openai.com/gptbot)"
74.7.227.21 - - [16/Apr/2026:00:40:41 +0200] "GET /cinema/films/5690/ HTTP/1.1" 200 6711 "https://www.afish-ka.ru/19-11-2020/" "Mozilla/5.0 AppleWebKit/537.36 (KHTML, like Gecko; compatible; GPTBot/1.3; +https://openai.com/gptbot)"
185.191.171.3 - - [16/Apr/2026:00:40:42 +0200] "GET /19-07-2025/ HTTP/1.1" 200 9598 "-" "Mozilla/5.0 (compatible; SemrushBot/7~bl; +http://www.semrush.com/bot.html)"
74.7.227.21 - - [16/Apr/2026:00:40:42 +0200] "GET /images/b/actions/5683_2.jpg HTTP/1.1" 200 35022 "https://www.afish-ka.ru/cinema/films/5683/" "Mozilla/5.0 AppleWebKit/537.36 (KHTML, like Gecko; compatible; GPTBot/1.3; +https://openai.com/gptbot)"
74.7.227.21 - - [16/Apr/2026:00:40:43 +0200] "GET /images/s/actions/5703_4.jpg HTTP/1.1" 200 5977 "https://www.afish-ka.ru/cinema/films/5703/" "Mozilla/5.0 AppleWebKit/537.36 (KHTML, like Gecko; compatible; GPTBot/1.3; +https://openai.com/gptbot)"
74.7.227.21 - - [16/Apr/2026:00:40:43 +0200] "GET /images/s/actions/5703_2.jpg HTTP/1.1" 200 6788 "https://www.afish-ka.ru/cinema/films/5703/" "Mozilla/5.0 AppleWebKit/537.36 (KHTML, like Gecko; compatible; GPTBot/1.3; +https://openai.com/gptbot)"
74.7.227.21 - - [16/Apr/2026:00:40:44 +0200] "GET /images/b/actions/5703_4.jpg HTTP/1.1" 200 31339 "https://www.afish-ka.ru/cinema/films/5703/" "Mozilla/5.0 AppleWebKit/537.36 (KHTML, like Gecko; compatible; GPTBot/1.3; +https://openai.com/gptbot)"
85.208.96.204 - - [16/Apr/2026:00:40:44 +0200] "GET /cinema/films/4861/opinions/add/?parent=43796 HTTP/1.1" 200 9532 "-" "Mozilla/5.0 (compatible; SemrushBot/7~bl; +http://www.semrush.com/bot.html)"
74.7.227.21 - - [16/Apr/2026:00:40:44 +0200] "GET /images/s/actions/5684_2.jpg HTTP/1.1" 200 7214 "https://www.afish-ka.ru/cinema/films/5684/" "Mozilla/5.0 AppleWebKit/537.36 (KHTML, like Gecko; compatible; GPTBot/1.3; +https://openai.com/gptbot)"
74.7.227.21 - - [16/Apr/2026:00:40:45 +0200] "GET /images/b/actions/5749_3.jpg HTTP/1.1" 200 44017 "https://www.afish-ka.ru/cinema/films/5749/" "Mozilla/5.0 AppleWebKit/537.36 (KHTML, like Gecko; compatible; GPTBot/1.3; +https://openai.com/gptbot)"
74.7.227.21 - - [16/Apr/2026:00:40:45 +0200] "GET /images/s/actions/5741_2.jpg HTTP/1.1" 200 6937 "https://www.afish-ka.ru/cinema/films/5741/" "Mozilla/5.0 AppleWebKit/537.36 (KHTML, like Gecko; compatible; GPTBot/1.3; +https://openai.com/gptbot)"
74.7.227.21 - - [16/Apr/2026:00:40:46 +0200] "GET /images/b/actions/5741_2.jpg HTTP/1.1" 200 55926 "https://www.afish-ka.ru/cinema/films/5741/" "Mozilla/5.0 AppleWebKit/537.36 (KHTML, like Gecko; compatible; GPTBot/1.3; +https://openai.com/gptbot)"
85.208.96.209 - - [16/Apr/2026:00:40:46 +0200] "GET /16-06-2008/ HTTP/1.1" 200 11030 "-" "Mozilla/5.0 (compatible; SemrushBot/7~bl; +http://www.semrush.com/bot.html)"
74.7.227.21 - - [16/Apr/2026:00:40:46 +0200] "GET /images/s/actions/5742_4.jpg HTTP/1.1" 200 6789 "https://www.afish-ka.ru/cinema/films/5742/" "Mozilla/5.0 AppleWebKit/537.36 (KHTML, like Gecko; compatible; GPTBot/1.3; +https://openai.com/gptbot)"
74.7.227.21 - - [16/Apr/2026:00:40:47 +0200] "GET /images/s/actions/5742_5.jpg HTTP/1.1" 200 9266 "https://www.afish-ka.ru/cinema/films/5742/" "Mozilla/5.0 AppleWebKit/537.36 (KHTML, like Gecko; compatible; GPTBot/1.3; +https://openai.com/gptbot)"
74.7.227.21 - - [16/Apr/2026:00:40:47 +0200] "GET /images/s/actions/5742_2.jpg HTTP/1.1" 200 8139 "https://www.afish-ka.ru/cinema/films/5742/" "Mozilla/5.0 AppleWebKit/537.36 (KHTML, like Gecko; compatible; GPTBot/1.3; +https://openai.com/gptbot)"
74.7.227.21 - - [16/Apr/2026:00:40:48 +0200] "GET /images/b/actions/5742_5.jpg HTTP/1.1" 200 121887 "https://www.afish-ka.ru/cinema/films/5742/" "Mozilla/5.0 AppleWebKit/537.36 (KHTML, like Gecko; compatible; GPTBot/1.3; +https://openai.com/gptbot)"
185.191.171.11 - - [16/Apr/2026:00:40:48 +0200] "GET /cinema/films/2118/opinions/add/?parent=21468 HTTP/1.1" 200 9500 "-" "Mozilla/5.0 (compatible; SemrushBot/7~bl; +http://www.semrush.com/bot.html)"
74.7.227.21 - - [16/Apr/2026:00:40:48 +0200] "GET /images/s/actions/5741_3.jpg HTTP/1.1" 200 7445 "https://www.afish-ka.ru/cinema/films/5741/" "Mozilla/5.0 AppleWebKit/537.36 (KHTML, like Gecko; compatible; GPTBot/1.3; +https://openai.com/gptbot)"
74.7.227.21 - - [16/Apr/2026:00:40:49 +0200] "GET /images/s/actions/5648_5.jpg HTTP/1.1" 200 7011 "https://www.afish-ka.ru/cinema/films/5648/" "Mozilla/5.0 AppleWebKit/537.36 (KHTML, like Gecko; compatible; GPTBot/1.3; +https://openai.com/gptbot)"
74.7.227.21 - - [16/Apr/2026:00:40:50 +0200] "GET /images/b/actions/5734_4.jpg HTTP/1.1" 200 26022 "https://www.afish-ka.ru/cinema/films/5734/" "Mozilla/5.0 AppleWebKit/537.36 (KHTML, like Gecko; compatible; GPTBot/1.3; +https://openai.com/gptbot)"
74.7.227.21 - - [16/Apr/2026:00:40:50 +0200] "GET /images/b/actions/5741_4.jpg HTTP/1.1" 200 40751 "https://www.afish-ka.ru/cinema/films/5741/" "Mozilla/5.0 AppleWebKit/537.36 (KHTML, like Gecko; compatible; GPTBot/1.3; +https://openai.com/gptbot)"
74.7.227.21 - - [16/Apr/2026:00:40:51 +0200] "GET /images/s/actions/5734_4.jpg HTTP/1.1" 200 5242 "https://www.afish-ka.ru/cinema/films/5734/" "Mozilla/5.0 AppleWebKit/537.36 (KHTML, like Gecko; compatible; GPTBot/1.3; +https://openai.com/gptbot)"
74.7.227.21 - - [16/Apr/2026:00:40:51 +0200] "GET /images/b/actions/5648_5.jpg HTTP/1.1" 200 69702 "https://www.afish-ka.ru/cinema/films/5648/" "Mozilla/5.0 AppleWebKit/537.36 (KHTML, like Gecko; compatible; GPTBot/1.3; +https://openai.com/gptbot)"
74.7.227.21 - - [16/Apr/2026:00:40:52 +0200] "GET /images/b/actions/5684_1.jpg HTTP/1.1" 200 51955 "https://www.afish-ka.ru/cinema/films/5684/" "Mozilla/5.0 AppleWebKit/537.36 (KHTML, like Gecko; compatible; GPTBot/1.3; +https://openai.com/gptbot)"
74.7.227.21 - - [16/Apr/2026:00:40:52 +0200] "GET /images/b/actions/5648_2.jpg HTTP/1.1" 200 106063 "https://www.afish-ka.ru/cinema/films/5648/" "Mozilla/5.0 AppleWebKit/537.36 (KHTML, like Gecko; compatible; GPTBot/1.3; +https://openai.com/gptbot)"
220.181.108.159 - - [16/Apr/2026:00:40:52 +0200] "GET /cinema/films/356/ HTTP/1.1" 200 11202 "-" "Mozilla/5.0 (compatible; Baiduspider/2.0; +http://www.baidu.com/search/spider.html)"
74.7.227.21 - - [16/Apr/2026:00:40:53 +0200] "GET /images/b/actions/5684_4.jpg HTTP/1.1" 200 34812 "https://www.afish-ka.ru/cinema/films/5684/" "Mozilla/5.0 AppleWebKit/537.36 (KHTML, like Gecko; compatible; GPTBot/1.3; +https://openai.com/gptbot)"
74.7.227.21 - - [16/Apr/2026:00:40:53 +0200] "GET /images/b/actions/5741_1.jpg HTTP/1.1" 200 43620 "https://www.afish-ka.ru/cinema/films/5741/" "Mozilla/5.0 AppleWebKit/537.36 (KHTML, like Gecko; compatible; GPTBot/1.3; +https://openai.com/gptbot)"
74.7.227.21 - - [16/Apr/2026:00:40:54 +0200] "GET /images/b/actions/5684_2.jpg HTTP/1.1" 200 45934 "https://www.afish-ka.ru/cinema/films/5684/" "Mozilla/5.0 AppleWebKit/537.36 (KHTML, like Gecko; compatible; GPTBot/1.3; +https://openai.com/gptbot)"
74.7.227.21 - - [16/Apr/2026:00:40:54 +0200] "GET /images/b/actions/5742_2.jpg HTTP/1.1" 200 79260 "https://www.afish-ka.ru/cinema/films/5742/" "Mozilla/5.0 AppleWebKit/537.36 (KHTML, like Gecko; compatible; GPTBot/1.3; +https://openai.com/gptbot)"
74.7.227.21 - - [16/Apr/2026:00:40:55 +0200] "GET /images/s/actions/5742_3.jpg HTTP/1.1" 200 7382 "https://www.afish-ka.ru/cinema/films/5742/" "Mozilla/5.0 AppleWebKit/537.36 (KHTML, like Gecko; compatible; GPTBot/1.3; +https://openai.com/gptbot)"
74.7.227.21 - - [16/Apr/2026:00:40:55 +0200] "GET /images/s/actions/5684_3.jpg HTTP/1.1" 200 6875 "https://www.afish-ka.ru/cinema/films/5684/" "Mozilla/5.0 AppleWebKit/537.36 (KHTML, like Gecko; compatible; GPTBot/1.3; +https://openai.com/gptbot)"
74.7.227.21 - - [16/Apr/2026:00:40:56 +0200] "GET /images/b/actions/5683_1.jpg HTTP/1.1" 200 30251 "https://www.afish-ka.ru/cinema/films/5683/" "Mozilla/5.0 AppleWebKit/537.36 (KHTML, like Gecko; compatible; GPTBot/1.3; +https://openai.com/gptbot)"
74.7.227.21 - - [16/Apr/2026:00:40:56 +0200] "GET /images/b/actions/5648_3.jpg HTTP/1.1" 200 72593 "https://www.afish-ka.ru/cinema/films/5648/" "Mozilla/5.0 AppleWebKit/537.36 (KHTML, like Gecko; compatible; GPTBot/1.3; +https://openai.com/gptbot)"
74.7.227.21 - - [16/Apr/2026:00:40:57 +0200] "GET /images/b/actions/5648_4.jpg HTTP/1.1" 200 53672 "https://www.afish-ka.ru/cinema/films/5648/" "Mozilla/5.0 AppleWebKit/537.36 (KHTML, like Gecko; compatible; GPTBot/1.3; +https://openai.com/gptbot)"
74.7.227.21 - - [16/Apr/2026:00:40:57 +0200] "GET /images/b/actions/5741_3.jpg HTTP/1.1" 200 71072 "https://www.afish-ka.ru/cinema/films/5741/" "Mozilla/5.0 AppleWebKit/537.36 (KHTML, like Gecko; compatible; GPTBot/1.3; +https://openai.com/gptbot)"
116.179.37.153 - - [16/Apr/2026:00:40:58 +0200] "GET /images/s/actions/356_1.jpg HTTP/1.1" 200 10843 "https://www.afish-ka.ru/cinema/films/356/" "Mozilla/5.0 (compatible; Baiduspider-render/2.0; +http://www.baidu.com/search/spider.html)"
116.179.37.249 - - [16/Apr/2026:00:40:58 +0200] "GET /images/s/actions/356_3.jpg HTTP/1.1" 200 9890 "https://www.afish-ka.ru/cinema/films/356/" "Mozilla/5.0 (compatible; Baiduspider-render/2.0; +http://www.baidu.com/search/spider.html)"
74.7.227.21 - - [16/Apr/2026:00:40:58 +0200] "GET /images/b/actions/5742_3.jpg HTTP/1.1" 200 67352 "https://www.afish-ka.ru/cinema/films/5742/" "Mozilla/5.0 AppleWebKit/537.36 (KHTML, like Gecko; compatible; GPTBot/1.3; +https://openai.com/gptbot)"
116.179.37.107 - - [16/Apr/2026:00:40:58 +0200] "GET /images/s/actions/356_4.jpg HTTP/1.1" 200 9616 "https://www.afish-ka.ru/cinema/films/356/" "Mozilla/5.0 (compatible; Baiduspider-render/2.0; +http://www.baidu.com/search/spider.html)"
74.7.227.21 - - [16/Apr/2026:00:40:58 +0200] "GET /images/s/actions/5734_3.jpg HTTP/1.1" 200 6845 "https://www.afish-ka.ru/cinema/films/5734/" "Mozilla/5.0 AppleWebKit/537.36 (KHTML, like Gecko; compatible; GPTBot/1.3; +https://openai.com/gptbot)"
74.7.227.21 - - [16/Apr/2026:00:40:59 +0200] "GET /images/s/actions/5648_4.jpg HTTP/1.1" 200 7083 "https://www.afish-ka.ru/cinema/films/5648/" "Mozilla/5.0 AppleWebKit/537.36 (KHTML, like Gecko; compatible; GPTBot/1.3; +https://openai.com/gptbot)"
74.7.227.21 - - [16/Apr/2026:00:41:00 +0200] "GET /images/b/actions/5741_5.jpg HTTP/1.1" 200 52443 "https://www.afish-ka.ru/cinema/films/5741/" "Mozilla/5.0 AppleWebKit/537.36 (KHTML, like Gecko; compatible; GPTBot/1.3; +https://openai.com/gptbot)"
74.7.227.21 - - [16/Apr/2026:00:41:00 +0200] "GET /images/s/actions/5741_5.jpg HTTP/1.1" 200 6924 "https://www.afish-ka.ru/cinema/films/5741/" "Mozilla/5.0 AppleWebKit/537.36 (KHTML, like Gecko; compatible; GPTBot/1.3; +https://openai.com/gptbot)"
74.7.227.21 - - [16/Apr/2026:00:41:01 +0200] "GET /images/s/actions/5648_3.jpg HTTP/1.1" 200 7356 "https://www.afish-ka.ru/cinema/films/5648/" "Mozilla/5.0 AppleWebKit/537.36 (KHTML, like Gecko; compatible; GPTBot/1.3; +https://openai.com/gptbot)"
74.7.227.21 - - [16/Apr/2026:00:41:01 +0200] "GET /images/s/actions/5683_2.jpg HTTP/1.1" 200 9322 "https://www.afish-ka.ru/cinema/films/5683/" "Mozilla/5.0 AppleWebKit/537.36 (KHTML, like Gecko; compatible; GPTBot/1.3; +https://openai.com/gptbot)"
74.7.227.21 - - [16/Apr/2026:00:41:02 +0200] "GET /images/s/actions/5734_5.jpg HTTP/1.1" 200 6593 "https://www.afish-ka.ru/cinema/films/5734/" "Mozilla/5.0 AppleWebKit/537.36 (KHTML, like Gecko; compatible; GPTBot/1.3; +https://openai.com/gptbot)"
74.7.227.21 - - [16/Apr/2026:00:41:02 +0200] "GET /images/b/actions/5683_3.jpg HTTP/1.1" 200 56666 "https://www.afish-ka.ru/cinema/films/5683/" "Mozilla/5.0 AppleWebKit/537.36 (KHTML, like Gecko; compatible; GPTBot/1.3; +https://openai.com/gptbot)"
74.7.227.21 - - [16/Apr/2026:00:41:03 +0200] "GET /images/s/actions/5749_3.jpg HTTP/1.1" 200 6262 "https://www.afish-ka.ru/cinema/films/5749/" "Mozilla/5.0 AppleWebKit/537.36 (KHTML, like Gecko; compatible; GPTBot/1.3; +https://openai.com/gptbot)"
74.7.227.21 - - [16/Apr/2026:00:41:03 +0200] "GET /images/s/actions/5684_5.jpg HTTP/1.1" 200 7775 "https://www.afish-ka.ru/cinema/films/5684/" "Mozilla/5.0 AppleWebKit/537.36 (KHTML, like Gecko; compatible; GPTBot/1.3; +https://openai.com/gptbot)"
74.7.227.21 - - [16/Apr/2026:00:41:04 +0200] "GET /images/b/actions/5749_1.jpg HTTP/1.1" 200 18571 "https://www.afish-ka.ru/cinema/films/5749/" "Mozilla/5.0 AppleWebKit/537.36 (KHTML, like Gecko; compatible; GPTBot/1.3; +https://openai.com/gptbot)"
74.7.227.21 - - [16/Apr/2026:00:41:04 +0200] "GET /images/b/actions/5742_4.jpg HTTP/1.1" 200 80769 "https://www.afish-ka.ru/cinema/films/5742/" "Mozilla/5.0 AppleWebKit/537.36 (KHTML, like Gecko; compatible; GPTBot/1.3; +https://openai.com/gptbot)"
74.7.227.21 - - [16/Apr/2026:00:41:05 +0200] "GET /images/b/actions/5684_5.jpg HTTP/1.1" 200 49117 "https://www.afish-ka.ru/cinema/films/5684/" "Mozilla/5.0 AppleWebKit/537.36 (KHTML, like Gecko; compatible; GPTBot/1.3; +https://openai.com/gptbot)"
74.7.227.21 - - [16/Apr/2026:00:41:05 +0200] "GET /images/b/actions/5703_3.jpg HTTP/1.1" 200 72536 "https://www.afish-ka.ru/cinema/films/5703/" "Mozilla/5.0 AppleWebKit/537.36 (KHTML, like Gecko; compatible; GPTBot/1.3; +https://openai.com/gptbot)"
70.104.206.213 - - [16/Apr/2026:00:41:05 +0200] "GET /theater/actions/31/opinions/theater/actions/31/theater/actions/31/ HTTP/1.1" 200 9435 "-" "Mozilla/5.0 (Windows NT 10.0; Win64; x64) AppleWebKit/537.36 (KHTML, like Gecko) Chrome/142.0.0.0 Safari/537.36"
