74.7.227.21 - - [16/Apr/2026:01:05:33 +0200] "GET /images/b/actions/3761_5.jpg HTTP/1.1" 200 61554 "https://www.afish-ka.ru/cinema/films/3761/" "Mozilla/5.0 AppleWebKit/537.36 (KHTML, like Gecko; compatible; GPTBot/1.3; +https://openai.com/gptbot)"
104.194.132.199 - - [16/Apr/2026:01:05:33 +0200] "GET /links.php?go=https://www.youtube.com/watch?v=9cws6DiKlhI HTTP/1.1" 404 4183 "-" "Mozilla/5.0 (Windows NT 10.0; Win64; x64) AppleWebKit/537.36 (KHTML, like Gecko) Chrome/114.0.0.0 Safari/537.36 Edg/114.0.1264.71"
74.7.227.21 - - [16/Apr/2026:01:05:33 +0200] "GET /images/s/actions/6159_2.jpg HTTP/1.1" 200 4427 "https://www.afish-ka.ru/cinema/films/6159/" "Mozilla/5.0 AppleWebKit/537.36 (KHTML, like Gecko; compatible; GPTBot/1.3; +https://openai.com/gptbot)"
104.194.132.199 - - [16/Apr/2026:01:05:33 +0200] "GET /links.php?go=https://onlayn-oyunlar.com.az/ HTTP/1.1" 404 4199 "https://www.afish-ka.ru/links.php?go=https://www.youtube.com/watch?v=9cws6DiKlhI" "Mozilla/5.0 (Windows NT 10.0; Win64; x64) AppleWebKit/537.36 (KHTML, like Gecko) Chrome/114.0.0.0 Safari/537.36 Edg/114.0.1264.71"
74.7.227.21 - - [16/Apr/2026:01:05:34 +0200] "GET /images/b/actions/4657_1.jpg HTTP/1.1" 200 48677 "https://www.afish-ka.ru/cinema/films/4657/" "Mozilla/5.0 AppleWebKit/537.36 (KHTML, like Gecko; compatible; GPTBot/1.3; +https://openai.com/gptbot)"
104.194.132.199 - - [16/Apr/2026:01:05:33 +0200] "GET / HTTP/1.1" 200 9908 "https://www.afish-ka.ru/links.php?go=https://www.youtube.com/watch?v=9cws6DiKlhI" "Mozilla/5.0 (Windows NT 10.0; Win64; x64) AppleWebKit/537.36 (KHTML, like Gecko) Chrome/114.0.0.0 Safari/537.36 Edg/114.0.1264.71"
74.7.227.21 - - [16/Apr/2026:01:05:34 +0200] "GET /images/b/actions/6159_5.jpg HTTP/1.1" 200 27769 "https://www.afish-ka.ru/cinema/films/6159/" "Mozilla/5.0 AppleWebKit/537.36 (KHTML, like Gecko; compatible; GPTBot/1.3; +https://openai.com/gptbot)"
74.7.227.21 - - [16/Apr/2026:01:05:35 +0200] "GET /images/b/actions/4663_3.jpg HTTP/1.1" 200 61443 "https://www.afish-ka.ru/cinema/films/4663/" "Mozilla/5.0 AppleWebKit/537.36 (KHTML, like Gecko; compatible; GPTBot/1.3; +https://openai.com/gptbot)"
74.7.227.21 - - [16/Apr/2026:01:05:35 +0200] "GET /images/b/actions/6161_5.jpg HTTP/1.1" 200 41202 "https://www.afish-ka.ru/cinema/films/6161/" "Mozilla/5.0 AppleWebKit/537.36 (KHTML, like Gecko; compatible; GPTBot/1.3; +https://openai.com/gptbot)"
74.7.227.21 - - [16/Apr/2026:01:05:36 +0200] "GET /images/s/actions/6158_2.jpg HTTP/1.1" 200 6339 "https://www.afish-ka.ru/cinema/films/6158/" "Mozilla/5.0 AppleWebKit/537.36 (KHTML, like Gecko; compatible; GPTBot/1.3; +https://openai.com/gptbot)"
74.7.227.21 - - [16/Apr/2026:01:05:36 +0200] "GET /images/b/actions/4663_2.jpg HTTP/1.1" 200 43147 "https://www.afish-ka.ru/cinema/films/4663/" "Mozilla/5.0 AppleWebKit/537.36 (KHTML, like Gecko; compatible; GPTBot/1.3; +https://openai.com/gptbot)"
104.194.132.199 - - [16/Apr/2026:01:05:34 +0200] "GET /services/sitemap/12.html HTTP/1.1" 200 11184 "https://www.afish-ka.ru" "Mozilla/5.0 (Windows NT 10.0; Win64; x64) AppleWebKit/537.36 (KHTML, like Gecko) Chrome/114.0.0.0 Safari/537.36 Edg/114.0.1264.71"
74.7.227.21 - - [16/Apr/2026:01:05:37 +0200] "GET /images/s/actions/6159_3.jpg HTTP/1.1" 200 5768 "https://www.afish-ka.ru/cinema/films/6159/" "Mozilla/5.0 AppleWebKit/537.36 (KHTML, like Gecko; compatible; GPTBot/1.3; +https://openai.com/gptbot)"
74.7.227.21 - - [16/Apr/2026:01:05:37 +0200] "GET /images/b/actions/3761_3.jpg HTTP/1.1" 200 83614 "https://www.afish-ka.ru/cinema/films/3761/" "Mozilla/5.0 AppleWebKit/537.36 (KHTML, like Gecko; compatible; GPTBot/1.3; +https://openai.com/gptbot)"
74.7.227.21 - - [16/Apr/2026:01:05:38 +0200] "GET /images/s/actions/6160_3.jpg HTTP/1.1" 200 7322 "https://www.afish-ka.ru/cinema/films/6160/" "Mozilla/5.0 AppleWebKit/537.36 (KHTML, like Gecko; compatible; GPTBot/1.3; +https://openai.com/gptbot)"
74.7.227.21 - - [16/Apr/2026:01:05:38 +0200] "GET /images/s/actions/3761_4.jpg HTTP/1.1" 200 4104 "https://www.afish-ka.ru/cinema/films/3761/" "Mozilla/5.0 AppleWebKit/537.36 (KHTML, like Gecko; compatible; GPTBot/1.3; +https://openai.com/gptbot)"
74.7.227.21 - - [16/Apr/2026:01:05:39 +0200] "GET /images/b/actions/6160_2.jpg HTTP/1.1" 200 50014 "https://www.afish-ka.ru/cinema/films/6160/" "Mozilla/5.0 AppleWebKit/537.36 (KHTML, like Gecko; compatible; GPTBot/1.3; +https://openai.com/gptbot)"
74.7.227.21 - - [16/Apr/2026:01:05:39 +0200] "GET /images/b/actions/3761_4.jpg HTTP/1.1" 200 48293 "https://www.afish-ka.ru/cinema/films/3761/" "Mozilla/5.0 AppleWebKit/537.36 (KHTML, like Gecko; compatible; GPTBot/1.3; +https://openai.com/gptbot)"
74.7.227.21 - - [16/Apr/2026:01:05:40 +0200] "GET /images/s/actions/3761_2.jpg HTTP/1.1" 200 7927 "https://www.afish-ka.ru/cinema/films/3761/" "Mozilla/5.0 AppleWebKit/537.36 (KHTML, like Gecko; compatible; GPTBot/1.3; +https://openai.com/gptbot)"
74.7.227.21 - - [16/Apr/2026:01:05:41 +0200] "GET /images/b/actions/6160_4.jpg HTTP/1.1" 200 29666 "https://www.afish-ka.ru/cinema/films/6160/" "Mozilla/5.0 AppleWebKit/537.36 (KHTML, like Gecko; compatible; GPTBot/1.3; +https://openai.com/gptbot)"
74.7.227.21 - - [16/Apr/2026:01:05:41 +0200] "GET /images/s/actions/4663_5.jpg HTTP/1.1" 200 6471 "https://www.afish-ka.ru/cinema/films/4663/" "Mozilla/5.0 AppleWebKit/537.36 (KHTML, like Gecko; compatible; GPTBot/1.3; +https://openai.com/gptbot)"
54.37.118.84 - - [16/Apr/2026:01:05:41 +0200] "GET /cinema/films/742/opinions/add/?parent=6276 HTTP/1.1" 200 9534 "-" "Mozilla/5.0 (compatible; AhrefsBot/7.0; +http://ahrefs.com/robot/)"
74.7.227.21 - - [16/Apr/2026:01:05:42 +0200] "GET /images/s/actions/6160_4.jpg HTTP/1.1" 200 5289 "https://www.afish-ka.ru/cinema/films/6160/" "Mozilla/5.0 AppleWebKit/537.36 (KHTML, like Gecko; compatible; GPTBot/1.3; +https://openai.com/gptbot)"
74.7.227.21 - - [16/Apr/2026:01:05:42 +0200] "GET /images/b/actions/6159_1.jpg HTTP/1.1" 200 22466 "https://www.afish-ka.ru/cinema/films/6159/" "Mozilla/5.0 AppleWebKit/537.36 (KHTML, like Gecko; compatible; GPTBot/1.3; +https://openai.com/gptbot)"
85.208.96.196 - - [16/Apr/2026:01:05:42 +0200] "GET /exhibition/137/opinions/add/?parent=49640 HTTP/1.1" 200 9524 "-" "Mozilla/5.0 (compatible; SemrushBot/7~bl; +http://www.semrush.com/bot.html)"
74.7.227.21 - - [16/Apr/2026:01:05:43 +0200] "GET /images/b/actions/6158_2.jpg HTTP/1.1" 200 45895 "https://www.afish-ka.ru/cinema/films/6158/" "Mozilla/5.0 AppleWebKit/537.36 (KHTML, like Gecko; compatible; GPTBot/1.3; +https://openai.com/gptbot)"
74.7.227.21 - - [16/Apr/2026:01:05:43 +0200] "GET /images/b/actions/6161_2.jpg HTTP/1.1" 200 49297 "https://www.afish-ka.ru/cinema/films/6161/" "Mozilla/5.0 AppleWebKit/537.36 (KHTML, like Gecko; compatible; GPTBot/1.3; +https://openai.com/gptbot)"
74.7.227.21 - - [16/Apr/2026:01:05:44 +0200] "GET /images/s/actions/3761_3.jpg HTTP/1.1" 200 7033 "https://www.afish-ka.ru/cinema/films/3761/" "Mozilla/5.0 AppleWebKit/537.36 (KHTML, like Gecko; compatible; GPTBot/1.3; +https://openai.com/gptbot)"
95.108.213.139 - - [16/Apr/2026:01:05:44 +0200] "GET /robots.txt HTTP/1.1" 200 4354 "-" "Mozilla/5.0 (compatible; YandexBot/3.0; +http://yandex.com/bots)"
74.7.227.21 - - [16/Apr/2026:01:05:44 +0200] "GET /images/b/actions/4663_1.jpg HTTP/1.1" 200 49721 "https://www.afish-ka.ru/cinema/films/4663/" "Mozilla/5.0 AppleWebKit/537.36 (KHTML, like Gecko; compatible; GPTBot/1.3; +https://openai.com/gptbot)"
74.7.227.21 - - [16/Apr/2026:01:05:45 +0200] "GET /images/s/actions/4663_2.jpg HTTP/1.1" 200 5427 "https://www.afish-ka.ru/cinema/films/4663/" "Mozilla/5.0 AppleWebKit/537.36 (KHTML, like Gecko; compatible; GPTBot/1.3; +https://openai.com/gptbot)"
95.108.213.163 - - [16/Apr/2026:01:05:45 +0200] "GET /22-11-2008/ HTTP/1.1" 200 11808 "-" "Mozilla/5.0 (compatible; YandexBot/3.0; +http://yandex.com/bots)"
74.7.227.21 - - [16/Apr/2026:01:05:45 +0200] "GET /images/b/actions/6160_3.jpg HTTP/1.1" 200 49896 "https://www.afish-ka.ru/cinema/films/6160/" "Mozilla/5.0 AppleWebKit/537.36 (KHTML, like Gecko; compatible; GPTBot/1.3; +https://openai.com/gptbot)"
74.7.227.21 - - [16/Apr/2026:01:05:46 +0200] "GET /images/b/actions/6161_4.jpg HTTP/1.1" 200 32499 "https://www.afish-ka.ru/cinema/films/6161/" "Mozilla/5.0 AppleWebKit/537.36 (KHTML, like Gecko; compatible; GPTBot/1.3; +https://openai.com/gptbot)"
185.191.171.12 - - [16/Apr/2026:01:05:46 +0200] "GET /links.php?go=https%3A%2F%2Fgiathicongnhakhungthep-02.weebly.com%2Fblog%2Fgia-thi-cong-nha-khung-thep HTTP/1.1" 200 5787 "-" "Mozilla/5.0 (compatible; SemrushBot/7~bl; +http://www.semrush.com/bot.html)"
74.7.227.21 - - [16/Apr/2026:01:05:46 +0200] "GET /images/s/actions/6158_4.jpg HTTP/1.1" 200 4998 "https://www.afish-ka.ru/cinema/films/6158/" "Mozilla/5.0 AppleWebKit/537.36 (KHTML, like Gecko; compatible; GPTBot/1.3; +https://openai.com/gptbot)"
74.7.227.21 - - [16/Apr/2026:01:05:47 +0200] "GET /images/b/actions/6159_2.jpg HTTP/1.1" 200 30706 "https://www.afish-ka.ru/cinema/films/6159/" "Mozilla/5.0 AppleWebKit/537.36 (KHTML, like Gecko; compatible; GPTBot/1.3; +https://openai.com/gptbot)"
74.7.227.21 - - [16/Apr/2026:01:05:47 +0200] "GET /images/s/actions/6159_4.jpg HTTP/1.1" 200 4916 "https://www.afish-ka.ru/cinema/films/6159/" "Mozilla/5.0 AppleWebKit/537.36 (KHTML, like Gecko; compatible; GPTBot/1.3; +https://openai.com/gptbot)"
74.7.227.21 - - [16/Apr/2026:01:05:48 +0200] "GET /images/b/actions/6159_3.jpg HTTP/1.1" 200 44497 "https://www.afish-ka.ru/cinema/films/6159/" "Mozilla/5.0 AppleWebKit/537.36 (KHTML, like Gecko; compatible; GPTBot/1.3; +https://openai.com/gptbot)"
74.7.227.21 - - [16/Apr/2026:01:05:48 +0200] "GET /images/b/actions/6161_3.jpg HTTP/1.1" 200 34870 "https://www.afish-ka.ru/cinema/films/6161/" "Mozilla/5.0 AppleWebKit/537.36 (KHTML, like Gecko; compatible; GPTBot/1.3; +https://openai.com/gptbot)"
74.7.227.21 - - [16/Apr/2026:01:05:49 +0200] "GET /images/s/actions/3761_5.jpg HTTP/1.1" 200 6141 "https://www.afish-ka.ru/cinema/films/3761/" "Mozilla/5.0 AppleWebKit/537.36 (KHTML, like Gecko; compatible; GPTBot/1.3; +https://openai.com/gptbot)"
74.7.227.21 - - [16/Apr/2026:01:05:49 +0200] "GET /images/b/actions/4663_5.jpg HTTP/1.1" 200 60979 "https://www.afish-ka.ru/cinema/films/4663/" "Mozilla/5.0 AppleWebKit/537.36 (KHTML, like Gecko; compatible; GPTBot/1.3; +https://openai.com/gptbot)"
74.7.227.21 - - [16/Apr/2026:01:05:50 +0200] "GET /images/s/actions/6159_5.jpg HTTP/1.1" 200 5048 "https://www.afish-ka.ru/cinema/films/6159/" "Mozilla/5.0 AppleWebKit/537.36 (KHTML, like Gecko; compatible; GPTBot/1.3; +https://openai.com/gptbot)"
74.7.227.21 - - [16/Apr/2026:01:05:50 +0200] "GET /images/b/actions/6158_3.jpg HTTP/1.1" 200 38663 "https://www.afish-ka.ru/cinema/films/6158/" "Mozilla/5.0 AppleWebKit/537.36 (KHTML, like Gecko; compatible; GPTBot/1.3; +https://openai.com/gptbot)"
85.208.96.205 - - [16/Apr/2026:01:05:50 +0200] "GET /cinema/films/5329/opinions/add/?parent=56041 HTTP/1.1" 200 9524 "-" "Mozilla/5.0 (compatible; SemrushBot/7~bl; +http://www.semrush.com/bot.html)"
74.7.227.21 - - [16/Apr/2026:01:05:51 +0200] "GET /images/s/actions/6160_2.jpg HTTP/1.1" 200 6870 "https://www.afish-ka.ru/cinema/films/6160/" "Mozilla/5.0 AppleWebKit/537.36 (KHTML, like Gecko; compatible; GPTBot/1.3; +https://openai.com/gptbot)"
74.7.227.21 - - [16/Apr/2026:01:05:52 +0200] "GET /images/s/actions/6158_5.jpg HTTP/1.1" 200 2724 "https://www.afish-ka.ru/cinema/films/6158/" "Mozilla/5.0 AppleWebKit/537.36 (KHTML, like Gecko; compatible; GPTBot/1.3; +https://openai.com/gptbot)"
74.7.227.21 - - [16/Apr/2026:01:05:52 +0200] "GET /images/b/actions/4663_4.jpg HTTP/1.1" 200 67246 "https://www.afish-ka.ru/cinema/films/4663/" "Mozilla/5.0 AppleWebKit/537.36 (KHTML, like Gecko; compatible; GPTBot/1.3; +https://openai.com/gptbot)"
74.7.227.21 - - [16/Apr/2026:01:05:53 +0200] "GET /images/s/actions/6158_3.jpg HTTP/1.1" 200 5664 "https://www.afish-ka.ru/cinema/films/6158/" "Mozilla/5.0 AppleWebKit/537.36 (KHTML, like Gecko; compatible; GPTBot/1.3; +https://openai.com/gptbot)"
74.7.227.21 - - [16/Apr/2026:01:05:53 +0200] "GET /images/b/actions/6160_1.jpg HTTP/1.1" 200 52350 "https://www.afish-ka.ru/cinema/films/6160/" "Mozilla/5.0 AppleWebKit/537.36 (KHTML, like Gecko; compatible; GPTBot/1.3; +https://openai.com/gptbot)"
74.7.227.21 - - [16/Apr/2026:01:05:54 +0200] "GET /images/b/actions/3761_1.jpg HTTP/1.1" 200 55424 "https://www.afish-ka.ru/cinema/films/3761/" "Mozilla/5.0 AppleWebKit/537.36 (KHTML, like Gecko; compatible; GPTBot/1.3; +https://openai.com/gptbot)"
74.7.227.21 - - [16/Apr/2026:01:05:54 +0200] "GET /images/b/actions/6159_4.jpg HTTP/1.1" 200 33722 "https://www.afish-ka.ru/cinema/films/6159/" "Mozilla/5.0 AppleWebKit/537.36 (KHTML, like Gecko; compatible; GPTBot/1.3; +https://openai.com/gptbot)"
74.7.227.21 - - [16/Apr/2026:01:05:55 +0200] "GET /images/b/actions/6160_5.jpg HTTP/1.1" 200 56343 "https://www.afish-ka.ru/cinema/films/6160/" "Mozilla/5.0 AppleWebKit/537.36 (KHTML, like Gecko; compatible; GPTBot/1.3; +https://openai.com/gptbot)"
74.7.227.21 - - [16/Apr/2026:01:05:56 +0200] "GET /images/b/actions/6158_5.jpg HTTP/1.1" 200 11134 "https://www.afish-ka.ru/cinema/films/6158/" "Mozilla/5.0 AppleWebKit/537.36 (KHTML, like Gecko; compatible; GPTBot/1.3; +https://openai.com/gptbot)"
74.7.227.21 - - [16/Apr/2026:01:05:57 +0200] "GET /images/s/actions/6160_5.jpg HTTP/1.1" 200 7966 "https://www.afish-ka.ru/cinema/films/6160/" "Mozilla/5.0 AppleWebKit/537.36 (KHTML, like Gecko; compatible; GPTBot/1.3; +https://openai.com/gptbot)"
74.7.227.21 - - [16/Apr/2026:01:05:57 +0200] "GET /images/s/actions/6161_5.jpg HTTP/1.1" 200 5158 "https://www.afish-ka.ru/cinema/films/6161/" "Mozilla/5.0 AppleWebKit/537.36 (KHTML, like Gecko; compatible; GPTBot/1.3; +https://openai.com/gptbot)"
74.7.227.21 - - [16/Apr/2026:01:05:58 +0200] "GET /images/s/actions/6161_4.jpg HTTP/1.1" 200 5150 "https://www.afish-ka.ru/cinema/films/6161/" "Mozilla/5.0 AppleWebKit/537.36 (KHTML, like Gecko; compatible; GPTBot/1.3; +https://openai.com/gptbot)"
74.7.227.21 - - [16/Apr/2026:01:05:58 +0200] "GET /images/s/actions/6161_3.jpg HTTP/1.1" 200 5507 "https://www.afish-ka.ru/cinema/films/6161/" "Mozilla/5.0 AppleWebKit/537.36 (KHTML, like Gecko; compatible; GPTBot/1.3; +https://openai.com/gptbot)"
74.7.227.21 - - [16/Apr/2026:01:05:59 +0200] "GET /images/s/actions/6161_2.jpg HTTP/1.1" 200 6081 "https://www.afish-ka.ru/cinema/films/6161/" "Mozilla/5.0 AppleWebKit/537.36 (KHTML, like Gecko; compatible; GPTBot/1.3; +https://openai.com/gptbot)"
74.7.227.21 - - [16/Apr/2026:01:05:59 +0200] "GET /images/s/actions/4663_4.jpg HTTP/1.1" 200 7016 "https://www.afish-ka.ru/cinema/films/4663/" "Mozilla/5.0 AppleWebKit/537.36 (KHTML, like Gecko; compatible; GPTBot/1.3; +https://openai.com/gptbot)"
74.7.227.21 - - [16/Apr/2026:01:06:00 +0200] "GET /images/b/posters/4657.jpg HTTP/1.1" 200 61911 "https://www.afish-ka.ru/cinema/films/4657/" "Mozilla/5.0 AppleWebKit/537.36 (KHTML, like Gecko; compatible; GPTBot/1.3; +https://openai.com/gptbot)"
74.7.227.21 - - [16/Apr/2026:01:06:00 +0200] "GET /images/s/actions/4663_3.jpg HTTP/1.1" 200 6872 "https://www.afish-ka.ru/cinema/films/4663/" "Mozilla/5.0 AppleWebKit/537.36 (KHTML, like Gecko; compatible; GPTBot/1.3; +https://openai.com/gptbot)"
74.7.227.21 - - [16/Apr/2026:01:06:01 +0200] "GET /images/b/posters/6159.jpg HTTP/1.1" 200 65046 "https://www.afish-ka.ru/cinema/films/6159/" "Mozilla/5.0 AppleWebKit/537.36 (KHTML, like Gecko; compatible; GPTBot/1.3; +https://openai.com/gptbot)"
66.249.66.45 - - [16/Apr/2026:01:06:01 +0200] "GET /rss/ HTTP/1.1" 302 442 "-" "Mozilla/5.0 (compatible; Googlebot/2.1; +http://www.google.com/bot.html)"
74.7.227.21 - - [16/Apr/2026:01:06:01 +0200] "GET /images/s/posters/6158.jpg HTTP/1.1" 200 9202 "https://www.afish-ka.ru/cinema/films/6158/" "Mozilla/5.0 AppleWebKit/537.36 (KHTML, like Gecko; compatible; GPTBot/1.3; +https://openai.com/gptbot)"
74.7.227.21 - - [16/Apr/2026:01:06:02 +0200] "GET /images/s/posters/4663.jpg HTTP/1.1" 200 12870 "https://www.afish-ka.ru/cinema/films/4663/" "Mozilla/5.0 AppleWebKit/537.36 (KHTML, like Gecko; compatible; GPTBot/1.3; +https://openai.com/gptbot)"
74.7.227.21 - - [16/Apr/2026:01:06:02 +0200] "GET /images/s/posters/6159.jpg HTTP/1.1" 200 11826 "https://www.afish-ka.ru/cinema/films/6159/" "Mozilla/5.0 AppleWebKit/537.36 (KHTML, like Gecko; compatible; GPTBot/1.3; +https://openai.com/gptbot)"
74.7.227.21 - - [16/Apr/2026:01:06:03 +0200] "GET /images/s/posters/6160.jpg HTTP/1.1" 200 12399 "https://www.afish-ka.ru/cinema/films/6160/" "Mozilla/5.0 AppleWebKit/537.36 (KHTML, like Gecko; compatible; GPTBot/1.3; +https://openai.com/gptbot)"
74.7.227.21 - - [16/Apr/2026:01:06:04 +0200] "GET /images/b/posters/6161.jpg HTTP/1.1" 200 43661 "https://www.afish-ka.ru/cinema/films/6161/" "Mozilla/5.0 AppleWebKit/537.36 (KHTML, like Gecko; compatible; GPTBot/1.3; +https://openai.com/gptbot)"
74.7.227.21 - - [16/Apr/2026:01:06:04 +0200] "GET /images/s/posters/4657.jpg HTTP/1.1" 200 13890 "https://www.afish-ka.ru/cinema/films/4657/" "Mozilla/5.0 AppleWebKit/537.36 (KHTML, like Gecko; compatible; GPTBot/1.3; +https://openai.com/gptbot)"
74.7.227.21 - - [16/Apr/2026:01:06:05 +0200] "GET /images/b/posters/6158.jpg HTTP/1.1" 200 44304 "https://www.afish-ka.ru/cinema/films/6158/" "Mozilla/5.0 AppleWebKit/537.36 (KHTML, like Gecko; compatible; GPTBot/1.3; +https://openai.com/gptbot)"
74.7.227.21 - - [16/Apr/2026:01:06:05 +0200] "GET /images/b/posters/4663.jpg HTTP/1.1" 200 58792 "https://www.afish-ka.ru/cinema/films/4663/" "Mozilla/5.0 AppleWebKit/537.36 (KHTML, like Gecko; compatible; GPTBot/1.3; +https://openai.com/gptbot)"
74.7.227.21 - - [16/Apr/2026:01:06:06 +0200] "GET /images/b/posters/6160.jpg HTTP/1.1" 200 45164 "https://www.afish-ka.ru/cinema/films/6160/" "Mozilla/5.0 AppleWebKit/537.36 (KHTML, like Gecko; compatible; GPTBot/1.3; +https://openai.com/gptbot)"
74.7.227.21 - - [16/Apr/2026:01:06:06 +0200] "GET /images/s/posters/6161.jpg HTTP/1.1" 200 7579 "https://www.afish-ka.ru/cinema/films/6161/" "Mozilla/5.0 AppleWebKit/537.36 (KHTML, like Gecko; compatible; GPTBot/1.3; +https://openai.com/gptbot)"
185.191.171.12 - - [16/Apr/2026:01:06:06 +0200] "GET /links.php?go=http%3A%2F%2Fhanonn.com%2Ftag%2Fexpert-seo-services HTTP/1.1" 200 9593 "-" "Mozilla/5.0 (compatible; SemrushBot/7~bl; +http://www.semrush.com/bot.html)"
74.7.227.21 - - [16/Apr/2026:01:06:07 +0200] "GET /17-04-2023/ HTTP/1.1" 200 5847 "https://www.afish-ka.ru/13-03-2023/" "Mozilla/5.0 AppleWebKit/537.36 (KHTML, like Gecko; compatible; GPTBot/1.3; +https://openai.com/gptbot)"
74.7.227.21 - - [16/Apr/2026:01:06:07 +0200] "GET /cinema/films/1188/ HTTP/1.1" 200 9734 "https://www.afish-ka.ru/13-10-2010/" "Mozilla/5.0 AppleWebKit/537.36 (KHTML, like Gecko; compatible; GPTBot/1.3; +https://openai.com/gptbot)"
74.7.227.21 - - [16/Apr/2026:01:06:08 +0200] "GET /01-08-2018/ HTTP/1.1" 200 10729 "https://www.afish-ka.ru/27-06-2018/" "Mozilla/5.0 AppleWebKit/537.36 (KHTML, like Gecko; compatible; GPTBot/1.3; +https://openai.com/gptbot)"
74.7.227.21 - - [16/Apr/2026:01:06:08 +0200] "GET /03-05-2006/ HTTP/1.1" 200 6496 "https://www.afish-ka.ru/14-05-2006/" "Mozilla/5.0 AppleWebKit/537.36 (KHTML, like Gecko; compatible; GPTBot/1.3; +https://openai.com/gptbot)"
74.7.227.21 - - [16/Apr/2026:01:06:09 +0200] "GET /27-09-2007/ HTTP/1.1" 200 11089 "https://www.afish-ka.ru/13-10-2007/" "Mozilla/5.0 AppleWebKit/537.36 (KHTML, like Gecko; compatible; GPTBot/1.3; +https://openai.com/gptbot)"
74.7.227.21 - - [16/Apr/2026:01:06:10 +0200] "GET /01-07-2011/ HTTP/1.1" 200 8184 "https://www.afish-ka.ru/13-06-2011/" "Mozilla/5.0 AppleWebKit/537.36 (KHTML, like Gecko; compatible; GPTBot/1.3; +https://openai.com/gptbot)"
40.77.167.57 - - [16/Apr/2026:01:06:10 +0200] "GET /10-11-2020/ HTTP/1.1" 200 13594 "-" "Mozilla/5.0 AppleWebKit/537.36 (KHTML, like Gecko; compatible; bingbot/2.0; +http://www.bing.com/bingbot.htm) Chrome/116.0.1938.76 Safari/537.36"
74.7.227.21 - - [16/Apr/2026:01:06:10 +0200] "GET /28-08-2008/ HTTP/1.1" 200 7494 "https://www.afish-ka.ru/11-09-2008/" "Mozilla/5.0 AppleWebKit/537.36 (KHTML, like Gecko; compatible; GPTBot/1.3; +https://openai.com/gptbot)"
74.7.227.21 - - [16/Apr/2026:01:06:11 +0200] "GET /02-01-2017/ HTTP/1.1" 200 9120 "https://www.afish-ka.ru/18-01-2017/" "Mozilla/5.0 AppleWebKit/537.36 (KHTML, like Gecko; compatible; GPTBot/1.3; +https://openai.com/gptbot)"
74.7.227.21 - - [16/Apr/2026:01:06:12 +0200] "GET /06-08-2010/ HTTP/1.1" 200 8785 "https://www.afish-ka.ru/19-08-2010/" "Mozilla/5.0 AppleWebKit/537.36 (KHTML, like Gecko; compatible; GPTBot/1.3; +https://openai.com/gptbot)"
74.7.227.21 - - [16/Apr/2026:01:06:12 +0200] "GET /09-04-2022/ HTTP/1.1" 200 8900 "https://www.afish-ka.ru/14-05-2022/" "Mozilla/5.0 AppleWebKit/537.36 (KHTML, like Gecko; compatible; GPTBot/1.3; +https://openai.com/gptbot)"
74.7.227.21 - - [16/Apr/2026:01:06:14 +0200] "GET /18-11-2016/ HTTP/1.1" 200 10756 "https://www.afish-ka.ru/28-11-2016/" "Mozilla/5.0 AppleWebKit/537.36 (KHTML, like Gecko; compatible; GPTBot/1.3; +https://openai.com/gptbot)"
74.7.227.21 - - [16/Apr/2026:01:06:14 +0200] "GET /22-05-2023/ HTTP/1.1" 200 5845 "https://www.afish-ka.ru/17-04-2023/" "Mozilla/5.0 AppleWebKit/537.36 (KHTML, like Gecko; compatible; GPTBot/1.3; +https://openai.com/gptbot)"
74.7.227.21 - - [16/Apr/2026:01:06:15 +0200] "GET /01-08-2011/ HTTP/1.1" 200 9077 "https://www.afish-ka.ru/27-06-2011/" "Mozilla/5.0 AppleWebKit/537.36 (KHTML, like Gecko; compatible; GPTBot/1.3; +https://openai.com/gptbot)"
74.7.227.21 - - [16/Apr/2026:01:06:16 +0200] "GET /20-05-2011/ HTTP/1.1" 200 9117 "https://www.afish-ka.ru/03-05-2011/" "Mozilla/5.0 AppleWebKit/537.36 (KHTML, like Gecko; compatible; GPTBot/1.3; +https://openai.com/gptbot)"
176.31.139.31 - - [16/Apr/2026:01:06:17 +0200] "GET /cinema/films/5493/ HTTP/1.1" 200 10484 "-" "Mozilla/5.0 (compatible; AhrefsBot/7.0; +http://ahrefs.com/robot/)"
74.7.227.21 - - [16/Apr/2026:01:06:17 +0200] "GET /02-04-2021/ HTTP/1.1" 200 10559 "https://www.afish-ka.ru/25-03-2021/" "Mozilla/5.0 AppleWebKit/537.36 (KHTML, like Gecko; compatible; GPTBot/1.3; +https://openai.com/gptbot)"
43.156.217.247 - - [16/Apr/2026:01:06:17 +0200] "GET /exhibition/actions/2259/exhibition/exhibition/actions/2259/opinions/add/ HTTP/1.1" 200 6292 "-" "Mozilla/5.0 (Macintosh; Intel Mac OS X 10_15_7) AppleWebKit/537.36 (KHTML, like Gecko) Chrome/142.0.0.0 Safari/537.36"
74.7.227.21 - - [16/Apr/2026:01:06:17 +0200] "GET /21-12-2017/ HTTP/1.1" 200 10436 "https://www.afish-ka.ru/09-12-2017/" "Mozilla/5.0 AppleWebKit/537.36 (KHTML, like Gecko; compatible; GPTBot/1.3; +https://openai.com/gptbot)"
74.7.227.21 - - [16/Apr/2026:01:06:18 +0200] "GET /images/s/actions/1595_1.jpg HTTP/1.1" 200 4880 "https://www.afish-ka.ru/01-07-2011/" "Mozilla/5.0 AppleWebKit/537.36 (KHTML, like Gecko; compatible; GPTBot/1.3; +https://openai.com/gptbot)"
74.7.227.21 - - [16/Apr/2026:01:06:18 +0200] "GET /theater/actions/1584/ HTTP/1.1" 200 6768 "https://www.afish-ka.ru/01-07-2011/" "Mozilla/5.0 AppleWebKit/537.36 (KHTML, like Gecko; compatible; GPTBot/1.3; +https://openai.com/gptbot)"
74.7.227.21 - - [16/Apr/2026:01:06:19 +0200] "GET /10-07-2006/ HTTP/1.1" 200 6829 "https://www.afish-ka.ru/14-08-2006/" "Mozilla/5.0 AppleWebKit/537.36 (KHTML, like Gecko; compatible; GPTBot/1.3; +https://openai.com/gptbot)"
43.156.217.247 - - [16/Apr/2026:01:06:20 +0200] "GET /i/mba/js/mba.js HTTP/1.1" 200 13886 "http://www.afish-ka.ru/" "Mozilla/5.0 (Macintosh; Intel Mac OS X 10_15_7) AppleWebKit/537.36 (KHTML, like Gecko) Chrome/142.0.0.0 Safari/537.36"
74.7.227.21 - - [16/Apr/2026:01:06:20 +0200] "GET /04-01-2010/ HTTP/1.1" 200 7618 "https://www.afish-ka.ru/08-02-2010/" "Mozilla/5.0 AppleWebKit/537.36 (KHTML, like Gecko; compatible; GPTBot/1.3; +https://openai.com/gptbot)"
74.7.227.21 - - [16/Apr/2026:01:06:21 +0200] "GET /26-11-2020/ HTTP/1.1" 200 11970 "https://www.afish-ka.ru/cinema/films/5700/" "Mozilla/5.0 AppleWebKit/537.36 (KHTML, like Gecko; compatible; GPTBot/1.3; +https://openai.com/gptbot)"
74.7.227.21 - - [16/Apr/2026:01:06:21 +0200] "GET /01-09-2009/ HTTP/1.1" 200 6531 "https://www.afish-ka.ru/13-09-2009/" "Mozilla/5.0 AppleWebKit/537.36 (KHTML, like Gecko; compatible; GPTBot/1.3; +https://openai.com/gptbot)"
74.7.227.21 - - [16/Apr/2026:01:06:22 +0200] "GET /26-06-2023/ HTTP/1.1" 200 5842 "https://www.afish-ka.ru/22-05-2023/" "Mozilla/5.0 AppleWebKit/537.36 (KHTML, like Gecko; compatible; GPTBot/1.3; +https://openai.com/gptbot)"
74.7.227.21 - - [16/Apr/2026:01:06:22 +0200] "GET /05-08-2006/ HTTP/1.1" 200 6497 "https://www.afish-ka.ru/17-08-2006/" "Mozilla/5.0 AppleWebKit/537.36 (KHTML, like Gecko; compatible; GPTBot/1.3; +https://openai.com/gptbot)"
74.7.227.21 - - [16/Apr/2026:01:06:23 +0200] "GET /01-03-2008/ HTTP/1.1" 200 7491 "https://www.afish-ka.ru/14-03-2008/" "Mozilla/5.0 AppleWebKit/537.36 (KHTML, like Gecko; compatible; GPTBot/1.3; +https://openai.com/gptbot)"
74.7.227.21 - - [16/Apr/2026:01:06:23 +0200] "GET /cinema/films/5822/ HTTP/1.1" 200 5886 "https://www.afish-ka.ru/02-04-2021/" "Mozilla/5.0 AppleWebKit/537.36 (KHTML, like Gecko; compatible; GPTBot/1.3; +https://openai.com/gptbot)"
92.222.108.120 - - [16/Apr/2026:01:06:24 +0200] "GET /cinema/films/4759/opinions/ HTTP/1.1" 200 9342 "-" "Mozilla/5.0 (compatible; AhrefsBot/7.0; +http://ahrefs.com/robot/)"
74.7.227.21 - - [16/Apr/2026:01:06:24 +0200] "GET /03-07-2008/ HTTP/1.1" 200 6143 "https://www.afish-ka.ru/13-07-2008/" "Mozilla/5.0 AppleWebKit/537.36 (KHTML, like Gecko; compatible; GPTBot/1.3; +https://openai.com/gptbot)"
74.7.227.21 - - [16/Apr/2026:01:06:24 +0200] "GET /24-01-2011/ HTTP/1.1" 200 8467 "https://www.afish-ka.ru/31-01-2011/" "Mozilla/5.0 AppleWebKit/537.36 (KHTML, like Gecko; compatible; GPTBot/1.3; +https://openai.com/gptbot)"
74.7.227.21 - - [16/Apr/2026:01:06:25 +0200] "GET /05-03-2020/ HTTP/1.1" 200 8937 "https://www.afish-ka.ru/17-02-2020/" "Mozilla/5.0 AppleWebKit/537.36 (KHTML, like Gecko; compatible; GPTBot/1.3; +https://openai.com/gptbot)"
74.7.227.21 - - [16/Apr/2026:01:06:26 +0200] "GET /03-08-2007/ HTTP/1.1" 200 7257 "https://www.afish-ka.ru/15-08-2007/" "Mozilla/5.0 AppleWebKit/537.36 (KHTML, like Gecko; compatible; GPTBot/1.3; +https://openai.com/gptbot)"
116.179.32.241 - - [16/Apr/2026:01:06:26 +0200] "GET /night_club/parties/2827/opinions/ HTTP/1.1" 200 9431 "-" "Mozilla/5.0 (compatible; Baiduspider/2.0; +http://www.baidu.com/search/spider.html)"
74.7.227.21 - - [16/Apr/2026:01:06:26 +0200] "GET /21-09-2009/ HTTP/1.1" 200 7489 "https://www.afish-ka.ru/26-10-2009/" "Mozilla/5.0 AppleWebKit/537.36 (KHTML, like Gecko; compatible; GPTBot/1.3; +https://openai.com/gptbot)"
74.7.227.21 - - [16/Apr/2026:01:06:27 +0200] "GET /12-11-2006/ HTTP/1.1" 200 6476 "https://www.afish-ka.ru/23-11-2006/" "Mozilla/5.0 AppleWebKit/537.36 (KHTML, like Gecko; compatible; GPTBot/1.3; +https://openai.com/gptbot)"
74.7.227.21 - - [16/Apr/2026:01:06:27 +0200] "GET /10-02-2008/ HTTP/1.1" 200 7311 "https://www.afish-ka.ru/16-03-2008/" "Mozilla/5.0 AppleWebKit/537.36 (KHTML, like Gecko; compatible; GPTBot/1.3; +https://openai.com/gptbot)"
74.7.227.21 - - [16/Apr/2026:01:06:28 +0200] "GET /31-07-2023/ HTTP/1.1" 200 5846 "https://www.afish-ka.ru/26-06-2023/" "Mozilla/5.0 AppleWebKit/537.36 (KHTML, like Gecko; compatible; GPTBot/1.3; +https://openai.com/gptbot)"
74.7.227.21 - - [16/Apr/2026:01:06:29 +0200] "GET /17-01-2021/ HTTP/1.1" 200 9605 "https://www.afish-ka.ru/29-12-2020/" "Mozilla/5.0 AppleWebKit/537.36 (KHTML, like Gecko; compatible; GPTBot/1.3; +https://openai.com/gptbot)"
74.7.227.21 - - [16/Apr/2026:01:06:29 +0200] "GET /30-09-2006/ HTTP/1.1" 200 6040 "https://www.afish-ka.ru/25-09-2006/" "Mozilla/5.0 AppleWebKit/537.36 (KHTML, like Gecko; compatible; GPTBot/1.3; +https://openai.com/gptbot)"
74.7.227.21 - - [16/Apr/2026:01:06:30 +0200] "GET /20-08-2010/ HTTP/1.1" 200 8652 "https://www.afish-ka.ru/26-08-2010/" "Mozilla/5.0 AppleWebKit/537.36 (KHTML, like Gecko; compatible; GPTBot/1.3; +https://openai.com/gptbot)"
74.7.227.21 - - [16/Apr/2026:01:06:30 +0200] "GET /20-10-2008/ HTTP/1.1" 200 6778 "https://www.afish-ka.ru/04-11-2008/" "Mozilla/5.0 AppleWebKit/537.36 (KHTML, like Gecko; compatible; GPTBot/1.3; +https://openai.com/gptbot)"
74.7.227.21 - - [16/Apr/2026:01:06:31 +0200] "GET /19-09-2011/ HTTP/1.1" 200 8615 "https://www.afish-ka.ru/15-08-2011/" "Mozilla/5.0 AppleWebKit/537.36 (KHTML, like Gecko; compatible; GPTBot/1.3; +https://openai.com/gptbot)"
74.7.227.21 - - [16/Apr/2026:01:06:32 +0200] "GET /cinema/films/5619/ HTTP/1.1" 200 6753 "https://www.afish-ka.ru/05-03-2020/" "Mozilla/5.0 AppleWebKit/537.36 (KHTML, like Gecko; compatible; GPTBot/1.3; +https://openai.com/gptbot)"
74.7.227.21 - - [16/Apr/2026:01:06:33 +0200] "GET /cinema/films/5614/ HTTP/1.1" 200 6647 "https://www.afish-ka.ru/05-03-2020/" "Mozilla/5.0 AppleWebKit/537.36 (KHTML, like Gecko; compatible; GPTBot/1.3; +https://openai.com/gptbot)"
91.84.114.45 - - [16/Apr/2026:01:06:33 +0200] "GET / HTTP/1.0" 301 531 "http://afish-ka.ru/" "Mozilla/5.0 (Windows NT 10.0; Win64; x64) AppleWebKit/537.36 (KHTML, like Gecko) Chrome/131.0.0.0 Safari/537.36 Avast/131.0.0.0"
74.7.227.21 - - [16/Apr/2026:01:06:33 +0200] "GET /cinema/films/5617/ HTTP/1.1" 200 6757 "https://www.afish-ka.ru/05-03-2020/" "Mozilla/5.0 AppleWebKit/537.36 (KHTML, like Gecko; compatible; GPTBot/1.3; +https://openai.com/gptbot)"
185.191.171.17 - - [16/Apr/2026:01:06:34 +0200] "GET /cinema/films/5429/opinions/add/?parent=56224 HTTP/1.1" 200 9531 "-" "Mozilla/5.0 (compatible; SemrushBot/7~bl; +http://www.semrush.com/bot.html)"
91.84.114.45 - - [16/Apr/2026:01:06:34 +0200] "GET / HTTP/1.0" 200 21785 "http://www.afish-ka.ru/" "Mozilla/5.0 (Windows NT 10.0; Win64; x64) AppleWebKit/537.36 (KHTML, like Gecko) Chrome/131.0.0.0 Safari/537.36 Avast/131.0.0.0"
74.7.227.21 - - [16/Apr/2026:01:06:34 +0200] "GET /cinema/films/5608/ HTTP/1.1" 200 6819 "https://www.afish-ka.ru/05-03-2020/" "Mozilla/5.0 AppleWebKit/537.36 (KHTML, like Gecko; compatible; GPTBot/1.3; +https://openai.com/gptbot)"
91.84.114.45 - - [16/Apr/2026:01:06:34 +0200] "GET /info/firms/ HTTP/1.0" 200 29304 "https://www.afish-ka.ru/info/firms/" "Mozilla/5.0 (Windows NT 10.0; Win64; x64) AppleWebKit/537.36 (KHTML, like Gecko) Chrome/131.0.0.0 Safari/537.36 Avast/131.0.0.0"
74.7.227.21 - - [16/Apr/2026:01:06:35 +0200] "GET /cinema/films/5618/ HTTP/1.1" 200 6763 "https://www.afish-ka.ru/05-03-2020/" "Mozilla/5.0 AppleWebKit/537.36 (KHTML, like Gecko; compatible; GPTBot/1.3; +https://openai.com/gptbot)"
34.131.232.29 - - [16/Apr/2026:01:06:35 +0200] "GET /links.php?go=https://www.asha777.live HTTP/1.1" 404 4199 "-" "Mozilla/5.0 (X11; Linux x86_64) AppleWebKit/537.36 (KHTML, like Gecko) Chrome/114.0.0.0 Safari/537.36 Vivaldi/5.3.2679.68"
91.84.114.45 - - [16/Apr/2026:01:06:35 +0200] "GET /links.php?go=http://www.kamforum.ru HTTP/1.0" 404 3662 "https://www.afish-ka.ru/links.php?go=http://www.kamforum.ru" "Mozilla/5.0 (Windows NT 10.0; Win64; x64) AppleWebKit/537.36 (KHTML, like Gecko) Chrome/131.0.0.0 Safari/537.36 Avast/131.0.0.0"
74.7.227.21 - - [16/Apr/2026:01:06:35 +0200] "GET /cinema/films/5607/ HTTP/1.1" 200 6881 "https://www.afish-ka.ru/05-03-2020/" "Mozilla/5.0 AppleWebKit/537.36 (KHTML, like Gecko; compatible; GPTBot/1.3; +https://openai.com/gptbot)"
91.84.114.45 - - [16/Apr/2026:01:06:35 +0200] "GET //www.kamforum.ru HTTP/1.0" 200 24328 "https://www.afish-ka.ru//www.kamforum.ru" "Mozilla/5.0 (Windows NT 10.0; Win64; x64) AppleWebKit/537.36 (KHTML, like Gecko) Chrome/131.0.0.0 Safari/537.36 Avast/131.0.0.0"
185.191.171.18 - - [16/Apr/2026:01:06:36 +0200] "GET /cinema/films/3185/opinions/add/?parent=29644 HTTP/1.1" 200 9533 "-" "Mozilla/5.0 (compatible; SemrushBot/7~bl; +http://www.semrush.com/bot.html)"
74.7.227.21 - - [16/Apr/2026:01:06:36 +0200] "GET /16-03-2020/ HTTP/1.1" 200 9651 "https://www.afish-ka.ru/05-03-2020/" "Mozilla/5.0 AppleWebKit/537.36 (KHTML, like Gecko; compatible; GPTBot/1.3; +https://openai.com/gptbot)"
34.131.232.29 - - [16/Apr/2026:01:06:36 +0200] "GET /links.php?go=https://honeybeepharmacy.com/selzentry/ HTTP/1.1" 404 4183 "https://www.afish-ka.ru/links.php?go=https://www.asha777.live" "Mozilla/5.0 (X11; Linux x86_64) AppleWebKit/537.36 (KHTML, like Gecko) Chrome/114.0.0.0 Safari/537.36 Vivaldi/5.3.2679.68"
74.7.227.21 - - [16/Apr/2026:01:06:36 +0200] "GET /15-03-2020/ HTTP/1.1" 200 9665 "https://www.afish-ka.ru/05-03-2020/" "Mozilla/5.0 AppleWebKit/537.36 (KHTML, like Gecko; compatible; GPTBot/1.3; +https://openai.com/gptbot)"
74.7.227.21 - - [16/Apr/2026:01:06:37 +0200] "GET /04-09-2023/ HTTP/1.1" 200 5853 "https://www.afish-ka.ru/31-07-2023/" "Mozilla/5.0 AppleWebKit/537.36 (KHTML, like Gecko; compatible; GPTBot/1.3; +https://openai.com/gptbot)"
176.31.139.15 - - [16/Apr/2026:01:06:38 +0200] "GET /05-04-2020/ HTTP/1.1" 200 9676 "-" "Mozilla/5.0 (compatible; AhrefsBot/7.0; +http://ahrefs.com/robot/)"
74.7.227.21 - - [16/Apr/2026:01:06:38 +0200] "GET /19-03-2020/ HTTP/1.1" 200 9539 "https://www.afish-ka.ru/05-03-2020/" "Mozilla/5.0 AppleWebKit/537.36 (KHTML, like Gecko; compatible; GPTBot/1.3; +https://openai.com/gptbot)"
34.131.232.29 - - [16/Apr/2026:01:06:38 +0200] "GET / HTTP/1.1" 200 9892 "https://www.afish-ka.ru/links.php?go=https://www.asha777.live" "Mozilla/5.0 (X11; Linux x86_64) AppleWebKit/537.36 (KHTML, like Gecko) Chrome/114.0.0.0 Safari/537.36 Vivaldi/5.3.2679.68"
74.7.227.21 - - [16/Apr/2026:01:06:38 +0200] "GET /cinema/films/1703/ HTTP/1.1" 200 6777 "https://www.afish-ka.ru/19-09-2011/" "Mozilla/5.0 AppleWebKit/537.36 (KHTML, like Gecko; compatible; GPTBot/1.3; +https://openai.com/gptbot)"
74.7.227.21 - - [16/Apr/2026:01:06:39 +0200] "GET /images/s/actions/5619_3.jpg HTTP/1.1" 200 4067 "https://www.afish-ka.ru/cinema/films/5619/" "Mozilla/5.0 AppleWebKit/537.36 (KHTML, like Gecko; compatible; GPTBot/1.3; +https://openai.com/gptbot)"
74.7.227.21 - - [16/Apr/2026:01:06:39 +0200] "GET /images/b/actions/5619_5.jpg HTTP/1.1" 200 49779 "https://www.afish-ka.ru/cinema/films/5619/" "Mozilla/5.0 AppleWebKit/537.36 (KHTML, like Gecko; compatible; GPTBot/1.3; +https://openai.com/gptbot)"
74.7.227.21 - - [16/Apr/2026:01:06:40 +0200] "GET /images/s/actions/5617_2.jpg HTTP/1.1" 200 6840 "https://www.afish-ka.ru/cinema/films/5617/" "Mozilla/5.0 AppleWebKit/537.36 (KHTML, like Gecko; compatible; GPTBot/1.3; +https://openai.com/gptbot)"
34.131.232.29 - - [16/Apr/2026:01:06:39 +0200] "GET /services/sitemap/12.html HTTP/1.1" 200 11152 "https://www.afish-ka.ru" "Mozilla/5.0 (X11; Linux x86_64) AppleWebKit/537.36 (KHTML, like Gecko) Chrome/114.0.0.0 Safari/537.36 Vivaldi/5.3.2679.68"
74.7.227.21 - - [16/Apr/2026:01:06:40 +0200] "GET /images/b/actions/5608_2.jpg HTTP/1.1" 200 36363 "https://www.afish-ka.ru/cinema/films/5608/" "Mozilla/5.0 AppleWebKit/537.36 (KHTML, like Gecko; compatible; GPTBot/1.3; +https://openai.com/gptbot)"
74.7.227.21 - - [16/Apr/2026:01:06:41 +0200] "GET /images/s/actions/5608_5.jpg HTTP/1.1" 200 6807 "https://www.afish-ka.ru/cinema/films/5608/" "Mozilla/5.0 AppleWebKit/537.36 (KHTML, like Gecko; compatible; GPTBot/1.3; +https://openai.com/gptbot)"
74.7.227.21 - - [16/Apr/2026:01:06:41 +0200] "GET /images/b/actions/5608_5.jpg HTTP/1.1" 200 53825 "https://www.afish-ka.ru/cinema/films/5608/" "Mozilla/5.0 AppleWebKit/537.36 (KHTML, like Gecko; compatible; GPTBot/1.3; +https://openai.com/gptbot)"
185.191.171.12 - - [16/Apr/2026:01:06:41 +0200] "GET /links.php?go=https%3A%2F%2Fwiki.pyrocleptic.com%2Findex.php%2F9_Business_Lessons_You_Can_Getting_Your_Key_Out_Of_Your_Car_Lock_From_Wal-mart HTTP/1.1" 200 5788 "-" "Mozilla/5.0 (compatible; SemrushBot/7~bl; +http://www.semrush.com/bot.html)"
74.7.227.21 - - [16/Apr/2026:01:06:42 +0200] "GET /images/b/actions/5607_3.jpg HTTP/1.1" 200 35114 "https://www.afish-ka.ru/cinema/films/5607/" "Mozilla/5.0 AppleWebKit/537.36 (KHTML, like Gecko; compatible; GPTBot/1.3; +https://openai.com/gptbot)"
74.7.227.21 - - [16/Apr/2026:01:06:42 +0200] "GET /images/s/actions/5607_2.jpg HTTP/1.1" 200 6848 "https://www.afish-ka.ru/cinema/films/5607/" "Mozilla/5.0 AppleWebKit/537.36 (KHTML, like Gecko; compatible; GPTBot/1.3; +https://openai.com/gptbot)"
74.7.227.21 - - [16/Apr/2026:01:06:43 +0200] "GET /images/s/actions/5618_3.jpg HTTP/1.1" 200 6597 "https://www.afish-ka.ru/cinema/films/5618/" "Mozilla/5.0 AppleWebKit/537.36 (KHTML, like Gecko; compatible; GPTBot/1.3; +https://openai.com/gptbot)"
74.7.227.21 - - [16/Apr/2026:01:06:43 +0200] "GET /images/s/actions/5607_5.jpg HTTP/1.1" 200 5807 "https://www.afish-ka.ru/cinema/films/5607/" "Mozilla/5.0 AppleWebKit/537.36 (KHTML, like Gecko; compatible; GPTBot/1.3; +https://openai.com/gptbot)"
74.7.227.21 - - [16/Apr/2026:01:06:44 +0200] "GET /images/b/actions/5618_3.jpg HTTP/1.1" 200 47679 "https://www.afish-ka.ru/cinema/films/5618/" "Mozilla/5.0 AppleWebKit/537.36 (KHTML, like Gecko; compatible; GPTBot/1.3; +https://openai.com/gptbot)"
74.7.227.21 - - [16/Apr/2026:01:06:44 +0200] "GET /images/b/actions/5607_1.jpg HTTP/1.1" 200 36905 "https://www.afish-ka.ru/cinema/films/5607/" "Mozilla/5.0 AppleWebKit/537.36 (KHTML, like Gecko; compatible; GPTBot/1.3; +https://openai.com/gptbot)"
74.7.227.21 - - [16/Apr/2026:01:06:45 +0200] "GET /images/s/actions/5617_3.jpg HTTP/1.1" 200 7037 "https://www.afish-ka.ru/cinema/films/5617/" "Mozilla/5.0 AppleWebKit/537.36 (KHTML, like Gecko; compatible; GPTBot/1.3; +https://openai.com/gptbot)"
74.7.227.21 - - [16/Apr/2026:01:06:46 +0200] "GET /images/b/actions/5617_5.jpg HTTP/1.1" 200 41337 "https://www.afish-ka.ru/cinema/films/5617/" "Mozilla/5.0 AppleWebKit/537.36 (KHTML, like Gecko; compatible; GPTBot/1.3; +https://openai.com/gptbot)"
74.7.227.21 - - [16/Apr/2026:01:06:46 +0200] "GET /images/s/actions/5607_4.jpg HTTP/1.1" 200 6408 "https://www.afish-ka.ru/cinema/films/5607/" "Mozilla/5.0 AppleWebKit/537.36 (KHTML, like Gecko; compatible; GPTBot/1.3; +https://openai.com/gptbot)"
74.7.227.21 - - [16/Apr/2026:01:06:47 +0200] "GET /images/s/actions/5608_3.jpg HTTP/1.1" 200 5062 "https://www.afish-ka.ru/cinema/films/5608/" "Mozilla/5.0 AppleWebKit/537.36 (KHTML, like Gecko; compatible; GPTBot/1.3; +https://openai.com/gptbot)"
74.7.227.21 - - [16/Apr/2026:01:06:47 +0200] "GET /images/s/actions/5607_3.jpg HTTP/1.1" 200 5497 "https://www.afish-ka.ru/cinema/films/5607/" "Mozilla/5.0 AppleWebKit/537.36 (KHTML, like Gecko; compatible; GPTBot/1.3; +https://openai.com/gptbot)"
74.7.227.21 - - [16/Apr/2026:01:06:48 +0200] "GET /images/b/actions/5608_3.jpg HTTP/1.1" 200 24930 "https://www.afish-ka.ru/cinema/films/5608/" "Mozilla/5.0 AppleWebKit/537.36 (KHTML, like Gecko; compatible; GPTBot/1.3; +https://openai.com/gptbot)"
74.7.227.21 - - [16/Apr/2026:01:06:48 +0200] "GET /images/b/actions/5619_1.jpg HTTP/1.1" 200 41505 "https://www.afish-ka.ru/cinema/films/5619/" "Mozilla/5.0 AppleWebKit/537.36 (KHTML, like Gecko; compatible; GPTBot/1.3; +https://openai.com/gptbot)"
74.7.227.21 - - [16/Apr/2026:01:06:49 +0200] "GET /images/b/actions/5619_2.jpg HTTP/1.1" 200 38487 "https://www.afish-ka.ru/cinema/films/5619/" "Mozilla/5.0 AppleWebKit/537.36 (KHTML, like Gecko; compatible; GPTBot/1.3; +https://openai.com/gptbot)"
74.7.227.21 - - [16/Apr/2026:01:06:49 +0200] "GET /images/b/actions/5608_1.jpg HTTP/1.1" 200 80985 "https://www.afish-ka.ru/cinema/films/5608/" "Mozilla/5.0 AppleWebKit/537.36 (KHTML, like Gecko; compatible; GPTBot/1.3; +https://openai.com/gptbot)"
74.7.227.21 - - [16/Apr/2026:01:06:50 +0200] "GET /images/b/actions/5607_5.jpg HTTP/1.1" 200 42040 "https://www.afish-ka.ru/cinema/films/5607/" "Mozilla/5.0 AppleWebKit/537.36 (KHTML, like Gecko; compatible; GPTBot/1.3; +https://openai.com/gptbot)"
74.7.227.21 - - [16/Apr/2026:01:06:50 +0200] "GET /images/s/actions/5617_4.jpg HTTP/1.1" 200 6910 "https://www.afish-ka.ru/cinema/films/5617/" "Mozilla/5.0 AppleWebKit/537.36 (KHTML, like Gecko; compatible; GPTBot/1.3; +https://openai.com/gptbot)"
74.7.227.21 - - [16/Apr/2026:01:06:51 +0200] "GET /images/b/actions/5608_4.jpg HTTP/1.1" 200 40465 "https://www.afish-ka.ru/cinema/films/5608/" "Mozilla/5.0 AppleWebKit/537.36 (KHTML, like Gecko; compatible; GPTBot/1.3; +https://openai.com/gptbot)"
74.7.227.21 - - [16/Apr/2026:01:06:51 +0200] "GET /images/b/actions/5618_1.jpg HTTP/1.1" 200 60464 "https://www.afish-ka.ru/cinema/films/5618/" "Mozilla/5.0 AppleWebKit/537.36 (KHTML, like Gecko; compatible; GPTBot/1.3; +https://openai.com/gptbot)"
74.7.227.21 - - [16/Apr/2026:01:06:52 +0200] "GET /images/b/actions/5617_4.jpg HTTP/1.1" 200 56295 "https://www.afish-ka.ru/cinema/films/5617/" "Mozilla/5.0 AppleWebKit/537.36 (KHTML, like Gecko; compatible; GPTBot/1.3; +https://openai.com/gptbot)"
74.7.227.21 - - [16/Apr/2026:01:06:52 +0200] "GET /images/s/actions/5608_2.jpg HTTP/1.1" 200 5936 "https://www.afish-ka.ru/cinema/films/5608/" "Mozilla/5.0 AppleWebKit/537.36 (KHTML, like Gecko; compatible; GPTBot/1.3; +https://openai.com/gptbot)"
74.7.227.21 - - [16/Apr/2026:01:06:53 +0200] "GET /images/s/actions/5619_2.jpg HTTP/1.1" 200 4825 "https://www.afish-ka.ru/cinema/films/5619/" "Mozilla/5.0 AppleWebKit/537.36 (KHTML, like Gecko; compatible; GPTBot/1.3; +https://openai.com/gptbot)"
74.7.227.21 - - [16/Apr/2026:01:06:53 +0200] "GET /images/b/actions/5617_3.jpg HTTP/1.1" 200 46522 "https://www.afish-ka.ru/cinema/films/5617/" "Mozilla/5.0 AppleWebKit/537.36 (KHTML, like Gecko; compatible; GPTBot/1.3; +https://openai.com/gptbot)"
74.7.227.21 - - [16/Apr/2026:01:06:54 +0200] "GET /images/s/actions/5619_4.jpg HTTP/1.1" 200 5649 "https://www.afish-ka.ru/cinema/films/5619/" "Mozilla/5.0 AppleWebKit/537.36 (KHTML, like Gecko; compatible; GPTBot/1.3; +https://openai.com/gptbot)"
74.7.227.21 - - [16/Apr/2026:01:06:55 +0200] "GET /images/s/actions/5618_2.jpg HTTP/1.1" 200 7247 "https://www.afish-ka.ru/cinema/films/5618/" "Mozilla/5.0 AppleWebKit/537.36 (KHTML, like Gecko; compatible; GPTBot/1.3; +https://openai.com/gptbot)"
74.7.227.21 - - [16/Apr/2026:01:06:55 +0200] "GET /images/s/actions/5617_5.jpg HTTP/1.1" 200 6502 "https://www.afish-ka.ru/cinema/films/5617/" "Mozilla/5.0 AppleWebKit/537.36 (KHTML, like Gecko; compatible; GPTBot/1.3; +https://openai.com/gptbot)"
74.7.227.21 - - [16/Apr/2026:01:06:56 +0200] "GET /images/b/actions/5617_2.jpg HTTP/1.1" 200 46320 "https://www.afish-ka.ru/cinema/films/5617/" "Mozilla/5.0 AppleWebKit/537.36 (KHTML, like Gecko; compatible; GPTBot/1.3; +https://openai.com/gptbot)"
74.7.227.21 - - [16/Apr/2026:01:06:56 +0200] "GET /images/b/actions/5618_2.jpg HTTP/1.1" 200 80354 "https://www.afish-ka.ru/cinema/films/5618/" "Mozilla/5.0 AppleWebKit/537.36 (KHTML, like Gecko; compatible; GPTBot/1.3; +https://openai.com/gptbot)"
74.7.227.21 - - [16/Apr/2026:01:06:57 +0200] "GET /images/b/actions/5617_1.jpg HTTP/1.1" 200 28814 "https://www.afish-ka.ru/cinema/films/5617/" "Mozilla/5.0 AppleWebKit/537.36 (KHTML, like Gecko; compatible; GPTBot/1.3; +https://openai.com/gptbot)"
74.7.227.21 - - [16/Apr/2026:01:06:57 +0200] "GET /images/b/actions/5619_4.jpg HTTP/1.1" 200 52731 "https://www.afish-ka.ru/cinema/films/5619/" "Mozilla/5.0 AppleWebKit/537.36 (KHTML, like Gecko; compatible; GPTBot/1.3; +https://openai.com/gptbot)"
74.7.227.21 - - [16/Apr/2026:01:06:58 +0200] "GET /images/b/actions/5607_2.jpg HTTP/1.1" 200 59168 "https://www.afish-ka.ru/cinema/films/5607/" "Mozilla/5.0 AppleWebKit/537.36 (KHTML, like Gecko; compatible; GPTBot/1.3; +https://openai.com/gptbot)"
74.7.227.21 - - [16/Apr/2026:01:06:58 +0200] "GET /images/s/actions/5608_4.jpg HTTP/1.1" 200 5364 "https://www.afish-ka.ru/cinema/films/5608/" "Mozilla/5.0 AppleWebKit/537.36 (KHTML, like Gecko; compatible; GPTBot/1.3; +https://openai.com/gptbot)"
74.7.227.21 - - [16/Apr/2026:01:06:59 +0200] "GET /images/b/actions/5607_4.jpg HTTP/1.1" 200 56929 "https://www.afish-ka.ru/cinema/films/5607/" "Mozilla/5.0 AppleWebKit/537.36 (KHTML, like Gecko; compatible; GPTBot/1.3; +https://openai.com/gptbot)"
74.7.227.21 - - [16/Apr/2026:01:06:59 +0200] "GET /images/b/actions/5619_3.jpg HTTP/1.1" 200 21940 "https://www.afish-ka.ru/cinema/films/5619/" "Mozilla/5.0 AppleWebKit/537.36 (KHTML, like Gecko; compatible; GPTBot/1.3; +https://openai.com/gptbot)"
74.7.227.21 - - [16/Apr/2026:01:07:00 +0200] "GET /images/s/actions/5619_5.jpg HTTP/1.1" 200 6280 "https://www.afish-ka.ru/cinema/films/5619/" "Mozilla/5.0 AppleWebKit/537.36 (KHTML, like Gecko; compatible; GPTBot/1.3; +https://openai.com/gptbot)"
74.7.227.21 - - [16/Apr/2026:01:07:00 +0200] "GET /images/b/posters/5608.jpg HTTP/1.1" 200 105342 "https://www.afish-ka.ru/cinema/films/5608/" "Mozilla/5.0 AppleWebKit/537.36 (KHTML, like Gecko; compatible; GPTBot/1.3; +https://openai.com/gptbot)"
74.7.227.21 - - [16/Apr/2026:01:07:01 +0200] "GET /images/b/posters/5619.jpg HTTP/1.1" 200 56198 "https://www.afish-ka.ru/cinema/films/5619/" "Mozilla/5.0 AppleWebKit/537.36 (KHTML, like Gecko; compatible; GPTBot/1.3; +https://openai.com/gptbot)"
74.7.227.21 - - [16/Apr/2026:01:07:01 +0200] "GET /images/s/posters/5607.jpg HTTP/1.1" 200 15480 "https://www.afish-ka.ru/cinema/films/5607/" "Mozilla/5.0 AppleWebKit/537.36 (KHTML, like Gecko; compatible; GPTBot/1.3; +https://openai.com/gptbot)"
74.7.227.21 - - [16/Apr/2026:01:07:02 +0200] "GET /images/b/posters/5618.jpg HTTP/1.1" 200 101482 "https://www.afish-ka.ru/cinema/films/5618/" "Mozilla/5.0 AppleWebKit/537.36 (KHTML, like Gecko; compatible; GPTBot/1.3; +https://openai.com/gptbot)"
74.7.227.21 - - [16/Apr/2026:01:07:02 +0200] "GET /images/s/posters/5617.jpg HTTP/1.1" 200 13383 "https://www.afish-ka.ru/cinema/films/5617/" "Mozilla/5.0 AppleWebKit/537.36 (KHTML, like Gecko; compatible; GPTBot/1.3; +https://openai.com/gptbot)"
74.7.227.21 - - [16/Apr/2026:01:07:03 +0200] "GET /images/s/posters/5608.jpg HTTP/1.1" 200 15109 "https://www.afish-ka.ru/cinema/films/5608/" "Mozilla/5.0 AppleWebKit/537.36 (KHTML, like Gecko; compatible; GPTBot/1.3; +https://openai.com/gptbot)"
74.7.227.21 - - [16/Apr/2026:01:07:03 +0200] "GET /images/b/posters/5607.jpg HTTP/1.1" 200 84406 "https://www.afish-ka.ru/cinema/films/5607/" "Mozilla/5.0 AppleWebKit/537.36 (KHTML, like Gecko; compatible; GPTBot/1.3; +https://openai.com/gptbot)"
74.7.227.21 - - [16/Apr/2026:01:07:04 +0200] "GET /images/s/posters/5618.jpg HTTP/1.1" 200 17601 "https://www.afish-ka.ru/cinema/films/5618/" "Mozilla/5.0 AppleWebKit/537.36 (KHTML, like Gecko; compatible; GPTBot/1.3; +https://openai.com/gptbot)"
74.7.227.21 - - [16/Apr/2026:01:07:05 +0200] "GET /images/b/posters/5617.jpg HTTP/1.1" 200 78515 "https://www.afish-ka.ru/cinema/films/5617/" "Mozilla/5.0 AppleWebKit/537.36 (KHTML, like Gecko; compatible; GPTBot/1.3; +https://openai.com/gptbot)"
74.7.227.21 - - [16/Apr/2026:01:07:05 +0200] "GET /images/s/posters/5619.jpg HTTP/1.1" 200 10020 "https://www.afish-ka.ru/cinema/films/5619/" "Mozilla/5.0 AppleWebKit/537.36 (KHTML, like Gecko; compatible; GPTBot/1.3; +https://openai.com/gptbot)"
185.191.171.16 - - [16/Apr/2026:01:07:05 +0200] "GET /links.php?go=https%3A%2F%2Fjoker123-it.weebly.com%2F HTTP/1.1" 200 5788 "-" "Mozilla/5.0 (compatible; SemrushBot/7~bl; +http://www.semrush.com/bot.html)"
74.7.227.21 - - [16/Apr/2026:01:07:06 +0200] "GET /cinema/films/5624/ HTTP/1.1" 200 6768 "https://www.afish-ka.ru/16-03-2020/" "Mozilla/5.0 AppleWebKit/537.36 (KHTML, like Gecko; compatible; GPTBot/1.3; +https://openai.com/gptbot)"
74.7.227.21 - - [16/Apr/2026:01:07:06 +0200] "GET /cinema/films/5629/ HTTP/1.1" 200 6763 "https://www.afish-ka.ru/19-03-2020/" "Mozilla/5.0 AppleWebKit/537.36 (KHTML, like Gecko; compatible; GPTBot/1.3; +https://openai.com/gptbot)"
74.7.227.21 - - [16/Apr/2026:01:07:07 +0200] "GET /cinema/films/5623/ HTTP/1.1" 200 6537 "https://www.afish-ka.ru/16-03-2020/" "Mozilla/5.0 AppleWebKit/537.36 (KHTML, like Gecko; compatible; GPTBot/1.3; +https://openai.com/gptbot)"
74.7.227.21 - - [16/Apr/2026:01:07:08 +0200] "GET /09-10-2023/ HTTP/1.1" 200 5868 "https://www.afish-ka.ru/04-09-2023/" "Mozilla/5.0 AppleWebKit/537.36 (KHTML, like Gecko; compatible; GPTBot/1.3; +https://openai.com/gptbot)"
185.191.171.13 - - [16/Apr/2026:01:07:08 +0200] "GET /cinema/2/opinions/add/?parent=41570 HTTP/1.1" 200 5698 "-" "Mozilla/5.0 (compatible; SemrushBot/7~bl; +http://www.semrush.com/bot.html)"
74.7.227.21 - - [16/Apr/2026:01:07:08 +0200] "GET /cinema/films/5633/ HTTP/1.1" 200 10390 "https://www.afish-ka.ru/19-03-2020/" "Mozilla/5.0 AppleWebKit/537.36 (KHTML, like Gecko; compatible; GPTBot/1.3; +https://openai.com/gptbot)"
74.7.227.21 - - [16/Apr/2026:01:07:09 +0200] "GET /cinema/films/5625/ HTTP/1.1" 200 6572 "https://www.afish-ka.ru/16-03-2020/" "Mozilla/5.0 AppleWebKit/537.36 (KHTML, like Gecko; compatible; GPTBot/1.3; +https://openai.com/gptbot)"
74.7.227.21 - - [16/Apr/2026:01:07:10 +0200] "GET /cinema/films/5611/ HTTP/1.1" 200 6832 "https://www.afish-ka.ru/05-03-2020/" "Mozilla/5.0 AppleWebKit/537.36 (KHTML, like Gecko; compatible; GPTBot/1.3; +https://openai.com/gptbot)"
74.7.227.21 - - [16/Apr/2026:01:07:10 +0200] "GET /cinema/films/5606/ HTTP/1.1" 200 6402 "https://www.afish-ka.ru/05-03-2020/" "Mozilla/5.0 AppleWebKit/537.36 (KHTML, like Gecko; compatible; GPTBot/1.3; +https://openai.com/gptbot)"
74.7.227.21 - - [16/Apr/2026:01:07:11 +0200] "GET /12-03-2020/ HTTP/1.1" 200 9699 "https://www.afish-ka.ru/05-03-2020/" "Mozilla/5.0 AppleWebKit/537.36 (KHTML, like Gecko; compatible; GPTBot/1.3; +https://openai.com/gptbot)"
74.7.227.21 - - [16/Apr/2026:01:07:12 +0200] "GET /26-03-2020/ HTTP/1.1" 200 9483 "https://www.afish-ka.ru/16-03-2020/" "Mozilla/5.0 AppleWebKit/537.36 (KHTML, like Gecko; compatible; GPTBot/1.3; +https://openai.com/gptbot)"
74.7.227.21 - - [16/Apr/2026:01:07:13 +0200] "GET /13-03-2020/ HTTP/1.1" 200 9673 "https://www.afish-ka.ru/05-03-2020/" "Mozilla/5.0 AppleWebKit/537.36 (KHTML, like Gecko; compatible; GPTBot/1.3; +https://openai.com/gptbot)"
74.7.227.21 - - [16/Apr/2026:01:07:13 +0200] "GET /images/s/actions/5624_3.jpg HTTP/1.1" 200 5680 "https://www.afish-ka.ru/cinema/films/5624/" "Mozilla/5.0 AppleWebKit/537.36 (KHTML, like Gecko; compatible; GPTBot/1.3; +https://openai.com/gptbot)"
