74.7.227.21 - - [16/Apr/2026:00:34:32 +0200] "GET /images/b/actions/6057_1.jpg HTTP/1.1" 200 41988 "https://www.afish-ka.ru/cinema/films/6057/" "Mozilla/5.0 AppleWebKit/537.36 (KHTML, like Gecko; compatible; GPTBot/1.3; +https://openai.com/gptbot)"
113.44.119.202 - - [16/Apr/2026:00:34:31 +0200] "GET /cafe/102/opinions/cafe/102/opinions/add/cafe/102/opinions/add/?parent=25459 HTTP/1.1" 200 16340 "-" "Mozilla/5.0 (Macintosh; Intel Mac OS X 10_15_7) AppleWebKit/537.36 (KHTML, like Gecko) Chrome/144.0.0.0 Safari/537.36"
74.7.227.21 - - [16/Apr/2026:00:34:32 +0200] "GET /images/b/actions/6057_5.jpg HTTP/1.1" 200 64119 "https://www.afish-ka.ru/cinema/films/6057/" "Mozilla/5.0 AppleWebKit/537.36 (KHTML, like Gecko; compatible; GPTBot/1.3; +https://openai.com/gptbot)"
113.44.119.202 - - [16/Apr/2026:00:34:32 +0200] "GET /i/mba/js/mba.js HTTP/1.1" 200 10124 "https://www.afish-ka.ru/cafe/102/opinions/cafe/102/opinions/add/cafe/102/opinions/add/?parent=25459" "Mozilla/5.0 (Macintosh; Intel Mac OS X 10_15_7) AppleWebKit/537.36 (KHTML, like Gecko) Chrome/144.0.0.0 Safari/537.36"
74.7.227.21 - - [16/Apr/2026:00:34:33 +0200] "GET /images/b/actions/6046_1.jpg HTTP/1.1" 200 42578 "https://www.afish-ka.ru/cinema/films/6046/" "Mozilla/5.0 AppleWebKit/537.36 (KHTML, like Gecko; compatible; GPTBot/1.3; +https://openai.com/gptbot)"
74.7.227.21 - - [16/Apr/2026:00:34:33 +0200] "GET /images/b/actions/6060_4.jpg HTTP/1.1" 200 20928 "https://www.afish-ka.ru/cinema/films/6060/" "Mozilla/5.0 AppleWebKit/537.36 (KHTML, like Gecko; compatible; GPTBot/1.3; +https://openai.com/gptbot)"
74.7.227.21 - - [16/Apr/2026:00:34:34 +0200] "GET /images/b/actions/6005_4.jpg HTTP/1.1" 200 103538 "https://www.afish-ka.ru/cinema/films/6005/" "Mozilla/5.0 AppleWebKit/537.36 (KHTML, like Gecko; compatible; GPTBot/1.3; +https://openai.com/gptbot)"
74.7.227.21 - - [16/Apr/2026:00:34:34 +0200] "GET /images/b/actions/6057_4.jpg HTTP/1.1" 200 46965 "https://www.afish-ka.ru/cinema/films/6057/" "Mozilla/5.0 AppleWebKit/537.36 (KHTML, like Gecko; compatible; GPTBot/1.3; +https://openai.com/gptbot)"
185.191.171.18 - - [16/Apr/2026:00:34:34 +0200] "GET /links.php?go=http%3A%2F%2Fmitera-creation.blogspot.com HTTP/1.1" 200 5786 "-" "Mozilla/5.0 (compatible; SemrushBot/7~bl; +http://www.semrush.com/bot.html)"
74.7.227.21 - - [16/Apr/2026:00:34:35 +0200] "GET /images/b/actions/6005_2.jpg HTTP/1.1" 200 35860 "https://www.afish-ka.ru/cinema/films/6005/" "Mozilla/5.0 AppleWebKit/537.36 (KHTML, like Gecko; compatible; GPTBot/1.3; +https://openai.com/gptbot)"
74.7.227.21 - - [16/Apr/2026:00:34:35 +0200] "GET /images/s/actions/5770_4.jpg HTTP/1.1" 200 4162 "https://www.afish-ka.ru/cinema/films/5770/" "Mozilla/5.0 AppleWebKit/537.36 (KHTML, like Gecko; compatible; GPTBot/1.3; +https://openai.com/gptbot)"
74.7.227.21 - - [16/Apr/2026:00:34:36 +0200] "GET /images/s/actions/6055_2.jpg HTTP/1.1" 200 5163 "https://www.afish-ka.ru/cinema/films/6055/" "Mozilla/5.0 AppleWebKit/537.36 (KHTML, like Gecko; compatible; GPTBot/1.3; +https://openai.com/gptbot)"
74.7.227.21 - - [16/Apr/2026:00:34:36 +0200] "GET /images/b/actions/5755_4.jpg HTTP/1.1" 200 40606 "https://www.afish-ka.ru/cinema/films/5755/" "Mozilla/5.0 AppleWebKit/537.36 (KHTML, like Gecko; compatible; GPTBot/1.3; +https://openai.com/gptbot)"
74.7.227.21 - - [16/Apr/2026:00:34:37 +0200] "GET /images/s/actions/6050_2.jpg HTTP/1.1" 200 5189 "https://www.afish-ka.ru/cinema/films/6050/" "Mozilla/5.0 AppleWebKit/537.36 (KHTML, like Gecko; compatible; GPTBot/1.3; +https://openai.com/gptbot)"
74.7.227.21 - - [16/Apr/2026:00:34:38 +0200] "GET /images/b/actions/6050_1.jpg HTTP/1.1" 200 21703 "https://www.afish-ka.ru/cinema/films/6050/" "Mozilla/5.0 AppleWebKit/537.36 (KHTML, like Gecko; compatible; GPTBot/1.3; +https://openai.com/gptbot)"
92.222.108.103 - - [16/Apr/2026:00:34:38 +0200] "GET /cinema/33/opinions/add/?parent=32724 HTTP/1.1" 200 9514 "-" "Mozilla/5.0 (compatible; AhrefsBot/7.0; +http://ahrefs.com/robot/)"
74.7.227.21 - - [16/Apr/2026:00:34:38 +0200] "GET /images/b/actions/6006_3.jpg HTTP/1.1" 200 38309 "https://www.afish-ka.ru/cinema/films/6006/" "Mozilla/5.0 AppleWebKit/537.36 (KHTML, like Gecko; compatible; GPTBot/1.3; +https://openai.com/gptbot)"
74.7.227.21 - - [16/Apr/2026:00:34:39 +0200] "GET /images/s/actions/6050_4.jpg HTTP/1.1" 200 5206 "https://www.afish-ka.ru/cinema/films/6050/" "Mozilla/5.0 AppleWebKit/537.36 (KHTML, like Gecko; compatible; GPTBot/1.3; +https://openai.com/gptbot)"
74.7.227.21 - - [16/Apr/2026:00:34:39 +0200] "GET /images/s/actions/6005_2.jpg HTTP/1.1" 200 4037 "https://www.afish-ka.ru/cinema/films/6005/" "Mozilla/5.0 AppleWebKit/537.36 (KHTML, like Gecko; compatible; GPTBot/1.3; +https://openai.com/gptbot)"
74.7.227.21 - - [16/Apr/2026:00:34:40 +0200] "GET /images/b/actions/6060_3.jpg HTTP/1.1" 200 37044 "https://www.afish-ka.ru/cinema/films/6060/" "Mozilla/5.0 AppleWebKit/537.36 (KHTML, like Gecko; compatible; GPTBot/1.3; +https://openai.com/gptbot)"
74.7.227.21 - - [16/Apr/2026:00:34:40 +0200] "GET /images/b/actions/5770_2.jpg HTTP/1.1" 200 14930 "https://www.afish-ka.ru/cinema/films/5770/" "Mozilla/5.0 AppleWebKit/537.36 (KHTML, like Gecko; compatible; GPTBot/1.3; +https://openai.com/gptbot)"
74.7.227.21 - - [16/Apr/2026:00:34:41 +0200] "GET /images/b/actions/6046_4.jpg HTTP/1.1" 200 42687 "https://www.afish-ka.ru/cinema/films/6046/" "Mozilla/5.0 AppleWebKit/537.36 (KHTML, like Gecko; compatible; GPTBot/1.3; +https://openai.com/gptbot)"
185.191.171.18 - - [16/Apr/2026:00:34:41 +0200] "GET /rest_base/103/opinions/add/?parent=47683 HTTP/1.1" 200 9532 "-" "Mozilla/5.0 (compatible; SemrushBot/7~bl; +http://www.semrush.com/bot.html)"
74.7.227.21 - - [16/Apr/2026:00:34:41 +0200] "GET /images/b/actions/6060_2.jpg HTTP/1.1" 200 46569 "https://www.afish-ka.ru/cinema/films/6060/" "Mozilla/5.0 AppleWebKit/537.36 (KHTML, like Gecko; compatible; GPTBot/1.3; +https://openai.com/gptbot)"
74.7.227.21 - - [16/Apr/2026:00:34:42 +0200] "GET /images/s/actions/6057_4.jpg HTTP/1.1" 200 5932 "https://www.afish-ka.ru/cinema/films/6057/" "Mozilla/5.0 AppleWebKit/537.36 (KHTML, like Gecko; compatible; GPTBot/1.3; +https://openai.com/gptbot)"
74.7.227.21 - - [16/Apr/2026:00:34:42 +0200] "GET /images/b/actions/5770_4.jpg HTTP/1.1" 200 19497 "https://www.afish-ka.ru/cinema/films/5770/" "Mozilla/5.0 AppleWebKit/537.36 (KHTML, like Gecko; compatible; GPTBot/1.3; +https://openai.com/gptbot)"
74.7.227.21 - - [16/Apr/2026:00:34:43 +0200] "GET /images/s/actions/6005_3.jpg HTTP/1.1" 200 6920 "https://www.afish-ka.ru/cinema/films/6005/" "Mozilla/5.0 AppleWebKit/537.36 (KHTML, like Gecko; compatible; GPTBot/1.3; +https://openai.com/gptbot)"
74.7.227.21 - - [16/Apr/2026:00:34:43 +0200] "GET /images/b/actions/5771_3.jpg HTTP/1.1" 200 44978 "https://www.afish-ka.ru/cinema/films/5771/" "Mozilla/5.0 AppleWebKit/537.36 (KHTML, like Gecko; compatible; GPTBot/1.3; +https://openai.com/gptbot)"
74.7.227.21 - - [16/Apr/2026:00:34:44 +0200] "GET /images/b/actions/6006_4.jpg HTTP/1.1" 200 75453 "https://www.afish-ka.ru/cinema/films/6006/" "Mozilla/5.0 AppleWebKit/537.36 (KHTML, like Gecko; compatible; GPTBot/1.3; +https://openai.com/gptbot)"
74.7.227.21 - - [16/Apr/2026:00:34:45 +0200] "GET /images/b/actions/6050_5.jpg HTTP/1.1" 200 27619 "https://www.afish-ka.ru/cinema/films/6050/" "Mozilla/5.0 AppleWebKit/537.36 (KHTML, like Gecko; compatible; GPTBot/1.3; +https://openai.com/gptbot)"
185.191.171.12 - - [16/Apr/2026:00:34:44 +0200] "GET /cinema/films/5495/opinions/ HTTP/1.1" 200 9597 "-" "Mozilla/5.0 (compatible; SemrushBot/7~bl; +http://www.semrush.com/bot.html)"
74.7.227.21 - - [16/Apr/2026:00:34:45 +0200] "GET /images/b/actions/6055_1.jpg HTTP/1.1" 200 51584 "https://www.afish-ka.ru/cinema/films/6055/" "Mozilla/5.0 AppleWebKit/537.36 (KHTML, like Gecko; compatible; GPTBot/1.3; +https://openai.com/gptbot)"
74.7.227.21 - - [16/Apr/2026:00:34:46 +0200] "GET /images/b/actions/6006_2.jpg HTTP/1.1" 200 37193 "https://www.afish-ka.ru/cinema/films/6006/" "Mozilla/5.0 AppleWebKit/537.36 (KHTML, like Gecko; compatible; GPTBot/1.3; +https://openai.com/gptbot)"
74.7.227.21 - - [16/Apr/2026:00:34:46 +0200] "GET /images/b/actions/6050_2.jpg HTTP/1.1" 200 24806 "https://www.afish-ka.ru/cinema/films/6050/" "Mozilla/5.0 AppleWebKit/537.36 (KHTML, like Gecko; compatible; GPTBot/1.3; +https://openai.com/gptbot)"
74.7.227.21 - - [16/Apr/2026:00:34:47 +0200] "GET /images/b/actions/5730_1.jpg HTTP/1.1" 200 54642 "https://www.afish-ka.ru/cinema/films/5730/" "Mozilla/5.0 AppleWebKit/537.36 (KHTML, like Gecko; compatible; GPTBot/1.3; +https://openai.com/gptbot)"
74.7.227.21 - - [16/Apr/2026:00:34:47 +0200] "GET /images/s/actions/6055_3.jpg HTTP/1.1" 200 6444 "https://www.afish-ka.ru/cinema/films/6055/" "Mozilla/5.0 AppleWebKit/537.36 (KHTML, like Gecko; compatible; GPTBot/1.3; +https://openai.com/gptbot)"
74.7.227.21 - - [16/Apr/2026:00:34:48 +0200] "GET /images/s/actions/5771_2.jpg HTTP/1.1" 200 4001 "https://www.afish-ka.ru/cinema/films/5771/" "Mozilla/5.0 AppleWebKit/537.36 (KHTML, like Gecko; compatible; GPTBot/1.3; +https://openai.com/gptbot)"
74.7.227.21 - - [16/Apr/2026:00:34:48 +0200] "GET /images/b/actions/5771_1.jpg HTTP/1.1" 200 38088 "https://www.afish-ka.ru/cinema/films/5771/" "Mozilla/5.0 AppleWebKit/537.36 (KHTML, like Gecko; compatible; GPTBot/1.3; +https://openai.com/gptbot)"
74.7.227.21 - - [16/Apr/2026:00:34:49 +0200] "GET /images/b/actions/6005_3.jpg HTTP/1.1" 200 51585 "https://www.afish-ka.ru/cinema/films/6005/" "Mozilla/5.0 AppleWebKit/537.36 (KHTML, like Gecko; compatible; GPTBot/1.3; +https://openai.com/gptbot)"
74.7.227.21 - - [16/Apr/2026:00:34:49 +0200] "GET /images/b/actions/6006_5.jpg HTTP/1.1" 200 80662 "https://www.afish-ka.ru/cinema/films/6006/" "Mozilla/5.0 AppleWebKit/537.36 (KHTML, like Gecko; compatible; GPTBot/1.3; +https://openai.com/gptbot)"
85.208.96.206 - - [16/Apr/2026:00:34:49 +0200] "GET /exhibition/161/opinions/add/?parent=49674 HTTP/1.1" 200 9528 "-" "Mozilla/5.0 (compatible; SemrushBot/7~bl; +http://www.semrush.com/bot.html)"
74.7.227.21 - - [16/Apr/2026:00:34:50 +0200] "GET /images/s/actions/6046_3.jpg HTTP/1.1" 200 7567 "https://www.afish-ka.ru/cinema/films/6046/" "Mozilla/5.0 AppleWebKit/537.36 (KHTML, like Gecko; compatible; GPTBot/1.3; +https://openai.com/gptbot)"
74.7.227.21 - - [16/Apr/2026:00:34:50 +0200] "GET /images/s/actions/6057_2.jpg HTTP/1.1" 200 3175 "https://www.afish-ka.ru/cinema/films/6057/" "Mozilla/5.0 AppleWebKit/537.36 (KHTML, like Gecko; compatible; GPTBot/1.3; +https://openai.com/gptbot)"
74.7.227.21 - - [16/Apr/2026:00:34:51 +0200] "GET /images/b/actions/6046_5.jpg HTTP/1.1" 200 45752 "https://www.afish-ka.ru/cinema/films/6046/" "Mozilla/5.0 AppleWebKit/537.36 (KHTML, like Gecko; compatible; GPTBot/1.3; +https://openai.com/gptbot)"
74.7.227.21 - - [16/Apr/2026:00:34:51 +0200] "GET /images/s/actions/6046_2.jpg HTTP/1.1" 200 7597 "https://www.afish-ka.ru/cinema/films/6046/" "Mozilla/5.0 AppleWebKit/537.36 (KHTML, like Gecko; compatible; GPTBot/1.3; +https://openai.com/gptbot)"
74.7.227.21 - - [16/Apr/2026:00:34:52 +0200] "GET /images/s/actions/5770_3.jpg HTTP/1.1" 200 4623 "https://www.afish-ka.ru/cinema/films/5770/" "Mozilla/5.0 AppleWebKit/537.36 (KHTML, like Gecko; compatible; GPTBot/1.3; +https://openai.com/gptbot)"
74.7.227.21 - - [16/Apr/2026:00:34:52 +0200] "GET /images/b/actions/6005_5.jpg HTTP/1.1" 200 28422 "https://www.afish-ka.ru/cinema/films/6005/" "Mozilla/5.0 AppleWebKit/537.36 (KHTML, like Gecko; compatible; GPTBot/1.3; +https://openai.com/gptbot)"
74.7.227.21 - - [16/Apr/2026:00:34:53 +0200] "GET /images/s/actions/5730_3.jpg HTTP/1.1" 200 7886 "https://www.afish-ka.ru/cinema/films/5730/" "Mozilla/5.0 AppleWebKit/537.36 (KHTML, like Gecko; compatible; GPTBot/1.3; +https://openai.com/gptbot)"
74.7.227.21 - - [16/Apr/2026:00:34:53 +0200] "GET /images/b/actions/6060_5.jpg HTTP/1.1" 200 49214 "https://www.afish-ka.ru/cinema/films/6060/" "Mozilla/5.0 AppleWebKit/537.36 (KHTML, like Gecko; compatible; GPTBot/1.3; +https://openai.com/gptbot)"
74.7.227.21 - - [16/Apr/2026:00:34:54 +0200] "GET /images/s/actions/6050_3.jpg HTTP/1.1" 200 4783 "https://www.afish-ka.ru/cinema/films/6050/" "Mozilla/5.0 AppleWebKit/537.36 (KHTML, like Gecko; compatible; GPTBot/1.3; +https://openai.com/gptbot)"
74.7.227.21 - - [16/Apr/2026:00:34:54 +0200] "GET /images/b/actions/6055_4.jpg HTTP/1.1" 200 42807 "https://www.afish-ka.ru/cinema/films/6055/" "Mozilla/5.0 AppleWebKit/537.36 (KHTML, like Gecko; compatible; GPTBot/1.3; +https://openai.com/gptbot)"
74.7.227.21 - - [16/Apr/2026:00:34:55 +0200] "GET /images/b/actions/6055_2.jpg HTTP/1.1" 200 46649 "https://www.afish-ka.ru/cinema/films/6055/" "Mozilla/5.0 AppleWebKit/537.36 (KHTML, like Gecko; compatible; GPTBot/1.3; +https://openai.com/gptbot)"
74.7.227.21 - - [16/Apr/2026:00:34:56 +0200] "GET /images/b/actions/6005_1.jpg HTTP/1.1" 200 28994 "https://www.afish-ka.ru/cinema/films/6005/" "Mozilla/5.0 AppleWebKit/537.36 (KHTML, like Gecko; compatible; GPTBot/1.3; +https://openai.com/gptbot)"
74.7.227.21 - - [16/Apr/2026:00:34:56 +0200] "GET /images/s/actions/5730_4.jpg HTTP/1.1" 200 7512 "https://www.afish-ka.ru/cinema/films/5730/" "Mozilla/5.0 AppleWebKit/537.36 (KHTML, like Gecko; compatible; GPTBot/1.3; +https://openai.com/gptbot)"
74.7.227.21 - - [16/Apr/2026:00:34:57 +0200] "GET /images/s/actions/6005_4.jpg HTTP/1.1" 200 8213 "https://www.afish-ka.ru/cinema/films/6005/" "Mozilla/5.0 AppleWebKit/537.36 (KHTML, like Gecko; compatible; GPTBot/1.3; +https://openai.com/gptbot)"
74.7.227.21 - - [16/Apr/2026:00:34:57 +0200] "GET /images/s/actions/5770_2.jpg HTTP/1.1" 200 3763 "https://www.afish-ka.ru/cinema/films/5770/" "Mozilla/5.0 AppleWebKit/537.36 (KHTML, like Gecko; compatible; GPTBot/1.3; +https://openai.com/gptbot)"
74.7.227.21 - - [16/Apr/2026:00:34:58 +0200] "GET /images/b/actions/6006_1.jpg HTTP/1.1" 200 35159 "https://www.afish-ka.ru/cinema/films/6006/" "Mozilla/5.0 AppleWebKit/537.36 (KHTML, like Gecko; compatible; GPTBot/1.3; +https://openai.com/gptbot)"
74.7.227.21 - - [16/Apr/2026:00:34:58 +0200] "GET /images/b/actions/6046_2.jpg HTTP/1.1" 200 59107 "https://www.afish-ka.ru/cinema/films/6046/" "Mozilla/5.0 AppleWebKit/537.36 (KHTML, like Gecko; compatible; GPTBot/1.3; +https://openai.com/gptbot)"
74.7.227.21 - - [16/Apr/2026:00:34:59 +0200] "GET /images/b/actions/5770_5.jpg HTTP/1.1" 200 22544 "https://www.afish-ka.ru/cinema/films/5770/" "Mozilla/5.0 AppleWebKit/537.36 (KHTML, like Gecko; compatible; GPTBot/1.3; +https://openai.com/gptbot)"
17.246.23.111 - - [16/Apr/2026:00:34:59 +0200] "GET /cinema/films/963/opinions/add/ HTTP/1.1" 200 9510 "-" "Mozilla/5.0 (Macintosh; Intel Mac OS X 10_15_7) AppleWebKit/605.1.15 (KHTML, like Gecko) Version/17.4 Safari/605.1.15 (Applebot/0.1; +http://www.apple.com/go/applebot)"
74.7.227.21 - - [16/Apr/2026:00:34:59 +0200] "GET /images/b/actions/5730_5.jpg HTTP/1.1" 200 26172 "https://www.afish-ka.ru/cinema/films/5730/" "Mozilla/5.0 AppleWebKit/537.36 (KHTML, like Gecko; compatible; GPTBot/1.3; +https://openai.com/gptbot)"
74.7.227.21 - - [16/Apr/2026:00:35:00 +0200] "GET /images/b/actions/5755_2.jpg HTTP/1.1" 200 22595 "https://www.afish-ka.ru/cinema/films/5755/" "Mozilla/5.0 AppleWebKit/537.36 (KHTML, like Gecko; compatible; GPTBot/1.3; +https://openai.com/gptbot)"
74.7.227.21 - - [16/Apr/2026:00:35:00 +0200] "GET /images/b/actions/5771_4.jpg HTTP/1.1" 200 19629 "https://www.afish-ka.ru/cinema/films/5771/" "Mozilla/5.0 AppleWebKit/537.36 (KHTML, like Gecko; compatible; GPTBot/1.3; +https://openai.com/gptbot)"
74.7.227.21 - - [16/Apr/2026:00:35:01 +0200] "GET /images/b/actions/6057_3.jpg HTTP/1.1" 200 62756 "https://www.afish-ka.ru/cinema/films/6057/" "Mozilla/5.0 AppleWebKit/537.36 (KHTML, like Gecko; compatible; GPTBot/1.3; +https://openai.com/gptbot)"
74.7.227.21 - - [16/Apr/2026:00:35:01 +0200] "GET /images/b/actions/5755_3.jpg HTTP/1.1" 200 25097 "https://www.afish-ka.ru/cinema/films/5755/" "Mozilla/5.0 AppleWebKit/537.36 (KHTML, like Gecko; compatible; GPTBot/1.3; +https://openai.com/gptbot)"
74.7.227.21 - - [16/Apr/2026:00:35:02 +0200] "GET /images/s/actions/5771_4.jpg HTTP/1.1" 200 3233 "https://www.afish-ka.ru/cinema/films/5771/" "Mozilla/5.0 AppleWebKit/537.36 (KHTML, like Gecko; compatible; GPTBot/1.3; +https://openai.com/gptbot)"
74.7.227.21 - - [16/Apr/2026:00:35:02 +0200] "GET /images/s/actions/5730_5.jpg HTTP/1.1" 200 4810 "https://www.afish-ka.ru/cinema/films/5730/" "Mozilla/5.0 AppleWebKit/537.36 (KHTML, like Gecko; compatible; GPTBot/1.3; +https://openai.com/gptbot)"
5.39.1.247 - - [16/Apr/2026:00:35:02 +0200] "GET /cinema/films/4323/opinions/add/?parent=39553 HTTP/1.1" 200 9523 "-" "Mozilla/5.0 (compatible; AhrefsBot/7.0; +http://ahrefs.com/robot/)"
74.7.227.21 - - [16/Apr/2026:00:35:03 +0200] "GET /images/s/actions/5771_3.jpg HTTP/1.1" 200 5548 "https://www.afish-ka.ru/cinema/films/5771/" "Mozilla/5.0 AppleWebKit/537.36 (KHTML, like Gecko; compatible; GPTBot/1.3; +https://openai.com/gptbot)"
74.7.227.21 - - [16/Apr/2026:00:35:03 +0200] "GET /images/b/actions/5730_4.jpg HTTP/1.1" 200 51654 "https://www.afish-ka.ru/cinema/films/5730/" "Mozilla/5.0 AppleWebKit/537.36 (KHTML, like Gecko; compatible; GPTBot/1.3; +https://openai.com/gptbot)"
116.179.32.12 - - [16/Apr/2026:00:35:04 +0200] "GET /images/b/actions/4431_4.jpg HTTP/1.1" 200 65427 "-" "Baiduspider-image+(+http://www.baidu.com/search/spider.htm)"
74.7.227.21 - - [16/Apr/2026:00:35:04 +0200] "GET /images/b/actions/6055_3.jpg HTTP/1.1" 200 44798 "https://www.afish-ka.ru/cinema/films/6055/" "Mozilla/5.0 AppleWebKit/537.36 (KHTML, like Gecko; compatible; GPTBot/1.3; +https://openai.com/gptbot)"
74.7.227.21 - - [16/Apr/2026:00:35:05 +0200] "GET /images/s/actions/6057_3.jpg HTTP/1.1" 200 5711 "https://www.afish-ka.ru/cinema/films/6057/" "Mozilla/5.0 AppleWebKit/537.36 (KHTML, like Gecko; compatible; GPTBot/1.3; +https://openai.com/gptbot)"
74.7.227.21 - - [16/Apr/2026:00:35:05 +0200] "GET /images/s/actions/6055_4.jpg HTTP/1.1" 200 5026 "https://www.afish-ka.ru/cinema/films/6055/" "Mozilla/5.0 AppleWebKit/537.36 (KHTML, like Gecko; compatible; GPTBot/1.3; +https://openai.com/gptbot)"
74.7.227.21 - - [16/Apr/2026:00:35:06 +0200] "GET /images/b/actions/5755_1.jpg HTTP/1.1" 200 30507 "https://www.afish-ka.ru/cinema/films/5755/" "Mozilla/5.0 AppleWebKit/537.36 (KHTML, like Gecko; compatible; GPTBot/1.3; +https://openai.com/gptbot)"
85.208.96.205 - - [16/Apr/2026:00:35:05 +0200] "GET /cinema/films/4552/opinions/add/ HTTP/1.1" 200 9517 "-" "Mozilla/5.0 (compatible; SemrushBot/7~bl; +http://www.semrush.com/bot.html)"
220.181.108.83 - - [16/Apr/2026:00:35:06 +0200] "GET /images/b/actions/3299_3.jpg HTTP/1.1" 200 31104 "-" "Baiduspider-image+(+http://www.baidu.com/search/spider.htm)"
74.7.227.21 - - [16/Apr/2026:00:35:06 +0200] "GET /images/b/actions/5730_3.jpg HTTP/1.1" 200 67193 "https://www.afish-ka.ru/cinema/films/5730/" "Mozilla/5.0 AppleWebKit/537.36 (KHTML, like Gecko; compatible; GPTBot/1.3; +https://openai.com/gptbot)"
74.7.227.21 - - [16/Apr/2026:00:35:07 +0200] "GET /images/b/actions/5771_2.jpg HTTP/1.1" 200 29762 "https://www.afish-ka.ru/cinema/films/5771/" "Mozilla/5.0 AppleWebKit/537.36 (KHTML, like Gecko; compatible; GPTBot/1.3; +https://openai.com/gptbot)"
74.7.227.21 - - [16/Apr/2026:00:35:07 +0200] "GET /images/s/actions/6046_5.jpg HTTP/1.1" 200 6842 "https://www.afish-ka.ru/cinema/films/6046/" "Mozilla/5.0 AppleWebKit/537.36 (KHTML, like Gecko; compatible; GPTBot/1.3; +https://openai.com/gptbot)"
74.7.227.21 - - [16/Apr/2026:00:35:08 +0200] "GET /images/b/actions/6057_2.jpg HTTP/1.1" 200 19178 "https://www.afish-ka.ru/cinema/films/6057/" "Mozilla/5.0 AppleWebKit/537.36 (KHTML, like Gecko; compatible; GPTBot/1.3; +https://openai.com/gptbot)"
74.7.227.21 - - [16/Apr/2026:00:35:08 +0200] "GET /images/b/actions/6060_1.jpg HTTP/1.1" 200 62992 "https://www.afish-ka.ru/cinema/films/6060/" "Mozilla/5.0 AppleWebKit/537.36 (KHTML, like Gecko; compatible; GPTBot/1.3; +https://openai.com/gptbot)"
74.7.227.21 - - [16/Apr/2026:00:35:09 +0200] "GET /images/b/actions/6050_4.jpg HTTP/1.1" 200 26920 "https://www.afish-ka.ru/cinema/films/6050/" "Mozilla/5.0 AppleWebKit/537.36 (KHTML, like Gecko; compatible; GPTBot/1.3; +https://openai.com/gptbot)"
74.7.227.21 - - [16/Apr/2026:00:35:09 +0200] "GET /images/b/actions/6050_3.jpg HTTP/1.1" 200 21526 "https://www.afish-ka.ru/cinema/films/6050/" "Mozilla/5.0 AppleWebKit/537.36 (KHTML, like Gecko; compatible; GPTBot/1.3; +https://openai.com/gptbot)"
74.7.227.21 - - [16/Apr/2026:00:35:10 +0200] "GET /images/b/actions/5771_5.jpg HTTP/1.1" 200 19042 "https://www.afish-ka.ru/cinema/films/5771/" "Mozilla/5.0 AppleWebKit/537.36 (KHTML, like Gecko; compatible; GPTBot/1.3; +https://openai.com/gptbot)"
74.7.227.21 - - [16/Apr/2026:00:35:10 +0200] "GET /images/b/actions/5770_1.jpg HTTP/1.1" 200 22971 "https://www.afish-ka.ru/cinema/films/5770/" "Mozilla/5.0 AppleWebKit/537.36 (KHTML, like Gecko; compatible; GPTBot/1.3; +https://openai.com/gptbot)"
74.7.227.21 - - [16/Apr/2026:00:35:11 +0200] "GET /images/b/actions/6046_3.jpg HTTP/1.1" 200 50625 "https://www.afish-ka.ru/cinema/films/6046/" "Mozilla/5.0 AppleWebKit/537.36 (KHTML, like Gecko; compatible; GPTBot/1.3; +https://openai.com/gptbot)"
74.7.227.21 - - [16/Apr/2026:00:35:11 +0200] "GET /images/b/actions/5770_3.jpg HTTP/1.1" 200 22999 "https://www.afish-ka.ru/cinema/films/5770/" "Mozilla/5.0 AppleWebKit/537.36 (KHTML, like Gecko; compatible; GPTBot/1.3; +https://openai.com/gptbot)"
74.7.227.21 - - [16/Apr/2026:00:35:12 +0200] "GET /images/b/actions/6055_5.jpg HTTP/1.1" 200 78014 "https://www.afish-ka.ru/cinema/films/6055/" "Mozilla/5.0 AppleWebKit/537.36 (KHTML, like Gecko; compatible; GPTBot/1.3; +https://openai.com/gptbot)"
74.7.227.21 - - [16/Apr/2026:00:35:12 +0200] "GET /images/b/actions/5730_2.jpg HTTP/1.1" 200 39877 "https://www.afish-ka.ru/cinema/films/5730/" "Mozilla/5.0 AppleWebKit/537.36 (KHTML, like Gecko; compatible; GPTBot/1.3; +https://openai.com/gptbot)"
74.7.227.21 - - [16/Apr/2026:00:35:13 +0200] "GET /images/s/actions/6057_5.jpg HTTP/1.1" 200 6849 "https://www.afish-ka.ru/cinema/films/6057/" "Mozilla/5.0 AppleWebKit/537.36 (KHTML, like Gecko; compatible; GPTBot/1.3; +https://openai.com/gptbot)"
74.7.227.21 - - [16/Apr/2026:00:35:13 +0200] "GET /images/s/actions/6060_4.jpg HTTP/1.1" 200 3732 "https://www.afish-ka.ru/cinema/films/6060/" "Mozilla/5.0 AppleWebKit/537.36 (KHTML, like Gecko; compatible; GPTBot/1.3; +https://openai.com/gptbot)"
74.7.227.21 - - [16/Apr/2026:00:35:14 +0200] "GET /images/s/actions/5755_5.jpg HTTP/1.1" 200 5059 "https://www.afish-ka.ru/cinema/films/5755/" "Mozilla/5.0 AppleWebKit/537.36 (KHTML, like Gecko; compatible; GPTBot/1.3; +https://openai.com/gptbot)"
185.97.95.43 - - [16/Apr/2026:00:35:14 +0200] "GET /restaurant/ HTTP/1.1" 200 10848 "-" "Mozilla/5.0 (Macintosh; U; PPC Mac OS X 10_12_4; rv:1.9.2.20) Gecko/4411-10-03 19:06:26.213303 Firefox/3.8"
74.7.227.21 - - [16/Apr/2026:00:35:15 +0200] "GET /images/s/actions/6060_3.jpg HTTP/1.1" 200 5182 "https://www.afish-ka.ru/cinema/films/6060/" "Mozilla/5.0 AppleWebKit/537.36 (KHTML, like Gecko; compatible; GPTBot/1.3; +https://openai.com/gptbot)"
74.7.227.21 - - [16/Apr/2026:00:35:15 +0200] "GET /images/s/actions/6050_5.jpg HTTP/1.1" 200 5569 "https://www.afish-ka.ru/cinema/films/6050/" "Mozilla/5.0 AppleWebKit/537.36 (KHTML, like Gecko; compatible; GPTBot/1.3; +https://openai.com/gptbot)"
74.7.227.21 - - [16/Apr/2026:00:35:16 +0200] "GET /images/s/actions/5755_2.jpg HTTP/1.1" 200 4176 "https://www.afish-ka.ru/cinema/films/5755/" "Mozilla/5.0 AppleWebKit/537.36 (KHTML, like Gecko; compatible; GPTBot/1.3; +https://openai.com/gptbot)"
74.7.227.21 - - [16/Apr/2026:00:35:16 +0200] "GET /images/s/actions/6046_4.jpg HTTP/1.1" 200 6928 "https://www.afish-ka.ru/cinema/films/6046/" "Mozilla/5.0 AppleWebKit/537.36 (KHTML, like Gecko; compatible; GPTBot/1.3; +https://openai.com/gptbot)"
74.7.227.21 - - [16/Apr/2026:00:35:17 +0200] "GET /images/s/actions/6060_2.jpg HTTP/1.1" 200 7635 "https://www.afish-ka.ru/cinema/films/6060/" "Mozilla/5.0 AppleWebKit/537.36 (KHTML, like Gecko; compatible; GPTBot/1.3; +https://openai.com/gptbot)"
74.7.227.21 - - [16/Apr/2026:00:35:17 +0200] "GET /images/s/actions/5755_4.jpg HTTP/1.1" 200 5309 "https://www.afish-ka.ru/cinema/films/5755/" "Mozilla/5.0 AppleWebKit/537.36 (KHTML, like Gecko; compatible; GPTBot/1.3; +https://openai.com/gptbot)"
74.7.227.21 - - [16/Apr/2026:00:35:18 +0200] "GET /images/s/actions/5771_5.jpg HTTP/1.1" 200 2915 "https://www.afish-ka.ru/cinema/films/5771/" "Mozilla/5.0 AppleWebKit/537.36 (KHTML, like Gecko; compatible; GPTBot/1.3; +https://openai.com/gptbot)"
74.7.227.21 - - [16/Apr/2026:00:35:18 +0200] "GET /images/s/actions/6055_5.jpg HTTP/1.1" 200 7443 "https://www.afish-ka.ru/cinema/films/6055/" "Mozilla/5.0 AppleWebKit/537.36 (KHTML, like Gecko; compatible; GPTBot/1.3; +https://openai.com/gptbot)"
74.7.227.21 - - [16/Apr/2026:00:35:19 +0200] "GET /images/s/actions/5755_3.jpg HTTP/1.1" 200 4849 "https://www.afish-ka.ru/cinema/films/5755/" "Mozilla/5.0 AppleWebKit/537.36 (KHTML, like Gecko; compatible; GPTBot/1.3; +https://openai.com/gptbot)"
74.7.227.21 - - [16/Apr/2026:00:35:19 +0200] "GET /images/s/actions/6005_5.jpg HTTP/1.1" 200 5725 "https://www.afish-ka.ru/cinema/films/6005/" "Mozilla/5.0 AppleWebKit/537.36 (KHTML, like Gecko; compatible; GPTBot/1.3; +https://openai.com/gptbot)"
74.7.227.21 - - [16/Apr/2026:00:35:20 +0200] "GET /images/s/actions/6060_5.jpg HTTP/1.1" 200 6748 "https://www.afish-ka.ru/cinema/films/6060/" "Mozilla/5.0 AppleWebKit/537.36 (KHTML, like Gecko; compatible; GPTBot/1.3; +https://openai.com/gptbot)"
74.7.227.21 - - [16/Apr/2026:00:35:20 +0200] "GET /images/b/actions/5755_5.jpg HTTP/1.1" 200 25824 "https://www.afish-ka.ru/cinema/films/5755/" "Mozilla/5.0 AppleWebKit/537.36 (KHTML, like Gecko; compatible; GPTBot/1.3; +https://openai.com/gptbot)"
74.7.227.21 - - [16/Apr/2026:00:35:21 +0200] "GET /images/s/actions/5770_5.jpg HTTP/1.1" 200 4545 "https://www.afish-ka.ru/cinema/films/5770/" "Mozilla/5.0 AppleWebKit/537.36 (KHTML, like Gecko; compatible; GPTBot/1.3; +https://openai.com/gptbot)"
74.7.227.21 - - [16/Apr/2026:00:35:21 +0200] "GET /images/s/posters/6057.jpg HTTP/1.1" 200 12678 "https://www.afish-ka.ru/cinema/films/6057/" "Mozilla/5.0 AppleWebKit/537.36 (KHTML, like Gecko; compatible; GPTBot/1.3; +https://openai.com/gptbot)"
74.7.227.21 - - [16/Apr/2026:00:35:22 +0200] "GET /images/s/posters/6005.jpg HTTP/1.1" 200 12937 "https://www.afish-ka.ru/cinema/films/6005/" "Mozilla/5.0 AppleWebKit/537.36 (KHTML, like Gecko; compatible; GPTBot/1.3; +https://openai.com/gptbot)"
74.7.227.21 - - [16/Apr/2026:00:35:22 +0200] "GET /images/s/posters/5730.jpg HTTP/1.1" 200 13791 "https://www.afish-ka.ru/cinema/films/5730/" "Mozilla/5.0 AppleWebKit/537.36 (KHTML, like Gecko; compatible; GPTBot/1.3; +https://openai.com/gptbot)"
74.7.227.21 - - [16/Apr/2026:00:35:23 +0200] "GET /images/b/posters/6006.jpg HTTP/1.1" 200 41695 "https://www.afish-ka.ru/cinema/films/6006/" "Mozilla/5.0 AppleWebKit/537.36 (KHTML, like Gecko; compatible; GPTBot/1.3; +https://openai.com/gptbot)"
74.7.227.21 - - [16/Apr/2026:00:35:24 +0200] "GET /images/s/posters/6050.jpg HTTP/1.1" 200 12502 "https://www.afish-ka.ru/cinema/films/6050/" "Mozilla/5.0 AppleWebKit/537.36 (KHTML, like Gecko; compatible; GPTBot/1.3; +https://openai.com/gptbot)"
74.7.227.21 - - [16/Apr/2026:00:35:24 +0200] "GET /images/b/posters/6057.jpg HTTP/1.1" 200 68680 "https://www.afish-ka.ru/cinema/films/6057/" "Mozilla/5.0 AppleWebKit/537.36 (KHTML, like Gecko; compatible; GPTBot/1.3; +https://openai.com/gptbot)"
74.7.227.21 - - [16/Apr/2026:00:35:25 +0200] "GET /images/s/posters/6055.jpg HTTP/1.1" 200 13550 "https://www.afish-ka.ru/cinema/films/6055/" "Mozilla/5.0 AppleWebKit/537.36 (KHTML, like Gecko; compatible; GPTBot/1.3; +https://openai.com/gptbot)"
74.7.227.21 - - [16/Apr/2026:00:35:25 +0200] "GET /images/s/posters/5770.jpg HTTP/1.1" 200 10258 "https://www.afish-ka.ru/cinema/films/5770/" "Mozilla/5.0 AppleWebKit/537.36 (KHTML, like Gecko; compatible; GPTBot/1.3; +https://openai.com/gptbot)"
74.7.227.21 - - [16/Apr/2026:00:35:26 +0200] "GET /images/s/posters/5771.jpg HTTP/1.1" 200 11503 "https://www.afish-ka.ru/cinema/films/5771/" "Mozilla/5.0 AppleWebKit/537.36 (KHTML, like Gecko; compatible; GPTBot/1.3; +https://openai.com/gptbot)"
74.7.227.21 - - [16/Apr/2026:00:35:26 +0200] "GET /images/b/posters/6046.jpg HTTP/1.1" 200 63892 "https://www.afish-ka.ru/cinema/films/6046/" "Mozilla/5.0 AppleWebKit/537.36 (KHTML, like Gecko; compatible; GPTBot/1.3; +https://openai.com/gptbot)"
74.7.227.21 - - [16/Apr/2026:00:35:27 +0200] "GET /images/b/posters/6055.jpg HTTP/1.1" 200 100107 "https://www.afish-ka.ru/cinema/films/6055/" "Mozilla/5.0 AppleWebKit/537.36 (KHTML, like Gecko; compatible; GPTBot/1.3; +https://openai.com/gptbot)"
74.7.227.21 - - [16/Apr/2026:00:35:27 +0200] "GET /images/b/posters/5770.jpg HTTP/1.1" 200 54709 "https://www.afish-ka.ru/cinema/films/5770/" "Mozilla/5.0 AppleWebKit/537.36 (KHTML, like Gecko; compatible; GPTBot/1.3; +https://openai.com/gptbot)"
85.208.96.210 - - [16/Apr/2026:00:35:27 +0200] "GET /cinema/films/1925/ HTTP/1.1" 200 10402 "-" "Mozilla/5.0 (compatible; SemrushBot/7~bl; +http://www.semrush.com/bot.html)"
74.7.227.21 - - [16/Apr/2026:00:35:28 +0200] "GET /images/b/posters/6050.jpg HTTP/1.1" 200 71079 "https://www.afish-ka.ru/cinema/films/6050/" "Mozilla/5.0 AppleWebKit/537.36 (KHTML, like Gecko; compatible; GPTBot/1.3; +https://openai.com/gptbot)"
74.7.227.21 - - [16/Apr/2026:00:35:28 +0200] "GET /images/s/posters/6046.jpg HTTP/1.1" 200 15575 "https://www.afish-ka.ru/cinema/films/6046/" "Mozilla/5.0 AppleWebKit/537.36 (KHTML, like Gecko; compatible; GPTBot/1.3; +https://openai.com/gptbot)"
74.7.227.21 - - [16/Apr/2026:00:35:29 +0200] "GET /images/b/posters/6060.jpg HTTP/1.1" 200 32424 "https://www.afish-ka.ru/cinema/films/6060/" "Mozilla/5.0 AppleWebKit/537.36 (KHTML, like Gecko; compatible; GPTBot/1.3; +https://openai.com/gptbot)"
74.7.227.21 - - [16/Apr/2026:00:35:29 +0200] "GET /images/b/posters/5771.jpg HTTP/1.1" 200 58063 "https://www.afish-ka.ru/cinema/films/5771/" "Mozilla/5.0 AppleWebKit/537.36 (KHTML, like Gecko; compatible; GPTBot/1.3; +https://openai.com/gptbot)"
114.119.128.62 - - [16/Apr/2026:00:35:29 +0200] "GET /cinema/2/opinions/add?parent=31703 HTTP/1.1" 200 75785 "https://www.afish-ka.ru/cinema/2/opinions/add?parent=31116" "Mozilla/5.0 (Linux; Android 7.0;) AppleWebKit/537.36 (KHTML, like Gecko) Mobile Safari/537.36 (compatible; PetalBot;+https://webmaster.petalsearch.com/site/petalbot)"
74.7.227.21 - - [16/Apr/2026:00:35:30 +0200] "GET /images/b/posters/5730.jpg HTTP/1.1" 200 49082 "https://www.afish-ka.ru/cinema/films/5730/" "Mozilla/5.0 AppleWebKit/537.36 (KHTML, like Gecko; compatible; GPTBot/1.3; +https://openai.com/gptbot)"
74.7.227.21 - - [16/Apr/2026:00:35:31 +0200] "GET /images/b/posters/5755.jpg HTTP/1.1" 200 79365 "https://www.afish-ka.ru/cinema/films/5755/" "Mozilla/5.0 AppleWebKit/537.36 (KHTML, like Gecko; compatible; GPTBot/1.3; +https://openai.com/gptbot)"
74.7.227.21 - - [16/Apr/2026:00:35:31 +0200] "GET /images/b/posters/6005.jpg HTTP/1.1" 200 78766 "https://www.afish-ka.ru/cinema/films/6005/" "Mozilla/5.0 AppleWebKit/537.36 (KHTML, like Gecko; compatible; GPTBot/1.3; +https://openai.com/gptbot)"
74.7.227.21 - - [16/Apr/2026:00:35:32 +0200] "GET /images/s/posters/5755.jpg HTTP/1.1" 200 15033 "https://www.afish-ka.ru/cinema/films/5755/" "Mozilla/5.0 AppleWebKit/537.36 (KHTML, like Gecko; compatible; GPTBot/1.3; +https://openai.com/gptbot)"
74.7.227.21 - - [16/Apr/2026:00:35:32 +0200] "GET /images/s/posters/6060.jpg HTTP/1.1" 200 8808 "https://www.afish-ka.ru/cinema/films/6060/" "Mozilla/5.0 AppleWebKit/537.36 (KHTML, like Gecko; compatible; GPTBot/1.3; +https://openai.com/gptbot)"
74.7.227.21 - - [16/Apr/2026:00:35:33 +0200] "GET /cinema/films/5933/ HTTP/1.1" 200 6564 "https://www.afish-ka.ru/27-10-2021/" "Mozilla/5.0 AppleWebKit/537.36 (KHTML, like Gecko; compatible; GPTBot/1.3; +https://openai.com/gptbot)"
74.7.227.21 - - [16/Apr/2026:00:35:33 +0200] "GET /19-12-2020/ HTTP/1.1" 200 11018 "https://www.afish-ka.ru/cinema/films/5730/" "Mozilla/5.0 AppleWebKit/537.36 (KHTML, like Gecko; compatible; GPTBot/1.3; +https://openai.com/gptbot)"
74.7.227.21 - - [16/Apr/2026:00:35:34 +0200] "GET /19-01-2022/ HTTP/1.1" 200 10684 "https://www.afish-ka.ru/cinema/films/6059/" "Mozilla/5.0 AppleWebKit/537.36 (KHTML, like Gecko; compatible; GPTBot/1.3; +https://openai.com/gptbot)"
74.7.227.21 - - [16/Apr/2026:00:35:35 +0200] "GET /24-11-2021/ HTTP/1.1" 200 9940 "https://www.afish-ka.ru/18-11-2021/" "Mozilla/5.0 AppleWebKit/537.36 (KHTML, like Gecko; compatible; GPTBot/1.3; +https://openai.com/gptbot)"
74.7.227.21 - - [16/Apr/2026:00:35:36 +0200] "GET /01-05-2021/ HTTP/1.1" 200 10539 "https://www.afish-ka.ru/cinema/films/5842/" "Mozilla/5.0 AppleWebKit/537.36 (KHTML, like Gecko; compatible; GPTBot/1.3; +https://openai.com/gptbot)"
37.59.204.142 - - [16/Apr/2026:00:35:36 +0200] "GET /cinema/films/2120/opinions/add/?parent=21660 HTTP/1.1" 200 9537 "-" "Mozilla/5.0 (compatible; AhrefsBot/7.0; +http://ahrefs.com/robot/)"
74.7.227.21 - - [16/Apr/2026:00:35:37 +0200] "GET /23-10-2021/ HTTP/1.1" 200 9547 "https://www.afish-ka.ru/02-11-2021/" "Mozilla/5.0 AppleWebKit/537.36 (KHTML, like Gecko; compatible; GPTBot/1.3; +https://openai.com/gptbot)"
74.7.227.21 - - [16/Apr/2026:00:35:37 +0200] "GET /12-07-2021/ HTTP/1.1" 200 11560 "https://www.afish-ka.ru/08-07-2021/" "Mozilla/5.0 AppleWebKit/537.36 (KHTML, like Gecko; compatible; GPTBot/1.3; +https://openai.com/gptbot)"
74.7.227.21 - - [16/Apr/2026:00:35:38 +0200] "GET /26-10-2021/ HTTP/1.1" 200 9544 "https://www.afish-ka.ru/02-11-2021/" "Mozilla/5.0 AppleWebKit/537.36 (KHTML, like Gecko; compatible; GPTBot/1.3; +https://openai.com/gptbot)"
74.7.227.21 - - [16/Apr/2026:00:35:39 +0200] "GET /26-02-2007/ HTTP/1.1" 200 6330 "https://www.afish-ka.ru/12-03-2007/" "Mozilla/5.0 AppleWebKit/537.36 (KHTML, like Gecko; compatible; GPTBot/1.3; +https://openai.com/gptbot)"
74.7.227.21 - - [16/Apr/2026:00:35:39 +0200] "GET /19-12-2010/ HTTP/1.1" 200 8493 "https://www.afish-ka.ru/23-01-2011/" "Mozilla/5.0 AppleWebKit/537.36 (KHTML, like Gecko; compatible; GPTBot/1.3; +https://openai.com/gptbot)"
74.7.227.21 - - [16/Apr/2026:00:35:40 +0200] "GET /12-05-2022/ HTTP/1.1" 200 7514 "https://www.afish-ka.ru/17-05-2022/" "Mozilla/5.0 AppleWebKit/537.36 (KHTML, like Gecko; compatible; GPTBot/1.3; +https://openai.com/gptbot)"
74.7.227.21 - - [16/Apr/2026:00:35:41 +0200] "GET /images/b/actions/5933_2.jpg HTTP/1.1" 200 26734 "https://www.afish-ka.ru/cinema/films/5933/" "Mozilla/5.0 AppleWebKit/537.36 (KHTML, like Gecko; compatible; GPTBot/1.3; +https://openai.com/gptbot)"
74.7.227.21 - - [16/Apr/2026:00:35:41 +0200] "GET /images/s/actions/5933_2.jpg HTTP/1.1" 200 4390 "https://www.afish-ka.ru/cinema/films/5933/" "Mozilla/5.0 AppleWebKit/537.36 (KHTML, like Gecko; compatible; GPTBot/1.3; +https://openai.com/gptbot)"
74.7.227.21 - - [16/Apr/2026:00:35:42 +0200] "GET /images/s/actions/5933_4.jpg HTTP/1.1" 200 4240 "https://www.afish-ka.ru/cinema/films/5933/" "Mozilla/5.0 AppleWebKit/537.36 (KHTML, like Gecko; compatible; GPTBot/1.3; +https://openai.com/gptbot)"
74.7.227.21 - - [16/Apr/2026:00:35:42 +0200] "GET /images/b/actions/5933_4.jpg HTTP/1.1" 200 32130 "https://www.afish-ka.ru/cinema/films/5933/" "Mozilla/5.0 AppleWebKit/537.36 (KHTML, like Gecko; compatible; GPTBot/1.3; +https://openai.com/gptbot)"
74.7.227.21 - - [16/Apr/2026:00:35:43 +0200] "GET /images/b/actions/5933_1.jpg HTTP/1.1" 200 16891 "https://www.afish-ka.ru/cinema/films/5933/" "Mozilla/5.0 AppleWebKit/537.36 (KHTML, like Gecko; compatible; GPTBot/1.3; +https://openai.com/gptbot)"
74.7.227.21 - - [16/Apr/2026:00:35:43 +0200] "GET /images/b/actions/5933_3.jpg HTTP/1.1" 200 26521 "https://www.afish-ka.ru/cinema/films/5933/" "Mozilla/5.0 AppleWebKit/537.36 (KHTML, like Gecko; compatible; GPTBot/1.3; +https://openai.com/gptbot)"
74.7.227.21 - - [16/Apr/2026:00:35:44 +0200] "GET /images/b/actions/5933_5.jpg HTTP/1.1" 200 32192 "https://www.afish-ka.ru/cinema/films/5933/" "Mozilla/5.0 AppleWebKit/537.36 (KHTML, like Gecko; compatible; GPTBot/1.3; +https://openai.com/gptbot)"
74.7.227.21 - - [16/Apr/2026:00:35:44 +0200] "GET /images/s/actions/5933_3.jpg HTTP/1.1" 200 2959 "https://www.afish-ka.ru/cinema/films/5933/" "Mozilla/5.0 AppleWebKit/537.36 (KHTML, like Gecko; compatible; GPTBot/1.3; +https://openai.com/gptbot)"
74.7.227.21 - - [16/Apr/2026:00:35:47 +0200] "GET /images/s/actions/5933_5.jpg HTTP/1.1" 200 4710 "https://www.afish-ka.ru/cinema/films/5933/" "Mozilla/5.0 AppleWebKit/537.36 (KHTML, like Gecko; compatible; GPTBot/1.3; +https://openai.com/gptbot)"
74.7.227.21 - - [16/Apr/2026:00:35:47 +0200] "GET /images/s/posters/5933.jpg HTTP/1.1" 200 7781 "https://www.afish-ka.ru/cinema/films/5933/" "Mozilla/5.0 AppleWebKit/537.36 (KHTML, like Gecko; compatible; GPTBot/1.3; +https://openai.com/gptbot)"
74.7.227.21 - - [16/Apr/2026:00:35:48 +0200] "GET /images/b/posters/5933.jpg HTTP/1.1" 200 38650 "https://www.afish-ka.ru/cinema/films/5933/" "Mozilla/5.0 AppleWebKit/537.36 (KHTML, like Gecko; compatible; GPTBot/1.3; +https://openai.com/gptbot)"
45.147.226.231 - - [16/Apr/2026:00:35:48 +0200] "GET /cinema/films/2687/opinions/cinema/films/2687/opinions/add/cinema/films/2687/opinions/add/?parent=25650 HTTP/1.1" 200 10727 "-" "Mozilla/5.0 (Macintosh; Intel Mac OS X 10_15_7) AppleWebKit/537.36 (KHTML, like Gecko) Chrome/142.0.0.0 Safari/537.36"
74.7.227.21 - - [16/Apr/2026:00:35:48 +0200] "GET /cinema/films/5709/ HTTP/1.1" 200 6798 "https://www.afish-ka.ru/19-12-2020/" "Mozilla/5.0 AppleWebKit/537.36 (KHTML, like Gecko; compatible; GPTBot/1.3; +https://openai.com/gptbot)"
74.7.227.21 - - [16/Apr/2026:00:35:49 +0200] "GET /cinema/films/5726/ HTTP/1.1" 200 6545 "https://www.afish-ka.ru/19-12-2020/" "Mozilla/5.0 AppleWebKit/537.36 (KHTML, like Gecko; compatible; GPTBot/1.3; +https://openai.com/gptbot)"
45.147.226.231 - - [16/Apr/2026:00:35:49 +0200] "GET /i/mba/css/mba.css HTTP/1.1" 200 1384 "https://www.afish-ka.ru/cinema/films/2687/opinions/cinema/films/2687/opinions/add/cinema/films/2687/opinions/add/?parent=25650" "Mozilla/5.0 (Macintosh; Intel Mac OS X 10_15_7) AppleWebKit/537.36 (KHTML, like Gecko) Chrome/142.0.0.0 Safari/537.36"
85.208.96.207 - - [16/Apr/2026:00:35:49 +0200] "GET /cinema/films/2304/opinions/add/?parent=23632 HTTP/1.1" 200 9519 "-" "Mozilla/5.0 (compatible; SemrushBot/7~bl; +http://www.semrush.com/bot.html)"
74.7.227.21 - - [16/Apr/2026:00:35:49 +0200] "GET /cinema/films/6081/ HTTP/1.1" 200 6617 "https://www.afish-ka.ru/19-01-2022/" "Mozilla/5.0 AppleWebKit/537.36 (KHTML, like Gecko; compatible; GPTBot/1.3; +https://openai.com/gptbot)"
74.7.227.21 - - [16/Apr/2026:00:35:50 +0200] "GET /cinema/films/6079/ HTTP/1.1" 200 6758 "https://www.afish-ka.ru/19-01-2022/" "Mozilla/5.0 AppleWebKit/537.36 (KHTML, like Gecko; compatible; GPTBot/1.3; +https://openai.com/gptbot)"
74.7.227.21 - - [16/Apr/2026:00:35:51 +0200] "GET /cinema/films/5719/ HTTP/1.1" 200 6670 "https://www.afish-ka.ru/19-12-2020/" "Mozilla/5.0 AppleWebKit/537.36 (KHTML, like Gecko; compatible; GPTBot/1.3; +https://openai.com/gptbot)"
5.39.1.251 - - [16/Apr/2026:00:35:51 +0200] "GET /exhibition/actions/2312/opinions/add/?parent=22996 HTTP/1.1" 200 9531 "-" "Mozilla/5.0 (compatible; AhrefsBot/7.0; +http://ahrefs.com/robot/)"
74.7.227.21 - - [16/Apr/2026:00:35:51 +0200] "GET /cinema/films/5708/ HTTP/1.1" 200 6645 "https://www.afish-ka.ru/19-12-2020/" "Mozilla/5.0 AppleWebKit/537.36 (KHTML, like Gecko; compatible; GPTBot/1.3; +https://openai.com/gptbot)"
74.7.227.21 - - [16/Apr/2026:00:35:52 +0200] "GET /cinema/films/5697/ HTTP/1.1" 200 6901 "https://www.afish-ka.ru/19-12-2020/" "Mozilla/5.0 AppleWebKit/537.36 (KHTML, like Gecko; compatible; GPTBot/1.3; +https://openai.com/gptbot)"
74.7.227.21 - - [16/Apr/2026:00:35:52 +0200] "GET /images/b/actions/1017_4.jpg HTTP/1.1" 200 56824 "https://sti-club.su" "Mozilla/5.0 AppleWebKit/537.36 (KHTML, like Gecko; compatible; GPTBot/1.3; +https://openai.com/gptbot)"
74.7.227.21 - - [16/Apr/2026:00:35:53 +0200] "GET /cinema/films/5724/ HTTP/1.1" 200 6818 "https://www.afish-ka.ru/19-12-2020/" "Mozilla/5.0 AppleWebKit/537.36 (KHTML, like Gecko; compatible; GPTBot/1.3; +https://openai.com/gptbot)"
185.191.171.17 - - [16/Apr/2026:00:35:53 +0200] "GET /cinema/films/3579/opinions/add/?parent=33210 HTTP/1.1" 200 9513 "-" "Mozilla/5.0 (compatible; SemrushBot/7~bl; +http://www.semrush.com/bot.html)"
74.7.227.21 - - [16/Apr/2026:00:35:54 +0200] "GET /cinema/films/5704/ HTTP/1.1" 200 6558 "https://www.afish-ka.ru/19-12-2020/" "Mozilla/5.0 AppleWebKit/537.36 (KHTML, like Gecko; compatible; GPTBot/1.3; +https://openai.com/gptbot)"
74.7.227.21 - - [16/Apr/2026:00:35:54 +0200] "GET /cinema/films/5718/ HTTP/1.1" 200 6867 "https://www.afish-ka.ru/19-12-2020/" "Mozilla/5.0 AppleWebKit/537.36 (KHTML, like Gecko; compatible; GPTBot/1.3; +https://openai.com/gptbot)"
74.7.227.21 - - [16/Apr/2026:00:35:55 +0200] "GET /images/b/actions/5709_5.jpg HTTP/1.1" 200 64279 "https://www.afish-ka.ru/cinema/films/5709/" "Mozilla/5.0 AppleWebKit/537.36 (KHTML, like Gecko; compatible; GPTBot/1.3; +https://openai.com/gptbot)"
74.7.227.21 - - [16/Apr/2026:00:35:55 +0200] "GET /images/b/actions/5709_2.jpg HTTP/1.1" 200 29579 "https://www.afish-ka.ru/cinema/films/5709/" "Mozilla/5.0 AppleWebKit/537.36 (KHTML, like Gecko; compatible; GPTBot/1.3; +https://openai.com/gptbot)"
74.7.227.21 - - [16/Apr/2026:00:35:56 +0200] "GET /images/b/actions/6081_2.jpg HTTP/1.1" 200 36680 "https://www.afish-ka.ru/cinema/films/6081/" "Mozilla/5.0 AppleWebKit/537.36 (KHTML, like Gecko; compatible; GPTBot/1.3; +https://openai.com/gptbot)"
74.7.227.21 - - [16/Apr/2026:00:35:56 +0200] "GET /images/b/actions/6081_4.jpg HTTP/1.1" 200 35651 "https://www.afish-ka.ru/cinema/films/6081/" "Mozilla/5.0 AppleWebKit/537.36 (KHTML, like Gecko; compatible; GPTBot/1.3; +https://openai.com/gptbot)"
185.191.171.7 - - [16/Apr/2026:00:35:56 +0200] "GET /concert_hall/actions/1643/opinions/add/?parent=17203 HTTP/1.1" 200 9514 "-" "Mozilla/5.0 (compatible; SemrushBot/7~bl; +http://www.semrush.com/bot.html)"
74.7.227.21 - - [16/Apr/2026:00:35:57 +0200] "GET /images/b/actions/6079_4.jpg HTTP/1.1" 200 34217 "https://www.afish-ka.ru/cinema/films/6079/" "Mozilla/5.0 AppleWebKit/537.36 (KHTML, like Gecko; compatible; GPTBot/1.3; +https://openai.com/gptbot)"
74.7.227.21 - - [16/Apr/2026:00:35:57 +0200] "GET /images/b/actions/5708_4.jpg HTTP/1.1" 200 47413 "https://www.afish-ka.ru/cinema/films/5708/" "Mozilla/5.0 AppleWebKit/537.36 (KHTML, like Gecko; compatible; GPTBot/1.3; +https://openai.com/gptbot)"
74.7.227.21 - - [16/Apr/2026:00:35:58 +0200] "GET /images/s/actions/5708_5.jpg HTTP/1.1" 200 5710 "https://www.afish-ka.ru/cinema/films/5708/" "Mozilla/5.0 AppleWebKit/537.36 (KHTML, like Gecko; compatible; GPTBot/1.3; +https://openai.com/gptbot)"
74.7.227.21 - - [16/Apr/2026:00:35:58 +0200] "GET /images/s/actions/6081_5.jpg HTTP/1.1" 200 5885 "https://www.afish-ka.ru/cinema/films/6081/" "Mozilla/5.0 AppleWebKit/537.36 (KHTML, like Gecko; compatible; GPTBot/1.3; +https://openai.com/gptbot)"
74.7.227.21 - - [16/Apr/2026:00:35:59 +0200] "GET /images/b/actions/5724_1.jpg HTTP/1.1" 200 25046 "https://www.afish-ka.ru/cinema/films/5724/" "Mozilla/5.0 AppleWebKit/537.36 (KHTML, like Gecko; compatible; GPTBot/1.3; +https://openai.com/gptbot)"
220.181.108.94 - - [16/Apr/2026:00:35:59 +0200] "GET /images/b/actions/6146_1.jpg HTTP/1.1" 200 70109 "-" "Baiduspider-image+(+http://www.baidu.com/search/spider.htm)"
220.181.108.145 - - [16/Apr/2026:00:35:59 +0200] "GET /cinema/films/2450/opinions/add/?parent=24808 HTTP/1.1" 200 5704 "-" "Mozilla/5.0 (Linux;u;Android 4.2.2;zh-cn;) AppleWebKit/534.46 (KHTML,like Gecko) Version/5.1 Mobile Safari/10600.6.3 (compatible; Baiduspider/2.0; +http://www.baidu.com/search/spider.html)"
74.7.227.21 - - [16/Apr/2026:00:36:00 +0200] "GET /images/s/actions/5704_2.jpg HTTP/1.1" 200 6992 "https://www.afish-ka.ru/cinema/films/5704/" "Mozilla/5.0 AppleWebKit/537.36 (KHTML, like Gecko; compatible; GPTBot/1.3; +https://openai.com/gptbot)"
116.179.32.111 - - [16/Apr/2026:00:35:59 +0200] "GET /cinema/films/6144/ HTTP/1.1" 200 6720 "-" "Mozilla/5.0 (compatible; Baiduspider/2.0; +http://www.baidu.com/search/spider.html)"
74.7.227.21 - - [16/Apr/2026:00:36:00 +0200] "GET /images/s/actions/5718_4.jpg HTTP/1.1" 200 6978 "https://www.afish-ka.ru/cinema/films/5718/" "Mozilla/5.0 AppleWebKit/537.36 (KHTML, like Gecko; compatible; GPTBot/1.3; +https://openai.com/gptbot)"
116.179.32.51 - - [16/Apr/2026:00:36:00 +0200] "GET /images/b/actions/3281_3.jpg HTTP/1.1" 200 25021 "-" "Baiduspider-image+(+http://www.baidu.com/search/spider.htm)"
116.179.32.154 - - [16/Apr/2026:00:36:00 +0200] "GET /cafe/37/opinions/ HTTP/1.1" 200 76321 "-" "Mozilla/5.0 (compatible; Baiduspider/2.0; +http://www.baidu.com/search/spider.html)"
74.7.227.21 - - [16/Apr/2026:00:36:01 +0200] "GET /images/s/actions/5718_3.jpg HTTP/1.1" 200 5175 "https://www.afish-ka.ru/cinema/films/5718/" "Mozilla/5.0 AppleWebKit/537.36 (KHTML, like Gecko; compatible; GPTBot/1.3; +https://openai.com/gptbot)"
74.7.227.21 - - [16/Apr/2026:00:36:01 +0200] "GET /images/s/actions/5718_2.jpg HTTP/1.1" 200 7064 "https://www.afish-ka.ru/cinema/films/5718/" "Mozilla/5.0 AppleWebKit/537.36 (KHTML, like Gecko; compatible; GPTBot/1.3; +https://openai.com/gptbot)"
220.181.108.111 - - [16/Apr/2026:00:36:01 +0200] "GET /cinema/films/3663/opinions/add/?parent=33618 HTTP/1.1" 200 9550 "-" "Mozilla/5.0 (compatible; Baiduspider/2.0; +http://www.baidu.com/search/spider.html)"
74.7.227.21 - - [16/Apr/2026:00:36:02 +0200] "GET /images/s/actions/5708_2.jpg HTTP/1.1" 200 4631 "https://www.afish-ka.ru/cinema/films/5708/" "Mozilla/5.0 AppleWebKit/537.36 (KHTML, like Gecko; compatible; GPTBot/1.3; +https://openai.com/gptbot)"
74.7.227.21 - - [16/Apr/2026:00:36:02 +0200] "GET /images/b/actions/5724_5.jpg HTTP/1.1" 200 31003 "https://www.afish-ka.ru/cinema/films/5724/" "Mozilla/5.0 AppleWebKit/537.36 (KHTML, like Gecko; compatible; GPTBot/1.3; +https://openai.com/gptbot)"
220.181.108.174 - - [16/Apr/2026:00:36:02 +0200] "GET /cinema/films/143/ HTTP/1.1" 200 6862 "-" "Mozilla/5.0 (compatible; Baiduspider/2.0; +http://www.baidu.com/search/spider.html)"
74.7.227.21 - - [16/Apr/2026:00:36:03 +0200] "GET /images/b/actions/6081_3.jpg HTTP/1.1" 200 54825 "https://www.afish-ka.ru/cinema/films/6081/" "Mozilla/5.0 AppleWebKit/537.36 (KHTML, like Gecko; compatible; GPTBot/1.3; +https://openai.com/gptbot)"
74.7.227.21 - - [16/Apr/2026:00:36:03 +0200] "GET /images/s/actions/5726_2.jpg HTTP/1.1" 200 6577 "https://www.afish-ka.ru/cinema/films/5726/" "Mozilla/5.0 AppleWebKit/537.36 (KHTML, like Gecko; compatible; GPTBot/1.3; +https://openai.com/gptbot)"
74.7.227.21 - - [16/Apr/2026:00:36:04 +0200] "GET /images/b/actions/5704_4.jpg HTTP/1.1" 200 86211 "https://www.afish-ka.ru/cinema/films/5704/" "Mozilla/5.0 AppleWebKit/537.36 (KHTML, like Gecko; compatible; GPTBot/1.3; +https://openai.com/gptbot)"
74.7.227.21 - - [16/Apr/2026:00:36:04 +0200] "GET /images/b/actions/5709_3.jpg HTTP/1.1" 200 39101 "https://www.afish-ka.ru/cinema/films/5709/" "Mozilla/5.0 AppleWebKit/537.36 (KHTML, like Gecko; compatible; GPTBot/1.3; +https://openai.com/gptbot)"
74.7.227.21 - - [16/Apr/2026:00:36:05 +0200] "GET /images/s/actions/5719_3.jpg HTTP/1.1" 200 5651 "https://www.afish-ka.ru/cinema/films/5719/" "Mozilla/5.0 AppleWebKit/537.36 (KHTML, like Gecko; compatible; GPTBot/1.3; +https://openai.com/gptbot)"
74.7.227.21 - - [16/Apr/2026:00:36:05 +0200] "GET /images/b/actions/5704_1.jpg HTTP/1.1" 200 97273 "https://www.afish-ka.ru/cinema/films/5704/" "Mozilla/5.0 AppleWebKit/537.36 (KHTML, like Gecko; compatible; GPTBot/1.3; +https://openai.com/gptbot)"
74.7.227.21 - - [16/Apr/2026:00:36:06 +0200] "GET /images/s/actions/5704_3.jpg HTTP/1.1" 200 8297 "https://www.afish-ka.ru/cinema/films/5704/" "Mozilla/5.0 AppleWebKit/537.36 (KHTML, like Gecko; compatible; GPTBot/1.3; +https://openai.com/gptbot)"
74.7.227.21 - - [16/Apr/2026:00:36:06 +0200] "GET /images/b/actions/5726_2.jpg HTTP/1.1" 200 53620 "https://www.afish-ka.ru/cinema/films/5726/" "Mozilla/5.0 AppleWebKit/537.36 (KHTML, like Gecko; compatible; GPTBot/1.3; +https://openai.com/gptbot)"
74.7.227.21 - - [16/Apr/2026:00:36:07 +0200] "GET /images/b/actions/6081_5.jpg HTTP/1.1" 200 48163 "https://www.afish-ka.ru/cinema/films/6081/" "Mozilla/5.0 AppleWebKit/537.36 (KHTML, like Gecko; compatible; GPTBot/1.3; +https://openai.com/gptbot)"
74.7.227.21 - - [16/Apr/2026:00:36:07 +0200] "GET /images/b/actions/5718_4.jpg HTTP/1.1" 200 43872 "https://www.afish-ka.ru/cinema/films/5718/" "Mozilla/5.0 AppleWebKit/537.36 (KHTML, like Gecko; compatible; GPTBot/1.3; +https://openai.com/gptbot)"
74.7.227.21 - - [16/Apr/2026:00:36:08 +0200] "GET /images/s/actions/5726_4.jpg HTTP/1.1" 200 5538 "https://www.afish-ka.ru/cinema/films/5726/" "Mozilla/5.0 AppleWebKit/537.36 (KHTML, like Gecko; compatible; GPTBot/1.3; +https://openai.com/gptbot)"
74.7.227.21 - - [16/Apr/2026:00:36:09 +0200] "GET /images/s/actions/5719_5.jpg HTTP/1.1" 200 5036 "https://www.afish-ka.ru/cinema/films/5719/" "Mozilla/5.0 AppleWebKit/537.36 (KHTML, like Gecko; compatible; GPTBot/1.3; +https://openai.com/gptbot)"
74.7.227.21 - - [16/Apr/2026:00:36:09 +0200] "GET /images/b/actions/5719_4.jpg HTTP/1.1" 200 37729 "https://www.afish-ka.ru/cinema/films/5719/" "Mozilla/5.0 AppleWebKit/537.36 (KHTML, like Gecko; compatible; GPTBot/1.3; +https://openai.com/gptbot)"
74.7.227.21 - - [16/Apr/2026:00:36:10 +0200] "GET /images/b/actions/5718_5.jpg HTTP/1.1" 200 41111 "https://www.afish-ka.ru/cinema/films/5718/" "Mozilla/5.0 AppleWebKit/537.36 (KHTML, like Gecko; compatible; GPTBot/1.3; +https://openai.com/gptbot)"
