74.7.227.21 - - [16/Apr/2026:00:36:10 +0200] "GET /images/b/actions/5719_1.jpg HTTP/1.1" 200 27456 "https://www.afish-ka.ru/cinema/films/5719/" "Mozilla/5.0 AppleWebKit/537.36 (KHTML, like Gecko; compatible; GPTBot/1.3; +https://openai.com/gptbot)"
74.7.227.21 - - [16/Apr/2026:00:36:11 +0200] "GET /images/b/actions/5724_2.jpg HTTP/1.1" 200 29546 "https://www.afish-ka.ru/cinema/films/5724/" "Mozilla/5.0 AppleWebKit/537.36 (KHTML, like Gecko; compatible; GPTBot/1.3; +https://openai.com/gptbot)"
74.7.227.21 - - [16/Apr/2026:00:36:11 +0200] "GET /images/b/actions/5719_5.jpg HTTP/1.1" 200 32240 "https://www.afish-ka.ru/cinema/films/5719/" "Mozilla/5.0 AppleWebKit/537.36 (KHTML, like Gecko; compatible; GPTBot/1.3; +https://openai.com/gptbot)"
74.7.227.21 - - [16/Apr/2026:00:36:12 +0200] "GET /images/b/actions/5726_5.jpg HTTP/1.1" 200 42974 "https://www.afish-ka.ru/cinema/films/5726/" "Mozilla/5.0 AppleWebKit/537.36 (KHTML, like Gecko; compatible; GPTBot/1.3; +https://openai.com/gptbot)"
74.7.227.21 - - [16/Apr/2026:00:36:12 +0200] "GET /images/s/actions/5724_5.jpg HTTP/1.1" 200 4438 "https://www.afish-ka.ru/cinema/films/5724/" "Mozilla/5.0 AppleWebKit/537.36 (KHTML, like Gecko; compatible; GPTBot/1.3; +https://openai.com/gptbot)"
74.7.227.21 - - [16/Apr/2026:00:36:13 +0200] "GET /images/s/actions/5718_5.jpg HTTP/1.1" 200 6035 "https://www.afish-ka.ru/cinema/films/5718/" "Mozilla/5.0 AppleWebKit/537.36 (KHTML, like Gecko; compatible; GPTBot/1.3; +https://openai.com/gptbot)"
92.222.108.98 - - [16/Apr/2026:00:36:13 +0200] "GET /cinema/2/opinions/add/?parent=31120 HTTP/1.1" 200 9516 "-" "Mozilla/5.0 (compatible; AhrefsBot/7.0; +http://ahrefs.com/robot/)"
74.7.227.21 - - [16/Apr/2026:00:36:13 +0200] "GET /images/s/actions/6081_4.jpg HTTP/1.1" 200 4762 "https://www.afish-ka.ru/cinema/films/6081/" "Mozilla/5.0 AppleWebKit/537.36 (KHTML, like Gecko; compatible; GPTBot/1.3; +https://openai.com/gptbot)"
74.7.227.21 - - [16/Apr/2026:00:36:14 +0200] "GET /images/b/actions/5724_4.jpg HTTP/1.1" 200 25330 "https://www.afish-ka.ru/cinema/films/5724/" "Mozilla/5.0 AppleWebKit/537.36 (KHTML, like Gecko; compatible; GPTBot/1.3; +https://openai.com/gptbot)"
116.179.32.95 - - [16/Apr/2026:00:36:14 +0200] "GET /images/s/actions/4988_2.jpg HTTP/1.1" 200 11445 "-" "Baiduspider-image+(+http://www.baidu.com/search/spider.htm)"
74.7.227.21 - - [16/Apr/2026:00:36:14 +0200] "GET /images/s/actions/5704_5.jpg HTTP/1.1" 200 6156 "https://www.afish-ka.ru/cinema/films/5704/" "Mozilla/5.0 AppleWebKit/537.36 (KHTML, like Gecko; compatible; GPTBot/1.3; +https://openai.com/gptbot)"
220.181.108.158 - - [16/Apr/2026:00:36:14 +0200] "GET /images/b/actions/4753_4.jpg HTTP/1.1" 200 43239 "-" "Baiduspider-image+(+http://www.baidu.com/search/spider.htm)"
116.179.32.133 - - [16/Apr/2026:00:36:15 +0200] "GET /images/s/actions/4738_1.jpg HTTP/1.1" 200 8482 "-" "Baiduspider-image+(+http://www.baidu.com/search/spider.htm)"
74.7.227.21 - - [16/Apr/2026:00:36:15 +0200] "GET /images/s/actions/6079_5.jpg HTTP/1.1" 200 5122 "https://www.afish-ka.ru/cinema/films/6079/" "Mozilla/5.0 AppleWebKit/537.36 (KHTML, like Gecko; compatible; GPTBot/1.3; +https://openai.com/gptbot)"
74.7.227.21 - - [16/Apr/2026:00:36:15 +0200] "GET /images/b/actions/5719_2.jpg HTTP/1.1" 200 24497 "https://www.afish-ka.ru/cinema/films/5719/" "Mozilla/5.0 AppleWebKit/537.36 (KHTML, like Gecko; compatible; GPTBot/1.3; +https://openai.com/gptbot)"
114.119.156.115 - - [16/Apr/2026:00:36:15 +0200] "GET /cinema/2/opinions/add?parent=31655 HTTP/1.1" 200 75801 "https://www.afish-ka.ru/cinema/2/opinions/add?parent=31116" "Mozilla/5.0 (Linux; Android 7.0;) AppleWebKit/537.36 (KHTML, like Gecko) Mobile Safari/537.36 (compatible; PetalBot;+https://webmaster.petalsearch.com/site/petalbot)"
74.7.227.21 - - [16/Apr/2026:00:36:16 +0200] "GET /images/s/actions/5724_4.jpg HTTP/1.1" 200 4060 "https://www.afish-ka.ru/cinema/films/5724/" "Mozilla/5.0 AppleWebKit/537.36 (KHTML, like Gecko; compatible; GPTBot/1.3; +https://openai.com/gptbot)"
74.7.227.21 - - [16/Apr/2026:00:36:16 +0200] "GET /images/s/actions/5726_5.jpg HTTP/1.1" 200 5049 "https://www.afish-ka.ru/cinema/films/5726/" "Mozilla/5.0 AppleWebKit/537.36 (KHTML, like Gecko; compatible; GPTBot/1.3; +https://openai.com/gptbot)"
74.7.227.21 - - [16/Apr/2026:00:36:17 +0200] "GET /images/s/actions/5709_2.jpg HTTP/1.1" 200 5991 "https://www.afish-ka.ru/cinema/films/5709/" "Mozilla/5.0 AppleWebKit/537.36 (KHTML, like Gecko; compatible; GPTBot/1.3; +https://openai.com/gptbot)"
74.7.227.21 - - [16/Apr/2026:00:36:17 +0200] "GET /images/b/actions/5704_3.jpg HTTP/1.1" 200 82797 "https://www.afish-ka.ru/cinema/films/5704/" "Mozilla/5.0 AppleWebKit/537.36 (KHTML, like Gecko; compatible; GPTBot/1.3; +https://openai.com/gptbot)"
74.7.227.21 - - [16/Apr/2026:00:36:18 +0200] "GET /images/s/actions/5726_3.jpg HTTP/1.1" 200 6629 "https://www.afish-ka.ru/cinema/films/5726/" "Mozilla/5.0 AppleWebKit/537.36 (KHTML, like Gecko; compatible; GPTBot/1.3; +https://openai.com/gptbot)"
74.7.227.21 - - [16/Apr/2026:00:36:18 +0200] "GET /images/s/actions/5709_4.jpg HTTP/1.1" 200 7628 "https://www.afish-ka.ru/cinema/films/5709/" "Mozilla/5.0 AppleWebKit/537.36 (KHTML, like Gecko; compatible; GPTBot/1.3; +https://openai.com/gptbot)"
74.7.227.21 - - [16/Apr/2026:00:36:19 +0200] "GET /images/b/actions/5718_3.jpg HTTP/1.1" 200 40328 "https://www.afish-ka.ru/cinema/films/5718/" "Mozilla/5.0 AppleWebKit/537.36 (KHTML, like Gecko; compatible; GPTBot/1.3; +https://openai.com/gptbot)"
74.7.227.21 - - [16/Apr/2026:00:36:20 +0200] "GET /images/b/actions/6081_1.jpg HTTP/1.1" 200 28015 "https://www.afish-ka.ru/cinema/films/6081/" "Mozilla/5.0 AppleWebKit/537.36 (KHTML, like Gecko; compatible; GPTBot/1.3; +https://openai.com/gptbot)"
74.7.227.21 - - [16/Apr/2026:00:36:20 +0200] "GET /images/b/actions/5708_5.jpg HTTP/1.1" 200 45400 "https://www.afish-ka.ru/cinema/films/5708/" "Mozilla/5.0 AppleWebKit/537.36 (KHTML, like Gecko; compatible; GPTBot/1.3; +https://openai.com/gptbot)"
74.7.227.21 - - [16/Apr/2026:00:36:21 +0200] "GET /images/b/actions/5708_3.jpg HTTP/1.1" 200 47540 "https://www.afish-ka.ru/cinema/films/5708/" "Mozilla/5.0 AppleWebKit/537.36 (KHTML, like Gecko; compatible; GPTBot/1.3; +https://openai.com/gptbot)"
74.7.227.21 - - [16/Apr/2026:00:36:21 +0200] "GET /images/s/actions/6079_4.jpg HTTP/1.1" 200 5454 "https://www.afish-ka.ru/cinema/films/6079/" "Mozilla/5.0 AppleWebKit/537.36 (KHTML, like Gecko; compatible; GPTBot/1.3; +https://openai.com/gptbot)"
74.7.227.21 - - [16/Apr/2026:00:36:22 +0200] "GET /images/b/actions/5708_2.jpg HTTP/1.1" 200 37892 "https://www.afish-ka.ru/cinema/films/5708/" "Mozilla/5.0 AppleWebKit/537.36 (KHTML, like Gecko; compatible; GPTBot/1.3; +https://openai.com/gptbot)"
74.7.227.21 - - [16/Apr/2026:00:36:22 +0200] "GET /images/s/actions/5719_4.jpg HTTP/1.1" 200 5399 "https://www.afish-ka.ru/cinema/films/5719/" "Mozilla/5.0 AppleWebKit/537.36 (KHTML, like Gecko; compatible; GPTBot/1.3; +https://openai.com/gptbot)"
74.7.227.21 - - [16/Apr/2026:00:36:23 +0200] "GET /images/b/actions/5724_3.jpg HTTP/1.1" 200 53914 "https://www.afish-ka.ru/cinema/films/5724/" "Mozilla/5.0 AppleWebKit/537.36 (KHTML, like Gecko; compatible; GPTBot/1.3; +https://openai.com/gptbot)"
74.7.227.21 - - [16/Apr/2026:00:36:23 +0200] "GET /images/s/actions/6081_3.jpg HTTP/1.1" 200 6465 "https://www.afish-ka.ru/cinema/films/6081/" "Mozilla/5.0 AppleWebKit/537.36 (KHTML, like Gecko; compatible; GPTBot/1.3; +https://openai.com/gptbot)"
74.7.227.21 - - [16/Apr/2026:00:36:24 +0200] "GET /images/s/actions/6081_2.jpg HTTP/1.1" 200 5876 "https://www.afish-ka.ru/cinema/films/6081/" "Mozilla/5.0 AppleWebKit/537.36 (KHTML, like Gecko; compatible; GPTBot/1.3; +https://openai.com/gptbot)"
74.7.227.21 - - [16/Apr/2026:00:36:24 +0200] "GET /images/b/actions/6079_2.jpg HTTP/1.1" 200 42016 "https://www.afish-ka.ru/cinema/films/6079/" "Mozilla/5.0 AppleWebKit/537.36 (KHTML, like Gecko; compatible; GPTBot/1.3; +https://openai.com/gptbot)"
74.7.227.21 - - [16/Apr/2026:00:36:25 +0200] "GET /images/s/actions/5724_2.jpg HTTP/1.1" 200 4721 "https://www.afish-ka.ru/cinema/films/5724/" "Mozilla/5.0 AppleWebKit/537.36 (KHTML, like Gecko; compatible; GPTBot/1.3; +https://openai.com/gptbot)"
74.7.227.21 - - [16/Apr/2026:00:36:25 +0200] "GET /images/b/actions/5726_1.jpg HTTP/1.1" 200 47478 "https://www.afish-ka.ru/cinema/films/5726/" "Mozilla/5.0 AppleWebKit/537.36 (KHTML, like Gecko; compatible; GPTBot/1.3; +https://openai.com/gptbot)"
74.7.227.21 - - [16/Apr/2026:00:36:26 +0200] "GET /images/s/actions/5709_5.jpg HTTP/1.1" 200 7974 "https://www.afish-ka.ru/cinema/films/5709/" "Mozilla/5.0 AppleWebKit/537.36 (KHTML, like Gecko; compatible; GPTBot/1.3; +https://openai.com/gptbot)"
74.7.227.21 - - [16/Apr/2026:00:36:27 +0200] "GET /images/b/actions/5704_5.jpg HTTP/1.1" 200 70060 "https://www.afish-ka.ru/cinema/films/5704/" "Mozilla/5.0 AppleWebKit/537.36 (KHTML, like Gecko; compatible; GPTBot/1.3; +https://openai.com/gptbot)"
185.191.171.13 - - [16/Apr/2026:00:36:27 +0200] "GET /concert_hall/167/opinions/add/?parent=50192 HTTP/1.1" 200 9529 "-" "Mozilla/5.0 (compatible; SemrushBot/7~bl; +http://www.semrush.com/bot.html)"
74.7.227.21 - - [16/Apr/2026:00:36:27 +0200] "GET /images/b/actions/6079_5.jpg HTTP/1.1" 200 36071 "https://www.afish-ka.ru/cinema/films/6079/" "Mozilla/5.0 AppleWebKit/537.36 (KHTML, like Gecko; compatible; GPTBot/1.3; +https://openai.com/gptbot)"
74.7.227.21 - - [16/Apr/2026:00:36:28 +0200] "GET /images/s/actions/5724_3.jpg HTTP/1.1" 200 5700 "https://www.afish-ka.ru/cinema/films/5724/" "Mozilla/5.0 AppleWebKit/537.36 (KHTML, like Gecko; compatible; GPTBot/1.3; +https://openai.com/gptbot)"
74.7.227.21 - - [16/Apr/2026:00:36:28 +0200] "GET /images/s/actions/5704_4.jpg HTTP/1.1" 200 8266 "https://www.afish-ka.ru/cinema/films/5704/" "Mozilla/5.0 AppleWebKit/537.36 (KHTML, like Gecko; compatible; GPTBot/1.3; +https://openai.com/gptbot)"
74.7.227.21 - - [16/Apr/2026:00:36:29 +0200] "GET /images/b/actions/5708_1.jpg HTTP/1.1" 200 38038 "https://www.afish-ka.ru/cinema/films/5708/" "Mozilla/5.0 AppleWebKit/537.36 (KHTML, like Gecko; compatible; GPTBot/1.3; +https://openai.com/gptbot)"
74.7.227.21 - - [16/Apr/2026:00:36:29 +0200] "GET /images/s/actions/5719_2.jpg HTTP/1.1" 200 3963 "https://www.afish-ka.ru/cinema/films/5719/" "Mozilla/5.0 AppleWebKit/537.36 (KHTML, like Gecko; compatible; GPTBot/1.3; +https://openai.com/gptbot)"
74.7.227.21 - - [16/Apr/2026:00:36:30 +0200] "GET /images/b/actions/5718_1.jpg HTTP/1.1" 200 44912 "https://www.afish-ka.ru/cinema/films/5718/" "Mozilla/5.0 AppleWebKit/537.36 (KHTML, like Gecko; compatible; GPTBot/1.3; +https://openai.com/gptbot)"
74.7.227.21 - - [16/Apr/2026:00:36:30 +0200] "GET /images/b/actions/5709_4.jpg HTTP/1.1" 200 51081 "https://www.afish-ka.ru/cinema/films/5709/" "Mozilla/5.0 AppleWebKit/537.36 (KHTML, like Gecko; compatible; GPTBot/1.3; +https://openai.com/gptbot)"
74.7.227.21 - - [16/Apr/2026:00:36:31 +0200] "GET /images/b/actions/5726_3.jpg HTTP/1.1" 200 52909 "https://www.afish-ka.ru/cinema/films/5726/" "Mozilla/5.0 AppleWebKit/537.36 (KHTML, like Gecko; compatible; GPTBot/1.3; +https://openai.com/gptbot)"
74.7.227.21 - - [16/Apr/2026:00:36:31 +0200] "GET /images/s/actions/5709_3.jpg HTTP/1.1" 200 6871 "https://www.afish-ka.ru/cinema/films/5709/" "Mozilla/5.0 AppleWebKit/537.36 (KHTML, like Gecko; compatible; GPTBot/1.3; +https://openai.com/gptbot)"
74.7.227.21 - - [16/Apr/2026:00:36:32 +0200] "GET /images/b/actions/5718_2.jpg HTTP/1.1" 200 49657 "https://www.afish-ka.ru/cinema/films/5718/" "Mozilla/5.0 AppleWebKit/537.36 (KHTML, like Gecko; compatible; GPTBot/1.3; +https://openai.com/gptbot)"
74.7.227.21 - - [16/Apr/2026:00:36:32 +0200] "GET /images/s/actions/6079_3.jpg HTTP/1.1" 200 5317 "https://www.afish-ka.ru/cinema/films/6079/" "Mozilla/5.0 AppleWebKit/537.36 (KHTML, like Gecko; compatible; GPTBot/1.3; +https://openai.com/gptbot)"
74.7.227.21 - - [16/Apr/2026:00:36:33 +0200] "GET /images/b/actions/6079_3.jpg HTTP/1.1" 200 33018 "https://www.afish-ka.ru/cinema/films/6079/" "Mozilla/5.0 AppleWebKit/537.36 (KHTML, like Gecko; compatible; GPTBot/1.3; +https://openai.com/gptbot)"
74.7.227.21 - - [16/Apr/2026:00:36:33 +0200] "GET /images/s/actions/6079_2.jpg HTTP/1.1" 200 6360 "https://www.afish-ka.ru/cinema/films/6079/" "Mozilla/5.0 AppleWebKit/537.36 (KHTML, like Gecko; compatible; GPTBot/1.3; +https://openai.com/gptbot)"
74.7.227.21 - - [16/Apr/2026:00:36:34 +0200] "GET /images/b/actions/5719_3.jpg HTTP/1.1" 200 40783 "https://www.afish-ka.ru/cinema/films/5719/" "Mozilla/5.0 AppleWebKit/537.36 (KHTML, like Gecko; compatible; GPTBot/1.3; +https://openai.com/gptbot)"
85.208.96.211 - - [16/Apr/2026:00:36:34 +0200] "GET /cinema/films/81/opinions/add/ HTTP/1.1" 200 9534 "-" "Mozilla/5.0 (compatible; SemrushBot/7~bl; +http://www.semrush.com/bot.html)"
74.7.227.21 - - [16/Apr/2026:00:36:34 +0200] "GET /images/s/actions/5708_4.jpg HTTP/1.1" 200 4999 "https://www.afish-ka.ru/cinema/films/5708/" "Mozilla/5.0 AppleWebKit/537.36 (KHTML, like Gecko; compatible; GPTBot/1.3; +https://openai.com/gptbot)"
74.7.227.21 - - [16/Apr/2026:00:36:35 +0200] "GET /images/b/actions/5704_2.jpg HTTP/1.1" 200 72082 "https://www.afish-ka.ru/cinema/films/5704/" "Mozilla/5.0 AppleWebKit/537.36 (KHTML, like Gecko; compatible; GPTBot/1.3; +https://openai.com/gptbot)"
74.7.227.21 - - [16/Apr/2026:00:36:35 +0200] "GET /images/s/actions/5708_3.jpg HTTP/1.1" 200 5089 "https://www.afish-ka.ru/cinema/films/5708/" "Mozilla/5.0 AppleWebKit/537.36 (KHTML, like Gecko; compatible; GPTBot/1.3; +https://openai.com/gptbot)"
74.7.227.21 - - [16/Apr/2026:00:36:36 +0200] "GET /images/b/actions/5726_4.jpg HTTP/1.1" 200 50626 "https://www.afish-ka.ru/cinema/films/5726/" "Mozilla/5.0 AppleWebKit/537.36 (KHTML, like Gecko; compatible; GPTBot/1.3; +https://openai.com/gptbot)"
74.7.227.21 - - [16/Apr/2026:00:36:37 +0200] "GET /images/b/actions/6079_1.jpg HTTP/1.1" 200 25440 "https://www.afish-ka.ru/cinema/films/6079/" "Mozilla/5.0 AppleWebKit/537.36 (KHTML, like Gecko; compatible; GPTBot/1.3; +https://openai.com/gptbot)"
74.7.227.21 - - [16/Apr/2026:00:36:37 +0200] "GET /images/b/actions/5709_1.jpg HTTP/1.1" 200 44467 "https://www.afish-ka.ru/cinema/films/5709/" "Mozilla/5.0 AppleWebKit/537.36 (KHTML, like Gecko; compatible; GPTBot/1.3; +https://openai.com/gptbot)"
74.7.227.21 - - [16/Apr/2026:00:36:38 +0200] "GET /images/b/posters/5708.jpg HTTP/1.1" 200 61650 "https://www.afish-ka.ru/cinema/films/5708/" "Mozilla/5.0 AppleWebKit/537.36 (KHTML, like Gecko; compatible; GPTBot/1.3; +https://openai.com/gptbot)"
74.7.227.21 - - [16/Apr/2026:00:36:38 +0200] "GET /images/b/posters/5719.jpg HTTP/1.1" 200 66214 "https://www.afish-ka.ru/cinema/films/5719/" "Mozilla/5.0 AppleWebKit/537.36 (KHTML, like Gecko; compatible; GPTBot/1.3; +https://openai.com/gptbot)"
74.7.227.21 - - [16/Apr/2026:00:36:39 +0200] "GET /images/s/posters/5726.jpg HTTP/1.1" 200 9999 "https://www.afish-ka.ru/cinema/films/5726/" "Mozilla/5.0 AppleWebKit/537.36 (KHTML, like Gecko; compatible; GPTBot/1.3; +https://openai.com/gptbot)"
74.7.227.21 - - [16/Apr/2026:00:36:39 +0200] "GET /images/s/posters/5719.jpg HTTP/1.1" 200 14736 "https://www.afish-ka.ru/cinema/films/5719/" "Mozilla/5.0 AppleWebKit/537.36 (KHTML, like Gecko; compatible; GPTBot/1.3; +https://openai.com/gptbot)"
74.7.227.21 - - [16/Apr/2026:00:36:40 +0200] "GET /images/b/posters/6079.jpg HTTP/1.1" 200 88142 "https://www.afish-ka.ru/cinema/films/6079/" "Mozilla/5.0 AppleWebKit/537.36 (KHTML, like Gecko; compatible; GPTBot/1.3; +https://openai.com/gptbot)"
74.7.227.21 - - [16/Apr/2026:00:36:40 +0200] "GET /images/s/posters/6079.jpg HTTP/1.1" 200 16822 "https://www.afish-ka.ru/cinema/films/6079/" "Mozilla/5.0 AppleWebKit/537.36 (KHTML, like Gecko; compatible; GPTBot/1.3; +https://openai.com/gptbot)"
74.7.227.21 - - [16/Apr/2026:00:36:41 +0200] "GET /images/b/posters/5697.jpg HTTP/1.1" 200 84311 "https://www.afish-ka.ru/cinema/films/5697/" "Mozilla/5.0 AppleWebKit/537.36 (KHTML, like Gecko; compatible; GPTBot/1.3; +https://openai.com/gptbot)"
74.7.227.21 - - [16/Apr/2026:00:36:41 +0200] "GET /images/s/posters/6081.jpg HTTP/1.1" 200 15358 "https://www.afish-ka.ru/cinema/films/6081/" "Mozilla/5.0 AppleWebKit/537.36 (KHTML, like Gecko; compatible; GPTBot/1.3; +https://openai.com/gptbot)"
74.7.227.21 - - [16/Apr/2026:00:36:42 +0200] "GET /images/b/posters/5726.jpg HTTP/1.1" 200 48011 "https://www.afish-ka.ru/cinema/films/5726/" "Mozilla/5.0 AppleWebKit/537.36 (KHTML, like Gecko; compatible; GPTBot/1.3; +https://openai.com/gptbot)"
74.7.227.21 - - [16/Apr/2026:00:36:42 +0200] "GET /images/s/posters/5718.jpg HTTP/1.1" 200 17018 "https://www.afish-ka.ru/cinema/films/5718/" "Mozilla/5.0 AppleWebKit/537.36 (KHTML, like Gecko; compatible; GPTBot/1.3; +https://openai.com/gptbot)"
74.7.227.21 - - [16/Apr/2026:00:36:43 +0200] "GET /images/b/posters/6081.jpg HTTP/1.1" 200 78876 "https://www.afish-ka.ru/cinema/films/6081/" "Mozilla/5.0 AppleWebKit/537.36 (KHTML, like Gecko; compatible; GPTBot/1.3; +https://openai.com/gptbot)"
74.7.227.21 - - [16/Apr/2026:00:36:43 +0200] "GET /images/s/posters/5704.jpg HTTP/1.1" 200 16599 "https://www.afish-ka.ru/cinema/films/5704/" "Mozilla/5.0 AppleWebKit/537.36 (KHTML, like Gecko; compatible; GPTBot/1.3; +https://openai.com/gptbot)"
74.7.227.21 - - [16/Apr/2026:00:36:44 +0200] "GET /images/b/posters/5724.jpg HTTP/1.1" 200 79373 "https://www.afish-ka.ru/cinema/films/5724/" "Mozilla/5.0 AppleWebKit/537.36 (KHTML, like Gecko; compatible; GPTBot/1.3; +https://openai.com/gptbot)"
51.75.236.140 - - [16/Apr/2026:00:36:44 +0200] "GET /cafe/37/opinions/add/?parent=22073 HTTP/1.1" 200 9525 "-" "Mozilla/5.0 (compatible; AhrefsBot/7.0; +http://ahrefs.com/robot/)"
74.7.227.21 - - [16/Apr/2026:00:36:44 +0200] "GET /images/s/posters/5708.jpg HTTP/1.1" 200 13454 "https://www.afish-ka.ru/cinema/films/5708/" "Mozilla/5.0 AppleWebKit/537.36 (KHTML, like Gecko; compatible; GPTBot/1.3; +https://openai.com/gptbot)"
57.141.20.1 - - [16/Apr/2026:00:36:45 +0200] "GET /07-02-2026/ HTTP/1.1" 200 24944 "-" "meta-externalagent/1.1 (+https://developers.facebook.com/docs/sharing/webmasters/crawler)"
74.7.227.21 - - [16/Apr/2026:00:36:45 +0200] "GET /images/b/posters/5718.jpg HTTP/1.1" 200 100949 "https://www.afish-ka.ru/cinema/films/5718/" "Mozilla/5.0 AppleWebKit/537.36 (KHTML, like Gecko; compatible; GPTBot/1.3; +https://openai.com/gptbot)"
74.7.227.21 - - [16/Apr/2026:00:36:46 +0200] "GET /images/s/posters/5709.jpg HTTP/1.1" 200 17112 "https://www.afish-ka.ru/cinema/films/5709/" "Mozilla/5.0 AppleWebKit/537.36 (KHTML, like Gecko; compatible; GPTBot/1.3; +https://openai.com/gptbot)"
74.7.227.21 - - [16/Apr/2026:00:36:46 +0200] "GET /images/s/posters/5724.jpg HTTP/1.1" 200 14498 "https://www.afish-ka.ru/cinema/films/5724/" "Mozilla/5.0 AppleWebKit/537.36 (KHTML, like Gecko; compatible; GPTBot/1.3; +https://openai.com/gptbot)"
74.7.227.21 - - [16/Apr/2026:00:36:47 +0200] "GET /images/b/posters/5704.jpg HTTP/1.1" 200 86670 "https://www.afish-ka.ru/cinema/films/5704/" "Mozilla/5.0 AppleWebKit/537.36 (KHTML, like Gecko; compatible; GPTBot/1.3; +https://openai.com/gptbot)"
74.7.227.21 - - [16/Apr/2026:00:36:47 +0200] "GET /images/s/posters/5697.jpg HTTP/1.1" 200 17575 "https://www.afish-ka.ru/cinema/films/5697/" "Mozilla/5.0 AppleWebKit/537.36 (KHTML, like Gecko; compatible; GPTBot/1.3; +https://openai.com/gptbot)"
74.7.227.21 - - [16/Apr/2026:00:36:48 +0200] "GET /images/b/posters/5709.jpg HTTP/1.1" 200 94499 "https://www.afish-ka.ru/cinema/films/5709/" "Mozilla/5.0 AppleWebKit/537.36 (KHTML, like Gecko; compatible; GPTBot/1.3; +https://openai.com/gptbot)"
74.7.227.21 - - [16/Apr/2026:00:36:48 +0200] "GET /cinema/films/5720/ HTTP/1.1" 200 6950 "https://www.afish-ka.ru/19-12-2020/" "Mozilla/5.0 AppleWebKit/537.36 (KHTML, like Gecko; compatible; GPTBot/1.3; +https://openai.com/gptbot)"
74.7.227.21 - - [16/Apr/2026:00:36:49 +0200] "GET /cinema/films/6074/ HTTP/1.1" 200 6794 "https://www.afish-ka.ru/19-01-2022/" "Mozilla/5.0 AppleWebKit/537.36 (KHTML, like Gecko; compatible; GPTBot/1.3; +https://openai.com/gptbot)"
74.7.227.21 - - [16/Apr/2026:00:36:49 +0200] "GET /cinema/films/5729/ HTTP/1.1" 200 6736 "https://www.afish-ka.ru/19-12-2020/" "Mozilla/5.0 AppleWebKit/537.36 (KHTML, like Gecko; compatible; GPTBot/1.3; +https://openai.com/gptbot)"
74.7.227.21 - - [16/Apr/2026:00:36:50 +0200] "GET /cinema/films/5678/ HTTP/1.1" 200 6868 "https://www.afish-ka.ru/19-12-2020/" "Mozilla/5.0 AppleWebKit/537.36 (KHTML, like Gecko; compatible; GPTBot/1.3; +https://openai.com/gptbot)"
74.7.227.21 - - [16/Apr/2026:00:36:51 +0200] "GET /cinema/films/6065/ HTTP/1.1" 200 6693 "https://www.afish-ka.ru/19-01-2022/" "Mozilla/5.0 AppleWebKit/537.36 (KHTML, like Gecko; compatible; GPTBot/1.3; +https://openai.com/gptbot)"
74.7.227.21 - - [16/Apr/2026:00:36:51 +0200] "GET /cinema/films/6068/ HTTP/1.1" 200 6768 "https://www.afish-ka.ru/19-01-2022/" "Mozilla/5.0 AppleWebKit/537.36 (KHTML, like Gecko; compatible; GPTBot/1.3; +https://openai.com/gptbot)"
185.191.171.15 - - [16/Apr/2026:00:36:52 +0200] "GET /cafe/29/opinions/add/?parent=49020 HTTP/1.1" 200 9530 "-" "Mozilla/5.0 (compatible; SemrushBot/7~bl; +http://www.semrush.com/bot.html)"
74.7.227.21 - - [16/Apr/2026:00:36:52 +0200] "GET /cinema/films/6076/ HTTP/1.1" 200 6565 "https://www.afish-ka.ru/19-01-2022/" "Mozilla/5.0 AppleWebKit/537.36 (KHTML, like Gecko; compatible; GPTBot/1.3; +https://openai.com/gptbot)"
74.7.227.21 - - [16/Apr/2026:00:36:52 +0200] "GET /cinema/films/5700/ HTTP/1.1" 200 6558 "https://www.afish-ka.ru/19-12-2020/" "Mozilla/5.0 AppleWebKit/537.36 (KHTML, like Gecko; compatible; GPTBot/1.3; +https://openai.com/gptbot)"
74.7.227.21 - - [16/Apr/2026:00:36:53 +0200] "GET /cinema/films/6061/ HTTP/1.1" 200 7167 "https://www.afish-ka.ru/19-01-2022/" "Mozilla/5.0 AppleWebKit/537.36 (KHTML, like Gecko; compatible; GPTBot/1.3; +https://openai.com/gptbot)"
74.7.227.21 - - [16/Apr/2026:00:36:54 +0200] "GET /cinema/films/5717/ HTTP/1.1" 200 6364 "https://www.afish-ka.ru/19-12-2020/" "Mozilla/5.0 AppleWebKit/537.36 (KHTML, like Gecko; compatible; GPTBot/1.3; +https://openai.com/gptbot)"
74.7.227.21 - - [16/Apr/2026:00:36:54 +0200] "GET /cinema/films/6069/ HTTP/1.1" 200 6663 "https://www.afish-ka.ru/19-01-2022/" "Mozilla/5.0 AppleWebKit/537.36 (KHTML, like Gecko; compatible; GPTBot/1.3; +https://openai.com/gptbot)"
74.7.227.21 - - [16/Apr/2026:00:36:55 +0200] "GET /images/b/actions/5720_1.jpg HTTP/1.1" 200 45171 "https://www.afish-ka.ru/cinema/films/5720/" "Mozilla/5.0 AppleWebKit/537.36 (KHTML, like Gecko; compatible; GPTBot/1.3; +https://openai.com/gptbot)"
74.7.227.21 - - [16/Apr/2026:00:36:55 +0200] "GET /images/s/actions/5720_4.jpg HTTP/1.1" 200 6963 "https://www.afish-ka.ru/cinema/films/5720/" "Mozilla/5.0 AppleWebKit/537.36 (KHTML, like Gecko; compatible; GPTBot/1.3; +https://openai.com/gptbot)"
74.7.227.21 - - [16/Apr/2026:00:36:56 +0200] "GET /images/s/actions/5729_4.jpg HTTP/1.1" 200 6659 "https://www.afish-ka.ru/cinema/films/5729/" "Mozilla/5.0 AppleWebKit/537.36 (KHTML, like Gecko; compatible; GPTBot/1.3; +https://openai.com/gptbot)"
74.7.227.21 - - [16/Apr/2026:00:36:56 +0200] "GET /images/b/actions/5678_2.jpg HTTP/1.1" 200 46141 "https://www.afish-ka.ru/cinema/films/5678/" "Mozilla/5.0 AppleWebKit/537.36 (KHTML, like Gecko; compatible; GPTBot/1.3; +https://openai.com/gptbot)"
74.7.227.21 - - [16/Apr/2026:00:36:57 +0200] "GET /images/s/actions/6065_4.jpg HTTP/1.1" 200 7699 "https://www.afish-ka.ru/cinema/films/6065/" "Mozilla/5.0 AppleWebKit/537.36 (KHTML, like Gecko; compatible; GPTBot/1.3; +https://openai.com/gptbot)"
74.7.227.21 - - [16/Apr/2026:00:36:57 +0200] "GET /images/b/actions/5729_3.jpg HTTP/1.1" 200 35233 "https://www.afish-ka.ru/cinema/films/5729/" "Mozilla/5.0 AppleWebKit/537.36 (KHTML, like Gecko; compatible; GPTBot/1.3; +https://openai.com/gptbot)"
74.7.227.21 - - [16/Apr/2026:00:36:58 +0200] "GET /images/b/actions/6076_4.jpg HTTP/1.1" 200 35673 "https://www.afish-ka.ru/cinema/films/6076/" "Mozilla/5.0 AppleWebKit/537.36 (KHTML, like Gecko; compatible; GPTBot/1.3; +https://openai.com/gptbot)"
74.7.227.21 - - [16/Apr/2026:00:36:58 +0200] "GET /images/b/actions/5700_3.jpg HTTP/1.1" 200 72525 "https://www.afish-ka.ru/cinema/films/5700/" "Mozilla/5.0 AppleWebKit/537.36 (KHTML, like Gecko; compatible; GPTBot/1.3; +https://openai.com/gptbot)"
74.7.227.21 - - [16/Apr/2026:00:36:59 +0200] "GET /images/s/actions/6068_2.jpg HTTP/1.1" 200 7528 "https://www.afish-ka.ru/cinema/films/6068/" "Mozilla/5.0 AppleWebKit/537.36 (KHTML, like Gecko; compatible; GPTBot/1.3; +https://openai.com/gptbot)"
74.7.227.21 - - [16/Apr/2026:00:36:59 +0200] "GET /images/b/actions/5729_5.jpg HTTP/1.1" 200 26644 "https://www.afish-ka.ru/cinema/films/5729/" "Mozilla/5.0 AppleWebKit/537.36 (KHTML, like Gecko; compatible; GPTBot/1.3; +https://openai.com/gptbot)"
74.7.227.21 - - [16/Apr/2026:00:37:00 +0200] "GET /images/s/actions/6069_3.jpg HTTP/1.1" 200 5276 "https://www.afish-ka.ru/cinema/films/6069/" "Mozilla/5.0 AppleWebKit/537.36 (KHTML, like Gecko; compatible; GPTBot/1.3; +https://openai.com/gptbot)"
74.7.227.21 - - [16/Apr/2026:00:37:00 +0200] "GET /images/s/actions/6061_5.jpg HTTP/1.1" 200 6036 "https://www.afish-ka.ru/cinema/films/6061/" "Mozilla/5.0 AppleWebKit/537.36 (KHTML, like Gecko; compatible; GPTBot/1.3; +https://openai.com/gptbot)"
74.7.227.21 - - [16/Apr/2026:00:37:01 +0200] "GET /images/s/actions/6074_2.jpg HTTP/1.1" 200 5906 "https://www.afish-ka.ru/cinema/films/6074/" "Mozilla/5.0 AppleWebKit/537.36 (KHTML, like Gecko; compatible; GPTBot/1.3; +https://openai.com/gptbot)"
74.7.227.21 - - [16/Apr/2026:00:37:02 +0200] "GET /images/b/actions/6068_4.jpg HTTP/1.1" 200 40667 "https://www.afish-ka.ru/cinema/films/6068/" "Mozilla/5.0 AppleWebKit/537.36 (KHTML, like Gecko; compatible; GPTBot/1.3; +https://openai.com/gptbot)"
74.7.227.21 - - [16/Apr/2026:00:37:02 +0200] "GET /images/s/actions/5678_4.jpg HTTP/1.1" 200 6100 "https://www.afish-ka.ru/cinema/films/5678/" "Mozilla/5.0 AppleWebKit/537.36 (KHTML, like Gecko; compatible; GPTBot/1.3; +https://openai.com/gptbot)"
74.7.227.21 - - [16/Apr/2026:00:37:03 +0200] "GET /images/s/actions/6068_3.jpg HTTP/1.1" 200 5891 "https://www.afish-ka.ru/cinema/films/6068/" "Mozilla/5.0 AppleWebKit/537.36 (KHTML, like Gecko; compatible; GPTBot/1.3; +https://openai.com/gptbot)"
74.7.227.21 - - [16/Apr/2026:00:37:03 +0200] "GET /images/b/actions/6068_3.jpg HTTP/1.1" 200 38321 "https://www.afish-ka.ru/cinema/films/6068/" "Mozilla/5.0 AppleWebKit/537.36 (KHTML, like Gecko; compatible; GPTBot/1.3; +https://openai.com/gptbot)"
74.7.227.21 - - [16/Apr/2026:00:37:04 +0200] "GET /images/s/actions/5700_4.jpg HTTP/1.1" 200 8723 "https://www.afish-ka.ru/cinema/films/5700/" "Mozilla/5.0 AppleWebKit/537.36 (KHTML, like Gecko; compatible; GPTBot/1.3; +https://openai.com/gptbot)"
74.7.227.21 - - [16/Apr/2026:00:37:04 +0200] "GET /images/b/actions/6068_2.jpg HTTP/1.1" 200 72502 "https://www.afish-ka.ru/cinema/films/6068/" "Mozilla/5.0 AppleWebKit/537.36 (KHTML, like Gecko; compatible; GPTBot/1.3; +https://openai.com/gptbot)"
85.208.96.193 - - [16/Apr/2026:00:37:04 +0200] "GET /cinema/films/1046/opinions/add/?parent=10589 HTTP/1.1" 200 5707 "-" "Mozilla/5.0 (compatible; SemrushBot/7~bl; +http://www.semrush.com/bot.html)"
74.7.227.21 - - [16/Apr/2026:00:37:05 +0200] "GET /images/s/actions/6061_4.jpg HTTP/1.1" 200 5347 "https://www.afish-ka.ru/cinema/films/6061/" "Mozilla/5.0 AppleWebKit/537.36 (KHTML, like Gecko; compatible; GPTBot/1.3; +https://openai.com/gptbot)"
74.7.227.21 - - [16/Apr/2026:00:37:05 +0200] "GET /images/b/actions/5678_4.jpg HTTP/1.1" 200 41046 "https://www.afish-ka.ru/cinema/films/5678/" "Mozilla/5.0 AppleWebKit/537.36 (KHTML, like Gecko; compatible; GPTBot/1.3; +https://openai.com/gptbot)"
74.7.227.21 - - [16/Apr/2026:00:37:06 +0200] "GET /images/b/actions/6076_5.jpg HTTP/1.1" 200 58287 "https://www.afish-ka.ru/cinema/films/6076/" "Mozilla/5.0 AppleWebKit/537.36 (KHTML, like Gecko; compatible; GPTBot/1.3; +https://openai.com/gptbot)"
74.7.227.21 - - [16/Apr/2026:00:37:06 +0200] "GET /images/s/actions/6068_4.jpg HTTP/1.1" 200 6394 "https://www.afish-ka.ru/cinema/films/6068/" "Mozilla/5.0 AppleWebKit/537.36 (KHTML, like Gecko; compatible; GPTBot/1.3; +https://openai.com/gptbot)"
74.7.227.21 - - [16/Apr/2026:00:37:07 +0200] "GET /images/b/actions/6069_4.jpg HTTP/1.1" 200 45446 "https://www.afish-ka.ru/cinema/films/6069/" "Mozilla/5.0 AppleWebKit/537.36 (KHTML, like Gecko; compatible; GPTBot/1.3; +https://openai.com/gptbot)"
74.7.227.21 - - [16/Apr/2026:00:37:07 +0200] "GET /images/b/actions/5717_4.jpg HTTP/1.1" 200 51151 "https://www.afish-ka.ru/cinema/films/5717/" "Mozilla/5.0 AppleWebKit/537.36 (KHTML, like Gecko; compatible; GPTBot/1.3; +https://openai.com/gptbot)"
74.7.227.21 - - [16/Apr/2026:00:37:08 +0200] "GET /images/b/actions/6061_2.jpg HTTP/1.1" 200 48524 "https://www.afish-ka.ru/cinema/films/6061/" "Mozilla/5.0 AppleWebKit/537.36 (KHTML, like Gecko; compatible; GPTBot/1.3; +https://openai.com/gptbot)"
74.7.227.21 - - [16/Apr/2026:00:37:09 +0200] "GET /images/b/actions/5720_2.jpg HTTP/1.1" 200 45763 "https://www.afish-ka.ru/cinema/films/5720/" "Mozilla/5.0 AppleWebKit/537.36 (KHTML, like Gecko; compatible; GPTBot/1.3; +https://openai.com/gptbot)"
74.7.227.21 - - [16/Apr/2026:00:37:09 +0200] "GET /images/b/actions/6074_5.jpg HTTP/1.1" 200 41088 "https://www.afish-ka.ru/cinema/films/6074/" "Mozilla/5.0 AppleWebKit/537.36 (KHTML, like Gecko; compatible; GPTBot/1.3; +https://openai.com/gptbot)"
74.7.227.21 - - [16/Apr/2026:00:37:09 +0200] "GET /images/s/actions/5678_2.jpg HTTP/1.1" 200 6375 "https://www.afish-ka.ru/cinema/films/5678/" "Mozilla/5.0 AppleWebKit/537.36 (KHTML, like Gecko; compatible; GPTBot/1.3; +https://openai.com/gptbot)"
74.7.227.21 - - [16/Apr/2026:00:37:10 +0200] "GET /images/b/actions/6074_1.jpg HTTP/1.1" 200 59398 "https://www.afish-ka.ru/cinema/films/6074/" "Mozilla/5.0 AppleWebKit/537.36 (KHTML, like Gecko; compatible; GPTBot/1.3; +https://openai.com/gptbot)"
149.232.133.8 - - [16/Apr/2026:00:37:10 +0200] "GET /cinema/films/6194/cinema/films/6194/opinions/cinema/films/ HTTP/1.1" 200 9701 "-" "Mozilla/5.0 (Macintosh; Intel Mac OS X 10_15_7) AppleWebKit/537.36 (KHTML, like Gecko) Chrome/144.0.0.0 Safari/537.36"
74.7.227.21 - - [16/Apr/2026:00:37:11 +0200] "GET /images/b/actions/5720_4.jpg HTTP/1.1" 200 56734 "https://www.afish-ka.ru/cinema/films/5720/" "Mozilla/5.0 AppleWebKit/537.36 (KHTML, like Gecko; compatible; GPTBot/1.3; +https://openai.com/gptbot)"
74.7.227.21 - - [16/Apr/2026:00:37:11 +0200] "GET /images/b/actions/6061_5.jpg HTTP/1.1" 200 54220 "https://www.afish-ka.ru/cinema/films/6061/" "Mozilla/5.0 AppleWebKit/537.36 (KHTML, like Gecko; compatible; GPTBot/1.3; +https://openai.com/gptbot)"
54.37.118.71 - - [16/Apr/2026:00:37:11 +0200] "GET /cinema/films/3875/opinions/add/?parent=34697 HTTP/1.1" 200 9538 "-" "Mozilla/5.0 (compatible; AhrefsBot/7.0; +http://ahrefs.com/robot/)"
74.7.227.21 - - [16/Apr/2026:00:37:12 +0200] "GET /images/s/actions/5700_3.jpg HTTP/1.1" 200 7369 "https://www.afish-ka.ru/cinema/films/5700/" "Mozilla/5.0 AppleWebKit/537.36 (KHTML, like Gecko; compatible; GPTBot/1.3; +https://openai.com/gptbot)"
74.7.227.21 - - [16/Apr/2026:00:37:12 +0200] "GET /images/s/actions/6074_3.jpg HTTP/1.1" 200 5153 "https://www.afish-ka.ru/cinema/films/6074/" "Mozilla/5.0 AppleWebKit/537.36 (KHTML, like Gecko; compatible; GPTBot/1.3; +https://openai.com/gptbot)"
74.7.227.21 - - [16/Apr/2026:00:37:13 +0200] "GET /images/b/actions/5717_2.jpg HTTP/1.1" 200 60767 "https://www.afish-ka.ru/cinema/films/5717/" "Mozilla/5.0 AppleWebKit/537.36 (KHTML, like Gecko; compatible; GPTBot/1.3; +https://openai.com/gptbot)"
74.7.227.21 - - [16/Apr/2026:00:37:13 +0200] "GET /images/b/actions/5720_3.jpg HTTP/1.1" 200 58205 "https://www.afish-ka.ru/cinema/films/5720/" "Mozilla/5.0 AppleWebKit/537.36 (KHTML, like Gecko; compatible; GPTBot/1.3; +https://openai.com/gptbot)"
74.7.227.21 - - [16/Apr/2026:00:37:14 +0200] "GET /images/s/actions/6074_5.jpg HTTP/1.1" 200 5855 "https://www.afish-ka.ru/cinema/films/6074/" "Mozilla/5.0 AppleWebKit/537.36 (KHTML, like Gecko; compatible; GPTBot/1.3; +https://openai.com/gptbot)"
74.7.227.21 - - [16/Apr/2026:00:37:14 +0200] "GET /images/b/actions/5729_2.jpg HTTP/1.1" 200 53455 "https://www.afish-ka.ru/cinema/films/5729/" "Mozilla/5.0 AppleWebKit/537.36 (KHTML, like Gecko; compatible; GPTBot/1.3; +https://openai.com/gptbot)"
74.7.227.21 - - [16/Apr/2026:00:37:15 +0200] "GET /images/b/actions/6065_1.jpg HTTP/1.1" 200 58124 "https://www.afish-ka.ru/cinema/films/6065/" "Mozilla/5.0 AppleWebKit/537.36 (KHTML, like Gecko; compatible; GPTBot/1.3; +https://openai.com/gptbot)"
74.7.227.21 - - [16/Apr/2026:00:37:15 +0200] "GET /images/b/actions/6065_2.jpg HTTP/1.1" 200 39742 "https://www.afish-ka.ru/cinema/films/6065/" "Mozilla/5.0 AppleWebKit/537.36 (KHTML, like Gecko; compatible; GPTBot/1.3; +https://openai.com/gptbot)"
74.7.227.21 - - [16/Apr/2026:00:37:16 +0200] "GET /images/b/actions/6061_1.jpg HTTP/1.1" 200 50144 "https://www.afish-ka.ru/cinema/films/6061/" "Mozilla/5.0 AppleWebKit/537.36 (KHTML, like Gecko; compatible; GPTBot/1.3; +https://openai.com/gptbot)"
74.7.227.21 - - [16/Apr/2026:00:37:16 +0200] "GET /images/s/actions/5729_3.jpg HTTP/1.1" 200 5666 "https://www.afish-ka.ru/cinema/films/5729/" "Mozilla/5.0 AppleWebKit/537.36 (KHTML, like Gecko; compatible; GPTBot/1.3; +https://openai.com/gptbot)"
74.7.227.21 - - [16/Apr/2026:00:37:17 +0200] "GET /images/b/actions/5717_1.jpg HTTP/1.1" 200 67098 "https://www.afish-ka.ru/cinema/films/5717/" "Mozilla/5.0 AppleWebKit/537.36 (KHTML, like Gecko; compatible; GPTBot/1.3; +https://openai.com/gptbot)"
74.7.227.21 - - [16/Apr/2026:00:37:17 +0200] "GET /images/b/actions/5678_3.jpg HTTP/1.1" 200 41779 "https://www.afish-ka.ru/cinema/films/5678/" "Mozilla/5.0 AppleWebKit/537.36 (KHTML, like Gecko; compatible; GPTBot/1.3; +https://openai.com/gptbot)"
74.7.227.21 - - [16/Apr/2026:00:37:18 +0200] "GET /images/s/actions/6065_2.jpg HTTP/1.1" 200 5637 "https://www.afish-ka.ru/cinema/films/6065/" "Mozilla/5.0 AppleWebKit/537.36 (KHTML, like Gecko; compatible; GPTBot/1.3; +https://openai.com/gptbot)"
74.7.227.21 - - [16/Apr/2026:00:37:18 +0200] "GET /images/b/actions/6076_1.jpg HTTP/1.1" 200 31766 "https://www.afish-ka.ru/cinema/films/6076/" "Mozilla/5.0 AppleWebKit/537.36 (KHTML, like Gecko; compatible; GPTBot/1.3; +https://openai.com/gptbot)"
74.7.227.21 - - [16/Apr/2026:00:37:19 +0200] "GET /images/b/actions/6068_1.jpg HTTP/1.1" 200 72182 "https://www.afish-ka.ru/cinema/films/6068/" "Mozilla/5.0 AppleWebKit/537.36 (KHTML, like Gecko; compatible; GPTBot/1.3; +https://openai.com/gptbot)"
74.7.227.21 - - [16/Apr/2026:00:37:19 +0200] "GET /images/b/actions/6065_5.jpg HTTP/1.1" 200 42510 "https://www.afish-ka.ru/cinema/films/6065/" "Mozilla/5.0 AppleWebKit/537.36 (KHTML, like Gecko; compatible; GPTBot/1.3; +https://openai.com/gptbot)"
74.7.227.21 - - [16/Apr/2026:00:37:20 +0200] "GET /images/b/actions/5720_5.jpg HTTP/1.1" 200 95052 "https://www.afish-ka.ru/cinema/films/5720/" "Mozilla/5.0 AppleWebKit/537.36 (KHTML, like Gecko; compatible; GPTBot/1.3; +https://openai.com/gptbot)"
74.7.227.21 - - [16/Apr/2026:00:37:21 +0200] "GET /images/b/actions/6076_3.jpg HTTP/1.1" 200 23302 "https://www.afish-ka.ru/cinema/films/6076/" "Mozilla/5.0 AppleWebKit/537.36 (KHTML, like Gecko; compatible; GPTBot/1.3; +https://openai.com/gptbot)"
74.7.227.21 - - [16/Apr/2026:00:37:21 +0200] "GET /images/s/actions/6076_5.jpg HTTP/1.1" 200 5037 "https://www.afish-ka.ru/cinema/films/6076/" "Mozilla/5.0 AppleWebKit/537.36 (KHTML, like Gecko; compatible; GPTBot/1.3; +https://openai.com/gptbot)"
74.7.227.21 - - [16/Apr/2026:00:37:22 +0200] "GET /images/s/actions/5720_2.jpg HTTP/1.1" 200 6739 "https://www.afish-ka.ru/cinema/films/5720/" "Mozilla/5.0 AppleWebKit/537.36 (KHTML, like Gecko; compatible; GPTBot/1.3; +https://openai.com/gptbot)"
74.7.227.21 - - [16/Apr/2026:00:37:22 +0200] "GET /images/b/actions/5717_5.jpg HTTP/1.1" 200 54612 "https://www.afish-ka.ru/cinema/films/5717/" "Mozilla/5.0 AppleWebKit/537.36 (KHTML, like Gecko; compatible; GPTBot/1.3; +https://openai.com/gptbot)"
74.7.227.21 - - [16/Apr/2026:00:37:23 +0200] "GET /images/s/actions/6076_4.jpg HTTP/1.1" 200 5958 "https://www.afish-ka.ru/cinema/films/6076/" "Mozilla/5.0 AppleWebKit/537.36 (KHTML, like Gecko; compatible; GPTBot/1.3; +https://openai.com/gptbot)"
74.7.227.21 - - [16/Apr/2026:00:37:23 +0200] "GET /images/s/actions/6076_3.jpg HTTP/1.1" 200 4409 "https://www.afish-ka.ru/cinema/films/6076/" "Mozilla/5.0 AppleWebKit/537.36 (KHTML, like Gecko; compatible; GPTBot/1.3; +https://openai.com/gptbot)"
116.179.32.131 - - [16/Apr/2026:00:37:24 +0200] "GET /images/s/actions/4103_4.jpg HTTP/1.1" 200 9450 "-" "Baiduspider-image+(+http://www.baidu.com/search/spider.htm)"
74.7.227.21 - - [16/Apr/2026:00:37:24 +0200] "GET /images/s/actions/5678_5.jpg HTTP/1.1" 200 6855 "https://www.afish-ka.ru/cinema/films/5678/" "Mozilla/5.0 AppleWebKit/537.36 (KHTML, like Gecko; compatible; GPTBot/1.3; +https://openai.com/gptbot)"
74.7.227.21 - - [16/Apr/2026:00:37:24 +0200] "GET /images/s/actions/5678_3.jpg HTTP/1.1" 200 6551 "https://www.afish-ka.ru/cinema/films/5678/" "Mozilla/5.0 AppleWebKit/537.36 (KHTML, like Gecko; compatible; GPTBot/1.3; +https://openai.com/gptbot)"
74.7.227.21 - - [16/Apr/2026:00:37:25 +0200] "GET /images/b/actions/6074_3.jpg HTTP/1.1" 200 42302 "https://www.afish-ka.ru/cinema/films/6074/" "Mozilla/5.0 AppleWebKit/537.36 (KHTML, like Gecko; compatible; GPTBot/1.3; +https://openai.com/gptbot)"
74.7.227.21 - - [16/Apr/2026:00:37:25 +0200] "GET /images/s/actions/5729_2.jpg HTTP/1.1" 200 7181 "https://www.afish-ka.ru/cinema/films/5729/" "Mozilla/5.0 AppleWebKit/537.36 (KHTML, like Gecko; compatible; GPTBot/1.3; +https://openai.com/gptbot)"
74.7.227.21 - - [16/Apr/2026:00:37:26 +0200] "GET /images/b/actions/5678_5.jpg HTTP/1.1" 200 41501 "https://www.afish-ka.ru/cinema/films/5678/" "Mozilla/5.0 AppleWebKit/537.36 (KHTML, like Gecko; compatible; GPTBot/1.3; +https://openai.com/gptbot)"
74.7.227.21 - - [16/Apr/2026:00:37:26 +0200] "GET /images/s/actions/6069_4.jpg HTTP/1.1" 200 5122 "https://www.afish-ka.ru/cinema/films/6069/" "Mozilla/5.0 AppleWebKit/537.36 (KHTML, like Gecko; compatible; GPTBot/1.3; +https://openai.com/gptbot)"
74.7.227.21 - - [16/Apr/2026:00:37:27 +0200] "GET /images/b/actions/6069_3.jpg HTTP/1.1" 200 36671 "https://www.afish-ka.ru/cinema/films/6069/" "Mozilla/5.0 AppleWebKit/537.36 (KHTML, like Gecko; compatible; GPTBot/1.3; +https://openai.com/gptbot)"
185.191.171.11 - - [16/Apr/2026:00:37:27 +0200] "GET /cinema/films/5333/opinions/add/ HTTP/1.1" 200 9514 "-" "Mozilla/5.0 (compatible; SemrushBot/7~bl; +http://www.semrush.com/bot.html)"
74.7.227.21 - - [16/Apr/2026:00:37:27 +0200] "GET /images/b/actions/5729_1.jpg HTTP/1.1" 200 34472 "https://www.afish-ka.ru/cinema/films/5729/" "Mozilla/5.0 AppleWebKit/537.36 (KHTML, like Gecko; compatible; GPTBot/1.3; +https://openai.com/gptbot)"
74.7.227.21 - - [16/Apr/2026:00:37:28 +0200] "GET /images/b/actions/6065_3.jpg HTTP/1.1" 200 52501 "https://www.afish-ka.ru/cinema/films/6065/" "Mozilla/5.0 AppleWebKit/537.36 (KHTML, like Gecko; compatible; GPTBot/1.3; +https://openai.com/gptbot)"
74.7.227.21 - - [16/Apr/2026:00:37:29 +0200] "GET /images/b/actions/6076_2.jpg HTTP/1.1" 200 28643 "https://www.afish-ka.ru/cinema/films/6076/" "Mozilla/5.0 AppleWebKit/537.36 (KHTML, like Gecko; compatible; GPTBot/1.3; +https://openai.com/gptbot)"
74.7.227.21 - - [16/Apr/2026:00:37:29 +0200] "GET /images/b/actions/6074_4.jpg HTTP/1.1" 200 53922 "https://www.afish-ka.ru/cinema/films/6074/" "Mozilla/5.0 AppleWebKit/537.36 (KHTML, like Gecko; compatible; GPTBot/1.3; +https://openai.com/gptbot)"
74.7.227.21 - - [16/Apr/2026:00:37:30 +0200] "GET /images/s/actions/5729_5.jpg HTTP/1.1" 200 4828 "https://www.afish-ka.ru/cinema/films/5729/" "Mozilla/5.0 AppleWebKit/537.36 (KHTML, like Gecko; compatible; GPTBot/1.3; +https://openai.com/gptbot)"
74.7.227.21 - - [16/Apr/2026:00:37:30 +0200] "GET /images/s/actions/6069_2.jpg HTTP/1.1" 200 5206 "https://www.afish-ka.ru/cinema/films/6069/" "Mozilla/5.0 AppleWebKit/537.36 (KHTML, like Gecko; compatible; GPTBot/1.3; +https://openai.com/gptbot)"
74.7.227.21 - - [16/Apr/2026:00:37:31 +0200] "GET /images/b/actions/5700_2.jpg HTTP/1.1" 200 98453 "https://www.afish-ka.ru/cinema/films/5700/" "Mozilla/5.0 AppleWebKit/537.36 (KHTML, like Gecko; compatible; GPTBot/1.3; +https://openai.com/gptbot)"
74.7.227.21 - - [16/Apr/2026:00:37:31 +0200] "GET /images/s/actions/5717_3.jpg HTTP/1.1" 200 6841 "https://www.afish-ka.ru/cinema/films/5717/" "Mozilla/5.0 AppleWebKit/537.36 (KHTML, like Gecko; compatible; GPTBot/1.3; +https://openai.com/gptbot)"
216.73.216.57 - - [16/Apr/2026:00:37:31 +0200] "GET /cinema/films/2450/opinions/add/?parent=24887 HTTP/1.1" 200 9522 "-" "Mozilla/5.0 AppleWebKit/537.36 (KHTML, like Gecko; compatible; ClaudeBot/1.0; +claudebot@anthropic.com)"
74.7.227.21 - - [16/Apr/2026:00:37:32 +0200] "GET /images/b/actions/5700_4.jpg HTTP/1.1" 200 74889 "https://www.afish-ka.ru/cinema/films/5700/" "Mozilla/5.0 AppleWebKit/537.36 (KHTML, like Gecko; compatible; GPTBot/1.3; +https://openai.com/gptbot)"
74.7.227.21 - - [16/Apr/2026:00:37:32 +0200] "GET /images/b/actions/6069_2.jpg HTTP/1.1" 200 35919 "https://www.afish-ka.ru/cinema/films/6069/" "Mozilla/5.0 AppleWebKit/537.36 (KHTML, like Gecko; compatible; GPTBot/1.3; +https://openai.com/gptbot)"
74.7.227.21 - - [16/Apr/2026:00:37:33 +0200] "GET /images/s/actions/6061_3.jpg HTTP/1.1" 200 6385 "https://www.afish-ka.ru/cinema/films/6061/" "Mozilla/5.0 AppleWebKit/537.36 (KHTML, like Gecko; compatible; GPTBot/1.3; +https://openai.com/gptbot)"
74.7.227.21 - - [16/Apr/2026:00:37:33 +0200] "GET /images/s/actions/5717_2.jpg HTTP/1.1" 200 7875 "https://www.afish-ka.ru/cinema/films/5717/" "Mozilla/5.0 AppleWebKit/537.36 (KHTML, like Gecko; compatible; GPTBot/1.3; +https://openai.com/gptbot)"
74.7.227.21 - - [16/Apr/2026:00:37:34 +0200] "GET /images/b/actions/6061_4.jpg HTTP/1.1" 200 35273 "https://www.afish-ka.ru/cinema/films/6061/" "Mozilla/5.0 AppleWebKit/537.36 (KHTML, like Gecko; compatible; GPTBot/1.3; +https://openai.com/gptbot)"
74.7.227.21 - - [16/Apr/2026:00:37:34 +0200] "GET /images/s/actions/6074_4.jpg HTTP/1.1" 200 6770 "https://www.afish-ka.ru/cinema/films/6074/" "Mozilla/5.0 AppleWebKit/537.36 (KHTML, like Gecko; compatible; GPTBot/1.3; +https://openai.com/gptbot)"
74.7.227.21 - - [16/Apr/2026:00:37:35 +0200] "GET /images/b/actions/6069_1.jpg HTTP/1.1" 200 29299 "https://www.afish-ka.ru/cinema/films/6069/" "Mozilla/5.0 AppleWebKit/537.36 (KHTML, like Gecko; compatible; GPTBot/1.3; +https://openai.com/gptbot)"
74.7.227.21 - - [16/Apr/2026:00:37:35 +0200] "GET /images/s/actions/6076_2.jpg HTTP/1.1" 200 5104 "https://www.afish-ka.ru/cinema/films/6076/" "Mozilla/5.0 AppleWebKit/537.36 (KHTML, like Gecko; compatible; GPTBot/1.3; +https://openai.com/gptbot)"
74.7.227.21 - - [16/Apr/2026:00:37:36 +0200] "GET /images/s/actions/6068_5.jpg HTTP/1.1" 200 5680 "https://www.afish-ka.ru/cinema/films/6068/" "Mozilla/5.0 AppleWebKit/537.36 (KHTML, like Gecko; compatible; GPTBot/1.3; +https://openai.com/gptbot)"
74.7.227.21 - - [16/Apr/2026:00:37:37 +0200] "GET /images/s/actions/5717_4.jpg HTTP/1.1" 200 6138 "https://www.afish-ka.ru/cinema/films/5717/" "Mozilla/5.0 AppleWebKit/537.36 (KHTML, like Gecko; compatible; GPTBot/1.3; +https://openai.com/gptbot)"
74.7.227.21 - - [16/Apr/2026:00:37:37 +0200] "GET /images/s/actions/6065_3.jpg HTTP/1.1" 200 7727 "https://www.afish-ka.ru/cinema/films/6065/" "Mozilla/5.0 AppleWebKit/537.36 (KHTML, like Gecko; compatible; GPTBot/1.3; +https://openai.com/gptbot)"
74.7.227.21 - - [16/Apr/2026:00:37:38 +0200] "GET /images/s/actions/5720_3.jpg HTTP/1.1" 200 7260 "https://www.afish-ka.ru/cinema/films/5720/" "Mozilla/5.0 AppleWebKit/537.36 (KHTML, like Gecko; compatible; GPTBot/1.3; +https://openai.com/gptbot)"
74.7.227.21 - - [16/Apr/2026:00:37:38 +0200] "GET /images/s/actions/5700_2.jpg HTTP/1.1" 200 9622 "https://www.afish-ka.ru/cinema/films/5700/" "Mozilla/5.0 AppleWebKit/537.36 (KHTML, like Gecko; compatible; GPTBot/1.3; +https://openai.com/gptbot)"
74.7.227.21 - - [16/Apr/2026:00:37:39 +0200] "GET /images/s/actions/6061_2.jpg HTTP/1.1" 200 6158 "https://www.afish-ka.ru/cinema/films/6061/" "Mozilla/5.0 AppleWebKit/537.36 (KHTML, like Gecko; compatible; GPTBot/1.3; +https://openai.com/gptbot)"
74.7.227.21 - - [16/Apr/2026:00:37:39 +0200] "GET /images/b/actions/5678_1.jpg HTTP/1.1" 200 97520 "https://www.afish-ka.ru/cinema/films/5678/" "Mozilla/5.0 AppleWebKit/537.36 (KHTML, like Gecko; compatible; GPTBot/1.3; +https://openai.com/gptbot)"
74.7.227.21 - - [16/Apr/2026:00:37:40 +0200] "GET /images/b/actions/6074_2.jpg HTTP/1.1" 200 43660 "https://www.afish-ka.ru/cinema/films/6074/" "Mozilla/5.0 AppleWebKit/537.36 (KHTML, like Gecko; compatible; GPTBot/1.3; +https://openai.com/gptbot)"
74.7.227.21 - - [16/Apr/2026:00:37:40 +0200] "GET /images/b/actions/6068_5.jpg HTTP/1.1" 200 39880 "https://www.afish-ka.ru/cinema/films/6068/" "Mozilla/5.0 AppleWebKit/537.36 (KHTML, like Gecko; compatible; GPTBot/1.3; +https://openai.com/gptbot)"
51.75.236.144 - - [16/Apr/2026:00:37:40 +0200] "GET /cinema/films/2032/opinions/add/?parent=20911 HTTP/1.1" 200 9527 "-" "Mozilla/5.0 (compatible; AhrefsBot/7.0; +http://ahrefs.com/robot/)"
74.7.227.21 - - [16/Apr/2026:00:37:41 +0200] "GET /images/b/actions/6065_4.jpg HTTP/1.1" 200 57908 "https://www.afish-ka.ru/cinema/films/6065/" "Mozilla/5.0 AppleWebKit/537.36 (KHTML, like Gecko; compatible; GPTBot/1.3; +https://openai.com/gptbot)"
74.7.227.21 - - [16/Apr/2026:00:37:41 +0200] "GET /images/b/actions/5717_3.jpg HTTP/1.1" 200 66336 "https://www.afish-ka.ru/cinema/films/5717/" "Mozilla/5.0 AppleWebKit/537.36 (KHTML, like Gecko; compatible; GPTBot/1.3; +https://openai.com/gptbot)"
74.7.227.21 - - [16/Apr/2026:00:37:42 +0200] "GET /images/b/actions/5729_4.jpg HTTP/1.1" 200 38525 "https://www.afish-ka.ru/cinema/films/5729/" "Mozilla/5.0 AppleWebKit/537.36 (KHTML, like Gecko; compatible; GPTBot/1.3; +https://openai.com/gptbot)"
74.7.227.21 - - [16/Apr/2026:00:37:42 +0200] "GET /images/s/actions/5720_5.jpg HTTP/1.1" 200 8365 "https://www.afish-ka.ru/cinema/films/5720/" "Mozilla/5.0 AppleWebKit/537.36 (KHTML, like Gecko; compatible; GPTBot/1.3; +https://openai.com/gptbot)"
74.7.227.21 - - [16/Apr/2026:00:37:43 +0200] "GET /images/s/actions/6065_5.jpg HTTP/1.1" 200 5641 "https://www.afish-ka.ru/cinema/films/6065/" "Mozilla/5.0 AppleWebKit/537.36 (KHTML, like Gecko; compatible; GPTBot/1.3; +https://openai.com/gptbot)"
74.7.227.21 - - [16/Apr/2026:00:37:44 +0200] "GET /images/s/actions/5717_5.jpg HTTP/1.1" 200 7565 "https://www.afish-ka.ru/cinema/films/5717/" "Mozilla/5.0 AppleWebKit/537.36 (KHTML, like Gecko; compatible; GPTBot/1.3; +https://openai.com/gptbot)"
74.7.227.21 - - [16/Apr/2026:00:37:44 +0200] "GET /images/b/posters/5720.jpg HTTP/1.1" 200 81805 "https://www.afish-ka.ru/cinema/films/5720/" "Mozilla/5.0 AppleWebKit/537.36 (KHTML, like Gecko; compatible; GPTBot/1.3; +https://openai.com/gptbot)"
74.7.227.21 - - [16/Apr/2026:00:37:45 +0200] "GET /images/s/posters/6065.jpg HTTP/1.1" 200 16773 "https://www.afish-ka.ru/cinema/films/6065/" "Mozilla/5.0 AppleWebKit/537.36 (KHTML, like Gecko; compatible; GPTBot/1.3; +https://openai.com/gptbot)"
74.7.227.21 - - [16/Apr/2026:00:37:45 +0200] "GET /images/b/posters/6069.jpg HTTP/1.1" 200 45116 "https://www.afish-ka.ru/cinema/films/6069/" "Mozilla/5.0 AppleWebKit/537.36 (KHTML, like Gecko; compatible; GPTBot/1.3; +https://openai.com/gptbot)"
74.7.227.21 - - [16/Apr/2026:00:37:46 +0200] "GET /images/s/posters/6074.jpg HTTP/1.1" 200 13375 "https://www.afish-ka.ru/cinema/films/6074/" "Mozilla/5.0 AppleWebKit/537.36 (KHTML, like Gecko; compatible; GPTBot/1.3; +https://openai.com/gptbot)"
196.247.40.254 - - [16/Apr/2026:00:37:46 +0200] "GET /links.php?go=https://www.vocation-music-award.com/schweiz/video_contest/erhebe-dich/ HTTP/1.1" 404 4199 "-" "Mozilla/5.0 (Windows NT 10.0; Win64; x64; rv:148.0) Gecko/20100101 Firefox/148.0"
74.7.227.21 - - [16/Apr/2026:00:37:46 +0200] "GET /images/b/posters/5729.jpg HTTP/1.1" 200 58917 "https://www.afish-ka.ru/cinema/films/5729/" "Mozilla/5.0 AppleWebKit/537.36 (KHTML, like Gecko; compatible; GPTBot/1.3; +https://openai.com/gptbot)"
196.247.40.254 - - [16/Apr/2026:00:37:46 +0200] "GET /links.php?go=https://naturesstimulantcbdgummies.com HTTP/1.1" 404 4215 "https://www.afish-ka.ru/links.php?go=https://www.vocation-music-award.com/schweiz/video_contest/erhebe-dich/" "Mozilla/5.0 (Windows NT 10.0; Win64; x64; rv:148.0) Gecko/20100101 Firefox/148.0"
74.7.227.21 - - [16/Apr/2026:00:37:47 +0200] "GET /images/b/posters/5678.jpg HTTP/1.1" 200 82004 "https://www.afish-ka.ru/cinema/films/5678/" "Mozilla/5.0 AppleWebKit/537.36 (KHTML, like Gecko; compatible; GPTBot/1.3; +https://openai.com/gptbot)"
196.247.40.254 - - [16/Apr/2026:00:37:47 +0200] "GET / HTTP/1.1" 200 9908 "https://www.afish-ka.ru/links.php?go=https://www.vocation-music-award.com/schweiz/video_contest/erhebe-dich/" "Mozilla/5.0 (Windows NT 10.0; Win64; x64; rv:148.0) Gecko/20100101 Firefox/148.0"
74.7.227.21 - - [16/Apr/2026:00:37:47 +0200] "GET /images/s/posters/6068.jpg HTTP/1.1" 200 17118 "https://www.afish-ka.ru/cinema/films/6068/" "Mozilla/5.0 AppleWebKit/537.36 (KHTML, like Gecko; compatible; GPTBot/1.3; +https://openai.com/gptbot)"
74.7.227.21 - - [16/Apr/2026:00:37:48 +0200] "GET /images/s/posters/5717.jpg HTTP/1.1" 200 16294 "https://www.afish-ka.ru/cinema/films/5717/" "Mozilla/5.0 AppleWebKit/537.36 (KHTML, like Gecko; compatible; GPTBot/1.3; +https://openai.com/gptbot)"
74.7.227.21 - - [16/Apr/2026:00:37:48 +0200] "GET /images/s/posters/5700.jpg HTTP/1.1" 200 12339 "https://www.afish-ka.ru/cinema/films/5700/" "Mozilla/5.0 AppleWebKit/537.36 (KHTML, like Gecko; compatible; GPTBot/1.3; +https://openai.com/gptbot)"
