34.186.127.224 - - [16/Apr/2026:00:30:06 +0200] "HEAD /wordpress/ HTTP/1.1" 404 260 "-" "Mozilla/5.0 (Windows NT 10.0; Win64; x64) AppleWebKit/537.36 (KHTML, like Gecko) Chrome/126.0.6478.70 Safari/537.36 Vivaldi/6.7.3200.25"
34.186.127.224 - - [16/Apr/2026:00:30:07 +0200] "HEAD /old/ HTTP/1.1" 404 260 "-" "Mozilla/5.0 (Linux; Android 13; Nokia G42 5G) AppleWebKit/537.36 (KHTML, like Gecko) Chrome/126.0.6478.41 Mobile Safari/537.36"
34.71.245.232 - - [16/Apr/2026:00:30:06 +0200] "GET / HTTP/1.1" 200 6101 "-" "Mozilla/5.0 (X11; Linux x86_64) AppleWebKit/537.36 (KHTML, like Gecko) Chrome/138.0.0.0 Safari/537.36"
34.186.127.224 - - [16/Apr/2026:00:30:07 +0200] "HEAD /new/ HTTP/1.1" 404 260 "-" "Mozilla/5.0 (Linux; Android 14; Samsung SM-A546B) AppleWebKit/537.36 (KHTML, like Gecko) Chrome/126.0.6478.14 Mobile Safari/537.36"
74.7.227.21 - - [16/Apr/2026:00:30:07 +0200] "GET /cinema/films/5915/ HTTP/1.1" 200 6824 "https://www.afish-ka.ru/08-07-2021/" "Mozilla/5.0 AppleWebKit/537.36 (KHTML, like Gecko; compatible; GPTBot/1.3; +https://openai.com/gptbot)"
74.7.227.21 - - [16/Apr/2026:00:30:07 +0200] "GET /images/b/actions/5848_3.jpg HTTP/1.1" 200 42731 "https://www.afish-ka.ru/cinema/films/5848/" "Mozilla/5.0 AppleWebKit/537.36 (KHTML, like Gecko; compatible; GPTBot/1.3; +https://openai.com/gptbot)"
74.7.227.21 - - [16/Apr/2026:00:30:08 +0200] "GET /images/s/actions/5909_3.jpg HTTP/1.1" 200 7970 "https://www.afish-ka.ru/cinema/films/5909/" "Mozilla/5.0 AppleWebKit/537.36 (KHTML, like Gecko; compatible; GPTBot/1.3; +https://openai.com/gptbot)"
74.7.227.21 - - [16/Apr/2026:00:30:08 +0200] "GET /images/b/actions/5909_3.jpg HTTP/1.1" 200 80055 "https://www.afish-ka.ru/cinema/films/5909/" "Mozilla/5.0 AppleWebKit/537.36 (KHTML, like Gecko; compatible; GPTBot/1.3; +https://openai.com/gptbot)"
74.7.227.21 - - [16/Apr/2026:00:30:09 +0200] "GET /images/b/actions/5774_1.jpg HTTP/1.1" 200 33786 "https://www.afish-ka.ru/cinema/films/5774/" "Mozilla/5.0 AppleWebKit/537.36 (KHTML, like Gecko; compatible; GPTBot/1.3; +https://openai.com/gptbot)"
74.7.227.21 - - [16/Apr/2026:00:30:09 +0200] "GET /images/s/actions/5919_4.jpg HTTP/1.1" 200 6545 "https://www.afish-ka.ru/cinema/films/5919/" "Mozilla/5.0 AppleWebKit/537.36 (KHTML, like Gecko; compatible; GPTBot/1.3; +https://openai.com/gptbot)"
34.71.245.232 - - [16/Apr/2026:00:30:10 +0200] "GET /i/style.css HTTP/1.1" 200 4763 "http://www.afish-ka.ru/" "Mozilla/5.0 (X11; Linux x86_64) AppleWebKit/537.36 (KHTML, like Gecko) Chrome/138.0.0.0 Safari/537.36"
74.7.227.21 - - [16/Apr/2026:00:30:10 +0200] "GET /images/s/actions/5774_2.jpg HTTP/1.1" 200 5434 "https://www.afish-ka.ru/cinema/films/5774/" "Mozilla/5.0 AppleWebKit/537.36 (KHTML, like Gecko; compatible; GPTBot/1.3; +https://openai.com/gptbot)"
74.7.227.21 - - [16/Apr/2026:00:30:11 +0200] "GET /images/s/actions/5788_3.jpg HTTP/1.1" 200 8115 "https://www.afish-ka.ru/cinema/films/5788/" "Mozilla/5.0 AppleWebKit/537.36 (KHTML, like Gecko; compatible; GPTBot/1.3; +https://openai.com/gptbot)"
34.71.245.232 - - [16/Apr/2026:00:30:11 +0200] "GET /i/mba/css/mba.css HTTP/1.1" 200 5146 "http://www.afish-ka.ru/" "Mozilla/5.0 (X11; Linux x86_64) AppleWebKit/537.36 (KHTML, like Gecko) Chrome/138.0.0.0 Safari/537.36"
34.45.251.13 - - [16/Apr/2026:00:30:11 +0200] "GET /i/mootools.js HTTP/1.1" 200 26246 "http://www.afish-ka.ru/" "Mozilla/5.0 (X11; Linux x86_64) AppleWebKit/537.36 (KHTML, like Gecko) Chrome/138.0.0.0 Safari/537.36"
74.7.227.21 - - [16/Apr/2026:00:30:11 +0200] "GET /images/s/actions/5788_4.jpg HTTP/1.1" 200 7128 "https://www.afish-ka.ru/cinema/films/5788/" "Mozilla/5.0 AppleWebKit/537.36 (KHTML, like Gecko; compatible; GPTBot/1.3; +https://openai.com/gptbot)"
74.7.227.21 - - [16/Apr/2026:00:30:12 +0200] "GET /images/b/actions/5952_5.jpg HTTP/1.1" 200 54912 "https://www.afish-ka.ru/cinema/films/5952/" "Mozilla/5.0 AppleWebKit/537.36 (KHTML, like Gecko; compatible; GPTBot/1.3; +https://openai.com/gptbot)"
34.45.251.13 - - [16/Apr/2026:00:30:12 +0200] "GET /i/logo.gif HTTP/1.1" 200 9522 "http://www.afish-ka.ru/" "Mozilla/5.0 (X11; Linux x86_64) AppleWebKit/537.36 (KHTML, like Gecko) Chrome/138.0.0.0 Safari/537.36"
34.71.245.232 - - [16/Apr/2026:00:30:12 +0200] "GET /i/mba/js/mba.js HTTP/1.1" 200 10124 "http://www.afish-ka.ru/" "Mozilla/5.0 (X11; Linux x86_64) AppleWebKit/537.36 (KHTML, like Gecko) Chrome/138.0.0.0 Safari/537.36"
74.7.227.21 - - [16/Apr/2026:00:30:12 +0200] "GET /images/s/actions/6009_4.jpg HTTP/1.1" 200 6106 "https://www.afish-ka.ru/cinema/films/6009/" "Mozilla/5.0 AppleWebKit/537.36 (KHTML, like Gecko; compatible; GPTBot/1.3; +https://openai.com/gptbot)"
74.7.227.21 - - [16/Apr/2026:00:30:13 +0200] "GET /images/b/actions/5909_1.jpg HTTP/1.1" 200 64682 "https://www.afish-ka.ru/cinema/films/5909/" "Mozilla/5.0 AppleWebKit/537.36 (KHTML, like Gecko; compatible; GPTBot/1.3; +https://openai.com/gptbot)"
74.7.227.21 - - [16/Apr/2026:00:30:13 +0200] "GET /images/b/actions/5856_1.jpg HTTP/1.1" 200 36292 "https://www.afish-ka.ru/cinema/films/5856/" "Mozilla/5.0 AppleWebKit/537.36 (KHTML, like Gecko; compatible; GPTBot/1.3; +https://openai.com/gptbot)"
74.7.227.21 - - [16/Apr/2026:00:30:14 +0200] "GET /images/s/actions/6009_2.jpg HTTP/1.1" 200 5944 "https://www.afish-ka.ru/cinema/films/6009/" "Mozilla/5.0 AppleWebKit/537.36 (KHTML, like Gecko; compatible; GPTBot/1.3; +https://openai.com/gptbot)"
74.7.227.21 - - [16/Apr/2026:00:30:14 +0200] "GET /images/b/actions/5750_1.jpg HTTP/1.1" 200 59747 "https://www.afish-ka.ru/cinema/films/5750/" "Mozilla/5.0 AppleWebKit/537.36 (KHTML, like Gecko; compatible; GPTBot/1.3; +https://openai.com/gptbot)"
74.7.227.21 - - [16/Apr/2026:00:30:15 +0200] "GET /images/b/actions/5952_2.jpg HTTP/1.1" 200 34916 "https://www.afish-ka.ru/cinema/films/5952/" "Mozilla/5.0 AppleWebKit/537.36 (KHTML, like Gecko; compatible; GPTBot/1.3; +https://openai.com/gptbot)"
94.23.188.194 - - [16/Apr/2026:00:30:15 +0200] "GET /cinema/films/ HTTP/1.1" 200 12228 "-" "Mozilla/5.0 (compatible; AhrefsBot/7.0; +http://ahrefs.com/robot/)"
74.7.227.21 - - [16/Apr/2026:00:30:15 +0200] "GET /images/b/actions/5774_4.jpg HTTP/1.1" 200 41389 "https://www.afish-ka.ru/cinema/films/5774/" "Mozilla/5.0 AppleWebKit/537.36 (KHTML, like Gecko; compatible; GPTBot/1.3; +https://openai.com/gptbot)"
74.7.227.21 - - [16/Apr/2026:00:30:16 +0200] "GET /images/b/actions/5856_5.jpg HTTP/1.1" 200 45417 "https://www.afish-ka.ru/cinema/films/5856/" "Mozilla/5.0 AppleWebKit/537.36 (KHTML, like Gecko; compatible; GPTBot/1.3; +https://openai.com/gptbot)"
74.7.227.21 - - [16/Apr/2026:00:30:16 +0200] "GET /images/b/actions/5919_5.jpg HTTP/1.1" 200 41400 "https://www.afish-ka.ru/cinema/films/5919/" "Mozilla/5.0 AppleWebKit/537.36 (KHTML, like Gecko; compatible; GPTBot/1.3; +https://openai.com/gptbot)"
74.7.227.21 - - [16/Apr/2026:00:30:17 +0200] "GET /images/b/actions/6009_5.jpg HTTP/1.1" 200 36766 "https://www.afish-ka.ru/cinema/films/6009/" "Mozilla/5.0 AppleWebKit/537.36 (KHTML, like Gecko; compatible; GPTBot/1.3; +https://openai.com/gptbot)"
74.7.227.21 - - [16/Apr/2026:00:30:17 +0200] "GET /images/b/actions/5848_5.jpg HTTP/1.1" 200 30578 "https://www.afish-ka.ru/cinema/films/5848/" "Mozilla/5.0 AppleWebKit/537.36 (KHTML, like Gecko; compatible; GPTBot/1.3; +https://openai.com/gptbot)"
74.7.227.21 - - [16/Apr/2026:00:30:18 +0200] "GET /images/s/actions/5750_4.jpg HTTP/1.1" 200 6045 "https://www.afish-ka.ru/cinema/films/5750/" "Mozilla/5.0 AppleWebKit/537.36 (KHTML, like Gecko; compatible; GPTBot/1.3; +https://openai.com/gptbot)"
74.7.227.21 - - [16/Apr/2026:00:30:18 +0200] "GET /images/s/actions/5750_3.jpg HTTP/1.1" 200 5586 "https://www.afish-ka.ru/cinema/films/5750/" "Mozilla/5.0 AppleWebKit/537.36 (KHTML, like Gecko; compatible; GPTBot/1.3; +https://openai.com/gptbot)"
74.7.227.21 - - [16/Apr/2026:00:30:19 +0200] "GET /images/s/actions/5909_2.jpg HTTP/1.1" 200 4142 "https://www.afish-ka.ru/cinema/films/5909/" "Mozilla/5.0 AppleWebKit/537.36 (KHTML, like Gecko; compatible; GPTBot/1.3; +https://openai.com/gptbot)"
74.7.227.21 - - [16/Apr/2026:00:30:19 +0200] "GET /images/s/actions/5979_3.jpg HTTP/1.1" 200 5956 "https://www.afish-ka.ru/cinema/films/5979/" "Mozilla/5.0 AppleWebKit/537.36 (KHTML, like Gecko; compatible; GPTBot/1.3; +https://openai.com/gptbot)"
74.7.227.21 - - [16/Apr/2026:00:30:20 +0200] "GET /images/s/actions/5919_3.jpg HTTP/1.1" 200 5573 "https://www.afish-ka.ru/cinema/films/5919/" "Mozilla/5.0 AppleWebKit/537.36 (KHTML, like Gecko; compatible; GPTBot/1.3; +https://openai.com/gptbot)"
74.7.227.21 - - [16/Apr/2026:00:30:21 +0200] "GET /images/b/actions/5774_2.jpg HTTP/1.1" 200 52145 "https://www.afish-ka.ru/cinema/films/5774/" "Mozilla/5.0 AppleWebKit/537.36 (KHTML, like Gecko; compatible; GPTBot/1.3; +https://openai.com/gptbot)"
74.7.227.21 - - [16/Apr/2026:00:30:21 +0200] "GET /images/b/actions/6009_1.jpg HTTP/1.1" 200 46234 "https://www.afish-ka.ru/cinema/films/6009/" "Mozilla/5.0 AppleWebKit/537.36 (KHTML, like Gecko; compatible; GPTBot/1.3; +https://openai.com/gptbot)"
74.7.227.21 - - [16/Apr/2026:00:30:22 +0200] "GET /images/b/actions/6009_2.jpg HTTP/1.1" 200 48271 "https://www.afish-ka.ru/cinema/films/6009/" "Mozilla/5.0 AppleWebKit/537.36 (KHTML, like Gecko; compatible; GPTBot/1.3; +https://openai.com/gptbot)"
74.7.227.21 - - [16/Apr/2026:00:30:22 +0200] "GET /images/s/actions/5979_2.jpg HTTP/1.1" 200 7620 "https://www.afish-ka.ru/cinema/films/5979/" "Mozilla/5.0 AppleWebKit/537.36 (KHTML, like Gecko; compatible; GPTBot/1.3; +https://openai.com/gptbot)"
74.7.227.21 - - [16/Apr/2026:00:30:23 +0200] "GET /images/b/actions/5915_5.jpg HTTP/1.1" 200 60838 "https://www.afish-ka.ru/cinema/films/5915/" "Mozilla/5.0 AppleWebKit/537.36 (KHTML, like Gecko; compatible; GPTBot/1.3; +https://openai.com/gptbot)"
74.7.227.21 - - [16/Apr/2026:00:30:23 +0200] "GET /images/s/actions/5848_3.jpg HTTP/1.1" 200 6211 "https://www.afish-ka.ru/cinema/films/5848/" "Mozilla/5.0 AppleWebKit/537.36 (KHTML, like Gecko; compatible; GPTBot/1.3; +https://openai.com/gptbot)"
74.7.227.21 - - [16/Apr/2026:00:30:24 +0200] "GET /images/s/actions/5774_3.jpg HTTP/1.1" 200 7126 "https://www.afish-ka.ru/cinema/films/5774/" "Mozilla/5.0 AppleWebKit/537.36 (KHTML, like Gecko; compatible; GPTBot/1.3; +https://openai.com/gptbot)"
74.7.227.21 - - [16/Apr/2026:00:30:24 +0200] "GET /images/b/actions/5788_3.jpg HTTP/1.1" 200 58506 "https://www.afish-ka.ru/cinema/films/5788/" "Mozilla/5.0 AppleWebKit/537.36 (KHTML, like Gecko; compatible; GPTBot/1.3; +https://openai.com/gptbot)"
74.7.227.21 - - [16/Apr/2026:00:30:25 +0200] "GET /images/b/actions/6009_4.jpg HTTP/1.1" 200 46726 "https://www.afish-ka.ru/cinema/films/6009/" "Mozilla/5.0 AppleWebKit/537.36 (KHTML, like Gecko; compatible; GPTBot/1.3; +https://openai.com/gptbot)"
35.224.197.47 - - [16/Apr/2026:00:30:25 +0200] "GET /i/empty.gif HTTP/1.1" 200 4163 "http://www.afish-ka.ru/" "Mozilla/5.0 (X11; Linux x86_64) AppleWebKit/537.36 (KHTML, like Gecko) Chrome/138.0.0.0 Safari/537.36"
74.7.227.21 - - [16/Apr/2026:00:30:25 +0200] "GET /images/b/actions/5915_1.jpg HTTP/1.1" 200 63300 "https://www.afish-ka.ru/cinema/films/5915/" "Mozilla/5.0 AppleWebKit/537.36 (KHTML, like Gecko; compatible; GPTBot/1.3; +https://openai.com/gptbot)"
74.7.227.21 - - [16/Apr/2026:00:30:26 +0200] "GET /images/b/actions/5788_5.jpg HTTP/1.1" 200 69709 "https://www.afish-ka.ru/cinema/films/5788/" "Mozilla/5.0 AppleWebKit/537.36 (KHTML, like Gecko; compatible; GPTBot/1.3; +https://openai.com/gptbot)"
170.106.136.218 - - [16/Apr/2026:00:30:25 +0200] "GET /cinema/films/1661/cinema/films/1661/opinions/cinema/films/ HTTP/1.1" 200 6868 "-" "Mozilla/5.0 (Macintosh; Intel Mac OS X 10_15_7) AppleWebKit/537.36 (KHTML, like Gecko) Chrome/144.0.0.0 Safari/537.36"
74.7.227.21 - - [16/Apr/2026:00:30:26 +0200] "GET /images/s/actions/5848_2.jpg HTTP/1.1" 200 7304 "https://www.afish-ka.ru/cinema/films/5848/" "Mozilla/5.0 AppleWebKit/537.36 (KHTML, like Gecko; compatible; GPTBot/1.3; +https://openai.com/gptbot)"
74.7.227.21 - - [16/Apr/2026:00:30:27 +0200] "GET /images/b/actions/5915_4.jpg HTTP/1.1" 200 55602 "https://www.afish-ka.ru/cinema/films/5915/" "Mozilla/5.0 AppleWebKit/537.36 (KHTML, like Gecko; compatible; GPTBot/1.3; +https://openai.com/gptbot)"
74.7.227.21 - - [16/Apr/2026:00:30:27 +0200] "GET /images/s/actions/5915_2.jpg HTTP/1.1" 200 7497 "https://www.afish-ka.ru/cinema/films/5915/" "Mozilla/5.0 AppleWebKit/537.36 (KHTML, like Gecko; compatible; GPTBot/1.3; +https://openai.com/gptbot)"
74.7.227.21 - - [16/Apr/2026:00:30:28 +0200] "GET /images/b/actions/5774_3.jpg HTTP/1.1" 200 88988 "https://www.afish-ka.ru/cinema/films/5774/" "Mozilla/5.0 AppleWebKit/537.36 (KHTML, like Gecko; compatible; GPTBot/1.3; +https://openai.com/gptbot)"
74.7.227.21 - - [16/Apr/2026:00:30:28 +0200] "GET /images/b/actions/5750_4.jpg HTTP/1.1" 200 33388 "https://www.afish-ka.ru/cinema/films/5750/" "Mozilla/5.0 AppleWebKit/537.36 (KHTML, like Gecko; compatible; GPTBot/1.3; +https://openai.com/gptbot)"
74.7.227.21 - - [16/Apr/2026:00:30:29 +0200] "GET /images/b/actions/5909_4.jpg HTTP/1.1" 200 35203 "https://www.afish-ka.ru/cinema/films/5909/" "Mozilla/5.0 AppleWebKit/537.36 (KHTML, like Gecko; compatible; GPTBot/1.3; +https://openai.com/gptbot)"
74.7.227.21 - - [16/Apr/2026:00:30:29 +0200] "GET /images/b/actions/5750_3.jpg HTTP/1.1" 200 28306 "https://www.afish-ka.ru/cinema/films/5750/" "Mozilla/5.0 AppleWebKit/537.36 (KHTML, like Gecko; compatible; GPTBot/1.3; +https://openai.com/gptbot)"
185.191.171.8 - - [16/Apr/2026:00:30:29 +0200] "GET /links.php?go=https%3A%2F%2Fwww.jucolawfirm.net%2Fchild-custody-and-support HTTP/1.1" 200 9593 "-" "Mozilla/5.0 (compatible; SemrushBot/7~bl; +http://www.semrush.com/bot.html)"
74.7.227.21 - - [16/Apr/2026:00:30:30 +0200] "GET /images/b/actions/5952_4.jpg HTTP/1.1" 200 58088 "https://www.afish-ka.ru/cinema/films/5952/" "Mozilla/5.0 AppleWebKit/537.36 (KHTML, like Gecko; compatible; GPTBot/1.3; +https://openai.com/gptbot)"
74.7.227.21 - - [16/Apr/2026:00:30:30 +0200] "GET /images/b/actions/5979_1.jpg HTTP/1.1" 200 29162 "https://www.afish-ka.ru/cinema/films/5979/" "Mozilla/5.0 AppleWebKit/537.36 (KHTML, like Gecko; compatible; GPTBot/1.3; +https://openai.com/gptbot)"
74.7.227.21 - - [16/Apr/2026:00:30:31 +0200] "GET /images/s/actions/5750_2.jpg HTTP/1.1" 200 6181 "https://www.afish-ka.ru/cinema/films/5750/" "Mozilla/5.0 AppleWebKit/537.36 (KHTML, like Gecko; compatible; GPTBot/1.3; +https://openai.com/gptbot)"
74.7.227.21 - - [16/Apr/2026:00:30:32 +0200] "GET /images/s/actions/5788_2.jpg HTTP/1.1" 200 7179 "https://www.afish-ka.ru/cinema/films/5788/" "Mozilla/5.0 AppleWebKit/537.36 (KHTML, like Gecko; compatible; GPTBot/1.3; +https://openai.com/gptbot)"
74.7.227.21 - - [16/Apr/2026:00:30:32 +0200] "GET /images/s/actions/6009_3.jpg HTTP/1.1" 200 5920 "https://www.afish-ka.ru/cinema/films/6009/" "Mozilla/5.0 AppleWebKit/537.36 (KHTML, like Gecko; compatible; GPTBot/1.3; +https://openai.com/gptbot)"
74.7.227.21 - - [16/Apr/2026:00:30:33 +0200] "GET /images/b/actions/5979_2.jpg HTTP/1.1" 200 63637 "https://www.afish-ka.ru/cinema/films/5979/" "Mozilla/5.0 AppleWebKit/537.36 (KHTML, like Gecko; compatible; GPTBot/1.3; +https://openai.com/gptbot)"
74.7.227.21 - - [16/Apr/2026:00:30:33 +0200] "GET /images/b/actions/5774_5.jpg HTTP/1.1" 200 49489 "https://www.afish-ka.ru/cinema/films/5774/" "Mozilla/5.0 AppleWebKit/537.36 (KHTML, like Gecko; compatible; GPTBot/1.3; +https://openai.com/gptbot)"
74.7.227.21 - - [16/Apr/2026:00:30:34 +0200] "GET /images/s/actions/6009_5.jpg HTTP/1.1" 200 5080 "https://www.afish-ka.ru/cinema/films/6009/" "Mozilla/5.0 AppleWebKit/537.36 (KHTML, like Gecko; compatible; GPTBot/1.3; +https://openai.com/gptbot)"
74.7.227.21 - - [16/Apr/2026:00:30:34 +0200] "GET /images/b/actions/5788_1.jpg HTTP/1.1" 200 62927 "https://www.afish-ka.ru/cinema/films/5788/" "Mozilla/5.0 AppleWebKit/537.36 (KHTML, like Gecko; compatible; GPTBot/1.3; +https://openai.com/gptbot)"
74.7.227.21 - - [16/Apr/2026:00:30:35 +0200] "GET /images/s/actions/5952_4.jpg HTTP/1.1" 200 7158 "https://www.afish-ka.ru/cinema/films/5952/" "Mozilla/5.0 AppleWebKit/537.36 (KHTML, like Gecko; compatible; GPTBot/1.3; +https://openai.com/gptbot)"
74.7.227.21 - - [16/Apr/2026:00:30:35 +0200] "GET /images/b/actions/5848_1.jpg HTTP/1.1" 200 39772 "https://www.afish-ka.ru/cinema/films/5848/" "Mozilla/5.0 AppleWebKit/537.36 (KHTML, like Gecko; compatible; GPTBot/1.3; +https://openai.com/gptbot)"
74.7.227.21 - - [16/Apr/2026:00:30:36 +0200] "GET /images/b/actions/5952_1.jpg HTTP/1.1" 200 52793 "https://www.afish-ka.ru/cinema/films/5952/" "Mozilla/5.0 AppleWebKit/537.36 (KHTML, like Gecko; compatible; GPTBot/1.3; +https://openai.com/gptbot)"
74.7.227.21 - - [16/Apr/2026:00:30:36 +0200] "GET /images/s/actions/5979_4.jpg HTTP/1.1" 200 5935 "https://www.afish-ka.ru/cinema/films/5979/" "Mozilla/5.0 AppleWebKit/537.36 (KHTML, like Gecko; compatible; GPTBot/1.3; +https://openai.com/gptbot)"
74.7.227.21 - - [16/Apr/2026:00:30:37 +0200] "GET /images/b/actions/5909_2.jpg HTTP/1.1" 200 48844 "https://www.afish-ka.ru/cinema/films/5909/" "Mozilla/5.0 AppleWebKit/537.36 (KHTML, like Gecko; compatible; GPTBot/1.3; +https://openai.com/gptbot)"
74.7.227.21 - - [16/Apr/2026:00:30:37 +0200] "GET /images/b/actions/5856_4.jpg HTTP/1.1" 200 63481 "https://www.afish-ka.ru/cinema/films/5856/" "Mozilla/5.0 AppleWebKit/537.36 (KHTML, like Gecko; compatible; GPTBot/1.3; +https://openai.com/gptbot)"
74.7.227.21 - - [16/Apr/2026:00:30:38 +0200] "GET /images/b/actions/6009_3.jpg HTTP/1.1" 200 42641 "https://www.afish-ka.ru/cinema/films/6009/" "Mozilla/5.0 AppleWebKit/537.36 (KHTML, like Gecko; compatible; GPTBot/1.3; +https://openai.com/gptbot)"
74.7.227.21 - - [16/Apr/2026:00:30:39 +0200] "GET /images/b/actions/5979_5.jpg HTTP/1.1" 200 56967 "https://www.afish-ka.ru/cinema/films/5979/" "Mozilla/5.0 AppleWebKit/537.36 (KHTML, like Gecko; compatible; GPTBot/1.3; +https://openai.com/gptbot)"
74.7.227.21 - - [16/Apr/2026:00:30:39 +0200] "GET /images/b/actions/5909_5.jpg HTTP/1.1" 200 22486 "https://www.afish-ka.ru/cinema/films/5909/" "Mozilla/5.0 AppleWebKit/537.36 (KHTML, like Gecko; compatible; GPTBot/1.3; +https://openai.com/gptbot)"
74.7.227.21 - - [16/Apr/2026:00:30:40 +0200] "GET /images/b/actions/5750_2.jpg HTTP/1.1" 200 36520 "https://www.afish-ka.ru/cinema/films/5750/" "Mozilla/5.0 AppleWebKit/537.36 (KHTML, like Gecko; compatible; GPTBot/1.3; +https://openai.com/gptbot)"
34.56.43.119 - - [16/Apr/2026:00:30:40 +0200] "GET / HTTP/1.1" 301 568 "-" "Mozilla/5.0 (X11; Linux x86_64) AppleWebKit/537.36 (KHTML, like Gecko) Chrome/138.0.0.0 Safari/537.36"
74.7.227.21 - - [16/Apr/2026:00:30:40 +0200] "GET /images/s/actions/5915_4.jpg HTTP/1.1" 200 7180 "https://www.afish-ka.ru/cinema/films/5915/" "Mozilla/5.0 AppleWebKit/537.36 (KHTML, like Gecko; compatible; GPTBot/1.3; +https://openai.com/gptbot)"
74.7.227.21 - - [16/Apr/2026:00:30:41 +0200] "GET /images/b/actions/5788_2.jpg HTTP/1.1" 200 68973 "https://www.afish-ka.ru/cinema/films/5788/" "Mozilla/5.0 AppleWebKit/537.36 (KHTML, like Gecko; compatible; GPTBot/1.3; +https://openai.com/gptbot)"
74.7.227.21 - - [16/Apr/2026:00:30:41 +0200] "GET /images/b/actions/5919_4.jpg HTTP/1.1" 200 40514 "https://www.afish-ka.ru/cinema/films/5919/" "Mozilla/5.0 AppleWebKit/537.36 (KHTML, like Gecko; compatible; GPTBot/1.3; +https://openai.com/gptbot)"
74.7.227.21 - - [16/Apr/2026:00:30:42 +0200] "GET /images/s/actions/5856_4.jpg HTTP/1.1" 200 5858 "https://www.afish-ka.ru/cinema/films/5856/" "Mozilla/5.0 AppleWebKit/537.36 (KHTML, like Gecko; compatible; GPTBot/1.3; +https://openai.com/gptbot)"
74.7.227.21 - - [16/Apr/2026:00:30:42 +0200] "GET /images/s/actions/5856_3.jpg HTTP/1.1" 200 6825 "https://www.afish-ka.ru/cinema/films/5856/" "Mozilla/5.0 AppleWebKit/537.36 (KHTML, like Gecko; compatible; GPTBot/1.3; +https://openai.com/gptbot)"
74.7.227.21 - - [16/Apr/2026:00:30:43 +0200] "GET /images/b/actions/5915_3.jpg HTTP/1.1" 200 51853 "https://www.afish-ka.ru/cinema/films/5915/" "Mozilla/5.0 AppleWebKit/537.36 (KHTML, like Gecko; compatible; GPTBot/1.3; +https://openai.com/gptbot)"
34.56.43.119 - - [16/Apr/2026:00:30:43 +0200] "GET / HTTP/1.1" 200 9938 "-" "Mozilla/5.0 (X11; Linux x86_64) AppleWebKit/537.36 (KHTML, like Gecko) Chrome/138.0.0.0 Safari/537.36"
74.7.227.21 - - [16/Apr/2026:00:30:43 +0200] "GET /images/b/actions/5848_4.jpg HTTP/1.1" 200 49148 "https://www.afish-ka.ru/cinema/films/5848/" "Mozilla/5.0 AppleWebKit/537.36 (KHTML, like Gecko; compatible; GPTBot/1.3; +https://openai.com/gptbot)"
34.56.43.119 - - [16/Apr/2026:00:30:43 +0200] "GET / HTTP/1.1" 200 6101 "-" "Mozilla/5.0 (X11; Linux x86_64) AppleWebKit/537.36 (KHTML, like Gecko) Chrome/138.0.0.0 Safari/537.36"
74.7.227.21 - - [16/Apr/2026:00:30:44 +0200] "GET /images/b/actions/5952_3.jpg HTTP/1.1" 200 57193 "https://www.afish-ka.ru/cinema/films/5952/" "Mozilla/5.0 AppleWebKit/537.36 (KHTML, like Gecko; compatible; GPTBot/1.3; +https://openai.com/gptbot)"
74.7.227.21 - - [16/Apr/2026:00:30:44 +0200] "GET /images/s/actions/5919_2.jpg HTTP/1.1" 200 5588 "https://www.afish-ka.ru/cinema/films/5919/" "Mozilla/5.0 AppleWebKit/537.36 (KHTML, like Gecko; compatible; GPTBot/1.3; +https://openai.com/gptbot)"
74.7.227.21 - - [16/Apr/2026:00:30:45 +0200] "GET /images/b/actions/5979_4.jpg HTTP/1.1" 200 54440 "https://www.afish-ka.ru/cinema/films/5979/" "Mozilla/5.0 AppleWebKit/537.36 (KHTML, like Gecko; compatible; GPTBot/1.3; +https://openai.com/gptbot)"
35.224.197.47 - - [16/Apr/2026:00:30:45 +0200] "GET /i/style.css HTTP/1.1" 200 4763 "http://www.afish-ka.ru/" "Mozilla/5.0 (X11; Linux x86_64) AppleWebKit/537.36 (KHTML, like Gecko) Chrome/138.0.0.0 Safari/537.36"
74.7.227.21 - - [16/Apr/2026:00:30:45 +0200] "GET /images/s/actions/5856_2.jpg HTTP/1.1" 200 7573 "https://www.afish-ka.ru/cinema/films/5856/" "Mozilla/5.0 AppleWebKit/537.36 (KHTML, like Gecko; compatible; GPTBot/1.3; +https://openai.com/gptbot)"
35.224.197.47 - - [16/Apr/2026:00:30:46 +0200] "GET /i/mba/css/mba.css HTTP/1.1" 200 1384 "http://www.afish-ka.ru/" "Mozilla/5.0 (X11; Linux x86_64) AppleWebKit/537.36 (KHTML, like Gecko) Chrome/138.0.0.0 Safari/537.36"
35.224.197.47 - - [16/Apr/2026:00:30:46 +0200] "GET /i/mootools.js HTTP/1.1" 200 22484 "http://www.afish-ka.ru/" "Mozilla/5.0 (X11; Linux x86_64) AppleWebKit/537.36 (KHTML, like Gecko) Chrome/138.0.0.0 Safari/537.36"
74.7.227.21 - - [16/Apr/2026:00:30:46 +0200] "GET /images/b/actions/5856_3.jpg HTTP/1.1" 200 54576 "https://www.afish-ka.ru/cinema/films/5856/" "Mozilla/5.0 AppleWebKit/537.36 (KHTML, like Gecko; compatible; GPTBot/1.3; +https://openai.com/gptbot)"
74.7.227.21 - - [16/Apr/2026:00:30:46 +0200] "GET /images/b/actions/5979_3.jpg HTTP/1.1" 200 41204 "https://www.afish-ka.ru/cinema/films/5979/" "Mozilla/5.0 AppleWebKit/537.36 (KHTML, like Gecko; compatible; GPTBot/1.3; +https://openai.com/gptbot)"
74.7.227.21 - - [16/Apr/2026:00:30:47 +0200] "GET /images/b/actions/5919_1.jpg HTTP/1.1" 200 35641 "https://www.afish-ka.ru/cinema/films/5919/" "Mozilla/5.0 AppleWebKit/537.36 (KHTML, like Gecko; compatible; GPTBot/1.3; +https://openai.com/gptbot)"
74.7.227.21 - - [16/Apr/2026:00:30:47 +0200] "GET /images/b/actions/5919_2.jpg HTTP/1.1" 200 32266 "https://www.afish-ka.ru/cinema/films/5919/" "Mozilla/5.0 AppleWebKit/537.36 (KHTML, like Gecko; compatible; GPTBot/1.3; +https://openai.com/gptbot)"
74.7.227.21 - - [16/Apr/2026:00:30:48 +0200] "GET /images/b/actions/5750_5.jpg HTTP/1.1" 200 17258 "https://www.afish-ka.ru/cinema/films/5750/" "Mozilla/5.0 AppleWebKit/537.36 (KHTML, like Gecko; compatible; GPTBot/1.3; +https://openai.com/gptbot)"
34.45.251.13 - - [16/Apr/2026:00:30:48 +0200] "GET /i/mba/js/mba.js HTTP/1.1" 200 13886 "http://www.afish-ka.ru/" "Mozilla/5.0 (X11; Linux x86_64) AppleWebKit/537.36 (KHTML, like Gecko) Chrome/138.0.0.0 Safari/537.36"
34.45.251.13 - - [16/Apr/2026:00:30:48 +0200] "GET /i/logo.gif HTTP/1.1" 200 5760 "http://www.afish-ka.ru/" "Mozilla/5.0 (X11; Linux x86_64) AppleWebKit/537.36 (KHTML, like Gecko) Chrome/138.0.0.0 Safari/537.36"
74.7.227.21 - - [16/Apr/2026:00:30:49 +0200] "GET /images/b/actions/5856_2.jpg HTTP/1.1" 200 94201 "https://www.afish-ka.ru/cinema/films/5856/" "Mozilla/5.0 AppleWebKit/537.36 (KHTML, like Gecko; compatible; GPTBot/1.3; +https://openai.com/gptbot)"
74.7.227.21 - - [16/Apr/2026:00:30:49 +0200] "GET /images/b/actions/5915_2.jpg HTTP/1.1" 200 61840 "https://www.afish-ka.ru/cinema/films/5915/" "Mozilla/5.0 AppleWebKit/537.36 (KHTML, like Gecko; compatible; GPTBot/1.3; +https://openai.com/gptbot)"
74.7.227.21 - - [16/Apr/2026:00:30:50 +0200] "GET /images/b/actions/5788_4.jpg HTTP/1.1" 200 43757 "https://www.afish-ka.ru/cinema/films/5788/" "Mozilla/5.0 AppleWebKit/537.36 (KHTML, like Gecko; compatible; GPTBot/1.3; +https://openai.com/gptbot)"
74.7.227.21 - - [16/Apr/2026:00:30:50 +0200] "GET /images/b/actions/5919_3.jpg HTTP/1.1" 200 26342 "https://www.afish-ka.ru/cinema/films/5919/" "Mozilla/5.0 AppleWebKit/537.36 (KHTML, like Gecko; compatible; GPTBot/1.3; +https://openai.com/gptbot)"
74.7.227.21 - - [16/Apr/2026:00:30:51 +0200] "GET /images/s/actions/5915_3.jpg HTTP/1.1" 200 6237 "https://www.afish-ka.ru/cinema/films/5915/" "Mozilla/5.0 AppleWebKit/537.36 (KHTML, like Gecko; compatible; GPTBot/1.3; +https://openai.com/gptbot)"
74.7.227.21 - - [16/Apr/2026:00:30:51 +0200] "GET /images/s/actions/5909_4.jpg HTTP/1.1" 200 5557 "https://www.afish-ka.ru/cinema/films/5909/" "Mozilla/5.0 AppleWebKit/537.36 (KHTML, like Gecko; compatible; GPTBot/1.3; +https://openai.com/gptbot)"
74.7.227.21 - - [16/Apr/2026:00:30:52 +0200] "GET /images/s/actions/5952_3.jpg HTTP/1.1" 200 7377 "https://www.afish-ka.ru/cinema/films/5952/" "Mozilla/5.0 AppleWebKit/537.36 (KHTML, like Gecko; compatible; GPTBot/1.3; +https://openai.com/gptbot)"
74.7.227.21 - - [16/Apr/2026:00:30:52 +0200] "GET /images/b/actions/5848_2.jpg HTTP/1.1" 200 47994 "https://www.afish-ka.ru/cinema/films/5848/" "Mozilla/5.0 AppleWebKit/537.36 (KHTML, like Gecko; compatible; GPTBot/1.3; +https://openai.com/gptbot)"
74.7.227.21 - - [16/Apr/2026:00:30:53 +0200] "GET /images/s/actions/5750_5.jpg HTTP/1.1" 200 4073 "https://www.afish-ka.ru/cinema/films/5750/" "Mozilla/5.0 AppleWebKit/537.36 (KHTML, like Gecko; compatible; GPTBot/1.3; +https://openai.com/gptbot)"
74.7.227.21 - - [16/Apr/2026:00:30:53 +0200] "GET /images/s/actions/5774_4.jpg HTTP/1.1" 200 5002 "https://www.afish-ka.ru/cinema/films/5774/" "Mozilla/5.0 AppleWebKit/537.36 (KHTML, like Gecko; compatible; GPTBot/1.3; +https://openai.com/gptbot)"
74.7.227.21 - - [16/Apr/2026:00:30:54 +0200] "GET /images/s/actions/5915_5.jpg HTTP/1.1" 200 6859 "https://www.afish-ka.ru/cinema/films/5915/" "Mozilla/5.0 AppleWebKit/537.36 (KHTML, like Gecko; compatible; GPTBot/1.3; +https://openai.com/gptbot)"
185.191.171.4 - - [16/Apr/2026:00:30:54 +0200] "GET /cinema/films/3424/opinions/add/ HTTP/1.1" 200 9536 "-" "Mozilla/5.0 (compatible; SemrushBot/7~bl; +http://www.semrush.com/bot.html)"
74.7.227.21 - - [16/Apr/2026:00:30:55 +0200] "GET /images/s/actions/5848_5.jpg HTTP/1.1" 200 5211 "https://www.afish-ka.ru/cinema/films/5848/" "Mozilla/5.0 AppleWebKit/537.36 (KHTML, like Gecko; compatible; GPTBot/1.3; +https://openai.com/gptbot)"
74.7.227.21 - - [16/Apr/2026:00:30:55 +0200] "GET /images/s/actions/5848_4.jpg HTTP/1.1" 200 8098 "https://www.afish-ka.ru/cinema/films/5848/" "Mozilla/5.0 AppleWebKit/537.36 (KHTML, like Gecko; compatible; GPTBot/1.3; +https://openai.com/gptbot)"
74.7.227.21 - - [16/Apr/2026:00:30:56 +0200] "GET /images/s/actions/5774_5.jpg HTTP/1.1" 200 7314 "https://www.afish-ka.ru/cinema/films/5774/" "Mozilla/5.0 AppleWebKit/537.36 (KHTML, like Gecko; compatible; GPTBot/1.3; +https://openai.com/gptbot)"
74.7.227.21 - - [16/Apr/2026:00:30:56 +0200] "GET /images/s/actions/5788_5.jpg HTTP/1.1" 200 8705 "https://www.afish-ka.ru/cinema/films/5788/" "Mozilla/5.0 AppleWebKit/537.36 (KHTML, like Gecko; compatible; GPTBot/1.3; +https://openai.com/gptbot)"
74.7.227.21 - - [16/Apr/2026:00:30:57 +0200] "GET /images/s/actions/5979_5.jpg HTTP/1.1" 200 6174 "https://www.afish-ka.ru/cinema/films/5979/" "Mozilla/5.0 AppleWebKit/537.36 (KHTML, like Gecko; compatible; GPTBot/1.3; +https://openai.com/gptbot)"
74.7.227.21 - - [16/Apr/2026:00:30:57 +0200] "GET /images/s/actions/5909_5.jpg HTTP/1.1" 200 3385 "https://www.afish-ka.ru/cinema/films/5909/" "Mozilla/5.0 AppleWebKit/537.36 (KHTML, like Gecko; compatible; GPTBot/1.3; +https://openai.com/gptbot)"
74.7.227.21 - - [16/Apr/2026:00:30:58 +0200] "GET /images/s/actions/5952_5.jpg HTTP/1.1" 200 6118 "https://www.afish-ka.ru/cinema/films/5952/" "Mozilla/5.0 AppleWebKit/537.36 (KHTML, like Gecko; compatible; GPTBot/1.3; +https://openai.com/gptbot)"
74.7.227.21 - - [16/Apr/2026:00:30:58 +0200] "GET /images/s/actions/5952_2.jpg HTTP/1.1" 200 4404 "https://www.afish-ka.ru/cinema/films/5952/" "Mozilla/5.0 AppleWebKit/537.36 (KHTML, like Gecko; compatible; GPTBot/1.3; +https://openai.com/gptbot)"
74.7.227.21 - - [16/Apr/2026:00:30:59 +0200] "GET /images/s/actions/5919_5.jpg HTTP/1.1" 200 5845 "https://www.afish-ka.ru/cinema/films/5919/" "Mozilla/5.0 AppleWebKit/537.36 (KHTML, like Gecko; compatible; GPTBot/1.3; +https://openai.com/gptbot)"
74.7.227.21 - - [16/Apr/2026:00:30:59 +0200] "GET /images/s/actions/5856_5.jpg HTTP/1.1" 200 6002 "https://www.afish-ka.ru/cinema/films/5856/" "Mozilla/5.0 AppleWebKit/537.36 (KHTML, like Gecko; compatible; GPTBot/1.3; +https://openai.com/gptbot)"
74.7.227.21 - - [16/Apr/2026:00:31:00 +0200] "GET /images/s/posters/5788.jpg HTTP/1.1" 200 18199 "https://www.afish-ka.ru/cinema/films/5788/" "Mozilla/5.0 AppleWebKit/537.36 (KHTML, like Gecko; compatible; GPTBot/1.3; +https://openai.com/gptbot)"
74.7.227.21 - - [16/Apr/2026:00:31:00 +0200] "GET /images/b/posters/5856.jpg HTTP/1.1" 200 62127 "https://www.afish-ka.ru/cinema/films/5856/" "Mozilla/5.0 AppleWebKit/537.36 (KHTML, like Gecko; compatible; GPTBot/1.3; +https://openai.com/gptbot)"
74.7.227.21 - - [16/Apr/2026:00:31:01 +0200] "GET /images/s/posters/5915.jpg HTTP/1.1" 200 16745 "https://www.afish-ka.ru/cinema/films/5915/" "Mozilla/5.0 AppleWebKit/537.36 (KHTML, like Gecko; compatible; GPTBot/1.3; +https://openai.com/gptbot)"
74.7.227.21 - - [16/Apr/2026:00:31:01 +0200] "GET /images/b/posters/5952.jpg HTTP/1.1" 200 56090 "https://www.afish-ka.ru/cinema/films/5952/" "Mozilla/5.0 AppleWebKit/537.36 (KHTML, like Gecko; compatible; GPTBot/1.3; +https://openai.com/gptbot)"
74.7.227.21 - - [16/Apr/2026:00:31:02 +0200] "GET /images/b/posters/5909.jpg HTTP/1.1" 200 61943 "https://www.afish-ka.ru/cinema/films/5909/" "Mozilla/5.0 AppleWebKit/537.36 (KHTML, like Gecko; compatible; GPTBot/1.3; +https://openai.com/gptbot)"
74.7.227.21 - - [16/Apr/2026:00:31:02 +0200] "GET /images/s/posters/5952.jpg HTTP/1.1" 200 11947 "https://www.afish-ka.ru/cinema/films/5952/" "Mozilla/5.0 AppleWebKit/537.36 (KHTML, like Gecko; compatible; GPTBot/1.3; +https://openai.com/gptbot)"
74.7.227.21 - - [16/Apr/2026:00:31:03 +0200] "GET /images/b/posters/5788.jpg HTTP/1.1" 200 76592 "https://www.afish-ka.ru/cinema/films/5788/" "Mozilla/5.0 AppleWebKit/537.36 (KHTML, like Gecko; compatible; GPTBot/1.3; +https://openai.com/gptbot)"
94.23.188.222 - - [16/Apr/2026:00:31:03 +0200] "GET /cinema/films/4028/ HTTP/1.1" 200 10627 "-" "Mozilla/5.0 (compatible; AhrefsBot/7.0; +http://ahrefs.com/robot/)"
74.7.227.21 - - [16/Apr/2026:00:31:04 +0200] "GET /images/b/posters/5919.jpg HTTP/1.1" 200 41011 "https://www.afish-ka.ru/cinema/films/5919/" "Mozilla/5.0 AppleWebKit/537.36 (KHTML, like Gecko; compatible; GPTBot/1.3; +https://openai.com/gptbot)"
74.7.227.21 - - [16/Apr/2026:00:31:04 +0200] "GET /images/b/posters/5915.jpg HTTP/1.1" 200 96573 "https://www.afish-ka.ru/cinema/films/5915/" "Mozilla/5.0 AppleWebKit/537.36 (KHTML, like Gecko; compatible; GPTBot/1.3; +https://openai.com/gptbot)"
74.7.227.21 - - [16/Apr/2026:00:31:05 +0200] "GET /images/s/posters/5848.jpg HTTP/1.1" 200 16662 "https://www.afish-ka.ru/cinema/films/5848/" "Mozilla/5.0 AppleWebKit/537.36 (KHTML, like Gecko; compatible; GPTBot/1.3; +https://openai.com/gptbot)"
74.7.227.21 - - [16/Apr/2026:00:31:05 +0200] "GET /images/s/posters/5919.jpg HTTP/1.1" 200 14491 "https://www.afish-ka.ru/cinema/films/5919/" "Mozilla/5.0 AppleWebKit/537.36 (KHTML, like Gecko; compatible; GPTBot/1.3; +https://openai.com/gptbot)"
74.7.227.21 - - [16/Apr/2026:00:31:06 +0200] "GET /images/s/posters/5856.jpg HTTP/1.1" 200 10949 "https://www.afish-ka.ru/cinema/films/5856/" "Mozilla/5.0 AppleWebKit/537.36 (KHTML, like Gecko; compatible; GPTBot/1.3; +https://openai.com/gptbot)"
74.7.227.21 - - [16/Apr/2026:00:31:06 +0200] "GET /images/s/posters/5979.jpg HTTP/1.1" 200 9066 "https://www.afish-ka.ru/cinema/films/5979/" "Mozilla/5.0 AppleWebKit/537.36 (KHTML, like Gecko; compatible; GPTBot/1.3; +https://openai.com/gptbot)"
74.7.227.21 - - [16/Apr/2026:00:31:07 +0200] "GET /images/b/posters/6009.jpg HTTP/1.1" 200 76334 "https://www.afish-ka.ru/cinema/films/6009/" "Mozilla/5.0 AppleWebKit/537.36 (KHTML, like Gecko; compatible; GPTBot/1.3; +https://openai.com/gptbot)"
74.7.227.21 - - [16/Apr/2026:00:31:07 +0200] "GET /images/s/posters/6009.jpg HTTP/1.1" 200 13593 "https://www.afish-ka.ru/cinema/films/6009/" "Mozilla/5.0 AppleWebKit/537.36 (KHTML, like Gecko; compatible; GPTBot/1.3; +https://openai.com/gptbot)"
74.7.227.21 - - [16/Apr/2026:00:31:08 +0200] "GET /images/b/posters/5774.jpg HTTP/1.1" 200 60991 "https://www.afish-ka.ru/cinema/films/5774/" "Mozilla/5.0 AppleWebKit/537.36 (KHTML, like Gecko; compatible; GPTBot/1.3; +https://openai.com/gptbot)"
74.7.227.21 - - [16/Apr/2026:00:31:08 +0200] "GET /images/b/posters/5979.jpg HTTP/1.1" 200 48086 "https://www.afish-ka.ru/cinema/films/5979/" "Mozilla/5.0 AppleWebKit/537.36 (KHTML, like Gecko; compatible; GPTBot/1.3; +https://openai.com/gptbot)"
74.7.227.21 - - [16/Apr/2026:00:31:09 +0200] "GET /images/s/posters/5909.jpg HTTP/1.1" 200 13651 "https://www.afish-ka.ru/cinema/films/5909/" "Mozilla/5.0 AppleWebKit/537.36 (KHTML, like Gecko; compatible; GPTBot/1.3; +https://openai.com/gptbot)"
74.7.227.21 - - [16/Apr/2026:00:31:09 +0200] "GET /images/s/posters/5750.jpg HTTP/1.1" 200 13790 "https://www.afish-ka.ru/cinema/films/5750/" "Mozilla/5.0 AppleWebKit/537.36 (KHTML, like Gecko; compatible; GPTBot/1.3; +https://openai.com/gptbot)"
74.7.227.21 - - [16/Apr/2026:00:31:10 +0200] "GET /images/b/posters/5848.jpg HTTP/1.1" 200 77306 "https://www.afish-ka.ru/cinema/films/5848/" "Mozilla/5.0 AppleWebKit/537.36 (KHTML, like Gecko; compatible; GPTBot/1.3; +https://openai.com/gptbot)"
74.7.227.21 - - [16/Apr/2026:00:31:10 +0200] "GET /images/b/posters/5750.jpg HTTP/1.1" 200 52885 "https://www.afish-ka.ru/cinema/films/5750/" "Mozilla/5.0 AppleWebKit/537.36 (KHTML, like Gecko; compatible; GPTBot/1.3; +https://openai.com/gptbot)"
74.7.227.21 - - [16/Apr/2026:00:31:11 +0200] "GET /images/s/posters/5774.jpg HTTP/1.1" 200 14968 "https://www.afish-ka.ru/cinema/films/5774/" "Mozilla/5.0 AppleWebKit/537.36 (KHTML, like Gecko; compatible; GPTBot/1.3; +https://openai.com/gptbot)"
74.7.227.21 - - [16/Apr/2026:00:31:11 +0200] "GET /cinema/films/5852/ HTTP/1.1" 200 6733 "https://www.afish-ka.ru/09-05-2021/" "Mozilla/5.0 AppleWebKit/537.36 (KHTML, like Gecko; compatible; GPTBot/1.3; +https://openai.com/gptbot)"
74.7.227.21 - - [16/Apr/2026:00:31:12 +0200] "GET /cinema/films/5835/ HTTP/1.1" 200 6711 "https://www.afish-ka.ru/19-04-2021/" "Mozilla/5.0 AppleWebKit/537.36 (KHTML, like Gecko; compatible; GPTBot/1.3; +https://openai.com/gptbot)"
114.119.152.86 - - [16/Apr/2026:00:31:12 +0200] "GET /cafe/actions/2622/ HTTP/1.1" 200 12759 "https://www.afish-ka.ru/cafe/actions/2622/opinions" "Mozilla/5.0 (Linux; Android 7.0;) AppleWebKit/537.36 (KHTML, like Gecko) Mobile Safari/537.36 (compatible; PetalBot;+https://webmaster.petalsearch.com/site/petalbot)"
74.7.227.21 - - [16/Apr/2026:00:31:12 +0200] "GET /cinema/films/5975/ HTTP/1.1" 200 6625 "https://www.afish-ka.ru/28-09-2021/" "Mozilla/5.0 AppleWebKit/537.36 (KHTML, like Gecko; compatible; GPTBot/1.3; +https://openai.com/gptbot)"
74.7.227.21 - - [16/Apr/2026:00:31:13 +0200] "GET /cinema/films/5955/ HTTP/1.1" 200 6712 "https://www.afish-ka.ru/30-08-2021/" "Mozilla/5.0 AppleWebKit/537.36 (KHTML, like Gecko; compatible; GPTBot/1.3; +https://openai.com/gptbot)"
74.7.227.21 - - [16/Apr/2026:00:31:14 +0200] "GET /cinema/films/5898/ HTTP/1.1" 200 6406 "https://www.afish-ka.ru/19-06-2021/" "Mozilla/5.0 AppleWebKit/537.36 (KHTML, like Gecko; compatible; GPTBot/1.3; +https://openai.com/gptbot)"
74.7.227.21 - - [16/Apr/2026:00:31:14 +0200] "GET /cinema/films/5990/ HTTP/1.1" 200 6666 "https://www.afish-ka.ru/02-11-2021/" "Mozilla/5.0 AppleWebKit/537.36 (KHTML, like Gecko; compatible; GPTBot/1.3; +https://openai.com/gptbot)"
74.7.227.21 - - [16/Apr/2026:00:31:15 +0200] "GET /cinema/films/5868/ HTTP/1.1" 200 6536 "https://www.afish-ka.ru/06-06-2021/" "Mozilla/5.0 AppleWebKit/537.36 (KHTML, like Gecko; compatible; GPTBot/1.3; +https://openai.com/gptbot)"
74.7.227.21 - - [16/Apr/2026:00:31:16 +0200] "GET /cinema/films/5925/ HTTP/1.1" 200 6615 "https://www.afish-ka.ru/24-07-2021/" "Mozilla/5.0 AppleWebKit/537.36 (KHTML, like Gecko; compatible; GPTBot/1.3; +https://openai.com/gptbot)"
20.193.52.210 - - [16/Apr/2026:00:31:16 +0200] "GET /admin.php HTTP/1.1" 404 4183 "-" "Mozilla/5.0 (Windows NT 10.0; Win64; x64) AppleWebKit/537.36 (KHTML, like Gecko) Chrome/120.0.0.0 Safari/537.36"
20.193.52.210 - - [16/Apr/2026:00:31:16 +0200] "GET /inputs.php HTTP/1.1" 404 468 "-" "Mozilla/5.0 (Windows NT 10.0; Win64; x64) AppleWebKit/537.36 (KHTML, like Gecko) Chrome/120.0.0.0 Safari/537.36"
74.7.227.21 - - [16/Apr/2026:00:31:16 +0200] "GET /cinema/films/5844/ HTTP/1.1" 200 6917 "https://www.afish-ka.ru/17-05-2021/" "Mozilla/5.0 AppleWebKit/537.36 (KHTML, like Gecko; compatible; GPTBot/1.3; +https://openai.com/gptbot)"
20.193.52.210 - - [16/Apr/2026:00:31:17 +0200] "GET /file.php HTTP/1.1" 404 468 "-" "Mozilla/5.0 (Windows NT 10.0; Win64; x64) AppleWebKit/537.36 (KHTML, like Gecko) Chrome/120.0.0.0 Safari/537.36"
20.193.52.210 - - [16/Apr/2026:00:31:17 +0200] "GET /goods.php HTTP/1.1" 404 468 "-" "Mozilla/5.0 (Windows NT 10.0; Win64; x64) AppleWebKit/537.36 (KHTML, like Gecko) Chrome/120.0.0.0 Safari/537.36"
74.7.227.21 - - [16/Apr/2026:00:31:17 +0200] "GET /cinema/films/5799/ HTTP/1.1" 200 6812 "https://www.afish-ka.ru/24-03-2021/" "Mozilla/5.0 AppleWebKit/537.36 (KHTML, like Gecko; compatible; GPTBot/1.3; +https://openai.com/gptbot)"
85.208.96.198 - - [16/Apr/2026:00:31:17 +0200] "GET /night_club/parties/2564/ HTTP/1.1" 200 10004 "-" "Mozilla/5.0 (compatible; SemrushBot/7~bl; +http://www.semrush.com/bot.html)"
20.193.52.210 - - [16/Apr/2026:00:31:17 +0200] "GET /ms-edit.php HTTP/1.1" 200 5900 "-" "Mozilla/5.0 (Windows NT 10.0; Win64; x64) AppleWebKit/537.36 (KHTML, like Gecko) Chrome/120.0.0.0 Safari/537.36"
74.7.227.21 - - [16/Apr/2026:00:31:17 +0200] "GET /cinema/films/5887/ HTTP/1.1" 200 6638 "https://www.afish-ka.ru/14-06-2021/" "Mozilla/5.0 AppleWebKit/537.36 (KHTML, like Gecko; compatible; GPTBot/1.3; +https://openai.com/gptbot)"
74.7.227.21 - - [16/Apr/2026:00:31:18 +0200] "GET /images/s/actions/5852_4.jpg HTTP/1.1" 200 7621 "https://www.afish-ka.ru/cinema/films/5852/" "Mozilla/5.0 AppleWebKit/537.36 (KHTML, like Gecko; compatible; GPTBot/1.3; +https://openai.com/gptbot)"
20.193.52.210 - - [16/Apr/2026:00:31:18 +0200] "GET /bgymj.php HTTP/1.1" 404 468 "-" "Mozilla/5.0 (Windows NT 10.0; Win64; x64) AppleWebKit/537.36 (KHTML, like Gecko) Chrome/120.0.0.0 Safari/537.36"
74.7.227.21 - - [16/Apr/2026:00:31:18 +0200] "GET /images/b/posters/5835.jpg HTTP/1.1" 200 79119 "https://www.afish-ka.ru/cinema/films/5835/" "Mozilla/5.0 AppleWebKit/537.36 (KHTML, like Gecko; compatible; GPTBot/1.3; +https://openai.com/gptbot)"
20.193.52.210 - - [16/Apr/2026:00:31:18 +0200] "GET /wp-content/plugins/twenty/login.php HTTP/1.1" 200 5900 "-" "Mozilla/5.0 (Windows NT 10.0; Win64; x64) AppleWebKit/537.36 (KHTML, like Gecko) Chrome/120.0.0.0 Safari/537.36"
74.7.227.21 - - [16/Apr/2026:00:31:19 +0200] "GET /images/b/actions/5852_2.jpg HTTP/1.1" 200 29006 "https://www.afish-ka.ru/cinema/films/5852/" "Mozilla/5.0 AppleWebKit/537.36 (KHTML, like Gecko; compatible; GPTBot/1.3; +https://openai.com/gptbot)"
20.193.52.210 - - [16/Apr/2026:00:31:19 +0200] "GET /404.php HTTP/1.1" 404 468 "-" "Mozilla/5.0 (Windows NT 10.0; Win64; x64) AppleWebKit/537.36 (KHTML, like Gecko) Chrome/120.0.0.0 Safari/537.36"
20.193.52.210 - - [16/Apr/2026:00:31:19 +0200] "GET /file3.php HTTP/1.1" 404 468 "-" "Mozilla/5.0 (Windows NT 10.0; Win64; x64) AppleWebKit/537.36 (KHTML, like Gecko) Chrome/120.0.0.0 Safari/537.36"
74.7.227.21 - - [16/Apr/2026:00:31:19 +0200] "GET /images/b/actions/5955_2.jpg HTTP/1.1" 200 47855 "https://www.afish-ka.ru/cinema/films/5955/" "Mozilla/5.0 AppleWebKit/537.36 (KHTML, like Gecko; compatible; GPTBot/1.3; +https://openai.com/gptbot)"
20.193.52.210 - - [16/Apr/2026:00:31:20 +0200] "GET /wp-mail.php HTTP/1.1" 200 5899 "-" "Mozilla/5.0 (Windows NT 10.0; Win64; x64) AppleWebKit/537.36 (KHTML, like Gecko) Chrome/120.0.0.0 Safari/537.36"
74.7.227.21 - - [16/Apr/2026:00:31:20 +0200] "GET /images/b/actions/5898_1.jpg HTTP/1.1" 200 72165 "https://www.afish-ka.ru/cinema/films/5898/" "Mozilla/5.0 AppleWebKit/537.36 (KHTML, like Gecko; compatible; GPTBot/1.3; +https://openai.com/gptbot)"
20.193.52.210 - - [16/Apr/2026:00:31:20 +0200] "GET /about.php HTTP/1.1" 404 468 "-" "Mozilla/5.0 (Windows NT 10.0; Win64; x64) AppleWebKit/537.36 (KHTML, like Gecko) Chrome/120.0.0.0 Safari/537.36"
74.7.227.21 - - [16/Apr/2026:00:31:20 +0200] "GET /images/s/actions/5990_2.jpg HTTP/1.1" 200 6648 "https://www.afish-ka.ru/cinema/films/5990/" "Mozilla/5.0 AppleWebKit/537.36 (KHTML, like Gecko; compatible; GPTBot/1.3; +https://openai.com/gptbot)"
20.193.52.210 - - [16/Apr/2026:00:31:21 +0200] "GET /wp.php HTTP/1.1" 404 468 "-" "Mozilla/5.0 (Windows NT 10.0; Win64; x64) AppleWebKit/537.36 (KHTML, like Gecko) Chrome/120.0.0.0 Safari/537.36"
20.193.52.210 - - [16/Apr/2026:00:31:21 +0200] "GET /.dj/index.php HTTP/1.1" 404 468 "-" "Mozilla/5.0 (Windows NT 10.0; Win64; x64) AppleWebKit/537.36 (KHTML, like Gecko) Chrome/120.0.0.0 Safari/537.36"
74.7.227.21 - - [16/Apr/2026:00:31:21 +0200] "GET /images/b/actions/5898_2.jpg HTTP/1.1" 200 59094 "https://www.afish-ka.ru/cinema/films/5898/" "Mozilla/5.0 AppleWebKit/537.36 (KHTML, like Gecko; compatible; GPTBot/1.3; +https://openai.com/gptbot)"
20.193.52.210 - - [16/Apr/2026:00:31:21 +0200] "GET /adminfuns.php HTTP/1.1" 404 468 "-" "Mozilla/5.0 (Windows NT 10.0; Win64; x64) AppleWebKit/537.36 (KHTML, like Gecko) Chrome/120.0.0.0 Safari/537.36"
74.7.227.21 - - [16/Apr/2026:00:31:22 +0200] "GET /images/b/actions/5925_1.jpg HTTP/1.1" 200 71884 "https://www.afish-ka.ru/cinema/films/5925/" "Mozilla/5.0 AppleWebKit/537.36 (KHTML, like Gecko; compatible; GPTBot/1.3; +https://openai.com/gptbot)"
20.193.52.210 - - [16/Apr/2026:00:31:22 +0200] "GET /php8.php HTTP/1.1" 404 468 "-" "Mozilla/5.0 (Windows NT 10.0; Win64; x64) AppleWebKit/537.36 (KHTML, like Gecko) Chrome/120.0.0.0 Safari/537.36"
20.193.52.210 - - [16/Apr/2026:00:31:22 +0200] "GET /classwithtostring.php HTTP/1.1" 404 468 "-" "Mozilla/5.0 (Windows NT 10.0; Win64; x64) AppleWebKit/537.36 (KHTML, like Gecko) Chrome/120.0.0.0 Safari/537.36"
74.7.227.21 - - [16/Apr/2026:00:31:22 +0200] "GET /images/b/actions/5990_1.jpg HTTP/1.1" 200 35633 "https://www.afish-ka.ru/cinema/films/5990/" "Mozilla/5.0 AppleWebKit/537.36 (KHTML, like Gecko; compatible; GPTBot/1.3; +https://openai.com/gptbot)"
20.193.52.210 - - [16/Apr/2026:00:31:22 +0200] "GET /info.php HTTP/1.1" 404 468 "-" "Mozilla/5.0 (Windows NT 10.0; Win64; x64) AppleWebKit/537.36 (KHTML, like Gecko) Chrome/120.0.0.0 Safari/537.36"
85.208.96.202 - - [16/Apr/2026:00:31:22 +0200] "GET /links.php?go=https%3A%2F%2Fdms.hiv.health.gov.mw%2Fuploads%2Fuser%2F2022-09-25-224847.074413slotjoker123alphagaming.html HTTP/1.1" 200 5788 "-" "Mozilla/5.0 (compatible; SemrushBot/7~bl; +http://www.semrush.com/bot.html)"
74.7.227.21 - - [16/Apr/2026:00:31:23 +0200] "GET /images/b/actions/5799_3.jpg HTTP/1.1" 200 24902 "https://www.afish-ka.ru/cinema/films/5799/" "Mozilla/5.0 AppleWebKit/537.36 (KHTML, like Gecko; compatible; GPTBot/1.3; +https://openai.com/gptbot)"
20.193.52.210 - - [16/Apr/2026:00:31:23 +0200] "GET /ioxi-o.php HTTP/1.1" 200 5899 "-" "Mozilla/5.0 (Windows NT 10.0; Win64; x64) AppleWebKit/537.36 (KHTML, like Gecko) Chrome/120.0.0.0 Safari/537.36"
74.7.227.21 - - [16/Apr/2026:00:31:23 +0200] "GET /images/s/actions/5799_2.jpg HTTP/1.1" 200 5344 "https://www.afish-ka.ru/cinema/films/5799/" "Mozilla/5.0 AppleWebKit/537.36 (KHTML, like Gecko; compatible; GPTBot/1.3; +https://openai.com/gptbot)"
20.193.52.210 - - [16/Apr/2026:00:31:23 +0200] "GET /011i.php HTTP/1.1" 404 468 "-" "Mozilla/5.0 (Windows NT 10.0; Win64; x64) AppleWebKit/537.36 (KHTML, like Gecko) Chrome/120.0.0.0 Safari/537.36"
20.193.52.210 - - [16/Apr/2026:00:31:24 +0200] "GET /sid3.php HTTP/1.1" 404 468 "-" "Mozilla/5.0 (Windows NT 10.0; Win64; x64) AppleWebKit/537.36 (KHTML, like Gecko) Chrome/120.0.0.0 Safari/537.36"
74.7.227.21 - - [16/Apr/2026:00:31:24 +0200] "GET /images/s/actions/5799_4.jpg HTTP/1.1" 200 5267 "https://www.afish-ka.ru/cinema/films/5799/" "Mozilla/5.0 AppleWebKit/537.36 (KHTML, like Gecko; compatible; GPTBot/1.3; +https://openai.com/gptbot)"
20.193.52.210 - - [16/Apr/2026:00:31:24 +0200] "GET /166.php HTTP/1.1" 404 468 "-" "Mozilla/5.0 (Windows NT 10.0; Win64; x64) AppleWebKit/537.36 (KHTML, like Gecko) Chrome/120.0.0.0 Safari/537.36"
74.7.227.21 - - [16/Apr/2026:00:31:24 +0200] "GET /images/b/actions/5844_1.jpg HTTP/1.1" 200 37255 "https://www.afish-ka.ru/cinema/films/5844/" "Mozilla/5.0 AppleWebKit/537.36 (KHTML, like Gecko; compatible; GPTBot/1.3; +https://openai.com/gptbot)"
20.193.52.210 - - [16/Apr/2026:00:31:24 +0200] "GET /wp-mail.php HTTP/1.1" 200 5899 "-" "Mozilla/5.0 (Windows NT 10.0; Win64; x64) AppleWebKit/537.36 (KHTML, like Gecko) Chrome/120.0.0.0 Safari/537.36"
74.7.227.21 - - [16/Apr/2026:00:31:25 +0200] "GET /images/b/actions/5898_5.jpg HTTP/1.1" 200 37963 "https://www.afish-ka.ru/cinema/films/5898/" "Mozilla/5.0 AppleWebKit/537.36 (KHTML, like Gecko; compatible; GPTBot/1.3; +https://openai.com/gptbot)"
20.193.52.210 - - [16/Apr/2026:00:31:25 +0200] "GET /leaf.php HTTP/1.1" 404 468 "-" "Mozilla/5.0 (Windows NT 10.0; Win64; x64) AppleWebKit/537.36 (KHTML, like Gecko) Chrome/120.0.0.0 Safari/537.36"
185.191.171.17 - - [16/Apr/2026:00:31:25 +0200] "GET /links.php?go=https%3A%2F%2Fassnowi108-5.weebly.com%2F HTTP/1.1" 200 5788 "-" "Mozilla/5.0 (compatible; SemrushBot/7~bl; +http://www.semrush.com/bot.html)"
20.193.52.210 - - [16/Apr/2026:00:31:25 +0200] "GET /grsiuk.php HTTP/1.1" 404 468 "-" "Mozilla/5.0 (Windows NT 10.0; Win64; x64) AppleWebKit/537.36 (KHTML, like Gecko) Chrome/120.0.0.0 Safari/537.36"
74.7.227.21 - - [16/Apr/2026:00:31:25 +0200] "GET /images/s/actions/5990_4.jpg HTTP/1.1" 200 6662 "https://www.afish-ka.ru/cinema/films/5990/" "Mozilla/5.0 AppleWebKit/537.36 (KHTML, like Gecko; compatible; GPTBot/1.3; +https://openai.com/gptbot)"
20.193.52.210 - - [16/Apr/2026:00:31:25 +0200] "GET /8.php HTTP/1.1" 404 468 "-" "Mozilla/5.0 (Windows NT 10.0; Win64; x64) AppleWebKit/537.36 (KHTML, like Gecko) Chrome/120.0.0.0 Safari/537.36"
74.7.227.21 - - [16/Apr/2026:00:31:26 +0200] "GET /images/b/actions/5925_3.jpg HTTP/1.1" 200 37342 "https://www.afish-ka.ru/cinema/films/5925/" "Mozilla/5.0 AppleWebKit/537.36 (KHTML, like Gecko; compatible; GPTBot/1.3; +https://openai.com/gptbot)"
114.119.146.120 - - [16/Apr/2026:00:31:25 +0200] "GET /cinema/films/1076/opinions/add HTTP/1.1" 200 9539 "https://www.afish-ka.ru/27-09-2010/" "Mozilla/5.0 (Linux; Android 7.0;) AppleWebKit/537.36 (KHTML, like Gecko) Mobile Safari/537.36 (compatible; PetalBot;+https://webmaster.petalsearch.com/site/petalbot)"
20.193.52.210 - - [16/Apr/2026:00:31:26 +0200] "GET /fs.php HTTP/1.1" 404 468 "-" "Mozilla/5.0 (Windows NT 10.0; Win64; x64) AppleWebKit/537.36 (KHTML, like Gecko) Chrome/120.0.0.0 Safari/537.36"
20.193.52.210 - - [16/Apr/2026:00:31:26 +0200] "GET /ws38.php HTTP/1.1" 404 468 "-" "Mozilla/5.0 (Windows NT 10.0; Win64; x64) AppleWebKit/537.36 (KHTML, like Gecko) Chrome/120.0.0.0 Safari/537.36"
74.7.227.21 - - [16/Apr/2026:00:31:26 +0200] "GET /images/b/actions/5925_5.jpg HTTP/1.1" 200 25788 "https://www.afish-ka.ru/cinema/films/5925/" "Mozilla/5.0 AppleWebKit/537.36 (KHTML, like Gecko; compatible; GPTBot/1.3; +https://openai.com/gptbot)"
20.193.52.210 - - [16/Apr/2026:00:31:26 +0200] "GET /a7.php HTTP/1.1" 404 468 "-" "Mozilla/5.0 (Windows NT 10.0; Win64; x64) AppleWebKit/537.36 (KHTML, like Gecko) Chrome/120.0.0.0 Safari/537.36"
20.193.52.210 - - [16/Apr/2026:00:31:27 +0200] "GET /classsmtps.php HTTP/1.1" 404 468 "-" "Mozilla/5.0 (Windows NT 10.0; Win64; x64) AppleWebKit/537.36 (KHTML, like Gecko) Chrome/120.0.0.0 Safari/537.36"
74.7.227.21 - - [16/Apr/2026:00:31:27 +0200] "GET /images/b/actions/5955_1.jpg HTTP/1.1" 200 36874 "https://www.afish-ka.ru/cinema/films/5955/" "Mozilla/5.0 AppleWebKit/537.36 (KHTML, like Gecko; compatible; GPTBot/1.3; +https://openai.com/gptbot)"
20.193.52.210 - - [16/Apr/2026:00:31:27 +0200] "GET /amax.php HTTP/1.1" 404 468 "-" "Mozilla/5.0 (Windows NT 10.0; Win64; x64) AppleWebKit/537.36 (KHTML, like Gecko) Chrome/120.0.0.0 Safari/537.36"
74.7.227.21 - - [16/Apr/2026:00:31:27 +0200] "GET /images/b/actions/5990_4.jpg HTTP/1.1" 200 67395 "https://www.afish-ka.ru/cinema/films/5990/" "Mozilla/5.0 AppleWebKit/537.36 (KHTML, like Gecko; compatible; GPTBot/1.3; +https://openai.com/gptbot)"
20.193.52.210 - - [16/Apr/2026:00:31:27 +0200] "GET /CDX1.php HTTP/1.1" 404 468 "-" "Mozilla/5.0 (Windows NT 10.0; Win64; x64) AppleWebKit/537.36 (KHTML, like Gecko) Chrome/120.0.0.0 Safari/537.36"
20.193.52.210 - - [16/Apr/2026:00:31:28 +0200] "GET /rip.php HTTP/1.1" 404 468 "-" "Mozilla/5.0 (Windows NT 10.0; Win64; x64) AppleWebKit/537.36 (KHTML, like Gecko) Chrome/120.0.0.0 Safari/537.36"
