74.7.227.21 - - [16/Apr/2026:01:13:07 +0200] "GET /04-01-2023/ HTTP/1.1" 200 5852 "https://www.afish-ka.ru/30-11-2022/" "Mozilla/5.0 AppleWebKit/537.36 (KHTML, like Gecko; compatible; GPTBot/1.3; +https://openai.com/gptbot)"
74.7.227.21 - - [16/Apr/2026:01:13:07 +0200] "GET /10-08-2009/ HTTP/1.1" 200 7276 "https://www.afish-ka.ru/14-09-2009/" "Mozilla/5.0 AppleWebKit/537.36 (KHTML, like Gecko; compatible; GPTBot/1.3; +https://openai.com/gptbot)"
74.7.227.21 - - [16/Apr/2026:01:13:08 +0200] "GET /29-10-2010/ HTTP/1.1" 200 8492 "https://www.afish-ka.ru/24-09-2010/" "Mozilla/5.0 AppleWebKit/537.36 (KHTML, like Gecko; compatible; GPTBot/1.3; +https://openai.com/gptbot)"
74.7.227.21 - - [16/Apr/2026:01:13:08 +0200] "GET /19-11-2022/ HTTP/1.1" 200 5853 "https://www.afish-ka.ru/15-10-2022/" "Mozilla/5.0 AppleWebKit/537.36 (KHTML, like Gecko; compatible; GPTBot/1.3; +https://openai.com/gptbot)"
74.7.227.21 - - [16/Apr/2026:01:13:09 +0200] "GET /27-08-2007/ HTTP/1.1" 200 7193 "https://www.afish-ka.ru/13-09-2007/" "Mozilla/5.0 AppleWebKit/537.36 (KHTML, like Gecko; compatible; GPTBot/1.3; +https://openai.com/gptbot)"
74.7.227.21 - - [16/Apr/2026:01:13:09 +0200] "GET /06-03-2007/ HTTP/1.1" 200 5977 "https://www.afish-ka.ru/30-01-2007/" "Mozilla/5.0 AppleWebKit/537.36 (KHTML, like Gecko; compatible; GPTBot/1.3; +https://openai.com/gptbot)"
51.68.247.194 - - [16/Apr/2026:01:13:09 +0200] "GET /cinema/films/139/opinions/ HTTP/1.1" 200 9989 "-" "Mozilla/5.0 (compatible; AhrefsBot/7.0; +http://ahrefs.com/robot/)"
74.7.227.21 - - [16/Apr/2026:01:13:10 +0200] "GET /images/s/actions/1222_1.jpg HTTP/1.1" 200 5208 "https://www.afish-ka.ru/02-12-2010/" "Mozilla/5.0 AppleWebKit/537.36 (KHTML, like Gecko; compatible; GPTBot/1.3; +https://openai.com/gptbot)"
74.7.227.21 - - [16/Apr/2026:01:13:10 +0200] "GET /04-01-2006/ HTTP/1.1" 404 413 "https://www.afish-ka.ru/08-02-2006/" "Mozilla/5.0 AppleWebKit/537.36 (KHTML, like Gecko; compatible; GPTBot/1.3; +https://openai.com/gptbot)"
74.7.227.21 - - [16/Apr/2026:01:13:11 +0200] "GET /29-08-2009/ HTTP/1.1" 200 10285 "https://www.afish-ka.ru/13-09-2009/" "Mozilla/5.0 AppleWebKit/537.36 (KHTML, like Gecko; compatible; GPTBot/1.3; +https://openai.com/gptbot)"
74.7.227.21 - - [16/Apr/2026:01:13:12 +0200] "GET /20-06-2012/ HTTP/1.1" 200 7723 "https://www.afish-ka.ru/16-05-2012/" "Mozilla/5.0 AppleWebKit/537.36 (KHTML, like Gecko; compatible; GPTBot/1.3; +https://openai.com/gptbot)"
74.7.227.21 - - [16/Apr/2026:01:13:12 +0200] "GET /10-01-2013/ HTTP/1.1" 200 9416 "https://www.afish-ka.ru/14-02-2013/" "Mozilla/5.0 AppleWebKit/537.36 (KHTML, like Gecko; compatible; GPTBot/1.3; +https://openai.com/gptbot)"
74.7.227.21 - - [16/Apr/2026:01:13:13 +0200] "GET /08-02-2023/ HTTP/1.1" 200 5850 "https://www.afish-ka.ru/04-01-2023/" "Mozilla/5.0 AppleWebKit/537.36 (KHTML, like Gecko; compatible; GPTBot/1.3; +https://openai.com/gptbot)"
74.7.227.21 - - [16/Apr/2026:01:13:14 +0200] "GET /31-10-2013/ HTTP/1.1" 200 8527 "https://www.afish-ka.ru/09-11-2013/" "Mozilla/5.0 AppleWebKit/537.36 (KHTML, like Gecko; compatible; GPTBot/1.3; +https://openai.com/gptbot)"
74.7.227.21 - - [16/Apr/2026:01:13:15 +0200] "GET /22-05-2007/ HTTP/1.1" 200 6901 "https://www.afish-ka.ru/21-05-2007/" "Mozilla/5.0 AppleWebKit/537.36 (KHTML, like Gecko; compatible; GPTBot/1.3; +https://openai.com/gptbot)"
74.7.227.21 - - [16/Apr/2026:01:13:15 +0200] "GET /24-12-2022/ HTTP/1.1" 200 5853 "https://www.afish-ka.ru/19-11-2022/" "Mozilla/5.0 AppleWebKit/537.36 (KHTML, like Gecko; compatible; GPTBot/1.3; +https://openai.com/gptbot)"
74.7.227.21 - - [16/Apr/2026:01:13:16 +0200] "GET /28-08-2021/ HTTP/1.1" 200 9077 "https://www.afish-ka.ru/04-09-2021/" "Mozilla/5.0 AppleWebKit/537.36 (KHTML, like Gecko; compatible; GPTBot/1.3; +https://openai.com/gptbot)"
74.7.227.21 - - [16/Apr/2026:01:13:16 +0200] "GET /09-11-2020/ HTTP/1.1" 200 9754 "https://www.afish-ka.ru/19-11-2020/" "Mozilla/5.0 AppleWebKit/537.36 (KHTML, like Gecko; compatible; GPTBot/1.3; +https://openai.com/gptbot)"
74.7.227.21 - - [16/Apr/2026:01:13:17 +0200] "GET /01-02-2021/ HTTP/1.1" 200 10688 "https://www.afish-ka.ru/08-03-2021/" "Mozilla/5.0 AppleWebKit/537.36 (KHTML, like Gecko; compatible; GPTBot/1.3; +https://openai.com/gptbot)"
74.7.227.21 - - [16/Apr/2026:01:13:18 +0200] "GET /02-05-2006/ HTTP/1.1" 200 6555 "https://www.afish-ka.ru/14-05-2006/" "Mozilla/5.0 AppleWebKit/537.36 (KHTML, like Gecko; compatible; GPTBot/1.3; +https://openai.com/gptbot)"
74.7.227.21 - - [16/Apr/2026:01:13:19 +0200] "GET /21-07-2011/ HTTP/1.1" 200 8908 "https://www.afish-ka.ru/09-07-2011/" "Mozilla/5.0 AppleWebKit/537.36 (KHTML, like Gecko; compatible; GPTBot/1.3; +https://openai.com/gptbot)"
220.181.108.105 - - [16/Apr/2026:01:13:19 +0200] "GET /images/b/actions/5960_5.jpg HTTP/1.1" 200 60801 "-" "Baiduspider-image+(+http://www.baidu.com/search/spider.htm)"
220.181.108.104 - - [16/Apr/2026:01:13:19 +0200] "GET /images/s/actions/5018_1.jpg HTTP/1.1" 200 10054 "-" "Baiduspider-image+(+http://www.baidu.com/search/spider.htm)"
220.181.108.144 - - [16/Apr/2026:01:13:19 +0200] "GET /cafe/27/opinions/add/?parent=2553 HTTP/1.1" 200 9552 "-" "Mozilla/5.0 (compatible; Baiduspider/2.0; +http://www.baidu.com/search/spider.html)"
74.7.227.21 - - [16/Apr/2026:01:13:19 +0200] "GET /23-02-2013/ HTTP/1.1" 200 9336 "https://www.afish-ka.ru/26-02-2013/" "Mozilla/5.0 AppleWebKit/537.36 (KHTML, like Gecko; compatible; GPTBot/1.3; +https://openai.com/gptbot)"
74.7.227.21 - - [16/Apr/2026:01:13:20 +0200] "GET /images/s/actions/2506_1.jpg HTTP/1.1" 200 5909 "https://www.afish-ka.ru/10-01-2013/" "Mozilla/5.0 AppleWebKit/537.36 (KHTML, like Gecko; compatible; GPTBot/1.3; +https://openai.com/gptbot)"
74.7.227.21 - - [16/Apr/2026:01:13:20 +0200] "GET /cafe/actions/2506/ HTTP/1.1" 200 6836 "https://www.afish-ka.ru/10-01-2013/" "Mozilla/5.0 AppleWebKit/537.36 (KHTML, like Gecko; compatible; GPTBot/1.3; +https://openai.com/gptbot)"
220.181.108.147 - - [16/Apr/2026:01:13:21 +0200] "GET /images/s/actions/913_4.jpg HTTP/1.1" 200 10497 "-" "Baiduspider-image+(+http://www.baidu.com/search/spider.htm)"
116.179.32.83 - - [16/Apr/2026:01:13:21 +0200] "GET /cafe/37/opinions/ HTTP/1.1" 200 76321 "-" "Mozilla/5.0 (compatible; Baiduspider/2.0; +http://www.baidu.com/search/spider.html)"
220.181.108.81 - - [16/Apr/2026:01:13:21 +0200] "GET /images/s/posters/1637.jpg HTTP/1.1" 200 14076 "-" "Baiduspider-image+(+http://www.baidu.com/search/spider.htm)"
74.7.227.21 - - [16/Apr/2026:01:13:21 +0200] "GET /15-03-2023/ HTTP/1.1" 200 5844 "https://www.afish-ka.ru/08-02-2023/" "Mozilla/5.0 AppleWebKit/537.36 (KHTML, like Gecko; compatible; GPTBot/1.3; +https://openai.com/gptbot)"
74.7.227.21 - - [16/Apr/2026:01:13:22 +0200] "GET /22-05-2008/ HTTP/1.1" 200 6664 "https://www.afish-ka.ru/21-05-2008/" "Mozilla/5.0 AppleWebKit/537.36 (KHTML, like Gecko; compatible; GPTBot/1.3; +https://openai.com/gptbot)"
74.7.227.21 - - [16/Apr/2026:01:13:22 +0200] "GET /28-01-2023/ HTTP/1.1" 200 5848 "https://www.afish-ka.ru/24-12-2022/" "Mozilla/5.0 AppleWebKit/537.36 (KHTML, like Gecko; compatible; GPTBot/1.3; +https://openai.com/gptbot)"
74.7.227.21 - - [16/Apr/2026:01:13:23 +0200] "GET /05-02-2012/ HTTP/1.1" 200 9412 "https://www.afish-ka.ru/08-02-2012/" "Mozilla/5.0 AppleWebKit/537.36 (KHTML, like Gecko; compatible; GPTBot/1.3; +https://openai.com/gptbot)"
220.181.108.146 - - [16/Apr/2026:01:13:24 +0200] "GET /images/b/actions/3027_1.jpg HTTP/1.1" 200 21493 "-" "Baiduspider-image+(+http://www.baidu.com/search/spider.htm)"
116.179.32.141 - - [16/Apr/2026:01:13:24 +0200] "GET /cinema/films/2206/opinions/add/?parent=22473 HTTP/1.1" 200 9559 "-" "Mozilla/5.0 (compatible; Baiduspider/2.0; +http://www.baidu.com/search/spider.html)"
74.7.227.21 - - [16/Apr/2026:01:13:24 +0200] "GET /cinema/films/5689/ HTTP/1.1" 200 6644 "https://www.afish-ka.ru/09-11-2020/" "Mozilla/5.0 AppleWebKit/537.36 (KHTML, like Gecko; compatible; GPTBot/1.3; +https://openai.com/gptbot)"
220.181.108.90 - - [16/Apr/2026:01:13:25 +0200] "GET /images/b/actions/5141_3.jpg HTTP/1.1" 200 49526 "-" "Baiduspider-image+(+http://www.baidu.com/search/spider.htm)"
74.7.227.21 - - [16/Apr/2026:01:13:25 +0200] "GET /10-04-2010/ HTTP/1.1" 200 9220 "https://www.afish-ka.ru/19-04-2010/" "Mozilla/5.0 AppleWebKit/537.36 (KHTML, like Gecko; compatible; GPTBot/1.3; +https://openai.com/gptbot)"
116.179.32.200 - - [16/Apr/2026:01:13:26 +0200] "GET /images/b/actions/3581_3.jpg HTTP/1.1" 200 55849 "-" "Baiduspider-image+(+http://www.baidu.com/search/spider.htm)"
74.7.227.21 - - [16/Apr/2026:01:13:25 +0200] "GET /11-02-2018/ HTTP/1.1" 200 11715 "https://www.afish-ka.ru/26-01-2018/" "Mozilla/5.0 AppleWebKit/537.36 (KHTML, like Gecko; compatible; GPTBot/1.3; +https://openai.com/gptbot)"
74.7.227.21 - - [16/Apr/2026:01:13:26 +0200] "GET /10-06-2022/ HTTP/1.1" 200 6843 "https://www.afish-ka.ru/13-06-2022/" "Mozilla/5.0 AppleWebKit/537.36 (KHTML, like Gecko; compatible; GPTBot/1.3; +https://openai.com/gptbot)"
74.7.227.21 - - [16/Apr/2026:01:13:26 +0200] "GET /images/s/actions/2592_1.jpg HTTP/1.1" 200 7655 "https://www.afish-ka.ru/23-02-2013/" "Mozilla/5.0 AppleWebKit/537.36 (KHTML, like Gecko; compatible; GPTBot/1.3; +https://openai.com/gptbot)"
74.7.227.21 - - [16/Apr/2026:01:13:27 +0200] "GET /cafe/actions/2592/ HTTP/1.1" 200 7007 "https://www.afish-ka.ru/23-02-2013/" "Mozilla/5.0 AppleWebKit/537.36 (KHTML, like Gecko; compatible; GPTBot/1.3; +https://openai.com/gptbot)"
74.7.227.21 - - [16/Apr/2026:01:13:28 +0200] "GET /images/b/actions/2506_1.jpg HTTP/1.1" 200 32697 "https://www.afish-ka.ru/cafe/actions/2506/" "Mozilla/5.0 AppleWebKit/537.36 (KHTML, like Gecko; compatible; GPTBot/1.3; +https://openai.com/gptbot)"
74.7.227.21 - - [16/Apr/2026:01:13:28 +0200] "GET /images/s/actions/2506_2.jpg HTTP/1.1" 200 5787 "https://www.afish-ka.ru/cafe/actions/2506/" "Mozilla/5.0 AppleWebKit/537.36 (KHTML, like Gecko; compatible; GPTBot/1.3; +https://openai.com/gptbot)"
74.7.227.21 - - [16/Apr/2026:01:13:29 +0200] "GET /images/b/actions/2506_2.jpg HTTP/1.1" 200 17750 "https://www.afish-ka.ru/cafe/actions/2506/" "Mozilla/5.0 AppleWebKit/537.36 (KHTML, like Gecko; compatible; GPTBot/1.3; +https://openai.com/gptbot)"
74.7.227.21 - - [16/Apr/2026:01:13:29 +0200] "GET /images/s/posters/2506.jpg HTTP/1.1" 200 5336 "https://www.afish-ka.ru/cafe/actions/2506/" "Mozilla/5.0 AppleWebKit/537.36 (KHTML, like Gecko; compatible; GPTBot/1.3; +https://openai.com/gptbot)"
74.7.227.21 - - [16/Apr/2026:01:13:30 +0200] "GET /images/b/posters/2506.jpg HTTP/1.1" 200 39656 "https://www.afish-ka.ru/cafe/actions/2506/" "Mozilla/5.0 AppleWebKit/537.36 (KHTML, like Gecko; compatible; GPTBot/1.3; +https://openai.com/gptbot)"
74.7.227.21 - - [16/Apr/2026:01:13:30 +0200] "GET /images/b/actions/5689_1.jpg HTTP/1.1" 200 70093 "https://www.afish-ka.ru/cinema/films/5689/" "Mozilla/5.0 AppleWebKit/537.36 (KHTML, like Gecko; compatible; GPTBot/1.3; +https://openai.com/gptbot)"
74.7.227.21 - - [16/Apr/2026:01:13:31 +0200] "GET /images/s/actions/5689_2.jpg HTTP/1.1" 200 6097 "https://www.afish-ka.ru/cinema/films/5689/" "Mozilla/5.0 AppleWebKit/537.36 (KHTML, like Gecko; compatible; GPTBot/1.3; +https://openai.com/gptbot)"
74.7.227.21 - - [16/Apr/2026:01:13:31 +0200] "GET /images/s/actions/5689_4.jpg HTTP/1.1" 200 6600 "https://www.afish-ka.ru/cinema/films/5689/" "Mozilla/5.0 AppleWebKit/537.36 (KHTML, like Gecko; compatible; GPTBot/1.3; +https://openai.com/gptbot)"
74.7.227.21 - - [16/Apr/2026:01:13:32 +0200] "GET /images/b/actions/5689_4.jpg HTTP/1.1" 200 49088 "https://www.afish-ka.ru/cinema/films/5689/" "Mozilla/5.0 AppleWebKit/537.36 (KHTML, like Gecko; compatible; GPTBot/1.3; +https://openai.com/gptbot)"
74.7.227.21 - - [16/Apr/2026:01:13:32 +0200] "GET /images/b/actions/5689_3.jpg HTTP/1.1" 200 65625 "https://www.afish-ka.ru/cinema/films/5689/" "Mozilla/5.0 AppleWebKit/537.36 (KHTML, like Gecko; compatible; GPTBot/1.3; +https://openai.com/gptbot)"
74.7.227.21 - - [16/Apr/2026:01:13:33 +0200] "GET /images/b/actions/2592_1.jpg HTTP/1.1" 200 25476 "https://www.afish-ka.ru/cafe/actions/2592/" "Mozilla/5.0 AppleWebKit/537.36 (KHTML, like Gecko; compatible; GPTBot/1.3; +https://openai.com/gptbot)"
74.7.227.21 - - [16/Apr/2026:01:13:33 +0200] "GET /images/b/actions/5689_2.jpg HTTP/1.1" 200 61101 "https://www.afish-ka.ru/cinema/films/5689/" "Mozilla/5.0 AppleWebKit/537.36 (KHTML, like Gecko; compatible; GPTBot/1.3; +https://openai.com/gptbot)"
74.7.227.21 - - [16/Apr/2026:01:13:34 +0200] "GET /images/b/actions/5689_5.jpg HTTP/1.1" 200 62967 "https://www.afish-ka.ru/cinema/films/5689/" "Mozilla/5.0 AppleWebKit/537.36 (KHTML, like Gecko; compatible; GPTBot/1.3; +https://openai.com/gptbot)"
74.7.227.21 - - [16/Apr/2026:01:13:34 +0200] "GET /images/s/actions/5689_5.jpg HTTP/1.1" 200 7738 "https://www.afish-ka.ru/cinema/films/5689/" "Mozilla/5.0 AppleWebKit/537.36 (KHTML, like Gecko; compatible; GPTBot/1.3; +https://openai.com/gptbot)"
74.7.227.21 - - [16/Apr/2026:01:13:35 +0200] "GET /images/s/actions/5689_3.jpg HTTP/1.1" 200 7349 "https://www.afish-ka.ru/cinema/films/5689/" "Mozilla/5.0 AppleWebKit/537.36 (KHTML, like Gecko; compatible; GPTBot/1.3; +https://openai.com/gptbot)"
74.7.227.21 - - [16/Apr/2026:01:13:36 +0200] "GET /images/s/posters/5689.jpg HTTP/1.1" 200 10862 "https://www.afish-ka.ru/cinema/films/5689/" "Mozilla/5.0 AppleWebKit/537.36 (KHTML, like Gecko; compatible; GPTBot/1.3; +https://openai.com/gptbot)"
74.7.227.21 - - [16/Apr/2026:01:13:36 +0200] "GET /images/b/posters/5689.jpg HTTP/1.1" 200 53463 "https://www.afish-ka.ru/cinema/films/5689/" "Mozilla/5.0 AppleWebKit/537.36 (KHTML, like Gecko; compatible; GPTBot/1.3; +https://openai.com/gptbot)"
185.191.171.8 - - [16/Apr/2026:01:13:36 +0200] "GET /cinema/films/1036/opinions/add/?parent=10328 HTTP/1.1" 200 9503 "-" "Mozilla/5.0 (compatible; SemrushBot/7~bl; +http://www.semrush.com/bot.html)"
74.7.227.21 - - [16/Apr/2026:01:13:37 +0200] "GET /19-04-2023/ HTTP/1.1" 200 5844 "https://www.afish-ka.ru/15-03-2023/" "Mozilla/5.0 AppleWebKit/537.36 (KHTML, like Gecko; compatible; GPTBot/1.3; +https://openai.com/gptbot)"
74.7.227.21 - - [16/Apr/2026:01:13:37 +0200] "GET /04-03-2023/ HTTP/1.1" 200 5829 "https://www.afish-ka.ru/28-01-2023/" "Mozilla/5.0 AppleWebKit/537.36 (KHTML, like Gecko; compatible; GPTBot/1.3; +https://openai.com/gptbot)"
74.7.227.21 - - [16/Apr/2026:01:13:38 +0200] "GET /07-01-2009/ HTTP/1.1" 200 7564 "https://www.afish-ka.ru/13-01-2009/" "Mozilla/5.0 AppleWebKit/537.36 (KHTML, like Gecko; compatible; GPTBot/1.3; +https://openai.com/gptbot)"
74.7.227.21 - - [16/Apr/2026:01:13:38 +0200] "GET /20-11-2013/ HTTP/1.1" 200 8669 "https://www.afish-ka.ru/25-12-2013/" "Mozilla/5.0 AppleWebKit/537.36 (KHTML, like Gecko; compatible; GPTBot/1.3; +https://openai.com/gptbot)"
74.7.227.21 - - [16/Apr/2026:01:13:39 +0200] "GET /22-07-2011/ HTTP/1.1" 200 8451 "https://www.afish-ka.ru/09-07-2011/" "Mozilla/5.0 AppleWebKit/537.36 (KHTML, like Gecko; compatible; GPTBot/1.3; +https://openai.com/gptbot)"
74.7.227.21 - - [16/Apr/2026:01:13:39 +0200] "GET /22-01-2014/ HTTP/1.1" 200 8821 "https://www.afish-ka.ru/26-02-2014/" "Mozilla/5.0 AppleWebKit/537.36 (KHTML, like Gecko; compatible; GPTBot/1.3; +https://openai.com/gptbot)"
74.7.227.21 - - [16/Apr/2026:01:13:40 +0200] "GET /16-11-2019/ HTTP/1.1" 200 9756 "https://www.afish-ka.ru/06-11-2019/" "Mozilla/5.0 AppleWebKit/537.36 (KHTML, like Gecko; compatible; GPTBot/1.3; +https://openai.com/gptbot)"
74.7.227.21 - - [16/Apr/2026:01:13:41 +0200] "GET /13-11-2010/ HTTP/1.1" 200 9343 "https://www.afish-ka.ru/28-10-2010/" "Mozilla/5.0 AppleWebKit/537.36 (KHTML, like Gecko; compatible; GPTBot/1.3; +https://openai.com/gptbot)"
74.7.227.21 - - [16/Apr/2026:01:13:41 +0200] "GET /24-04-2008/ HTTP/1.1" 200 7028 "https://www.afish-ka.ru/18-04-2008/" "Mozilla/5.0 AppleWebKit/537.36 (KHTML, like Gecko; compatible; GPTBot/1.3; +https://openai.com/gptbot)"
74.7.227.21 - - [16/Apr/2026:01:13:42 +0200] "GET /20-11-2012/ HTTP/1.1" 200 8608 "https://www.afish-ka.ru/08-12-2012/" "Mozilla/5.0 AppleWebKit/537.36 (KHTML, like Gecko; compatible; GPTBot/1.3; +https://openai.com/gptbot)"
74.7.227.21 - - [16/Apr/2026:01:13:42 +0200] "GET /30-11-2010/ HTTP/1.1" 200 8169 "https://www.afish-ka.ru/04-01-2011/" "Mozilla/5.0 AppleWebKit/537.36 (KHTML, like Gecko; compatible; GPTBot/1.3; +https://openai.com/gptbot)"
74.7.227.21 - - [16/Apr/2026:01:13:43 +0200] "GET /24-05-2023/ HTTP/1.1" 200 5842 "https://www.afish-ka.ru/19-04-2023/" "Mozilla/5.0 AppleWebKit/537.36 (KHTML, like Gecko; compatible; GPTBot/1.3; +https://openai.com/gptbot)"
74.7.227.21 - - [16/Apr/2026:01:13:43 +0200] "GET /08-04-2023/ HTTP/1.1" 200 5843 "https://www.afish-ka.ru/04-03-2023/" "Mozilla/5.0 AppleWebKit/537.36 (KHTML, like Gecko; compatible; GPTBot/1.3; +https://openai.com/gptbot)"
74.7.227.21 - - [16/Apr/2026:01:13:44 +0200] "GET /09-05-2009/ HTTP/1.1" 200 7162 "https://www.afish-ka.ru/14-05-2009/" "Mozilla/5.0 AppleWebKit/537.36 (KHTML, like Gecko; compatible; GPTBot/1.3; +https://openai.com/gptbot)"
74.7.227.21 - - [16/Apr/2026:01:13:45 +0200] "GET /21-11-2019/ HTTP/1.1" 200 10040 "https://www.afish-ka.ru/17-10-2019/" "Mozilla/5.0 AppleWebKit/537.36 (KHTML, like Gecko; compatible; GPTBot/1.3; +https://openai.com/gptbot)"
74.7.227.21 - - [16/Apr/2026:01:13:45 +0200] "GET /16-10-2006/ HTTP/1.1" 200 6457 "https://www.afish-ka.ru/30-10-2006/" "Mozilla/5.0 AppleWebKit/537.36 (KHTML, like Gecko; compatible; GPTBot/1.3; +https://openai.com/gptbot)"
74.7.227.21 - - [16/Apr/2026:01:13:46 +0200] "GET /19-02-2010/ HTTP/1.1" 200 7919 "https://www.afish-ka.ru/26-03-2010/" "Mozilla/5.0 AppleWebKit/537.36 (KHTML, like Gecko; compatible; GPTBot/1.3; +https://openai.com/gptbot)"
74.7.227.21 - - [16/Apr/2026:01:13:47 +0200] "GET /10-01-2014/ HTTP/1.1" 200 8817 "https://www.afish-ka.ru/23-01-2014/" "Mozilla/5.0 AppleWebKit/537.36 (KHTML, like Gecko; compatible; GPTBot/1.3; +https://openai.com/gptbot)"
74.7.227.21 - - [16/Apr/2026:01:13:47 +0200] "GET /images/s/actions/1215_1.jpg HTTP/1.1" 200 4883 "https://www.afish-ka.ru/13-11-2010/" "Mozilla/5.0 AppleWebKit/537.36 (KHTML, like Gecko; compatible; GPTBot/1.3; +https://openai.com/gptbot)"
74.7.227.21 - - [16/Apr/2026:01:13:48 +0200] "GET /26-06-2016/ HTTP/1.1" 200 9352 "https://www.afish-ka.ru/03-07-2016/" "Mozilla/5.0 AppleWebKit/537.36 (KHTML, like Gecko; compatible; GPTBot/1.3; +https://openai.com/gptbot)"
74.7.227.21 - - [16/Apr/2026:01:13:48 +0200] "GET /13-11-2014/ HTTP/1.1" 200 8456 "https://www.afish-ka.ru/30-11-2014/" "Mozilla/5.0 AppleWebKit/537.36 (KHTML, like Gecko; compatible; GPTBot/1.3; +https://openai.com/gptbot)"
74.7.227.21 - - [16/Apr/2026:01:13:49 +0200] "GET /07-02-2010/ HTTP/1.1" 200 8097 "https://www.afish-ka.ru/14-03-2010/" "Mozilla/5.0 AppleWebKit/537.36 (KHTML, like Gecko; compatible; GPTBot/1.3; +https://openai.com/gptbot)"
74.7.227.21 - - [16/Apr/2026:01:13:50 +0200] "GET /28-06-2023/ HTTP/1.1" 200 5839 "https://www.afish-ka.ru/24-05-2023/" "Mozilla/5.0 AppleWebKit/537.36 (KHTML, like Gecko; compatible; GPTBot/1.3; +https://openai.com/gptbot)"
74.7.227.21 - - [16/Apr/2026:01:13:50 +0200] "GET /13-05-2023/ HTTP/1.1" 200 5842 "https://www.afish-ka.ru/08-04-2023/" "Mozilla/5.0 AppleWebKit/537.36 (KHTML, like Gecko; compatible; GPTBot/1.3; +https://openai.com/gptbot)"
74.7.227.21 - - [16/Apr/2026:01:13:51 +0200] "GET /24-10-2012/ HTTP/1.1" 200 10012 "https://www.afish-ka.ru/19-09-2012/" "Mozilla/5.0 AppleWebKit/537.36 (KHTML, like Gecko; compatible; GPTBot/1.3; +https://openai.com/gptbot)"
74.7.227.21 - - [16/Apr/2026:01:13:51 +0200] "GET /02-09-2012/ HTTP/1.1" 200 8936 "https://www.afish-ka.ru/13-08-2012/" "Mozilla/5.0 AppleWebKit/537.36 (KHTML, like Gecko; compatible; GPTBot/1.3; +https://openai.com/gptbot)"
74.7.227.21 - - [16/Apr/2026:01:13:52 +0200] "GET /05-01-2020/ HTTP/1.1" 200 8689 "https://www.afish-ka.ru/18-12-2019/" "Mozilla/5.0 AppleWebKit/537.36 (KHTML, like Gecko; compatible; GPTBot/1.3; +https://openai.com/gptbot)"
74.7.227.21 - - [16/Apr/2026:01:13:53 +0200] "GET /19-10-2021/ HTTP/1.1" 200 8433 "https://www.afish-ka.ru/02-11-2021/" "Mozilla/5.0 AppleWebKit/537.36 (KHTML, like Gecko; compatible; GPTBot/1.3; +https://openai.com/gptbot)"
74.7.227.21 - - [16/Apr/2026:01:13:53 +0200] "GET /02-12-2014/ HTTP/1.1" 200 8105 "https://www.afish-ka.ru/15-12-2014/" "Mozilla/5.0 AppleWebKit/537.36 (KHTML, like Gecko; compatible; GPTBot/1.3; +https://openai.com/gptbot)"
74.7.227.21 - - [16/Apr/2026:01:13:54 +0200] "GET /12-01-2008/ HTTP/1.1" 200 7307 "https://www.afish-ka.ru/14-01-2008/" "Mozilla/5.0 AppleWebKit/537.36 (KHTML, like Gecko; compatible; GPTBot/1.3; +https://openai.com/gptbot)"
37.59.204.130 - - [16/Apr/2026:01:13:54 +0200] "GET /cinema/films/4909/opinions/add/?parent=43909 HTTP/1.1" 200 9536 "-" "Mozilla/5.0 (compatible; AhrefsBot/7.0; +http://ahrefs.com/robot/)"
74.7.227.21 - - [16/Apr/2026:01:13:54 +0200] "GET /23-07-2022/ HTTP/1.1" 200 7075 "https://www.afish-ka.ru/31-07-2022/" "Mozilla/5.0 AppleWebKit/537.36 (KHTML, like Gecko; compatible; GPTBot/1.3; +https://openai.com/gptbot)"
74.7.227.21 - - [16/Apr/2026:01:13:56 +0200] "GET /30-01-2009/ HTTP/1.1" 200 7246 "https://www.afish-ka.ru/13-01-2009/" "Mozilla/5.0 AppleWebKit/537.36 (KHTML, like Gecko; compatible; GPTBot/1.3; +https://openai.com/gptbot)"
74.7.227.21 - - [16/Apr/2026:01:13:56 +0200] "GET /20-05-2021/ HTTP/1.1" 200 9186 "https://www.afish-ka.ru/06-06-2021/" "Mozilla/5.0 AppleWebKit/537.36 (KHTML, like Gecko; compatible; GPTBot/1.3; +https://openai.com/gptbot)"
185.231.155.169 - - [16/Apr/2026:01:13:57 +0200] "GET / HTTP/1.0" 301 531 "http://afish-ka.ru/" "Mozilla/5.0 (Windows NT 10.0; Win64; x64) AppleWebKit/537.36 (KHTML, like Gecko) Chrome/130.0.0.0 Safari/537.36 CCleaner/130.0.0.0"
74.7.227.21 - - [16/Apr/2026:01:13:57 +0200] "GET /02-08-2023/ HTTP/1.1" 200 5846 "https://www.afish-ka.ru/28-06-2023/" "Mozilla/5.0 AppleWebKit/537.36 (KHTML, like Gecko; compatible; GPTBot/1.3; +https://openai.com/gptbot)"
74.7.227.21 - - [16/Apr/2026:01:13:58 +0200] "GET /17-06-2023/ HTTP/1.1" 200 5845 "https://www.afish-ka.ru/13-05-2023/" "Mozilla/5.0 AppleWebKit/537.36 (KHTML, like Gecko; compatible; GPTBot/1.3; +https://openai.com/gptbot)"
185.231.155.169 - - [16/Apr/2026:01:13:58 +0200] "GET / HTTP/1.0" 200 21785 "http://www.afish-ka.ru/" "Mozilla/5.0 (Windows NT 10.0; Win64; x64) AppleWebKit/537.36 (KHTML, like Gecko) Chrome/130.0.0.0 Safari/537.36 CCleaner/130.0.0.0"
74.7.227.21 - - [16/Apr/2026:01:13:58 +0200] "GET /26-04-2020/ HTTP/1.1" 200 5841 "https://www.afish-ka.ru/31-05-2020/" "Mozilla/5.0 AppleWebKit/537.36 (KHTML, like Gecko; compatible; GPTBot/1.3; +https://openai.com/gptbot)"
185.231.155.169 - - [16/Apr/2026:01:13:59 +0200] "GET /info/firms/ HTTP/1.0" 200 29304 "https://www.afish-ka.ru/info/firms/" "Mozilla/5.0 (Windows NT 10.0; Win64; x64) AppleWebKit/537.36 (KHTML, like Gecko) Chrome/130.0.0.0 Safari/537.36 CCleaner/130.0.0.0"
74.7.227.21 - - [16/Apr/2026:01:13:59 +0200] "GET /08-11-2022/ HTTP/1.1" 200 5853 "https://www.afish-ka.ru/04-10-2022/" "Mozilla/5.0 AppleWebKit/537.36 (KHTML, like Gecko; compatible; GPTBot/1.3; +https://openai.com/gptbot)"
185.231.155.169 - - [16/Apr/2026:01:13:59 +0200] "GET /links.php?go=http://www.kamforum.ru HTTP/1.0" 404 3662 "https://www.afish-ka.ru/links.php?go=http://www.kamforum.ru" "Mozilla/5.0 (Windows NT 10.0; Win64; x64) AppleWebKit/537.36 (KHTML, like Gecko) Chrome/130.0.0.0 Safari/537.36 CCleaner/130.0.0.0"
74.7.227.21 - - [16/Apr/2026:01:13:59 +0200] "GET /29-07-2022/ HTTP/1.1" 200 6864 "https://www.afish-ka.ru/14-08-2022/" "Mozilla/5.0 AppleWebKit/537.36 (KHTML, like Gecko; compatible; GPTBot/1.3; +https://openai.com/gptbot)"
185.231.155.169 - - [16/Apr/2026:01:14:00 +0200] "GET //www.kamforum.ru HTTP/1.0" 200 24328 "https://www.afish-ka.ru//www.kamforum.ru" "Mozilla/5.0 (Windows NT 10.0; Win64; x64) AppleWebKit/537.36 (KHTML, like Gecko) Chrome/130.0.0.0 Safari/537.36 CCleaner/130.0.0.0"
74.7.227.21 - - [16/Apr/2026:01:14:00 +0200] "GET /03-02-2013/ HTTP/1.1" 200 9141 "https://www.afish-ka.ru/16-02-2013/" "Mozilla/5.0 AppleWebKit/537.36 (KHTML, like Gecko; compatible; GPTBot/1.3; +https://openai.com/gptbot)"
74.7.227.21 - - [16/Apr/2026:01:14:00 +0200] "GET /theater/actions/3320/ HTTP/1.1" 200 7061 "https://www.afish-ka.ru/02-12-2014/" "Mozilla/5.0 AppleWebKit/537.36 (KHTML, like Gecko; compatible; GPTBot/1.3; +https://openai.com/gptbot)"
74.7.227.21 - - [16/Apr/2026:01:14:01 +0200] "GET /02-06-2016/ HTTP/1.1" 200 8756 "https://www.afish-ka.ru/29-05-2016/" "Mozilla/5.0 AppleWebKit/537.36 (KHTML, like Gecko; compatible; GPTBot/1.3; +https://openai.com/gptbot)"
74.7.227.21 - - [16/Apr/2026:01:14:02 +0200] "GET /27-08-2022/ HTTP/1.1" 200 5901 "https://www.afish-ka.ru/23-07-2022/" "Mozilla/5.0 AppleWebKit/537.36 (KHTML, like Gecko; compatible; GPTBot/1.3; +https://openai.com/gptbot)"
74.7.227.21 - - [16/Apr/2026:01:14:02 +0200] "GET /06-12-2010/ HTTP/1.1" 200 8831 "https://www.afish-ka.ru/25-12-2010/" "Mozilla/5.0 AppleWebKit/537.36 (KHTML, like Gecko; compatible; GPTBot/1.3; +https://openai.com/gptbot)"
74.7.227.21 - - [16/Apr/2026:01:14:03 +0200] "GET /07-09-2006/ HTTP/1.1" 200 6208 "https://www.afish-ka.ru/14-09-2006/" "Mozilla/5.0 AppleWebKit/537.36 (KHTML, like Gecko; compatible; GPTBot/1.3; +https://openai.com/gptbot)"
74.7.227.21 - - [16/Apr/2026:01:14:03 +0200] "GET /06-09-2023/ HTTP/1.1" 200 5850 "https://www.afish-ka.ru/02-08-2023/" "Mozilla/5.0 AppleWebKit/537.36 (KHTML, like Gecko; compatible; GPTBot/1.3; +https://openai.com/gptbot)"
74.7.227.21 - - [16/Apr/2026:01:14:04 +0200] "GET /22-07-2023/ HTTP/1.1" 200 5848 "https://www.afish-ka.ru/17-06-2023/" "Mozilla/5.0 AppleWebKit/537.36 (KHTML, like Gecko; compatible; GPTBot/1.3; +https://openai.com/gptbot)"
74.7.227.21 - - [16/Apr/2026:01:14:05 +0200] "GET /10-12-2016/ HTTP/1.1" 200 10017 "https://www.afish-ka.ru/19-12-2016/" "Mozilla/5.0 AppleWebKit/537.36 (KHTML, like Gecko; compatible; GPTBot/1.3; +https://openai.com/gptbot)"
74.7.227.21 - - [16/Apr/2026:01:14:05 +0200] "GET /13-12-2022/ HTTP/1.1" 200 5848 "https://www.afish-ka.ru/08-11-2022/" "Mozilla/5.0 AppleWebKit/537.36 (KHTML, like Gecko; compatible; GPTBot/1.3; +https://openai.com/gptbot)"
74.7.227.21 - - [16/Apr/2026:01:14:06 +0200] "GET /07-05-2007/ HTTP/1.1" 200 6586 "https://www.afish-ka.ru/11-06-2007/" "Mozilla/5.0 AppleWebKit/537.36 (KHTML, like Gecko; compatible; GPTBot/1.3; +https://openai.com/gptbot)"
74.7.227.21 - - [16/Apr/2026:01:14:06 +0200] "GET /images/s/actions/2551_1.jpg HTTP/1.1" 200 7328 "https://www.afish-ka.ru/03-02-2013/" "Mozilla/5.0 AppleWebKit/537.36 (KHTML, like Gecko; compatible; GPTBot/1.3; +https://openai.com/gptbot)"
74.7.227.21 - - [16/Apr/2026:01:14:07 +0200] "GET /cafe/actions/2548/ HTTP/1.1" 200 7416 "https://www.afish-ka.ru/03-02-2013/" "Mozilla/5.0 AppleWebKit/537.36 (KHTML, like Gecko; compatible; GPTBot/1.3; +https://openai.com/gptbot)"
74.7.227.21 - - [16/Apr/2026:01:14:07 +0200] "GET /theater/actions/3914/ HTTP/1.1" 200 6387 "https://www.afish-ka.ru/02-06-2016/" "Mozilla/5.0 AppleWebKit/537.36 (KHTML, like Gecko; compatible; GPTBot/1.3; +https://openai.com/gptbot)"
74.7.227.21 - - [16/Apr/2026:01:14:08 +0200] "GET /01-10-2022/ HTTP/1.1" 200 5843 "https://www.afish-ka.ru/27-08-2022/" "Mozilla/5.0 AppleWebKit/537.36 (KHTML, like Gecko; compatible; GPTBot/1.3; +https://openai.com/gptbot)"
74.7.227.21 - - [16/Apr/2026:01:14:08 +0200] "GET /images/s/actions/1260_1.jpg HTTP/1.1" 200 6311 "https://www.afish-ka.ru/06-12-2010/" "Mozilla/5.0 AppleWebKit/537.36 (KHTML, like Gecko; compatible; GPTBot/1.3; +https://openai.com/gptbot)"
74.7.227.21 - - [16/Apr/2026:01:14:09 +0200] "GET /25-12-2015/ HTTP/1.1" 200 8878 "https://www.afish-ka.ru/09-01-2016/" "Mozilla/5.0 AppleWebKit/537.36 (KHTML, like Gecko; compatible; GPTBot/1.3; +https://openai.com/gptbot)"
74.7.227.21 - - [16/Apr/2026:01:14:10 +0200] "GET /11-10-2023/ HTTP/1.1" 200 5845 "https://www.afish-ka.ru/06-09-2023/" "Mozilla/5.0 AppleWebKit/537.36 (KHTML, like Gecko; compatible; GPTBot/1.3; +https://openai.com/gptbot)"
74.7.227.21 - - [16/Apr/2026:01:14:10 +0200] "GET /26-08-2023/ HTTP/1.1" 200 5848 "https://www.afish-ka.ru/22-07-2023/" "Mozilla/5.0 AppleWebKit/537.36 (KHTML, like Gecko; compatible; GPTBot/1.3; +https://openai.com/gptbot)"
74.7.227.21 - - [16/Apr/2026:01:14:11 +0200] "GET /02-12-2013/ HTTP/1.1" 200 7797 "https://www.afish-ka.ru/19-12-2013/" "Mozilla/5.0 AppleWebKit/537.36 (KHTML, like Gecko; compatible; GPTBot/1.3; +https://openai.com/gptbot)"
74.7.227.21 - - [16/Apr/2026:01:14:12 +0200] "GET /17-01-2023/ HTTP/1.1" 200 5871 "https://www.afish-ka.ru/13-12-2022/" "Mozilla/5.0 AppleWebKit/537.36 (KHTML, like Gecko; compatible; GPTBot/1.3; +https://openai.com/gptbot)"
74.7.227.21 - - [16/Apr/2026:01:14:12 +0200] "GET /26-01-2011/ HTTP/1.1" 200 12649 "https://www.afish-ka.ru/31-01-2011/" "Mozilla/5.0 AppleWebKit/537.36 (KHTML, like Gecko; compatible; GPTBot/1.3; +https://openai.com/gptbot)"
74.7.227.21 - - [16/Apr/2026:01:14:13 +0200] "GET /29-09-2009/ HTTP/1.1" 200 7434 "https://www.afish-ka.ru/17-10-2009/" "Mozilla/5.0 AppleWebKit/537.36 (KHTML, like Gecko; compatible; GPTBot/1.3; +https://openai.com/gptbot)"
74.7.227.21 - - [16/Apr/2026:01:14:13 +0200] "GET /29-12-2009/ HTTP/1.1" 200 7919 "https://www.afish-ka.ru/27-12-2009/" "Mozilla/5.0 AppleWebKit/537.36 (KHTML, like Gecko; compatible; GPTBot/1.3; +https://openai.com/gptbot)"
74.7.227.21 - - [16/Apr/2026:01:14:14 +0200] "GET /11-02-2006/ HTTP/1.1" 200 6797 "https://www.afish-ka.ru/18-03-2006/" "Mozilla/5.0 AppleWebKit/537.36 (KHTML, like Gecko; compatible; GPTBot/1.3; +https://openai.com/gptbot)"
185.191.171.6 - - [16/Apr/2026:01:14:13 +0200] "GET /services/sitemap/3.html HTTP/1.1" 200 7157 "-" "Mozilla/5.0 (compatible; SemrushBot/7~bl; +http://www.semrush.com/bot.html)"
74.7.227.21 - - [16/Apr/2026:01:14:15 +0200] "GET /17-12-2010/ HTTP/1.1" 200 8602 "https://www.afish-ka.ru/25-12-2010/" "Mozilla/5.0 AppleWebKit/537.36 (KHTML, like Gecko; compatible; GPTBot/1.3; +https://openai.com/gptbot)"
74.7.227.21 - - [16/Apr/2026:01:14:15 +0200] "GET /05-11-2022/ HTTP/1.1" 200 5845 "https://www.afish-ka.ru/01-10-2022/" "Mozilla/5.0 AppleWebKit/537.36 (KHTML, like Gecko; compatible; GPTBot/1.3; +https://openai.com/gptbot)"
74.7.227.21 - - [16/Apr/2026:01:14:16 +0200] "GET /04-02-2009/ HTTP/1.1" 200 6913 "https://www.afish-ka.ru/17-02-2009/" "Mozilla/5.0 AppleWebKit/537.36 (KHTML, like Gecko; compatible; GPTBot/1.3; +https://openai.com/gptbot)"
74.7.227.21 - - [16/Apr/2026:01:14:16 +0200] "GET /15-11-2023/ HTTP/1.1" 200 5850 "https://www.afish-ka.ru/11-10-2023/" "Mozilla/5.0 AppleWebKit/537.36 (KHTML, like Gecko; compatible; GPTBot/1.3; +https://openai.com/gptbot)"
74.7.227.21 - - [16/Apr/2026:01:14:17 +0200] "GET /30-09-2023/ HTTP/1.1" 200 5845 "https://www.afish-ka.ru/26-08-2023/" "Mozilla/5.0 AppleWebKit/537.36 (KHTML, like Gecko; compatible; GPTBot/1.3; +https://openai.com/gptbot)"
185.191.171.6 - - [16/Apr/2026:01:14:16 +0200] "GET /04-09-2010/ HTTP/1.1" 200 12449 "-" "Mozilla/5.0 (compatible; SemrushBot/7~bl; +http://www.semrush.com/bot.html)"
177.184.217.40 - - [16/Apr/2026:01:14:17 +0200] "GET /cafe/actions/2150/cafe/actions/2150/opinions/cafe/actions/2150/opinions/ HTTP/1.1" 200 10092 "-" "Mozilla/5.0 (Windows NT 10.0; Win64; x64) AppleWebKit/537.36 (KHTML, like Gecko) Chrome/141.0.0.0 Safari/537.36"
74.7.227.21 - - [16/Apr/2026:01:14:17 +0200] "GET /09-01-2007/ HTTP/1.1" 200 6163 "https://www.afish-ka.ru/25-01-2007/" "Mozilla/5.0 AppleWebKit/537.36 (KHTML, like Gecko; compatible; GPTBot/1.3; +https://openai.com/gptbot)"
74.7.227.21 - - [16/Apr/2026:01:14:18 +0200] "GET /21-02-2023/ HTTP/1.1" 200 5831 "https://www.afish-ka.ru/17-01-2023/" "Mozilla/5.0 AppleWebKit/537.36 (KHTML, like Gecko; compatible; GPTBot/1.3; +https://openai.com/gptbot)"
74.7.227.21 - - [16/Apr/2026:01:14:18 +0200] "GET /10-06-2012/ HTTP/1.1" 200 7009 "https://www.afish-ka.ru/30-05-2012/" "Mozilla/5.0 AppleWebKit/537.36 (KHTML, like Gecko; compatible; GPTBot/1.3; +https://openai.com/gptbot)"
74.7.227.21 - - [16/Apr/2026:01:14:19 +0200] "GET /08-09-2006/ HTTP/1.1" 200 6190 "https://www.afish-ka.ru/14-09-2006/" "Mozilla/5.0 AppleWebKit/537.36 (KHTML, like Gecko; compatible; GPTBot/1.3; +https://openai.com/gptbot)"
74.7.227.21 - - [16/Apr/2026:01:14:20 +0200] "GET /16-10-2021/ HTTP/1.1" 200 8497 "https://www.afish-ka.ru/20-11-2021/" "Mozilla/5.0 AppleWebKit/537.36 (KHTML, like Gecko; compatible; GPTBot/1.3; +https://openai.com/gptbot)"
74.7.227.21 - - [16/Apr/2026:01:14:21 +0200] "GET /07-01-2006/ HTTP/1.1" 404 413 "https://www.afish-ka.ru/11-02-2006/" "Mozilla/5.0 AppleWebKit/537.36 (KHTML, like Gecko; compatible; GPTBot/1.3; +https://openai.com/gptbot)"
74.7.227.21 - - [16/Apr/2026:01:14:22 +0200] "GET /08-01-2012/ HTTP/1.1" 200 13356 "https://www.afish-ka.ru/28-12-2011/" "Mozilla/5.0 AppleWebKit/537.36 (KHTML, like Gecko; compatible; GPTBot/1.3; +https://openai.com/gptbot)"
74.7.227.21 - - [16/Apr/2026:01:14:23 +0200] "GET /01-04-2006/ HTTP/1.1" 200 6966 "https://www.afish-ka.ru/12-04-2006/" "Mozilla/5.0 AppleWebKit/537.36 (KHTML, like Gecko; compatible; GPTBot/1.3; +https://openai.com/gptbot)"
74.7.227.21 - - [16/Apr/2026:01:14:24 +0200] "GET /31-03-2021/ HTTP/1.1" 200 5990 "https://www.afish-ka.ru/25-03-2021/" "Mozilla/5.0 AppleWebKit/537.36 (KHTML, like Gecko; compatible; GPTBot/1.3; +https://openai.com/gptbot)"
74.7.227.21 - - [16/Apr/2026:01:14:24 +0200] "GET /27-02-2009/ HTTP/1.1" 200 7325 "https://www.afish-ka.ru/14-03-2009/" "Mozilla/5.0 AppleWebKit/537.36 (KHTML, like Gecko; compatible; GPTBot/1.3; +https://openai.com/gptbot)"
74.7.227.21 - - [16/Apr/2026:01:14:25 +0200] "GET /04-11-2023/ HTTP/1.1" 200 5845 "https://www.afish-ka.ru/30-09-2023/" "Mozilla/5.0 AppleWebKit/537.36 (KHTML, like Gecko; compatible; GPTBot/1.3; +https://openai.com/gptbot)"
74.7.227.21 - - [16/Apr/2026:01:14:26 +0200] "GET /21-03-2022/ HTTP/1.1" 200 11524 "https://www.afish-ka.ru/08-04-2022/" "Mozilla/5.0 AppleWebKit/537.36 (KHTML, like Gecko; compatible; GPTBot/1.3; +https://openai.com/gptbot)"
74.7.227.21 - - [16/Apr/2026:01:14:26 +0200] "GET /28-03-2023/ HTTP/1.1" 200 5837 "https://www.afish-ka.ru/21-02-2023/" "Mozilla/5.0 AppleWebKit/537.36 (KHTML, like Gecko; compatible; GPTBot/1.3; +https://openai.com/gptbot)"
74.7.227.21 - - [16/Apr/2026:01:14:27 +0200] "GET /30-03-2009/ HTTP/1.1" 200 7243 "https://www.afish-ka.ru/18-04-2009/" "Mozilla/5.0 AppleWebKit/537.36 (KHTML, like Gecko; compatible; GPTBot/1.3; +https://openai.com/gptbot)"
74.7.227.21 - - [16/Apr/2026:01:14:27 +0200] "GET /25-11-2020/ HTTP/1.1" 200 11158 "https://www.afish-ka.ru/05-12-2020/" "Mozilla/5.0 AppleWebKit/537.36 (KHTML, like Gecko; compatible; GPTBot/1.3; +https://openai.com/gptbot)"
74.7.227.21 - - [16/Apr/2026:01:14:28 +0200] "GET /19-11-2021/ HTTP/1.1" 200 9941 "https://www.afish-ka.ru/18-11-2021/" "Mozilla/5.0 AppleWebKit/537.36 (KHTML, like Gecko; compatible; GPTBot/1.3; +https://openai.com/gptbot)"
74.7.227.21 - - [16/Apr/2026:01:14:28 +0200] "GET /24-10-2011/ HTTP/1.1" 200 8353 "https://www.afish-ka.ru/22-10-2011/" "Mozilla/5.0 AppleWebKit/537.36 (KHTML, like Gecko; compatible; GPTBot/1.3; +https://openai.com/gptbot)"
74.7.227.21 - - [16/Apr/2026:01:14:29 +0200] "GET /cafe/actions/1877/ HTTP/1.1" 200 6429 "https://www.afish-ka.ru/08-01-2012/" "Mozilla/5.0 AppleWebKit/537.36 (KHTML, like Gecko; compatible; GPTBot/1.3; +https://openai.com/gptbot)"
74.7.227.21 - - [16/Apr/2026:01:14:30 +0200] "GET /10-06-2010/ HTTP/1.1" 200 7966 "https://www.afish-ka.ru/21-06-2010/" "Mozilla/5.0 AppleWebKit/537.36 (KHTML, like Gecko; compatible; GPTBot/1.3; +https://openai.com/gptbot)"
74.7.227.21 - - [16/Apr/2026:01:14:30 +0200] "GET /02-03-2010/ HTTP/1.1" 200 8667 "https://www.afish-ka.ru/14-03-2010/" "Mozilla/5.0 AppleWebKit/537.36 (KHTML, like Gecko; compatible; GPTBot/1.3; +https://openai.com/gptbot)"
74.7.227.21 - - [16/Apr/2026:01:14:31 +0200] "GET /30-10-2013/ HTTP/1.1" 200 8416 "https://www.afish-ka.ru/04-12-2013/" "Mozilla/5.0 AppleWebKit/537.36 (KHTML, like Gecko; compatible; GPTBot/1.3; +https://openai.com/gptbot)"
74.7.227.21 - - [16/Apr/2026:01:14:32 +0200] "GET /09-12-2023/ HTTP/1.1" 200 5848 "https://www.afish-ka.ru/04-11-2023/" "Mozilla/5.0 AppleWebKit/537.36 (KHTML, like Gecko; compatible; GPTBot/1.3; +https://openai.com/gptbot)"
74.7.227.21 - - [16/Apr/2026:01:14:32 +0200] "GET /24-02-2007/ HTTP/1.1" 200 6337 "https://www.afish-ka.ru/31-03-2007/" "Mozilla/5.0 AppleWebKit/537.36 (KHTML, like Gecko; compatible; GPTBot/1.3; +https://openai.com/gptbot)"
74.7.227.21 - - [16/Apr/2026:01:14:33 +0200] "GET /02-05-2023/ HTTP/1.1" 200 5840 "https://www.afish-ka.ru/28-03-2023/" "Mozilla/5.0 AppleWebKit/537.36 (KHTML, like Gecko; compatible; GPTBot/1.3; +https://openai.com/gptbot)"
74.7.227.21 - - [16/Apr/2026:01:14:34 +0200] "GET /08-11-2021/ HTTP/1.1" 200 10008 "https://www.afish-ka.ru/18-11-2021/" "Mozilla/5.0 AppleWebKit/537.36 (KHTML, like Gecko; compatible; GPTBot/1.3; +https://openai.com/gptbot)"
116.179.32.84 - - [16/Apr/2026:01:14:34 +0200] "GET /images/s/actions/723_1.jpg HTTP/1.1" 200 11453 "-" "Baiduspider-image+(+http://www.baidu.com/search/spider.htm)"
74.7.227.21 - - [16/Apr/2026:01:14:34 +0200] "GET /25-10-2011/ HTTP/1.1" 200 8349 "https://www.afish-ka.ru/22-10-2011/" "Mozilla/5.0 AppleWebKit/537.36 (KHTML, like Gecko; compatible; GPTBot/1.3; +https://openai.com/gptbot)"
74.7.227.21 - - [16/Apr/2026:01:14:35 +0200] "GET /21-01-2017/ HTTP/1.1" 200 10949 "https://www.afish-ka.ru/25-02-2017/" "Mozilla/5.0 AppleWebKit/537.36 (KHTML, like Gecko; compatible; GPTBot/1.3; +https://openai.com/gptbot)"
74.7.227.21 - - [16/Apr/2026:01:14:36 +0200] "GET /29-12-2019/ HTTP/1.1" 200 8375 "https://www.afish-ka.ru/24-11-2019/" "Mozilla/5.0 AppleWebKit/537.36 (KHTML, like Gecko; compatible; GPTBot/1.3; +https://openai.com/gptbot)"
74.7.227.21 - - [16/Apr/2026:01:14:36 +0200] "GET /01-07-2008/ HTTP/1.1" 200 7043 "https://www.afish-ka.ru/13-07-2008/" "Mozilla/5.0 AppleWebKit/537.36 (KHTML, like Gecko; compatible; GPTBot/1.3; +https://openai.com/gptbot)"
74.7.227.21 - - [16/Apr/2026:01:14:37 +0200] "GET /22-12-2013/ HTTP/1.1" 200 8152 "https://www.afish-ka.ru/25-12-2013/" "Mozilla/5.0 AppleWebKit/537.36 (KHTML, like Gecko; compatible; GPTBot/1.3; +https://openai.com/gptbot)"
74.7.227.21 - - [16/Apr/2026:01:14:38 +0200] "GET /26-02-2024/ HTTP/1.1" 200 5837 "https://www.afish-ka.ru/22-01-2024/" "Mozilla/5.0 AppleWebKit/537.36 (KHTML, like Gecko; compatible; GPTBot/1.3; +https://openai.com/gptbot)"
74.7.227.21 - - [16/Apr/2026:01:14:39 +0200] "GET /03-10-2010/ HTTP/1.1" 200 8891 "https://www.afish-ka.ru/18-09-2010/" "Mozilla/5.0 AppleWebKit/537.36 (KHTML, like Gecko; compatible; GPTBot/1.3; +https://openai.com/gptbot)"
74.7.227.21 - - [16/Apr/2026:01:14:39 +0200] "GET /13-01-2024/ HTTP/1.1" 200 5853 "https://www.afish-ka.ru/09-12-2023/" "Mozilla/5.0 AppleWebKit/537.36 (KHTML, like Gecko; compatible; GPTBot/1.3; +https://openai.com/gptbot)"
185.191.171.12 - - [16/Apr/2026:01:14:39 +0200] "GET /cinema/films/6050/opinions/add/?parent=62005 HTTP/1.1" 200 9527 "-" "Mozilla/5.0 (compatible; SemrushBot/7~bl; +http://www.semrush.com/bot.html)"
74.7.227.21 - - [16/Apr/2026:01:14:40 +0200] "GET /16-10-2022/ HTTP/1.1" 200 5847 "https://www.afish-ka.ru/11-09-2022/" "Mozilla/5.0 AppleWebKit/537.36 (KHTML, like Gecko; compatible; GPTBot/1.3; +https://openai.com/gptbot)"
74.7.227.21 - - [16/Apr/2026:01:14:41 +0200] "GET /18-10-2010/ HTTP/1.1" 200 8176 "https://www.afish-ka.ru/13-09-2010/" "Mozilla/5.0 AppleWebKit/537.36 (KHTML, like Gecko; compatible; GPTBot/1.3; +https://openai.com/gptbot)"
74.7.227.21 - - [16/Apr/2026:01:14:41 +0200] "GET /06-10-2006/ HTTP/1.1" 200 6389 "https://www.afish-ka.ru/19-10-2006/" "Mozilla/5.0 AppleWebKit/537.36 (KHTML, like Gecko; compatible; GPTBot/1.3; +https://openai.com/gptbot)"
74.7.227.21 - - [16/Apr/2026:01:14:42 +0200] "GET /29-09-2008/ HTTP/1.1" 200 7715 "https://www.afish-ka.ru/13-10-2008/" "Mozilla/5.0 AppleWebKit/537.36 (KHTML, like Gecko; compatible; GPTBot/1.3; +https://openai.com/gptbot)"
74.7.227.21 - - [16/Apr/2026:01:14:42 +0200] "GET /27-06-2022/ HTTP/1.1" 200 7817 "https://www.afish-ka.ru/13-06-2022/" "Mozilla/5.0 AppleWebKit/537.36 (KHTML, like Gecko; compatible; GPTBot/1.3; +https://openai.com/gptbot)"
74.7.227.21 - - [16/Apr/2026:01:14:43 +0200] "GET /19-02-2011/ HTTP/1.1" 200 10143 "https://www.afish-ka.ru/14-02-2011/" "Mozilla/5.0 AppleWebKit/537.36 (KHTML, like Gecko; compatible; GPTBot/1.3; +https://openai.com/gptbot)"
74.7.227.21 - - [16/Apr/2026:01:14:43 +0200] "GET /27-11-2012/ HTTP/1.1" 200 8488 "https://www.afish-ka.ru/08-12-2012/" "Mozilla/5.0 AppleWebKit/537.36 (KHTML, like Gecko; compatible; GPTBot/1.3; +https://openai.com/gptbot)"
74.7.227.21 - - [16/Apr/2026:01:14:44 +0200] "GET /10-08-2008/ HTTP/1.1" 200 7103 "https://www.afish-ka.ru/17-08-2008/" "Mozilla/5.0 AppleWebKit/537.36 (KHTML, like Gecko; compatible; GPTBot/1.3; +https://openai.com/gptbot)"
74.7.227.21 - - [16/Apr/2026:01:14:44 +0200] "GET /01-04-2024/ HTTP/1.1" 200 5843 "https://www.afish-ka.ru/26-02-2024/" "Mozilla/5.0 AppleWebKit/537.36 (KHTML, like Gecko; compatible; GPTBot/1.3; +https://openai.com/gptbot)"
74.7.227.21 - - [16/Apr/2026:01:14:45 +0200] "GET /cinema/films/1155/ HTTP/1.1" 200 7456 "https://www.afish-ka.ru/03-10-2010/" "Mozilla/5.0 AppleWebKit/537.36 (KHTML, like Gecko; compatible; GPTBot/1.3; +https://openai.com/gptbot)"
74.7.227.21 - - [16/Apr/2026:01:14:46 +0200] "GET /17-02-2024/ HTTP/1.1" 200 5845 "https://www.afish-ka.ru/13-01-2024/" "Mozilla/5.0 AppleWebKit/537.36 (KHTML, like Gecko; compatible; GPTBot/1.3; +https://openai.com/gptbot)"
74.7.227.21 - - [16/Apr/2026:01:14:46 +0200] "GET /city/actions/1165/ HTTP/1.1" 200 6416 "https://www.afish-ka.ru/03-10-2010/" "Mozilla/5.0 AppleWebKit/537.36 (KHTML, like Gecko; compatible; GPTBot/1.3; +https://openai.com/gptbot)"
74.7.227.21 - - [16/Apr/2026:01:14:47 +0200] "GET /10-01-2009/ HTTP/1.1" 200 7432 "https://www.afish-ka.ru/13-01-2009/" "Mozilla/5.0 AppleWebKit/537.36 (KHTML, like Gecko; compatible; GPTBot/1.3; +https://openai.com/gptbot)"
74.7.227.21 - - [16/Apr/2026:01:14:47 +0200] "GET /10-04-2012/ HTTP/1.1" 200 8399 "https://www.afish-ka.ru/26-03-2012/" "Mozilla/5.0 AppleWebKit/537.36 (KHTML, like Gecko; compatible; GPTBot/1.3; +https://openai.com/gptbot)"
74.7.227.21 - - [16/Apr/2026:01:14:48 +0200] "GET /04-11-2020/ HTTP/1.1" 200 10492 "https://www.afish-ka.ru/19-11-2020/" "Mozilla/5.0 AppleWebKit/537.36 (KHTML, like Gecko; compatible; GPTBot/1.3; +https://openai.com/gptbot)"
74.7.227.21 - - [16/Apr/2026:01:14:49 +0200] "GET /01-08-2022/ HTTP/1.1" 200 6854 "https://www.afish-ka.ru/17-08-2022/" "Mozilla/5.0 AppleWebKit/537.36 (KHTML, like Gecko; compatible; GPTBot/1.3; +https://openai.com/gptbot)"
74.7.227.21 - - [16/Apr/2026:01:14:50 +0200] "GET /city/actions/1398/ HTTP/1.1" 200 6610 "https://www.afish-ka.ru/19-02-2011/" "Mozilla/5.0 AppleWebKit/537.36 (KHTML, like Gecko; compatible; GPTBot/1.3; +https://openai.com/gptbot)"
74.7.227.21 - - [16/Apr/2026:01:14:50 +0200] "GET /03-08-2022/ HTTP/1.1" 200 6848 "https://www.afish-ka.ru/17-08-2022/" "Mozilla/5.0 AppleWebKit/537.36 (KHTML, like Gecko; compatible; GPTBot/1.3; +https://openai.com/gptbot)"
74.7.227.21 - - [16/Apr/2026:01:14:51 +0200] "GET /11-06-2016/ HTTP/1.1" 200 9540 "https://www.afish-ka.ru/29-05-2016/" "Mozilla/5.0 AppleWebKit/537.36 (KHTML, like Gecko; compatible; GPTBot/1.3; +https://openai.com/gptbot)"
74.7.227.21 - - [16/Apr/2026:01:14:52 +0200] "GET /06-05-2024/ HTTP/1.1" 200 5842 "https://www.afish-ka.ru/01-04-2024/" "Mozilla/5.0 AppleWebKit/537.36 (KHTML, like Gecko; compatible; GPTBot/1.3; +https://openai.com/gptbot)"
74.7.227.21 - - [16/Apr/2026:01:14:52 +0200] "GET /20-11-2008/ HTTP/1.1" 200 7116 "https://www.afish-ka.ru/26-11-2008/" "Mozilla/5.0 AppleWebKit/537.36 (KHTML, like Gecko; compatible; GPTBot/1.3; +https://openai.com/gptbot)"
85.208.96.200 - - [16/Apr/2026:01:14:53 +0200] "GET /theater/actions/582/opinions/add/?parent=51640 HTTP/1.1" 200 9545 "-" "Mozilla/5.0 (compatible; SemrushBot/7~bl; +http://www.semrush.com/bot.html)"
74.7.227.21 - - [16/Apr/2026:01:14:53 +0200] "GET /23-03-2024/ HTTP/1.1" 200 5843 "https://www.afish-ka.ru/17-02-2024/" "Mozilla/5.0 AppleWebKit/537.36 (KHTML, like Gecko; compatible; GPTBot/1.3; +https://openai.com/gptbot)"
74.7.227.21 - - [16/Apr/2026:01:14:53 +0200] "GET /images/b/actions/1165_1.jpg HTTP/1.1" 200 54474 "https://www.afish-ka.ru/city/actions/1165/" "Mozilla/5.0 AppleWebKit/537.36 (KHTML, like Gecko; compatible; GPTBot/1.3; +https://openai.com/gptbot)"
74.7.227.21 - - [16/Apr/2026:01:14:54 +0200] "GET /17-12-2020/ HTTP/1.1" 200 10754 "https://www.afish-ka.ru/19-12-2020/" "Mozilla/5.0 AppleWebKit/537.36 (KHTML, like Gecko; compatible; GPTBot/1.3; +https://openai.com/gptbot)"
74.7.227.21 - - [16/Apr/2026:01:14:54 +0200] "GET /images/s/actions/1978_1.jpg HTTP/1.1" 200 8369 "https://www.afish-ka.ru/10-04-2012/" "Mozilla/5.0 AppleWebKit/537.36 (KHTML, like Gecko; compatible; GPTBot/1.3; +https://openai.com/gptbot)"
74.7.227.21 - - [16/Apr/2026:01:14:55 +0200] "GET /20-03-2009/ HTTP/1.1" 200 7221 "https://www.afish-ka.ru/24-03-2009/" "Mozilla/5.0 AppleWebKit/537.36 (KHTML, like Gecko; compatible; GPTBot/1.3; +https://openai.com/gptbot)"
74.7.227.21 - - [16/Apr/2026:01:14:56 +0200] "GET /27-01-2020/ HTTP/1.1" 200 9214 "https://www.afish-ka.ru/05-02-2020/" "Mozilla/5.0 AppleWebKit/537.36 (KHTML, like Gecko; compatible; GPTBot/1.3; +https://openai.com/gptbot)"
74.7.227.21 - - [16/Apr/2026:01:14:56 +0200] "GET /images/b/actions/1398_1.jpg HTTP/1.1" 200 17053 "https://www.afish-ka.ru/city/actions/1398/" "Mozilla/5.0 AppleWebKit/537.36 (KHTML, like Gecko; compatible; GPTBot/1.3; +https://openai.com/gptbot)"
85.208.96.210 - - [16/Apr/2026:01:14:56 +0200] "GET /cinema/films/4861/opinions/add/?parent=43710 HTTP/1.1" 200 9516 "-" "Mozilla/5.0 (compatible; SemrushBot/7~bl; +http://www.semrush.com/bot.html)"
74.7.227.21 - - [16/Apr/2026:01:14:57 +0200] "GET /07-09-2022/ HTTP/1.1" 200 5852 "https://www.afish-ka.ru/03-08-2022/" "Mozilla/5.0 AppleWebKit/537.36 (KHTML, like Gecko; compatible; GPTBot/1.3; +https://openai.com/gptbot)"
74.7.227.21 - - [16/Apr/2026:01:14:57 +0200] "GET /04-11-2011/ HTTP/1.1" 200 8551 "https://www.afish-ka.ru/22-10-2011/" "Mozilla/5.0 AppleWebKit/537.36 (KHTML, like Gecko; compatible; GPTBot/1.3; +https://openai.com/gptbot)"
74.7.227.21 - - [16/Apr/2026:01:14:58 +0200] "GET /10-06-2024/ HTTP/1.1" 200 5850 "https://www.afish-ka.ru/06-05-2024/" "Mozilla/5.0 AppleWebKit/537.36 (KHTML, like Gecko; compatible; GPTBot/1.3; +https://openai.com/gptbot)"
74.7.227.21 - - [16/Apr/2026:01:14:59 +0200] "GET /01-02-2014/ HTTP/1.1" 200 8496 "https://www.afish-ka.ru/23-01-2014/" "Mozilla/5.0 AppleWebKit/537.36 (KHTML, like Gecko; compatible; GPTBot/1.3; +https://openai.com/gptbot)"
74.7.227.21 - - [16/Apr/2026:01:15:00 +0200] "GET /27-04-2024/ HTTP/1.1" 200 5839 "https://www.afish-ka.ru/23-03-2024/" "Mozilla/5.0 AppleWebKit/537.36 (KHTML, like Gecko; compatible; GPTBot/1.3; +https://openai.com/gptbot)"
74.7.227.21 - - [16/Apr/2026:01:15:00 +0200] "GET /08-01-2011/ HTTP/1.1" 200 9181 "https://www.afish-ka.ru/23-01-2011/" "Mozilla/5.0 AppleWebKit/537.36 (KHTML, like Gecko; compatible; GPTBot/1.3; +https://openai.com/gptbot)"
74.7.227.21 - - [16/Apr/2026:01:15:01 +0200] "GET /03-04-2007/ HTTP/1.1" 200 6394 "https://www.afish-ka.ru/16-04-2007/" "Mozilla/5.0 AppleWebKit/537.36 (KHTML, like Gecko; compatible; GPTBot/1.3; +https://openai.com/gptbot)"
74.7.227.21 - - [16/Apr/2026:01:15:01 +0200] "GET /20-01-2016/ HTTP/1.1" 200 10119 "https://www.afish-ka.ru/09-01-2016/" "Mozilla/5.0 AppleWebKit/537.36 (KHTML, like Gecko; compatible; GPTBot/1.3; +https://openai.com/gptbot)"
74.7.227.21 - - [16/Apr/2026:01:15:02 +0200] "GET /31-12-2013/ HTTP/1.1" 200 7113 "https://www.afish-ka.ru/09-01-2014/" "Mozilla/5.0 AppleWebKit/537.36 (KHTML, like Gecko; compatible; GPTBot/1.3; +https://openai.com/gptbot)"
74.7.227.21 - - [16/Apr/2026:01:15:03 +0200] "GET /04-03-2009/ HTTP/1.1" 200 7363 "https://www.afish-ka.ru/14-03-2009/" "Mozilla/5.0 AppleWebKit/537.36 (KHTML, like Gecko; compatible; GPTBot/1.3; +https://openai.com/gptbot)"
74.7.227.21 - - [16/Apr/2026:01:15:03 +0200] "GET /03-05-2008/ HTTP/1.1" 200 6611 "https://www.afish-ka.ru/13-05-2008/" "Mozilla/5.0 AppleWebKit/537.36 (KHTML, like Gecko; compatible; GPTBot/1.3; +https://openai.com/gptbot)"
74.7.227.21 - - [16/Apr/2026:01:15:04 +0200] "GET /07-12-2020/ HTTP/1.1" 200 11270 "https://www.afish-ka.ru/19-12-2020/" "Mozilla/5.0 AppleWebKit/537.36 (KHTML, like Gecko; compatible; GPTBot/1.3; +https://openai.com/gptbot)"
74.7.227.21 - - [16/Apr/2026:01:15:06 +0200] "GET /concert_hall/actions/1765/ HTTP/1.1" 200 7290 "https://www.afish-ka.ru/04-11-2011/" "Mozilla/5.0 AppleWebKit/537.36 (KHTML, like Gecko; compatible; GPTBot/1.3; +https://openai.com/gptbot)"
74.7.227.21 - - [16/Apr/2026:01:15:06 +0200] "GET /images/s/actions/1765_1.jpg HTTP/1.1" 200 7763 "https://www.afish-ka.ru/04-11-2011/" "Mozilla/5.0 AppleWebKit/537.36 (KHTML, like Gecko; compatible; GPTBot/1.3; +https://openai.com/gptbot)"
74.7.227.21 - - [16/Apr/2026:01:15:07 +0200] "GET /15-07-2024/ HTTP/1.1" 200 5851 "https://www.afish-ka.ru/10-06-2024/" "Mozilla/5.0 AppleWebKit/537.36 (KHTML, like Gecko; compatible; GPTBot/1.3; +https://openai.com/gptbot)"
74.7.227.21 - - [16/Apr/2026:01:15:07 +0200] "GET /01-06-2024/ HTTP/1.1" 200 5841 "https://www.afish-ka.ru/27-04-2024/" "Mozilla/5.0 AppleWebKit/537.36 (KHTML, like Gecko; compatible; GPTBot/1.3; +https://openai.com/gptbot)"
74.7.227.21 - - [16/Apr/2026:01:15:08 +0200] "GET /city/actions/1358/ HTTP/1.1" 200 6547 "https://www.afish-ka.ru/08-01-2011/" "Mozilla/5.0 AppleWebKit/537.36 (KHTML, like Gecko; compatible; GPTBot/1.3; +https://openai.com/gptbot)"
