74.7.227.21 - - [16/Apr/2026:00:53:02 +0200] "GET /images/s/actions/1247_5.jpg HTTP/1.1" 200 7079 "https://www.afish-ka.ru/cinema/films/1247/" "Mozilla/5.0 AppleWebKit/537.36 (KHTML, like Gecko; compatible; GPTBot/1.3; +https://openai.com/gptbot)"
74.7.227.21 - - [16/Apr/2026:00:53:03 +0200] "GET /images/s/actions/1248_3.jpg HTTP/1.1" 200 6484 "https://www.afish-ka.ru/cinema/films/1248/" "Mozilla/5.0 AppleWebKit/537.36 (KHTML, like Gecko; compatible; GPTBot/1.3; +https://openai.com/gptbot)"
74.7.227.21 - - [16/Apr/2026:00:53:03 +0200] "GET /images/b/actions/1272_3.jpg HTTP/1.1" 200 47014 "https://www.afish-ka.ru/cinema/films/1272/" "Mozilla/5.0 AppleWebKit/537.36 (KHTML, like Gecko; compatible; GPTBot/1.3; +https://openai.com/gptbot)"
74.7.227.21 - - [16/Apr/2026:00:53:04 +0200] "GET /images/b/actions/1744_2.jpg HTTP/1.1" 200 24672 "https://www.afish-ka.ru/cinema/films/1744/" "Mozilla/5.0 AppleWebKit/537.36 (KHTML, like Gecko; compatible; GPTBot/1.3; +https://openai.com/gptbot)"
74.7.227.21 - - [16/Apr/2026:00:53:04 +0200] "GET /images/b/actions/1744_5.jpg HTTP/1.1" 200 23433 "https://www.afish-ka.ru/cinema/films/1744/" "Mozilla/5.0 AppleWebKit/537.36 (KHTML, like Gecko; compatible; GPTBot/1.3; +https://openai.com/gptbot)"
74.7.227.21 - - [16/Apr/2026:00:53:05 +0200] "GET /images/b/actions/1249_4.jpg HTTP/1.1" 200 33399 "https://www.afish-ka.ru/cinema/films/1249/" "Mozilla/5.0 AppleWebKit/537.36 (KHTML, like Gecko; compatible; GPTBot/1.3; +https://openai.com/gptbot)"
74.7.227.21 - - [16/Apr/2026:00:53:05 +0200] "GET /images/s/actions/1780_3.jpg HTTP/1.1" 200 7026 "https://www.afish-ka.ru/cinema/films/1780/" "Mozilla/5.0 AppleWebKit/537.36 (KHTML, like Gecko; compatible; GPTBot/1.3; +https://openai.com/gptbot)"
74.7.227.21 - - [16/Apr/2026:00:53:06 +0200] "GET /images/b/actions/1247_3.jpg HTTP/1.1" 200 39330 "https://www.afish-ka.ru/cinema/films/1247/" "Mozilla/5.0 AppleWebKit/537.36 (KHTML, like Gecko; compatible; GPTBot/1.3; +https://openai.com/gptbot)"
74.7.227.21 - - [16/Apr/2026:00:53:07 +0200] "GET /images/b/actions/1247_2.jpg HTTP/1.1" 200 30492 "https://www.afish-ka.ru/cinema/films/1247/" "Mozilla/5.0 AppleWebKit/537.36 (KHTML, like Gecko; compatible; GPTBot/1.3; +https://openai.com/gptbot)"
74.7.227.21 - - [16/Apr/2026:00:53:07 +0200] "GET /images/b/actions/1247_4.jpg HTTP/1.1" 200 38106 "https://www.afish-ka.ru/cinema/films/1247/" "Mozilla/5.0 AppleWebKit/537.36 (KHTML, like Gecko; compatible; GPTBot/1.3; +https://openai.com/gptbot)"
74.7.227.21 - - [16/Apr/2026:00:53:08 +0200] "GET /images/b/actions/1249_3.jpg HTTP/1.1" 200 29149 "https://www.afish-ka.ru/cinema/films/1249/" "Mozilla/5.0 AppleWebKit/537.36 (KHTML, like Gecko; compatible; GPTBot/1.3; +https://openai.com/gptbot)"
74.7.227.21 - - [16/Apr/2026:00:53:08 +0200] "GET /images/s/actions/1272_3.jpg HTTP/1.1" 200 7354 "https://www.afish-ka.ru/cinema/films/1272/" "Mozilla/5.0 AppleWebKit/537.36 (KHTML, like Gecko; compatible; GPTBot/1.3; +https://openai.com/gptbot)"
74.7.227.21 - - [16/Apr/2026:00:53:09 +0200] "GET /images/s/actions/1744_4.jpg HTTP/1.1" 200 5781 "https://www.afish-ka.ru/cinema/films/1744/" "Mozilla/5.0 AppleWebKit/537.36 (KHTML, like Gecko; compatible; GPTBot/1.3; +https://openai.com/gptbot)"
74.7.227.21 - - [16/Apr/2026:00:53:09 +0200] "GET /images/s/actions/1184_4.jpg HTTP/1.1" 200 6523 "https://www.afish-ka.ru/cinema/films/1184/" "Mozilla/5.0 AppleWebKit/537.36 (KHTML, like Gecko; compatible; GPTBot/1.3; +https://openai.com/gptbot)"
74.7.227.21 - - [16/Apr/2026:00:53:10 +0200] "GET /images/s/actions/1272_2.jpg HTTP/1.1" 200 6731 "https://www.afish-ka.ru/cinema/films/1272/" "Mozilla/5.0 AppleWebKit/537.36 (KHTML, like Gecko; compatible; GPTBot/1.3; +https://openai.com/gptbot)"
74.7.227.21 - - [16/Apr/2026:00:53:10 +0200] "GET /images/s/posters/1272.jpg HTTP/1.1" 200 10454 "https://www.afish-ka.ru/cinema/films/1272/" "Mozilla/5.0 AppleWebKit/537.36 (KHTML, like Gecko; compatible; GPTBot/1.3; +https://openai.com/gptbot)"
74.7.227.21 - - [16/Apr/2026:00:53:11 +0200] "GET /images/b/posters/1248.jpg HTTP/1.1" 200 104745 "https://www.afish-ka.ru/cinema/films/1248/" "Mozilla/5.0 AppleWebKit/537.36 (KHTML, like Gecko; compatible; GPTBot/1.3; +https://openai.com/gptbot)"
74.7.227.21 - - [16/Apr/2026:00:53:11 +0200] "GET /images/s/posters/1249.jpg HTTP/1.1" 200 8256 "https://www.afish-ka.ru/cinema/films/1249/" "Mozilla/5.0 AppleWebKit/537.36 (KHTML, like Gecko; compatible; GPTBot/1.3; +https://openai.com/gptbot)"
74.7.227.21 - - [16/Apr/2026:00:53:12 +0200] "GET /images/b/posters/1184.jpg HTTP/1.1" 200 62541 "https://www.afish-ka.ru/cinema/films/1184/" "Mozilla/5.0 AppleWebKit/537.36 (KHTML, like Gecko; compatible; GPTBot/1.3; +https://openai.com/gptbot)"
142.250.33.36 - - [16/Apr/2026:00:53:12 +0200] "HEAD /rss HTTP/1.1" 301 242 "-" "FeedBurner/1.0 (http://www.FeedBurner.com)"
74.7.227.21 - - [16/Apr/2026:00:53:12 +0200] "GET /images/b/posters/1745.jpg HTTP/1.1" 200 43676 "https://www.afish-ka.ru/cinema/films/1745/" "Mozilla/5.0 AppleWebKit/537.36 (KHTML, like Gecko; compatible; GPTBot/1.3; +https://openai.com/gptbot)"
74.7.227.21 - - [16/Apr/2026:00:53:13 +0200] "GET /images/s/posters/1184.jpg HTTP/1.1" 200 7647 "https://www.afish-ka.ru/cinema/films/1184/" "Mozilla/5.0 AppleWebKit/537.36 (KHTML, like Gecko; compatible; GPTBot/1.3; +https://openai.com/gptbot)"
85.208.96.198 - - [16/Apr/2026:00:53:13 +0200] "GET /cinema/films/5648/opinions/add/ HTTP/1.1" 200 9506 "-" "Mozilla/5.0 (compatible; SemrushBot/7~bl; +http://www.semrush.com/bot.html)"
74.7.227.21 - - [16/Apr/2026:00:53:13 +0200] "GET /images/b/posters/1272.jpg HTTP/1.1" 200 88931 "https://www.afish-ka.ru/cinema/films/1272/" "Mozilla/5.0 AppleWebKit/537.36 (KHTML, like Gecko; compatible; GPTBot/1.3; +https://openai.com/gptbot)"
74.7.227.21 - - [16/Apr/2026:00:53:14 +0200] "GET /images/s/posters/1247.jpg HTTP/1.1" 200 8697 "https://www.afish-ka.ru/cinema/films/1247/" "Mozilla/5.0 AppleWebKit/537.36 (KHTML, like Gecko; compatible; GPTBot/1.3; +https://openai.com/gptbot)"
66.102.9.202 - - [16/Apr/2026:00:53:14 +0200] "HEAD /rss HTTP/1.1" 302 377 "-" "FeedBurner/1.0 (http://www.FeedBurner.com)"
74.7.227.21 - - [16/Apr/2026:00:53:14 +0200] "GET /images/s/posters/1745.jpg HTTP/1.1" 200 8755 "https://www.afish-ka.ru/cinema/films/1745/" "Mozilla/5.0 AppleWebKit/537.36 (KHTML, like Gecko; compatible; GPTBot/1.3; +https://openai.com/gptbot)"
74.7.227.21 - - [16/Apr/2026:00:53:15 +0200] "GET /images/s/posters/1248.jpg HTTP/1.1" 200 10283 "https://www.afish-ka.ru/cinema/films/1248/" "Mozilla/5.0 AppleWebKit/537.36 (KHTML, like Gecko; compatible; GPTBot/1.3; +https://openai.com/gptbot)"
74.7.227.21 - - [16/Apr/2026:00:53:15 +0200] "GET /images/b/posters/1247.jpg HTTP/1.1" 200 103344 "https://www.afish-ka.ru/cinema/films/1247/" "Mozilla/5.0 AppleWebKit/537.36 (KHTML, like Gecko; compatible; GPTBot/1.3; +https://openai.com/gptbot)"
51.68.247.221 - - [16/Apr/2026:00:53:15 +0200] "GET /cinema/films/5059/opinions/add/ HTTP/1.1" 200 9549 "-" "Mozilla/5.0 (compatible; AhrefsBot/7.0; +http://ahrefs.com/robot/)"
74.7.227.21 - - [16/Apr/2026:00:53:16 +0200] "GET /images/b/posters/1249.jpg HTTP/1.1" 200 78952 "https://www.afish-ka.ru/cinema/films/1249/" "Mozilla/5.0 AppleWebKit/537.36 (KHTML, like Gecko; compatible; GPTBot/1.3; +https://openai.com/gptbot)"
74.7.227.21 - - [16/Apr/2026:00:53:17 +0200] "GET /images/s/posters/1780.jpg HTTP/1.1" 200 9348 "https://www.afish-ka.ru/cinema/films/1780/" "Mozilla/5.0 AppleWebKit/537.36 (KHTML, like Gecko; compatible; GPTBot/1.3; +https://openai.com/gptbot)"
74.7.227.21 - - [16/Apr/2026:00:53:17 +0200] "GET /images/b/posters/1780.jpg HTTP/1.1" 200 52855 "https://www.afish-ka.ru/cinema/films/1780/" "Mozilla/5.0 AppleWebKit/537.36 (KHTML, like Gecko; compatible; GPTBot/1.3; +https://openai.com/gptbot)"
74.7.227.21 - - [16/Apr/2026:00:53:18 +0200] "GET /cinema/films/1183/ HTTP/1.1" 200 6499 "https://www.afish-ka.ru/07-12-2010/" "Mozilla/5.0 AppleWebKit/537.36 (KHTML, like Gecko; compatible; GPTBot/1.3; +https://openai.com/gptbot)"
74.7.227.21 - - [16/Apr/2026:00:53:18 +0200] "GET /cinema/films/1182/ HTTP/1.1" 200 6654 "https://www.afish-ka.ru/07-12-2010/" "Mozilla/5.0 AppleWebKit/537.36 (KHTML, like Gecko; compatible; GPTBot/1.3; +https://openai.com/gptbot)"
74.7.227.21 - - [16/Apr/2026:00:53:19 +0200] "GET /01-11-2016/ HTTP/1.1" 200 9455 "https://www.afish-ka.ru/24-10-2016/" "Mozilla/5.0 AppleWebKit/537.36 (KHTML, like Gecko; compatible; GPTBot/1.3; +https://openai.com/gptbot)"
74.7.227.21 - - [16/Apr/2026:00:53:20 +0200] "GET /14-11-2015/ HTTP/1.1" 200 10664 "https://www.afish-ka.ru/23-11-2015/" "Mozilla/5.0 AppleWebKit/537.36 (KHTML, like Gecko; compatible; GPTBot/1.3; +https://openai.com/gptbot)"
74.7.227.21 - - [16/Apr/2026:00:53:20 +0200] "GET /05-04-2009/ HTTP/1.1" 200 7497 "https://www.afish-ka.ru/18-04-2009/" "Mozilla/5.0 AppleWebKit/537.36 (KHTML, like Gecko; compatible; GPTBot/1.3; +https://openai.com/gptbot)"
74.7.227.21 - - [16/Apr/2026:00:53:21 +0200] "GET /24-07-2022/ HTTP/1.1" 200 7077 "https://www.afish-ka.ru/31-07-2022/" "Mozilla/5.0 AppleWebKit/537.36 (KHTML, like Gecko; compatible; GPTBot/1.3; +https://openai.com/gptbot)"
74.7.227.21 - - [16/Apr/2026:00:53:22 +0200] "GET /31-10-2010/ HTTP/1.1" 200 8974 "https://www.afish-ka.ru/26-09-2010/" "Mozilla/5.0 AppleWebKit/537.36 (KHTML, like Gecko; compatible; GPTBot/1.3; +https://openai.com/gptbot)"
74.7.227.21 - - [16/Apr/2026:00:53:22 +0200] "GET /04-06-2006/ HTTP/1.1" 200 6152 "https://www.afish-ka.ru/13-06-2006/" "Mozilla/5.0 AppleWebKit/537.36 (KHTML, like Gecko; compatible; GPTBot/1.3; +https://openai.com/gptbot)"
74.7.227.21 - - [16/Apr/2026:00:53:23 +0200] "GET /27-04-2022/ HTTP/1.1" 200 9681 "https://www.afish-ka.ru/14-05-2022/" "Mozilla/5.0 AppleWebKit/537.36 (KHTML, like Gecko; compatible; GPTBot/1.3; +https://openai.com/gptbot)"
74.7.227.21 - - [16/Apr/2026:00:53:23 +0200] "GET /01-10-2013/ HTTP/1.1" 200 8992 "https://www.afish-ka.ru/14-10-2013/" "Mozilla/5.0 AppleWebKit/537.36 (KHTML, like Gecko; compatible; GPTBot/1.3; +https://openai.com/gptbot)"
74.7.227.21 - - [16/Apr/2026:00:53:24 +0200] "GET /31-01-2012/ HTTP/1.1" 200 8143 "https://www.afish-ka.ru/08-02-2012/" "Mozilla/5.0 AppleWebKit/537.36 (KHTML, like Gecko; compatible; GPTBot/1.3; +https://openai.com/gptbot)"
74.7.227.21 - - [16/Apr/2026:00:53:25 +0200] "GET /images/b/actions/1183_1.jpg HTTP/1.1" 200 41080 "https://www.afish-ka.ru/cinema/films/1183/" "Mozilla/5.0 AppleWebKit/537.36 (KHTML, like Gecko; compatible; GPTBot/1.3; +https://openai.com/gptbot)"
74.7.227.21 - - [16/Apr/2026:00:53:25 +0200] "GET /images/b/actions/1182_4.jpg HTTP/1.1" 200 39696 "https://www.afish-ka.ru/cinema/films/1182/" "Mozilla/5.0 AppleWebKit/537.36 (KHTML, like Gecko; compatible; GPTBot/1.3; +https://openai.com/gptbot)"
74.7.227.21 - - [16/Apr/2026:00:53:26 +0200] "GET /images/b/actions/1182_3.jpg HTTP/1.1" 200 21481 "https://www.afish-ka.ru/cinema/films/1182/" "Mozilla/5.0 AppleWebKit/537.36 (KHTML, like Gecko; compatible; GPTBot/1.3; +https://openai.com/gptbot)"
74.7.227.21 - - [16/Apr/2026:00:53:26 +0200] "GET /images/s/actions/3747_1.jpg HTTP/1.1" 200 5423 "https://www.afish-ka.ru/14-11-2015/" "Mozilla/5.0 AppleWebKit/537.36 (KHTML, like Gecko; compatible; GPTBot/1.3; +https://openai.com/gptbot)"
74.7.227.21 - - [16/Apr/2026:00:53:27 +0200] "GET /images/s/actions/1182_3.jpg HTTP/1.1" 200 5476 "https://www.afish-ka.ru/cinema/films/1182/" "Mozilla/5.0 AppleWebKit/537.36 (KHTML, like Gecko; compatible; GPTBot/1.3; +https://openai.com/gptbot)"
74.7.227.21 - - [16/Apr/2026:00:53:27 +0200] "GET /images/s/actions/3744_1.jpg HTTP/1.1" 200 5619 "https://www.afish-ka.ru/14-11-2015/" "Mozilla/5.0 AppleWebKit/537.36 (KHTML, like Gecko; compatible; GPTBot/1.3; +https://openai.com/gptbot)"
185.191.171.10 - - [16/Apr/2026:00:53:27 +0200] "GET /cafe/actions/1105/opinions/add/?parent=11714 HTTP/1.1" 200 9528 "-" "Mozilla/5.0 (compatible; SemrushBot/7~bl; +http://www.semrush.com/bot.html)"
74.7.227.21 - - [16/Apr/2026:00:53:28 +0200] "GET /images/s/actions/1182_4.jpg HTTP/1.1" 200 6738 "https://www.afish-ka.ru/cinema/films/1182/" "Mozilla/5.0 AppleWebKit/537.36 (KHTML, like Gecko; compatible; GPTBot/1.3; +https://openai.com/gptbot)"
74.7.227.21 - - [16/Apr/2026:00:53:28 +0200] "GET /images/b/actions/1183_5.jpg HTTP/1.1" 200 35565 "https://www.afish-ka.ru/cinema/films/1183/" "Mozilla/5.0 AppleWebKit/537.36 (KHTML, like Gecko; compatible; GPTBot/1.3; +https://openai.com/gptbot)"
74.7.227.21 - - [16/Apr/2026:00:53:29 +0200] "GET /images/b/actions/1183_4.jpg HTTP/1.1" 200 40337 "https://www.afish-ka.ru/cinema/films/1183/" "Mozilla/5.0 AppleWebKit/537.36 (KHTML, like Gecko; compatible; GPTBot/1.3; +https://openai.com/gptbot)"
74.7.227.21 - - [16/Apr/2026:00:53:29 +0200] "GET /images/s/actions/2926_1.jpg HTTP/1.1" 200 7225 "https://www.afish-ka.ru/01-10-2013/" "Mozilla/5.0 AppleWebKit/537.36 (KHTML, like Gecko; compatible; GPTBot/1.3; +https://openai.com/gptbot)"
74.7.227.21 - - [16/Apr/2026:00:53:30 +0200] "GET /images/s/actions/1183_2.jpg HTTP/1.1" 200 7597 "https://www.afish-ka.ru/cinema/films/1183/" "Mozilla/5.0 AppleWebKit/537.36 (KHTML, like Gecko; compatible; GPTBot/1.3; +https://openai.com/gptbot)"
74.7.227.21 - - [16/Apr/2026:00:53:31 +0200] "GET /images/b/actions/1182_5.jpg HTTP/1.1" 200 34516 "https://www.afish-ka.ru/cinema/films/1182/" "Mozilla/5.0 AppleWebKit/537.36 (KHTML, like Gecko; compatible; GPTBot/1.3; +https://openai.com/gptbot)"
74.7.227.21 - - [16/Apr/2026:00:53:31 +0200] "GET /images/s/actions/1183_4.jpg HTTP/1.1" 200 6412 "https://www.afish-ka.ru/cinema/films/1183/" "Mozilla/5.0 AppleWebKit/537.36 (KHTML, like Gecko; compatible; GPTBot/1.3; +https://openai.com/gptbot)"
74.7.227.21 - - [16/Apr/2026:00:53:32 +0200] "GET /images/b/actions/1182_2.jpg HTTP/1.1" 200 30926 "https://www.afish-ka.ru/cinema/films/1182/" "Mozilla/5.0 AppleWebKit/537.36 (KHTML, like Gecko; compatible; GPTBot/1.3; +https://openai.com/gptbot)"
74.7.227.21 - - [16/Apr/2026:00:53:32 +0200] "GET /images/s/actions/1182_5.jpg HTTP/1.1" 200 5576 "https://www.afish-ka.ru/cinema/films/1182/" "Mozilla/5.0 AppleWebKit/537.36 (KHTML, like Gecko; compatible; GPTBot/1.3; +https://openai.com/gptbot)"
74.7.227.21 - - [16/Apr/2026:00:53:33 +0200] "GET /images/b/actions/1183_2.jpg HTTP/1.1" 200 42465 "https://www.afish-ka.ru/cinema/films/1183/" "Mozilla/5.0 AppleWebKit/537.36 (KHTML, like Gecko; compatible; GPTBot/1.3; +https://openai.com/gptbot)"
114.119.153.106 - - [16/Apr/2026:00:53:33 +0200] "GET /cafe/102/opinions/add/?parent=6360 HTTP/1.1" 200 9511 "https://www.afish-ka.ru/cafe/102/opinions/add?parent=25459" "Mozilla/5.0 (Linux; Android 7.0;) AppleWebKit/537.36 (KHTML, like Gecko) Mobile Safari/537.36 (compatible; PetalBot;+https://webmaster.petalsearch.com/site/petalbot)"
74.7.227.21 - - [16/Apr/2026:00:53:33 +0200] "GET /images/b/actions/1182_1.jpg HTTP/1.1" 200 35769 "https://www.afish-ka.ru/cinema/films/1182/" "Mozilla/5.0 AppleWebKit/537.36 (KHTML, like Gecko; compatible; GPTBot/1.3; +https://openai.com/gptbot)"
85.208.96.211 - - [16/Apr/2026:00:53:33 +0200] "GET /cinema/films/3663/opinions/add/?parent=33611 HTTP/1.1" 200 9535 "-" "Mozilla/5.0 (compatible; SemrushBot/7~bl; +http://www.semrush.com/bot.html)"
74.7.227.21 - - [16/Apr/2026:00:53:34 +0200] "GET /images/b/actions/1183_3.jpg HTTP/1.1" 200 38802 "https://www.afish-ka.ru/cinema/films/1183/" "Mozilla/5.0 AppleWebKit/537.36 (KHTML, like Gecko; compatible; GPTBot/1.3; +https://openai.com/gptbot)"
74.7.227.21 - - [16/Apr/2026:00:53:34 +0200] "GET /images/s/actions/1183_5.jpg HTTP/1.1" 200 6495 "https://www.afish-ka.ru/cinema/films/1183/" "Mozilla/5.0 AppleWebKit/537.36 (KHTML, like Gecko; compatible; GPTBot/1.3; +https://openai.com/gptbot)"
74.7.227.21 - - [16/Apr/2026:00:53:35 +0200] "GET /images/s/actions/1182_2.jpg HTTP/1.1" 200 5255 "https://www.afish-ka.ru/cinema/films/1182/" "Mozilla/5.0 AppleWebKit/537.36 (KHTML, like Gecko; compatible; GPTBot/1.3; +https://openai.com/gptbot)"
74.7.227.21 - - [16/Apr/2026:00:53:35 +0200] "GET /images/s/actions/1183_3.jpg HTTP/1.1" 200 6944 "https://www.afish-ka.ru/cinema/films/1183/" "Mozilla/5.0 AppleWebKit/537.36 (KHTML, like Gecko; compatible; GPTBot/1.3; +https://openai.com/gptbot)"
74.7.227.21 - - [16/Apr/2026:00:53:36 +0200] "GET /images/b/posters/1182.jpg HTTP/1.1" 200 102965 "https://www.afish-ka.ru/cinema/films/1182/" "Mozilla/5.0 AppleWebKit/537.36 (KHTML, like Gecko; compatible; GPTBot/1.3; +https://openai.com/gptbot)"
74.7.227.21 - - [16/Apr/2026:00:53:36 +0200] "GET /images/b/posters/1183.jpg HTTP/1.1" 200 96645 "https://www.afish-ka.ru/cinema/films/1183/" "Mozilla/5.0 AppleWebKit/537.36 (KHTML, like Gecko; compatible; GPTBot/1.3; +https://openai.com/gptbot)"
74.7.227.21 - - [16/Apr/2026:00:53:37 +0200] "GET /images/s/posters/1182.jpg HTTP/1.1" 200 8364 "https://www.afish-ka.ru/cinema/films/1182/" "Mozilla/5.0 AppleWebKit/537.36 (KHTML, like Gecko; compatible; GPTBot/1.3; +https://openai.com/gptbot)"
74.7.227.21 - - [16/Apr/2026:00:53:37 +0200] "GET /images/s/posters/1183.jpg HTTP/1.1" 200 9455 "https://www.afish-ka.ru/cinema/films/1183/" "Mozilla/5.0 AppleWebKit/537.36 (KHTML, like Gecko; compatible; GPTBot/1.3; +https://openai.com/gptbot)"
85.208.96.211 - - [16/Apr/2026:00:53:38 +0200] "GET /cinema/films/3142/opinions/add/?parent=29441 HTTP/1.1" 200 9555 "-" "Mozilla/5.0 (compatible; SemrushBot/7~bl; +http://www.semrush.com/bot.html)"
74.7.227.21 - - [16/Apr/2026:00:53:38 +0200] "GET /cinema/films/4162/ HTTP/1.1" 200 7001 "https://www.afish-ka.ru/01-11-2016/" "Mozilla/5.0 AppleWebKit/537.36 (KHTML, like Gecko; compatible; GPTBot/1.3; +https://openai.com/gptbot)"
74.7.227.21 - - [16/Apr/2026:00:53:39 +0200] "GET /cinema/films/6198/ HTTP/1.1" 200 5893 "https://www.afish-ka.ru/27-04-2022/" "Mozilla/5.0 AppleWebKit/537.36 (KHTML, like Gecko; compatible; GPTBot/1.3; +https://openai.com/gptbot)"
220.181.108.112 - - [16/Apr/2026:00:53:40 +0200] "GET /images/s/actions/727_2.jpg HTTP/1.1" 200 9262 "-" "Baiduspider-image+(+http://www.baidu.com/search/spider.htm)"
74.7.227.21 - - [16/Apr/2026:00:53:39 +0200] "GET /theater/actions/1214/ HTTP/1.1" 200 6318 "https://www.afish-ka.ru/31-10-2010/" "Mozilla/5.0 AppleWebKit/537.36 (KHTML, like Gecko; compatible; GPTBot/1.3; +https://openai.com/gptbot)"
74.7.227.21 - - [16/Apr/2026:00:53:40 +0200] "GET /cinema/films/6199/ HTTP/1.1" 200 5884 "https://www.afish-ka.ru/27-04-2022/" "Mozilla/5.0 AppleWebKit/537.36 (KHTML, like Gecko; compatible; GPTBot/1.3; +https://openai.com/gptbot)"
74.7.227.21 - - [16/Apr/2026:00:53:40 +0200] "GET /cinema/films/3747/ HTTP/1.1" 200 6319 "https://www.afish-ka.ru/14-11-2015/" "Mozilla/5.0 AppleWebKit/537.36 (KHTML, like Gecko; compatible; GPTBot/1.3; +https://openai.com/gptbot)"
74.7.227.21 - - [16/Apr/2026:00:53:41 +0200] "GET /cinema/films/6200/ HTTP/1.1" 200 5878 "https://www.afish-ka.ru/27-04-2022/" "Mozilla/5.0 AppleWebKit/537.36 (KHTML, like Gecko; compatible; GPTBot/1.3; +https://openai.com/gptbot)"
74.7.227.21 - - [16/Apr/2026:00:53:42 +0200] "GET /cinema/films/1197/ HTTP/1.1" 200 6502 "https://www.afish-ka.ru/31-10-2010/" "Mozilla/5.0 AppleWebKit/537.36 (KHTML, like Gecko; compatible; GPTBot/1.3; +https://openai.com/gptbot)"
74.7.227.21 - - [16/Apr/2026:00:53:42 +0200] "GET /cinema/films/3744/ HTTP/1.1" 200 7345 "https://www.afish-ka.ru/14-11-2015/" "Mozilla/5.0 AppleWebKit/537.36 (KHTML, like Gecko; compatible; GPTBot/1.3; +https://openai.com/gptbot)"
74.7.227.21 - - [16/Apr/2026:00:53:43 +0200] "GET /21-07-2022/ HTTP/1.1" 200 7099 "https://www.afish-ka.ru/cinema/films/6315/" "Mozilla/5.0 AppleWebKit/537.36 (KHTML, like Gecko; compatible; GPTBot/1.3; +https://openai.com/gptbot)"
74.7.227.21 - - [16/Apr/2026:00:53:43 +0200] "GET /10-08-2010/ HTTP/1.1" 200 8613 "https://www.afish-ka.ru/26-08-2010/" "Mozilla/5.0 AppleWebKit/537.36 (KHTML, like Gecko; compatible; GPTBot/1.3; +https://openai.com/gptbot)"
74.7.227.21 - - [16/Apr/2026:00:53:44 +0200] "GET /30-04-2006/ HTTP/1.1" 200 6610 "https://www.afish-ka.ru/14-05-2006/" "Mozilla/5.0 AppleWebKit/537.36 (KHTML, like Gecko; compatible; GPTBot/1.3; +https://openai.com/gptbot)"
74.7.227.21 - - [16/Apr/2026:00:53:45 +0200] "GET /images/s/actions/4162_2.jpg HTTP/1.1" 200 4578 "https://www.afish-ka.ru/cinema/films/4162/" "Mozilla/5.0 AppleWebKit/537.36 (KHTML, like Gecko; compatible; GPTBot/1.3; +https://openai.com/gptbot)"
74.7.227.21 - - [16/Apr/2026:00:53:45 +0200] "GET /images/b/actions/4162_2.jpg HTTP/1.1" 200 40432 "https://www.afish-ka.ru/cinema/films/4162/" "Mozilla/5.0 AppleWebKit/537.36 (KHTML, like Gecko; compatible; GPTBot/1.3; +https://openai.com/gptbot)"
74.7.227.21 - - [16/Apr/2026:00:53:46 +0200] "GET /images/b/actions/4162_1.jpg HTTP/1.1" 200 63297 "https://www.afish-ka.ru/cinema/films/4162/" "Mozilla/5.0 AppleWebKit/537.36 (KHTML, like Gecko; compatible; GPTBot/1.3; +https://openai.com/gptbot)"
74.7.227.21 - - [16/Apr/2026:00:53:46 +0200] "GET /27-10-2010/ HTTP/1.1" 200 9169 "https://www.afish-ka.ru/28-10-2010/" "Mozilla/5.0 AppleWebKit/537.36 (KHTML, like Gecko; compatible; GPTBot/1.3; +https://openai.com/gptbot)"
74.7.227.21 - - [16/Apr/2026:00:53:48 +0200] "GET /images/b/actions/3747_1.jpg HTTP/1.1" 200 33556 "https://www.afish-ka.ru/cinema/films/3747/" "Mozilla/5.0 AppleWebKit/537.36 (KHTML, like Gecko; compatible; GPTBot/1.3; +https://openai.com/gptbot)"
51.75.236.141 - - [16/Apr/2026:00:53:48 +0200] "GET /cinema/films/3104/opinions/add/ HTTP/1.1" 200 9537 "-" "Mozilla/5.0 (compatible; AhrefsBot/7.0; +http://ahrefs.com/robot/)"
185.191.171.12 - - [16/Apr/2026:00:53:48 +0200] "GET /cinema/films/490/opinions/add/?parent=4700 HTTP/1.1" 200 9518 "-" "Mozilla/5.0 (compatible; SemrushBot/7~bl; +http://www.semrush.com/bot.html)"
74.7.227.21 - - [16/Apr/2026:00:53:48 +0200] "GET /images/b/actions/3747_2.jpg HTTP/1.1" 200 49186 "https://www.afish-ka.ru/cinema/films/3747/" "Mozilla/5.0 AppleWebKit/537.36 (KHTML, like Gecko; compatible; GPTBot/1.3; +https://openai.com/gptbot)"
74.7.227.21 - - [16/Apr/2026:00:53:49 +0200] "GET /images/s/actions/3747_2.jpg HTTP/1.1" 200 6205 "https://www.afish-ka.ru/cinema/films/3747/" "Mozilla/5.0 AppleWebKit/537.36 (KHTML, like Gecko; compatible; GPTBot/1.3; +https://openai.com/gptbot)"
74.7.227.21 - - [16/Apr/2026:00:53:49 +0200] "GET /images/b/actions/3744_1.jpg HTTP/1.1" 200 39175 "https://www.afish-ka.ru/cinema/films/3744/" "Mozilla/5.0 AppleWebKit/537.36 (KHTML, like Gecko; compatible; GPTBot/1.3; +https://openai.com/gptbot)"
74.7.227.21 - - [16/Apr/2026:00:53:50 +0200] "GET /images/s/posters/3747.jpg HTTP/1.1" 200 11505 "https://www.afish-ka.ru/cinema/films/3747/" "Mozilla/5.0 AppleWebKit/537.36 (KHTML, like Gecko; compatible; GPTBot/1.3; +https://openai.com/gptbot)"
74.7.227.21 - - [16/Apr/2026:00:53:50 +0200] "GET /images/b/posters/3747.jpg HTTP/1.1" 200 44758 "https://www.afish-ka.ru/cinema/films/3747/" "Mozilla/5.0 AppleWebKit/537.36 (KHTML, like Gecko; compatible; GPTBot/1.3; +https://openai.com/gptbot)"
74.7.227.21 - - [16/Apr/2026:00:53:51 +0200] "GET /06-01-2010/ HTTP/1.1" 200 7499 "https://www.afish-ka.ru/21-01-2010/" "Mozilla/5.0 AppleWebKit/537.36 (KHTML, like Gecko; compatible; GPTBot/1.3; +https://openai.com/gptbot)"
74.7.227.21 - - [16/Apr/2026:00:53:52 +0200] "GET /02-12-2007/ HTTP/1.1" 200 7196 "https://www.afish-ka.ru/06-01-2008/" "Mozilla/5.0 AppleWebKit/537.36 (KHTML, like Gecko; compatible; GPTBot/1.3; +https://openai.com/gptbot)"
74.7.227.21 - - [16/Apr/2026:00:53:52 +0200] "GET /11-04-2012/ HTTP/1.1" 200 8555 "https://www.afish-ka.ru/26-03-2012/" "Mozilla/5.0 AppleWebKit/537.36 (KHTML, like Gecko; compatible; GPTBot/1.3; +https://openai.com/gptbot)"
74.7.227.21 - - [16/Apr/2026:00:53:53 +0200] "GET /20-09-2010/ HTTP/1.1" 200 8144 "https://www.afish-ka.ru/18-09-2010/" "Mozilla/5.0 AppleWebKit/537.36 (KHTML, like Gecko; compatible; GPTBot/1.3; +https://openai.com/gptbot)"
85.208.96.202 - - [16/Apr/2026:00:53:53 +0200] "GET /concert_hall/actions/3128/ HTTP/1.1" 200 12553 "-" "Mozilla/5.0 (compatible; SemrushBot/7~bl; +http://www.semrush.com/bot.html)"
74.7.227.21 - - [16/Apr/2026:00:53:53 +0200] "GET /02-10-2015/ HTTP/1.1" 200 10162 "https://www.afish-ka.ru/06-11-2015/" "Mozilla/5.0 AppleWebKit/537.36 (KHTML, like Gecko; compatible; GPTBot/1.3; +https://openai.com/gptbot)"
114.119.128.55 - - [16/Apr/2026:00:53:54 +0200] "GET /31-10-2015 HTTP/1.1" 200 13824 "https://www.afish-ka.ru/26-10-2015" "Mozilla/5.0 (Linux; Android 7.0;) AppleWebKit/537.36 (KHTML, like Gecko) Mobile Safari/537.36 (compatible; PetalBot;+https://webmaster.petalsearch.com/site/petalbot)"
74.7.227.21 - - [16/Apr/2026:00:53:54 +0200] "GET /31-12-2021/ HTTP/1.1" 200 8457 "https://www.afish-ka.ru/26-11-2021/" "Mozilla/5.0 AppleWebKit/537.36 (KHTML, like Gecko; compatible; GPTBot/1.3; +https://openai.com/gptbot)"
74.7.227.21 - - [16/Apr/2026:00:53:55 +0200] "GET /16-12-2010/ HTTP/1.1" 200 8277 "https://www.afish-ka.ru/25-12-2010/" "Mozilla/5.0 AppleWebKit/537.36 (KHTML, like Gecko; compatible; GPTBot/1.3; +https://openai.com/gptbot)"
74.7.227.21 - - [16/Apr/2026:00:53:56 +0200] "GET /12-05-2010/ HTTP/1.1" 200 9195 "https://www.afish-ka.ru/29-05-2010/" "Mozilla/5.0 AppleWebKit/537.36 (KHTML, like Gecko; compatible; GPTBot/1.3; +https://openai.com/gptbot)"
74.7.227.21 - - [16/Apr/2026:00:53:56 +0200] "GET /21-03-2011/ HTTP/1.1" 200 8597 "https://www.afish-ka.ru/14-02-2011/" "Mozilla/5.0 AppleWebKit/537.36 (KHTML, like Gecko; compatible; GPTBot/1.3; +https://openai.com/gptbot)"
74.7.227.21 - - [16/Apr/2026:00:53:57 +0200] "GET /04-10-2006/ HTTP/1.1" 200 6078 "https://www.afish-ka.ru/08-11-2006/" "Mozilla/5.0 AppleWebKit/537.36 (KHTML, like Gecko; compatible; GPTBot/1.3; +https://openai.com/gptbot)"
74.7.227.21 - - [16/Apr/2026:00:53:57 +0200] "GET /21-03-2013/ HTTP/1.1" 200 8720 "https://www.afish-ka.ru/cinema/films/2604/" "Mozilla/5.0 AppleWebKit/537.36 (KHTML, like Gecko; compatible; GPTBot/1.3; +https://openai.com/gptbot)"
74.7.227.21 - - [16/Apr/2026:00:53:58 +0200] "GET /22-11-2007/ HTTP/1.1" 200 6878 "https://www.afish-ka.ru/30-11-2007/" "Mozilla/5.0 AppleWebKit/537.36 (KHTML, like Gecko; compatible; GPTBot/1.3; +https://openai.com/gptbot)"
74.7.227.21 - - [16/Apr/2026:00:53:58 +0200] "GET /20-12-2019/ HTTP/1.1" 200 8466 "https://www.afish-ka.ru/05-12-2019/" "Mozilla/5.0 AppleWebKit/537.36 (KHTML, like Gecko; compatible; GPTBot/1.3; +https://openai.com/gptbot)"
74.7.227.21 - - [16/Apr/2026:00:53:59 +0200] "GET /24-04-2012/ HTTP/1.1" 200 9358 "https://www.afish-ka.ru/08-05-2012/" "Mozilla/5.0 AppleWebKit/537.36 (KHTML, like Gecko; compatible; GPTBot/1.3; +https://openai.com/gptbot)"
74.7.227.21 - - [16/Apr/2026:00:54:00 +0200] "GET /09-07-2022/ HTTP/1.1" 200 8024 "https://www.afish-ka.ru/13-08-2022/" "Mozilla/5.0 AppleWebKit/537.36 (KHTML, like Gecko; compatible; GPTBot/1.3; +https://openai.com/gptbot)"
74.7.227.21 - - [16/Apr/2026:00:54:00 +0200] "GET /images/s/actions/3645_1.jpg HTTP/1.1" 200 7993 "https://www.afish-ka.ru/02-10-2015/" "Mozilla/5.0 AppleWebKit/537.36 (KHTML, like Gecko; compatible; GPTBot/1.3; +https://openai.com/gptbot)"
74.7.227.21 - - [16/Apr/2026:00:54:01 +0200] "GET /30-07-2008/ HTTP/1.1" 200 5970 "https://www.afish-ka.ru/25-06-2008/" "Mozilla/5.0 AppleWebKit/537.36 (KHTML, like Gecko; compatible; GPTBot/1.3; +https://openai.com/gptbot)"
74.7.227.21 - - [16/Apr/2026:00:54:01 +0200] "GET /29-04-2009/ HTTP/1.1" 200 7866 "https://www.afish-ka.ru/14-05-2009/" "Mozilla/5.0 AppleWebKit/537.36 (KHTML, like Gecko; compatible; GPTBot/1.3; +https://openai.com/gptbot)"
74.7.227.21 - - [16/Apr/2026:00:54:02 +0200] "GET /08-06-2007/ HTTP/1.1" 200 6968 "https://www.afish-ka.ru/13-07-2007/" "Mozilla/5.0 AppleWebKit/537.36 (KHTML, like Gecko; compatible; GPTBot/1.3; +https://openai.com/gptbot)"
74.7.227.21 - - [16/Apr/2026:00:54:03 +0200] "GET /22-01-2006/ HTTP/1.1" 200 6379 "https://www.afish-ka.ru/05-02-2006/" "Mozilla/5.0 AppleWebKit/537.36 (KHTML, like Gecko; compatible; GPTBot/1.3; +https://openai.com/gptbot)"
74.7.227.21 - - [16/Apr/2026:00:54:03 +0200] "GET /08-01-2007/ HTTP/1.1" 200 6165 "https://www.afish-ka.ru/25-01-2007/" "Mozilla/5.0 AppleWebKit/537.36 (KHTML, like Gecko; compatible; GPTBot/1.3; +https://openai.com/gptbot)"
74.7.227.21 - - [16/Apr/2026:00:54:04 +0200] "GET /images/s/actions/2662_1.jpg HTTP/1.1" 200 8513 "https://www.afish-ka.ru/21-03-2013/" "Mozilla/5.0 AppleWebKit/537.36 (KHTML, like Gecko; compatible; GPTBot/1.3; +https://openai.com/gptbot)"
74.7.227.21 - - [16/Apr/2026:00:54:04 +0200] "GET /cafe/actions/2662/ HTTP/1.1" 200 6149 "https://www.afish-ka.ru/21-03-2013/" "Mozilla/5.0 AppleWebKit/537.36 (KHTML, like Gecko; compatible; GPTBot/1.3; +https://openai.com/gptbot)"
74.7.227.21 - - [16/Apr/2026:00:54:05 +0200] "GET /22-06-2012/ HTTP/1.1" 200 8327 "https://www.afish-ka.ru/18-05-2012/" "Mozilla/5.0 AppleWebKit/537.36 (KHTML, like Gecko; compatible; GPTBot/1.3; +https://openai.com/gptbot)"
74.7.227.21 - - [16/Apr/2026:00:54:05 +0200] "GET /images/s/actions/1944_1.jpg HTTP/1.1" 200 5915 "https://www.afish-ka.ru/24-04-2012/" "Mozilla/5.0 AppleWebKit/537.36 (KHTML, like Gecko; compatible; GPTBot/1.3; +https://openai.com/gptbot)"
216.244.66.228 - - [16/Apr/2026:00:54:05 +0200] "GET /cafe/212/opinions/add/?parent=44653 HTTP/1.1" 200 20853 "-" "Mozilla/5.0 (compatible; DotBot/1.2; +https://opensiteexplorer.org/dotbot; help@moz.com)"
74.7.227.21 - - [16/Apr/2026:00:54:06 +0200] "GET /images/s/actions/1949_1.jpg HTTP/1.1" 200 6678 "https://www.afish-ka.ru/24-04-2012/" "Mozilla/5.0 AppleWebKit/537.36 (KHTML, like Gecko; compatible; GPTBot/1.3; +https://openai.com/gptbot)"
74.7.227.21 - - [16/Apr/2026:00:54:07 +0200] "GET /09-04-2006/ HTTP/1.1" 200 6633 "https://www.afish-ka.ru/14-05-2006/" "Mozilla/5.0 AppleWebKit/537.36 (KHTML, like Gecko; compatible; GPTBot/1.3; +https://openai.com/gptbot)"
74.7.227.21 - - [16/Apr/2026:00:54:07 +0200] "GET /12-06-2022/ HTTP/1.1" 200 6843 "https://www.afish-ka.ru/13-06-2022/" "Mozilla/5.0 AppleWebKit/537.36 (KHTML, like Gecko; compatible; GPTBot/1.3; +https://openai.com/gptbot)"
74.7.227.21 - - [16/Apr/2026:00:54:08 +0200] "GET /02-05-2009/ HTTP/1.1" 200 7232 "https://www.afish-ka.ru/14-05-2009/" "Mozilla/5.0 AppleWebKit/537.36 (KHTML, like Gecko; compatible; GPTBot/1.3; +https://openai.com/gptbot)"
74.7.227.21 - - [16/Apr/2026:00:54:08 +0200] "GET /09-07-2009/ HTTP/1.1" 200 6990 "https://www.afish-ka.ru/21-07-2009/" "Mozilla/5.0 AppleWebKit/537.36 (KHTML, like Gecko; compatible; GPTBot/1.3; +https://openai.com/gptbot)"
74.7.227.21 - - [16/Apr/2026:00:54:09 +0200] "GET /18-12-2005/ HTTP/1.1" 404 413 "https://www.afish-ka.ru/22-01-2006/" "Mozilla/5.0 AppleWebKit/537.36 (KHTML, like Gecko; compatible; GPTBot/1.3; +https://openai.com/gptbot)"
216.244.66.228 - - [16/Apr/2026:00:54:09 +0200] "GET /cafe/48/opinions/add/?parent=49047 HTTP/1.1" 200 20868 "-" "Mozilla/5.0 (compatible; DotBot/1.2; +https://opensiteexplorer.org/dotbot; help@moz.com)"
74.7.227.21 - - [16/Apr/2026:00:54:10 +0200] "GET /09-04-2010/ HTTP/1.1" 200 12385 "https://www.afish-ka.ru/19-04-2010/" "Mozilla/5.0 AppleWebKit/537.36 (KHTML, like Gecko; compatible; GPTBot/1.3; +https://openai.com/gptbot)"
74.7.227.21 - - [16/Apr/2026:00:54:10 +0200] "GET /25-11-2012/ HTTP/1.1" 200 8897 "https://www.afish-ka.ru/08-12-2012/" "Mozilla/5.0 AppleWebKit/537.36 (KHTML, like Gecko; compatible; GPTBot/1.3; +https://openai.com/gptbot)"
74.7.227.21 - - [16/Apr/2026:00:54:11 +0200] "GET /images/b/actions/2662_1.jpg HTTP/1.1" 200 35782 "https://www.afish-ka.ru/cafe/actions/2662/" "Mozilla/5.0 AppleWebKit/537.36 (KHTML, like Gecko; compatible; GPTBot/1.3; +https://openai.com/gptbot)"
54.37.118.83 - - [16/Apr/2026:00:54:10 +0200] "GET /cinema/films/3470/opinions/add/?parent=32358 HTTP/1.1" 200 9527 "-" "Mozilla/5.0 (compatible; AhrefsBot/7.0; +http://ahrefs.com/robot/)"
74.7.227.21 - - [16/Apr/2026:00:54:11 +0200] "GET /images/s/actions/2662_2.jpg HTTP/1.1" 200 7049 "https://www.afish-ka.ru/cafe/actions/2662/" "Mozilla/5.0 AppleWebKit/537.36 (KHTML, like Gecko; compatible; GPTBot/1.3; +https://openai.com/gptbot)"
74.7.227.21 - - [16/Apr/2026:00:54:12 +0200] "GET /images/s/actions/2136_1.jpg HTTP/1.1" 200 8305 "https://www.afish-ka.ru/22-06-2012/" "Mozilla/5.0 AppleWebKit/537.36 (KHTML, like Gecko; compatible; GPTBot/1.3; +https://openai.com/gptbot)"
74.7.227.21 - - [16/Apr/2026:00:54:12 +0200] "GET /images/s/actions/2150_1.jpg HTTP/1.1" 200 8303 "https://www.afish-ka.ru/22-06-2012/" "Mozilla/5.0 AppleWebKit/537.36 (KHTML, like Gecko; compatible; GPTBot/1.3; +https://openai.com/gptbot)"
74.7.227.21 - - [16/Apr/2026:00:54:13 +0200] "GET /images/s/actions/2145_1.jpg HTTP/1.1" 200 9199 "https://www.afish-ka.ru/22-06-2012/" "Mozilla/5.0 AppleWebKit/537.36 (KHTML, like Gecko; compatible; GPTBot/1.3; +https://openai.com/gptbot)"
74.7.227.21 - - [16/Apr/2026:00:54:13 +0200] "GET /images/s/actions/2151_1.jpg HTTP/1.1" 200 6492 "https://www.afish-ka.ru/22-06-2012/" "Mozilla/5.0 AppleWebKit/537.36 (KHTML, like Gecko; compatible; GPTBot/1.3; +https://openai.com/gptbot)"
74.7.227.21 - - [16/Apr/2026:00:54:14 +0200] "GET /images/b/actions/2662_2.jpg HTTP/1.1" 200 32384 "https://www.afish-ka.ru/cafe/actions/2662/" "Mozilla/5.0 AppleWebKit/537.36 (KHTML, like Gecko; compatible; GPTBot/1.3; +https://openai.com/gptbot)"
216.244.66.228 - - [16/Apr/2026:00:54:14 +0200] "GET /cafe/92/opinions/add/?parent=48554 HTTP/1.1" 200 20856 "-" "Mozilla/5.0 (compatible; DotBot/1.2; +https://opensiteexplorer.org/dotbot; help@moz.com)"
185.191.171.4 - - [16/Apr/2026:00:54:14 +0200] "GET /cinema/films/1043/opinions/add/?parent=10552 HTTP/1.1" 200 9512 "-" "Mozilla/5.0 (compatible; SemrushBot/7~bl; +http://www.semrush.com/bot.html)"
74.7.227.21 - - [16/Apr/2026:00:54:14 +0200] "GET /cafe/actions/2150/ HTTP/1.1" 200 6270 "https://www.afish-ka.ru/22-06-2012/" "Mozilla/5.0 AppleWebKit/537.36 (KHTML, like Gecko; compatible; GPTBot/1.3; +https://openai.com/gptbot)"
74.7.227.21 - - [16/Apr/2026:00:54:15 +0200] "GET /cafe/actions/2136/ HTTP/1.1" 200 6068 "https://www.afish-ka.ru/22-06-2012/" "Mozilla/5.0 AppleWebKit/537.36 (KHTML, like Gecko; compatible; GPTBot/1.3; +https://openai.com/gptbot)"
74.7.227.21 - - [16/Apr/2026:00:54:16 +0200] "GET /cafe/actions/2145/ HTTP/1.1" 200 6623 "https://www.afish-ka.ru/22-06-2012/" "Mozilla/5.0 AppleWebKit/537.36 (KHTML, like Gecko; compatible; GPTBot/1.3; +https://openai.com/gptbot)"
74.7.227.21 - - [16/Apr/2026:00:54:16 +0200] "GET /images/s/actions/2366_1.jpg HTTP/1.1" 200 6272 "https://www.afish-ka.ru/25-11-2012/" "Mozilla/5.0 AppleWebKit/537.36 (KHTML, like Gecko; compatible; GPTBot/1.3; +https://openai.com/gptbot)"
185.191.171.7 - - [16/Apr/2026:00:54:17 +0200] "GET /cinema/films/1253/opinions/add/?parent=13428 HTTP/1.1" 200 9512 "-" "Mozilla/5.0 (compatible; SemrushBot/7~bl; +http://www.semrush.com/bot.html)"
74.7.227.21 - - [16/Apr/2026:00:54:17 +0200] "GET /cafe/actions/2151/ HTTP/1.1" 200 6245 "https://www.afish-ka.ru/22-06-2012/" "Mozilla/5.0 AppleWebKit/537.36 (KHTML, like Gecko; compatible; GPTBot/1.3; +https://openai.com/gptbot)"
216.244.66.228 - - [16/Apr/2026:00:54:17 +0200] "GET /city/78/opinions/add/?parent=44857 HTTP/1.1" 200 20871 "-" "Mozilla/5.0 (compatible; DotBot/1.2; +https://opensiteexplorer.org/dotbot; help@moz.com)"
74.7.227.21 - - [16/Apr/2026:00:54:17 +0200] "GET /04-09-2008/ HTTP/1.1" 200 7152 "https://www.afish-ka.ru/18-09-2008/" "Mozilla/5.0 AppleWebKit/537.36 (KHTML, like Gecko; compatible; GPTBot/1.3; +https://openai.com/gptbot)"
74.7.227.21 - - [16/Apr/2026:00:54:18 +0200] "GET /08-11-2011/ HTTP/1.1" 200 7971 "https://www.afish-ka.ru/05-11-2011/" "Mozilla/5.0 AppleWebKit/537.36 (KHTML, like Gecko; compatible; GPTBot/1.3; +https://openai.com/gptbot)"
74.7.227.21 - - [16/Apr/2026:00:54:19 +0200] "GET /12-08-2021/ HTTP/1.1" 200 8640 "https://www.afish-ka.ru/cinema/films/5942/" "Mozilla/5.0 AppleWebKit/537.36 (KHTML, like Gecko; compatible; GPTBot/1.3; +https://openai.com/gptbot)"
74.7.227.21 - - [16/Apr/2026:00:54:20 +0200] "GET /25-06-2022/ HTTP/1.1" 200 7815 "https://www.afish-ka.ru/13-06-2022/" "Mozilla/5.0 AppleWebKit/537.36 (KHTML, like Gecko; compatible; GPTBot/1.3; +https://openai.com/gptbot)"
216.244.66.228 - - [16/Apr/2026:00:54:20 +0200] "GET /concert_hall/114/opinions/add/?parent=50297 HTTP/1.1" 200 20954 "-" "Mozilla/5.0 (compatible; DotBot/1.2; +https://opensiteexplorer.org/dotbot; help@moz.com)"
74.7.227.21 - - [16/Apr/2026:00:54:20 +0200] "GET /25-02-2011/ HTTP/1.1" 200 9340 "https://www.afish-ka.ru/14-02-2011/" "Mozilla/5.0 AppleWebKit/537.36 (KHTML, like Gecko; compatible; GPTBot/1.3; +https://openai.com/gptbot)"
74.7.227.21 - - [16/Apr/2026:00:54:22 +0200] "GET /06-10-2010/ HTTP/1.1" 200 8382 "https://www.afish-ka.ru/25-09-2010/" "Mozilla/5.0 AppleWebKit/537.36 (KHTML, like Gecko; compatible; GPTBot/1.3; +https://openai.com/gptbot)"
74.7.227.21 - - [16/Apr/2026:00:54:22 +0200] "GET /08-09-2009/ HTTP/1.1" 200 7460 "https://www.afish-ka.ru/13-10-2009/" "Mozilla/5.0 AppleWebKit/537.36 (KHTML, like Gecko; compatible; GPTBot/1.3; +https://openai.com/gptbot)"
74.7.227.21 - - [16/Apr/2026:00:54:23 +0200] "GET /images/b/actions/2136_1.jpg HTTP/1.1" 200 24741 "https://www.afish-ka.ru/cafe/actions/2136/" "Mozilla/5.0 AppleWebKit/537.36 (KHTML, like Gecko; compatible; GPTBot/1.3; +https://openai.com/gptbot)"
216.244.66.228 - - [16/Apr/2026:00:54:23 +0200] "GET /night_club/6/opinions/add/?parent=49243 HTTP/1.1" 200 20916 "-" "Mozilla/5.0 (compatible; DotBot/1.2; +https://opensiteexplorer.org/dotbot; help@moz.com)"
74.7.227.21 - - [16/Apr/2026:00:54:23 +0200] "GET /images/b/actions/2145_1.jpg HTTP/1.1" 200 47789 "https://www.afish-ka.ru/cafe/actions/2145/" "Mozilla/5.0 AppleWebKit/537.36 (KHTML, like Gecko; compatible; GPTBot/1.3; +https://openai.com/gptbot)"
74.7.227.21 - - [16/Apr/2026:00:54:24 +0200] "GET /23-02-2006/ HTTP/1.1" 200 7336 "https://www.afish-ka.ru/12-03-2006/" "Mozilla/5.0 AppleWebKit/537.36 (KHTML, like Gecko; compatible; GPTBot/1.3; +https://openai.com/gptbot)"
74.7.227.21 - - [16/Apr/2026:00:54:24 +0200] "GET /images/b/actions/2151_1.jpg HTTP/1.1" 200 10968 "https://www.afish-ka.ru/cafe/actions/2151/" "Mozilla/5.0 AppleWebKit/537.36 (KHTML, like Gecko; compatible; GPTBot/1.3; +https://openai.com/gptbot)"
74.7.227.21 - - [16/Apr/2026:00:54:25 +0200] "GET /08-07-2008/ HTTP/1.1" 200 6110 "https://www.afish-ka.ru/13-07-2008/" "Mozilla/5.0 AppleWebKit/537.36 (KHTML, like Gecko; compatible; GPTBot/1.3; +https://openai.com/gptbot)"
216.244.66.228 - - [16/Apr/2026:00:54:25 +0200] "GET /restaurant/23/opinions/add/?parent=49447 HTTP/1.1" 200 20924 "-" "Mozilla/5.0 (compatible; DotBot/1.2; +https://opensiteexplorer.org/dotbot; help@moz.com)"
74.7.227.21 - - [16/Apr/2026:00:54:25 +0200] "GET /02-03-2013/ HTTP/1.1" 200 10321 "https://www.afish-ka.ru/26-02-2013/" "Mozilla/5.0 AppleWebKit/537.36 (KHTML, like Gecko; compatible; GPTBot/1.3; +https://openai.com/gptbot)"
74.7.227.21 - - [16/Apr/2026:00:54:26 +0200] "GET /11-05-2011/ HTTP/1.1" 200 8507 "https://www.afish-ka.ru/28-04-2011/" "Mozilla/5.0 AppleWebKit/537.36 (KHTML, like Gecko; compatible; GPTBot/1.3; +https://openai.com/gptbot)"
74.7.227.21 - - [16/Apr/2026:00:54:27 +0200] "GET /14-04-2012/ HTTP/1.1" 200 9486 "https://www.afish-ka.ru/26-03-2012/" "Mozilla/5.0 AppleWebKit/537.36 (KHTML, like Gecko; compatible; GPTBot/1.3; +https://openai.com/gptbot)"
74.7.227.21 - - [16/Apr/2026:00:54:28 +0200] "GET /concert_hall/actions/1443/ HTTP/1.1" 200 6070 "https://www.afish-ka.ru/25-02-2011/" "Mozilla/5.0 AppleWebKit/537.36 (KHTML, like Gecko; compatible; GPTBot/1.3; +https://openai.com/gptbot)"
74.7.227.21 - - [16/Apr/2026:00:54:29 +0200] "GET /03-07-2010/ HTTP/1.1" 200 8199 "https://www.afish-ka.ru/21-06-2010/" "Mozilla/5.0 AppleWebKit/537.36 (KHTML, like Gecko; compatible; GPTBot/1.3; +https://openai.com/gptbot)"
74.7.227.21 - - [16/Apr/2026:00:54:30 +0200] "GET /06-05-2007/ HTTP/1.1" 200 6582 "https://www.afish-ka.ru/13-05-2007/" "Mozilla/5.0 AppleWebKit/537.36 (KHTML, like Gecko; compatible; GPTBot/1.3; +https://openai.com/gptbot)"
74.7.227.21 - - [16/Apr/2026:00:54:30 +0200] "GET /24-02-2011/ HTTP/1.1" 200 8814 "https://www.afish-ka.ru/14-02-2011/" "Mozilla/5.0 AppleWebKit/537.36 (KHTML, like Gecko; compatible; GPTBot/1.3; +https://openai.com/gptbot)"
74.7.227.21 - - [16/Apr/2026:00:54:31 +0200] "GET /02-07-2006/ HTTP/1.1" 200 6287 "https://www.afish-ka.ru/13-07-2006/" "Mozilla/5.0 AppleWebKit/537.36 (KHTML, like Gecko; compatible; GPTBot/1.3; +https://openai.com/gptbot)"
130.193.212.75 - - [16/Apr/2026:00:54:32 +0200] "GET /cafe/actions/2471/cafe/actions/2471/opinions/ HTTP/1.1" 200 10269 "-" "Mozilla/5.0 (Windows NT 10.0; Win64; x64) AppleWebKit/537.36 (KHTML, like Gecko) Chrome/144.0.0.0 Safari/537.36"
74.7.227.21 - - [16/Apr/2026:00:54:32 +0200] "GET /20-10-2012/ HTTP/1.1" 200 10561 "https://www.afish-ka.ru/03-11-2012/" "Mozilla/5.0 AppleWebKit/537.36 (KHTML, like Gecko; compatible; GPTBot/1.3; +https://openai.com/gptbot)"
74.7.227.21 - - [16/Apr/2026:00:54:33 +0200] "GET /12-07-2011/ HTTP/1.1" 200 7789 "https://www.afish-ka.ru/07-06-2011/" "Mozilla/5.0 AppleWebKit/537.36 (KHTML, like Gecko; compatible; GPTBot/1.3; +https://openai.com/gptbot)"
74.7.227.21 - - [16/Apr/2026:00:54:34 +0200] "GET /21-05-2021/ HTTP/1.1" 200 9178 "https://www.afish-ka.ru/06-06-2021/" "Mozilla/5.0 AppleWebKit/537.36 (KHTML, like Gecko; compatible; GPTBot/1.3; +https://openai.com/gptbot)"
74.7.227.21 - - [16/Apr/2026:00:54:34 +0200] "GET /images/s/actions/2620_1.jpg HTTP/1.1" 200 6770 "https://www.afish-ka.ru/02-03-2013/" "Mozilla/5.0 AppleWebKit/537.36 (KHTML, like Gecko; compatible; GPTBot/1.3; +https://openai.com/gptbot)"
74.7.227.21 - - [16/Apr/2026:00:54:35 +0200] "GET /images/s/actions/2616_1.jpg HTTP/1.1" 200 9828 "https://www.afish-ka.ru/02-03-2013/" "Mozilla/5.0 AppleWebKit/537.36 (KHTML, like Gecko; compatible; GPTBot/1.3; +https://openai.com/gptbot)"
74.7.227.21 - - [16/Apr/2026:00:54:35 +0200] "GET /images/s/actions/2015_1.jpg HTTP/1.1" 200 6968 "https://www.afish-ka.ru/14-04-2012/" "Mozilla/5.0 AppleWebKit/537.36 (KHTML, like Gecko; compatible; GPTBot/1.3; +https://openai.com/gptbot)"
74.7.227.21 - - [16/Apr/2026:00:54:36 +0200] "GET /images/s/actions/2621_1.jpg HTTP/1.1" 200 6126 "https://www.afish-ka.ru/02-03-2013/" "Mozilla/5.0 AppleWebKit/537.36 (KHTML, like Gecko; compatible; GPTBot/1.3; +https://openai.com/gptbot)"
176.31.139.13 - - [16/Apr/2026:00:54:36 +0200] "GET /cinema/films/4681/opinions/add/?parent=43111 HTTP/1.1" 200 9531 "-" "Mozilla/5.0 (compatible; AhrefsBot/7.0; +http://ahrefs.com/robot/)"
74.7.227.21 - - [16/Apr/2026:00:54:36 +0200] "GET /cafe/actions/2039/ HTTP/1.1" 200 6457 "https://www.afish-ka.ru/14-04-2012/" "Mozilla/5.0 AppleWebKit/537.36 (KHTML, like Gecko; compatible; GPTBot/1.3; +https://openai.com/gptbot)"
74.7.227.21 - - [16/Apr/2026:00:54:37 +0200] "GET /cafe/actions/2621/ HTTP/1.1" 200 6953 "https://www.afish-ka.ru/02-03-2013/" "Mozilla/5.0 AppleWebKit/537.36 (KHTML, like Gecko; compatible; GPTBot/1.3; +https://openai.com/gptbot)"
74.7.227.21 - - [16/Apr/2026:00:54:37 +0200] "GET /cafe/actions/2620/ HTTP/1.1" 200 6807 "https://www.afish-ka.ru/02-03-2013/" "Mozilla/5.0 AppleWebKit/537.36 (KHTML, like Gecko; compatible; GPTBot/1.3; +https://openai.com/gptbot)"
74.7.227.21 - - [16/Apr/2026:00:54:38 +0200] "GET /city/actions/2616/ HTTP/1.1" 200 6878 "https://www.afish-ka.ru/02-03-2013/" "Mozilla/5.0 AppleWebKit/537.36 (KHTML, like Gecko; compatible; GPTBot/1.3; +https://openai.com/gptbot)"
74.7.227.21 - - [16/Apr/2026:00:54:39 +0200] "GET /theater/actions/2235/ HTTP/1.1" 200 7084 "https://www.afish-ka.ru/20-10-2012/" "Mozilla/5.0 AppleWebKit/537.36 (KHTML, like Gecko; compatible; GPTBot/1.3; +https://openai.com/gptbot)"
74.7.227.21 - - [16/Apr/2026:00:54:39 +0200] "GET /07-03-2009/ HTTP/1.1" 200 7727 "https://www.afish-ka.ru/14-03-2009/" "Mozilla/5.0 AppleWebKit/537.36 (KHTML, like Gecko; compatible; GPTBot/1.3; +https://openai.com/gptbot)"
74.7.227.21 - - [16/Apr/2026:00:54:40 +0200] "GET /10-09-2008/ HTTP/1.1" 200 7123 "https://www.afish-ka.ru/18-09-2008/" "Mozilla/5.0 AppleWebKit/537.36 (KHTML, like Gecko; compatible; GPTBot/1.3; +https://openai.com/gptbot)"
74.7.227.21 - - [16/Apr/2026:00:54:40 +0200] "GET /07-11-2010/ HTTP/1.1" 200 9627 "https://www.afish-ka.ru/28-10-2010/" "Mozilla/5.0 AppleWebKit/537.36 (KHTML, like Gecko; compatible; GPTBot/1.3; +https://openai.com/gptbot)"
74.7.227.21 - - [16/Apr/2026:00:54:41 +0200] "GET /18-11-2020/ HTTP/1.1" 200 9759 "https://www.afish-ka.ru/05-12-2020/" "Mozilla/5.0 AppleWebKit/537.36 (KHTML, like Gecko; compatible; GPTBot/1.3; +https://openai.com/gptbot)"
74.7.227.21 - - [16/Apr/2026:00:54:42 +0200] "GET /27-02-2006/ HTTP/1.1" 200 6883 "https://www.afish-ka.ru/15-03-2006/" "Mozilla/5.0 AppleWebKit/537.36 (KHTML, like Gecko; compatible; GPTBot/1.3; +https://openai.com/gptbot)"
74.7.227.21 - - [16/Apr/2026:00:54:42 +0200] "GET /12-07-2022/ HTTP/1.1" 200 8030 "https://www.afish-ka.ru/16-08-2022/" "Mozilla/5.0 AppleWebKit/537.36 (KHTML, like Gecko; compatible; GPTBot/1.3; +https://openai.com/gptbot)"
74.7.227.21 - - [16/Apr/2026:00:54:44 +0200] "GET /08-03-2006/ HTTP/1.1" 200 7095 "https://www.afish-ka.ru/12-04-2006/" "Mozilla/5.0 AppleWebKit/537.36 (KHTML, like Gecko; compatible; GPTBot/1.3; +https://openai.com/gptbot)"
74.7.227.21 - - [16/Apr/2026:00:54:45 +0200] "GET /images/b/actions/2621_1.jpg HTTP/1.1" 200 27302 "https://www.afish-ka.ru/cafe/actions/2621/" "Mozilla/5.0 AppleWebKit/537.36 (KHTML, like Gecko; compatible; GPTBot/1.3; +https://openai.com/gptbot)"
85.208.96.206 - - [16/Apr/2026:00:54:45 +0200] "GET /cinema/films/2117/opinions/add/?parent=21493 HTTP/1.1" 200 9501 "-" "Mozilla/5.0 (compatible; SemrushBot/7~bl; +http://www.semrush.com/bot.html)"
74.7.227.21 - - [16/Apr/2026:00:54:45 +0200] "GET /images/b/actions/2620_1.jpg HTTP/1.1" 200 19640 "https://www.afish-ka.ru/cafe/actions/2620/" "Mozilla/5.0 AppleWebKit/537.36 (KHTML, like Gecko; compatible; GPTBot/1.3; +https://openai.com/gptbot)"
74.7.227.21 - - [16/Apr/2026:00:54:46 +0200] "GET /images/b/actions/2616_1.jpg HTTP/1.1" 200 53637 "https://www.afish-ka.ru/city/actions/2616/" "Mozilla/5.0 AppleWebKit/537.36 (KHTML, like Gecko; compatible; GPTBot/1.3; +https://openai.com/gptbot)"
74.7.227.21 - - [16/Apr/2026:00:54:47 +0200] "GET /images/s/posters/2621.jpg HTTP/1.1" 200 11765 "https://www.afish-ka.ru/cafe/actions/2621/" "Mozilla/5.0 AppleWebKit/537.36 (KHTML, like Gecko; compatible; GPTBot/1.3; +https://openai.com/gptbot)"
74.7.227.21 - - [16/Apr/2026:00:54:47 +0200] "GET /images/b/posters/2621.jpg HTTP/1.1" 200 22808 "https://www.afish-ka.ru/cafe/actions/2621/" "Mozilla/5.0 AppleWebKit/537.36 (KHTML, like Gecko; compatible; GPTBot/1.3; +https://openai.com/gptbot)"
216.73.216.57 - - [16/Apr/2026:00:54:48 +0200] "GET /night_club/parties/1781/opinions/ HTTP/1.1" 200 9722 "-" "Mozilla/5.0 AppleWebKit/537.36 (KHTML, like Gecko; compatible; ClaudeBot/1.0; +claudebot@anthropic.com)"
74.7.227.21 - - [16/Apr/2026:00:54:48 +0200] "GET /03-12-2013/ HTTP/1.1" 200 7796 "https://www.afish-ka.ru/19-12-2013/" "Mozilla/5.0 AppleWebKit/537.36 (KHTML, like Gecko; compatible; GPTBot/1.3; +https://openai.com/gptbot)"
74.7.227.21 - - [16/Apr/2026:00:54:49 +0200] "GET /images/s/actions/1220_1.jpg HTTP/1.1" 200 3078 "https://www.afish-ka.ru/07-11-2010/" "Mozilla/5.0 AppleWebKit/537.36 (KHTML, like Gecko; compatible; GPTBot/1.3; +https://openai.com/gptbot)"
220.181.108.82 - - [16/Apr/2026:00:54:49 +0200] "GET /images/b/posters/5011.jpg HTTP/1.1" 200 93409 "-" "Baiduspider-image+(+http://www.baidu.com/search/spider.htm)"
185.191.171.11 - - [16/Apr/2026:00:54:49 +0200] "GET /cinema/films/953/opinions/add/?parent=9102 HTTP/1.1" 200 9527 "-" "Mozilla/5.0 (compatible; SemrushBot/7~bl; +http://www.semrush.com/bot.html)"
74.7.227.21 - - [16/Apr/2026:00:54:49 +0200] "GET /cinema/films/5680/ HTTP/1.1" 200 6811 "https://www.afish-ka.ru/18-11-2020/" "Mozilla/5.0 AppleWebKit/537.36 (KHTML, like Gecko; compatible; GPTBot/1.3; +https://openai.com/gptbot)"
74.7.227.21 - - [16/Apr/2026:00:54:50 +0200] "GET /cinema/films/5685/ HTTP/1.1" 200 6610 "https://www.afish-ka.ru/18-11-2020/" "Mozilla/5.0 AppleWebKit/537.36 (KHTML, like Gecko; compatible; GPTBot/1.3; +https://openai.com/gptbot)"
74.7.227.21 - - [16/Apr/2026:00:54:50 +0200] "GET /cinema/films/1220/ HTTP/1.1" 200 6577 "https://www.afish-ka.ru/07-11-2010/" "Mozilla/5.0 AppleWebKit/537.36 (KHTML, like Gecko; compatible; GPTBot/1.3; +https://openai.com/gptbot)"
74.7.227.21 - - [16/Apr/2026:00:54:51 +0200] "GET /20-04-2021/ HTTP/1.1" 200 10102 "https://www.afish-ka.ru/09-05-2021/" "Mozilla/5.0 AppleWebKit/537.36 (KHTML, like Gecko; compatible; GPTBot/1.3; +https://openai.com/gptbot)"
74.7.227.21 - - [16/Apr/2026:00:54:52 +0200] "GET /02-03-2006/ HTTP/1.1" 200 6729 "https://www.afish-ka.ru/15-03-2006/" "Mozilla/5.0 AppleWebKit/537.36 (KHTML, like Gecko; compatible; GPTBot/1.3; +https://openai.com/gptbot)"
74.7.227.21 - - [16/Apr/2026:00:54:52 +0200] "GET /11-09-2022/ HTTP/1.1" 200 5854 "https://www.afish-ka.ru/07-08-2022/" "Mozilla/5.0 AppleWebKit/537.36 (KHTML, like Gecko; compatible; GPTBot/1.3; +https://openai.com/gptbot)"
74.7.227.21 - - [16/Apr/2026:00:54:53 +0200] "GET /02-12-2011/ HTTP/1.1" 200 8606 "https://www.afish-ka.ru/08-12-2011/" "Mozilla/5.0 AppleWebKit/537.36 (KHTML, like Gecko; compatible; GPTBot/1.3; +https://openai.com/gptbot)"
74.7.227.21 - - [16/Apr/2026:00:54:53 +0200] "GET /28-03-2008/ HTTP/1.1" 200 7727 "https://www.afish-ka.ru/14-03-2008/" "Mozilla/5.0 AppleWebKit/537.36 (KHTML, like Gecko; compatible; GPTBot/1.3; +https://openai.com/gptbot)"
74.7.227.21 - - [16/Apr/2026:00:54:54 +0200] "GET /17-02-2021/ HTTP/1.1" 200 10923 "https://www.afish-ka.ru/24-03-2021/" "Mozilla/5.0 AppleWebKit/537.36 (KHTML, like Gecko; compatible; GPTBot/1.3; +https://openai.com/gptbot)"
74.7.227.21 - - [16/Apr/2026:00:54:55 +0200] "GET /26-10-2022/ HTTP/1.1" 200 5843 "https://www.afish-ka.ru/21-09-2022/" "Mozilla/5.0 AppleWebKit/537.36 (KHTML, like Gecko; compatible; GPTBot/1.3; +https://openai.com/gptbot)"
