74.7.227.21 - - [16/Apr/2026:00:31:28 +0200] "GET /images/s/actions/5898_4.jpg HTTP/1.1" 200 4958 "https://www.afish-ka.ru/cinema/films/5898/" "Mozilla/5.0 AppleWebKit/537.36 (KHTML, like Gecko; compatible; GPTBot/1.3; +https://openai.com/gptbot)"
20.193.52.210 - - [16/Apr/2026:00:31:28 +0200] "GET /1.php HTTP/1.1" 404 468 "-" "Mozilla/5.0 (Windows NT 10.0; Win64; x64) AppleWebKit/537.36 (KHTML, like Gecko) Chrome/120.0.0.0 Safari/537.36"
74.7.227.21 - - [16/Apr/2026:00:31:28 +0200] "GET /images/b/actions/5925_2.jpg HTTP/1.1" 200 59424 "https://www.afish-ka.ru/cinema/films/5925/" "Mozilla/5.0 AppleWebKit/537.36 (KHTML, like Gecko; compatible; GPTBot/1.3; +https://openai.com/gptbot)"
20.193.52.210 - - [16/Apr/2026:00:31:28 +0200] "GET /chosen.php HTTP/1.1" 404 468 "-" "Mozilla/5.0 (Windows NT 10.0; Win64; x64) AppleWebKit/537.36 (KHTML, like Gecko) Chrome/120.0.0.0 Safari/537.36"
20.193.52.210 - - [16/Apr/2026:00:31:29 +0200] "GET /css.php HTTP/1.1" 404 468 "-" "Mozilla/5.0 (Windows NT 10.0; Win64; x64) AppleWebKit/537.36 (KHTML, like Gecko) Chrome/120.0.0.0 Safari/537.36"
74.7.227.21 - - [16/Apr/2026:00:31:29 +0200] "GET /images/b/actions/5898_4.jpg HTTP/1.1" 200 30517 "https://www.afish-ka.ru/cinema/films/5898/" "Mozilla/5.0 AppleWebKit/537.36 (KHTML, like Gecko; compatible; GPTBot/1.3; +https://openai.com/gptbot)"
20.193.52.210 - - [16/Apr/2026:00:31:29 +0200] "GET /php.php HTTP/1.1" 404 468 "-" "Mozilla/5.0 (Windows NT 10.0; Win64; x64) AppleWebKit/537.36 (KHTML, like Gecko) Chrome/120.0.0.0 Safari/537.36"
74.7.227.21 - - [16/Apr/2026:00:31:29 +0200] "GET /images/b/actions/5844_2.jpg HTTP/1.1" 200 35918 "https://www.afish-ka.ru/cinema/films/5844/" "Mozilla/5.0 AppleWebKit/537.36 (KHTML, like Gecko; compatible; GPTBot/1.3; +https://openai.com/gptbot)"
20.193.52.210 - - [16/Apr/2026:00:31:29 +0200] "GET /wp-Blogs.php HTTP/1.1" 200 5900 "-" "Mozilla/5.0 (Windows NT 10.0; Win64; x64) AppleWebKit/537.36 (KHTML, like Gecko) Chrome/120.0.0.0 Safari/537.36"
74.7.227.21 - - [16/Apr/2026:00:31:30 +0200] "GET /images/b/actions/5799_2.jpg HTTP/1.1" 200 35367 "https://www.afish-ka.ru/cinema/films/5799/" "Mozilla/5.0 AppleWebKit/537.36 (KHTML, like Gecko; compatible; GPTBot/1.3; +https://openai.com/gptbot)"
20.193.52.210 - - [16/Apr/2026:00:31:30 +0200] "GET /wp-content/index.php HTTP/1.1" 200 5900 "-" "Mozilla/5.0 (Windows NT 10.0; Win64; x64) AppleWebKit/537.36 (KHTML, like Gecko) Chrome/120.0.0.0 Safari/537.36"
74.7.227.21 - - [16/Apr/2026:00:31:31 +0200] "GET /images/s/actions/5898_2.jpg HTTP/1.1" 200 7503 "https://www.afish-ka.ru/cinema/films/5898/" "Mozilla/5.0 AppleWebKit/537.36 (KHTML, like Gecko; compatible; GPTBot/1.3; +https://openai.com/gptbot)"
20.193.52.210 - - [16/Apr/2026:00:31:31 +0200] "GET /wp-content/plugins/beteng88/ws83.php HTTP/1.1" 200 5900 "-" "Mozilla/5.0 (Windows NT 10.0; Win64; x64) AppleWebKit/537.36 (KHTML, like Gecko) Chrome/120.0.0.0 Safari/537.36"
74.7.227.21 - - [16/Apr/2026:00:31:31 +0200] "GET /images/s/actions/5898_3.jpg HTTP/1.1" 200 6014 "https://www.afish-ka.ru/cinema/films/5898/" "Mozilla/5.0 AppleWebKit/537.36 (KHTML, like Gecko; compatible; GPTBot/1.3; +https://openai.com/gptbot)"
20.193.52.210 - - [16/Apr/2026:00:31:31 +0200] "GET /ws83.php HTTP/1.1" 404 468 "-" "Mozilla/5.0 (Windows NT 10.0; Win64; x64) AppleWebKit/537.36 (KHTML, like Gecko) Chrome/120.0.0.0 Safari/537.36"
20.193.52.210 - - [16/Apr/2026:00:31:31 +0200] "GET /file61.php HTTP/1.1" 404 468 "-" "Mozilla/5.0 (Windows NT 10.0; Win64; x64) AppleWebKit/537.36 (KHTML, like Gecko) Chrome/120.0.0.0 Safari/537.36"
74.7.227.21 - - [16/Apr/2026:00:31:32 +0200] "GET /images/b/actions/5799_4.jpg HTTP/1.1" 200 29573 "https://www.afish-ka.ru/cinema/films/5799/" "Mozilla/5.0 AppleWebKit/537.36 (KHTML, like Gecko; compatible; GPTBot/1.3; +https://openai.com/gptbot)"
20.193.52.210 - - [16/Apr/2026:00:31:32 +0200] "GET /sadcut1.php HTTP/1.1" 404 468 "-" "Mozilla/5.0 (Windows NT 10.0; Win64; x64) AppleWebKit/537.36 (KHTML, like Gecko) Chrome/120.0.0.0 Safari/537.36"
74.7.227.21 - - [16/Apr/2026:00:31:32 +0200] "GET /images/b/actions/5852_3.jpg HTTP/1.1" 200 57638 "https://www.afish-ka.ru/cinema/films/5852/" "Mozilla/5.0 AppleWebKit/537.36 (KHTML, like Gecko; compatible; GPTBot/1.3; +https://openai.com/gptbot)"
20.193.52.210 - - [16/Apr/2026:00:31:32 +0200] "GET /y.php HTTP/1.1" 404 468 "-" "Mozilla/5.0 (Windows NT 10.0; Win64; x64) AppleWebKit/537.36 (KHTML, like Gecko) Chrome/120.0.0.0 Safari/537.36"
20.193.52.210 - - [16/Apr/2026:00:31:32 +0200] "GET /akcc.php HTTP/1.1" 404 468 "-" "Mozilla/5.0 (Windows NT 10.0; Win64; x64) AppleWebKit/537.36 (KHTML, like Gecko) Chrome/120.0.0.0 Safari/537.36"
74.7.227.21 - - [16/Apr/2026:00:31:33 +0200] "GET /images/s/actions/5925_4.jpg HTTP/1.1" 200 5566 "https://www.afish-ka.ru/cinema/films/5925/" "Mozilla/5.0 AppleWebKit/537.36 (KHTML, like Gecko; compatible; GPTBot/1.3; +https://openai.com/gptbot)"
85.208.96.198 - - [16/Apr/2026:00:31:33 +0200] "GET /cinema/films/2906/opinions/ HTTP/1.1" 200 9393 "-" "Mozilla/5.0 (compatible; SemrushBot/7~bl; +http://www.semrush.com/bot.html)"
74.7.227.21 - - [16/Apr/2026:00:31:33 +0200] "GET /images/b/actions/5835_2.jpg HTTP/1.1" 200 33942 "https://www.afish-ka.ru/cinema/films/5835/" "Mozilla/5.0 AppleWebKit/537.36 (KHTML, like Gecko; compatible; GPTBot/1.3; +https://openai.com/gptbot)"
20.193.52.210 - - [16/Apr/2026:00:31:33 +0200] "GET /wp-admin/user/12.php HTTP/1.1" 200 5899 "-" "Mozilla/5.0 (Windows NT 10.0; Win64; x64) AppleWebKit/537.36 (KHTML, like Gecko) Chrome/120.0.0.0 Safari/537.36"
20.193.52.210 - - [16/Apr/2026:00:31:34 +0200] "GET /index/function.php HTTP/1.1" 404 468 "-" "Mozilla/5.0 (Windows NT 10.0; Win64; x64) AppleWebKit/537.36 (KHTML, like Gecko) Chrome/120.0.0.0 Safari/537.36"
74.7.227.21 - - [16/Apr/2026:00:31:34 +0200] "GET /images/b/actions/5852_5.jpg HTTP/1.1" 200 67537 "https://www.afish-ka.ru/cinema/films/5852/" "Mozilla/5.0 AppleWebKit/537.36 (KHTML, like Gecko; compatible; GPTBot/1.3; +https://openai.com/gptbot)"
20.193.52.210 - - [16/Apr/2026:00:31:34 +0200] "GET /term.php HTTP/1.1" 404 468 "-" "Mozilla/5.0 (Windows NT 10.0; Win64; x64) AppleWebKit/537.36 (KHTML, like Gecko) Chrome/120.0.0.0 Safari/537.36"
74.7.227.21 - - [16/Apr/2026:00:31:34 +0200] "GET /images/s/actions/5835_4.jpg HTTP/1.1" 200 6915 "https://www.afish-ka.ru/cinema/films/5835/" "Mozilla/5.0 AppleWebKit/537.36 (KHTML, like Gecko; compatible; GPTBot/1.3; +https://openai.com/gptbot)"
20.193.52.210 - - [16/Apr/2026:00:31:34 +0200] "GET /666.php HTTP/1.1" 404 468 "-" "Mozilla/5.0 (Windows NT 10.0; Win64; x64) AppleWebKit/537.36 (KHTML, like Gecko) Chrome/120.0.0.0 Safari/537.36"
20.193.52.210 - - [16/Apr/2026:00:31:35 +0200] "GET /7.php HTTP/1.1" 404 468 "-" "Mozilla/5.0 (Windows NT 10.0; Win64; x64) AppleWebKit/537.36 (KHTML, like Gecko) Chrome/120.0.0.0 Safari/537.36"
220.181.108.144 - - [16/Apr/2026:00:31:35 +0200] "GET /images/s/actions/2687_1.jpg HTTP/1.1" 200 10871 "-" "Baiduspider-image+(+http://www.baidu.com/search/spider.htm)"
74.7.227.21 - - [16/Apr/2026:00:31:35 +0200] "GET /images/s/actions/5844_3.jpg HTTP/1.1" 200 5302 "https://www.afish-ka.ru/cinema/films/5844/" "Mozilla/5.0 AppleWebKit/537.36 (KHTML, like Gecko; compatible; GPTBot/1.3; +https://openai.com/gptbot)"
20.193.52.210 - - [16/Apr/2026:00:31:35 +0200] "GET /wp-config-sample.php HTTP/1.1" 200 5900 "-" "Mozilla/5.0 (Windows NT 10.0; Win64; x64) AppleWebKit/537.36 (KHTML, like Gecko) Chrome/120.0.0.0 Safari/537.36"
74.7.227.21 - - [16/Apr/2026:00:31:35 +0200] "GET /images/b/actions/5835_1.jpg HTTP/1.1" 200 31921 "https://www.afish-ka.ru/cinema/films/5835/" "Mozilla/5.0 AppleWebKit/537.36 (KHTML, like Gecko; compatible; GPTBot/1.3; +https://openai.com/gptbot)"
20.193.52.210 - - [16/Apr/2026:00:31:35 +0200] "GET /log.php HTTP/1.1" 404 468 "-" "Mozilla/5.0 (Windows NT 10.0; Win64; x64) AppleWebKit/537.36 (KHTML, like Gecko) Chrome/120.0.0.0 Safari/537.36"
74.7.227.21 - - [16/Apr/2026:00:31:36 +0200] "GET /images/b/actions/5898_3.jpg HTTP/1.1" 200 55641 "https://www.afish-ka.ru/cinema/films/5898/" "Mozilla/5.0 AppleWebKit/537.36 (KHTML, like Gecko; compatible; GPTBot/1.3; +https://openai.com/gptbot)"
20.193.52.210 - - [16/Apr/2026:00:31:36 +0200] "GET /a5.php HTTP/1.1" 404 468 "-" "Mozilla/5.0 (Windows NT 10.0; Win64; x64) AppleWebKit/537.36 (KHTML, like Gecko) Chrome/120.0.0.0 Safari/537.36"
74.7.227.21 - - [16/Apr/2026:00:31:36 +0200] "GET /images/s/actions/5844_2.jpg HTTP/1.1" 200 5982 "https://www.afish-ka.ru/cinema/films/5844/" "Mozilla/5.0 AppleWebKit/537.36 (KHTML, like Gecko; compatible; GPTBot/1.3; +https://openai.com/gptbot)"
20.193.52.210 - - [16/Apr/2026:00:31:36 +0200] "GET /aa.php HTTP/1.1" 404 468 "-" "Mozilla/5.0 (Windows NT 10.0; Win64; x64) AppleWebKit/537.36 (KHTML, like Gecko) Chrome/120.0.0.0 Safari/537.36"
52.167.144.189 - - [16/Apr/2026:00:31:36 +0200] "GET /i/rating/8.gif HTTP/1.1" 200 4228 "-" "Mozilla/5.0 AppleWebKit/537.36 (KHTML, like Gecko; compatible; bingbot/2.0; +http://www.bing.com/bingbot.htm) Chrome/116.0.1938.76 Safari/537.36"
20.193.52.210 - - [16/Apr/2026:00:31:37 +0200] "GET /bolt.php HTTP/1.1" 404 468 "-" "Mozilla/5.0 (Windows NT 10.0; Win64; x64) AppleWebKit/537.36 (KHTML, like Gecko) Chrome/120.0.0.0 Safari/537.36"
74.7.227.21 - - [16/Apr/2026:00:31:37 +0200] "GET /images/b/actions/5844_5.jpg HTTP/1.1" 200 33815 "https://www.afish-ka.ru/cinema/films/5844/" "Mozilla/5.0 AppleWebKit/537.36 (KHTML, like Gecko; compatible; GPTBot/1.3; +https://openai.com/gptbot)"
20.193.52.210 - - [16/Apr/2026:00:31:37 +0200] "GET /x.php HTTP/1.1" 404 468 "-" "Mozilla/5.0 (Windows NT 10.0; Win64; x64) AppleWebKit/537.36 (KHTML, like Gecko) Chrome/120.0.0.0 Safari/537.36"
20.193.52.210 - - [16/Apr/2026:00:31:37 +0200] "GET /jga.php HTTP/1.1" 404 468 "-" "Mozilla/5.0 (Windows NT 10.0; Win64; x64) AppleWebKit/537.36 (KHTML, like Gecko) Chrome/120.0.0.0 Safari/537.36"
74.7.227.21 - - [16/Apr/2026:00:31:37 +0200] "GET /images/b/actions/5990_5.jpg HTTP/1.1" 200 36829 "https://www.afish-ka.ru/cinema/films/5990/" "Mozilla/5.0 AppleWebKit/537.36 (KHTML, like Gecko; compatible; GPTBot/1.3; +https://openai.com/gptbot)"
20.193.52.210 - - [16/Apr/2026:00:31:37 +0200] "GET /k.php HTTP/1.1" 404 468 "-" "Mozilla/5.0 (Windows NT 10.0; Win64; x64) AppleWebKit/537.36 (KHTML, like Gecko) Chrome/120.0.0.0 Safari/537.36"
74.7.227.21 - - [16/Apr/2026:00:31:38 +0200] "GET /images/b/actions/5835_5.jpg HTTP/1.1" 200 51136 "https://www.afish-ka.ru/cinema/films/5835/" "Mozilla/5.0 AppleWebKit/537.36 (KHTML, like Gecko; compatible; GPTBot/1.3; +https://openai.com/gptbot)"
20.193.52.210 - - [16/Apr/2026:00:31:38 +0200] "GET /vx.php HTTP/1.1" 404 468 "-" "Mozilla/5.0 (Windows NT 10.0; Win64; x64) AppleWebKit/537.36 (KHTML, like Gecko) Chrome/120.0.0.0 Safari/537.36"
20.193.52.210 - - [16/Apr/2026:00:31:38 +0200] "GET /ws77.php HTTP/1.1" 404 468 "-" "Mozilla/5.0 (Windows NT 10.0; Win64; x64) AppleWebKit/537.36 (KHTML, like Gecko) Chrome/120.0.0.0 Safari/537.36"
74.7.227.21 - - [16/Apr/2026:00:31:38 +0200] "GET /images/b/actions/5844_4.jpg HTTP/1.1" 200 35480 "https://www.afish-ka.ru/cinema/films/5844/" "Mozilla/5.0 AppleWebKit/537.36 (KHTML, like Gecko; compatible; GPTBot/1.3; +https://openai.com/gptbot)"
20.193.52.210 - - [16/Apr/2026:00:31:38 +0200] "GET /2.php HTTP/1.1" 404 468 "-" "Mozilla/5.0 (Windows NT 10.0; Win64; x64) AppleWebKit/537.36 (KHTML, like Gecko) Chrome/120.0.0.0 Safari/537.36"
20.193.52.210 - - [16/Apr/2026:00:31:39 +0200] "GET /abcd.php HTTP/1.1" 404 468 "-" "Mozilla/5.0 (Windows NT 10.0; Win64; x64) AppleWebKit/537.36 (KHTML, like Gecko) Chrome/120.0.0.0 Safari/537.36"
74.7.227.21 - - [16/Apr/2026:00:31:39 +0200] "GET /images/s/actions/5835_2.jpg HTTP/1.1" 200 5180 "https://www.afish-ka.ru/cinema/films/5835/" "Mozilla/5.0 AppleWebKit/537.36 (KHTML, like Gecko; compatible; GPTBot/1.3; +https://openai.com/gptbot)"
74.7.227.21 - - [16/Apr/2026:00:31:39 +0200] "GET /images/b/actions/5799_1.jpg HTTP/1.1" 200 26060 "https://www.afish-ka.ru/cinema/films/5799/" "Mozilla/5.0 AppleWebKit/537.36 (KHTML, like Gecko; compatible; GPTBot/1.3; +https://openai.com/gptbot)"
20.193.52.210 - - [16/Apr/2026:00:31:39 +0200] "GET /wp-content/plugins/admin.php HTTP/1.1" 200 5899 "-" "Mozilla/5.0 (Windows NT 10.0; Win64; x64) AppleWebKit/537.36 (KHTML, like Gecko) Chrome/120.0.0.0 Safari/537.36"
20.193.52.210 - - [16/Apr/2026:00:31:40 +0200] "GET /asd.php HTTP/1.1" 404 468 "-" "Mozilla/5.0 (Windows NT 10.0; Win64; x64) AppleWebKit/537.36 (KHTML, like Gecko) Chrome/120.0.0.0 Safari/537.36"
74.7.227.21 - - [16/Apr/2026:00:31:40 +0200] "GET /images/b/actions/5844_3.jpg HTTP/1.1" 200 32114 "https://www.afish-ka.ru/cinema/films/5844/" "Mozilla/5.0 AppleWebKit/537.36 (KHTML, like Gecko; compatible; GPTBot/1.3; +https://openai.com/gptbot)"
20.193.52.210 - - [16/Apr/2026:00:31:40 +0200] "GET /default.php HTTP/1.1" 404 468 "-" "Mozilla/5.0 (Windows NT 10.0; Win64; x64) AppleWebKit/537.36 (KHTML, like Gecko) Chrome/120.0.0.0 Safari/537.36"
74.7.227.21 - - [16/Apr/2026:00:31:40 +0200] "GET /images/b/actions/5990_2.jpg HTTP/1.1" 200 65117 "https://www.afish-ka.ru/cinema/films/5990/" "Mozilla/5.0 AppleWebKit/537.36 (KHTML, like Gecko; compatible; GPTBot/1.3; +https://openai.com/gptbot)"
20.193.52.210 - - [16/Apr/2026:00:31:40 +0200] "GET /gettest.php HTTP/1.1" 404 468 "-" "Mozilla/5.0 (Windows NT 10.0; Win64; x64) AppleWebKit/537.36 (KHTML, like Gecko) Chrome/120.0.0.0 Safari/537.36"
20.193.52.210 - - [16/Apr/2026:00:31:41 +0200] "GET /install.php HTTP/1.1" 404 468 "-" "Mozilla/5.0 (Windows NT 10.0; Win64; x64) AppleWebKit/537.36 (KHTML, like Gecko) Chrome/120.0.0.0 Safari/537.36"
74.7.227.21 - - [16/Apr/2026:00:31:41 +0200] "GET /images/b/actions/5925_4.jpg HTTP/1.1" 200 44973 "https://www.afish-ka.ru/cinema/films/5925/" "Mozilla/5.0 AppleWebKit/537.36 (KHTML, like Gecko; compatible; GPTBot/1.3; +https://openai.com/gptbot)"
20.193.52.210 - - [16/Apr/2026:00:31:41 +0200] "GET /tfm.php HTTP/1.1" 404 468 "-" "Mozilla/5.0 (Windows NT 10.0; Win64; x64) AppleWebKit/537.36 (KHTML, like Gecko) Chrome/120.0.0.0 Safari/537.36"
74.7.227.21 - - [16/Apr/2026:00:31:42 +0200] "GET /images/b/actions/5955_3.jpg HTTP/1.1" 200 63094 "https://www.afish-ka.ru/cinema/films/5955/" "Mozilla/5.0 AppleWebKit/537.36 (KHTML, like Gecko; compatible; GPTBot/1.3; +https://openai.com/gptbot)"
20.193.52.210 - - [16/Apr/2026:00:31:42 +0200] "GET /ws81.php HTTP/1.1" 404 468 "-" "Mozilla/5.0 (Windows NT 10.0; Win64; x64) AppleWebKit/537.36 (KHTML, like Gecko) Chrome/120.0.0.0 Safari/537.36"
20.193.52.210 - - [16/Apr/2026:00:31:42 +0200] "GET /222.php HTTP/1.1" 404 468 "-" "Mozilla/5.0 (Windows NT 10.0; Win64; x64) AppleWebKit/537.36 (KHTML, like Gecko) Chrome/120.0.0.0 Safari/537.36"
74.7.227.21 - - [16/Apr/2026:00:31:42 +0200] "GET /images/b/actions/5799_5.jpg HTTP/1.1" 200 23370 "https://www.afish-ka.ru/cinema/films/5799/" "Mozilla/5.0 AppleWebKit/537.36 (KHTML, like Gecko; compatible; GPTBot/1.3; +https://openai.com/gptbot)"
20.193.52.210 - - [16/Apr/2026:00:31:42 +0200] "GET /tmp.php HTTP/1.1" 404 468 "-" "Mozilla/5.0 (Windows NT 10.0; Win64; x64) AppleWebKit/537.36 (KHTML, like Gecko) Chrome/120.0.0.0 Safari/537.36"
74.7.227.21 - - [16/Apr/2026:00:31:42 +0200] "GET /images/b/actions/5852_4.jpg HTTP/1.1" 200 75878 "https://www.afish-ka.ru/cinema/films/5852/" "Mozilla/5.0 AppleWebKit/537.36 (KHTML, like Gecko; compatible; GPTBot/1.3; +https://openai.com/gptbot)"
20.193.52.210 - - [16/Apr/2026:00:31:42 +0200] "GET /wp-admin/maint/index.php HTTP/1.1" 200 5900 "-" "Mozilla/5.0 (Windows NT 10.0; Win64; x64) AppleWebKit/537.36 (KHTML, like Gecko) Chrome/120.0.0.0 Safari/537.36"
74.7.227.21 - - [16/Apr/2026:00:31:43 +0200] "GET /images/s/actions/5852_3.jpg HTTP/1.1" 200 6891 "https://www.afish-ka.ru/cinema/films/5852/" "Mozilla/5.0 AppleWebKit/537.36 (KHTML, like Gecko; compatible; GPTBot/1.3; +https://openai.com/gptbot)"
20.193.52.210 - - [16/Apr/2026:00:31:43 +0200] "GET /6xBAm3vODE05BSzkJZRAws.php HTTP/1.1" 404 468 "-" "Mozilla/5.0 (Windows NT 10.0; Win64; x64) AppleWebKit/537.36 (KHTML, like Gecko) Chrome/120.0.0.0 Safari/537.36"
20.193.52.210 - - [16/Apr/2026:00:31:43 +0200] "GET /a.php HTTP/1.1" 404 468 "-" "Mozilla/5.0 (Windows NT 10.0; Win64; x64) AppleWebKit/537.36 (KHTML, like Gecko) Chrome/120.0.0.0 Safari/537.36"
74.7.227.21 - - [16/Apr/2026:00:31:44 +0200] "GET /images/b/actions/5955_4.jpg HTTP/1.1" 200 31279 "https://www.afish-ka.ru/cinema/films/5955/" "Mozilla/5.0 AppleWebKit/537.36 (KHTML, like Gecko; compatible; GPTBot/1.3; +https://openai.com/gptbot)"
20.193.52.210 - - [16/Apr/2026:00:31:44 +0200] "GET /a1.php HTTP/1.1" 404 468 "-" "Mozilla/5.0 (Windows NT 10.0; Win64; x64) AppleWebKit/537.36 (KHTML, like Gecko) Chrome/120.0.0.0 Safari/537.36"
74.7.227.21 - - [16/Apr/2026:00:31:44 +0200] "GET /images/s/actions/5925_3.jpg HTTP/1.1" 200 4586 "https://www.afish-ka.ru/cinema/films/5925/" "Mozilla/5.0 AppleWebKit/537.36 (KHTML, like Gecko; compatible; GPTBot/1.3; +https://openai.com/gptbot)"
20.193.52.210 - - [16/Apr/2026:00:31:44 +0200] "GET /onclickfuns.php HTTP/1.1" 404 468 "-" "Mozilla/5.0 (Windows NT 10.0; Win64; x64) AppleWebKit/537.36 (KHTML, like Gecko) Chrome/120.0.0.0 Safari/537.36"
81.70.210.172 - - [16/Apr/2026:00:31:44 +0200] "GET /cinema/films/758/opinions/cinema/films/758/opinions/cinema/films/758/opinions/add/?parent=6518 HTTP/1.1" 200 10244 "-" "Mozilla/5.0 (Macintosh; Intel Mac OS X 10_15_7) AppleWebKit/537.36 (KHTML, like Gecko) Chrome/142.0.0.0 Safari/537.36"
20.193.52.210 - - [16/Apr/2026:00:31:44 +0200] "GET /w.php HTTP/1.1" 404 468 "-" "Mozilla/5.0 (Windows NT 10.0; Win64; x64) AppleWebKit/537.36 (KHTML, like Gecko) Chrome/120.0.0.0 Safari/537.36"
74.7.227.21 - - [16/Apr/2026:00:31:45 +0200] "GET /images/s/actions/5990_3.jpg HTTP/1.1" 200 4824 "https://www.afish-ka.ru/cinema/films/5990/" "Mozilla/5.0 AppleWebKit/537.36 (KHTML, like Gecko; compatible; GPTBot/1.3; +https://openai.com/gptbot)"
20.193.52.210 - - [16/Apr/2026:00:31:45 +0200] "GET /wp-admin/maint/about.php HTTP/1.1" 200 5900 "-" "Mozilla/5.0 (Windows NT 10.0; Win64; x64) AppleWebKit/537.36 (KHTML, like Gecko) Chrome/120.0.0.0 Safari/537.36"
74.7.227.21 - - [16/Apr/2026:00:31:45 +0200] "GET /images/b/actions/5835_3.jpg HTTP/1.1" 200 35767 "https://www.afish-ka.ru/cinema/films/5835/" "Mozilla/5.0 AppleWebKit/537.36 (KHTML, like Gecko; compatible; GPTBot/1.3; +https://openai.com/gptbot)"
74.7.227.21 - - [16/Apr/2026:00:31:46 +0200] "GET /images/b/actions/5852_1.jpg HTTP/1.1" 200 91123 "https://www.afish-ka.ru/cinema/films/5852/" "Mozilla/5.0 AppleWebKit/537.36 (KHTML, like Gecko; compatible; GPTBot/1.3; +https://openai.com/gptbot)"
20.193.52.210 - - [16/Apr/2026:00:31:45 +0200] "GET /wp-content/plugins/index.php HTTP/1.1" 200 5900 "-" "Mozilla/5.0 (Windows NT 10.0; Win64; x64) AppleWebKit/537.36 (KHTML, like Gecko) Chrome/120.0.0.0 Safari/537.36"
20.193.52.210 - - [16/Apr/2026:00:31:46 +0200] "GET /wp-good.php HTTP/1.1" 200 5899 "-" "Mozilla/5.0 (Windows NT 10.0; Win64; x64) AppleWebKit/537.36 (KHTML, like Gecko) Chrome/120.0.0.0 Safari/537.36"
74.7.227.21 - - [16/Apr/2026:00:31:46 +0200] "GET /images/s/actions/5799_3.jpg HTTP/1.1" 200 8268 "https://www.afish-ka.ru/cinema/films/5799/" "Mozilla/5.0 AppleWebKit/537.36 (KHTML, like Gecko; compatible; GPTBot/1.3; +https://openai.com/gptbot)"
20.193.52.210 - - [16/Apr/2026:00:31:47 +0200] "GET /.info.php HTTP/1.1" 404 468 "-" "Mozilla/5.0 (Windows NT 10.0; Win64; x64) AppleWebKit/537.36 (KHTML, like Gecko) Chrome/120.0.0.0 Safari/537.36"
74.7.227.21 - - [16/Apr/2026:00:31:47 +0200] "GET /images/b/actions/5835_4.jpg HTTP/1.1" 200 65581 "https://www.afish-ka.ru/cinema/films/5835/" "Mozilla/5.0 AppleWebKit/537.36 (KHTML, like Gecko; compatible; GPTBot/1.3; +https://openai.com/gptbot)"
20.193.52.210 - - [16/Apr/2026:00:31:47 +0200] "GET /config.php HTTP/1.1" 404 468 "-" "Mozilla/5.0 (Windows NT 10.0; Win64; x64) AppleWebKit/537.36 (KHTML, like Gecko) Chrome/120.0.0.0 Safari/537.36"
74.7.227.21 - - [16/Apr/2026:00:31:47 +0200] "GET /images/s/actions/5844_4.jpg HTTP/1.1" 200 5635 "https://www.afish-ka.ru/cinema/films/5844/" "Mozilla/5.0 AppleWebKit/537.36 (KHTML, like Gecko; compatible; GPTBot/1.3; +https://openai.com/gptbot)"
20.193.52.210 - - [16/Apr/2026:00:31:47 +0200] "GET /item.php HTTP/1.1" 404 468 "-" "Mozilla/5.0 (Windows NT 10.0; Win64; x64) AppleWebKit/537.36 (KHTML, like Gecko) Chrome/120.0.0.0 Safari/537.36"
20.193.52.210 - - [16/Apr/2026:00:31:48 +0200] "GET /m.php HTTP/1.1" 404 468 "-" "Mozilla/5.0 (Windows NT 10.0; Win64; x64) AppleWebKit/537.36 (KHTML, like Gecko) Chrome/120.0.0.0 Safari/537.36"
74.7.227.21 - - [16/Apr/2026:00:31:48 +0200] "GET /images/s/actions/5799_5.jpg HTTP/1.1" 200 3881 "https://www.afish-ka.ru/cinema/films/5799/" "Mozilla/5.0 AppleWebKit/537.36 (KHTML, like Gecko; compatible; GPTBot/1.3; +https://openai.com/gptbot)"
20.193.52.210 - - [16/Apr/2026:00:31:48 +0200] "GET /rh.php HTTP/1.1" 404 468 "-" "Mozilla/5.0 (Windows NT 10.0; Win64; x64) AppleWebKit/537.36 (KHTML, like Gecko) Chrome/120.0.0.0 Safari/537.36"
74.7.227.21 - - [16/Apr/2026:00:31:48 +0200] "GET /images/s/actions/5852_2.jpg HTTP/1.1" 200 5352 "https://www.afish-ka.ru/cinema/films/5852/" "Mozilla/5.0 AppleWebKit/537.36 (KHTML, like Gecko; compatible; GPTBot/1.3; +https://openai.com/gptbot)"
74.7.227.21 - - [16/Apr/2026:00:31:49 +0200] "GET /images/s/actions/5955_3.jpg HTTP/1.1" 200 6756 "https://www.afish-ka.ru/cinema/films/5955/" "Mozilla/5.0 AppleWebKit/537.36 (KHTML, like Gecko; compatible; GPTBot/1.3; +https://openai.com/gptbot)"
74.7.227.21 - - [16/Apr/2026:00:31:49 +0200] "GET /images/s/actions/5898_5.jpg HTTP/1.1" 200 6552 "https://www.afish-ka.ru/cinema/films/5898/" "Mozilla/5.0 AppleWebKit/537.36 (KHTML, like Gecko; compatible; GPTBot/1.3; +https://openai.com/gptbot)"
74.7.227.21 - - [16/Apr/2026:00:31:50 +0200] "GET /images/s/actions/5925_2.jpg HTTP/1.1" 200 6991 "https://www.afish-ka.ru/cinema/films/5925/" "Mozilla/5.0 AppleWebKit/537.36 (KHTML, like Gecko; compatible; GPTBot/1.3; +https://openai.com/gptbot)"
74.7.227.21 - - [16/Apr/2026:00:31:50 +0200] "GET /images/s/actions/5955_4.jpg HTTP/1.1" 200 4475 "https://www.afish-ka.ru/cinema/films/5955/" "Mozilla/5.0 AppleWebKit/537.36 (KHTML, like Gecko; compatible; GPTBot/1.3; +https://openai.com/gptbot)"
5.39.1.249 - - [16/Apr/2026:00:31:50 +0200] "GET /13-12-2009/ HTTP/1.1" 200 11582 "-" "Mozilla/5.0 (compatible; AhrefsBot/7.0; +http://ahrefs.com/robot/)"
74.7.227.21 - - [16/Apr/2026:00:31:51 +0200] "GET /images/s/actions/5852_5.jpg HTTP/1.1" 200 7201 "https://www.afish-ka.ru/cinema/films/5852/" "Mozilla/5.0 AppleWebKit/537.36 (KHTML, like Gecko; compatible; GPTBot/1.3; +https://openai.com/gptbot)"
74.7.227.21 - - [16/Apr/2026:00:31:51 +0200] "GET /images/s/actions/5955_5.jpg HTTP/1.1" 200 5655 "https://www.afish-ka.ru/cinema/films/5955/" "Mozilla/5.0 AppleWebKit/537.36 (KHTML, like Gecko; compatible; GPTBot/1.3; +https://openai.com/gptbot)"
74.7.227.21 - - [16/Apr/2026:00:31:52 +0200] "GET /images/s/actions/5835_3.jpg HTTP/1.1" 200 5886 "https://www.afish-ka.ru/cinema/films/5835/" "Mozilla/5.0 AppleWebKit/537.36 (KHTML, like Gecko; compatible; GPTBot/1.3; +https://openai.com/gptbot)"
74.7.227.21 - - [16/Apr/2026:00:31:53 +0200] "GET /images/s/actions/5925_5.jpg HTTP/1.1" 200 3833 "https://www.afish-ka.ru/cinema/films/5925/" "Mozilla/5.0 AppleWebKit/537.36 (KHTML, like Gecko; compatible; GPTBot/1.3; +https://openai.com/gptbot)"
74.7.227.21 - - [16/Apr/2026:00:31:53 +0200] "GET /images/b/actions/5955_5.jpg HTTP/1.1" 200 53968 "https://www.afish-ka.ru/cinema/films/5955/" "Mozilla/5.0 AppleWebKit/537.36 (KHTML, like Gecko; compatible; GPTBot/1.3; +https://openai.com/gptbot)"
74.7.227.21 - - [16/Apr/2026:00:31:54 +0200] "GET /images/s/actions/5844_5.jpg HTTP/1.1" 200 5206 "https://www.afish-ka.ru/cinema/films/5844/" "Mozilla/5.0 AppleWebKit/537.36 (KHTML, like Gecko; compatible; GPTBot/1.3; +https://openai.com/gptbot)"
74.7.227.21 - - [16/Apr/2026:00:31:54 +0200] "GET /images/s/actions/5955_2.jpg HTTP/1.1" 200 5953 "https://www.afish-ka.ru/cinema/films/5955/" "Mozilla/5.0 AppleWebKit/537.36 (KHTML, like Gecko; compatible; GPTBot/1.3; +https://openai.com/gptbot)"
74.7.227.21 - - [16/Apr/2026:00:31:55 +0200] "GET /images/s/actions/5990_5.jpg HTTP/1.1" 200 5548 "https://www.afish-ka.ru/cinema/films/5990/" "Mozilla/5.0 AppleWebKit/537.36 (KHTML, like Gecko; compatible; GPTBot/1.3; +https://openai.com/gptbot)"
74.7.227.21 - - [16/Apr/2026:00:31:55 +0200] "GET /images/s/actions/5835_5.jpg HTTP/1.1" 200 5932 "https://www.afish-ka.ru/cinema/films/5835/" "Mozilla/5.0 AppleWebKit/537.36 (KHTML, like Gecko; compatible; GPTBot/1.3; +https://openai.com/gptbot)"
74.7.227.21 - - [16/Apr/2026:00:31:56 +0200] "GET /images/b/posters/5925.jpg HTTP/1.1" 200 82049 "https://www.afish-ka.ru/cinema/films/5925/" "Mozilla/5.0 AppleWebKit/537.36 (KHTML, like Gecko; compatible; GPTBot/1.3; +https://openai.com/gptbot)"
74.7.227.21 - - [16/Apr/2026:00:31:56 +0200] "GET /images/b/posters/5955.jpg HTTP/1.1" 200 68243 "https://www.afish-ka.ru/cinema/films/5955/" "Mozilla/5.0 AppleWebKit/537.36 (KHTML, like Gecko; compatible; GPTBot/1.3; +https://openai.com/gptbot)"
74.7.227.21 - - [16/Apr/2026:00:31:57 +0200] "GET /images/b/posters/5844.jpg HTTP/1.1" 200 55640 "https://www.afish-ka.ru/cinema/films/5844/" "Mozilla/5.0 AppleWebKit/537.36 (KHTML, like Gecko; compatible; GPTBot/1.3; +https://openai.com/gptbot)"
74.7.227.21 - - [16/Apr/2026:00:31:57 +0200] "GET /images/s/posters/5898.jpg HTTP/1.1" 200 16423 "https://www.afish-ka.ru/cinema/films/5898/" "Mozilla/5.0 AppleWebKit/537.36 (KHTML, like Gecko; compatible; GPTBot/1.3; +https://openai.com/gptbot)"
74.7.227.21 - - [16/Apr/2026:00:31:58 +0200] "GET /images/s/posters/5852.jpg HTTP/1.1" 200 16001 "https://www.afish-ka.ru/cinema/films/5852/" "Mozilla/5.0 AppleWebKit/537.36 (KHTML, like Gecko; compatible; GPTBot/1.3; +https://openai.com/gptbot)"
74.7.227.21 - - [16/Apr/2026:00:31:58 +0200] "GET /images/s/posters/5925.jpg HTTP/1.1" 200 12488 "https://www.afish-ka.ru/cinema/films/5925/" "Mozilla/5.0 AppleWebKit/537.36 (KHTML, like Gecko; compatible; GPTBot/1.3; +https://openai.com/gptbot)"
74.7.227.21 - - [16/Apr/2026:00:31:59 +0200] "GET /images/b/posters/5898.jpg HTTP/1.1" 200 41384 "https://www.afish-ka.ru/cinema/films/5898/" "Mozilla/5.0 AppleWebKit/537.36 (KHTML, like Gecko; compatible; GPTBot/1.3; +https://openai.com/gptbot)"
74.7.227.21 - - [16/Apr/2026:00:31:59 +0200] "GET /images/s/posters/5835.jpg HTTP/1.1" 200 14614 "https://www.afish-ka.ru/cinema/films/5835/" "Mozilla/5.0 AppleWebKit/537.36 (KHTML, like Gecko; compatible; GPTBot/1.3; +https://openai.com/gptbot)"
74.7.227.21 - - [16/Apr/2026:00:32:00 +0200] "GET /images/s/posters/5844.jpg HTTP/1.1" 200 12150 "https://www.afish-ka.ru/cinema/films/5844/" "Mozilla/5.0 AppleWebKit/537.36 (KHTML, like Gecko; compatible; GPTBot/1.3; +https://openai.com/gptbot)"
74.7.227.21 - - [16/Apr/2026:00:32:01 +0200] "GET /images/s/posters/5799.jpg HTTP/1.1" 200 12937 "https://www.afish-ka.ru/cinema/films/5799/" "Mozilla/5.0 AppleWebKit/537.36 (KHTML, like Gecko; compatible; GPTBot/1.3; +https://openai.com/gptbot)"
74.7.227.21 - - [16/Apr/2026:00:32:01 +0200] "GET /images/b/posters/5799.jpg HTTP/1.1" 200 77713 "https://www.afish-ka.ru/cinema/films/5799/" "Mozilla/5.0 AppleWebKit/537.36 (KHTML, like Gecko; compatible; GPTBot/1.3; +https://openai.com/gptbot)"
74.7.227.21 - - [16/Apr/2026:00:32:02 +0200] "GET /images/b/posters/5852.jpg HTTP/1.1" 200 117943 "https://www.afish-ka.ru/cinema/films/5852/" "Mozilla/5.0 AppleWebKit/537.36 (KHTML, like Gecko; compatible; GPTBot/1.3; +https://openai.com/gptbot)"
74.7.227.21 - - [16/Apr/2026:00:32:02 +0200] "GET /images/s/posters/5955.jpg HTTP/1.1" 200 12019 "https://www.afish-ka.ru/cinema/films/5955/" "Mozilla/5.0 AppleWebKit/537.36 (KHTML, like Gecko; compatible; GPTBot/1.3; +https://openai.com/gptbot)"
74.7.227.21 - - [16/Apr/2026:00:32:03 +0200] "GET /cinema/films/5883/ HTTP/1.1" 200 6263 "https://www.afish-ka.ru/17-06-2021/" "Mozilla/5.0 AppleWebKit/537.36 (KHTML, like Gecko; compatible; GPTBot/1.3; +https://openai.com/gptbot)"
74.7.227.21 - - [16/Apr/2026:00:32:03 +0200] "GET /cinema/films/5911/ HTTP/1.1" 200 6662 "https://www.afish-ka.ru/08-07-2021/" "Mozilla/5.0 AppleWebKit/537.36 (KHTML, like Gecko; compatible; GPTBot/1.3; +https://openai.com/gptbot)"
74.7.227.21 - - [16/Apr/2026:00:32:04 +0200] "GET /cinema/films/5880/ HTTP/1.1" 200 6884 "https://www.afish-ka.ru/17-06-2021/" "Mozilla/5.0 AppleWebKit/537.36 (KHTML, like Gecko; compatible; GPTBot/1.3; +https://openai.com/gptbot)"
74.7.227.21 - - [16/Apr/2026:00:32:05 +0200] "GET /cinema/films/5939/ HTTP/1.1" 200 6660 "https://www.afish-ka.ru/17-08-2021/" "Mozilla/5.0 AppleWebKit/537.36 (KHTML, like Gecko; compatible; GPTBot/1.3; +https://openai.com/gptbot)"
74.7.227.21 - - [16/Apr/2026:00:32:06 +0200] "GET /cinema/films/5951/ HTTP/1.1" 200 6934 "https://www.afish-ka.ru/17-09-2021/" "Mozilla/5.0 AppleWebKit/537.36 (KHTML, like Gecko; compatible; GPTBot/1.3; +https://openai.com/gptbot)"
74.7.227.21 - - [16/Apr/2026:00:32:07 +0200] "GET /cinema/films/5884/ HTTP/1.1" 200 6638 "https://www.afish-ka.ru/17-06-2021/" "Mozilla/5.0 AppleWebKit/537.36 (KHTML, like Gecko; compatible; GPTBot/1.3; +https://openai.com/gptbot)"
74.7.227.21 - - [16/Apr/2026:00:32:07 +0200] "GET /cinema/films/5977/ HTTP/1.1" 200 6831 "https://www.afish-ka.ru/28-09-2021/" "Mozilla/5.0 AppleWebKit/537.36 (KHTML, like Gecko; compatible; GPTBot/1.3; +https://openai.com/gptbot)"
74.7.227.21 - - [16/Apr/2026:00:32:08 +0200] "GET /cinema/films/5899/ HTTP/1.1" 200 6670 "https://www.afish-ka.ru/27-06-2021/" "Mozilla/5.0 AppleWebKit/537.36 (KHTML, like Gecko; compatible; GPTBot/1.3; +https://openai.com/gptbot)"
74.7.227.21 - - [16/Apr/2026:00:32:08 +0200] "GET /cinema/films/5885/ HTTP/1.1" 200 6867 "https://www.afish-ka.ru/17-06-2021/" "Mozilla/5.0 AppleWebKit/537.36 (KHTML, like Gecko; compatible; GPTBot/1.3; +https://openai.com/gptbot)"
74.7.227.21 - - [16/Apr/2026:00:32:09 +0200] "GET /10-06-2021/ HTTP/1.1" 200 10381 "https://www.afish-ka.ru/17-06-2021/" "Mozilla/5.0 AppleWebKit/537.36 (KHTML, like Gecko; compatible; GPTBot/1.3; +https://openai.com/gptbot)"
74.7.227.21 - - [16/Apr/2026:00:32:10 +0200] "GET /20-06-2021/ HTTP/1.1" 200 10507 "https://www.afish-ka.ru/17-06-2021/" "Mozilla/5.0 AppleWebKit/537.36 (KHTML, like Gecko; compatible; GPTBot/1.3; +https://openai.com/gptbot)"
74.7.227.21 - - [16/Apr/2026:00:32:10 +0200] "GET /02-10-2021/ HTTP/1.1" 200 11495 "https://www.afish-ka.ru/06-11-2021/" "Mozilla/5.0 AppleWebKit/537.36 (KHTML, like Gecko; compatible; GPTBot/1.3; +https://openai.com/gptbot)"
74.7.227.21 - - [16/Apr/2026:00:32:11 +0200] "GET /21-09-2021/ HTTP/1.1" 200 11196 "https://www.afish-ka.ru/28-09-2021/" "Mozilla/5.0 AppleWebKit/537.36 (KHTML, like Gecko; compatible; GPTBot/1.3; +https://openai.com/gptbot)"
74.7.227.21 - - [16/Apr/2026:00:32:12 +0200] "GET /images/b/actions/5883_1.jpg HTTP/1.1" 200 59200 "https://www.afish-ka.ru/cinema/films/5883/" "Mozilla/5.0 AppleWebKit/537.36 (KHTML, like Gecko; compatible; GPTBot/1.3; +https://openai.com/gptbot)"
74.7.227.21 - - [16/Apr/2026:00:32:12 +0200] "GET /images/b/actions/5911_5.jpg HTTP/1.1" 200 33245 "https://www.afish-ka.ru/cinema/films/5911/" "Mozilla/5.0 AppleWebKit/537.36 (KHTML, like Gecko; compatible; GPTBot/1.3; +https://openai.com/gptbot)"
74.7.227.21 - - [16/Apr/2026:00:32:13 +0200] "GET /images/s/actions/5883_4.jpg HTTP/1.1" 200 6865 "https://www.afish-ka.ru/cinema/films/5883/" "Mozilla/5.0 AppleWebKit/537.36 (KHTML, like Gecko; compatible; GPTBot/1.3; +https://openai.com/gptbot)"
74.7.227.21 - - [16/Apr/2026:00:32:13 +0200] "GET /images/b/actions/5884_1.jpg HTTP/1.1" 200 48846 "https://www.afish-ka.ru/cinema/films/5884/" "Mozilla/5.0 AppleWebKit/537.36 (KHTML, like Gecko; compatible; GPTBot/1.3; +https://openai.com/gptbot)"
74.7.227.21 - - [16/Apr/2026:00:32:14 +0200] "GET /images/s/actions/5977_3.jpg HTTP/1.1" 200 7662 "https://www.afish-ka.ru/cinema/films/5977/" "Mozilla/5.0 AppleWebKit/537.36 (KHTML, like Gecko; compatible; GPTBot/1.3; +https://openai.com/gptbot)"
74.7.227.21 - - [16/Apr/2026:00:32:14 +0200] "GET /images/b/actions/5899_2.jpg HTTP/1.1" 200 38205 "https://www.afish-ka.ru/cinema/films/5899/" "Mozilla/5.0 AppleWebKit/537.36 (KHTML, like Gecko; compatible; GPTBot/1.3; +https://openai.com/gptbot)"
74.7.227.21 - - [16/Apr/2026:00:32:15 +0200] "GET /images/s/actions/5977_2.jpg HTTP/1.1" 200 6350 "https://www.afish-ka.ru/cinema/films/5977/" "Mozilla/5.0 AppleWebKit/537.36 (KHTML, like Gecko; compatible; GPTBot/1.3; +https://openai.com/gptbot)"
74.7.227.21 - - [16/Apr/2026:00:32:15 +0200] "GET /images/b/actions/5884_4.jpg HTTP/1.1" 200 44918 "https://www.afish-ka.ru/cinema/films/5884/" "Mozilla/5.0 AppleWebKit/537.36 (KHTML, like Gecko; compatible; GPTBot/1.3; +https://openai.com/gptbot)"
74.7.227.21 - - [16/Apr/2026:00:32:16 +0200] "GET /images/b/actions/5884_2.jpg HTTP/1.1" 200 41543 "https://www.afish-ka.ru/cinema/films/5884/" "Mozilla/5.0 AppleWebKit/537.36 (KHTML, like Gecko; compatible; GPTBot/1.3; +https://openai.com/gptbot)"
74.7.227.21 - - [16/Apr/2026:00:32:16 +0200] "GET /images/b/actions/5883_3.jpg HTTP/1.1" 200 58114 "https://www.afish-ka.ru/cinema/films/5883/" "Mozilla/5.0 AppleWebKit/537.36 (KHTML, like Gecko; compatible; GPTBot/1.3; +https://openai.com/gptbot)"
85.208.96.208 - - [16/Apr/2026:00:32:16 +0200] "GET /cinema/films/4719/opinions/ HTTP/1.1" 200 9321 "-" "Mozilla/5.0 (compatible; SemrushBot/7~bl; +http://www.semrush.com/bot.html)"
74.7.227.21 - - [16/Apr/2026:00:32:17 +0200] "GET /images/s/actions/5884_3.jpg HTTP/1.1" 200 7278 "https://www.afish-ka.ru/cinema/films/5884/" "Mozilla/5.0 AppleWebKit/537.36 (KHTML, like Gecko; compatible; GPTBot/1.3; +https://openai.com/gptbot)"
74.7.227.21 - - [16/Apr/2026:00:32:17 +0200] "GET /images/b/actions/5883_2.jpg HTTP/1.1" 200 27880 "https://www.afish-ka.ru/cinema/films/5883/" "Mozilla/5.0 AppleWebKit/537.36 (KHTML, like Gecko; compatible; GPTBot/1.3; +https://openai.com/gptbot)"
74.7.227.21 - - [16/Apr/2026:00:32:18 +0200] "GET /images/s/actions/5899_2.jpg HTTP/1.1" 200 6025 "https://www.afish-ka.ru/cinema/films/5899/" "Mozilla/5.0 AppleWebKit/537.36 (KHTML, like Gecko; compatible; GPTBot/1.3; +https://openai.com/gptbot)"
74.7.227.21 - - [16/Apr/2026:00:32:18 +0200] "GET /images/b/actions/5883_5.jpg HTTP/1.1" 200 23829 "https://www.afish-ka.ru/cinema/films/5883/" "Mozilla/5.0 AppleWebKit/537.36 (KHTML, like Gecko; compatible; GPTBot/1.3; +https://openai.com/gptbot)"
74.7.227.21 - - [16/Apr/2026:00:32:19 +0200] "GET /images/s/actions/5880_2.jpg HTTP/1.1" 200 4626 "https://www.afish-ka.ru/cinema/films/5880/" "Mozilla/5.0 AppleWebKit/537.36 (KHTML, like Gecko; compatible; GPTBot/1.3; +https://openai.com/gptbot)"
74.7.227.21 - - [16/Apr/2026:00:32:19 +0200] "GET /images/s/actions/5911_4.jpg HTTP/1.1" 200 6624 "https://www.afish-ka.ru/cinema/films/5911/" "Mozilla/5.0 AppleWebKit/537.36 (KHTML, like Gecko; compatible; GPTBot/1.3; +https://openai.com/gptbot)"
74.7.227.21 - - [16/Apr/2026:00:32:20 +0200] "GET /images/b/actions/5884_3.jpg HTTP/1.1" 200 61432 "https://www.afish-ka.ru/cinema/films/5884/" "Mozilla/5.0 AppleWebKit/537.36 (KHTML, like Gecko; compatible; GPTBot/1.3; +https://openai.com/gptbot)"
74.7.227.21 - - [16/Apr/2026:00:32:21 +0200] "GET /images/s/actions/5884_2.jpg HTTP/1.1" 200 6109 "https://www.afish-ka.ru/cinema/films/5884/" "Mozilla/5.0 AppleWebKit/537.36 (KHTML, like Gecko; compatible; GPTBot/1.3; +https://openai.com/gptbot)"
74.7.227.21 - - [16/Apr/2026:00:32:21 +0200] "GET /images/s/actions/5977_4.jpg HTTP/1.1" 200 6283 "https://www.afish-ka.ru/cinema/films/5977/" "Mozilla/5.0 AppleWebKit/537.36 (KHTML, like Gecko; compatible; GPTBot/1.3; +https://openai.com/gptbot)"
74.7.227.21 - - [16/Apr/2026:00:32:22 +0200] "GET /images/s/actions/5880_4.jpg HTTP/1.1" 200 6169 "https://www.afish-ka.ru/cinema/films/5880/" "Mozilla/5.0 AppleWebKit/537.36 (KHTML, like Gecko; compatible; GPTBot/1.3; +https://openai.com/gptbot)"
74.7.227.21 - - [16/Apr/2026:00:32:22 +0200] "GET /images/b/actions/5911_4.jpg HTTP/1.1" 200 75438 "https://www.afish-ka.ru/cinema/films/5911/" "Mozilla/5.0 AppleWebKit/537.36 (KHTML, like Gecko; compatible; GPTBot/1.3; +https://openai.com/gptbot)"
74.7.227.21 - - [16/Apr/2026:00:32:23 +0200] "GET /images/b/actions/5977_3.jpg HTTP/1.1" 200 44533 "https://www.afish-ka.ru/cinema/films/5977/" "Mozilla/5.0 AppleWebKit/537.36 (KHTML, like Gecko; compatible; GPTBot/1.3; +https://openai.com/gptbot)"
74.7.227.21 - - [16/Apr/2026:00:32:23 +0200] "GET /images/s/actions/5899_3.jpg HTTP/1.1" 200 6555 "https://www.afish-ka.ru/cinema/films/5899/" "Mozilla/5.0 AppleWebKit/537.36 (KHTML, like Gecko; compatible; GPTBot/1.3; +https://openai.com/gptbot)"
74.7.227.21 - - [16/Apr/2026:00:32:24 +0200] "GET /images/s/actions/5911_3.jpg HTTP/1.1" 200 6606 "https://www.afish-ka.ru/cinema/films/5911/" "Mozilla/5.0 AppleWebKit/537.36 (KHTML, like Gecko; compatible; GPTBot/1.3; +https://openai.com/gptbot)"
51.68.247.218 - - [16/Apr/2026:00:32:23 +0200] "GET /cinema/films/5611/ HTTP/1.1" 200 10592 "-" "Mozilla/5.0 (compatible; AhrefsBot/7.0; +http://ahrefs.com/robot/)"
74.7.227.21 - - [16/Apr/2026:00:32:24 +0200] "GET /images/b/actions/5899_4.jpg HTTP/1.1" 200 31013 "https://www.afish-ka.ru/cinema/films/5899/" "Mozilla/5.0 AppleWebKit/537.36 (KHTML, like Gecko; compatible; GPTBot/1.3; +https://openai.com/gptbot)"
74.7.227.21 - - [16/Apr/2026:00:32:25 +0200] "GET /images/s/actions/5880_3.jpg HTTP/1.1" 200 5521 "https://www.afish-ka.ru/cinema/films/5880/" "Mozilla/5.0 AppleWebKit/537.36 (KHTML, like Gecko; compatible; GPTBot/1.3; +https://openai.com/gptbot)"
74.7.227.21 - - [16/Apr/2026:00:32:25 +0200] "GET /images/b/actions/5880_2.jpg HTTP/1.1" 200 22758 "https://www.afish-ka.ru/cinema/films/5880/" "Mozilla/5.0 AppleWebKit/537.36 (KHTML, like Gecko; compatible; GPTBot/1.3; +https://openai.com/gptbot)"
74.7.227.21 - - [16/Apr/2026:00:32:26 +0200] "GET /images/b/actions/5977_2.jpg HTTP/1.1" 200 29063 "https://www.afish-ka.ru/cinema/films/5977/" "Mozilla/5.0 AppleWebKit/537.36 (KHTML, like Gecko; compatible; GPTBot/1.3; +https://openai.com/gptbot)"
74.7.227.21 - - [16/Apr/2026:00:32:26 +0200] "GET /images/b/actions/5899_1.jpg HTTP/1.1" 200 36872 "https://www.afish-ka.ru/cinema/films/5899/" "Mozilla/5.0 AppleWebKit/537.36 (KHTML, like Gecko; compatible; GPTBot/1.3; +https://openai.com/gptbot)"
74.7.227.21 - - [16/Apr/2026:00:32:27 +0200] "GET /images/b/actions/5977_1.jpg HTTP/1.1" 200 42881 "https://www.afish-ka.ru/cinema/films/5977/" "Mozilla/5.0 AppleWebKit/537.36 (KHTML, like Gecko; compatible; GPTBot/1.3; +https://openai.com/gptbot)"
74.7.227.21 - - [16/Apr/2026:00:32:27 +0200] "GET /images/b/actions/5911_2.jpg HTTP/1.1" 200 35929 "https://www.afish-ka.ru/cinema/films/5911/" "Mozilla/5.0 AppleWebKit/537.36 (KHTML, like Gecko; compatible; GPTBot/1.3; +https://openai.com/gptbot)"
74.7.227.21 - - [16/Apr/2026:00:32:28 +0200] "GET /images/b/actions/5883_4.jpg HTTP/1.1" 200 49657 "https://www.afish-ka.ru/cinema/films/5883/" "Mozilla/5.0 AppleWebKit/537.36 (KHTML, like Gecko; compatible; GPTBot/1.3; +https://openai.com/gptbot)"
74.7.227.21 - - [16/Apr/2026:00:32:28 +0200] "GET /images/b/actions/5899_5.jpg HTTP/1.1" 200 36175 "https://www.afish-ka.ru/cinema/films/5899/" "Mozilla/5.0 AppleWebKit/537.36 (KHTML, like Gecko; compatible; GPTBot/1.3; +https://openai.com/gptbot)"
74.7.227.21 - - [16/Apr/2026:00:32:29 +0200] "GET /images/b/actions/5880_3.jpg HTTP/1.1" 200 25282 "https://www.afish-ka.ru/cinema/films/5880/" "Mozilla/5.0 AppleWebKit/537.36 (KHTML, like Gecko; compatible; GPTBot/1.3; +https://openai.com/gptbot)"
74.7.227.21 - - [16/Apr/2026:00:32:30 +0200] "GET /images/b/actions/5911_1.jpg HTTP/1.1" 200 33717 "https://www.afish-ka.ru/cinema/films/5911/" "Mozilla/5.0 AppleWebKit/537.36 (KHTML, like Gecko; compatible; GPTBot/1.3; +https://openai.com/gptbot)"
74.7.227.21 - - [16/Apr/2026:00:32:30 +0200] "GET /images/b/actions/5884_5.jpg HTTP/1.1" 200 74116 "https://www.afish-ka.ru/cinema/films/5884/" "Mozilla/5.0 AppleWebKit/537.36 (KHTML, like Gecko; compatible; GPTBot/1.3; +https://openai.com/gptbot)"
74.7.227.21 - - [16/Apr/2026:00:32:31 +0200] "GET /images/b/actions/5880_5.jpg HTTP/1.1" 200 33301 "https://www.afish-ka.ru/cinema/films/5880/" "Mozilla/5.0 AppleWebKit/537.36 (KHTML, like Gecko; compatible; GPTBot/1.3; +https://openai.com/gptbot)"
74.7.227.21 - - [16/Apr/2026:00:32:31 +0200] "GET /images/b/actions/5911_3.jpg HTTP/1.1" 200 60812 "https://www.afish-ka.ru/cinema/films/5911/" "Mozilla/5.0 AppleWebKit/537.36 (KHTML, like Gecko; compatible; GPTBot/1.3; +https://openai.com/gptbot)"
74.7.227.21 - - [16/Apr/2026:00:32:32 +0200] "GET /images/s/actions/5899_4.jpg HTTP/1.1" 200 4672 "https://www.afish-ka.ru/cinema/films/5899/" "Mozilla/5.0 AppleWebKit/537.36 (KHTML, like Gecko; compatible; GPTBot/1.3; +https://openai.com/gptbot)"
113.163.117.169 - - [16/Apr/2026:00:32:31 +0200] "GET /cinema/films/217/opinions/ HTTP/1.1" 200 9358 "-" "Mozilla/5.0 (Macintosh; Intel Mac OS X 11.1; rv:130.0) Gecko/20100101 Firefox/130.0"
74.7.227.21 - - [16/Apr/2026:00:32:32 +0200] "GET /images/b/actions/5899_3.jpg HTTP/1.1" 200 42726 "https://www.afish-ka.ru/cinema/films/5899/" "Mozilla/5.0 AppleWebKit/537.36 (KHTML, like Gecko; compatible; GPTBot/1.3; +https://openai.com/gptbot)"
74.7.227.21 - - [16/Apr/2026:00:32:33 +0200] "GET /images/b/actions/5880_1.jpg HTTP/1.1" 200 27911 "https://www.afish-ka.ru/cinema/films/5880/" "Mozilla/5.0 AppleWebKit/537.36 (KHTML, like Gecko; compatible; GPTBot/1.3; +https://openai.com/gptbot)"
74.7.227.21 - - [16/Apr/2026:00:32:33 +0200] "GET /images/b/actions/5977_4.jpg HTTP/1.1" 200 38412 "https://www.afish-ka.ru/cinema/films/5977/" "Mozilla/5.0 AppleWebKit/537.36 (KHTML, like Gecko; compatible; GPTBot/1.3; +https://openai.com/gptbot)"
185.191.171.13 - - [16/Apr/2026:00:32:33 +0200] "GET /night_club/parties/2911/opinions/ HTTP/1.1" 200 9302 "-" "Mozilla/5.0 (compatible; SemrushBot/7~bl; +http://www.semrush.com/bot.html)"
74.7.227.21 - - [16/Apr/2026:00:32:34 +0200] "GET /images/s/actions/5883_2.jpg HTTP/1.1" 200 6437 "https://www.afish-ka.ru/cinema/films/5883/" "Mozilla/5.0 AppleWebKit/537.36 (KHTML, like Gecko; compatible; GPTBot/1.3; +https://openai.com/gptbot)"
74.7.227.21 - - [16/Apr/2026:00:32:34 +0200] "GET /images/b/actions/5977_5.jpg HTTP/1.1" 200 42280 "https://www.afish-ka.ru/cinema/films/5977/" "Mozilla/5.0 AppleWebKit/537.36 (KHTML, like Gecko; compatible; GPTBot/1.3; +https://openai.com/gptbot)"
74.7.227.21 - - [16/Apr/2026:00:32:35 +0200] "GET /images/b/actions/5880_4.jpg HTTP/1.1" 200 31457 "https://www.afish-ka.ru/cinema/films/5880/" "Mozilla/5.0 AppleWebKit/537.36 (KHTML, like Gecko; compatible; GPTBot/1.3; +https://openai.com/gptbot)"
74.7.227.21 - - [16/Apr/2026:00:32:35 +0200] "GET /images/s/actions/5911_2.jpg HTTP/1.1" 200 6229 "https://www.afish-ka.ru/cinema/films/5911/" "Mozilla/5.0 AppleWebKit/537.36 (KHTML, like Gecko; compatible; GPTBot/1.3; +https://openai.com/gptbot)"
74.7.227.21 - - [16/Apr/2026:00:32:36 +0200] "GET /images/s/actions/5977_5.jpg HTTP/1.1" 200 7109 "https://www.afish-ka.ru/cinema/films/5977/" "Mozilla/5.0 AppleWebKit/537.36 (KHTML, like Gecko; compatible; GPTBot/1.3; +https://openai.com/gptbot)"
74.7.227.21 - - [16/Apr/2026:00:32:36 +0200] "GET /images/s/actions/5884_5.jpg HTTP/1.1" 200 6990 "https://www.afish-ka.ru/cinema/films/5884/" "Mozilla/5.0 AppleWebKit/537.36 (KHTML, like Gecko; compatible; GPTBot/1.3; +https://openai.com/gptbot)"
74.7.227.21 - - [16/Apr/2026:00:32:37 +0200] "GET /images/s/actions/5911_5.jpg HTTP/1.1" 200 5399 "https://www.afish-ka.ru/cinema/films/5911/" "Mozilla/5.0 AppleWebKit/537.36 (KHTML, like Gecko; compatible; GPTBot/1.3; +https://openai.com/gptbot)"
74.7.227.21 - - [16/Apr/2026:00:32:37 +0200] "GET /images/s/actions/5884_4.jpg HTTP/1.1" 200 5846 "https://www.afish-ka.ru/cinema/films/5884/" "Mozilla/5.0 AppleWebKit/537.36 (KHTML, like Gecko; compatible; GPTBot/1.3; +https://openai.com/gptbot)"
74.7.227.21 - - [16/Apr/2026:00:32:38 +0200] "GET /images/s/actions/5883_3.jpg HTTP/1.1" 200 7256 "https://www.afish-ka.ru/cinema/films/5883/" "Mozilla/5.0 AppleWebKit/537.36 (KHTML, like Gecko; compatible; GPTBot/1.3; +https://openai.com/gptbot)"
74.7.227.21 - - [16/Apr/2026:00:32:38 +0200] "GET /images/s/actions/5899_5.jpg HTTP/1.1" 200 5473 "https://www.afish-ka.ru/cinema/films/5899/" "Mozilla/5.0 AppleWebKit/537.36 (KHTML, like Gecko; compatible; GPTBot/1.3; +https://openai.com/gptbot)"
74.7.227.21 - - [16/Apr/2026:00:32:39 +0200] "GET /images/s/actions/5883_5.jpg HTTP/1.1" 200 4673 "https://www.afish-ka.ru/cinema/films/5883/" "Mozilla/5.0 AppleWebKit/537.36 (KHTML, like Gecko; compatible; GPTBot/1.3; +https://openai.com/gptbot)"
74.7.227.21 - - [16/Apr/2026:00:32:39 +0200] "GET /images/s/actions/5880_5.jpg HTTP/1.1" 200 5775 "https://www.afish-ka.ru/cinema/films/5880/" "Mozilla/5.0 AppleWebKit/537.36 (KHTML, like Gecko; compatible; GPTBot/1.3; +https://openai.com/gptbot)"
74.7.227.21 - - [16/Apr/2026:00:32:40 +0200] "GET /images/b/posters/5885.jpg HTTP/1.1" 200 75179 "https://www.afish-ka.ru/cinema/films/5885/" "Mozilla/5.0 AppleWebKit/537.36 (KHTML, like Gecko; compatible; GPTBot/1.3; +https://openai.com/gptbot)"
74.7.227.21 - - [16/Apr/2026:00:32:41 +0200] "GET /images/s/posters/5899.jpg HTTP/1.1" 200 16206 "https://www.afish-ka.ru/cinema/films/5899/" "Mozilla/5.0 AppleWebKit/537.36 (KHTML, like Gecko; compatible; GPTBot/1.3; +https://openai.com/gptbot)"
185.191.171.8 - - [16/Apr/2026:00:32:40 +0200] "GET /cinema/films/723/opinions/add/ HTTP/1.1" 200 9524 "-" "Mozilla/5.0 (compatible; SemrushBot/7~bl; +http://www.semrush.com/bot.html)"
74.7.227.21 - - [16/Apr/2026:00:32:41 +0200] "GET /images/s/posters/5883.jpg HTTP/1.1" 200 17028 "https://www.afish-ka.ru/cinema/films/5883/" "Mozilla/5.0 AppleWebKit/537.36 (KHTML, like Gecko; compatible; GPTBot/1.3; +https://openai.com/gptbot)"
74.7.227.21 - - [16/Apr/2026:00:32:42 +0200] "GET /images/s/posters/5977.jpg HTTP/1.1" 200 18929 "https://www.afish-ka.ru/cinema/films/5977/" "Mozilla/5.0 AppleWebKit/537.36 (KHTML, like Gecko; compatible; GPTBot/1.3; +https://openai.com/gptbot)"
74.7.227.21 - - [16/Apr/2026:00:32:42 +0200] "GET /images/s/posters/5880.jpg HTTP/1.1" 200 15792 "https://www.afish-ka.ru/cinema/films/5880/" "Mozilla/5.0 AppleWebKit/537.36 (KHTML, like Gecko; compatible; GPTBot/1.3; +https://openai.com/gptbot)"
74.7.227.21 - - [16/Apr/2026:00:32:43 +0200] "GET /images/s/posters/5911.jpg HTTP/1.1" 200 12129 "https://www.afish-ka.ru/cinema/films/5911/" "Mozilla/5.0 AppleWebKit/537.36 (KHTML, like Gecko; compatible; GPTBot/1.3; +https://openai.com/gptbot)"
74.7.227.21 - - [16/Apr/2026:00:32:43 +0200] "GET /images/b/posters/5883.jpg HTTP/1.1" 200 69781 "https://www.afish-ka.ru/cinema/films/5883/" "Mozilla/5.0 AppleWebKit/537.36 (KHTML, like Gecko; compatible; GPTBot/1.3; +https://openai.com/gptbot)"
74.7.227.21 - - [16/Apr/2026:00:32:44 +0200] "GET /images/b/posters/5911.jpg HTTP/1.1" 200 70899 "https://www.afish-ka.ru/cinema/films/5911/" "Mozilla/5.0 AppleWebKit/537.36 (KHTML, like Gecko; compatible; GPTBot/1.3; +https://openai.com/gptbot)"
66.249.66.197 - - [16/Apr/2026:00:32:43 +0200] "GET /cinema/films/107/opinions/ HTTP/1.1" 200 9396 "-" "Mozilla/5.0 (Linux; Android 6.0.1; Nexus 5X Build/MMB29P) AppleWebKit/537.36 (KHTML, like Gecko) Chrome/146.0.7680.177 Mobile Safari/537.36 (compatible; Googlebot/2.1; +http://www.google.com/bot.html)"
116.179.32.207 - - [16/Apr/2026:00:32:44 +0200] "GET /images/b/actions/4431_1.jpg HTTP/1.1" 200 49764 "-" "Baiduspider-image+(+http://www.baidu.com/search/spider.htm)"
74.7.227.21 - - [16/Apr/2026:00:32:44 +0200] "GET /images/b/posters/5880.jpg HTTP/1.1" 200 90944 "https://www.afish-ka.ru/cinema/films/5880/" "Mozilla/5.0 AppleWebKit/537.36 (KHTML, like Gecko; compatible; GPTBot/1.3; +https://openai.com/gptbot)"
74.7.227.21 - - [16/Apr/2026:00:32:45 +0200] "GET /images/b/posters/5899.jpg HTTP/1.1" 200 80254 "https://www.afish-ka.ru/cinema/films/5899/" "Mozilla/5.0 AppleWebKit/537.36 (KHTML, like Gecko; compatible; GPTBot/1.3; +https://openai.com/gptbot)"
74.7.227.21 - - [16/Apr/2026:00:32:45 +0200] "GET /images/b/posters/5977.jpg HTTP/1.1" 200 66046 "https://www.afish-ka.ru/cinema/films/5977/" "Mozilla/5.0 AppleWebKit/537.36 (KHTML, like Gecko; compatible; GPTBot/1.3; +https://openai.com/gptbot)"
74.7.227.21 - - [16/Apr/2026:00:32:46 +0200] "GET /images/s/posters/5885.jpg HTTP/1.1" 200 14949 "https://www.afish-ka.ru/cinema/films/5885/" "Mozilla/5.0 AppleWebKit/537.36 (KHTML, like Gecko; compatible; GPTBot/1.3; +https://openai.com/gptbot)"
176.31.139.14 - - [16/Apr/2026:00:32:46 +0200] "GET /theater/actions/1840/opinions/add/?parent=20488 HTTP/1.1" 200 9571 "-" "Mozilla/5.0 (compatible; AhrefsBot/7.0; +http://ahrefs.com/robot/)"
74.7.227.21 - - [16/Apr/2026:00:32:46 +0200] "GET /cinema/films/5997/ HTTP/1.1" 200 5906 "https://www.afish-ka.ru/02-10-2021/" "Mozilla/5.0 AppleWebKit/537.36 (KHTML, like Gecko; compatible; GPTBot/1.3; +https://openai.com/gptbot)"
74.7.227.21 - - [16/Apr/2026:00:32:47 +0200] "GET /cinema/films/5994/ HTTP/1.1" 200 6825 "https://www.afish-ka.ru/02-10-2021/" "Mozilla/5.0 AppleWebKit/537.36 (KHTML, like Gecko; compatible; GPTBot/1.3; +https://openai.com/gptbot)"
74.7.227.21 - - [16/Apr/2026:00:32:47 +0200] "GET /cinema/films/5998/ HTTP/1.1" 200 5890 "https://www.afish-ka.ru/02-10-2021/" "Mozilla/5.0 AppleWebKit/537.36 (KHTML, like Gecko; compatible; GPTBot/1.3; +https://openai.com/gptbot)"
74.7.227.21 - - [16/Apr/2026:00:32:48 +0200] "GET /cinema/films/5996/ HTTP/1.1" 200 6672 "https://www.afish-ka.ru/02-10-2021/" "Mozilla/5.0 AppleWebKit/537.36 (KHTML, like Gecko; compatible; GPTBot/1.3; +https://openai.com/gptbot)"
74.7.227.21 - - [16/Apr/2026:00:32:49 +0200] "GET /cinema/films/5992/ HTTP/1.1" 200 6747 "https://www.afish-ka.ru/02-10-2021/" "Mozilla/5.0 AppleWebKit/537.36 (KHTML, like Gecko; compatible; GPTBot/1.3; +https://openai.com/gptbot)"
