74.7.227.21 - - [16/Apr/2026:01:16:55 +0200] "GET /images/s/actions/4696_4.jpg HTTP/1.1" 200 7353 "https://www.afish-ka.ru/cinema/films/4696/" "Mozilla/5.0 AppleWebKit/537.36 (KHTML, like Gecko; compatible; GPTBot/1.3; +https://openai.com/gptbot)"
74.7.227.21 - - [16/Apr/2026:01:16:56 +0200] "GET /images/b/actions/1117_1.jpg HTTP/1.1" 200 138233 "https://www.afish-ka.ru/city/actions/1117/" "Mozilla/5.0 AppleWebKit/537.36 (KHTML, like Gecko; compatible; GPTBot/1.3; +https://openai.com/gptbot)"
74.7.227.21 - - [16/Apr/2026:01:16:56 +0200] "GET /city/249/ HTTP/1.1" 200 6033 "https://www.afish-ka.ru/28-04-2013/" "Mozilla/5.0 AppleWebKit/537.36 (KHTML, like Gecko; compatible; GPTBot/1.3; +https://openai.com/gptbot)"
74.7.227.21 - - [16/Apr/2026:01:16:57 +0200] "GET /city/267/ HTTP/1.1" 200 6028 "https://www.afish-ka.ru/07-09-2013/" "Mozilla/5.0 AppleWebKit/537.36 (KHTML, like Gecko; compatible; GPTBot/1.3; +https://openai.com/gptbot)"
74.7.227.21 - - [16/Apr/2026:01:16:58 +0200] "GET /city/186/ HTTP/1.1" 200 6090 "https://www.afish-ka.ru/12-01-2012/" "Mozilla/5.0 AppleWebKit/537.36 (KHTML, like Gecko; compatible; GPTBot/1.3; +https://openai.com/gptbot)"
74.7.227.21 - - [16/Apr/2026:01:16:58 +0200] "GET /city/270/ HTTP/1.1" 200 5997 "https://www.afish-ka.ru/31-08-2013/" "Mozilla/5.0 AppleWebKit/537.36 (KHTML, like Gecko; compatible; GPTBot/1.3; +https://openai.com/gptbot)"
74.7.227.21 - - [16/Apr/2026:01:16:59 +0200] "GET /city/243/ HTTP/1.1" 200 5978 "https://www.afish-ka.ru/09-05-2013/" "Mozilla/5.0 AppleWebKit/537.36 (KHTML, like Gecko; compatible; GPTBot/1.3; +https://openai.com/gptbot)"
74.7.227.21 - - [16/Apr/2026:01:16:59 +0200] "GET /city/273/ HTTP/1.1" 200 6008 "https://www.afish-ka.ru/13-09-2015/" "Mozilla/5.0 AppleWebKit/537.36 (KHTML, like Gecko; compatible; GPTBot/1.3; +https://openai.com/gptbot)"
74.7.227.21 - - [16/Apr/2026:01:17:00 +0200] "GET /city/238/ HTTP/1.1" 200 6033 "https://www.afish-ka.ru/26-02-2013/" "Mozilla/5.0 AppleWebKit/537.36 (KHTML, like Gecko; compatible; GPTBot/1.3; +https://openai.com/gptbot)"
74.7.227.21 - - [16/Apr/2026:01:17:00 +0200] "GET /city/220/ HTTP/1.1" 200 6632 "https://www.afish-ka.ru/18-09-2012/" "Mozilla/5.0 AppleWebKit/537.36 (KHTML, like Gecko; compatible; GPTBot/1.3; +https://openai.com/gptbot)"
74.7.227.21 - - [16/Apr/2026:01:17:01 +0200] "GET /city/174/ HTTP/1.1" 200 6017 "https://www.afish-ka.ru/17-07-2011/" "Mozilla/5.0 AppleWebKit/537.36 (KHTML, like Gecko; compatible; GPTBot/1.3; +https://openai.com/gptbot)"
74.7.227.21 - - [16/Apr/2026:01:17:02 +0200] "GET /city/201/ HTTP/1.1" 200 6181 "https://www.afish-ka.ru/17-03-2013/" "Mozilla/5.0 AppleWebKit/537.36 (KHTML, like Gecko; compatible; GPTBot/1.3; +https://openai.com/gptbot)"
74.7.227.21 - - [16/Apr/2026:01:17:02 +0200] "GET /city/122/ HTTP/1.1" 200 6032 "https://www.afish-ka.ru/28-04-2011/" "Mozilla/5.0 AppleWebKit/537.36 (KHTML, like Gecko; compatible; GPTBot/1.3; +https://openai.com/gptbot)"
74.7.227.21 - - [16/Apr/2026:01:17:03 +0200] "GET /city/248/ HTTP/1.1" 200 6134 "https://www.afish-ka.ru/01-05-2013/" "Mozilla/5.0 AppleWebKit/537.36 (KHTML, like Gecko; compatible; GPTBot/1.3; +https://openai.com/gptbot)"
74.7.227.21 - - [16/Apr/2026:01:17:03 +0200] "GET /city/261/ HTTP/1.1" 200 5938 "https://www.afish-ka.ru/24-09-2013/" "Mozilla/5.0 AppleWebKit/537.36 (KHTML, like Gecko; compatible; GPTBot/1.3; +https://openai.com/gptbot)"
74.7.227.21 - - [16/Apr/2026:01:17:04 +0200] "GET /city/263/ HTTP/1.1" 200 5996 "https://www.afish-ka.ru/10-08-2013/" "Mozilla/5.0 AppleWebKit/537.36 (KHTML, like Gecko; compatible; GPTBot/1.3; +https://openai.com/gptbot)"
74.7.227.21 - - [16/Apr/2026:01:17:05 +0200] "GET /city/203/ HTTP/1.1" 200 6201 "https://www.afish-ka.ru/01-06-2012/" "Mozilla/5.0 AppleWebKit/537.36 (KHTML, like Gecko; compatible; GPTBot/1.3; +https://openai.com/gptbot)"
74.7.227.21 - - [16/Apr/2026:01:17:05 +0200] "GET /city/258/ HTTP/1.1" 200 6029 "https://www.afish-ka.ru/25-08-2013/" "Mozilla/5.0 AppleWebKit/537.36 (KHTML, like Gecko; compatible; GPTBot/1.3; +https://openai.com/gptbot)"
74.7.227.21 - - [16/Apr/2026:01:17:06 +0200] "GET /city/235/ HTTP/1.1" 200 5996 "https://www.afish-ka.ru/09-05-2013/" "Mozilla/5.0 AppleWebKit/537.36 (KHTML, like Gecko; compatible; GPTBot/1.3; +https://openai.com/gptbot)"
74.7.227.21 - - [16/Apr/2026:01:17:06 +0200] "GET /city/207/ HTTP/1.1" 200 5925 "https://www.afish-ka.ru/18-06-2012/" "Mozilla/5.0 AppleWebKit/537.36 (KHTML, like Gecko; compatible; GPTBot/1.3; +https://openai.com/gptbot)"
47.128.117.46 - - [16/Apr/2026:01:17:07 +0200] "GET /09-08-2025/ HTTP/1.1" 200 9664 "-" "Mozilla/5.0 (Linux; Android 5.0) AppleWebKit/537.36 (KHTML, like Gecko) Mobile Safari/537.36 (compatible; TikTokSpider; ttspider-feedback@tiktok.com)"
74.7.227.21 - - [16/Apr/2026:01:17:07 +0200] "GET /city/237/ HTTP/1.1" 200 6573 "https://www.afish-ka.ru/08-02-2013/" "Mozilla/5.0 AppleWebKit/537.36 (KHTML, like Gecko; compatible; GPTBot/1.3; +https://openai.com/gptbot)"
74.7.227.21 - - [16/Apr/2026:01:17:07 +0200] "GET /city/209/ HTTP/1.1" 200 6023 "https://www.afish-ka.ru/12-06-2013/" "Mozilla/5.0 AppleWebKit/537.36 (KHTML, like Gecko; compatible; GPTBot/1.3; +https://openai.com/gptbot)"
74.7.227.21 - - [16/Apr/2026:01:17:08 +0200] "GET /images/b/firms/201_1.jpg HTTP/1.1" 200 16066 "https://www.afish-ka.ru/city/201/" "Mozilla/5.0 AppleWebKit/537.36 (KHTML, like Gecko; compatible; GPTBot/1.3; +https://openai.com/gptbot)"
74.7.227.21 - - [16/Apr/2026:01:17:09 +0200] "GET /images/s/firms/201_1.jpg HTTP/1.1" 200 5867 "https://www.afish-ka.ru/city/201/" "Mozilla/5.0 AppleWebKit/537.36 (KHTML, like Gecko; compatible; GPTBot/1.3; +https://openai.com/gptbot)"
74.7.227.21 - - [16/Apr/2026:01:17:09 +0200] "GET /city/251/ HTTP/1.1" 200 6017 "https://www.afish-ka.ru/18-05-2013/" "Mozilla/5.0 AppleWebKit/537.36 (KHTML, like Gecko; compatible; GPTBot/1.3; +https://openai.com/gptbot)"
185.191.171.19 - - [16/Apr/2026:01:17:10 +0200] "GET /robots.txt HTTP/1.1" 200 4245 "-" "Mozilla/5.0 (compatible; SemrushBot/7~bl; +http://www.semrush.com/bot.html)"
74.7.227.21 - - [16/Apr/2026:01:17:10 +0200] "GET /city/257/ HTTP/1.1" 200 6034 "https://www.afish-ka.ru/15-08-2013/" "Mozilla/5.0 AppleWebKit/537.36 (KHTML, like Gecko; compatible; GPTBot/1.3; +https://openai.com/gptbot)"
74.7.227.21 - - [16/Apr/2026:01:17:10 +0200] "GET /city/253/ HTTP/1.1" 200 6012 "https://www.afish-ka.ru/18-05-2013/" "Mozilla/5.0 AppleWebKit/537.36 (KHTML, like Gecko; compatible; GPTBot/1.3; +https://openai.com/gptbot)"
185.191.171.7 - - [16/Apr/2026:01:17:10 +0200] "GET /restaurant/24/opinions/add/?parent=52704 HTTP/1.1" 200 9493 "-" "Mozilla/5.0 (compatible; SemrushBot/7~bl; +http://www.semrush.com/bot.html)"
74.7.227.21 - - [16/Apr/2026:01:17:11 +0200] "GET /city/239/ HTTP/1.1" 200 6052 "https://www.afish-ka.ru/18-03-2013/" "Mozilla/5.0 AppleWebKit/537.36 (KHTML, like Gecko; compatible; GPTBot/1.3; +https://openai.com/gptbot)"
74.7.227.21 - - [16/Apr/2026:01:17:11 +0200] "GET /city/272/ HTTP/1.1" 200 5986 "https://www.afish-ka.ru/07-09-2013/" "Mozilla/5.0 AppleWebKit/537.36 (KHTML, like Gecko; compatible; GPTBot/1.3; +https://openai.com/gptbot)"
74.7.227.21 - - [16/Apr/2026:01:17:12 +0200] "GET /cafe/102/ HTTP/1.1" 200 6089 "https://www.afish-ka.ru/cafe/3.html" "Mozilla/5.0 AppleWebKit/537.36 (KHTML, like Gecko; compatible; GPTBot/1.3; +https://openai.com/gptbot)"
74.7.227.21 - - [16/Apr/2026:01:17:13 +0200] "GET /city/231/ HTTP/1.1" 200 6032 "https://www.afish-ka.ru/23-08-2013/" "Mozilla/5.0 AppleWebKit/537.36 (KHTML, like Gecko; compatible; GPTBot/1.3; +https://openai.com/gptbot)"
84.54.70.47 - - [16/Apr/2026:01:17:13 +0200] "GET /cinema/films/5907/opinions/cinema/films/cinema/films/5907/ HTTP/1.1" 200 9370 "-" "Mozilla/5.0 (Macintosh; Intel Mac OS X 10_15_7) AppleWebKit/537.36 (KHTML, like Gecko) Chrome/143.0.0.0 Safari/537.36"
74.7.227.21 - - [16/Apr/2026:01:17:13 +0200] "GET /city/255/ HTTP/1.1" 200 6022 "https://www.afish-ka.ru/29-06-2013/" "Mozilla/5.0 AppleWebKit/537.36 (KHTML, like Gecko; compatible; GPTBot/1.3; +https://openai.com/gptbot)"
74.7.227.21 - - [16/Apr/2026:01:17:14 +0200] "GET /city/240/ HTTP/1.1" 200 9819 "https://www.afish-ka.ru/31-03-2016/" "Mozilla/5.0 AppleWebKit/537.36 (KHTML, like Gecko; compatible; GPTBot/1.3; +https://openai.com/gptbot)"
176.31.139.5 - - [16/Apr/2026:01:17:15 +0200] "GET /cinema/films/5329/opinions/add/?parent=56039 HTTP/1.1" 200 9552 "-" "Mozilla/5.0 (compatible; AhrefsBot/7.0; +http://ahrefs.com/robot/)"
74.7.227.21 - - [16/Apr/2026:01:17:15 +0200] "GET /city/208/ HTTP/1.1" 200 6021 "https://www.afish-ka.ru/20-07-2013/" "Mozilla/5.0 AppleWebKit/537.36 (KHTML, like Gecko; compatible; GPTBot/1.3; +https://openai.com/gptbot)"
74.7.227.21 - - [16/Apr/2026:01:17:15 +0200] "GET /city/202/ HTTP/1.1" 200 6030 "https://www.afish-ka.ru/26-01-2013/" "Mozilla/5.0 AppleWebKit/537.36 (KHTML, like Gecko; compatible; GPTBot/1.3; +https://openai.com/gptbot)"
74.7.227.21 - - [16/Apr/2026:01:17:16 +0200] "GET /city/286/ HTTP/1.1" 200 6436 "https://www.afish-ka.ru/09-01-2016/" "Mozilla/5.0 AppleWebKit/537.36 (KHTML, like Gecko; compatible; GPTBot/1.3; +https://openai.com/gptbot)"
74.7.227.21 - - [16/Apr/2026:01:17:16 +0200] "GET /theater/actions/3398/opinions/ HTTP/1.1" 200 5601 "https://www.afish-ka.ru/05-02-2015/" "Mozilla/5.0 AppleWebKit/537.36 (KHTML, like Gecko; compatible; GPTBot/1.3; +https://openai.com/gptbot)"
74.7.227.21 - - [16/Apr/2026:01:17:17 +0200] "GET /cinema/films/5559/ HTTP/1.1" 200 6458 "https://www.afish-ka.ru/28-12-2019/" "Mozilla/5.0 AppleWebKit/537.36 (KHTML, like Gecko; compatible; GPTBot/1.3; +https://openai.com/gptbot)"
74.7.227.21 - - [16/Apr/2026:01:17:18 +0200] "GET /cinema/films/5333/ HTTP/1.1" 200 6602 "https://www.afish-ka.ru/23-04-2019/" "Mozilla/5.0 AppleWebKit/537.36 (KHTML, like Gecko; compatible; GPTBot/1.3; +https://openai.com/gptbot)"
185.191.171.1 - - [16/Apr/2026:01:17:18 +0200] "GET /links.php?go=https%3A%2F%2Fcatalog.moe.go.th%2Fuploads%2Fuser%2F2022-11-29-212519.058655mahjong3.html HTTP/1.1" 200 5787 "-" "Mozilla/5.0 (compatible; SemrushBot/7~bl; +http://www.semrush.com/bot.html)"
74.7.227.21 - - [16/Apr/2026:01:17:18 +0200] "GET /cinema/films/3777/ HTTP/1.1" 200 6673 "https://www.afish-ka.ru/09-01-2016/" "Mozilla/5.0 AppleWebKit/537.36 (KHTML, like Gecko; compatible; GPTBot/1.3; +https://openai.com/gptbot)"
74.7.227.21 - - [16/Apr/2026:01:17:19 +0200] "GET /cinema/films/2224/ HTTP/1.1" 200 6693 "https://www.afish-ka.ru/13-10-2012/" "Mozilla/5.0 AppleWebKit/537.36 (KHTML, like Gecko; compatible; GPTBot/1.3; +https://openai.com/gptbot)"
74.7.227.21 - - [16/Apr/2026:01:17:20 +0200] "GET /cinema/films/4441/ HTTP/1.1" 200 6470 "https://www.afish-ka.ru/30-05-2017/" "Mozilla/5.0 AppleWebKit/537.36 (KHTML, like Gecko; compatible; GPTBot/1.3; +https://openai.com/gptbot)"
74.7.227.21 - - [16/Apr/2026:01:17:20 +0200] "GET /cinema/films/1000/ HTTP/1.1" 200 6647 "https://www.afish-ka.ru/25-04-2010/" "Mozilla/5.0 AppleWebKit/537.36 (KHTML, like Gecko; compatible; GPTBot/1.3; +https://openai.com/gptbot)"
74.7.227.21 - - [16/Apr/2026:01:17:21 +0200] "GET /cinema/films/1119/ HTTP/1.1" 200 6872 "https://www.afish-ka.ru/12-10-2010/" "Mozilla/5.0 AppleWebKit/537.36 (KHTML, like Gecko; compatible; GPTBot/1.3; +https://openai.com/gptbot)"
74.7.227.21 - - [16/Apr/2026:01:17:21 +0200] "GET /cinema/films/3338/ HTTP/1.1" 200 6899 "https://www.afish-ka.ru/14-01-2015/" "Mozilla/5.0 AppleWebKit/537.36 (KHTML, like Gecko; compatible; GPTBot/1.3; +https://openai.com/gptbot)"
74.7.227.21 - - [16/Apr/2026:01:17:22 +0200] "GET /cinema/films/3337/ HTTP/1.1" 200 6672 "https://www.afish-ka.ru/23-12-2014/" "Mozilla/5.0 AppleWebKit/537.36 (KHTML, like Gecko; compatible; GPTBot/1.3; +https://openai.com/gptbot)"
74.7.227.21 - - [16/Apr/2026:01:17:23 +0200] "GET /cinema/films/6222/ HTTP/1.1" 200 5883 "https://www.afish-ka.ru/17-05-2022/" "Mozilla/5.0 AppleWebKit/537.36 (KHTML, like Gecko; compatible; GPTBot/1.3; +https://openai.com/gptbot)"
74.7.227.21 - - [16/Apr/2026:01:17:23 +0200] "GET /cinema/films/3888/ HTTP/1.1" 200 6862 "https://www.afish-ka.ru/06-04-2016/" "Mozilla/5.0 AppleWebKit/537.36 (KHTML, like Gecko; compatible; GPTBot/1.3; +https://openai.com/gptbot)"
74.7.227.21 - - [16/Apr/2026:01:17:24 +0200] "GET /images/b/actions/5559_3.jpg HTTP/1.1" 200 44594 "https://www.afish-ka.ru/cinema/films/5559/" "Mozilla/5.0 AppleWebKit/537.36 (KHTML, like Gecko; compatible; GPTBot/1.3; +https://openai.com/gptbot)"
74.7.227.21 - - [16/Apr/2026:01:17:25 +0200] "GET /images/b/actions/5333_2.jpg HTTP/1.1" 200 65905 "https://www.afish-ka.ru/cinema/films/5333/" "Mozilla/5.0 AppleWebKit/537.36 (KHTML, like Gecko; compatible; GPTBot/1.3; +https://openai.com/gptbot)"
74.7.227.21 - - [16/Apr/2026:01:17:25 +0200] "GET /images/b/actions/3777_2.jpg HTTP/1.1" 200 55772 "https://www.afish-ka.ru/cinema/films/3777/" "Mozilla/5.0 AppleWebKit/537.36 (KHTML, like Gecko; compatible; GPTBot/1.3; +https://openai.com/gptbot)"
74.7.227.21 - - [16/Apr/2026:01:17:26 +0200] "GET /images/b/actions/2224_3.jpg HTTP/1.1" 200 19306 "https://www.afish-ka.ru/cinema/films/2224/" "Mozilla/5.0 AppleWebKit/537.36 (KHTML, like Gecko; compatible; GPTBot/1.3; +https://openai.com/gptbot)"
74.7.227.21 - - [16/Apr/2026:01:17:26 +0200] "GET /images/b/actions/5333_1.jpg HTTP/1.1" 200 47238 "https://www.afish-ka.ru/cinema/films/5333/" "Mozilla/5.0 AppleWebKit/537.36 (KHTML, like Gecko; compatible; GPTBot/1.3; +https://openai.com/gptbot)"
74.7.227.21 - - [16/Apr/2026:01:17:27 +0200] "GET /images/b/actions/1000_3.jpg HTTP/1.1" 200 54796 "https://www.afish-ka.ru/cinema/films/1000/" "Mozilla/5.0 AppleWebKit/537.36 (KHTML, like Gecko; compatible; GPTBot/1.3; +https://openai.com/gptbot)"
74.7.227.21 - - [16/Apr/2026:01:17:27 +0200] "GET /images/b/actions/1000_5.jpg HTTP/1.1" 200 91318 "https://www.afish-ka.ru/cinema/films/1000/" "Mozilla/5.0 AppleWebKit/537.36 (KHTML, like Gecko; compatible; GPTBot/1.3; +https://openai.com/gptbot)"
74.7.227.21 - - [16/Apr/2026:01:17:28 +0200] "GET /images/b/actions/3338_5.jpg HTTP/1.1" 200 29711 "https://www.afish-ka.ru/cinema/films/3338/" "Mozilla/5.0 AppleWebKit/537.36 (KHTML, like Gecko; compatible; GPTBot/1.3; +https://openai.com/gptbot)"
74.7.227.21 - - [16/Apr/2026:01:17:28 +0200] "GET /images/b/actions/3337_5.jpg HTTP/1.1" 200 11460 "https://www.afish-ka.ru/cinema/films/3337/" "Mozilla/5.0 AppleWebKit/537.36 (KHTML, like Gecko; compatible; GPTBot/1.3; +https://openai.com/gptbot)"
74.7.227.21 - - [16/Apr/2026:01:17:29 +0200] "GET /images/b/actions/3337_1.jpg HTTP/1.1" 200 22025 "https://www.afish-ka.ru/cinema/films/3337/" "Mozilla/5.0 AppleWebKit/537.36 (KHTML, like Gecko; compatible; GPTBot/1.3; +https://openai.com/gptbot)"
216.73.216.57 - - [16/Apr/2026:01:17:29 +0200] "GET /robots.txt HTTP/1.1" 200 4257 "-" "Mozilla/5.0 AppleWebKit/537.36 (KHTML, like Gecko; compatible; ClaudeBot/1.0; +claudebot@anthropic.com)"
74.7.227.21 - - [16/Apr/2026:01:17:29 +0200] "GET /images/b/actions/3337_4.jpg HTTP/1.1" 200 10464 "https://www.afish-ka.ru/cinema/films/3337/" "Mozilla/5.0 AppleWebKit/537.36 (KHTML, like Gecko; compatible; GPTBot/1.3; +https://openai.com/gptbot)"
216.73.216.57 - - [16/Apr/2026:01:17:29 +0200] "GET /cinema/films/3228/opinions/add/?parent=30005 HTTP/1.1" 200 5779 "-" "Mozilla/5.0 AppleWebKit/537.36 (KHTML, like Gecko; compatible; ClaudeBot/1.0; +claudebot@anthropic.com)"
74.7.227.21 - - [16/Apr/2026:01:17:30 +0200] "GET /images/b/actions/3338_2.jpg HTTP/1.1" 200 33139 "https://www.afish-ka.ru/cinema/films/3338/" "Mozilla/5.0 AppleWebKit/537.36 (KHTML, like Gecko; compatible; GPTBot/1.3; +https://openai.com/gptbot)"
216.73.216.57 - - [16/Apr/2026:01:17:30 +0200] "GET /cinema/films/3228/opinions/add/?parent=30007 HTTP/1.1" 200 5779 "-" "Mozilla/5.0 AppleWebKit/537.36 (KHTML, like Gecko; compatible; ClaudeBot/1.0; +claudebot@anthropic.com)"
74.7.227.21 - - [16/Apr/2026:01:17:30 +0200] "GET /images/b/actions/3888_2.jpg HTTP/1.1" 200 52076 "https://www.afish-ka.ru/cinema/films/3888/" "Mozilla/5.0 AppleWebKit/537.36 (KHTML, like Gecko; compatible; GPTBot/1.3; +https://openai.com/gptbot)"
216.73.216.57 - - [16/Apr/2026:01:17:30 +0200] "GET /cinema/films/3070/opinions/add/?parent=28792 HTTP/1.1" 200 5764 "-" "Mozilla/5.0 AppleWebKit/537.36 (KHTML, like Gecko; compatible; ClaudeBot/1.0; +claudebot@anthropic.com)"
74.7.227.21 - - [16/Apr/2026:01:17:31 +0200] "GET /images/b/actions/3337_2.jpg HTTP/1.1" 200 24644 "https://www.afish-ka.ru/cinema/films/3337/" "Mozilla/5.0 AppleWebKit/537.36 (KHTML, like Gecko; compatible; GPTBot/1.3; +https://openai.com/gptbot)"
74.7.227.21 - - [16/Apr/2026:01:17:31 +0200] "GET /images/b/actions/3777_5.jpg HTTP/1.1" 200 69818 "https://www.afish-ka.ru/cinema/films/3777/" "Mozilla/5.0 AppleWebKit/537.36 (KHTML, like Gecko; compatible; GPTBot/1.3; +https://openai.com/gptbot)"
216.73.216.57 - - [16/Apr/2026:01:17:31 +0200] "GET /theater/actions/539 HTTP/1.1" 200 5907 "-" "Mozilla/5.0 AppleWebKit/537.36 (KHTML, like Gecko; compatible; ClaudeBot/1.0; +claudebot@anthropic.com)"
216.73.216.57 - - [16/Apr/2026:01:17:32 +0200] "GET /sitemap.xml HTTP/1.1" 200 157874 "-" "Mozilla/5.0 AppleWebKit/537.36 (KHTML, like Gecko; compatible; ClaudeBot/1.0; +claudebot@anthropic.com)"
74.7.227.21 - - [16/Apr/2026:01:17:32 +0200] "GET /images/b/actions/3777_4.jpg HTTP/1.1" 200 67653 "https://www.afish-ka.ru/cinema/films/3777/" "Mozilla/5.0 AppleWebKit/537.36 (KHTML, like Gecko; compatible; GPTBot/1.3; +https://openai.com/gptbot)"
74.7.227.21 - - [16/Apr/2026:01:17:32 +0200] "GET /images/b/actions/3338_1.jpg HTTP/1.1" 200 42127 "https://www.afish-ka.ru/cinema/films/3338/" "Mozilla/5.0 AppleWebKit/537.36 (KHTML, like Gecko; compatible; GPTBot/1.3; +https://openai.com/gptbot)"
74.7.227.21 - - [16/Apr/2026:01:17:33 +0200] "GET /images/b/actions/5559_2.jpg HTTP/1.1" 200 96143 "https://www.afish-ka.ru/cinema/films/5559/" "Mozilla/5.0 AppleWebKit/537.36 (KHTML, like Gecko; compatible; GPTBot/1.3; +https://openai.com/gptbot)"
74.7.227.21 - - [16/Apr/2026:01:17:34 +0200] "GET /images/b/actions/5333_4.jpg HTTP/1.1" 200 55749 "https://www.afish-ka.ru/cinema/films/5333/" "Mozilla/5.0 AppleWebKit/537.36 (KHTML, like Gecko; compatible; GPTBot/1.3; +https://openai.com/gptbot)"
74.7.227.21 - - [16/Apr/2026:01:17:34 +0200] "GET /images/b/actions/3777_1.jpg HTTP/1.1" 200 46145 "https://www.afish-ka.ru/cinema/films/3777/" "Mozilla/5.0 AppleWebKit/537.36 (KHTML, like Gecko; compatible; GPTBot/1.3; +https://openai.com/gptbot)"
74.7.227.21 - - [16/Apr/2026:01:17:35 +0200] "GET /images/b/actions/3338_4.jpg HTTP/1.1" 200 35680 "https://www.afish-ka.ru/cinema/films/3338/" "Mozilla/5.0 AppleWebKit/537.36 (KHTML, like Gecko; compatible; GPTBot/1.3; +https://openai.com/gptbot)"
74.7.227.21 - - [16/Apr/2026:01:17:35 +0200] "GET /images/b/actions/2224_1.jpg HTTP/1.1" 200 20876 "https://www.afish-ka.ru/cinema/films/2224/" "Mozilla/5.0 AppleWebKit/537.36 (KHTML, like Gecko; compatible; GPTBot/1.3; +https://openai.com/gptbot)"
65.108.125.120 - - [16/Apr/2026:01:17:36 +0200] "GET /robots.txt HTTP/1.1" 200 3802 "-" "Mozilla/5.0 (compatible; MJ12bot/v1.4.8; http://mj12bot.com/)"
74.7.227.21 - - [16/Apr/2026:01:17:36 +0200] "GET /images/b/actions/1000_2.jpg HTTP/1.1" 200 75619 "https://www.afish-ka.ru/cinema/films/1000/" "Mozilla/5.0 AppleWebKit/537.36 (KHTML, like Gecko; compatible; GPTBot/1.3; +https://openai.com/gptbot)"
74.7.227.21 - - [16/Apr/2026:01:17:36 +0200] "GET /images/b/actions/5559_4.jpg HTTP/1.1" 200 59922 "https://www.afish-ka.ru/cinema/films/5559/" "Mozilla/5.0 AppleWebKit/537.36 (KHTML, like Gecko; compatible; GPTBot/1.3; +https://openai.com/gptbot)"
74.7.227.21 - - [16/Apr/2026:01:17:37 +0200] "GET /images/b/actions/5559_1.jpg HTTP/1.1" 200 52075 "https://www.afish-ka.ru/cinema/films/5559/" "Mozilla/5.0 AppleWebKit/537.36 (KHTML, like Gecko; compatible; GPTBot/1.3; +https://openai.com/gptbot)"
74.7.227.21 - - [16/Apr/2026:01:17:37 +0200] "GET /images/b/actions/3888_4.jpg HTTP/1.1" 200 54966 "https://www.afish-ka.ru/cinema/films/3888/" "Mozilla/5.0 AppleWebKit/537.36 (KHTML, like Gecko; compatible; GPTBot/1.3; +https://openai.com/gptbot)"
65.108.125.120 - - [16/Apr/2026:01:17:37 +0200] "GET /cinema/films/667/opinions/add/?parent=5622 HTTP/1.1" 200 9032 "-" "Mozilla/5.0 (compatible; MJ12bot/v1.4.8; http://mj12bot.com/)"
74.7.227.21 - - [16/Apr/2026:01:17:38 +0200] "GET /images/b/actions/3888_1.jpg HTTP/1.1" 200 27119 "https://www.afish-ka.ru/cinema/films/3888/" "Mozilla/5.0 AppleWebKit/537.36 (KHTML, like Gecko; compatible; GPTBot/1.3; +https://openai.com/gptbot)"
74.7.227.21 - - [16/Apr/2026:01:17:38 +0200] "GET /images/b/actions/3888_5.jpg HTTP/1.1" 200 43723 "https://www.afish-ka.ru/cinema/films/3888/" "Mozilla/5.0 AppleWebKit/537.36 (KHTML, like Gecko; compatible; GPTBot/1.3; +https://openai.com/gptbot)"
74.7.227.21 - - [16/Apr/2026:01:17:39 +0200] "GET /images/b/actions/1000_4.jpg HTTP/1.1" 200 86869 "https://www.afish-ka.ru/cinema/films/1000/" "Mozilla/5.0 AppleWebKit/537.36 (KHTML, like Gecko; compatible; GPTBot/1.3; +https://openai.com/gptbot)"
65.108.125.120 - - [16/Apr/2026:01:17:39 +0200] "GET /night_club/11/opinions/add/?parent=19127 HTTP/1.1" 200 9025 "-" "Mozilla/5.0 (compatible; MJ12bot/v1.4.8; http://mj12bot.com/)"
74.7.227.21 - - [16/Apr/2026:01:17:39 +0200] "GET /images/b/actions/1000_1.jpg HTTP/1.1" 200 87946 "https://www.afish-ka.ru/cinema/films/1000/" "Mozilla/5.0 AppleWebKit/537.36 (KHTML, like Gecko; compatible; GPTBot/1.3; +https://openai.com/gptbot)"
74.7.227.21 - - [16/Apr/2026:01:17:40 +0200] "GET /images/s/actions/5559_5.jpg HTTP/1.1" 200 6033 "https://www.afish-ka.ru/cinema/films/5559/" "Mozilla/5.0 AppleWebKit/537.36 (KHTML, like Gecko; compatible; GPTBot/1.3; +https://openai.com/gptbot)"
74.7.227.21 - - [16/Apr/2026:01:17:40 +0200] "GET /images/s/actions/3338_2.jpg HTTP/1.1" 200 8174 "https://www.afish-ka.ru/cinema/films/3338/" "Mozilla/5.0 AppleWebKit/537.36 (KHTML, like Gecko; compatible; GPTBot/1.3; +https://openai.com/gptbot)"
74.7.227.21 - - [16/Apr/2026:01:17:41 +0200] "GET /images/s/actions/3337_3.jpg HTTP/1.1" 200 5633 "https://www.afish-ka.ru/cinema/films/3337/" "Mozilla/5.0 AppleWebKit/537.36 (KHTML, like Gecko; compatible; GPTBot/1.3; +https://openai.com/gptbot)"
65.108.125.120 - - [16/Apr/2026:01:17:41 +0200] "GET /theater/actions/1099/opinions/add/ HTTP/1.1" 200 9052 "-" "Mozilla/5.0 (compatible; MJ12bot/v1.4.8; http://mj12bot.com/)"
74.7.227.21 - - [16/Apr/2026:01:17:41 +0200] "GET /images/b/actions/3338_3.jpg HTTP/1.1" 200 37758 "https://www.afish-ka.ru/cinema/films/3338/" "Mozilla/5.0 AppleWebKit/537.36 (KHTML, like Gecko; compatible; GPTBot/1.3; +https://openai.com/gptbot)"
74.7.227.21 - - [16/Apr/2026:01:17:42 +0200] "GET /images/s/actions/5333_5.jpg HTTP/1.1" 200 6805 "https://www.afish-ka.ru/cinema/films/5333/" "Mozilla/5.0 AppleWebKit/537.36 (KHTML, like Gecko; compatible; GPTBot/1.3; +https://openai.com/gptbot)"
74.7.227.21 - - [16/Apr/2026:01:17:43 +0200] "GET /images/s/actions/3777_2.jpg HTTP/1.1" 200 6747 "https://www.afish-ka.ru/cinema/films/3777/" "Mozilla/5.0 AppleWebKit/537.36 (KHTML, like Gecko; compatible; GPTBot/1.3; +https://openai.com/gptbot)"
74.7.227.21 - - [16/Apr/2026:01:17:43 +0200] "GET /images/s/actions/5333_4.jpg HTTP/1.1" 200 5396 "https://www.afish-ka.ru/cinema/films/5333/" "Mozilla/5.0 AppleWebKit/537.36 (KHTML, like Gecko; compatible; GPTBot/1.3; +https://openai.com/gptbot)"
74.7.227.21 - - [16/Apr/2026:01:17:44 +0200] "GET /images/b/actions/5333_5.jpg HTTP/1.1" 200 70054 "https://www.afish-ka.ru/cinema/films/5333/" "Mozilla/5.0 AppleWebKit/537.36 (KHTML, like Gecko; compatible; GPTBot/1.3; +https://openai.com/gptbot)"
74.7.227.21 - - [16/Apr/2026:01:17:44 +0200] "GET /images/s/actions/1000_3.jpg HTTP/1.1" 200 5750 "https://www.afish-ka.ru/cinema/films/1000/" "Mozilla/5.0 AppleWebKit/537.36 (KHTML, like Gecko; compatible; GPTBot/1.3; +https://openai.com/gptbot)"
74.7.227.21 - - [16/Apr/2026:01:17:45 +0200] "GET /images/s/actions/1000_2.jpg HTTP/1.1" 200 7016 "https://www.afish-ka.ru/cinema/films/1000/" "Mozilla/5.0 AppleWebKit/537.36 (KHTML, like Gecko; compatible; GPTBot/1.3; +https://openai.com/gptbot)"
74.7.227.21 - - [16/Apr/2026:01:17:45 +0200] "GET /images/s/actions/5333_3.jpg HTTP/1.1" 200 4978 "https://www.afish-ka.ru/cinema/films/5333/" "Mozilla/5.0 AppleWebKit/537.36 (KHTML, like Gecko; compatible; GPTBot/1.3; +https://openai.com/gptbot)"
74.7.227.21 - - [16/Apr/2026:01:17:46 +0200] "GET /images/s/actions/3888_2.jpg HTTP/1.1" 200 6599 "https://www.afish-ka.ru/cinema/films/3888/" "Mozilla/5.0 AppleWebKit/537.36 (KHTML, like Gecko; compatible; GPTBot/1.3; +https://openai.com/gptbot)"
74.7.227.21 - - [16/Apr/2026:01:17:46 +0200] "GET /images/s/actions/3777_5.jpg HTTP/1.1" 200 7798 "https://www.afish-ka.ru/cinema/films/3777/" "Mozilla/5.0 AppleWebKit/537.36 (KHTML, like Gecko; compatible; GPTBot/1.3; +https://openai.com/gptbot)"
74.7.227.21 - - [16/Apr/2026:01:17:47 +0200] "GET /images/s/actions/5559_3.jpg HTTP/1.1" 200 6143 "https://www.afish-ka.ru/cinema/films/5559/" "Mozilla/5.0 AppleWebKit/537.36 (KHTML, like Gecko; compatible; GPTBot/1.3; +https://openai.com/gptbot)"
74.7.227.21 - - [16/Apr/2026:01:17:47 +0200] "GET /images/s/actions/3338_4.jpg HTTP/1.1" 200 7686 "https://www.afish-ka.ru/cinema/films/3338/" "Mozilla/5.0 AppleWebKit/537.36 (KHTML, like Gecko; compatible; GPTBot/1.3; +https://openai.com/gptbot)"
74.7.227.21 - - [16/Apr/2026:01:17:48 +0200] "GET /images/s/actions/3338_5.jpg HTTP/1.1" 200 6246 "https://www.afish-ka.ru/cinema/films/3338/" "Mozilla/5.0 AppleWebKit/537.36 (KHTML, like Gecko; compatible; GPTBot/1.3; +https://openai.com/gptbot)"
74.7.227.21 - - [16/Apr/2026:01:17:48 +0200] "GET /images/s/actions/3337_4.jpg HTTP/1.1" 200 4213 "https://www.afish-ka.ru/cinema/films/3337/" "Mozilla/5.0 AppleWebKit/537.36 (KHTML, like Gecko; compatible; GPTBot/1.3; +https://openai.com/gptbot)"
74.7.227.21 - - [16/Apr/2026:01:17:49 +0200] "GET /images/b/actions/5333_3.jpg HTTP/1.1" 200 37611 "https://www.afish-ka.ru/cinema/films/5333/" "Mozilla/5.0 AppleWebKit/537.36 (KHTML, like Gecko; compatible; GPTBot/1.3; +https://openai.com/gptbot)"
74.7.227.21 - - [16/Apr/2026:01:17:49 +0200] "GET /images/s/actions/1000_5.jpg HTTP/1.1" 200 7992 "https://www.afish-ka.ru/cinema/films/1000/" "Mozilla/5.0 AppleWebKit/537.36 (KHTML, like Gecko; compatible; GPTBot/1.3; +https://openai.com/gptbot)"
74.7.227.21 - - [16/Apr/2026:01:17:50 +0200] "GET /images/s/actions/5559_4.jpg HTTP/1.1" 200 8818 "https://www.afish-ka.ru/cinema/films/5559/" "Mozilla/5.0 AppleWebKit/537.36 (KHTML, like Gecko; compatible; GPTBot/1.3; +https://openai.com/gptbot)"
74.7.227.21 - - [16/Apr/2026:01:17:50 +0200] "GET /images/s/actions/3888_3.jpg HTTP/1.1" 200 5512 "https://www.afish-ka.ru/cinema/films/3888/" "Mozilla/5.0 AppleWebKit/537.36 (KHTML, like Gecko; compatible; GPTBot/1.3; +https://openai.com/gptbot)"
74.7.227.21 - - [16/Apr/2026:01:17:51 +0200] "GET /images/s/actions/3777_3.jpg HTTP/1.1" 200 8463 "https://www.afish-ka.ru/cinema/films/3777/" "Mozilla/5.0 AppleWebKit/537.36 (KHTML, like Gecko; compatible; GPTBot/1.3; +https://openai.com/gptbot)"
74.7.227.21 - - [16/Apr/2026:01:17:51 +0200] "GET /images/s/actions/3777_4.jpg HTTP/1.1" 200 7257 "https://www.afish-ka.ru/cinema/films/3777/" "Mozilla/5.0 AppleWebKit/537.36 (KHTML, like Gecko; compatible; GPTBot/1.3; +https://openai.com/gptbot)"
74.7.227.21 - - [16/Apr/2026:01:17:52 +0200] "GET /images/s/actions/2224_2.jpg HTTP/1.1" 200 5457 "https://www.afish-ka.ru/cinema/films/2224/" "Mozilla/5.0 AppleWebKit/537.36 (KHTML, like Gecko; compatible; GPTBot/1.3; +https://openai.com/gptbot)"
74.7.227.21 - - [16/Apr/2026:01:17:53 +0200] "GET /images/b/actions/3777_3.jpg HTTP/1.1" 200 77577 "https://www.afish-ka.ru/cinema/films/3777/" "Mozilla/5.0 AppleWebKit/537.36 (KHTML, like Gecko; compatible; GPTBot/1.3; +https://openai.com/gptbot)"
74.7.227.21 - - [16/Apr/2026:01:17:53 +0200] "GET /images/b/actions/3337_3.jpg HTTP/1.1" 200 16055 "https://www.afish-ka.ru/cinema/films/3337/" "Mozilla/5.0 AppleWebKit/537.36 (KHTML, like Gecko; compatible; GPTBot/1.3; +https://openai.com/gptbot)"
74.7.227.21 - - [16/Apr/2026:01:17:54 +0200] "GET /images/s/actions/3888_4.jpg HTTP/1.1" 200 5835 "https://www.afish-ka.ru/cinema/films/3888/" "Mozilla/5.0 AppleWebKit/537.36 (KHTML, like Gecko; compatible; GPTBot/1.3; +https://openai.com/gptbot)"
74.7.227.21 - - [16/Apr/2026:01:17:54 +0200] "GET /images/b/actions/3888_3.jpg HTTP/1.1" 200 49559 "https://www.afish-ka.ru/cinema/films/3888/" "Mozilla/5.0 AppleWebKit/537.36 (KHTML, like Gecko; compatible; GPTBot/1.3; +https://openai.com/gptbot)"
74.7.227.21 - - [16/Apr/2026:01:17:55 +0200] "GET /images/s/actions/3337_2.jpg HTTP/1.1" 200 6813 "https://www.afish-ka.ru/cinema/films/3337/" "Mozilla/5.0 AppleWebKit/537.36 (KHTML, like Gecko; compatible; GPTBot/1.3; +https://openai.com/gptbot)"
74.7.227.21 - - [16/Apr/2026:01:17:55 +0200] "GET /images/b/actions/2224_2.jpg HTTP/1.1" 200 14205 "https://www.afish-ka.ru/cinema/films/2224/" "Mozilla/5.0 AppleWebKit/537.36 (KHTML, like Gecko; compatible; GPTBot/1.3; +https://openai.com/gptbot)"
185.191.171.5 - - [16/Apr/2026:01:17:55 +0200] "GET /theater/actions/3074/opinions/ HTTP/1.1" 200 9348 "-" "Mozilla/5.0 (compatible; SemrushBot/7~bl; +http://www.semrush.com/bot.html)"
74.7.227.21 - - [16/Apr/2026:01:17:56 +0200] "GET /images/s/actions/5333_2.jpg HTTP/1.1" 200 6862 "https://www.afish-ka.ru/cinema/films/5333/" "Mozilla/5.0 AppleWebKit/537.36 (KHTML, like Gecko; compatible; GPTBot/1.3; +https://openai.com/gptbot)"
74.7.227.21 - - [16/Apr/2026:01:17:56 +0200] "GET /images/s/actions/5559_2.jpg HTTP/1.1" 200 9170 "https://www.afish-ka.ru/cinema/films/5559/" "Mozilla/5.0 AppleWebKit/537.36 (KHTML, like Gecko; compatible; GPTBot/1.3; +https://openai.com/gptbot)"
74.7.227.21 - - [16/Apr/2026:01:17:57 +0200] "GET /images/b/actions/5559_5.jpg HTTP/1.1" 200 38043 "https://www.afish-ka.ru/cinema/films/5559/" "Mozilla/5.0 AppleWebKit/537.36 (KHTML, like Gecko; compatible; GPTBot/1.3; +https://openai.com/gptbot)"
74.7.227.21 - - [16/Apr/2026:01:17:57 +0200] "GET /images/s/actions/3338_3.jpg HTTP/1.1" 200 7807 "https://www.afish-ka.ru/cinema/films/3338/" "Mozilla/5.0 AppleWebKit/537.36 (KHTML, like Gecko; compatible; GPTBot/1.3; +https://openai.com/gptbot)"
74.7.227.21 - - [16/Apr/2026:01:17:58 +0200] "GET /images/s/actions/2224_3.jpg HTTP/1.1" 200 6151 "https://www.afish-ka.ru/cinema/films/2224/" "Mozilla/5.0 AppleWebKit/537.36 (KHTML, like Gecko; compatible; GPTBot/1.3; +https://openai.com/gptbot)"
74.7.227.21 - - [16/Apr/2026:01:17:58 +0200] "GET /images/s/actions/3888_5.jpg HTTP/1.1" 200 4931 "https://www.afish-ka.ru/cinema/films/3888/" "Mozilla/5.0 AppleWebKit/537.36 (KHTML, like Gecko; compatible; GPTBot/1.3; +https://openai.com/gptbot)"
74.7.227.21 - - [16/Apr/2026:01:17:59 +0200] "GET /images/s/actions/1000_4.jpg HTTP/1.1" 200 7844 "https://www.afish-ka.ru/cinema/films/1000/" "Mozilla/5.0 AppleWebKit/537.36 (KHTML, like Gecko; compatible; GPTBot/1.3; +https://openai.com/gptbot)"
95.108.213.199 - - [16/Apr/2026:01:17:59 +0200] "GET /cinema/films/2814/opinions/ HTTP/1.1" 200 12914 "-" "Mozilla/5.0 (compatible; YandexBot/3.0; +http://yandex.com/bots)"
74.7.227.21 - - [16/Apr/2026:01:17:59 +0200] "GET /images/s/actions/3337_5.jpg HTTP/1.1" 200 4415 "https://www.afish-ka.ru/cinema/films/3337/" "Mozilla/5.0 AppleWebKit/537.36 (KHTML, like Gecko; compatible; GPTBot/1.3; +https://openai.com/gptbot)"
74.7.227.21 - - [16/Apr/2026:01:18:00 +0200] "GET /images/b/posters/3337.jpg HTTP/1.1" 200 37338 "https://www.afish-ka.ru/cinema/films/3337/" "Mozilla/5.0 AppleWebKit/537.36 (KHTML, like Gecko; compatible; GPTBot/1.3; +https://openai.com/gptbot)"
74.7.227.21 - - [16/Apr/2026:01:18:00 +0200] "GET /images/b/posters/5559.jpg HTTP/1.1" 200 72546 "https://www.afish-ka.ru/cinema/films/5559/" "Mozilla/5.0 AppleWebKit/537.36 (KHTML, like Gecko; compatible; GPTBot/1.3; +https://openai.com/gptbot)"
74.7.227.21 - - [16/Apr/2026:01:18:01 +0200] "GET /images/b/posters/5333.jpg HTTP/1.1" 200 97321 "https://www.afish-ka.ru/cinema/films/5333/" "Mozilla/5.0 AppleWebKit/537.36 (KHTML, like Gecko; compatible; GPTBot/1.3; +https://openai.com/gptbot)"
74.7.227.21 - - [16/Apr/2026:01:18:02 +0200] "GET /images/b/posters/3888.jpg HTTP/1.1" 200 57199 "https://www.afish-ka.ru/cinema/films/3888/" "Mozilla/5.0 AppleWebKit/537.36 (KHTML, like Gecko; compatible; GPTBot/1.3; +https://openai.com/gptbot)"
74.7.227.21 - - [16/Apr/2026:01:18:02 +0200] "GET /images/b/posters/3338.jpg HTTP/1.1" 200 88533 "https://www.afish-ka.ru/cinema/films/3338/" "Mozilla/5.0 AppleWebKit/537.36 (KHTML, like Gecko; compatible; GPTBot/1.3; +https://openai.com/gptbot)"
74.7.227.21 - - [16/Apr/2026:01:18:03 +0200] "GET /images/b/posters/2224.jpg HTTP/1.1" 200 52692 "https://www.afish-ka.ru/cinema/films/2224/" "Mozilla/5.0 AppleWebKit/537.36 (KHTML, like Gecko; compatible; GPTBot/1.3; +https://openai.com/gptbot)"
220.181.108.83 - - [16/Apr/2026:01:18:03 +0200] "GET /images/s/actions/4333_1.jpg HTTP/1.1" 200 10732 "-" "Baiduspider-image+(+http://www.baidu.com/search/spider.htm)"
74.7.227.21 - - [16/Apr/2026:01:18:03 +0200] "GET /images/b/posters/1000.jpg HTTP/1.1" 200 173642 "https://www.afish-ka.ru/cinema/films/1000/" "Mozilla/5.0 AppleWebKit/537.36 (KHTML, like Gecko; compatible; GPTBot/1.3; +https://openai.com/gptbot)"
92.222.104.216 - - [16/Apr/2026:01:18:03 +0200] "GET /theater/actions/2879/opinions/ HTTP/1.1" 200 9905 "-" "Mozilla/5.0 (compatible; AhrefsBot/7.0; +http://ahrefs.com/robot/)"
74.7.227.21 - - [16/Apr/2026:01:18:04 +0200] "GET /images/b/posters/3777.jpg HTTP/1.1" 200 101613 "https://www.afish-ka.ru/cinema/films/3777/" "Mozilla/5.0 AppleWebKit/537.36 (KHTML, like Gecko; compatible; GPTBot/1.3; +https://openai.com/gptbot)"
176.31.139.23 - - [16/Apr/2026:01:18:04 +0200] "GET /cafe/actions/2376/opinions/add/?parent=25036 HTTP/1.1" 200 9541 "-" "Mozilla/5.0 (compatible; AhrefsBot/7.0; +http://ahrefs.com/robot/)"
74.7.227.21 - - [16/Apr/2026:01:18:04 +0200] "GET /images/s/posters/3337.jpg HTTP/1.1" 200 7780 "https://www.afish-ka.ru/cinema/films/3337/" "Mozilla/5.0 AppleWebKit/537.36 (KHTML, like Gecko; compatible; GPTBot/1.3; +https://openai.com/gptbot)"
74.7.227.21 - - [16/Apr/2026:01:18:05 +0200] "GET /images/s/posters/5559.jpg HTTP/1.1" 200 17039 "https://www.afish-ka.ru/cinema/films/5559/" "Mozilla/5.0 AppleWebKit/537.36 (KHTML, like Gecko; compatible; GPTBot/1.3; +https://openai.com/gptbot)"
216.73.216.57 - - [16/Apr/2026:01:18:04 +0200] "GET /cinema/films/3228/opinions/add/?parent=29985 HTTP/1.1" 200 9540 "-" "Mozilla/5.0 AppleWebKit/537.36 (KHTML, like Gecko; compatible; ClaudeBot/1.0; +claudebot@anthropic.com)"
216.73.216.57 - - [16/Apr/2026:01:18:05 +0200] "GET /cinema/films/3587/opinions/add/?parent=33287 HTTP/1.1" 200 5773 "-" "Mozilla/5.0 AppleWebKit/537.36 (KHTML, like Gecko; compatible; ClaudeBot/1.0; +claudebot@anthropic.com)"
74.7.227.21 - - [16/Apr/2026:01:18:05 +0200] "GET /images/s/posters/1000.jpg HTTP/1.1" 200 11630 "https://www.afish-ka.ru/cinema/films/1000/" "Mozilla/5.0 AppleWebKit/537.36 (KHTML, like Gecko; compatible; GPTBot/1.3; +https://openai.com/gptbot)"
216.73.216.57 - - [16/Apr/2026:01:18:05 +0200] "GET /cinema/films/3587/opinions/add/?parent=33280 HTTP/1.1" 200 5772 "-" "Mozilla/5.0 AppleWebKit/537.36 (KHTML, like Gecko; compatible; ClaudeBot/1.0; +claudebot@anthropic.com)"
74.7.227.21 - - [16/Apr/2026:01:18:06 +0200] "GET /images/s/posters/3338.jpg HTTP/1.1" 200 17963 "https://www.afish-ka.ru/cinema/films/3338/" "Mozilla/5.0 AppleWebKit/537.36 (KHTML, like Gecko; compatible; GPTBot/1.3; +https://openai.com/gptbot)"
216.73.216.57 - - [16/Apr/2026:01:18:06 +0200] "GET /cinema/films/3228/opinions/add/?parent=29982 HTTP/1.1" 200 5780 "-" "Mozilla/5.0 AppleWebKit/537.36 (KHTML, like Gecko; compatible; ClaudeBot/1.0; +claudebot@anthropic.com)"
74.7.227.21 - - [16/Apr/2026:01:18:06 +0200] "GET /images/s/posters/3777.jpg HTTP/1.1" 200 16878 "https://www.afish-ka.ru/cinema/films/3777/" "Mozilla/5.0 AppleWebKit/537.36 (KHTML, like Gecko; compatible; GPTBot/1.3; +https://openai.com/gptbot)"
216.73.216.57 - - [16/Apr/2026:01:18:06 +0200] "GET /cinema/films/906/opinions/add/?parent=8360 HTTP/1.1" 200 5764 "-" "Mozilla/5.0 AppleWebKit/537.36 (KHTML, like Gecko; compatible; ClaudeBot/1.0; +claudebot@anthropic.com)"
74.7.227.21 - - [16/Apr/2026:01:18:07 +0200] "GET /images/s/posters/5333.jpg HTTP/1.1" 200 17598 "https://www.afish-ka.ru/cinema/films/5333/" "Mozilla/5.0 AppleWebKit/537.36 (KHTML, like Gecko; compatible; GPTBot/1.3; +https://openai.com/gptbot)"
74.7.227.21 - - [16/Apr/2026:01:18:07 +0200] "GET /images/s/posters/3888.jpg HTTP/1.1" 200 12753 "https://www.afish-ka.ru/cinema/films/3888/" "Mozilla/5.0 AppleWebKit/537.36 (KHTML, like Gecko; compatible; GPTBot/1.3; +https://openai.com/gptbot)"
74.7.227.21 - - [16/Apr/2026:01:18:08 +0200] "GET /images/s/posters/2224.jpg HTTP/1.1" 200 9035 "https://www.afish-ka.ru/cinema/films/2224/" "Mozilla/5.0 AppleWebKit/537.36 (KHTML, like Gecko; compatible; GPTBot/1.3; +https://openai.com/gptbot)"
74.7.227.21 - - [16/Apr/2026:01:18:08 +0200] "GET /cinema/films/5777/ HTTP/1.1" 200 6533 "https://www.afish-ka.ru/25-03-2021/" "Mozilla/5.0 AppleWebKit/537.36 (KHTML, like Gecko; compatible; GPTBot/1.3; +https://openai.com/gptbot)"
74.7.227.21 - - [16/Apr/2026:01:18:09 +0200] "GET /cinema/films/4448/ HTTP/1.1" 200 10113 "https://www.afish-ka.ru/12-06-2017/" "Mozilla/5.0 AppleWebKit/537.36 (KHTML, like Gecko; compatible; GPTBot/1.3; +https://openai.com/gptbot)"
74.7.227.21 - - [16/Apr/2026:01:18:10 +0200] "GET /cinema/films/5888/ HTTP/1.1" 200 6612 "https://www.afish-ka.ru/14-06-2021/" "Mozilla/5.0 AppleWebKit/537.36 (KHTML, like Gecko; compatible; GPTBot/1.3; +https://openai.com/gptbot)"
74.7.227.21 - - [16/Apr/2026:01:18:11 +0200] "GET /cinema/films/3334/ HTTP/1.1" 200 6724 "https://www.afish-ka.ru/23-12-2014/" "Mozilla/5.0 AppleWebKit/537.36 (KHTML, like Gecko; compatible; GPTBot/1.3; +https://openai.com/gptbot)"
74.7.227.21 - - [16/Apr/2026:01:18:11 +0200] "GET /cinema/films/3330/ HTTP/1.1" 200 6732 "https://www.afish-ka.ru/15-12-2014/" "Mozilla/5.0 AppleWebKit/537.36 (KHTML, like Gecko; compatible; GPTBot/1.3; +https://openai.com/gptbot)"
74.7.227.21 - - [16/Apr/2026:01:18:12 +0200] "GET /cinema/films/3222/ HTTP/1.1" 200 6718 "https://www.afish-ka.ru/15-08-2014/" "Mozilla/5.0 AppleWebKit/537.36 (KHTML, like Gecko; compatible; GPTBot/1.3; +https://openai.com/gptbot)"
74.7.227.21 - - [16/Apr/2026:01:18:12 +0200] "GET /cinema/films/4999/ HTTP/1.1" 200 6610 "https://www.afish-ka.ru/29-09-2018/" "Mozilla/5.0 AppleWebKit/537.36 (KHTML, like Gecko; compatible; GPTBot/1.3; +https://openai.com/gptbot)"
74.7.227.21 - - [16/Apr/2026:01:18:13 +0200] "GET /cinema/films/2225/ HTTP/1.1" 200 6670 "https://www.afish-ka.ru/03-11-2012/" "Mozilla/5.0 AppleWebKit/537.36 (KHTML, like Gecko; compatible; GPTBot/1.3; +https://openai.com/gptbot)"
74.7.227.21 - - [16/Apr/2026:01:18:14 +0200] "GET /cinema/films/1333/ HTTP/1.1" 200 6683 "https://www.afish-ka.ru/07-03-2011/" "Mozilla/5.0 AppleWebKit/537.36 (KHTML, like Gecko; compatible; GPTBot/1.3; +https://openai.com/gptbot)"
74.7.227.21 - - [16/Apr/2026:01:18:15 +0200] "GET /cinema/films/4333/ HTTP/1.1" 200 6590 "https://www.afish-ka.ru/05-04-2017/" "Mozilla/5.0 AppleWebKit/537.36 (KHTML, like Gecko; compatible; GPTBot/1.3; +https://openai.com/gptbot)"
74.7.227.21 - - [16/Apr/2026:01:18:15 +0200] "GET /cinema/films/1110/ HTTP/1.1" 200 6727 "https://www.afish-ka.ru/12-10-2010/" "Mozilla/5.0 AppleWebKit/537.36 (KHTML, like Gecko; compatible; GPTBot/1.3; +https://openai.com/gptbot)"
74.7.227.21 - - [16/Apr/2026:01:18:16 +0200] "GET /images/b/actions/5777_1.jpg HTTP/1.1" 200 37703 "https://www.afish-ka.ru/cinema/films/5777/" "Mozilla/5.0 AppleWebKit/537.36 (KHTML, like Gecko; compatible; GPTBot/1.3; +https://openai.com/gptbot)"
74.7.227.21 - - [16/Apr/2026:01:18:16 +0200] "GET /images/b/actions/5777_3.jpg HTTP/1.1" 200 58260 "https://www.afish-ka.ru/cinema/films/5777/" "Mozilla/5.0 AppleWebKit/537.36 (KHTML, like Gecko; compatible; GPTBot/1.3; +https://openai.com/gptbot)"
74.7.227.21 - - [16/Apr/2026:01:18:17 +0200] "GET /images/b/actions/5777_2.jpg HTTP/1.1" 200 31854 "https://www.afish-ka.ru/cinema/films/5777/" "Mozilla/5.0 AppleWebKit/537.36 (KHTML, like Gecko; compatible; GPTBot/1.3; +https://openai.com/gptbot)"
216.73.216.57 - - [16/Apr/2026:01:18:17 +0200] "GET /cinema/films/3587/opinions/add/?parent=33276 HTTP/1.1" 200 9534 "-" "Mozilla/5.0 AppleWebKit/537.36 (KHTML, like Gecko; compatible; ClaudeBot/1.0; +claudebot@anthropic.com)"
74.7.227.21 - - [16/Apr/2026:01:18:17 +0200] "GET /images/s/posters/3334.jpg HTTP/1.1" 200 16026 "https://www.afish-ka.ru/cinema/films/3334/" "Mozilla/5.0 AppleWebKit/537.36 (KHTML, like Gecko; compatible; GPTBot/1.3; +https://openai.com/gptbot)"
216.73.216.57 - - [16/Apr/2026:01:18:18 +0200] "GET /cinema/films/3228/opinions/add/?parent=29992 HTTP/1.1" 200 5779 "-" "Mozilla/5.0 AppleWebKit/537.36 (KHTML, like Gecko; compatible; ClaudeBot/1.0; +claudebot@anthropic.com)"
74.7.227.21 - - [16/Apr/2026:01:18:18 +0200] "GET /images/b/actions/3334_5.jpg HTTP/1.1" 200 19948 "https://www.afish-ka.ru/cinema/films/3334/" "Mozilla/5.0 AppleWebKit/537.36 (KHTML, like Gecko; compatible; GPTBot/1.3; +https://openai.com/gptbot)"
176.31.139.1 - - [16/Apr/2026:01:18:18 +0200] "GET /cinema/films/5041/opinions/ HTTP/1.1" 200 9558 "-" "Mozilla/5.0 (compatible; AhrefsBot/7.0; +http://ahrefs.com/robot/)"
216.73.216.57 - - [16/Apr/2026:01:18:18 +0200] "GET /cinema/films/3228/opinions/add/?parent=30129 HTTP/1.1" 200 5779 "-" "Mozilla/5.0 AppleWebKit/537.36 (KHTML, like Gecko; compatible; ClaudeBot/1.0; +claudebot@anthropic.com)"
178.20.235.164 - - [16/Apr/2026:01:18:18 +0200] "GET /restaurant/25/opinions HTTP/1.1" 301 575 "-" "Mozilla/5.0 (Windows NT 6.1; WOW64) AppleWebKit/537.36 (KHTML, like Gecko) Chrome/54.0.2840.71 Safari/537.36"
74.7.227.21 - - [16/Apr/2026:01:18:19 +0200] "GET /images/b/actions/3222_1.jpg HTTP/1.1" 200 22687 "https://www.afish-ka.ru/cinema/films/3222/" "Mozilla/5.0 AppleWebKit/537.36 (KHTML, like Gecko; compatible; GPTBot/1.3; +https://openai.com/gptbot)"
178.20.235.164 - - [16/Apr/2026:01:18:19 +0200] "GET /restaurant/25/opinions HTTP/1.1" 404 334 "-" "Mozilla/5.0 (Windows NT 6.1; WOW64) AppleWebKit/537.36 (KHTML, like Gecko) Chrome/54.0.2840.71 Safari/537.36"
216.73.216.57 - - [16/Apr/2026:01:18:18 +0200] "GET /cinema/films/3228/opinions/add/?parent=30106 HTTP/1.1" 200 5780 "-" "Mozilla/5.0 AppleWebKit/537.36 (KHTML, like Gecko; compatible; ClaudeBot/1.0; +claudebot@anthropic.com)"
216.73.216.57 - - [16/Apr/2026:01:18:19 +0200] "GET /cinema/films/3228/opinions/add/?parent=29983 HTTP/1.1" 200 9541 "-" "Mozilla/5.0 AppleWebKit/537.36 (KHTML, like Gecko; compatible; ClaudeBot/1.0; +claudebot@anthropic.com)"
74.7.227.21 - - [16/Apr/2026:01:18:19 +0200] "GET /images/b/actions/3334_1.jpg HTTP/1.1" 200 30262 "https://www.afish-ka.ru/cinema/films/3334/" "Mozilla/5.0 AppleWebKit/537.36 (KHTML, like Gecko; compatible; GPTBot/1.3; +https://openai.com/gptbot)"
74.7.227.21 - - [16/Apr/2026:01:18:20 +0200] "GET /images/b/actions/2225_3.jpg HTTP/1.1" 200 15779 "https://www.afish-ka.ru/cinema/films/2225/" "Mozilla/5.0 AppleWebKit/537.36 (KHTML, like Gecko; compatible; GPTBot/1.3; +https://openai.com/gptbot)"
74.7.227.21 - - [16/Apr/2026:01:18:20 +0200] "GET /images/b/actions/3330_5.jpg HTTP/1.1" 200 32529 "https://www.afish-ka.ru/cinema/films/3330/" "Mozilla/5.0 AppleWebKit/537.36 (KHTML, like Gecko; compatible; GPTBot/1.3; +https://openai.com/gptbot)"
74.7.227.21 - - [16/Apr/2026:01:18:21 +0200] "GET /images/b/actions/3222_5.jpg HTTP/1.1" 200 15131 "https://www.afish-ka.ru/cinema/films/3222/" "Mozilla/5.0 AppleWebKit/537.36 (KHTML, like Gecko; compatible; GPTBot/1.3; +https://openai.com/gptbot)"
74.7.227.21 - - [16/Apr/2026:01:18:21 +0200] "GET /images/b/actions/4999_1.jpg HTTP/1.1" 200 44605 "https://www.afish-ka.ru/cinema/films/4999/" "Mozilla/5.0 AppleWebKit/537.36 (KHTML, like Gecko; compatible; GPTBot/1.3; +https://openai.com/gptbot)"
74.7.227.21 - - [16/Apr/2026:01:18:22 +0200] "GET /images/b/actions/2225_4.jpg HTTP/1.1" 200 19636 "https://www.afish-ka.ru/cinema/films/2225/" "Mozilla/5.0 AppleWebKit/537.36 (KHTML, like Gecko; compatible; GPTBot/1.3; +https://openai.com/gptbot)"
74.7.227.21 - - [16/Apr/2026:01:18:22 +0200] "GET /images/b/actions/3334_2.jpg HTTP/1.1" 200 25211 "https://www.afish-ka.ru/cinema/films/3334/" "Mozilla/5.0 AppleWebKit/537.36 (KHTML, like Gecko; compatible; GPTBot/1.3; +https://openai.com/gptbot)"
114.119.152.86 - - [16/Apr/2026:01:18:22 +0200] "GET /28-03-2015/ HTTP/1.1" 200 13454 "https://www.afish-ka.ru/11-03-2015" "Mozilla/5.0 (Linux; Android 7.0;) AppleWebKit/537.36 (KHTML, like Gecko) Mobile Safari/537.36 (compatible; PetalBot;+https://webmaster.petalsearch.com/site/petalbot)"
74.7.227.21 - - [16/Apr/2026:01:18:23 +0200] "GET /images/b/actions/4999_3.jpg HTTP/1.1" 200 37431 "https://www.afish-ka.ru/cinema/films/4999/" "Mozilla/5.0 AppleWebKit/537.36 (KHTML, like Gecko; compatible; GPTBot/1.3; +https://openai.com/gptbot)"
74.7.227.21 - - [16/Apr/2026:01:18:23 +0200] "GET /images/b/actions/4999_2.jpg HTTP/1.1" 200 101601 "https://www.afish-ka.ru/cinema/films/4999/" "Mozilla/5.0 AppleWebKit/537.36 (KHTML, like Gecko; compatible; GPTBot/1.3; +https://openai.com/gptbot)"
74.7.227.21 - - [16/Apr/2026:01:18:24 +0200] "GET /images/b/actions/3330_1.jpg HTTP/1.1" 200 17110 "https://www.afish-ka.ru/cinema/films/3330/" "Mozilla/5.0 AppleWebKit/537.36 (KHTML, like Gecko; compatible; GPTBot/1.3; +https://openai.com/gptbot)"
74.7.227.21 - - [16/Apr/2026:01:18:24 +0200] "GET /images/b/actions/2225_1.jpg HTTP/1.1" 200 16348 "https://www.afish-ka.ru/cinema/films/2225/" "Mozilla/5.0 AppleWebKit/537.36 (KHTML, like Gecko; compatible; GPTBot/1.3; +https://openai.com/gptbot)"
74.7.227.21 - - [16/Apr/2026:01:18:25 +0200] "GET /images/b/actions/5777_4.jpg HTTP/1.1" 200 49950 "https://www.afish-ka.ru/cinema/films/5777/" "Mozilla/5.0 AppleWebKit/537.36 (KHTML, like Gecko; compatible; GPTBot/1.3; +https://openai.com/gptbot)"
74.7.227.21 - - [16/Apr/2026:01:18:25 +0200] "GET /images/b/actions/3222_4.jpg HTTP/1.1" 200 18541 "https://www.afish-ka.ru/cinema/films/3222/" "Mozilla/5.0 AppleWebKit/537.36 (KHTML, like Gecko; compatible; GPTBot/1.3; +https://openai.com/gptbot)"
74.7.227.21 - - [16/Apr/2026:01:18:26 +0200] "GET /images/b/actions/3330_4.jpg HTTP/1.1" 200 29317 "https://www.afish-ka.ru/cinema/films/3330/" "Mozilla/5.0 AppleWebKit/537.36 (KHTML, like Gecko; compatible; GPTBot/1.3; +https://openai.com/gptbot)"
74.7.227.21 - - [16/Apr/2026:01:18:26 +0200] "GET /images/b/actions/3330_2.jpg HTTP/1.1" 200 44533 "https://www.afish-ka.ru/cinema/films/3330/" "Mozilla/5.0 AppleWebKit/537.36 (KHTML, like Gecko; compatible; GPTBot/1.3; +https://openai.com/gptbot)"
116.204.43.208 - - [16/Apr/2026:01:18:26 +0200] "GET /concert_hall/actions/473/concert_hall/actions/concert_hall/actions/ HTTP/1.1" 200 11230 "-" "Mozilla/5.0 (Macintosh; Intel Mac OS X 10_15_7) AppleWebKit/537.36 (KHTML, like Gecko) Chrome/144.0.0.0 Safari/537.36"
74.7.227.21 - - [16/Apr/2026:01:18:27 +0200] "GET /images/b/actions/4999_5.jpg HTTP/1.1" 200 31948 "https://www.afish-ka.ru/cinema/films/4999/" "Mozilla/5.0 AppleWebKit/537.36 (KHTML, like Gecko; compatible; GPTBot/1.3; +https://openai.com/gptbot)"
74.7.227.21 - - [16/Apr/2026:01:18:27 +0200] "GET /images/s/actions/2225_3.jpg HTTP/1.1" 200 5986 "https://www.afish-ka.ru/cinema/films/2225/" "Mozilla/5.0 AppleWebKit/537.36 (KHTML, like Gecko; compatible; GPTBot/1.3; +https://openai.com/gptbot)"
74.7.227.21 - - [16/Apr/2026:01:18:28 +0200] "GET /images/s/actions/3222_2.jpg HTTP/1.1" 200 6863 "https://www.afish-ka.ru/cinema/films/3222/" "Mozilla/5.0 AppleWebKit/537.36 (KHTML, like Gecko; compatible; GPTBot/1.3; +https://openai.com/gptbot)"
74.7.227.21 - - [16/Apr/2026:01:18:28 +0200] "GET /images/b/actions/2225_2.jpg HTTP/1.1" 200 21668 "https://www.afish-ka.ru/cinema/films/2225/" "Mozilla/5.0 AppleWebKit/537.36 (KHTML, like Gecko; compatible; GPTBot/1.3; +https://openai.com/gptbot)"
74.7.227.21 - - [16/Apr/2026:01:18:29 +0200] "GET /images/b/actions/4999_4.jpg HTTP/1.1" 200 45794 "https://www.afish-ka.ru/cinema/films/4999/" "Mozilla/5.0 AppleWebKit/537.36 (KHTML, like Gecko; compatible; GPTBot/1.3; +https://openai.com/gptbot)"
74.7.227.21 - - [16/Apr/2026:01:18:29 +0200] "GET /images/s/actions/3330_4.jpg HTTP/1.1" 200 6822 "https://www.afish-ka.ru/cinema/films/3330/" "Mozilla/5.0 AppleWebKit/537.36 (KHTML, like Gecko; compatible; GPTBot/1.3; +https://openai.com/gptbot)"
74.7.227.21 - - [16/Apr/2026:01:18:30 +0200] "GET /images/b/actions/3222_2.jpg HTTP/1.1" 200 22293 "https://www.afish-ka.ru/cinema/films/3222/" "Mozilla/5.0 AppleWebKit/537.36 (KHTML, like Gecko; compatible; GPTBot/1.3; +https://openai.com/gptbot)"
74.7.227.21 - - [16/Apr/2026:01:18:31 +0200] "GET /images/b/actions/3222_3.jpg HTTP/1.1" 200 18785 "https://www.afish-ka.ru/cinema/films/3222/" "Mozilla/5.0 AppleWebKit/537.36 (KHTML, like Gecko; compatible; GPTBot/1.3; +https://openai.com/gptbot)"
74.7.227.21 - - [16/Apr/2026:01:18:31 +0200] "GET /images/s/actions/4999_2.jpg HTTP/1.1" 200 9163 "https://www.afish-ka.ru/cinema/films/4999/" "Mozilla/5.0 AppleWebKit/537.36 (KHTML, like Gecko; compatible; GPTBot/1.3; +https://openai.com/gptbot)"
74.7.227.21 - - [16/Apr/2026:01:18:32 +0200] "GET /images/s/actions/5777_2.jpg HTTP/1.1" 200 5789 "https://www.afish-ka.ru/cinema/films/5777/" "Mozilla/5.0 AppleWebKit/537.36 (KHTML, like Gecko; compatible; GPTBot/1.3; +https://openai.com/gptbot)"
74.7.227.21 - - [16/Apr/2026:01:18:32 +0200] "GET /images/s/actions/3222_4.jpg HTTP/1.1" 200 6248 "https://www.afish-ka.ru/cinema/films/3222/" "Mozilla/5.0 AppleWebKit/537.36 (KHTML, like Gecko; compatible; GPTBot/1.3; +https://openai.com/gptbot)"
