74.7.227.21 - - [16/Apr/2026:00:21:40 +0200] "GET /images/s/actions/5840_4.jpg HTTP/1.1" 200 6651 "https://www.afish-ka.ru/cinema/films/5840/" "Mozilla/5.0 AppleWebKit/537.36 (KHTML, like Gecko; compatible; GPTBot/1.3; +https://openai.com/gptbot)"
74.7.227.21 - - [16/Apr/2026:00:21:40 +0200] "GET /images/s/actions/5824_5.jpg HTTP/1.1" 200 5006 "https://www.afish-ka.ru/cinema/films/5824/" "Mozilla/5.0 AppleWebKit/537.36 (KHTML, like Gecko; compatible; GPTBot/1.3; +https://openai.com/gptbot)"
74.7.227.21 - - [16/Apr/2026:00:21:41 +0200] "GET /images/b/actions/5839_3.jpg HTTP/1.1" 200 59542 "https://www.afish-ka.ru/cinema/films/5839/" "Mozilla/5.0 AppleWebKit/537.36 (KHTML, like Gecko; compatible; GPTBot/1.3; +https://openai.com/gptbot)"
74.7.227.21 - - [16/Apr/2026:00:21:41 +0200] "GET /images/b/actions/5913_2.jpg HTTP/1.1" 200 50492 "https://www.afish-ka.ru/cinema/films/5913/" "Mozilla/5.0 AppleWebKit/537.36 (KHTML, like Gecko; compatible; GPTBot/1.3; +https://openai.com/gptbot)"
74.7.227.21 - - [16/Apr/2026:00:21:42 +0200] "GET /images/b/actions/5918_5.jpg HTTP/1.1" 200 30196 "https://www.afish-ka.ru/cinema/films/5918/" "Mozilla/5.0 AppleWebKit/537.36 (KHTML, like Gecko; compatible; GPTBot/1.3; +https://openai.com/gptbot)"
74.7.227.21 - - [16/Apr/2026:00:21:42 +0200] "GET /images/b/actions/5812_1.jpg HTTP/1.1" 200 91410 "https://www.afish-ka.ru/cinema/films/5812/" "Mozilla/5.0 AppleWebKit/537.36 (KHTML, like Gecko; compatible; GPTBot/1.3; +https://openai.com/gptbot)"
74.7.227.21 - - [16/Apr/2026:00:21:43 +0200] "GET /images/s/actions/5913_5.jpg HTTP/1.1" 200 5970 "https://www.afish-ka.ru/cinema/films/5913/" "Mozilla/5.0 AppleWebKit/537.36 (KHTML, like Gecko; compatible; GPTBot/1.3; +https://openai.com/gptbot)"
74.7.227.21 - - [16/Apr/2026:00:21:43 +0200] "GET /images/s/actions/5847_2.jpg HTTP/1.1" 200 6915 "https://www.afish-ka.ru/cinema/films/5847/" "Mozilla/5.0 AppleWebKit/537.36 (KHTML, like Gecko; compatible; GPTBot/1.3; +https://openai.com/gptbot)"
74.7.227.21 - - [16/Apr/2026:00:21:44 +0200] "GET /images/s/actions/5918_3.jpg HTTP/1.1" 200 6872 "https://www.afish-ka.ru/cinema/films/5918/" "Mozilla/5.0 AppleWebKit/537.36 (KHTML, like Gecko; compatible; GPTBot/1.3; +https://openai.com/gptbot)"
74.7.227.21 - - [16/Apr/2026:00:21:44 +0200] "GET /images/b/actions/5837_4.jpg HTTP/1.1" 200 32052 "https://www.afish-ka.ru/cinema/films/5837/" "Mozilla/5.0 AppleWebKit/537.36 (KHTML, like Gecko; compatible; GPTBot/1.3; +https://openai.com/gptbot)"
74.7.227.21 - - [16/Apr/2026:00:21:45 +0200] "GET /images/s/actions/5918_2.jpg HTTP/1.1" 200 8156 "https://www.afish-ka.ru/cinema/films/5918/" "Mozilla/5.0 AppleWebKit/537.36 (KHTML, like Gecko; compatible; GPTBot/1.3; +https://openai.com/gptbot)"
74.7.227.21 - - [16/Apr/2026:00:21:45 +0200] "GET /images/s/actions/5824_3.jpg HTTP/1.1" 200 6026 "https://www.afish-ka.ru/cinema/films/5824/" "Mozilla/5.0 AppleWebKit/537.36 (KHTML, like Gecko; compatible; GPTBot/1.3; +https://openai.com/gptbot)"
74.7.227.21 - - [16/Apr/2026:00:21:46 +0200] "GET /images/b/actions/5812_3.jpg HTTP/1.1" 200 103359 "https://www.afish-ka.ru/cinema/films/5812/" "Mozilla/5.0 AppleWebKit/537.36 (KHTML, like Gecko; compatible; GPTBot/1.3; +https://openai.com/gptbot)"
74.7.227.21 - - [16/Apr/2026:00:21:46 +0200] "GET /images/b/actions/5847_4.jpg HTTP/1.1" 200 57022 "https://www.afish-ka.ru/cinema/films/5847/" "Mozilla/5.0 AppleWebKit/537.36 (KHTML, like Gecko; compatible; GPTBot/1.3; +https://openai.com/gptbot)"
74.7.227.21 - - [16/Apr/2026:00:21:47 +0200] "GET /images/b/actions/5906_3.jpg HTTP/1.1" 200 58001 "https://www.afish-ka.ru/cinema/films/5906/" "Mozilla/5.0 AppleWebKit/537.36 (KHTML, like Gecko; compatible; GPTBot/1.3; +https://openai.com/gptbot)"
74.7.227.21 - - [16/Apr/2026:00:21:48 +0200] "GET /images/b/actions/5827_4.jpg HTTP/1.1" 200 24507 "https://www.afish-ka.ru/cinema/films/5827/" "Mozilla/5.0 AppleWebKit/537.36 (KHTML, like Gecko; compatible; GPTBot/1.3; +https://openai.com/gptbot)"
74.7.227.21 - - [16/Apr/2026:00:21:48 +0200] "GET /images/s/actions/5847_5.jpg HTTP/1.1" 200 8615 "https://www.afish-ka.ru/cinema/films/5847/" "Mozilla/5.0 AppleWebKit/537.36 (KHTML, like Gecko; compatible; GPTBot/1.3; +https://openai.com/gptbot)"
74.7.227.21 - - [16/Apr/2026:00:21:49 +0200] "GET /images/b/actions/5812_4.jpg HTTP/1.1" 200 58101 "https://www.afish-ka.ru/cinema/films/5812/" "Mozilla/5.0 AppleWebKit/537.36 (KHTML, like Gecko; compatible; GPTBot/1.3; +https://openai.com/gptbot)"
74.7.227.21 - - [16/Apr/2026:00:21:49 +0200] "GET /images/b/actions/5824_1.jpg HTTP/1.1" 200 49931 "https://www.afish-ka.ru/cinema/films/5824/" "Mozilla/5.0 AppleWebKit/537.36 (KHTML, like Gecko; compatible; GPTBot/1.3; +https://openai.com/gptbot)"
85.208.96.196 - - [16/Apr/2026:00:21:49 +0200] "GET /cinema/films/3605/opinions/add/ HTTP/1.1" 200 9528 "-" "Mozilla/5.0 (compatible; SemrushBot/7~bl; +http://www.semrush.com/bot.html)"
74.7.227.21 - - [16/Apr/2026:00:21:50 +0200] "GET /images/b/actions/5824_3.jpg HTTP/1.1" 200 32118 "https://www.afish-ka.ru/cinema/films/5824/" "Mozilla/5.0 AppleWebKit/537.36 (KHTML, like Gecko; compatible; GPTBot/1.3; +https://openai.com/gptbot)"
74.7.227.21 - - [16/Apr/2026:00:21:50 +0200] "GET /images/s/actions/5839_5.jpg HTTP/1.1" 200 7621 "https://www.afish-ka.ru/cinema/films/5839/" "Mozilla/5.0 AppleWebKit/537.36 (KHTML, like Gecko; compatible; GPTBot/1.3; +https://openai.com/gptbot)"
74.7.227.21 - - [16/Apr/2026:00:21:51 +0200] "GET /images/b/actions/5847_3.jpg HTTP/1.1" 200 61989 "https://www.afish-ka.ru/cinema/films/5847/" "Mozilla/5.0 AppleWebKit/537.36 (KHTML, like Gecko; compatible; GPTBot/1.3; +https://openai.com/gptbot)"
74.7.227.21 - - [16/Apr/2026:00:21:51 +0200] "GET /images/s/actions/5847_4.jpg HTTP/1.1" 200 7269 "https://www.afish-ka.ru/cinema/films/5847/" "Mozilla/5.0 AppleWebKit/537.36 (KHTML, like Gecko; compatible; GPTBot/1.3; +https://openai.com/gptbot)"
74.7.227.21 - - [16/Apr/2026:00:21:52 +0200] "GET /images/b/actions/5839_5.jpg HTTP/1.1" 200 71769 "https://www.afish-ka.ru/cinema/films/5839/" "Mozilla/5.0 AppleWebKit/537.36 (KHTML, like Gecko; compatible; GPTBot/1.3; +https://openai.com/gptbot)"
74.7.227.21 - - [16/Apr/2026:00:21:52 +0200] "GET /images/b/actions/5824_4.jpg HTTP/1.1" 200 28468 "https://www.afish-ka.ru/cinema/films/5824/" "Mozilla/5.0 AppleWebKit/537.36 (KHTML, like Gecko; compatible; GPTBot/1.3; +https://openai.com/gptbot)"
74.7.227.21 - - [16/Apr/2026:00:21:53 +0200] "GET /images/s/actions/5906_5.jpg HTTP/1.1" 200 5143 "https://www.afish-ka.ru/cinema/films/5906/" "Mozilla/5.0 AppleWebKit/537.36 (KHTML, like Gecko; compatible; GPTBot/1.3; +https://openai.com/gptbot)"
74.7.227.21 - - [16/Apr/2026:00:21:53 +0200] "GET /images/b/actions/5906_2.jpg HTTP/1.1" 200 66628 "https://www.afish-ka.ru/cinema/films/5906/" "Mozilla/5.0 AppleWebKit/537.36 (KHTML, like Gecko; compatible; GPTBot/1.3; +https://openai.com/gptbot)"
74.7.227.21 - - [16/Apr/2026:00:21:54 +0200] "GET /images/s/actions/5837_5.jpg HTTP/1.1" 200 7484 "https://www.afish-ka.ru/cinema/films/5837/" "Mozilla/5.0 AppleWebKit/537.36 (KHTML, like Gecko; compatible; GPTBot/1.3; +https://openai.com/gptbot)"
51.75.236.158 - - [16/Apr/2026:00:21:53 +0200] "GET /cinema/films/1381/opinions/add/?parent=14797 HTTP/1.1" 200 9522 "-" "Mozilla/5.0 (compatible; AhrefsBot/7.0; +http://ahrefs.com/robot/)"
74.7.227.21 - - [16/Apr/2026:00:21:54 +0200] "GET /images/b/actions/5837_3.jpg HTTP/1.1" 200 21611 "https://www.afish-ka.ru/cinema/films/5837/" "Mozilla/5.0 AppleWebKit/537.36 (KHTML, like Gecko; compatible; GPTBot/1.3; +https://openai.com/gptbot)"
74.7.227.21 - - [16/Apr/2026:00:21:55 +0200] "GET /images/b/actions/5913_4.jpg HTTP/1.1" 200 54183 "https://www.afish-ka.ru/cinema/films/5913/" "Mozilla/5.0 AppleWebKit/537.36 (KHTML, like Gecko; compatible; GPTBot/1.3; +https://openai.com/gptbot)"
74.7.227.21 - - [16/Apr/2026:00:21:55 +0200] "GET /images/b/actions/5839_2.jpg HTTP/1.1" 200 56505 "https://www.afish-ka.ru/cinema/films/5839/" "Mozilla/5.0 AppleWebKit/537.36 (KHTML, like Gecko; compatible; GPTBot/1.3; +https://openai.com/gptbot)"
74.7.227.21 - - [16/Apr/2026:00:21:56 +0200] "GET /images/s/actions/5812_3.jpg HTTP/1.1" 200 8347 "https://www.afish-ka.ru/cinema/films/5812/" "Mozilla/5.0 AppleWebKit/537.36 (KHTML, like Gecko; compatible; GPTBot/1.3; +https://openai.com/gptbot)"
74.7.227.21 - - [16/Apr/2026:00:21:57 +0200] "GET /images/b/actions/5918_4.jpg HTTP/1.1" 200 33996 "https://www.afish-ka.ru/cinema/films/5918/" "Mozilla/5.0 AppleWebKit/537.36 (KHTML, like Gecko; compatible; GPTBot/1.3; +https://openai.com/gptbot)"
74.7.227.21 - - [16/Apr/2026:00:21:57 +0200] "GET /images/b/actions/5816_5.jpg HTTP/1.1" 200 70467 "https://www.afish-ka.ru/cinema/films/5816/" "Mozilla/5.0 AppleWebKit/537.36 (KHTML, like Gecko; compatible; GPTBot/1.3; +https://openai.com/gptbot)"
185.191.171.15 - - [16/Apr/2026:00:21:57 +0200] "GET /cinema/films/4203/opinions/add/?parent=36393 HTTP/1.1" 200 9518 "-" "Mozilla/5.0 (compatible; SemrushBot/7~bl; +http://www.semrush.com/bot.html)"
74.7.227.21 - - [16/Apr/2026:00:21:58 +0200] "GET /images/s/actions/5918_4.jpg HTTP/1.1" 200 5710 "https://www.afish-ka.ru/cinema/films/5918/" "Mozilla/5.0 AppleWebKit/537.36 (KHTML, like Gecko; compatible; GPTBot/1.3; +https://openai.com/gptbot)"
74.7.227.21 - - [16/Apr/2026:00:21:58 +0200] "GET /images/b/actions/5827_5.jpg HTTP/1.1" 200 36025 "https://www.afish-ka.ru/cinema/films/5827/" "Mozilla/5.0 AppleWebKit/537.36 (KHTML, like Gecko; compatible; GPTBot/1.3; +https://openai.com/gptbot)"
74.7.227.21 - - [16/Apr/2026:00:21:59 +0200] "GET /images/b/actions/5827_2.jpg HTTP/1.1" 200 57089 "https://www.afish-ka.ru/cinema/films/5827/" "Mozilla/5.0 AppleWebKit/537.36 (KHTML, like Gecko; compatible; GPTBot/1.3; +https://openai.com/gptbot)"
74.7.227.21 - - [16/Apr/2026:00:21:59 +0200] "GET /images/s/actions/5906_3.jpg HTTP/1.1" 200 7413 "https://www.afish-ka.ru/cinema/films/5906/" "Mozilla/5.0 AppleWebKit/537.36 (KHTML, like Gecko; compatible; GPTBot/1.3; +https://openai.com/gptbot)"
74.7.227.21 - - [16/Apr/2026:00:22:00 +0200] "GET /images/b/actions/5913_3.jpg HTTP/1.1" 200 86447 "https://www.afish-ka.ru/cinema/films/5913/" "Mozilla/5.0 AppleWebKit/537.36 (KHTML, like Gecko; compatible; GPTBot/1.3; +https://openai.com/gptbot)"
74.7.227.21 - - [16/Apr/2026:00:22:00 +0200] "GET /images/s/actions/5913_2.jpg HTTP/1.1" 200 6323 "https://www.afish-ka.ru/cinema/films/5913/" "Mozilla/5.0 AppleWebKit/537.36 (KHTML, like Gecko; compatible; GPTBot/1.3; +https://openai.com/gptbot)"
74.7.227.21 - - [16/Apr/2026:00:22:01 +0200] "GET /images/b/actions/5816_3.jpg HTTP/1.1" 200 47107 "https://www.afish-ka.ru/cinema/films/5816/" "Mozilla/5.0 AppleWebKit/537.36 (KHTML, like Gecko; compatible; GPTBot/1.3; +https://openai.com/gptbot)"
17.246.23.55 - - [16/Apr/2026:00:22:01 +0200] "GET /cinema/films/2533/opinions/add/?parent=24744 HTTP/1.1" 200 9495 "-" "Mozilla/5.0 (Macintosh; Intel Mac OS X 10_15_7) AppleWebKit/605.1.15 (KHTML, like Gecko) Version/17.4 Safari/605.1.15 (Applebot/0.1; +http://www.apple.com/go/applebot)"
74.7.227.21 - - [16/Apr/2026:00:22:01 +0200] "GET /images/b/actions/5840_4.jpg HTTP/1.1" 200 55874 "https://www.afish-ka.ru/cinema/films/5840/" "Mozilla/5.0 AppleWebKit/537.36 (KHTML, like Gecko; compatible; GPTBot/1.3; +https://openai.com/gptbot)"
74.7.227.21 - - [16/Apr/2026:00:22:02 +0200] "GET /images/s/posters/5816.jpg HTTP/1.1" 200 15391 "https://www.afish-ka.ru/cinema/films/5816/" "Mozilla/5.0 AppleWebKit/537.36 (KHTML, like Gecko; compatible; GPTBot/1.3; +https://openai.com/gptbot)"
74.7.227.21 - - [16/Apr/2026:00:22:02 +0200] "GET /images/b/posters/5816.jpg HTTP/1.1" 200 82967 "https://www.afish-ka.ru/cinema/films/5816/" "Mozilla/5.0 AppleWebKit/537.36 (KHTML, like Gecko; compatible; GPTBot/1.3; +https://openai.com/gptbot)"
74.7.227.21 - - [16/Apr/2026:00:22:03 +0200] "GET /images/b/posters/5827.jpg HTTP/1.1" 200 71221 "https://www.afish-ka.ru/cinema/films/5827/" "Mozilla/5.0 AppleWebKit/537.36 (KHTML, like Gecko; compatible; GPTBot/1.3; +https://openai.com/gptbot)"
74.7.227.21 - - [16/Apr/2026:00:22:03 +0200] "GET /images/b/posters/5906.jpg HTTP/1.1" 200 75792 "https://www.afish-ka.ru/cinema/films/5906/" "Mozilla/5.0 AppleWebKit/537.36 (KHTML, like Gecko; compatible; GPTBot/1.3; +https://openai.com/gptbot)"
74.7.227.21 - - [16/Apr/2026:00:22:04 +0200] "GET /images/b/posters/5840.jpg HTTP/1.1" 200 95956 "https://www.afish-ka.ru/cinema/films/5840/" "Mozilla/5.0 AppleWebKit/537.36 (KHTML, like Gecko; compatible; GPTBot/1.3; +https://openai.com/gptbot)"
74.7.227.21 - - [16/Apr/2026:00:22:04 +0200] "GET /images/s/posters/5847.jpg HTTP/1.1" 200 16856 "https://www.afish-ka.ru/cinema/films/5847/" "Mozilla/5.0 AppleWebKit/537.36 (KHTML, like Gecko; compatible; GPTBot/1.3; +https://openai.com/gptbot)"
74.7.227.21 - - [16/Apr/2026:00:22:05 +0200] "GET /images/b/posters/5837.jpg HTTP/1.1" 200 46014 "https://www.afish-ka.ru/cinema/films/5837/" "Mozilla/5.0 AppleWebKit/537.36 (KHTML, like Gecko; compatible; GPTBot/1.3; +https://openai.com/gptbot)"
74.7.227.21 - - [16/Apr/2026:00:22:06 +0200] "GET /images/s/posters/5837.jpg HTTP/1.1" 200 9322 "https://www.afish-ka.ru/cinema/films/5837/" "Mozilla/5.0 AppleWebKit/537.36 (KHTML, like Gecko; compatible; GPTBot/1.3; +https://openai.com/gptbot)"
74.7.227.21 - - [16/Apr/2026:00:22:06 +0200] "GET /images/s/posters/5827.jpg HTTP/1.1" 200 13446 "https://www.afish-ka.ru/cinema/films/5827/" "Mozilla/5.0 AppleWebKit/537.36 (KHTML, like Gecko; compatible; GPTBot/1.3; +https://openai.com/gptbot)"
74.7.227.21 - - [16/Apr/2026:00:22:07 +0200] "GET /images/b/posters/5918.jpg HTTP/1.1" 200 53271 "https://www.afish-ka.ru/cinema/films/5918/" "Mozilla/5.0 AppleWebKit/537.36 (KHTML, like Gecko; compatible; GPTBot/1.3; +https://openai.com/gptbot)"
74.7.227.21 - - [16/Apr/2026:00:22:07 +0200] "GET /images/s/posters/5840.jpg HTTP/1.1" 200 15435 "https://www.afish-ka.ru/cinema/films/5840/" "Mozilla/5.0 AppleWebKit/537.36 (KHTML, like Gecko; compatible; GPTBot/1.3; +https://openai.com/gptbot)"
74.7.227.21 - - [16/Apr/2026:00:22:08 +0200] "GET /images/s/posters/5906.jpg HTTP/1.1" 200 15179 "https://www.afish-ka.ru/cinema/films/5906/" "Mozilla/5.0 AppleWebKit/537.36 (KHTML, like Gecko; compatible; GPTBot/1.3; +https://openai.com/gptbot)"
74.7.227.21 - - [16/Apr/2026:00:22:08 +0200] "GET /images/b/posters/5913.jpg HTTP/1.1" 200 62093 "https://www.afish-ka.ru/cinema/films/5913/" "Mozilla/5.0 AppleWebKit/537.36 (KHTML, like Gecko; compatible; GPTBot/1.3; +https://openai.com/gptbot)"
74.7.227.21 - - [16/Apr/2026:00:22:09 +0200] "GET /images/s/posters/5824.jpg HTTP/1.1" 200 17152 "https://www.afish-ka.ru/cinema/films/5824/" "Mozilla/5.0 AppleWebKit/537.36 (KHTML, like Gecko; compatible; GPTBot/1.3; +https://openai.com/gptbot)"
74.7.227.21 - - [16/Apr/2026:00:22:09 +0200] "GET /images/b/posters/5847.jpg HTTP/1.1" 200 84306 "https://www.afish-ka.ru/cinema/films/5847/" "Mozilla/5.0 AppleWebKit/537.36 (KHTML, like Gecko; compatible; GPTBot/1.3; +https://openai.com/gptbot)"
74.7.227.21 - - [16/Apr/2026:00:22:10 +0200] "GET /images/s/posters/5839.jpg HTTP/1.1" 200 16913 "https://www.afish-ka.ru/cinema/films/5839/" "Mozilla/5.0 AppleWebKit/537.36 (KHTML, like Gecko; compatible; GPTBot/1.3; +https://openai.com/gptbot)"
74.7.227.21 - - [16/Apr/2026:00:22:10 +0200] "GET /images/b/posters/5824.jpg HTTP/1.1" 200 88524 "https://www.afish-ka.ru/cinema/films/5824/" "Mozilla/5.0 AppleWebKit/537.36 (KHTML, like Gecko; compatible; GPTBot/1.3; +https://openai.com/gptbot)"
74.7.227.21 - - [16/Apr/2026:00:22:11 +0200] "GET /images/s/posters/5918.jpg HTTP/1.1" 200 11269 "https://www.afish-ka.ru/cinema/films/5918/" "Mozilla/5.0 AppleWebKit/537.36 (KHTML, like Gecko; compatible; GPTBot/1.3; +https://openai.com/gptbot)"
74.7.227.21 - - [16/Apr/2026:00:22:11 +0200] "GET /images/b/posters/5839.jpg HTTP/1.1" 200 95735 "https://www.afish-ka.ru/cinema/films/5839/" "Mozilla/5.0 AppleWebKit/537.36 (KHTML, like Gecko; compatible; GPTBot/1.3; +https://openai.com/gptbot)"
74.7.227.21 - - [16/Apr/2026:00:22:12 +0200] "GET /cinema/films/5831/ HTTP/1.1" 200 6733 "https://www.afish-ka.ru/19-04-2021/" "Mozilla/5.0 AppleWebKit/537.36 (KHTML, like Gecko; compatible; GPTBot/1.3; +https://openai.com/gptbot)"
74.7.227.21 - - [16/Apr/2026:00:22:12 +0200] "GET /cinema/films/5829/ HTTP/1.1" 200 7194 "https://www.afish-ka.ru/09-05-2021/" "Mozilla/5.0 AppleWebKit/537.36 (KHTML, like Gecko; compatible; GPTBot/1.3; +https://openai.com/gptbot)"
74.7.227.21 - - [16/Apr/2026:00:22:13 +0200] "GET /cinema/films/5810/ HTTP/1.1" 200 6925 "https://www.afish-ka.ru/19-04-2021/" "Mozilla/5.0 AppleWebKit/537.36 (KHTML, like Gecko; compatible; GPTBot/1.3; +https://openai.com/gptbot)"
74.7.227.21 - - [16/Apr/2026:00:22:14 +0200] "GET /cinema/films/5836/ HTTP/1.1" 200 6800 "https://www.afish-ka.ru/29-04-2021/" "Mozilla/5.0 AppleWebKit/537.36 (KHTML, like Gecko; compatible; GPTBot/1.3; +https://openai.com/gptbot)"
74.7.227.21 - - [16/Apr/2026:00:22:15 +0200] "GET /cinema/films/5910/ HTTP/1.1" 200 6605 "https://www.afish-ka.ru/08-07-2021/" "Mozilla/5.0 AppleWebKit/537.36 (KHTML, like Gecko; compatible; GPTBot/1.3; +https://openai.com/gptbot)"
185.191.171.16 - - [16/Apr/2026:00:22:15 +0200] "GET /cafe/actions/2801/opinions/ HTTP/1.1" 200 9326 "-" "Mozilla/5.0 (compatible; SemrushBot/7~bl; +http://www.semrush.com/bot.html)"
74.7.227.21 - - [16/Apr/2026:00:22:15 +0200] "GET /cinema/films/5907/ HTTP/1.1" 200 6841 "https://www.afish-ka.ru/08-07-2021/" "Mozilla/5.0 AppleWebKit/537.36 (KHTML, like Gecko; compatible; GPTBot/1.3; +https://openai.com/gptbot)"
74.7.227.21 - - [16/Apr/2026:00:22:16 +0200] "GET /cinema/films/5927/ HTTP/1.1" 200 6640 "https://www.afish-ka.ru/24-07-2021/" "Mozilla/5.0 AppleWebKit/537.36 (KHTML, like Gecko; compatible; GPTBot/1.3; +https://openai.com/gptbot)"
216.244.66.228 - - [16/Apr/2026:00:22:16 +0200] "GET /17-12-2023/ HTTP/1.1" 200 20940 "-" "Mozilla/5.0 (compatible; DotBot/1.2; +https://opensiteexplorer.org/dotbot; help@moz.com)"
74.7.227.21 - - [16/Apr/2026:00:22:17 +0200] "GET /cinema/films/5917/ HTTP/1.1" 200 6669 "https://www.afish-ka.ru/24-07-2021/" "Mozilla/5.0 AppleWebKit/537.36 (KHTML, like Gecko; compatible; GPTBot/1.3; +https://openai.com/gptbot)"
74.7.227.21 - - [16/Apr/2026:00:22:17 +0200] "GET /cinema/films/5914/ HTTP/1.1" 200 6607 "https://www.afish-ka.ru/08-07-2021/" "Mozilla/5.0 AppleWebKit/537.36 (KHTML, like Gecko; compatible; GPTBot/1.3; +https://openai.com/gptbot)"
74.7.227.21 - - [16/Apr/2026:00:22:18 +0200] "GET /cinema/films/5920/ HTTP/1.1" 200 6759 "https://www.afish-ka.ru/24-07-2021/" "Mozilla/5.0 AppleWebKit/537.36 (KHTML, like Gecko; compatible; GPTBot/1.3; +https://openai.com/gptbot)"
216.244.66.228 - - [16/Apr/2026:00:22:18 +0200] "GET /23-05-2023/ HTTP/1.1" 200 20934 "-" "Mozilla/5.0 (compatible; DotBot/1.2; +https://opensiteexplorer.org/dotbot; help@moz.com)"
74.7.227.21 - - [16/Apr/2026:00:22:18 +0200] "GET /cinema/films/5834/ HTTP/1.1" 200 6605 "https://www.afish-ka.ru/19-04-2021/" "Mozilla/5.0 AppleWebKit/537.36 (KHTML, like Gecko; compatible; GPTBot/1.3; +https://openai.com/gptbot)"
74.7.227.21 - - [16/Apr/2026:00:22:19 +0200] "GET /images/s/actions/5831_3.jpg HTTP/1.1" 200 7249 "https://www.afish-ka.ru/cinema/films/5831/" "Mozilla/5.0 AppleWebKit/537.36 (KHTML, like Gecko; compatible; GPTBot/1.3; +https://openai.com/gptbot)"
74.7.227.21 - - [16/Apr/2026:00:22:20 +0200] "GET /images/b/actions/5831_5.jpg HTTP/1.1" 200 64777 "https://www.afish-ka.ru/cinema/films/5831/" "Mozilla/5.0 AppleWebKit/537.36 (KHTML, like Gecko; compatible; GPTBot/1.3; +https://openai.com/gptbot)"
216.244.66.228 - - [16/Apr/2026:00:22:20 +0200] "GET /27-01-2023/ HTTP/1.1" 200 20948 "-" "Mozilla/5.0 (compatible; DotBot/1.2; +https://opensiteexplorer.org/dotbot; help@moz.com)"
74.7.227.21 - - [16/Apr/2026:00:22:20 +0200] "GET /images/s/actions/5810_4.jpg HTTP/1.1" 200 6508 "https://www.afish-ka.ru/cinema/films/5810/" "Mozilla/5.0 AppleWebKit/537.36 (KHTML, like Gecko; compatible; GPTBot/1.3; +https://openai.com/gptbot)"
74.7.227.21 - - [16/Apr/2026:00:22:21 +0200] "GET /images/b/actions/5810_2.jpg HTTP/1.1" 200 25552 "https://www.afish-ka.ru/cinema/films/5810/" "Mozilla/5.0 AppleWebKit/537.36 (KHTML, like Gecko; compatible; GPTBot/1.3; +https://openai.com/gptbot)"
116.179.32.70 - - [16/Apr/2026:00:22:21 +0200] "GET /images/s/actions/5971_1.jpg HTTP/1.1" 200 12870 "-" "Baiduspider-image+(+http://www.baidu.com/search/spider.htm)"
74.7.227.21 - - [16/Apr/2026:00:22:21 +0200] "GET /images/s/actions/5829_2.jpg HTTP/1.1" 200 5556 "https://www.afish-ka.ru/cinema/films/5829/" "Mozilla/5.0 AppleWebKit/537.36 (KHTML, like Gecko; compatible; GPTBot/1.3; +https://openai.com/gptbot)"
74.7.227.21 - - [16/Apr/2026:00:22:22 +0200] "GET /images/s/actions/5907_3.jpg HTTP/1.1" 200 6235 "https://www.afish-ka.ru/cinema/films/5907/" "Mozilla/5.0 AppleWebKit/537.36 (KHTML, like Gecko; compatible; GPTBot/1.3; +https://openai.com/gptbot)"
216.244.66.228 - - [16/Apr/2026:00:22:21 +0200] "GET /cinema/films/4447/opinions/add/ HTTP/1.1" 200 20907 "-" "Mozilla/5.0 (compatible; DotBot/1.2; +https://opensiteexplorer.org/dotbot; help@moz.com)"
74.7.227.21 - - [16/Apr/2026:00:22:22 +0200] "GET /images/s/actions/5927_2.jpg HTTP/1.1" 200 8007 "https://www.afish-ka.ru/cinema/films/5927/" "Mozilla/5.0 AppleWebKit/537.36 (KHTML, like Gecko; compatible; GPTBot/1.3; +https://openai.com/gptbot)"
74.7.227.21 - - [16/Apr/2026:00:22:23 +0200] "GET /images/s/actions/5917_2.jpg HTTP/1.1" 200 5766 "https://www.afish-ka.ru/cinema/films/5917/" "Mozilla/5.0 AppleWebKit/537.36 (KHTML, like Gecko; compatible; GPTBot/1.3; +https://openai.com/gptbot)"
74.7.227.21 - - [16/Apr/2026:00:22:23 +0200] "GET /images/s/actions/5917_4.jpg HTTP/1.1" 200 7272 "https://www.afish-ka.ru/cinema/films/5917/" "Mozilla/5.0 AppleWebKit/537.36 (KHTML, like Gecko; compatible; GPTBot/1.3; +https://openai.com/gptbot)"
74.7.227.21 - - [16/Apr/2026:00:22:24 +0200] "GET /images/s/actions/5920_4.jpg HTTP/1.1" 200 5648 "https://www.afish-ka.ru/cinema/films/5920/" "Mozilla/5.0 AppleWebKit/537.36 (KHTML, like Gecko; compatible; GPTBot/1.3; +https://openai.com/gptbot)"
74.7.227.21 - - [16/Apr/2026:00:22:24 +0200] "GET /images/b/actions/5829_4.jpg HTTP/1.1" 200 60610 "https://www.afish-ka.ru/cinema/films/5829/" "Mozilla/5.0 AppleWebKit/537.36 (KHTML, like Gecko; compatible; GPTBot/1.3; +https://openai.com/gptbot)"
216.244.66.228 - - [16/Apr/2026:00:22:24 +0200] "GET /night_club/13/opinions/add/?parent=703 HTTP/1.1" 200 20924 "-" "Mozilla/5.0 (compatible; DotBot/1.2; +https://opensiteexplorer.org/dotbot; help@moz.com)"
74.7.227.21 - - [16/Apr/2026:00:22:25 +0200] "GET /images/b/actions/5810_5.jpg HTTP/1.1" 200 31968 "https://www.afish-ka.ru/cinema/films/5810/" "Mozilla/5.0 AppleWebKit/537.36 (KHTML, like Gecko; compatible; GPTBot/1.3; +https://openai.com/gptbot)"
185.191.171.2 - - [16/Apr/2026:00:22:25 +0200] "GET /cafe/284/opinions/add/?parent=49127 HTTP/1.1" 200 9515 "-" "Mozilla/5.0 (compatible; SemrushBot/7~bl; +http://www.semrush.com/bot.html)"
74.7.227.21 - - [16/Apr/2026:00:22:25 +0200] "GET /images/b/actions/5810_1.jpg HTTP/1.1" 200 30420 "https://www.afish-ka.ru/cinema/films/5810/" "Mozilla/5.0 AppleWebKit/537.36 (KHTML, like Gecko; compatible; GPTBot/1.3; +https://openai.com/gptbot)"
170.106.99.111 - - [16/Apr/2026:00:22:25 +0200] "GET /20-06-2015/ HTTP/1.1" 200 8803 "-" "Mozilla/5.0 (Windows NT 10.0; Win64; x64) AppleWebKit/537.36 (KHTML, like Gecko) Chrome/141.0.0.0 Safari/537.36"
74.7.227.21 - - [16/Apr/2026:00:22:26 +0200] "GET /images/b/actions/5910_4.jpg HTTP/1.1" 200 39963 "https://www.afish-ka.ru/cinema/films/5910/" "Mozilla/5.0 AppleWebKit/537.36 (KHTML, like Gecko; compatible; GPTBot/1.3; +https://openai.com/gptbot)"
74.7.227.21 - - [16/Apr/2026:00:22:26 +0200] "GET /images/s/actions/5910_5.jpg HTTP/1.1" 200 6247 "https://www.afish-ka.ru/cinema/films/5910/" "Mozilla/5.0 AppleWebKit/537.36 (KHTML, like Gecko; compatible; GPTBot/1.3; +https://openai.com/gptbot)"
74.7.227.21 - - [16/Apr/2026:00:22:27 +0200] "GET /images/b/actions/5836_1.jpg HTTP/1.1" 200 57243 "https://www.afish-ka.ru/cinema/films/5836/" "Mozilla/5.0 AppleWebKit/537.36 (KHTML, like Gecko; compatible; GPTBot/1.3; +https://openai.com/gptbot)"
74.7.227.21 - - [16/Apr/2026:00:22:28 +0200] "GET /images/b/actions/5829_3.jpg HTTP/1.1" 200 42204 "https://www.afish-ka.ru/cinema/films/5829/" "Mozilla/5.0 AppleWebKit/537.36 (KHTML, like Gecko; compatible; GPTBot/1.3; +https://openai.com/gptbot)"
74.7.227.21 - - [16/Apr/2026:00:22:28 +0200] "GET /images/b/actions/5910_1.jpg HTTP/1.1" 200 54443 "https://www.afish-ka.ru/cinema/films/5910/" "Mozilla/5.0 AppleWebKit/537.36 (KHTML, like Gecko; compatible; GPTBot/1.3; +https://openai.com/gptbot)"
74.7.227.21 - - [16/Apr/2026:00:22:29 +0200] "GET /images/s/actions/5831_5.jpg HTTP/1.1" 200 7324 "https://www.afish-ka.ru/cinema/films/5831/" "Mozilla/5.0 AppleWebKit/537.36 (KHTML, like Gecko; compatible; GPTBot/1.3; +https://openai.com/gptbot)"
74.7.227.21 - - [16/Apr/2026:00:22:29 +0200] "GET /images/s/actions/5914_3.jpg HTTP/1.1" 200 4364 "https://www.afish-ka.ru/cinema/films/5914/" "Mozilla/5.0 AppleWebKit/537.36 (KHTML, like Gecko; compatible; GPTBot/1.3; +https://openai.com/gptbot)"
216.244.66.228 - - [16/Apr/2026:00:22:29 +0200] "GET /rest_base/60/opinions/add/?parent=48365 HTTP/1.1" 200 20926 "-" "Mozilla/5.0 (compatible; DotBot/1.2; +https://opensiteexplorer.org/dotbot; help@moz.com)"
74.7.227.21 - - [16/Apr/2026:00:22:30 +0200] "GET /images/s/actions/5910_3.jpg HTTP/1.1" 200 6562 "https://www.afish-ka.ru/cinema/films/5910/" "Mozilla/5.0 AppleWebKit/537.36 (KHTML, like Gecko; compatible; GPTBot/1.3; +https://openai.com/gptbot)"
74.7.227.21 - - [16/Apr/2026:00:22:30 +0200] "GET /images/b/actions/5836_5.jpg HTTP/1.1" 200 45927 "https://www.afish-ka.ru/cinema/films/5836/" "Mozilla/5.0 AppleWebKit/537.36 (KHTML, like Gecko; compatible; GPTBot/1.3; +https://openai.com/gptbot)"
74.7.227.21 - - [16/Apr/2026:00:22:31 +0200] "GET /images/b/actions/5910_2.jpg HTTP/1.1" 200 55184 "https://www.afish-ka.ru/cinema/films/5910/" "Mozilla/5.0 AppleWebKit/537.36 (KHTML, like Gecko; compatible; GPTBot/1.3; +https://openai.com/gptbot)"
74.7.227.21 - - [16/Apr/2026:00:22:31 +0200] "GET /images/b/actions/5914_4.jpg HTTP/1.1" 200 19981 "https://www.afish-ka.ru/cinema/films/5914/" "Mozilla/5.0 AppleWebKit/537.36 (KHTML, like Gecko; compatible; GPTBot/1.3; +https://openai.com/gptbot)"
74.7.227.21 - - [16/Apr/2026:00:22:32 +0200] "GET /images/b/actions/5914_3.jpg HTTP/1.1" 200 25017 "https://www.afish-ka.ru/cinema/films/5914/" "Mozilla/5.0 AppleWebKit/537.36 (KHTML, like Gecko; compatible; GPTBot/1.3; +https://openai.com/gptbot)"
74.7.227.21 - - [16/Apr/2026:00:22:32 +0200] "GET /images/b/actions/5907_4.jpg HTTP/1.1" 200 46871 "https://www.afish-ka.ru/cinema/films/5907/" "Mozilla/5.0 AppleWebKit/537.36 (KHTML, like Gecko; compatible; GPTBot/1.3; +https://openai.com/gptbot)"
74.7.227.21 - - [16/Apr/2026:00:22:33 +0200] "GET /images/b/actions/5831_1.jpg HTTP/1.1" 200 39937 "https://www.afish-ka.ru/cinema/films/5831/" "Mozilla/5.0 AppleWebKit/537.36 (KHTML, like Gecko; compatible; GPTBot/1.3; +https://openai.com/gptbot)"
216.244.66.228 - - [16/Apr/2026:00:22:33 +0200] "GET /rest_base/60/opinions/add/?parent=52209 HTTP/1.1" 200 20927 "-" "Mozilla/5.0 (compatible; DotBot/1.2; +https://opensiteexplorer.org/dotbot; help@moz.com)"
74.7.227.21 - - [16/Apr/2026:00:22:33 +0200] "GET /images/b/actions/5831_2.jpg HTTP/1.1" 200 56677 "https://www.afish-ka.ru/cinema/films/5831/" "Mozilla/5.0 AppleWebKit/537.36 (KHTML, like Gecko; compatible; GPTBot/1.3; +https://openai.com/gptbot)"
74.7.227.21 - - [16/Apr/2026:00:22:34 +0200] "GET /images/s/actions/5917_5.jpg HTTP/1.1" 200 9508 "https://www.afish-ka.ru/cinema/films/5917/" "Mozilla/5.0 AppleWebKit/537.36 (KHTML, like Gecko; compatible; GPTBot/1.3; +https://openai.com/gptbot)"
74.7.227.21 - - [16/Apr/2026:00:22:34 +0200] "GET /images/b/actions/5910_3.jpg HTTP/1.1" 200 53032 "https://www.afish-ka.ru/cinema/films/5910/" "Mozilla/5.0 AppleWebKit/537.36 (KHTML, like Gecko; compatible; GPTBot/1.3; +https://openai.com/gptbot)"
74.7.227.21 - - [16/Apr/2026:00:22:35 +0200] "GET /images/s/actions/5836_4.jpg HTTP/1.1" 200 4107 "https://www.afish-ka.ru/cinema/films/5836/" "Mozilla/5.0 AppleWebKit/537.36 (KHTML, like Gecko; compatible; GPTBot/1.3; +https://openai.com/gptbot)"
74.7.227.21 - - [16/Apr/2026:00:22:35 +0200] "GET /images/b/actions/5920_6.jpg HTTP/1.1" 200 49696 "https://www.afish-ka.ru/cinema/films/5920/" "Mozilla/5.0 AppleWebKit/537.36 (KHTML, like Gecko; compatible; GPTBot/1.3; +https://openai.com/gptbot)"
74.7.227.21 - - [16/Apr/2026:00:22:36 +0200] "GET /images/s/actions/5914_5.jpg HTTP/1.1" 200 5754 "https://www.afish-ka.ru/cinema/films/5914/" "Mozilla/5.0 AppleWebKit/537.36 (KHTML, like Gecko; compatible; GPTBot/1.3; +https://openai.com/gptbot)"
74.7.227.21 - - [16/Apr/2026:00:22:37 +0200] "GET /images/b/actions/5907_3.jpg HTTP/1.1" 200 46790 "https://www.afish-ka.ru/cinema/films/5907/" "Mozilla/5.0 AppleWebKit/537.36 (KHTML, like Gecko; compatible; GPTBot/1.3; +https://openai.com/gptbot)"
216.244.66.228 - - [16/Apr/2026:00:22:36 +0200] "GET /restaurant/282/opinions/add/?parent=49176 HTTP/1.1" 200 20908 "-" "Mozilla/5.0 (compatible; DotBot/1.2; +https://opensiteexplorer.org/dotbot; help@moz.com)"
74.7.227.21 - - [16/Apr/2026:00:22:37 +0200] "GET /images/b/actions/5836_3.jpg HTTP/1.1" 200 42379 "https://www.afish-ka.ru/cinema/films/5836/" "Mozilla/5.0 AppleWebKit/537.36 (KHTML, like Gecko; compatible; GPTBot/1.3; +https://openai.com/gptbot)"
74.7.227.21 - - [16/Apr/2026:00:22:38 +0200] "GET /images/s/actions/5920_6.jpg HTTP/1.1" 200 5811 "https://www.afish-ka.ru/cinema/films/5920/" "Mozilla/5.0 AppleWebKit/537.36 (KHTML, like Gecko; compatible; GPTBot/1.3; +https://openai.com/gptbot)"
74.7.227.21 - - [16/Apr/2026:00:22:38 +0200] "GET /images/s/actions/5829_3.jpg HTTP/1.1" 200 5889 "https://www.afish-ka.ru/cinema/films/5829/" "Mozilla/5.0 AppleWebKit/537.36 (KHTML, like Gecko; compatible; GPTBot/1.3; +https://openai.com/gptbot)"
74.7.227.21 - - [16/Apr/2026:00:22:39 +0200] "GET /images/s/actions/5831_2.jpg HTTP/1.1" 200 6498 "https://www.afish-ka.ru/cinema/films/5831/" "Mozilla/5.0 AppleWebKit/537.36 (KHTML, like Gecko; compatible; GPTBot/1.3; +https://openai.com/gptbot)"
74.7.227.21 - - [16/Apr/2026:00:22:39 +0200] "GET /images/s/actions/5920_3.jpg HTTP/1.1" 200 4407 "https://www.afish-ka.ru/cinema/films/5920/" "Mozilla/5.0 AppleWebKit/537.36 (KHTML, like Gecko; compatible; GPTBot/1.3; +https://openai.com/gptbot)"
74.7.227.21 - - [16/Apr/2026:00:22:40 +0200] "GET /images/s/actions/5907_2.jpg HTTP/1.1" 200 6040 "https://www.afish-ka.ru/cinema/films/5907/" "Mozilla/5.0 AppleWebKit/537.36 (KHTML, like Gecko; compatible; GPTBot/1.3; +https://openai.com/gptbot)"
74.7.227.21 - - [16/Apr/2026:00:22:40 +0200] "GET /images/b/actions/5917_3.jpg HTTP/1.1" 200 51234 "https://www.afish-ka.ru/cinema/films/5917/" "Mozilla/5.0 AppleWebKit/537.36 (KHTML, like Gecko; compatible; GPTBot/1.3; +https://openai.com/gptbot)"
74.7.227.21 - - [16/Apr/2026:00:22:41 +0200] "GET /images/b/actions/5836_4.jpg HTTP/1.1" 200 35903 "https://www.afish-ka.ru/cinema/films/5836/" "Mozilla/5.0 AppleWebKit/537.36 (KHTML, like Gecko; compatible; GPTBot/1.3; +https://openai.com/gptbot)"
74.7.227.21 - - [16/Apr/2026:00:22:41 +0200] "GET /images/b/actions/5920_4.jpg HTTP/1.1" 200 24031 "https://www.afish-ka.ru/cinema/films/5920/" "Mozilla/5.0 AppleWebKit/537.36 (KHTML, like Gecko; compatible; GPTBot/1.3; +https://openai.com/gptbot)"
116.179.32.26 - - [16/Apr/2026:00:22:42 +0200] "GET /images/s/actions/1742_4.jpg HTTP/1.1" 200 9560 "-" "Baiduspider-image+(+http://www.baidu.com/search/spider.htm)"
220.181.108.159 - - [16/Apr/2026:00:22:42 +0200] "GET /images/b/actions/3520_3.jpg HTTP/1.1" 200 61343 "-" "Baiduspider-image+(+http://www.baidu.com/search/spider.htm)"
74.7.227.21 - - [16/Apr/2026:00:22:42 +0200] "GET /images/s/actions/5836_3.jpg HTTP/1.1" 200 5874 "https://www.afish-ka.ru/cinema/films/5836/" "Mozilla/5.0 AppleWebKit/537.36 (KHTML, like Gecko; compatible; GPTBot/1.3; +https://openai.com/gptbot)"
74.7.227.21 - - [16/Apr/2026:00:22:42 +0200] "GET /images/s/actions/5907_5.jpg HTTP/1.1" 200 6489 "https://www.afish-ka.ru/cinema/films/5907/" "Mozilla/5.0 AppleWebKit/537.36 (KHTML, like Gecko; compatible; GPTBot/1.3; +https://openai.com/gptbot)"
220.181.108.147 - - [16/Apr/2026:00:22:42 +0200] "GET /images/s/actions/5016_1.jpg HTTP/1.1" 200 7111 "-" "Baiduspider-image+(+http://www.baidu.com/search/spider.htm)"
74.7.227.21 - - [16/Apr/2026:00:22:43 +0200] "GET /images/s/actions/5910_2.jpg HTTP/1.1" 200 6266 "https://www.afish-ka.ru/cinema/films/5910/" "Mozilla/5.0 AppleWebKit/537.36 (KHTML, like Gecko; compatible; GPTBot/1.3; +https://openai.com/gptbot)"
74.7.227.21 - - [16/Apr/2026:00:22:43 +0200] "GET /images/s/actions/5829_4.jpg HTTP/1.1" 200 6437 "https://www.afish-ka.ru/cinema/films/5829/" "Mozilla/5.0 AppleWebKit/537.36 (KHTML, like Gecko; compatible; GPTBot/1.3; +https://openai.com/gptbot)"
74.7.227.21 - - [16/Apr/2026:00:22:44 +0200] "GET /images/s/actions/5836_5.jpg HTTP/1.1" 200 5712 "https://www.afish-ka.ru/cinema/films/5836/" "Mozilla/5.0 AppleWebKit/537.36 (KHTML, like Gecko; compatible; GPTBot/1.3; +https://openai.com/gptbot)"
220.181.108.110 - - [16/Apr/2026:00:22:44 +0200] "GET /cafe/37/opinions/ HTTP/1.1" 200 76320 "-" "Mozilla/5.0 (compatible; Baiduspider/2.0; +http://www.baidu.com/search/spider.html)"
220.181.108.82 - - [16/Apr/2026:00:22:44 +0200] "GET /cinema/films/1053/opinions/add/?parent=10394 HTTP/1.1" 200 9546 "-" "Mozilla/5.0 (compatible; Baiduspider/2.0; +http://www.baidu.com/search/spider.html)"
74.7.227.21 - - [16/Apr/2026:00:22:44 +0200] "GET /images/s/actions/5927_3.jpg HTTP/1.1" 200 6761 "https://www.afish-ka.ru/cinema/films/5927/" "Mozilla/5.0 AppleWebKit/537.36 (KHTML, like Gecko; compatible; GPTBot/1.3; +https://openai.com/gptbot)"
74.7.227.21 - - [16/Apr/2026:00:22:45 +0200] "GET /images/s/actions/5810_5.jpg HTTP/1.1" 200 5379 "https://www.afish-ka.ru/cinema/films/5810/" "Mozilla/5.0 AppleWebKit/537.36 (KHTML, like Gecko; compatible; GPTBot/1.3; +https://openai.com/gptbot)"
74.7.227.21 - - [16/Apr/2026:00:22:45 +0200] "GET /images/s/actions/5907_4.jpg HTTP/1.1" 200 6527 "https://www.afish-ka.ru/cinema/films/5907/" "Mozilla/5.0 AppleWebKit/537.36 (KHTML, like Gecko; compatible; GPTBot/1.3; +https://openai.com/gptbot)"
74.7.227.21 - - [16/Apr/2026:00:22:46 +0200] "GET /images/b/actions/5927_3.jpg HTTP/1.1" 200 72972 "https://www.afish-ka.ru/cinema/films/5927/" "Mozilla/5.0 AppleWebKit/537.36 (KHTML, like Gecko; compatible; GPTBot/1.3; +https://openai.com/gptbot)"
74.7.227.21 - - [16/Apr/2026:00:22:47 +0200] "GET /images/b/actions/5907_1.jpg HTTP/1.1" 200 37494 "https://www.afish-ka.ru/cinema/films/5907/" "Mozilla/5.0 AppleWebKit/537.36 (KHTML, like Gecko; compatible; GPTBot/1.3; +https://openai.com/gptbot)"
74.7.227.21 - - [16/Apr/2026:00:22:47 +0200] "GET /images/b/actions/5927_1.jpg HTTP/1.1" 200 51832 "https://www.afish-ka.ru/cinema/films/5927/" "Mozilla/5.0 AppleWebKit/537.36 (KHTML, like Gecko; compatible; GPTBot/1.3; +https://openai.com/gptbot)"
74.7.227.21 - - [16/Apr/2026:00:22:48 +0200] "GET /images/s/actions/5927_5.jpg HTTP/1.1" 200 6909 "https://www.afish-ka.ru/cinema/films/5927/" "Mozilla/5.0 AppleWebKit/537.36 (KHTML, like Gecko; compatible; GPTBot/1.3; +https://openai.com/gptbot)"
74.7.227.21 - - [16/Apr/2026:00:22:48 +0200] "GET /images/s/actions/5927_4.jpg HTTP/1.1" 200 7504 "https://www.afish-ka.ru/cinema/films/5927/" "Mozilla/5.0 AppleWebKit/537.36 (KHTML, like Gecko; compatible; GPTBot/1.3; +https://openai.com/gptbot)"
51.68.247.223 - - [16/Apr/2026:00:22:48 +0200] "GET /cinema/films/1381/opinions/add/?parent=15262 HTTP/1.1" 200 9522 "-" "Mozilla/5.0 (compatible; AhrefsBot/7.0; +http://ahrefs.com/robot/)"
74.7.227.21 - - [16/Apr/2026:00:22:49 +0200] "GET /images/s/actions/5829_5.jpg HTTP/1.1" 200 5744 "https://www.afish-ka.ru/cinema/films/5829/" "Mozilla/5.0 AppleWebKit/537.36 (KHTML, like Gecko; compatible; GPTBot/1.3; +https://openai.com/gptbot)"
74.7.227.21 - - [16/Apr/2026:00:22:49 +0200] "GET /images/b/actions/5914_5.jpg HTTP/1.1" 200 45264 "https://www.afish-ka.ru/cinema/films/5914/" "Mozilla/5.0 AppleWebKit/537.36 (KHTML, like Gecko; compatible; GPTBot/1.3; +https://openai.com/gptbot)"
185.191.171.16 - - [16/Apr/2026:00:22:49 +0200] "GET /cinema/films/323/opinions/add/?parent=3165 HTTP/1.1" 200 9530 "-" "Mozilla/5.0 (compatible; SemrushBot/7~bl; +http://www.semrush.com/bot.html)"
74.7.227.21 - - [16/Apr/2026:00:22:50 +0200] "GET /images/s/actions/5920_5.jpg HTTP/1.1" 200 6712 "https://www.afish-ka.ru/cinema/films/5920/" "Mozilla/5.0 AppleWebKit/537.36 (KHTML, like Gecko; compatible; GPTBot/1.3; +https://openai.com/gptbot)"
74.7.227.21 - - [16/Apr/2026:00:22:50 +0200] "GET /images/b/actions/5831_4.jpg HTTP/1.1" 200 66947 "https://www.afish-ka.ru/cinema/films/5831/" "Mozilla/5.0 AppleWebKit/537.36 (KHTML, like Gecko; compatible; GPTBot/1.3; +https://openai.com/gptbot)"
74.7.227.21 - - [16/Apr/2026:00:22:51 +0200] "GET /images/b/actions/5831_3.jpg HTTP/1.1" 200 66953 "https://www.afish-ka.ru/cinema/films/5831/" "Mozilla/5.0 AppleWebKit/537.36 (KHTML, like Gecko; compatible; GPTBot/1.3; +https://openai.com/gptbot)"
74.7.227.21 - - [16/Apr/2026:00:22:51 +0200] "GET /images/b/actions/5927_4.jpg HTTP/1.1" 200 86012 "https://www.afish-ka.ru/cinema/films/5927/" "Mozilla/5.0 AppleWebKit/537.36 (KHTML, like Gecko; compatible; GPTBot/1.3; +https://openai.com/gptbot)"
74.7.227.21 - - [16/Apr/2026:00:22:52 +0200] "GET /images/b/actions/5907_5.jpg HTTP/1.1" 200 39205 "https://www.afish-ka.ru/cinema/films/5907/" "Mozilla/5.0 AppleWebKit/537.36 (KHTML, like Gecko; compatible; GPTBot/1.3; +https://openai.com/gptbot)"
74.7.227.21 - - [16/Apr/2026:00:22:52 +0200] "GET /images/s/actions/5836_2.jpg HTTP/1.1" 200 5849 "https://www.afish-ka.ru/cinema/films/5836/" "Mozilla/5.0 AppleWebKit/537.36 (KHTML, like Gecko; compatible; GPTBot/1.3; +https://openai.com/gptbot)"
74.7.227.21 - - [16/Apr/2026:00:22:53 +0200] "GET /images/b/actions/5810_4.jpg HTTP/1.1" 200 35372 "https://www.afish-ka.ru/cinema/films/5810/" "Mozilla/5.0 AppleWebKit/537.36 (KHTML, like Gecko; compatible; GPTBot/1.3; +https://openai.com/gptbot)"
74.7.227.21 - - [16/Apr/2026:00:22:53 +0200] "GET /images/s/actions/5910_4.jpg HTTP/1.1" 200 5851 "https://www.afish-ka.ru/cinema/films/5910/" "Mozilla/5.0 AppleWebKit/537.36 (KHTML, like Gecko; compatible; GPTBot/1.3; +https://openai.com/gptbot)"
74.7.227.21 - - [16/Apr/2026:00:22:54 +0200] "GET /images/b/actions/5920_1.jpg HTTP/1.1" 200 51566 "https://www.afish-ka.ru/cinema/films/5920/" "Mozilla/5.0 AppleWebKit/537.36 (KHTML, like Gecko; compatible; GPTBot/1.3; +https://openai.com/gptbot)"
74.7.227.21 - - [16/Apr/2026:00:22:54 +0200] "GET /images/b/actions/5829_5.jpg HTTP/1.1" 200 40216 "https://www.afish-ka.ru/cinema/films/5829/" "Mozilla/5.0 AppleWebKit/537.36 (KHTML, like Gecko; compatible; GPTBot/1.3; +https://openai.com/gptbot)"
114.119.152.86 - - [16/Apr/2026:00:22:54 +0200] "GET /cinema/33/opinions/add?parent=7232 HTTP/1.1" 200 53910 "https://www.afish-ka.ru/cinema/33/opinions/add?parent=32563" "Mozilla/5.0 (Linux; Android 7.0;) AppleWebKit/537.36 (KHTML, like Gecko) Mobile Safari/537.36 (compatible; PetalBot;+https://webmaster.petalsearch.com/site/petalbot)"
74.7.227.21 - - [16/Apr/2026:00:22:55 +0200] "GET /images/b/actions/5910_5.jpg HTTP/1.1" 200 51692 "https://www.afish-ka.ru/cinema/films/5910/" "Mozilla/5.0 AppleWebKit/537.36 (KHTML, like Gecko; compatible; GPTBot/1.3; +https://openai.com/gptbot)"
74.7.227.21 - - [16/Apr/2026:00:22:55 +0200] "GET /images/b/actions/5917_2.jpg HTTP/1.1" 200 33990 "https://www.afish-ka.ru/cinema/films/5917/" "Mozilla/5.0 AppleWebKit/537.36 (KHTML, like Gecko; compatible; GPTBot/1.3; +https://openai.com/gptbot)"
74.7.227.21 - - [16/Apr/2026:00:22:56 +0200] "GET /images/s/actions/5810_3.jpg HTTP/1.1" 200 5934 "https://www.afish-ka.ru/cinema/films/5810/" "Mozilla/5.0 AppleWebKit/537.36 (KHTML, like Gecko; compatible; GPTBot/1.3; +https://openai.com/gptbot)"
74.7.227.21 - - [16/Apr/2026:00:22:57 +0200] "GET /images/b/actions/5917_4.jpg HTTP/1.1" 200 45826 "https://www.afish-ka.ru/cinema/films/5917/" "Mozilla/5.0 AppleWebKit/537.36 (KHTML, like Gecko; compatible; GPTBot/1.3; +https://openai.com/gptbot)"
74.7.227.21 - - [16/Apr/2026:00:22:57 +0200] "GET /images/b/actions/5920_5.jpg HTTP/1.1" 200 39897 "https://www.afish-ka.ru/cinema/films/5920/" "Mozilla/5.0 AppleWebKit/537.36 (KHTML, like Gecko; compatible; GPTBot/1.3; +https://openai.com/gptbot)"
74.7.227.21 - - [16/Apr/2026:00:22:58 +0200] "GET /images/b/actions/5829_1.jpg HTTP/1.1" 200 44813 "https://www.afish-ka.ru/cinema/films/5829/" "Mozilla/5.0 AppleWebKit/537.36 (KHTML, like Gecko; compatible; GPTBot/1.3; +https://openai.com/gptbot)"
74.7.227.21 - - [16/Apr/2026:00:22:58 +0200] "GET /images/b/actions/5927_5.jpg HTTP/1.1" 200 77456 "https://www.afish-ka.ru/cinema/films/5927/" "Mozilla/5.0 AppleWebKit/537.36 (KHTML, like Gecko; compatible; GPTBot/1.3; +https://openai.com/gptbot)"
74.7.227.21 - - [16/Apr/2026:00:22:59 +0200] "GET /images/s/actions/5810_2.jpg HTTP/1.1" 200 5197 "https://www.afish-ka.ru/cinema/films/5810/" "Mozilla/5.0 AppleWebKit/537.36 (KHTML, like Gecko; compatible; GPTBot/1.3; +https://openai.com/gptbot)"
74.7.227.21 - - [16/Apr/2026:00:22:59 +0200] "GET /images/b/actions/5917_5.jpg HTTP/1.1" 200 38365 "https://www.afish-ka.ru/cinema/films/5917/" "Mozilla/5.0 AppleWebKit/537.36 (KHTML, like Gecko; compatible; GPTBot/1.3; +https://openai.com/gptbot)"
74.7.227.21 - - [16/Apr/2026:00:23:00 +0200] "GET /images/b/actions/5829_2.jpg HTTP/1.1" 200 38880 "https://www.afish-ka.ru/cinema/films/5829/" "Mozilla/5.0 AppleWebKit/537.36 (KHTML, like Gecko; compatible; GPTBot/1.3; +https://openai.com/gptbot)"
74.7.227.21 - - [16/Apr/2026:00:23:00 +0200] "GET /images/b/actions/5914_1.jpg HTTP/1.1" 200 26511 "https://www.afish-ka.ru/cinema/films/5914/" "Mozilla/5.0 AppleWebKit/537.36 (KHTML, like Gecko; compatible; GPTBot/1.3; +https://openai.com/gptbot)"
74.7.227.21 - - [16/Apr/2026:00:23:01 +0200] "GET /images/s/actions/5914_4.jpg HTTP/1.1" 200 3432 "https://www.afish-ka.ru/cinema/films/5914/" "Mozilla/5.0 AppleWebKit/537.36 (KHTML, like Gecko; compatible; GPTBot/1.3; +https://openai.com/gptbot)"
74.7.227.21 - - [16/Apr/2026:00:23:01 +0200] "GET /images/b/actions/5907_2.jpg HTTP/1.1" 200 42993 "https://www.afish-ka.ru/cinema/films/5907/" "Mozilla/5.0 AppleWebKit/537.36 (KHTML, like Gecko; compatible; GPTBot/1.3; +https://openai.com/gptbot)"
74.7.227.21 - - [16/Apr/2026:00:23:02 +0200] "GET /images/s/actions/5914_2.jpg HTTP/1.1" 200 4472 "https://www.afish-ka.ru/cinema/films/5914/" "Mozilla/5.0 AppleWebKit/537.36 (KHTML, like Gecko; compatible; GPTBot/1.3; +https://openai.com/gptbot)"
74.7.227.21 - - [16/Apr/2026:00:23:02 +0200] "GET /images/b/actions/5920_3.jpg HTTP/1.1" 200 17298 "https://www.afish-ka.ru/cinema/films/5920/" "Mozilla/5.0 AppleWebKit/537.36 (KHTML, like Gecko; compatible; GPTBot/1.3; +https://openai.com/gptbot)"
74.7.227.21 - - [16/Apr/2026:00:23:03 +0200] "GET /images/b/actions/5917_1.jpg HTTP/1.1" 200 31869 "https://www.afish-ka.ru/cinema/films/5917/" "Mozilla/5.0 AppleWebKit/537.36 (KHTML, like Gecko; compatible; GPTBot/1.3; +https://openai.com/gptbot)"
74.7.227.21 - - [16/Apr/2026:00:23:03 +0200] "GET /images/s/actions/5831_4.jpg HTTP/1.1" 200 7384 "https://www.afish-ka.ru/cinema/films/5831/" "Mozilla/5.0 AppleWebKit/537.36 (KHTML, like Gecko; compatible; GPTBot/1.3; +https://openai.com/gptbot)"
74.7.227.21 - - [16/Apr/2026:00:23:04 +0200] "GET /images/b/actions/5914_2.jpg HTTP/1.1" 200 23917 "https://www.afish-ka.ru/cinema/films/5914/" "Mozilla/5.0 AppleWebKit/537.36 (KHTML, like Gecko; compatible; GPTBot/1.3; +https://openai.com/gptbot)"
74.7.227.21 - - [16/Apr/2026:00:23:04 +0200] "GET /images/b/actions/5836_2.jpg HTTP/1.1" 200 36831 "https://www.afish-ka.ru/cinema/films/5836/" "Mozilla/5.0 AppleWebKit/537.36 (KHTML, like Gecko; compatible; GPTBot/1.3; +https://openai.com/gptbot)"
74.7.227.21 - - [16/Apr/2026:00:23:05 +0200] "GET /images/b/actions/5810_3.jpg HTTP/1.1" 200 30940 "https://www.afish-ka.ru/cinema/films/5810/" "Mozilla/5.0 AppleWebKit/537.36 (KHTML, like Gecko; compatible; GPTBot/1.3; +https://openai.com/gptbot)"
74.7.227.21 - - [16/Apr/2026:00:23:05 +0200] "GET /images/b/actions/5927_2.jpg HTTP/1.1" 200 80374 "https://www.afish-ka.ru/cinema/films/5927/" "Mozilla/5.0 AppleWebKit/537.36 (KHTML, like Gecko; compatible; GPTBot/1.3; +https://openai.com/gptbot)"
92.222.108.118 - - [16/Apr/2026:00:23:05 +0200] "GET /concert_hall/actions/2628/ HTTP/1.1" 200 10289 "-" "Mozilla/5.0 (compatible; AhrefsBot/7.0; +http://ahrefs.com/robot/)"
74.7.227.21 - - [16/Apr/2026:00:23:06 +0200] "GET /images/s/actions/5917_3.jpg HTTP/1.1" 200 6631 "https://www.afish-ka.ru/cinema/films/5917/" "Mozilla/5.0 AppleWebKit/537.36 (KHTML, like Gecko; compatible; GPTBot/1.3; +https://openai.com/gptbot)"
74.7.227.21 - - [16/Apr/2026:00:23:06 +0200] "GET /images/s/posters/5831.jpg HTTP/1.1" 200 13889 "https://www.afish-ka.ru/cinema/films/5831/" "Mozilla/5.0 AppleWebKit/537.36 (KHTML, like Gecko; compatible; GPTBot/1.3; +https://openai.com/gptbot)"
74.7.227.21 - - [16/Apr/2026:00:23:07 +0200] "GET /images/b/posters/5917.jpg HTTP/1.1" 200 53712 "https://www.afish-ka.ru/cinema/films/5917/" "Mozilla/5.0 AppleWebKit/537.36 (KHTML, like Gecko; compatible; GPTBot/1.3; +https://openai.com/gptbot)"
74.7.227.21 - - [16/Apr/2026:00:23:08 +0200] "GET /images/b/posters/5914.jpg HTTP/1.1" 200 47893 "https://www.afish-ka.ru/cinema/films/5914/" "Mozilla/5.0 AppleWebKit/537.36 (KHTML, like Gecko; compatible; GPTBot/1.3; +https://openai.com/gptbot)"
74.7.227.21 - - [16/Apr/2026:00:23:08 +0200] "GET /images/b/posters/5810.jpg HTTP/1.1" 200 68092 "https://www.afish-ka.ru/cinema/films/5810/" "Mozilla/5.0 AppleWebKit/537.36 (KHTML, like Gecko; compatible; GPTBot/1.3; +https://openai.com/gptbot)"
74.7.227.21 - - [16/Apr/2026:00:23:09 +0200] "GET /images/b/posters/5907.jpg HTTP/1.1" 200 32493 "https://www.afish-ka.ru/cinema/films/5907/" "Mozilla/5.0 AppleWebKit/537.36 (KHTML, like Gecko; compatible; GPTBot/1.3; +https://openai.com/gptbot)"
74.7.227.21 - - [16/Apr/2026:00:23:09 +0200] "GET /images/s/posters/5917.jpg HTTP/1.1" 200 11873 "https://www.afish-ka.ru/cinema/films/5917/" "Mozilla/5.0 AppleWebKit/537.36 (KHTML, like Gecko; compatible; GPTBot/1.3; +https://openai.com/gptbot)"
74.7.227.21 - - [16/Apr/2026:00:23:10 +0200] "GET /images/b/posters/5920.jpg HTTP/1.1" 200 33450 "https://www.afish-ka.ru/cinema/films/5920/" "Mozilla/5.0 AppleWebKit/537.36 (KHTML, like Gecko; compatible; GPTBot/1.3; +https://openai.com/gptbot)"
74.7.227.21 - - [16/Apr/2026:00:23:10 +0200] "GET /images/b/posters/5829.jpg HTTP/1.1" 200 62348 "https://www.afish-ka.ru/cinema/films/5829/" "Mozilla/5.0 AppleWebKit/537.36 (KHTML, like Gecko; compatible; GPTBot/1.3; +https://openai.com/gptbot)"
74.7.227.21 - - [16/Apr/2026:00:23:11 +0200] "GET /images/s/posters/5836.jpg HTTP/1.1" 200 13018 "https://www.afish-ka.ru/cinema/films/5836/" "Mozilla/5.0 AppleWebKit/537.36 (KHTML, like Gecko; compatible; GPTBot/1.3; +https://openai.com/gptbot)"
74.7.227.21 - - [16/Apr/2026:00:23:11 +0200] "GET /images/s/posters/5810.jpg HTTP/1.1" 200 13050 "https://www.afish-ka.ru/cinema/films/5810/" "Mozilla/5.0 AppleWebKit/537.36 (KHTML, like Gecko; compatible; GPTBot/1.3; +https://openai.com/gptbot)"
74.7.227.21 - - [16/Apr/2026:00:23:12 +0200] "GET /images/b/posters/5836.jpg HTTP/1.1" 200 61696 "https://www.afish-ka.ru/cinema/films/5836/" "Mozilla/5.0 AppleWebKit/537.36 (KHTML, like Gecko; compatible; GPTBot/1.3; +https://openai.com/gptbot)"
74.7.227.21 - - [16/Apr/2026:00:23:12 +0200] "GET /images/b/posters/5831.jpg HTTP/1.1" 200 76802 "https://www.afish-ka.ru/cinema/films/5831/" "Mozilla/5.0 AppleWebKit/537.36 (KHTML, like Gecko; compatible; GPTBot/1.3; +https://openai.com/gptbot)"
74.7.227.21 - - [16/Apr/2026:00:23:13 +0200] "GET /images/s/posters/5910.jpg HTTP/1.1" 200 18200 "https://www.afish-ka.ru/cinema/films/5910/" "Mozilla/5.0 AppleWebKit/537.36 (KHTML, like Gecko; compatible; GPTBot/1.3; +https://openai.com/gptbot)"
74.7.227.21 - - [16/Apr/2026:00:23:13 +0200] "GET /images/s/posters/5829.jpg HTTP/1.1" 200 10009 "https://www.afish-ka.ru/cinema/films/5829/" "Mozilla/5.0 AppleWebKit/537.36 (KHTML, like Gecko; compatible; GPTBot/1.3; +https://openai.com/gptbot)"
74.7.227.21 - - [16/Apr/2026:00:23:14 +0200] "GET /images/b/posters/5910.jpg HTTP/1.1" 200 104577 "https://www.afish-ka.ru/cinema/films/5910/" "Mozilla/5.0 AppleWebKit/537.36 (KHTML, like Gecko; compatible; GPTBot/1.3; +https://openai.com/gptbot)"
74.7.227.21 - - [16/Apr/2026:00:23:14 +0200] "GET /images/s/posters/5914.jpg HTTP/1.1" 200 9149 "https://www.afish-ka.ru/cinema/films/5914/" "Mozilla/5.0 AppleWebKit/537.36 (KHTML, like Gecko; compatible; GPTBot/1.3; +https://openai.com/gptbot)"
74.7.227.21 - - [16/Apr/2026:00:23:15 +0200] "GET /images/s/posters/5920.jpg HTTP/1.1" 200 13276 "https://www.afish-ka.ru/cinema/films/5920/" "Mozilla/5.0 AppleWebKit/537.36 (KHTML, like Gecko; compatible; GPTBot/1.3; +https://openai.com/gptbot)"
74.7.227.21 - - [16/Apr/2026:00:23:15 +0200] "GET /images/s/posters/5907.jpg HTTP/1.1" 200 10571 "https://www.afish-ka.ru/cinema/films/5907/" "Mozilla/5.0 AppleWebKit/537.36 (KHTML, like Gecko; compatible; GPTBot/1.3; +https://openai.com/gptbot)"
74.7.227.21 - - [16/Apr/2026:00:23:16 +0200] "GET /cinema/films/5826/ HTTP/1.1" 200 6894 "https://www.afish-ka.ru/19-04-2021/" "Mozilla/5.0 AppleWebKit/537.36 (KHTML, like Gecko; compatible; GPTBot/1.3; +https://openai.com/gptbot)"
74.7.227.21 - - [16/Apr/2026:00:23:17 +0200] "GET /cinema/films/5789/ HTTP/1.1" 200 6626 "https://www.afish-ka.ru/09-05-2021/" "Mozilla/5.0 AppleWebKit/537.36 (KHTML, like Gecko; compatible; GPTBot/1.3; +https://openai.com/gptbot)"
