74.7.227.21 - - [16/Apr/2026:00:54:56 +0200] "GET /30-08-2007/ HTTP/1.1" 200 7399 "https://www.afish-ka.ru/13-09-2007/" "Mozilla/5.0 AppleWebKit/537.36 (KHTML, like Gecko; compatible; GPTBot/1.3; +https://openai.com/gptbot)"
74.7.227.21 - - [16/Apr/2026:00:54:57 +0200] "GET /24-12-2010/ HTTP/1.1" 200 8358 "https://www.afish-ka.ru/04-01-2011/" "Mozilla/5.0 AppleWebKit/537.36 (KHTML, like Gecko; compatible; GPTBot/1.3; +https://openai.com/gptbot)"
74.7.227.21 - - [16/Apr/2026:00:54:57 +0200] "GET /images/b/actions/5685_5.jpg HTTP/1.1" 200 32185 "https://www.afish-ka.ru/cinema/films/5685/" "Mozilla/5.0 AppleWebKit/537.36 (KHTML, like Gecko; compatible; GPTBot/1.3; +https://openai.com/gptbot)"
74.7.227.21 - - [16/Apr/2026:00:54:58 +0200] "GET /images/s/actions/5685_4.jpg HTTP/1.1" 200 4772 "https://www.afish-ka.ru/cinema/films/5685/" "Mozilla/5.0 AppleWebKit/537.36 (KHTML, like Gecko; compatible; GPTBot/1.3; +https://openai.com/gptbot)"
92.222.108.126 - - [16/Apr/2026:00:54:58 +0200] "GET /cinema/films/1809/opinions/add/?parent=18472 HTTP/1.1" 200 9548 "-" "Mozilla/5.0 (compatible; AhrefsBot/7.0; +http://ahrefs.com/robot/)"
74.7.227.21 - - [16/Apr/2026:00:54:58 +0200] "GET /images/b/actions/5685_2.jpg HTTP/1.1" 200 23127 "https://www.afish-ka.ru/cinema/films/5685/" "Mozilla/5.0 AppleWebKit/537.36 (KHTML, like Gecko; compatible; GPTBot/1.3; +https://openai.com/gptbot)"
74.7.227.21 - - [16/Apr/2026:00:54:59 +0200] "GET /images/b/actions/5685_3.jpg HTTP/1.1" 200 13522 "https://www.afish-ka.ru/cinema/films/5685/" "Mozilla/5.0 AppleWebKit/537.36 (KHTML, like Gecko; compatible; GPTBot/1.3; +https://openai.com/gptbot)"
74.7.227.21 - - [16/Apr/2026:00:54:59 +0200] "GET /images/s/actions/5685_3.jpg HTTP/1.1" 200 3294 "https://www.afish-ka.ru/cinema/films/5685/" "Mozilla/5.0 AppleWebKit/537.36 (KHTML, like Gecko; compatible; GPTBot/1.3; +https://openai.com/gptbot)"
74.7.227.21 - - [16/Apr/2026:00:55:00 +0200] "GET /images/s/actions/5685_2.jpg HTTP/1.1" 200 5001 "https://www.afish-ka.ru/cinema/films/5685/" "Mozilla/5.0 AppleWebKit/537.36 (KHTML, like Gecko; compatible; GPTBot/1.3; +https://openai.com/gptbot)"
74.7.227.21 - - [16/Apr/2026:00:55:00 +0200] "GET /images/b/actions/5685_4.jpg HTTP/1.1" 200 32174 "https://www.afish-ka.ru/cinema/films/5685/" "Mozilla/5.0 AppleWebKit/537.36 (KHTML, like Gecko; compatible; GPTBot/1.3; +https://openai.com/gptbot)"
74.7.227.21 - - [16/Apr/2026:00:55:01 +0200] "GET /images/b/actions/1220_1.jpg HTTP/1.1" 200 34988 "https://www.afish-ka.ru/cinema/films/1220/" "Mozilla/5.0 AppleWebKit/537.36 (KHTML, like Gecko; compatible; GPTBot/1.3; +https://openai.com/gptbot)"
74.7.227.21 - - [16/Apr/2026:00:55:01 +0200] "GET /images/b/actions/5685_1.jpg HTTP/1.1" 200 17282 "https://www.afish-ka.ru/cinema/films/5685/" "Mozilla/5.0 AppleWebKit/537.36 (KHTML, like Gecko; compatible; GPTBot/1.3; +https://openai.com/gptbot)"
74.7.227.21 - - [16/Apr/2026:00:55:02 +0200] "GET /images/s/actions/1779_1.jpg HTTP/1.1" 200 3800 "https://www.afish-ka.ru/02-12-2011/" "Mozilla/5.0 AppleWebKit/537.36 (KHTML, like Gecko; compatible; GPTBot/1.3; +https://openai.com/gptbot)"
74.7.227.21 - - [16/Apr/2026:00:55:02 +0200] "GET /images/s/actions/5685_5.jpg HTTP/1.1" 200 4934 "https://www.afish-ka.ru/cinema/films/5685/" "Mozilla/5.0 AppleWebKit/537.36 (KHTML, like Gecko; compatible; GPTBot/1.3; +https://openai.com/gptbot)"
74.7.227.21 - - [16/Apr/2026:00:55:03 +0200] "GET /images/s/actions/1341_1.jpg HTTP/1.1" 200 8159 "https://www.afish-ka.ru/24-12-2010/" "Mozilla/5.0 AppleWebKit/537.36 (KHTML, like Gecko; compatible; GPTBot/1.3; +https://openai.com/gptbot)"
74.7.227.21 - - [16/Apr/2026:00:55:03 +0200] "GET /images/s/posters/5685.jpg HTTP/1.1" 200 9291 "https://www.afish-ka.ru/cinema/films/5685/" "Mozilla/5.0 AppleWebKit/537.36 (KHTML, like Gecko; compatible; GPTBot/1.3; +https://openai.com/gptbot)"
74.7.227.21 - - [16/Apr/2026:00:55:04 +0200] "GET /images/b/posters/5685.jpg HTTP/1.1" 200 36605 "https://www.afish-ka.ru/cinema/films/5685/" "Mozilla/5.0 AppleWebKit/537.36 (KHTML, like Gecko; compatible; GPTBot/1.3; +https://openai.com/gptbot)"
74.7.227.21 - - [16/Apr/2026:00:55:04 +0200] "GET /cinema/films/5764/ HTTP/1.1" 200 6809 "https://www.afish-ka.ru/17-02-2021/" "Mozilla/5.0 AppleWebKit/537.36 (KHTML, like Gecko; compatible; GPTBot/1.3; +https://openai.com/gptbot)"
74.7.227.21 - - [16/Apr/2026:00:55:05 +0200] "GET /cinema/films/5762/ HTTP/1.1" 200 6723 "https://www.afish-ka.ru/17-02-2021/" "Mozilla/5.0 AppleWebKit/537.36 (KHTML, like Gecko; compatible; GPTBot/1.3; +https://openai.com/gptbot)"
74.7.227.21 - - [16/Apr/2026:00:55:06 +0200] "GET /cinema/films/5763/ HTTP/1.1" 200 6786 "https://www.afish-ka.ru/17-02-2021/" "Mozilla/5.0 AppleWebKit/537.36 (KHTML, like Gecko; compatible; GPTBot/1.3; +https://openai.com/gptbot)"
74.7.227.21 - - [16/Apr/2026:00:55:06 +0200] "GET /theater/actions/1787/ HTTP/1.1" 200 5835 "https://www.afish-ka.ru/02-12-2011/" "Mozilla/5.0 AppleWebKit/537.36 (KHTML, like Gecko; compatible; GPTBot/1.3; +https://openai.com/gptbot)"
74.7.227.21 - - [16/Apr/2026:00:55:07 +0200] "GET /cinema/films/5766/ HTTP/1.1" 200 6674 "https://www.afish-ka.ru/17-02-2021/" "Mozilla/5.0 AppleWebKit/537.36 (KHTML, like Gecko; compatible; GPTBot/1.3; +https://openai.com/gptbot)"
74.7.227.21 - - [16/Apr/2026:00:55:07 +0200] "GET /31-01-2013/ HTTP/1.1" 200 8313 "https://www.afish-ka.ru/16-02-2013/" "Mozilla/5.0 AppleWebKit/537.36 (KHTML, like Gecko; compatible; GPTBot/1.3; +https://openai.com/gptbot)"
74.7.227.21 - - [16/Apr/2026:00:55:08 +0200] "GET /12-01-2010/ HTTP/1.1" 200 7639 "https://www.afish-ka.ru/29-01-2010/" "Mozilla/5.0 AppleWebKit/537.36 (KHTML, like Gecko; compatible; GPTBot/1.3; +https://openai.com/gptbot)"
74.7.227.21 - - [16/Apr/2026:00:55:09 +0200] "GET /02-01-2015/ HTTP/1.1" 200 9368 "https://www.afish-ka.ru/17-01-2015/" "Mozilla/5.0 AppleWebKit/537.36 (KHTML, like Gecko; compatible; GPTBot/1.3; +https://openai.com/gptbot)"
85.208.96.200 - - [16/Apr/2026:00:55:09 +0200] "GET /22-10-2023/ HTTP/1.1" 200 9599 "-" "Mozilla/5.0 (compatible; SemrushBot/7~bl; +http://www.semrush.com/bot.html)"
74.7.227.21 - - [16/Apr/2026:00:55:10 +0200] "GET /06-08-2007/ HTTP/1.1" 200 7259 "https://www.afish-ka.ru/15-08-2007/" "Mozilla/5.0 AppleWebKit/537.36 (KHTML, like Gecko; compatible; GPTBot/1.3; +https://openai.com/gptbot)"
74.7.227.21 - - [16/Apr/2026:00:55:10 +0200] "GET /24-02-2009/ HTTP/1.1" 200 7756 "https://www.afish-ka.ru/14-03-2009/" "Mozilla/5.0 AppleWebKit/537.36 (KHTML, like Gecko; compatible; GPTBot/1.3; +https://openai.com/gptbot)"
74.7.227.21 - - [16/Apr/2026:00:55:11 +0200] "GET /11-12-2018/ HTTP/1.1" 200 11519 "https://www.afish-ka.ru/06-11-2018/" "Mozilla/5.0 AppleWebKit/537.36 (KHTML, like Gecko; compatible; GPTBot/1.3; +https://openai.com/gptbot)"
74.7.227.21 - - [16/Apr/2026:00:55:11 +0200] "GET /images/s/actions/5764_2.jpg HTTP/1.1" 200 5512 "https://www.afish-ka.ru/cinema/films/5764/" "Mozilla/5.0 AppleWebKit/537.36 (KHTML, like Gecko; compatible; GPTBot/1.3; +https://openai.com/gptbot)"
74.7.227.21 - - [16/Apr/2026:00:55:12 +0200] "GET /images/b/actions/5762_1.jpg HTTP/1.1" 200 43704 "https://www.afish-ka.ru/cinema/films/5762/" "Mozilla/5.0 AppleWebKit/537.36 (KHTML, like Gecko; compatible; GPTBot/1.3; +https://openai.com/gptbot)"
74.7.227.21 - - [16/Apr/2026:00:55:12 +0200] "GET /images/s/actions/5763_2.jpg HTTP/1.1" 200 4799 "https://www.afish-ka.ru/cinema/films/5763/" "Mozilla/5.0 AppleWebKit/537.36 (KHTML, like Gecko; compatible; GPTBot/1.3; +https://openai.com/gptbot)"
74.7.227.21 - - [16/Apr/2026:00:55:13 +0200] "GET /images/b/actions/5763_3.jpg HTTP/1.1" 200 60820 "https://www.afish-ka.ru/cinema/films/5763/" "Mozilla/5.0 AppleWebKit/537.36 (KHTML, like Gecko; compatible; GPTBot/1.3; +https://openai.com/gptbot)"
74.7.227.21 - - [16/Apr/2026:00:55:14 +0200] "GET /images/s/actions/5766_4.jpg HTTP/1.1" 200 9187 "https://www.afish-ka.ru/cinema/films/5766/" "Mozilla/5.0 AppleWebKit/537.36 (KHTML, like Gecko; compatible; GPTBot/1.3; +https://openai.com/gptbot)"
74.7.227.21 - - [16/Apr/2026:00:55:14 +0200] "GET /images/s/actions/5766_3.jpg HTTP/1.1" 200 6430 "https://www.afish-ka.ru/cinema/films/5766/" "Mozilla/5.0 AppleWebKit/537.36 (KHTML, like Gecko; compatible; GPTBot/1.3; +https://openai.com/gptbot)"
74.7.227.21 - - [16/Apr/2026:00:55:15 +0200] "GET /images/b/actions/5766_5.jpg HTTP/1.1" 200 16393 "https://www.afish-ka.ru/cinema/films/5766/" "Mozilla/5.0 AppleWebKit/537.36 (KHTML, like Gecko; compatible; GPTBot/1.3; +https://openai.com/gptbot)"
74.7.227.21 - - [16/Apr/2026:00:55:15 +0200] "GET /images/b/actions/5762_5.jpg HTTP/1.1" 200 36258 "https://www.afish-ka.ru/cinema/films/5762/" "Mozilla/5.0 AppleWebKit/537.36 (KHTML, like Gecko; compatible; GPTBot/1.3; +https://openai.com/gptbot)"
74.7.227.21 - - [16/Apr/2026:00:55:16 +0200] "GET /images/s/actions/5762_5.jpg HTTP/1.1" 200 5209 "https://www.afish-ka.ru/cinema/films/5762/" "Mozilla/5.0 AppleWebKit/537.36 (KHTML, like Gecko; compatible; GPTBot/1.3; +https://openai.com/gptbot)"
74.7.227.21 - - [16/Apr/2026:00:55:16 +0200] "GET /images/b/actions/5764_4.jpg HTTP/1.1" 200 54957 "https://www.afish-ka.ru/cinema/films/5764/" "Mozilla/5.0 AppleWebKit/537.36 (KHTML, like Gecko; compatible; GPTBot/1.3; +https://openai.com/gptbot)"
74.7.227.21 - - [16/Apr/2026:00:55:17 +0200] "GET /images/s/actions/5764_3.jpg HTTP/1.1" 200 5675 "https://www.afish-ka.ru/cinema/films/5764/" "Mozilla/5.0 AppleWebKit/537.36 (KHTML, like Gecko; compatible; GPTBot/1.3; +https://openai.com/gptbot)"
74.7.227.21 - - [16/Apr/2026:00:55:17 +0200] "GET /images/s/actions/5203_1.jpg HTTP/1.1" 200 3358 "https://www.afish-ka.ru/11-12-2018/" "Mozilla/5.0 AppleWebKit/537.36 (KHTML, like Gecko; compatible; GPTBot/1.3; +https://openai.com/gptbot)"
74.7.227.21 - - [16/Apr/2026:00:55:18 +0200] "GET /images/s/actions/5762_2.jpg HTTP/1.1" 200 5381 "https://www.afish-ka.ru/cinema/films/5762/" "Mozilla/5.0 AppleWebKit/537.36 (KHTML, like Gecko; compatible; GPTBot/1.3; +https://openai.com/gptbot)"
74.7.227.21 - - [16/Apr/2026:00:55:18 +0200] "GET /images/s/actions/5763_3.jpg HTTP/1.1" 200 6978 "https://www.afish-ka.ru/cinema/films/5763/" "Mozilla/5.0 AppleWebKit/537.36 (KHTML, like Gecko; compatible; GPTBot/1.3; +https://openai.com/gptbot)"
74.7.227.21 - - [16/Apr/2026:00:55:19 +0200] "GET /images/b/actions/5764_1.jpg HTTP/1.1" 200 40488 "https://www.afish-ka.ru/cinema/films/5764/" "Mozilla/5.0 AppleWebKit/537.36 (KHTML, like Gecko; compatible; GPTBot/1.3; +https://openai.com/gptbot)"
74.7.227.21 - - [16/Apr/2026:00:55:19 +0200] "GET /images/b/actions/5762_3.jpg HTTP/1.1" 200 38089 "https://www.afish-ka.ru/cinema/films/5762/" "Mozilla/5.0 AppleWebKit/537.36 (KHTML, like Gecko; compatible; GPTBot/1.3; +https://openai.com/gptbot)"
74.7.227.21 - - [16/Apr/2026:00:55:20 +0200] "GET /images/s/actions/5764_5.jpg HTTP/1.1" 200 4381 "https://www.afish-ka.ru/cinema/films/5764/" "Mozilla/5.0 AppleWebKit/537.36 (KHTML, like Gecko; compatible; GPTBot/1.3; +https://openai.com/gptbot)"
74.7.227.21 - - [16/Apr/2026:00:55:20 +0200] "GET /images/s/actions/5766_2.jpg HTTP/1.1" 200 5145 "https://www.afish-ka.ru/cinema/films/5766/" "Mozilla/5.0 AppleWebKit/537.36 (KHTML, like Gecko; compatible; GPTBot/1.3; +https://openai.com/gptbot)"
74.7.227.21 - - [16/Apr/2026:00:55:21 +0200] "GET /images/b/actions/5763_4.jpg HTTP/1.1" 200 38393 "https://www.afish-ka.ru/cinema/films/5763/" "Mozilla/5.0 AppleWebKit/537.36 (KHTML, like Gecko; compatible; GPTBot/1.3; +https://openai.com/gptbot)"
74.7.227.21 - - [16/Apr/2026:00:55:21 +0200] "GET /images/b/actions/5764_2.jpg HTTP/1.1" 200 44287 "https://www.afish-ka.ru/cinema/films/5764/" "Mozilla/5.0 AppleWebKit/537.36 (KHTML, like Gecko; compatible; GPTBot/1.3; +https://openai.com/gptbot)"
74.7.227.21 - - [16/Apr/2026:00:55:22 +0200] "GET /images/b/actions/5763_1.jpg HTTP/1.1" 200 61203 "https://www.afish-ka.ru/cinema/films/5763/" "Mozilla/5.0 AppleWebKit/537.36 (KHTML, like Gecko; compatible; GPTBot/1.3; +https://openai.com/gptbot)"
74.7.227.21 - - [16/Apr/2026:00:55:23 +0200] "GET /images/b/actions/5762_4.jpg HTTP/1.1" 200 42654 "https://www.afish-ka.ru/cinema/films/5762/" "Mozilla/5.0 AppleWebKit/537.36 (KHTML, like Gecko; compatible; GPTBot/1.3; +https://openai.com/gptbot)"
74.7.227.21 - - [16/Apr/2026:00:55:23 +0200] "GET /images/s/actions/5764_4.jpg HTTP/1.1" 200 6910 "https://www.afish-ka.ru/cinema/films/5764/" "Mozilla/5.0 AppleWebKit/537.36 (KHTML, like Gecko; compatible; GPTBot/1.3; +https://openai.com/gptbot)"
74.7.227.21 - - [16/Apr/2026:00:55:24 +0200] "GET /images/b/actions/5764_5.jpg HTTP/1.1" 200 27168 "https://www.afish-ka.ru/cinema/films/5764/" "Mozilla/5.0 AppleWebKit/537.36 (KHTML, like Gecko; compatible; GPTBot/1.3; +https://openai.com/gptbot)"
74.7.227.21 - - [16/Apr/2026:00:55:24 +0200] "GET /images/b/actions/5766_4.jpg HTTP/1.1" 200 37275 "https://www.afish-ka.ru/cinema/films/5766/" "Mozilla/5.0 AppleWebKit/537.36 (KHTML, like Gecko; compatible; GPTBot/1.3; +https://openai.com/gptbot)"
74.7.227.21 - - [16/Apr/2026:00:55:25 +0200] "GET /images/s/actions/5762_4.jpg HTTP/1.1" 200 6207 "https://www.afish-ka.ru/cinema/films/5762/" "Mozilla/5.0 AppleWebKit/537.36 (KHTML, like Gecko; compatible; GPTBot/1.3; +https://openai.com/gptbot)"
74.7.227.21 - - [16/Apr/2026:00:55:25 +0200] "GET /images/b/actions/5763_5.jpg HTTP/1.1" 200 57903 "https://www.afish-ka.ru/cinema/films/5763/" "Mozilla/5.0 AppleWebKit/537.36 (KHTML, like Gecko; compatible; GPTBot/1.3; +https://openai.com/gptbot)"
74.7.227.21 - - [16/Apr/2026:00:55:26 +0200] "GET /images/b/actions/5763_2.jpg HTTP/1.1" 200 37066 "https://www.afish-ka.ru/cinema/films/5763/" "Mozilla/5.0 AppleWebKit/537.36 (KHTML, like Gecko; compatible; GPTBot/1.3; +https://openai.com/gptbot)"
74.7.227.21 - - [16/Apr/2026:00:55:26 +0200] "GET /images/s/actions/5763_5.jpg HTTP/1.1" 200 7287 "https://www.afish-ka.ru/cinema/films/5763/" "Mozilla/5.0 AppleWebKit/537.36 (KHTML, like Gecko; compatible; GPTBot/1.3; +https://openai.com/gptbot)"
74.7.227.21 - - [16/Apr/2026:00:55:27 +0200] "GET /images/b/actions/5762_2.jpg HTTP/1.1" 200 38399 "https://www.afish-ka.ru/cinema/films/5762/" "Mozilla/5.0 AppleWebKit/537.36 (KHTML, like Gecko; compatible; GPTBot/1.3; +https://openai.com/gptbot)"
74.7.227.21 - - [16/Apr/2026:00:55:27 +0200] "GET /images/b/actions/5766_3.jpg HTTP/1.1" 200 48486 "https://www.afish-ka.ru/cinema/films/5766/" "Mozilla/5.0 AppleWebKit/537.36 (KHTML, like Gecko; compatible; GPTBot/1.3; +https://openai.com/gptbot)"
74.7.227.21 - - [16/Apr/2026:00:55:28 +0200] "GET /images/b/actions/5764_3.jpg HTTP/1.1" 200 53223 "https://www.afish-ka.ru/cinema/films/5764/" "Mozilla/5.0 AppleWebKit/537.36 (KHTML, like Gecko; compatible; GPTBot/1.3; +https://openai.com/gptbot)"
74.7.227.21 - - [16/Apr/2026:00:55:28 +0200] "GET /images/b/actions/5766_2.jpg HTTP/1.1" 200 25056 "https://www.afish-ka.ru/cinema/films/5766/" "Mozilla/5.0 AppleWebKit/537.36 (KHTML, like Gecko; compatible; GPTBot/1.3; +https://openai.com/gptbot)"
74.7.227.21 - - [16/Apr/2026:00:55:29 +0200] "GET /images/b/actions/5766_1.jpg HTTP/1.1" 200 18398 "https://www.afish-ka.ru/cinema/films/5766/" "Mozilla/5.0 AppleWebKit/537.36 (KHTML, like Gecko; compatible; GPTBot/1.3; +https://openai.com/gptbot)"
92.222.104.197 - - [16/Apr/2026:00:55:29 +0200] "GET /cinema/films/1325/opinions/add/?parent=14262 HTTP/1.1" 200 9541 "-" "Mozilla/5.0 (compatible; AhrefsBot/7.0; +http://ahrefs.com/robot/)"
74.7.227.21 - - [16/Apr/2026:00:55:29 +0200] "GET /images/s/actions/5763_4.jpg HTTP/1.1" 200 5772 "https://www.afish-ka.ru/cinema/films/5763/" "Mozilla/5.0 AppleWebKit/537.36 (KHTML, like Gecko; compatible; GPTBot/1.3; +https://openai.com/gptbot)"
74.7.227.21 - - [16/Apr/2026:00:55:30 +0200] "GET /images/s/actions/5762_3.jpg HTTP/1.1" 200 6337 "https://www.afish-ka.ru/cinema/films/5762/" "Mozilla/5.0 AppleWebKit/537.36 (KHTML, like Gecko; compatible; GPTBot/1.3; +https://openai.com/gptbot)"
74.7.227.21 - - [16/Apr/2026:00:55:30 +0200] "GET /images/s/actions/5766_5.jpg HTTP/1.1" 200 3963 "https://www.afish-ka.ru/cinema/films/5766/" "Mozilla/5.0 AppleWebKit/537.36 (KHTML, like Gecko; compatible; GPTBot/1.3; +https://openai.com/gptbot)"
74.7.227.21 - - [16/Apr/2026:00:55:31 +0200] "GET /images/s/posters/5762.jpg HTTP/1.1" 200 17604 "https://www.afish-ka.ru/cinema/films/5762/" "Mozilla/5.0 AppleWebKit/537.36 (KHTML, like Gecko; compatible; GPTBot/1.3; +https://openai.com/gptbot)"
74.7.227.21 - - [16/Apr/2026:00:55:31 +0200] "GET /images/s/posters/5764.jpg HTTP/1.1" 200 12858 "https://www.afish-ka.ru/cinema/films/5764/" "Mozilla/5.0 AppleWebKit/537.36 (KHTML, like Gecko; compatible; GPTBot/1.3; +https://openai.com/gptbot)"
74.7.227.21 - - [16/Apr/2026:00:55:32 +0200] "GET /images/b/posters/5762.jpg HTTP/1.1" 200 85283 "https://www.afish-ka.ru/cinema/films/5762/" "Mozilla/5.0 AppleWebKit/537.36 (KHTML, like Gecko; compatible; GPTBot/1.3; +https://openai.com/gptbot)"
74.7.227.21 - - [16/Apr/2026:00:55:32 +0200] "GET /images/s/posters/5763.jpg HTTP/1.1" 200 16076 "https://www.afish-ka.ru/cinema/films/5763/" "Mozilla/5.0 AppleWebKit/537.36 (KHTML, like Gecko; compatible; GPTBot/1.3; +https://openai.com/gptbot)"
185.191.171.13 - - [16/Apr/2026:00:55:33 +0200] "GET /rest_base/97/opinions/add/?parent=32375 HTTP/1.1" 200 9510 "-" "Mozilla/5.0 (compatible; SemrushBot/7~bl; +http://www.semrush.com/bot.html)"
74.7.227.21 - - [16/Apr/2026:00:55:33 +0200] "GET /images/b/posters/5764.jpg HTTP/1.1" 200 59596 "https://www.afish-ka.ru/cinema/films/5764/" "Mozilla/5.0 AppleWebKit/537.36 (KHTML, like Gecko; compatible; GPTBot/1.3; +https://openai.com/gptbot)"
74.7.227.21 - - [16/Apr/2026:00:55:33 +0200] "GET /images/s/posters/5766.jpg HTTP/1.1" 200 12957 "https://www.afish-ka.ru/cinema/films/5766/" "Mozilla/5.0 AppleWebKit/537.36 (KHTML, like Gecko; compatible; GPTBot/1.3; +https://openai.com/gptbot)"
74.7.227.21 - - [16/Apr/2026:00:55:34 +0200] "GET /images/b/posters/5763.jpg HTTP/1.1" 200 76541 "https://www.afish-ka.ru/cinema/films/5763/" "Mozilla/5.0 AppleWebKit/537.36 (KHTML, like Gecko; compatible; GPTBot/1.3; +https://openai.com/gptbot)"
74.7.227.21 - - [16/Apr/2026:00:55:35 +0200] "GET /images/b/posters/5766.jpg HTTP/1.1" 200 62615 "https://www.afish-ka.ru/cinema/films/5766/" "Mozilla/5.0 AppleWebKit/537.36 (KHTML, like Gecko; compatible; GPTBot/1.3; +https://openai.com/gptbot)"
74.7.227.21 - - [16/Apr/2026:00:55:35 +0200] "GET /cinema/films/5203/ HTTP/1.1" 200 6619 "https://www.afish-ka.ru/11-12-2018/" "Mozilla/5.0 AppleWebKit/537.36 (KHTML, like Gecko; compatible; GPTBot/1.3; +https://openai.com/gptbot)"
74.7.227.21 - - [16/Apr/2026:00:55:36 +0200] "GET /cinema/films/5177/ HTTP/1.1" 200 6382 "https://www.afish-ka.ru/11-12-2018/" "Mozilla/5.0 AppleWebKit/537.36 (KHTML, like Gecko; compatible; GPTBot/1.3; +https://openai.com/gptbot)"
74.7.227.21 - - [16/Apr/2026:00:55:36 +0200] "GET /03-01-2006/ HTTP/1.1" 404 413 "https://www.afish-ka.ru/07-02-2006/" "Mozilla/5.0 AppleWebKit/537.36 (KHTML, like Gecko; compatible; GPTBot/1.3; +https://openai.com/gptbot)"
74.7.227.21 - - [16/Apr/2026:00:55:37 +0200] "GET /15-01-2012/ HTTP/1.1" 200 13514 "https://www.afish-ka.ru/28-12-2011/" "Mozilla/5.0 AppleWebKit/537.36 (KHTML, like Gecko; compatible; GPTBot/1.3; +https://openai.com/gptbot)"
74.7.227.21 - - [16/Apr/2026:00:55:38 +0200] "GET /16-12-2011/ HTTP/1.1" 200 8026 "https://www.afish-ka.ru/28-12-2011/" "Mozilla/5.0 AppleWebKit/537.36 (KHTML, like Gecko; compatible; GPTBot/1.3; +https://openai.com/gptbot)"
74.7.227.21 - - [16/Apr/2026:00:55:38 +0200] "GET /01-07-2010/ HTTP/1.1" 200 8016 "https://www.afish-ka.ru/cinema/films/1023/" "Mozilla/5.0 AppleWebKit/537.36 (KHTML, like Gecko; compatible; GPTBot/1.3; +https://openai.com/gptbot)"
74.7.227.21 - - [16/Apr/2026:00:55:39 +0200] "GET /11-05-2010/ HTTP/1.1" 200 9253 "https://www.afish-ka.ru/29-05-2010/" "Mozilla/5.0 AppleWebKit/537.36 (KHTML, like Gecko; compatible; GPTBot/1.3; +https://openai.com/gptbot)"
74.7.227.21 - - [16/Apr/2026:00:55:39 +0200] "GET /28-04-2022/ HTTP/1.1" 200 8756 "https://www.afish-ka.ru/cinema/films/6205/" "Mozilla/5.0 AppleWebKit/537.36 (KHTML, like Gecko; compatible; GPTBot/1.3; +https://openai.com/gptbot)"
74.7.227.21 - - [16/Apr/2026:00:55:40 +0200] "GET /21-05-2010/ HTTP/1.1" 200 9086 "https://www.afish-ka.ru/05-06-2010/" "Mozilla/5.0 AppleWebKit/537.36 (KHTML, like Gecko; compatible; GPTBot/1.3; +https://openai.com/gptbot)"
74.7.227.21 - - [16/Apr/2026:00:55:41 +0200] "GET /10-06-2007/ HTTP/1.1" 200 6961 "https://www.afish-ka.ru/15-07-2007/" "Mozilla/5.0 AppleWebKit/537.36 (KHTML, like Gecko; compatible; GPTBot/1.3; +https://openai.com/gptbot)"
74.7.227.21 - - [16/Apr/2026:00:55:41 +0200] "GET /17-02-2022/ HTTP/1.1" 200 9911 "https://www.afish-ka.ru/cinema/films/6118/" "Mozilla/5.0 AppleWebKit/537.36 (KHTML, like Gecko; compatible; GPTBot/1.3; +https://openai.com/gptbot)"
74.7.227.21 - - [16/Apr/2026:00:55:42 +0200] "GET /images/b/actions/5203_5.jpg HTTP/1.1" 200 32919 "https://www.afish-ka.ru/cinema/films/5203/" "Mozilla/5.0 AppleWebKit/537.36 (KHTML, like Gecko; compatible; GPTBot/1.3; +https://openai.com/gptbot)"
74.7.227.21 - - [16/Apr/2026:00:55:43 +0200] "GET /images/s/actions/5203_3.jpg HTTP/1.1" 200 5365 "https://www.afish-ka.ru/cinema/films/5203/" "Mozilla/5.0 AppleWebKit/537.36 (KHTML, like Gecko; compatible; GPTBot/1.3; +https://openai.com/gptbot)"
74.7.227.21 - - [16/Apr/2026:00:55:43 +0200] "GET /images/b/actions/5177_4.jpg HTTP/1.1" 200 48974 "https://www.afish-ka.ru/cinema/films/5177/" "Mozilla/5.0 AppleWebKit/537.36 (KHTML, like Gecko; compatible; GPTBot/1.3; +https://openai.com/gptbot)"
74.7.227.21 - - [16/Apr/2026:00:55:44 +0200] "GET /images/s/actions/5203_5.jpg HTTP/1.1" 200 3867 "https://www.afish-ka.ru/cinema/films/5203/" "Mozilla/5.0 AppleWebKit/537.36 (KHTML, like Gecko; compatible; GPTBot/1.3; +https://openai.com/gptbot)"
74.7.227.21 - - [16/Apr/2026:00:55:44 +0200] "GET /images/b/actions/5177_1.jpg HTTP/1.1" 200 41940 "https://www.afish-ka.ru/cinema/films/5177/" "Mozilla/5.0 AppleWebKit/537.36 (KHTML, like Gecko; compatible; GPTBot/1.3; +https://openai.com/gptbot)"
74.7.227.21 - - [16/Apr/2026:00:55:45 +0200] "GET /images/b/actions/5203_1.jpg HTTP/1.1" 200 29359 "https://www.afish-ka.ru/cinema/films/5203/" "Mozilla/5.0 AppleWebKit/537.36 (KHTML, like Gecko; compatible; GPTBot/1.3; +https://openai.com/gptbot)"
85.208.96.194 - - [16/Apr/2026:00:55:45 +0200] "GET /links.php?go=http%3A%2F%2Fojs.experttel.com.ar%2Ffiles%2Fjournals%2F2%2Farticles%2F272%2Fsubmission%2Foriginal%2F272-364-1-SM.html HTTP/1.1" 200 5788 "-" "Mozilla/5.0 (compatible; SemrushBot/7~bl; +http://www.semrush.com/bot.html)"
74.7.227.21 - - [16/Apr/2026:00:55:45 +0200] "GET /images/b/actions/5177_5.jpg HTTP/1.1" 200 45273 "https://www.afish-ka.ru/cinema/films/5177/" "Mozilla/5.0 AppleWebKit/537.36 (KHTML, like Gecko; compatible; GPTBot/1.3; +https://openai.com/gptbot)"
216.244.66.228 - - [16/Apr/2026:00:55:45 +0200] "GET /cafe/actions/1821/opinions/add/ HTTP/1.1" 200 20924 "-" "Mozilla/5.0 (compatible; DotBot/1.2; +https://opensiteexplorer.org/dotbot; help@moz.com)"
74.7.227.21 - - [16/Apr/2026:00:55:46 +0200] "GET /images/s/actions/5177_2.jpg HTTP/1.1" 200 7300 "https://www.afish-ka.ru/cinema/films/5177/" "Mozilla/5.0 AppleWebKit/537.36 (KHTML, like Gecko; compatible; GPTBot/1.3; +https://openai.com/gptbot)"
74.7.227.21 - - [16/Apr/2026:00:55:46 +0200] "GET /images/s/actions/1032_1.jpg HTTP/1.1" 200 6428 "https://www.afish-ka.ru/21-05-2010/" "Mozilla/5.0 AppleWebKit/537.36 (KHTML, like Gecko; compatible; GPTBot/1.3; +https://openai.com/gptbot)"
47.128.117.226 - - [16/Apr/2026:00:55:46 +0200] "GET /18-12-2019/ HTTP/1.1" 200 9221 "-" "Mozilla/5.0 (Linux; Android 5.0) AppleWebKit/537.36 (KHTML, like Gecko) Mobile Safari/537.36 (compatible; TikTokSpider; ttspider-feedback@tiktok.com)"
74.7.227.21 - - [16/Apr/2026:00:55:47 +0200] "GET /images/b/actions/5177_2.jpg HTTP/1.1" 200 42902 "https://www.afish-ka.ru/cinema/films/5177/" "Mozilla/5.0 AppleWebKit/537.36 (KHTML, like Gecko; compatible; GPTBot/1.3; +https://openai.com/gptbot)"
47.128.117.226 - - [16/Apr/2026:00:55:47 +0200] "GET /i/rating/7.gif HTTP/1.1" 206 4249 "http://www.afish-ka.ru/" "Mozilla/5.0 (Linux; Android 5.0) AppleWebKit/537.36 (KHTML, like Gecko) Mobile Safari/537.36 (compatible; TikTokSpider; ttspider-feedback@tiktok.com)"
47.128.117.226 - - [16/Apr/2026:00:55:47 +0200] "GET /images/s/actions/5543_1.jpg HTTP/1.1" 206 4670 "http://www.afish-ka.ru/" "Mozilla/5.0 (Linux; Android 5.0) AppleWebKit/537.36 (KHTML, like Gecko) Mobile Safari/537.36 (compatible; TikTokSpider; ttspider-feedback@tiktok.com)"
47.128.117.226 - - [16/Apr/2026:00:55:47 +0200] "GET /images/s/actions/5535_1.jpg HTTP/1.1" 206 4670 "http://www.afish-ka.ru/" "Mozilla/5.0 (Linux; Android 5.0) AppleWebKit/537.36 (KHTML, like Gecko) Mobile Safari/537.36 (compatible; TikTokSpider; ttspider-feedback@tiktok.com)"
74.7.227.21 - - [16/Apr/2026:00:55:47 +0200] "GET /images/b/actions/5203_2.jpg HTTP/1.1" 200 47585 "https://www.afish-ka.ru/cinema/films/5203/" "Mozilla/5.0 AppleWebKit/537.36 (KHTML, like Gecko; compatible; GPTBot/1.3; +https://openai.com/gptbot)"
47.128.117.226 - - [16/Apr/2026:00:55:48 +0200] "GET /images/s/actions/5533_1.jpg HTTP/1.1" 206 908 "http://www.afish-ka.ru/" "Mozilla/5.0 (Linux; Android 5.0) AppleWebKit/537.36 (KHTML, like Gecko) Mobile Safari/537.36 (compatible; TikTokSpider; ttspider-feedback@tiktok.com)"
47.128.117.226 - - [16/Apr/2026:00:55:48 +0200] "GET /images/s/actions/5545_1.jpg HTTP/1.1" 206 4670 "http://www.afish-ka.ru/" "Mozilla/5.0 (Linux; Android 5.0) AppleWebKit/537.36 (KHTML, like Gecko) Mobile Safari/537.36 (compatible; TikTokSpider; ttspider-feedback@tiktok.com)"
47.128.117.226 - - [16/Apr/2026:00:55:48 +0200] "GET /i/rating/1.gif HTTP/1.1" 206 493 "http://www.afish-ka.ru/" "Mozilla/5.0 (Linux; Android 5.0) AppleWebKit/537.36 (KHTML, like Gecko) Mobile Safari/537.36 (compatible; TikTokSpider; ttspider-feedback@tiktok.com)"
47.128.117.226 - - [16/Apr/2026:00:55:48 +0200] "GET /images/s/actions/5549_1.jpg HTTP/1.1" 206 908 "http://www.afish-ka.ru/" "Mozilla/5.0 (Linux; Android 5.0) AppleWebKit/537.36 (KHTML, like Gecko) Mobile Safari/537.36 (compatible; TikTokSpider; ttspider-feedback@tiktok.com)"
47.128.117.226 - - [16/Apr/2026:00:55:48 +0200] "GET /images/s/actions/5555_1.jpg HTTP/1.1" 206 4670 "http://www.afish-ka.ru/" "Mozilla/5.0 (Linux; Android 5.0) AppleWebKit/537.36 (KHTML, like Gecko) Mobile Safari/537.36 (compatible; TikTokSpider; ttspider-feedback@tiktok.com)"
47.128.117.226 - - [16/Apr/2026:00:55:48 +0200] "GET /images/s/actions/5556_1.jpg HTTP/1.1" 206 4670 "http://www.afish-ka.ru/" "Mozilla/5.0 (Linux; Android 5.0) AppleWebKit/537.36 (KHTML, like Gecko) Mobile Safari/537.36 (compatible; TikTokSpider; ttspider-feedback@tiktok.com)"
216.244.66.228 - - [16/Apr/2026:00:55:47 +0200] "GET /cinema/films/4600/opinions/add/ HTTP/1.1" 200 20994 "-" "Mozilla/5.0 (compatible; DotBot/1.2; +https://opensiteexplorer.org/dotbot; help@moz.com)"
47.128.117.226 - - [16/Apr/2026:00:55:48 +0200] "GET /images/s/actions/5553_1.jpg HTTP/1.1" 206 908 "http://www.afish-ka.ru/" "Mozilla/5.0 (Linux; Android 5.0) AppleWebKit/537.36 (KHTML, like Gecko) Mobile Safari/537.36 (compatible; TikTokSpider; ttspider-feedback@tiktok.com)"
47.128.117.226 - - [16/Apr/2026:00:55:48 +0200] "GET /images/s/actions/5550_1.jpg HTTP/1.1" 206 908 "http://www.afish-ka.ru/" "Mozilla/5.0 (Linux; Android 5.0) AppleWebKit/537.36 (KHTML, like Gecko) Mobile Safari/537.36 (compatible; TikTokSpider; ttspider-feedback@tiktok.com)"
47.128.117.226 - - [16/Apr/2026:00:55:48 +0200] "GET /images/s/actions/5544_1.jpg HTTP/1.1" 206 908 "http://www.afish-ka.ru/" "Mozilla/5.0 (Linux; Android 5.0) AppleWebKit/537.36 (KHTML, like Gecko) Mobile Safari/537.36 (compatible; TikTokSpider; ttspider-feedback@tiktok.com)"
47.128.117.226 - - [16/Apr/2026:00:55:48 +0200] "GET /images/s/actions/5534_1.jpg HTTP/1.1" 206 908 "http://www.afish-ka.ru/" "Mozilla/5.0 (Linux; Android 5.0) AppleWebKit/537.36 (KHTML, like Gecko) Mobile Safari/537.36 (compatible; TikTokSpider; ttspider-feedback@tiktok.com)"
47.128.117.226 - - [16/Apr/2026:00:55:48 +0200] "GET /i/rating/6.gif HTTP/1.1" 206 490 "http://www.afish-ka.ru/" "Mozilla/5.0 (Linux; Android 5.0) AppleWebKit/537.36 (KHTML, like Gecko) Mobile Safari/537.36 (compatible; TikTokSpider; ttspider-feedback@tiktok.com)"
47.128.117.226 - - [16/Apr/2026:00:55:48 +0200] "GET /i/rating/5.gif HTTP/1.1" 206 490 "http://www.afish-ka.ru/" "Mozilla/5.0 (Linux; Android 5.0) AppleWebKit/537.36 (KHTML, like Gecko) Mobile Safari/537.36 (compatible; TikTokSpider; ttspider-feedback@tiktok.com)"
47.128.117.226 - - [16/Apr/2026:00:55:48 +0200] "GET /images/s/actions/5551_1.jpg HTTP/1.1" 206 908 "http://www.afish-ka.ru/" "Mozilla/5.0 (Linux; Android 5.0) AppleWebKit/537.36 (KHTML, like Gecko) Mobile Safari/537.36 (compatible; TikTokSpider; ttspider-feedback@tiktok.com)"
74.7.227.21 - - [16/Apr/2026:00:55:48 +0200] "GET /images/b/actions/5203_3.jpg HTTP/1.1" 200 45425 "https://www.afish-ka.ru/cinema/films/5203/" "Mozilla/5.0 AppleWebKit/537.36 (KHTML, like Gecko; compatible; GPTBot/1.3; +https://openai.com/gptbot)"
47.128.117.226 - - [16/Apr/2026:00:55:48 +0200] "GET /images/s/actions/5547_1.jpg HTTP/1.1" 206 908 "http://www.afish-ka.ru/" "Mozilla/5.0 (Linux; Android 5.0) AppleWebKit/537.36 (KHTML, like Gecko) Mobile Safari/537.36 (compatible; TikTokSpider; ttspider-feedback@tiktok.com)"
47.128.117.226 - - [16/Apr/2026:00:55:48 +0200] "GET /images/s/actions/5554_1.jpg HTTP/1.1" 206 908 "http://www.afish-ka.ru/" "Mozilla/5.0 (Linux; Android 5.0) AppleWebKit/537.36 (KHTML, like Gecko) Mobile Safari/537.36 (compatible; TikTokSpider; ttspider-feedback@tiktok.com)"
47.128.117.226 - - [16/Apr/2026:00:55:48 +0200] "GET /images/s/actions/5548_1.jpg HTTP/1.1" 206 908 "http://www.afish-ka.ru/" "Mozilla/5.0 (Linux; Android 5.0) AppleWebKit/537.36 (KHTML, like Gecko) Mobile Safari/537.36 (compatible; TikTokSpider; ttspider-feedback@tiktok.com)"
47.128.117.226 - - [16/Apr/2026:00:55:48 +0200] "GET /images/s/actions/5546_1.jpg HTTP/1.1" 206 908 "http://www.afish-ka.ru/" "Mozilla/5.0 (Linux; Android 5.0) AppleWebKit/537.36 (KHTML, like Gecko) Mobile Safari/537.36 (compatible; TikTokSpider; ttspider-feedback@tiktok.com)"
74.7.227.21 - - [16/Apr/2026:00:55:49 +0200] "GET /images/s/actions/5203_2.jpg HTTP/1.1" 200 5629 "https://www.afish-ka.ru/cinema/films/5203/" "Mozilla/5.0 AppleWebKit/537.36 (KHTML, like Gecko; compatible; GPTBot/1.3; +https://openai.com/gptbot)"
74.7.227.21 - - [16/Apr/2026:00:55:49 +0200] "GET /images/b/actions/5203_4.jpg HTTP/1.1" 200 48685 "https://www.afish-ka.ru/cinema/films/5203/" "Mozilla/5.0 AppleWebKit/537.36 (KHTML, like Gecko; compatible; GPTBot/1.3; +https://openai.com/gptbot)"
216.244.66.228 - - [16/Apr/2026:00:55:49 +0200] "GET /night_club/parties/2153/ HTTP/1.1" 200 23195 "-" "Mozilla/5.0 (compatible; DotBot/1.2; +https://opensiteexplorer.org/dotbot; help@moz.com)"
74.7.227.21 - - [16/Apr/2026:00:55:50 +0200] "GET /images/s/actions/5203_4.jpg HTTP/1.1" 200 5199 "https://www.afish-ka.ru/cinema/films/5203/" "Mozilla/5.0 AppleWebKit/537.36 (KHTML, like Gecko; compatible; GPTBot/1.3; +https://openai.com/gptbot)"
74.7.227.21 - - [16/Apr/2026:00:55:50 +0200] "GET /images/s/actions/5177_4.jpg HTTP/1.1" 200 7359 "https://www.afish-ka.ru/cinema/films/5177/" "Mozilla/5.0 AppleWebKit/537.36 (KHTML, like Gecko; compatible; GPTBot/1.3; +https://openai.com/gptbot)"
74.7.227.21 - - [16/Apr/2026:00:55:51 +0200] "GET /images/s/actions/5177_3.jpg HTTP/1.1" 200 7243 "https://www.afish-ka.ru/cinema/films/5177/" "Mozilla/5.0 AppleWebKit/537.36 (KHTML, like Gecko; compatible; GPTBot/1.3; +https://openai.com/gptbot)"
74.7.227.21 - - [16/Apr/2026:00:55:51 +0200] "GET /images/b/actions/5177_3.jpg HTTP/1.1" 200 49531 "https://www.afish-ka.ru/cinema/films/5177/" "Mozilla/5.0 AppleWebKit/537.36 (KHTML, like Gecko; compatible; GPTBot/1.3; +https://openai.com/gptbot)"
74.7.227.21 - - [16/Apr/2026:00:55:52 +0200] "GET /images/s/actions/5177_5.jpg HTTP/1.1" 200 6342 "https://www.afish-ka.ru/cinema/films/5177/" "Mozilla/5.0 AppleWebKit/537.36 (KHTML, like Gecko; compatible; GPTBot/1.3; +https://openai.com/gptbot)"
179.115.53.96 - - [16/Apr/2026:00:55:51 +0200] "GET /cafe/actions/1733/opinions/cafe/actions/1733/cafe/actions/1733/opinions/add/?parent=17631 HTTP/1.1" 200 11808 "-" "Mozilla/5.0 (Macintosh; Intel Mac OS X 10_15_7) AppleWebKit/537.36 (KHTML, like Gecko) Chrome/142.0.0.0 Safari/537.36"
51.68.107.150 - - [16/Apr/2026:00:55:52 +0200] "GET /robots.txt HTTP/1.1" 200 476 "-" "Mozilla/5.0 (compatible; MJ12bot/v2.0.5; http://mj12bot.com/)"
74.7.227.21 - - [16/Apr/2026:00:55:52 +0200] "GET /images/s/posters/5177.jpg HTTP/1.1" 200 16826 "https://www.afish-ka.ru/cinema/films/5177/" "Mozilla/5.0 AppleWebKit/537.36 (KHTML, like Gecko; compatible; GPTBot/1.3; +https://openai.com/gptbot)"
74.7.227.21 - - [16/Apr/2026:00:55:53 +0200] "GET /images/b/posters/5177.jpg HTTP/1.1" 200 75908 "https://www.afish-ka.ru/cinema/films/5177/" "Mozilla/5.0 AppleWebKit/537.36 (KHTML, like Gecko; compatible; GPTBot/1.3; +https://openai.com/gptbot)"
51.68.107.150 - - [16/Apr/2026:00:55:52 +0200] "GET / HTTP/1.1" 200 6101 "-" "Mozilla/5.0 (compatible; MJ12bot/v2.0.5; http://mj12bot.com/)"
74.7.227.21 - - [16/Apr/2026:00:55:53 +0200] "GET /links.php?go=https://betting-1xbet-obzor.ru/ HTTP/1.1" 404 413 "https://www.ohsohumorous.com" "Mozilla/5.0 AppleWebKit/537.36 (KHTML, like Gecko; compatible; GPTBot/1.3; +https://openai.com/gptbot)"
74.7.227.21 - - [16/Apr/2026:00:55:54 +0200] "GET /cinema/films/6120/ HTTP/1.1" 200 10353 "https://www.afish-ka.ru/17-02-2022/" "Mozilla/5.0 AppleWebKit/537.36 (KHTML, like Gecko; compatible; GPTBot/1.3; +https://openai.com/gptbot)"
74.7.227.21 - - [16/Apr/2026:00:55:55 +0200] "GET /cinema/films/6104/ HTTP/1.1" 200 6544 "https://www.afish-ka.ru/17-02-2022/" "Mozilla/5.0 AppleWebKit/537.36 (KHTML, like Gecko; compatible; GPTBot/1.3; +https://openai.com/gptbot)"
74.7.227.21 - - [16/Apr/2026:00:55:55 +0200] "GET /cinema/films/6119/ HTTP/1.1" 200 6591 "https://www.afish-ka.ru/17-02-2022/" "Mozilla/5.0 AppleWebKit/537.36 (KHTML, like Gecko; compatible; GPTBot/1.3; +https://openai.com/gptbot)"
74.7.227.21 - - [16/Apr/2026:00:55:56 +0200] "GET /cinema/films/6114/ HTTP/1.1" 200 6891 "https://www.afish-ka.ru/17-02-2022/" "Mozilla/5.0 AppleWebKit/537.36 (KHTML, like Gecko; compatible; GPTBot/1.3; +https://openai.com/gptbot)"
74.7.227.21 - - [16/Apr/2026:00:55:57 +0200] "GET /cinema/films/6115/ HTTP/1.1" 200 6432 "https://www.afish-ka.ru/17-02-2022/" "Mozilla/5.0 AppleWebKit/537.36 (KHTML, like Gecko; compatible; GPTBot/1.3; +https://openai.com/gptbot)"
74.7.227.21 - - [16/Apr/2026:00:55:57 +0200] "GET /cinema/films/6121/ HTTP/1.1" 200 6793 "https://www.afish-ka.ru/17-02-2022/" "Mozilla/5.0 AppleWebKit/537.36 (KHTML, like Gecko; compatible; GPTBot/1.3; +https://openai.com/gptbot)"
74.7.227.21 - - [16/Apr/2026:00:55:58 +0200] "GET /cinema/films/6113/ HTTP/1.1" 200 6804 "https://www.afish-ka.ru/17-02-2022/" "Mozilla/5.0 AppleWebKit/537.36 (KHTML, like Gecko; compatible; GPTBot/1.3; +https://openai.com/gptbot)"
74.7.227.21 - - [16/Apr/2026:00:55:59 +0200] "GET /cinema/films/6101/ HTTP/1.1" 200 6705 "https://www.afish-ka.ru/17-02-2022/" "Mozilla/5.0 AppleWebKit/537.36 (KHTML, like Gecko; compatible; GPTBot/1.3; +https://openai.com/gptbot)"
74.7.227.21 - - [16/Apr/2026:00:55:59 +0200] "GET /cinema/films/6112/ HTTP/1.1" 200 6922 "https://www.afish-ka.ru/17-02-2022/" "Mozilla/5.0 AppleWebKit/537.36 (KHTML, like Gecko; compatible; GPTBot/1.3; +https://openai.com/gptbot)"
51.75.236.140 - - [16/Apr/2026:00:56:00 +0200] "GET /cinema/33/opinions/add/?parent=6586 HTTP/1.1" 200 9515 "-" "Mozilla/5.0 (compatible; AhrefsBot/7.0; +http://ahrefs.com/robot/)"
116.179.32.43 - - [16/Apr/2026:00:56:00 +0200] "GET /cafe/37/opinions/ HTTP/1.1" 200 76321 "-" "Mozilla/5.0 (compatible; Baiduspider/2.0; +http://www.baidu.com/search/spider.html)"
74.7.227.21 - - [16/Apr/2026:00:56:00 +0200] "GET /14-12-2011/ HTTP/1.1" 200 8401 "https://www.afish-ka.ru/28-12-2011/" "Mozilla/5.0 AppleWebKit/537.36 (KHTML, like Gecko; compatible; GPTBot/1.3; +https://openai.com/gptbot)"
220.181.108.158 - - [16/Apr/2026:00:56:00 +0200] "GET /images/s/actions/3932_1.jpg HTTP/1.1" 200 9377 "-" "Baiduspider-image+(+http://www.baidu.com/search/spider.htm)"
74.7.227.21 - - [16/Apr/2026:00:56:01 +0200] "GET /22-11-2013/ HTTP/1.1" 200 8334 "https://www.afish-ka.ru/08-12-2013/" "Mozilla/5.0 AppleWebKit/537.36 (KHTML, like Gecko; compatible; GPTBot/1.3; +https://openai.com/gptbot)"
74.7.227.21 - - [16/Apr/2026:00:56:02 +0200] "GET /images/b/actions/6120_5.jpg HTTP/1.1" 200 71551 "https://www.afish-ka.ru/cinema/films/6120/" "Mozilla/5.0 AppleWebKit/537.36 (KHTML, like Gecko; compatible; GPTBot/1.3; +https://openai.com/gptbot)"
116.179.32.79 - - [16/Apr/2026:00:56:01 +0200] "GET /cinema/films/3595/opinions/ HTTP/1.1" 200 9341 "-" "Mozilla/5.0 (compatible; Baiduspider/2.0; +http://www.baidu.com/search/spider.html)"
74.7.227.21 - - [16/Apr/2026:00:56:02 +0200] "GET /images/s/actions/6104_5.jpg HTTP/1.1" 200 6607 "https://www.afish-ka.ru/cinema/films/6104/" "Mozilla/5.0 AppleWebKit/537.36 (KHTML, like Gecko; compatible; GPTBot/1.3; +https://openai.com/gptbot)"
74.7.227.21 - - [16/Apr/2026:00:56:03 +0200] "GET /images/s/actions/6104_2.jpg HTTP/1.1" 200 7065 "https://www.afish-ka.ru/cinema/films/6104/" "Mozilla/5.0 AppleWebKit/537.36 (KHTML, like Gecko; compatible; GPTBot/1.3; +https://openai.com/gptbot)"
74.7.227.21 - - [16/Apr/2026:00:56:03 +0200] "GET /images/b/actions/6114_3.jpg HTTP/1.1" 200 46447 "https://www.afish-ka.ru/cinema/films/6114/" "Mozilla/5.0 AppleWebKit/537.36 (KHTML, like Gecko; compatible; GPTBot/1.3; +https://openai.com/gptbot)"
74.7.227.21 - - [16/Apr/2026:00:56:04 +0200] "GET /images/b/actions/6114_5.jpg HTTP/1.1" 200 62838 "https://www.afish-ka.ru/cinema/films/6114/" "Mozilla/5.0 AppleWebKit/537.36 (KHTML, like Gecko; compatible; GPTBot/1.3; +https://openai.com/gptbot)"
74.7.227.21 - - [16/Apr/2026:00:56:04 +0200] "GET /images/b/actions/6121_4.jpg HTTP/1.1" 200 54383 "https://www.afish-ka.ru/cinema/films/6121/" "Mozilla/5.0 AppleWebKit/537.36 (KHTML, like Gecko; compatible; GPTBot/1.3; +https://openai.com/gptbot)"
74.7.227.21 - - [16/Apr/2026:00:56:05 +0200] "GET /images/s/actions/6104_3.jpg HTTP/1.1" 200 7409 "https://www.afish-ka.ru/cinema/films/6104/" "Mozilla/5.0 AppleWebKit/537.36 (KHTML, like Gecko; compatible; GPTBot/1.3; +https://openai.com/gptbot)"
85.208.96.200 - - [16/Apr/2026:00:56:05 +0200] "GET /cinema/films/1125/opinions/add/?parent=12717 HTTP/1.1" 200 9498 "-" "Mozilla/5.0 (compatible; SemrushBot/7~bl; +http://www.semrush.com/bot.html)"
74.7.227.21 - - [16/Apr/2026:00:56:05 +0200] "GET /images/b/actions/6101_5.jpg HTTP/1.1" 200 52903 "https://www.afish-ka.ru/cinema/films/6101/" "Mozilla/5.0 AppleWebKit/537.36 (KHTML, like Gecko; compatible; GPTBot/1.3; +https://openai.com/gptbot)"
74.7.227.21 - - [16/Apr/2026:00:56:06 +0200] "GET /images/b/actions/6112_2.jpg HTTP/1.1" 200 40859 "https://www.afish-ka.ru/cinema/films/6112/" "Mozilla/5.0 AppleWebKit/537.36 (KHTML, like Gecko; compatible; GPTBot/1.3; +https://openai.com/gptbot)"
74.7.227.21 - - [16/Apr/2026:00:56:06 +0200] "GET /images/s/actions/6101_2.jpg HTTP/1.1" 200 6757 "https://www.afish-ka.ru/cinema/films/6101/" "Mozilla/5.0 AppleWebKit/537.36 (KHTML, like Gecko; compatible; GPTBot/1.3; +https://openai.com/gptbot)"
74.7.227.21 - - [16/Apr/2026:00:56:07 +0200] "GET /images/b/actions/6113_1.jpg HTTP/1.1" 200 69359 "https://www.afish-ka.ru/cinema/films/6113/" "Mozilla/5.0 AppleWebKit/537.36 (KHTML, like Gecko; compatible; GPTBot/1.3; +https://openai.com/gptbot)"
74.7.227.21 - - [16/Apr/2026:00:56:07 +0200] "GET /images/b/actions/6101_2.jpg HTTP/1.1" 200 55569 "https://www.afish-ka.ru/cinema/films/6101/" "Mozilla/5.0 AppleWebKit/537.36 (KHTML, like Gecko; compatible; GPTBot/1.3; +https://openai.com/gptbot)"
74.7.227.21 - - [16/Apr/2026:00:56:08 +0200] "GET /images/b/actions/6121_2.jpg HTTP/1.1" 200 56966 "https://www.afish-ka.ru/cinema/films/6121/" "Mozilla/5.0 AppleWebKit/537.36 (KHTML, like Gecko; compatible; GPTBot/1.3; +https://openai.com/gptbot)"
74.7.227.21 - - [16/Apr/2026:00:56:08 +0200] "GET /images/b/actions/6112_1.jpg HTTP/1.1" 200 38637 "https://www.afish-ka.ru/cinema/films/6112/" "Mozilla/5.0 AppleWebKit/537.36 (KHTML, like Gecko; compatible; GPTBot/1.3; +https://openai.com/gptbot)"
74.7.227.21 - - [16/Apr/2026:00:56:09 +0200] "GET /images/b/actions/6121_3.jpg HTTP/1.1" 200 25497 "https://www.afish-ka.ru/cinema/films/6121/" "Mozilla/5.0 AppleWebKit/537.36 (KHTML, like Gecko; compatible; GPTBot/1.3; +https://openai.com/gptbot)"
74.7.227.21 - - [16/Apr/2026:00:56:09 +0200] "GET /images/s/actions/6113_4.jpg HTTP/1.1" 200 7154 "https://www.afish-ka.ru/cinema/films/6113/" "Mozilla/5.0 AppleWebKit/537.36 (KHTML, like Gecko; compatible; GPTBot/1.3; +https://openai.com/gptbot)"
74.7.227.21 - - [16/Apr/2026:00:56:10 +0200] "GET /images/s/actions/6113_2.jpg HTTP/1.1" 200 6921 "https://www.afish-ka.ru/cinema/films/6113/" "Mozilla/5.0 AppleWebKit/537.36 (KHTML, like Gecko; compatible; GPTBot/1.3; +https://openai.com/gptbot)"
74.7.227.21 - - [16/Apr/2026:00:56:11 +0200] "GET /images/s/actions/6115_3.jpg HTTP/1.1" 200 8508 "https://www.afish-ka.ru/cinema/films/6115/" "Mozilla/5.0 AppleWebKit/537.36 (KHTML, like Gecko; compatible; GPTBot/1.3; +https://openai.com/gptbot)"
74.7.227.21 - - [16/Apr/2026:00:56:11 +0200] "GET /images/b/actions/6104_2.jpg HTTP/1.1" 200 60697 "https://www.afish-ka.ru/cinema/films/6104/" "Mozilla/5.0 AppleWebKit/537.36 (KHTML, like Gecko; compatible; GPTBot/1.3; +https://openai.com/gptbot)"
74.7.227.21 - - [16/Apr/2026:00:56:12 +0200] "GET /images/b/actions/6113_5.jpg HTTP/1.1" 200 80028 "https://www.afish-ka.ru/cinema/films/6113/" "Mozilla/5.0 AppleWebKit/537.36 (KHTML, like Gecko; compatible; GPTBot/1.3; +https://openai.com/gptbot)"
74.7.227.21 - - [16/Apr/2026:00:56:12 +0200] "GET /images/b/actions/6115_1.jpg HTTP/1.1" 200 51493 "https://www.afish-ka.ru/cinema/films/6115/" "Mozilla/5.0 AppleWebKit/537.36 (KHTML, like Gecko; compatible; GPTBot/1.3; +https://openai.com/gptbot)"
74.7.227.21 - - [16/Apr/2026:00:56:13 +0200] "GET /images/b/actions/6115_2.jpg HTTP/1.1" 200 31173 "https://www.afish-ka.ru/cinema/films/6115/" "Mozilla/5.0 AppleWebKit/537.36 (KHTML, like Gecko; compatible; GPTBot/1.3; +https://openai.com/gptbot)"
74.7.227.21 - - [16/Apr/2026:00:56:13 +0200] "GET /images/b/actions/6104_1.jpg HTTP/1.1" 200 55295 "https://www.afish-ka.ru/cinema/films/6104/" "Mozilla/5.0 AppleWebKit/537.36 (KHTML, like Gecko; compatible; GPTBot/1.3; +https://openai.com/gptbot)"
74.7.227.21 - - [16/Apr/2026:00:56:14 +0200] "GET /images/b/actions/6120_4.jpg HTTP/1.1" 200 49659 "https://www.afish-ka.ru/cinema/films/6120/" "Mozilla/5.0 AppleWebKit/537.36 (KHTML, like Gecko; compatible; GPTBot/1.3; +https://openai.com/gptbot)"
74.7.227.21 - - [16/Apr/2026:00:56:14 +0200] "GET /images/b/actions/6114_4.jpg HTTP/1.1" 200 71594 "https://www.afish-ka.ru/cinema/films/6114/" "Mozilla/5.0 AppleWebKit/537.36 (KHTML, like Gecko; compatible; GPTBot/1.3; +https://openai.com/gptbot)"
74.7.227.21 - - [16/Apr/2026:00:56:15 +0200] "GET /images/b/actions/6120_3.jpg HTTP/1.1" 200 44425 "https://www.afish-ka.ru/cinema/films/6120/" "Mozilla/5.0 AppleWebKit/537.36 (KHTML, like Gecko; compatible; GPTBot/1.3; +https://openai.com/gptbot)"
74.7.227.21 - - [16/Apr/2026:00:56:15 +0200] "GET /images/s/actions/6112_3.jpg HTTP/1.1" 200 6909 "https://www.afish-ka.ru/cinema/films/6112/" "Mozilla/5.0 AppleWebKit/537.36 (KHTML, like Gecko; compatible; GPTBot/1.3; +https://openai.com/gptbot)"
74.7.227.21 - - [16/Apr/2026:00:56:16 +0200] "GET /images/s/actions/6121_5.jpg HTTP/1.1" 200 7553 "https://www.afish-ka.ru/cinema/films/6121/" "Mozilla/5.0 AppleWebKit/537.36 (KHTML, like Gecko; compatible; GPTBot/1.3; +https://openai.com/gptbot)"
74.7.227.21 - - [16/Apr/2026:00:56:16 +0200] "GET /images/s/actions/6120_5.jpg HTTP/1.1" 200 6210 "https://www.afish-ka.ru/cinema/films/6120/" "Mozilla/5.0 AppleWebKit/537.36 (KHTML, like Gecko; compatible; GPTBot/1.3; +https://openai.com/gptbot)"
74.7.227.21 - - [16/Apr/2026:00:56:17 +0200] "GET /images/s/actions/6120_4.jpg HTTP/1.1" 200 5906 "https://www.afish-ka.ru/cinema/films/6120/" "Mozilla/5.0 AppleWebKit/537.36 (KHTML, like Gecko; compatible; GPTBot/1.3; +https://openai.com/gptbot)"
74.7.227.21 - - [16/Apr/2026:00:56:17 +0200] "GET /images/s/actions/6120_2.jpg HTTP/1.1" 200 7002 "https://www.afish-ka.ru/cinema/films/6120/" "Mozilla/5.0 AppleWebKit/537.36 (KHTML, like Gecko; compatible; GPTBot/1.3; +https://openai.com/gptbot)"
74.7.227.21 - - [16/Apr/2026:00:56:18 +0200] "GET /images/b/actions/6112_4.jpg HTTP/1.1" 200 33515 "https://www.afish-ka.ru/cinema/films/6112/" "Mozilla/5.0 AppleWebKit/537.36 (KHTML, like Gecko; compatible; GPTBot/1.3; +https://openai.com/gptbot)"
74.7.227.21 - - [16/Apr/2026:00:56:18 +0200] "GET /images/s/actions/6113_5.jpg HTTP/1.1" 200 8023 "https://www.afish-ka.ru/cinema/films/6113/" "Mozilla/5.0 AppleWebKit/537.36 (KHTML, like Gecko; compatible; GPTBot/1.3; +https://openai.com/gptbot)"
92.222.108.123 - - [16/Apr/2026:00:56:18 +0200] "GET /theater/actions/15/opinions/add/ HTTP/1.1" 200 9560 "-" "Mozilla/5.0 (compatible; AhrefsBot/7.0; +http://ahrefs.com/robot/)"
74.7.227.21 - - [16/Apr/2026:00:56:19 +0200] "GET /images/b/actions/6113_3.jpg HTTP/1.1" 200 66303 "https://www.afish-ka.ru/cinema/films/6113/" "Mozilla/5.0 AppleWebKit/537.36 (KHTML, like Gecko; compatible; GPTBot/1.3; +https://openai.com/gptbot)"
74.7.227.21 - - [16/Apr/2026:00:56:20 +0200] "GET /images/s/actions/6114_2.jpg HTTP/1.1" 200 7864 "https://www.afish-ka.ru/cinema/films/6114/" "Mozilla/5.0 AppleWebKit/537.36 (KHTML, like Gecko; compatible; GPTBot/1.3; +https://openai.com/gptbot)"
74.7.227.21 - - [16/Apr/2026:00:56:20 +0200] "GET /images/b/actions/6101_3.jpg HTTP/1.1" 200 50513 "https://www.afish-ka.ru/cinema/films/6101/" "Mozilla/5.0 AppleWebKit/537.36 (KHTML, like Gecko; compatible; GPTBot/1.3; +https://openai.com/gptbot)"
74.7.227.21 - - [16/Apr/2026:00:56:20 +0200] "GET /images/s/actions/6104_4.jpg HTTP/1.1" 200 7866 "https://www.afish-ka.ru/cinema/films/6104/" "Mozilla/5.0 AppleWebKit/537.36 (KHTML, like Gecko; compatible; GPTBot/1.3; +https://openai.com/gptbot)"
74.7.227.21 - - [16/Apr/2026:00:56:21 +0200] "GET /images/s/actions/6115_4.jpg HTTP/1.1" 200 7433 "https://www.afish-ka.ru/cinema/films/6115/" "Mozilla/5.0 AppleWebKit/537.36 (KHTML, like Gecko; compatible; GPTBot/1.3; +https://openai.com/gptbot)"
74.7.227.21 - - [16/Apr/2026:00:56:22 +0200] "GET /images/s/actions/6115_2.jpg HTTP/1.1" 200 6207 "https://www.afish-ka.ru/cinema/films/6115/" "Mozilla/5.0 AppleWebKit/537.36 (KHTML, like Gecko; compatible; GPTBot/1.3; +https://openai.com/gptbot)"
74.7.227.21 - - [16/Apr/2026:00:56:22 +0200] "GET /images/b/actions/6104_3.jpg HTTP/1.1" 200 47522 "https://www.afish-ka.ru/cinema/films/6104/" "Mozilla/5.0 AppleWebKit/537.36 (KHTML, like Gecko; compatible; GPTBot/1.3; +https://openai.com/gptbot)"
74.7.227.21 - - [16/Apr/2026:00:56:23 +0200] "GET /images/s/actions/6101_3.jpg HTTP/1.1" 200 5758 "https://www.afish-ka.ru/cinema/films/6101/" "Mozilla/5.0 AppleWebKit/537.36 (KHTML, like Gecko; compatible; GPTBot/1.3; +https://openai.com/gptbot)"
74.7.227.21 - - [16/Apr/2026:00:56:23 +0200] "GET /images/s/actions/6121_3.jpg HTTP/1.1" 200 5010 "https://www.afish-ka.ru/cinema/films/6121/" "Mozilla/5.0 AppleWebKit/537.36 (KHTML, like Gecko; compatible; GPTBot/1.3; +https://openai.com/gptbot)"
85.208.96.198 - - [16/Apr/2026:00:56:23 +0200] "GET /theater/actions/ HTTP/1.1" 200 7002 "-" "Mozilla/5.0 (compatible; SemrushBot/7~bl; +http://www.semrush.com/bot.html)"
74.7.227.21 - - [16/Apr/2026:00:56:24 +0200] "GET /images/b/actions/6113_4.jpg HTTP/1.1" 200 89625 "https://www.afish-ka.ru/cinema/films/6113/" "Mozilla/5.0 AppleWebKit/537.36 (KHTML, like Gecko; compatible; GPTBot/1.3; +https://openai.com/gptbot)"
74.7.227.21 - - [16/Apr/2026:00:56:24 +0200] "GET /images/s/actions/6114_3.jpg HTTP/1.1" 200 5773 "https://www.afish-ka.ru/cinema/films/6114/" "Mozilla/5.0 AppleWebKit/537.36 (KHTML, like Gecko; compatible; GPTBot/1.3; +https://openai.com/gptbot)"
74.7.227.21 - - [16/Apr/2026:00:56:25 +0200] "GET /images/s/actions/6121_4.jpg HTTP/1.1" 200 7178 "https://www.afish-ka.ru/cinema/films/6121/" "Mozilla/5.0 AppleWebKit/537.36 (KHTML, like Gecko; compatible; GPTBot/1.3; +https://openai.com/gptbot)"
74.7.227.21 - - [16/Apr/2026:00:56:25 +0200] "GET /images/b/actions/6101_4.jpg HTTP/1.1" 200 57140 "https://www.afish-ka.ru/cinema/films/6101/" "Mozilla/5.0 AppleWebKit/537.36 (KHTML, like Gecko; compatible; GPTBot/1.3; +https://openai.com/gptbot)"
74.7.227.21 - - [16/Apr/2026:00:56:26 +0200] "GET /images/b/actions/6113_2.jpg HTTP/1.1" 200 59232 "https://www.afish-ka.ru/cinema/films/6113/" "Mozilla/5.0 AppleWebKit/537.36 (KHTML, like Gecko; compatible; GPTBot/1.3; +https://openai.com/gptbot)"
74.7.227.21 - - [16/Apr/2026:00:56:26 +0200] "GET /images/b/actions/6114_1.jpg HTTP/1.1" 200 85735 "https://www.afish-ka.ru/cinema/films/6114/" "Mozilla/5.0 AppleWebKit/537.36 (KHTML, like Gecko; compatible; GPTBot/1.3; +https://openai.com/gptbot)"
74.7.227.21 - - [16/Apr/2026:00:56:27 +0200] "GET /images/s/actions/6120_3.jpg HTTP/1.1" 200 5912 "https://www.afish-ka.ru/cinema/films/6120/" "Mozilla/5.0 AppleWebKit/537.36 (KHTML, like Gecko; compatible; GPTBot/1.3; +https://openai.com/gptbot)"
74.7.227.21 - - [16/Apr/2026:00:56:27 +0200] "GET /images/b/actions/6120_2.jpg HTTP/1.1" 200 76840 "https://www.afish-ka.ru/cinema/films/6120/" "Mozilla/5.0 AppleWebKit/537.36 (KHTML, like Gecko; compatible; GPTBot/1.3; +https://openai.com/gptbot)"
