74.7.227.21 - - [16/Apr/2026:00:05:12 +0200] "GET /21-01-2009/ HTTP/1.1" 200 7077 "https://www.afish-ka.ru/13-01-2009/" "Mozilla/5.0 AppleWebKit/537.36 (KHTML, like Gecko; compatible; GPTBot/1.3; +https://openai.com/gptbot)"
74.7.227.21 - - [16/Apr/2026:00:05:12 +0200] "GET /cinema/films/595/opinions/add/ HTTP/1.1" 200 5760 "https://www.afish-ka.ru/16-01-2009/" "Mozilla/5.0 AppleWebKit/537.36 (KHTML, like Gecko; compatible; GPTBot/1.3; +https://openai.com/gptbot)"
216.244.66.228 - - [16/Apr/2026:00:05:13 +0200] "GET /06-10-2009/ HTTP/1.1" 200 39598 "-" "Mozilla/5.0 (compatible; DotBot/1.2; +https://opensiteexplorer.org/dotbot; help@moz.com)"
74.7.227.21 - - [16/Apr/2026:00:05:13 +0200] "GET /09-08-2009/ HTTP/1.1" 200 7046 "https://www.afish-ka.ru/13-09-2009/" "Mozilla/5.0 AppleWebKit/537.36 (KHTML, like Gecko; compatible; GPTBot/1.3; +https://openai.com/gptbot)"
74.7.227.21 - - [16/Apr/2026:00:05:14 +0200] "GET /27-12-2008/ HTTP/1.1" 200 7651 "https://www.afish-ka.ru/31-01-2009/" "Mozilla/5.0 AppleWebKit/537.36 (KHTML, like Gecko; compatible; GPTBot/1.3; +https://openai.com/gptbot)"
114.119.156.115 - - [16/Apr/2026:00:05:14 +0200] "GET /cinema/films/1024/ HTTP/1.1" 200 10733 "https://www.afish-ka.ru/cinema/films/1024/opinions/add/?parent=10211" "Mozilla/5.0 (Linux; Android 7.0;) AppleWebKit/537.36 (KHTML, like Gecko) Mobile Safari/537.36 (compatible; PetalBot;+https://webmaster.petalsearch.com/site/petalbot)"
74.7.227.21 - - [16/Apr/2026:00:05:14 +0200] "GET /24-12-2008/ HTTP/1.1" 200 7121 "https://www.afish-ka.ru/30-12-2008/" "Mozilla/5.0 AppleWebKit/537.36 (KHTML, like Gecko; compatible; GPTBot/1.3; +https://openai.com/gptbot)"
74.7.227.21 - - [16/Apr/2026:00:05:15 +0200] "GET /23-12-2008/ HTTP/1.1" 200 7123 "https://www.afish-ka.ru/30-12-2008/" "Mozilla/5.0 AppleWebKit/537.36 (KHTML, like Gecko; compatible; GPTBot/1.3; +https://openai.com/gptbot)"
74.7.227.21 - - [16/Apr/2026:00:05:15 +0200] "GET /15-12-2008/ HTTP/1.1" 200 7062 "https://www.afish-ka.ru/30-12-2008/" "Mozilla/5.0 AppleWebKit/537.36 (KHTML, like Gecko; compatible; GPTBot/1.3; +https://openai.com/gptbot)"
74.7.227.21 - - [16/Apr/2026:00:05:16 +0200] "GET /26-11-2008/ HTTP/1.1" 200 7371 "https://www.afish-ka.ru/09-12-2008/" "Mozilla/5.0 AppleWebKit/537.36 (KHTML, like Gecko; compatible; GPTBot/1.3; +https://openai.com/gptbot)"
129.226.186.253 - - [16/Apr/2026:00:05:16 +0200] "GET /cinema/films/3193/cinema/films/ HTTP/1.1" 200 10209 "-" "Mozilla/5.0 (Windows NT 10.0; Win64; x64) AppleWebKit/537.36 (KHTML, like Gecko) Chrome/142.0.0.0 Safari/537.36"
74.7.227.21 - - [16/Apr/2026:00:05:16 +0200] "GET /30-11-2008/ HTTP/1.1" 200 7410 "https://www.afish-ka.ru/09-12-2008/" "Mozilla/5.0 AppleWebKit/537.36 (KHTML, like Gecko; compatible; GPTBot/1.3; +https://openai.com/gptbot)"
74.7.227.21 - - [16/Apr/2026:00:05:17 +0200] "GET /07-12-2008/ HTTP/1.1" 200 6994 "https://www.afish-ka.ru/09-12-2008/" "Mozilla/5.0 AppleWebKit/537.36 (KHTML, like Gecko; compatible; GPTBot/1.3; +https://openai.com/gptbot)"
74.7.227.21 - - [16/Apr/2026:00:05:18 +0200] "GET /04-11-2008/ HTTP/1.1" 200 8173 "https://www.afish-ka.ru/09-12-2008/" "Mozilla/5.0 AppleWebKit/537.36 (KHTML, like Gecko; compatible; GPTBot/1.3; +https://openai.com/gptbot)"
74.7.227.21 - - [16/Apr/2026:00:05:18 +0200] "GET /03-12-2008/ HTTP/1.1" 200 6892 "https://www.afish-ka.ru/09-12-2008/" "Mozilla/5.0 AppleWebKit/537.36 (KHTML, like Gecko; compatible; GPTBot/1.3; +https://openai.com/gptbot)"
74.7.227.21 - - [16/Apr/2026:00:05:19 +0200] "GET /26-12-2008/ HTTP/1.1" 200 7572 "https://www.afish-ka.ru/30-12-2008/" "Mozilla/5.0 AppleWebKit/537.36 (KHTML, like Gecko; compatible; GPTBot/1.3; +https://openai.com/gptbot)"
74.7.227.21 - - [16/Apr/2026:00:05:19 +0200] "GET /25-12-2008/ HTTP/1.1" 200 7836 "https://www.afish-ka.ru/30-12-2008/" "Mozilla/5.0 AppleWebKit/537.36 (KHTML, like Gecko; compatible; GPTBot/1.3; +https://openai.com/gptbot)"
216.244.66.228 - - [16/Apr/2026:00:05:19 +0200] "GET /07-02-2017/ HTTP/1.1" 200 56450 "-" "Mozilla/5.0 (compatible; DotBot/1.2; +https://opensiteexplorer.org/dotbot; help@moz.com)"
74.7.227.21 - - [16/Apr/2026:00:05:20 +0200] "GET /29-11-2008/ HTTP/1.1" 200 7592 "https://www.afish-ka.ru/09-12-2008/" "Mozilla/5.0 AppleWebKit/537.36 (KHTML, like Gecko; compatible; GPTBot/1.3; +https://openai.com/gptbot)"
74.7.227.21 - - [16/Apr/2026:00:05:20 +0200] "GET /16-12-2008/ HTTP/1.1" 200 7062 "https://www.afish-ka.ru/30-12-2008/" "Mozilla/5.0 AppleWebKit/537.36 (KHTML, like Gecko; compatible; GPTBot/1.3; +https://openai.com/gptbot)"
74.7.227.21 - - [16/Apr/2026:00:05:21 +0200] "GET /27-11-2008/ HTTP/1.1" 200 7193 "https://www.afish-ka.ru/09-12-2008/" "Mozilla/5.0 AppleWebKit/537.36 (KHTML, like Gecko; compatible; GPTBot/1.3; +https://openai.com/gptbot)"
74.7.227.21 - - [16/Apr/2026:00:05:22 +0200] "GET /14-12-2008/ HTTP/1.1" 200 11018 "https://www.afish-ka.ru/09-12-2008/" "Mozilla/5.0 AppleWebKit/537.36 (KHTML, like Gecko; compatible; GPTBot/1.3; +https://openai.com/gptbot)"
220.181.108.178 - - [16/Apr/2026:00:05:22 +0200] "GET /cinema/films/5100/opinions/ HTTP/1.1" 200 9353 "-" "Mozilla/5.0 (compatible; Baiduspider/2.0; +http://www.baidu.com/search/spider.html)"
74.7.227.21 - - [16/Apr/2026:00:05:22 +0200] "GET /17-11-2008/ HTTP/1.1" 200 6485 "https://www.afish-ka.ru/26-11-2008/" "Mozilla/5.0 AppleWebKit/537.36 (KHTML, like Gecko; compatible; GPTBot/1.3; +https://openai.com/gptbot)"
85.208.96.206 - - [16/Apr/2026:00:05:23 +0200] "GET /cinema/films/5421/opinions/add/?parent=56205 HTTP/1.1" 200 9521 "-" "Mozilla/5.0 (compatible; SemrushBot/7~bl; +http://www.semrush.com/bot.html)"
74.7.227.21 - - [16/Apr/2026:00:05:23 +0200] "GET /13-11-2008/ HTTP/1.1" 200 7029 "https://www.afish-ka.ru/26-11-2008/" "Mozilla/5.0 AppleWebKit/537.36 (KHTML, like Gecko; compatible; GPTBot/1.3; +https://openai.com/gptbot)"
74.7.227.21 - - [16/Apr/2026:00:05:24 +0200] "GET /15-11-2008/ HTTP/1.1" 200 7196 "https://www.afish-ka.ru/26-11-2008/" "Mozilla/5.0 AppleWebKit/537.36 (KHTML, like Gecko; compatible; GPTBot/1.3; +https://openai.com/gptbot)"
74.7.227.21 - - [16/Apr/2026:00:05:24 +0200] "GET /07-11-2008/ HTTP/1.1" 200 7155 "https://www.afish-ka.ru/04-11-2008/" "Mozilla/5.0 AppleWebKit/537.36 (KHTML, like Gecko; compatible; GPTBot/1.3; +https://openai.com/gptbot)"
74.7.227.21 - - [16/Apr/2026:00:05:25 +0200] "GET /06-11-2008/ HTTP/1.1" 200 6970 "https://www.afish-ka.ru/04-11-2008/" "Mozilla/5.0 AppleWebKit/537.36 (KHTML, like Gecko; compatible; GPTBot/1.3; +https://openai.com/gptbot)"
92.222.104.204 - - [16/Apr/2026:00:05:25 +0200] "GET /cinema/films/4332/ HTTP/1.1" 200 10370 "-" "Mozilla/5.0 (compatible; AhrefsBot/7.0; +http://ahrefs.com/robot/)"
216.244.66.228 - - [16/Apr/2026:00:05:25 +0200] "GET /08-07-2012/ HTTP/1.1" 200 43494 "-" "Mozilla/5.0 (compatible; DotBot/1.2; +https://opensiteexplorer.org/dotbot; help@moz.com)"
74.7.227.21 - - [16/Apr/2026:00:05:26 +0200] "GET /24-10-2008/ HTTP/1.1" 200 8040 "https://www.afish-ka.ru/04-11-2008/" "Mozilla/5.0 AppleWebKit/537.36 (KHTML, like Gecko; compatible; GPTBot/1.3; +https://openai.com/gptbot)"
74.7.227.21 - - [16/Apr/2026:00:05:26 +0200] "GET /16-11-2008/ HTTP/1.1" 200 6988 "https://www.afish-ka.ru/26-11-2008/" "Mozilla/5.0 AppleWebKit/537.36 (KHTML, like Gecko; compatible; GPTBot/1.3; +https://openai.com/gptbot)"
74.7.227.21 - - [16/Apr/2026:00:05:27 +0200] "GET /23-10-2008/ HTTP/1.1" 200 7827 "https://www.afish-ka.ru/04-11-2008/" "Mozilla/5.0 AppleWebKit/537.36 (KHTML, like Gecko; compatible; GPTBot/1.3; +https://openai.com/gptbot)"
74.7.227.21 - - [16/Apr/2026:00:05:27 +0200] "GET /29-10-2008/ HTTP/1.1" 200 7756 "https://www.afish-ka.ru/04-11-2008/" "Mozilla/5.0 AppleWebKit/537.36 (KHTML, like Gecko; compatible; GPTBot/1.3; +https://openai.com/gptbot)"
74.7.227.21 - - [16/Apr/2026:00:05:28 +0200] "GET /31-10-2008/ HTTP/1.1" 200 8242 "https://www.afish-ka.ru/04-11-2008/" "Mozilla/5.0 AppleWebKit/537.36 (KHTML, like Gecko; compatible; GPTBot/1.3; +https://openai.com/gptbot)"
74.7.227.21 - - [16/Apr/2026:00:05:29 +0200] "GET /14-11-2008/ HTTP/1.1" 200 7511 "https://www.afish-ka.ru/26-11-2008/" "Mozilla/5.0 AppleWebKit/537.36 (KHTML, like Gecko; compatible; GPTBot/1.3; +https://openai.com/gptbot)"
74.7.227.21 - - [16/Apr/2026:00:05:29 +0200] "GET /13-10-2008/ HTTP/1.1" 200 6909 "https://www.afish-ka.ru/17-11-2008/" "Mozilla/5.0 AppleWebKit/537.36 (KHTML, like Gecko; compatible; GPTBot/1.3; +https://openai.com/gptbot)"
74.7.227.21 - - [16/Apr/2026:00:05:30 +0200] "GET /images/s/actions/533_1.jpg HTTP/1.1" 200 6663 "https://www.afish-ka.ru/13-11-2008/" "Mozilla/5.0 AppleWebKit/537.36 (KHTML, like Gecko; compatible; GPTBot/1.3; +https://openai.com/gptbot)"
216.244.66.228 - - [16/Apr/2026:00:05:30 +0200] "GET /11-06-2015/ HTTP/1.1" 200 46549 "-" "Mozilla/5.0 (compatible; DotBot/1.2; +https://opensiteexplorer.org/dotbot; help@moz.com)"
74.7.227.21 - - [16/Apr/2026:00:05:30 +0200] "GET /images/s/actions/536_1.jpg HTTP/1.1" 200 5568 "https://www.afish-ka.ru/15-11-2008/" "Mozilla/5.0 AppleWebKit/537.36 (KHTML, like Gecko; compatible; GPTBot/1.3; +https://openai.com/gptbot)"
74.7.227.21 - - [16/Apr/2026:00:05:31 +0200] "GET /23-11-2008/ HTTP/1.1" 200 7546 "https://www.afish-ka.ru/26-11-2008/" "Mozilla/5.0 AppleWebKit/537.36 (KHTML, like Gecko; compatible; GPTBot/1.3; +https://openai.com/gptbot)"
74.7.227.21 - - [16/Apr/2026:00:05:31 +0200] "GET /25-11-2008/ HTTP/1.1" 200 7236 "https://www.afish-ka.ru/30-12-2008/" "Mozilla/5.0 AppleWebKit/537.36 (KHTML, like Gecko; compatible; GPTBot/1.3; +https://openai.com/gptbot)"
74.7.227.21 - - [16/Apr/2026:00:05:32 +0200] "GET /cinema/films/480/ HTTP/1.1" 200 6820 "https://www.afish-ka.ru/24-10-2008/" "Mozilla/5.0 AppleWebKit/537.36 (KHTML, like Gecko; compatible; GPTBot/1.3; +https://openai.com/gptbot)"
74.7.227.21 - - [16/Apr/2026:00:05:33 +0200] "GET /images/s/actions/535_1.jpg HTTP/1.1" 200 5739 "https://www.afish-ka.ru/16-11-2008/" "Mozilla/5.0 AppleWebKit/537.36 (KHTML, like Gecko; compatible; GPTBot/1.3; +https://openai.com/gptbot)"
74.7.227.21 - - [16/Apr/2026:00:05:33 +0200] "GET /18-09-2008/ HTTP/1.1" 200 7186 "https://www.afish-ka.ru/23-10-2008/" "Mozilla/5.0 AppleWebKit/537.36 (KHTML, like Gecko; compatible; GPTBot/1.3; +https://openai.com/gptbot)"
74.7.227.21 - - [16/Apr/2026:00:05:34 +0200] "GET /16-10-2008/ HTTP/1.1" 200 6877 "https://www.afish-ka.ru/24-10-2008/" "Mozilla/5.0 AppleWebKit/537.36 (KHTML, like Gecko; compatible; GPTBot/1.3; +https://openai.com/gptbot)"
74.7.227.21 - - [16/Apr/2026:00:05:34 +0200] "GET /images/s/actions/500_1.jpg HTTP/1.1" 200 6279 "https://www.afish-ka.ru/31-10-2008/" "Mozilla/5.0 AppleWebKit/537.36 (KHTML, like Gecko; compatible; GPTBot/1.3; +https://openai.com/gptbot)"
216.244.66.228 - - [16/Apr/2026:00:05:34 +0200] "GET /11-11-2016/ HTTP/1.1" 200 64070 "-" "Mozilla/5.0 (compatible; DotBot/1.2; +https://opensiteexplorer.org/dotbot; help@moz.com)"
74.7.227.21 - - [16/Apr/2026:00:05:35 +0200] "GET /19-09-2008/ HTTP/1.1" 200 7140 "https://www.afish-ka.ru/24-10-2008/" "Mozilla/5.0 AppleWebKit/537.36 (KHTML, like Gecko; compatible; GPTBot/1.3; +https://openai.com/gptbot)"
74.7.227.21 - - [16/Apr/2026:00:05:35 +0200] "GET /14-10-2008/ HTTP/1.1" 200 6905 "https://www.afish-ka.ru/24-10-2008/" "Mozilla/5.0 AppleWebKit/537.36 (KHTML, like Gecko; compatible; GPTBot/1.3; +https://openai.com/gptbot)"
74.7.227.21 - - [16/Apr/2026:00:05:36 +0200] "GET /26-09-2008/ HTTP/1.1" 200 8077 "https://www.afish-ka.ru/31-10-2008/" "Mozilla/5.0 AppleWebKit/537.36 (KHTML, like Gecko; compatible; GPTBot/1.3; +https://openai.com/gptbot)"
74.7.227.21 - - [16/Apr/2026:00:05:37 +0200] "GET /19-10-2008/ HTTP/1.1" 200 6733 "https://www.afish-ka.ru/24-10-2008/" "Mozilla/5.0 AppleWebKit/537.36 (KHTML, like Gecko; compatible; GPTBot/1.3; +https://openai.com/gptbot)"
74.7.227.21 - - [16/Apr/2026:00:05:37 +0200] "GET /17-10-2008/ HTTP/1.1" 200 7098 "https://www.afish-ka.ru/24-10-2008/" "Mozilla/5.0 AppleWebKit/537.36 (KHTML, like Gecko; compatible; GPTBot/1.3; +https://openai.com/gptbot)"
185.191.171.13 - - [16/Apr/2026:00:05:38 +0200] "GET /restaurant/actions/2860/opinions/add/ HTTP/1.1" 200 9540 "-" "Mozilla/5.0 (compatible; SemrushBot/7~bl; +http://www.semrush.com/bot.html)"
74.7.227.21 - - [16/Apr/2026:00:05:38 +0200] "GET /27-10-2008/ HTTP/1.1" 200 7555 "https://www.afish-ka.ru/04-11-2008/" "Mozilla/5.0 AppleWebKit/537.36 (KHTML, like Gecko; compatible; GPTBot/1.3; +https://openai.com/gptbot)"
74.7.227.21 - - [16/Apr/2026:00:05:39 +0200] "GET /21-11-2008/ HTTP/1.1" 200 8361 "https://www.afish-ka.ru/26-11-2008/" "Mozilla/5.0 AppleWebKit/537.36 (KHTML, like Gecko; compatible; GPTBot/1.3; +https://openai.com/gptbot)"
216.244.66.228 - - [16/Apr/2026:00:05:38 +0200] "GET /12-02-2018/ HTTP/1.1" 200 63989 "-" "Mozilla/5.0 (compatible; DotBot/1.2; +https://opensiteexplorer.org/dotbot; help@moz.com)"
74.7.227.21 - - [16/Apr/2026:00:05:39 +0200] "GET /images/s/actions/480_3.jpg HTTP/1.1" 200 6086 "https://www.afish-ka.ru/cinema/films/480/" "Mozilla/5.0 AppleWebKit/537.36 (KHTML, like Gecko; compatible; GPTBot/1.3; +https://openai.com/gptbot)"
74.7.227.21 - - [16/Apr/2026:00:05:40 +0200] "GET /images/b/actions/480_3.jpg HTTP/1.1" 200 46564 "https://www.afish-ka.ru/cinema/films/480/" "Mozilla/5.0 AppleWebKit/537.36 (KHTML, like Gecko; compatible; GPTBot/1.3; +https://openai.com/gptbot)"
74.7.227.21 - - [16/Apr/2026:00:05:40 +0200] "GET /images/b/actions/480_1.jpg HTTP/1.1" 200 78259 "https://www.afish-ka.ru/cinema/films/480/" "Mozilla/5.0 AppleWebKit/537.36 (KHTML, like Gecko; compatible; GPTBot/1.3; +https://openai.com/gptbot)"
74.7.227.21 - - [16/Apr/2026:00:05:41 +0200] "GET /images/b/actions/480_2.jpg HTTP/1.1" 200 66198 "https://www.afish-ka.ru/cinema/films/480/" "Mozilla/5.0 AppleWebKit/537.36 (KHTML, like Gecko; compatible; GPTBot/1.3; +https://openai.com/gptbot)"
74.7.227.21 - - [16/Apr/2026:00:05:41 +0200] "GET /images/s/actions/480_2.jpg HTTP/1.1" 200 5901 "https://www.afish-ka.ru/cinema/films/480/" "Mozilla/5.0 AppleWebKit/537.36 (KHTML, like Gecko; compatible; GPTBot/1.3; +https://openai.com/gptbot)"
74.7.227.21 - - [16/Apr/2026:00:05:42 +0200] "GET /images/b/actions/480_4.jpg HTTP/1.1" 200 58114 "https://www.afish-ka.ru/cinema/films/480/" "Mozilla/5.0 AppleWebKit/537.36 (KHTML, like Gecko; compatible; GPTBot/1.3; +https://openai.com/gptbot)"
213.186.1.154 - - [16/Apr/2026:00:05:41 +0200] "GET / HTTP/1.1" 200 6102 "-" "Mediatoolkitbot (complaints@mediatoolkit.com)"
74.7.227.21 - - [16/Apr/2026:00:05:42 +0200] "GET /images/s/actions/480_5.jpg HTTP/1.1" 200 4752 "https://www.afish-ka.ru/cinema/films/480/" "Mozilla/5.0 AppleWebKit/537.36 (KHTML, like Gecko; compatible; GPTBot/1.3; +https://openai.com/gptbot)"
216.244.66.228 - - [16/Apr/2026:00:05:42 +0200] "GET /13-09-2019/ HTTP/1.1" 200 44788 "-" "Mozilla/5.0 (compatible; DotBot/1.2; +https://opensiteexplorer.org/dotbot; help@moz.com)"
74.7.227.21 - - [16/Apr/2026:00:05:43 +0200] "GET /images/b/actions/480_5.jpg HTTP/1.1" 200 42636 "https://www.afish-ka.ru/cinema/films/480/" "Mozilla/5.0 AppleWebKit/537.36 (KHTML, like Gecko; compatible; GPTBot/1.3; +https://openai.com/gptbot)"
74.7.227.21 - - [16/Apr/2026:00:05:43 +0200] "GET /images/s/actions/479_1.jpg HTTP/1.1" 200 5508 "https://www.afish-ka.ru/17-10-2008/" "Mozilla/5.0 AppleWebKit/537.36 (KHTML, like Gecko; compatible; GPTBot/1.3; +https://openai.com/gptbot)"
74.7.227.21 - - [16/Apr/2026:00:05:44 +0200] "GET /images/s/actions/480_4.jpg HTTP/1.1" 200 6323 "https://www.afish-ka.ru/cinema/films/480/" "Mozilla/5.0 AppleWebKit/537.36 (KHTML, like Gecko; compatible; GPTBot/1.3; +https://openai.com/gptbot)"
74.7.227.21 - - [16/Apr/2026:00:05:44 +0200] "GET /images/s/posters/480.jpg HTTP/1.1" 200 10812 "https://www.afish-ka.ru/cinema/films/480/" "Mozilla/5.0 AppleWebKit/537.36 (KHTML, like Gecko; compatible; GPTBot/1.3; +https://openai.com/gptbot)"
74.7.227.21 - - [16/Apr/2026:00:05:45 +0200] "GET /images/b/posters/480.jpg HTTP/1.1" 200 83704 "https://www.afish-ka.ru/cinema/films/480/" "Mozilla/5.0 AppleWebKit/537.36 (KHTML, like Gecko; compatible; GPTBot/1.3; +https://openai.com/gptbot)"
216.244.66.228 - - [16/Apr/2026:00:05:45 +0200] "GET /14-06-2016/ HTTP/1.1" 200 57858 "-" "Mozilla/5.0 (compatible; DotBot/1.2; +https://opensiteexplorer.org/dotbot; help@moz.com)"
74.7.227.21 - - [16/Apr/2026:00:05:45 +0200] "GET /15-09-2008/ HTTP/1.1" 200 6971 "https://www.afish-ka.ru/18-09-2008/" "Mozilla/5.0 AppleWebKit/537.36 (KHTML, like Gecko; compatible; GPTBot/1.3; +https://openai.com/gptbot)"
74.7.227.21 - - [16/Apr/2026:00:05:46 +0200] "GET /21-09-2008/ HTTP/1.1" 200 7026 "https://www.afish-ka.ru/18-09-2008/" "Mozilla/5.0 AppleWebKit/537.36 (KHTML, like Gecko; compatible; GPTBot/1.3; +https://openai.com/gptbot)"
74.7.227.21 - - [16/Apr/2026:00:05:47 +0200] "GET /16-09-2008/ HTTP/1.1" 200 6967 "https://www.afish-ka.ru/18-09-2008/" "Mozilla/5.0 AppleWebKit/537.36 (KHTML, like Gecko; compatible; GPTBot/1.3; +https://openai.com/gptbot)"
74.7.227.21 - - [16/Apr/2026:00:05:47 +0200] "GET /23-09-2008/ HTTP/1.1" 200 7150 "https://www.afish-ka.ru/18-09-2008/" "Mozilla/5.0 AppleWebKit/537.36 (KHTML, like Gecko; compatible; GPTBot/1.3; +https://openai.com/gptbot)"
74.7.227.21 - - [16/Apr/2026:00:05:48 +0200] "GET /11-09-2008/ HTTP/1.1" 200 7628 "https://www.afish-ka.ru/18-09-2008/" "Mozilla/5.0 AppleWebKit/537.36 (KHTML, like Gecko; compatible; GPTBot/1.3; +https://openai.com/gptbot)"
74.7.227.21 - - [16/Apr/2026:00:05:49 +0200] "GET /25-09-2008/ HTTP/1.1" 200 7966 "https://www.afish-ka.ru/18-09-2008/" "Mozilla/5.0 AppleWebKit/537.36 (KHTML, like Gecko; compatible; GPTBot/1.3; +https://openai.com/gptbot)"
216.244.66.228 - - [16/Apr/2026:00:05:48 +0200] "GET /21-07-2022/ HTTP/1.1" 200 43502 "-" "Mozilla/5.0 (compatible; DotBot/1.2; +https://opensiteexplorer.org/dotbot; help@moz.com)"
74.7.227.21 - - [16/Apr/2026:00:05:49 +0200] "GET /27-09-2008/ HTTP/1.1" 200 7957 "https://www.afish-ka.ru/18-09-2008/" "Mozilla/5.0 AppleWebKit/537.36 (KHTML, like Gecko; compatible; GPTBot/1.3; +https://openai.com/gptbot)"
74.7.227.21 - - [16/Apr/2026:00:05:50 +0200] "GET /17-09-2008/ HTTP/1.1" 200 6968 "https://www.afish-ka.ru/18-09-2008/" "Mozilla/5.0 AppleWebKit/537.36 (KHTML, like Gecko; compatible; GPTBot/1.3; +https://openai.com/gptbot)"
74.7.227.21 - - [16/Apr/2026:00:05:51 +0200] "GET /13-09-2008/ HTTP/1.1" 200 7085 "https://www.afish-ka.ru/18-09-2008/" "Mozilla/5.0 AppleWebKit/537.36 (KHTML, like Gecko; compatible; GPTBot/1.3; +https://openai.com/gptbot)"
74.7.227.21 - - [16/Apr/2026:00:05:52 +0200] "GET /12-09-2008/ HTTP/1.1" 200 7683 "https://www.afish-ka.ru/18-09-2008/" "Mozilla/5.0 AppleWebKit/537.36 (KHTML, like Gecko; compatible; GPTBot/1.3; +https://openai.com/gptbot)"
74.7.227.21 - - [16/Apr/2026:00:05:52 +0200] "GET /07-10-2008/ HTTP/1.1" 200 7402 "https://www.afish-ka.ru/24-10-2008/" "Mozilla/5.0 AppleWebKit/537.36 (KHTML, like Gecko; compatible; GPTBot/1.3; +https://openai.com/gptbot)"
216.244.66.228 - - [16/Apr/2026:00:05:53 +0200] "GET /31-03-2006/ HTTP/1.1" 200 28223 "-" "Mozilla/5.0 (compatible; DotBot/1.2; +https://opensiteexplorer.org/dotbot; help@moz.com)"
74.7.227.21 - - [16/Apr/2026:00:05:53 +0200] "GET /19-02-2009/ HTTP/1.1" 200 7678 "https://www.afish-ka.ru/17-02-2009/" "Mozilla/5.0 AppleWebKit/537.36 (KHTML, like Gecko; compatible; GPTBot/1.3; +https://openai.com/gptbot)"
74.7.227.21 - - [16/Apr/2026:00:05:54 +0200] "GET /17-08-2008/ HTTP/1.1" 200 7126 "https://www.afish-ka.ru/21-09-2008/" "Mozilla/5.0 AppleWebKit/537.36 (KHTML, like Gecko; compatible; GPTBot/1.3; +https://openai.com/gptbot)"
74.7.227.21 - - [16/Apr/2026:00:05:55 +0200] "GET /01-12-2009/ HTTP/1.1" 200 7793 "https://www.afish-ka.ru/08-12-2009/" "Mozilla/5.0 AppleWebKit/537.36 (KHTML, like Gecko; compatible; GPTBot/1.3; +https://openai.com/gptbot)"
74.7.227.21 - - [16/Apr/2026:00:05:55 +0200] "GET /19-08-2008/ HTTP/1.1" 200 7134 "https://www.afish-ka.ru/23-09-2008/" "Mozilla/5.0 AppleWebKit/537.36 (KHTML, like Gecko; compatible; GPTBot/1.3; +https://openai.com/gptbot)"
216.244.66.228 - - [16/Apr/2026:00:05:56 +0200] "GET /images/b/actions/1068_3.jpg HTTP/1.1" 200 61405 "-" "Mozilla/5.0 (compatible; DotBot/1.2; +https://opensiteexplorer.org/dotbot; help@moz.com)"
114.119.128.55 - - [16/Apr/2026:00:05:56 +0200] "GET /cinema/films/1023/opinions/add?parent=10049 HTTP/1.1" 200 27596 "https://www.afish-ka.ru/cinema/films/1023/opinions/add?parent=10303" "Mozilla/5.0 (Linux; Android 7.0;) AppleWebKit/537.36 (KHTML, like Gecko) Mobile Safari/537.36 (compatible; PetalBot;+https://webmaster.petalsearch.com/site/petalbot)"
74.7.227.21 - - [16/Apr/2026:00:05:56 +0200] "GET /30-08-2008/ HTTP/1.1" 200 7259 "https://www.afish-ka.ru/11-09-2008/" "Mozilla/5.0 AppleWebKit/537.36 (KHTML, like Gecko; compatible; GPTBot/1.3; +https://openai.com/gptbot)"
74.7.227.21 - - [16/Apr/2026:00:05:57 +0200] "GET /20-12-2009/ HTTP/1.1" 200 7814 "https://www.afish-ka.ru/27-12-2009/" "Mozilla/5.0 AppleWebKit/537.36 (KHTML, like Gecko; compatible; GPTBot/1.3; +https://openai.com/gptbot)"
74.7.227.21 - - [16/Apr/2026:00:05:58 +0200] "GET /29-10-2009/ HTTP/1.1" 200 7678 "https://www.afish-ka.ru/10-11-2009/" "Mozilla/5.0 AppleWebKit/537.36 (KHTML, like Gecko; compatible; GPTBot/1.3; +https://openai.com/gptbot)"
74.7.227.21 - - [16/Apr/2026:00:05:58 +0200] "GET /13-08-2008/ HTTP/1.1" 200 7113 "https://www.afish-ka.ru/17-09-2008/" "Mozilla/5.0 AppleWebKit/537.36 (KHTML, like Gecko; compatible; GPTBot/1.3; +https://openai.com/gptbot)"
85.208.96.194 - - [16/Apr/2026:00:05:58 +0200] "GET /cinema/films/2030/opinions/add/?parent=20791 HTTP/1.1" 200 9507 "-" "Mozilla/5.0 (compatible; SemrushBot/7~bl; +http://www.semrush.com/bot.html)"
74.7.227.21 - - [16/Apr/2026:00:05:59 +0200] "GET /19-12-2009/ HTTP/1.1" 200 8269 "https://www.afish-ka.ru/27-12-2009/" "Mozilla/5.0 AppleWebKit/537.36 (KHTML, like Gecko; compatible; GPTBot/1.3; +https://openai.com/gptbot)"
216.244.66.228 - - [16/Apr/2026:00:06:00 +0200] "GET /images/b/actions/2118_4.jpg HTTP/1.1" 200 19643 "-" "Mozilla/5.0 (compatible; DotBot/1.2; +https://opensiteexplorer.org/dotbot; help@moz.com)"
74.7.227.21 - - [16/Apr/2026:00:06:00 +0200] "GET /04-07-2009/ HTTP/1.1" 200 6519 "https://www.afish-ka.ru/15-07-2009/" "Mozilla/5.0 AppleWebKit/537.36 (KHTML, like Gecko; compatible; GPTBot/1.3; +https://openai.com/gptbot)"
74.7.227.21 - - [16/Apr/2026:00:06:00 +0200] "GET /26-06-2009/ HTTP/1.1" 200 7400 "https://www.afish-ka.ru/31-07-2009/" "Mozilla/5.0 AppleWebKit/537.36 (KHTML, like Gecko; compatible; GPTBot/1.3; +https://openai.com/gptbot)"
74.7.227.21 - - [16/Apr/2026:00:06:01 +0200] "GET /03-05-2009/ HTTP/1.1" 200 7100 "https://www.afish-ka.ru/14-05-2009/" "Mozilla/5.0 AppleWebKit/537.36 (KHTML, like Gecko; compatible; GPTBot/1.3; +https://openai.com/gptbot)"
74.7.227.21 - - [16/Apr/2026:00:06:02 +0200] "GET /16-08-2008/ HTTP/1.1" 200 7125 "https://www.afish-ka.ru/17-08-2008/" "Mozilla/5.0 AppleWebKit/537.36 (KHTML, like Gecko; compatible; GPTBot/1.3; +https://openai.com/gptbot)"
17.246.15.123 - - [16/Apr/2026:00:06:02 +0200] "GET /cinema/films/727/opinions/add/?parent=6159,1714051819 HTTP/1.1" 200 9536 "-" "Mozilla/5.0 (Macintosh; Intel Mac OS X 10_15_7) AppleWebKit/605.1.15 (KHTML, like Gecko) Version/17.4 Safari/605.1.15 (Applebot/0.1; +http://www.apple.com/go/applebot)"
185.191.171.6 - - [16/Apr/2026:00:06:02 +0200] "GET /cinema/films/787/opinions/add/?parent=6798 HTTP/1.1" 200 9542 "-" "Mozilla/5.0 (compatible; SemrushBot/7~bl; +http://www.semrush.com/bot.html)"
74.7.227.21 - - [16/Apr/2026:00:06:02 +0200] "GET /13-07-2008/ HTTP/1.1" 200 6332 "https://www.afish-ka.ru/17-08-2008/" "Mozilla/5.0 AppleWebKit/537.36 (KHTML, like Gecko; compatible; GPTBot/1.3; +https://openai.com/gptbot)"
74.7.227.21 - - [16/Apr/2026:00:06:03 +0200] "GET /01-08-2008/ HTTP/1.1" 200 6513 "https://www.afish-ka.ru/17-08-2008/" "Mozilla/5.0 AppleWebKit/537.36 (KHTML, like Gecko; compatible; GPTBot/1.3; +https://openai.com/gptbot)"
216.244.66.228 - - [16/Apr/2026:00:06:03 +0200] "GET /images/b/actions/2935_2.jpg HTTP/1.1" 200 23843 "-" "Mozilla/5.0 (compatible; DotBot/1.2; +https://opensiteexplorer.org/dotbot; help@moz.com)"
74.7.227.21 - - [16/Apr/2026:00:06:03 +0200] "GET /05-01-2010/ HTTP/1.1" 200 7498 "https://www.afish-ka.ru/21-01-2010/" "Mozilla/5.0 AppleWebKit/537.36 (KHTML, like Gecko; compatible; GPTBot/1.3; +https://openai.com/gptbot)"
74.7.227.21 - - [16/Apr/2026:00:06:04 +0200] "GET /03-08-2009/ HTTP/1.1" 200 7556 "https://www.afish-ka.ru/19-08-2009/" "Mozilla/5.0 AppleWebKit/537.36 (KHTML, like Gecko; compatible; GPTBot/1.3; +https://openai.com/gptbot)"
51.68.247.207 - - [16/Apr/2026:00:06:04 +0200] "GET /cinema/films/1394/opinions/add/ HTTP/1.1" 200 9534 "-" "Mozilla/5.0 (compatible; AhrefsBot/7.0; +http://ahrefs.com/robot/)"
74.7.227.21 - - [16/Apr/2026:00:06:04 +0200] "GET /07-09-2009/ HTTP/1.1" 200 7463 "https://www.afish-ka.ru/13-09-2009/" "Mozilla/5.0 AppleWebKit/537.36 (KHTML, like Gecko; compatible; GPTBot/1.3; +https://openai.com/gptbot)"
185.191.171.6 - - [16/Apr/2026:00:06:05 +0200] "GET /cinema/films/2943/opinions/add/?parent=27306 HTTP/1.1" 200 9521 "-" "Mozilla/5.0 (compatible; SemrushBot/7~bl; +http://www.semrush.com/bot.html)"
74.7.227.21 - - [16/Apr/2026:00:06:05 +0200] "GET /09-07-2008/ HTTP/1.1" 200 6111 "https://www.afish-ka.ru/13-08-2008/" "Mozilla/5.0 AppleWebKit/537.36 (KHTML, like Gecko; compatible; GPTBot/1.3; +https://openai.com/gptbot)"
74.7.227.21 - - [16/Apr/2026:00:06:06 +0200] "GET /03-08-2008/ HTTP/1.1" 200 6511 "https://www.afish-ka.ru/17-08-2008/" "Mozilla/5.0 AppleWebKit/537.36 (KHTML, like Gecko; compatible; GPTBot/1.3; +https://openai.com/gptbot)"
74.7.227.21 - - [16/Apr/2026:00:06:06 +0200] "GET /27-01-2017/ HTTP/1.1" 200 10463 "https://www.afish-ka.ru/30-01-2017/" "Mozilla/5.0 AppleWebKit/537.36 (KHTML, like Gecko; compatible; GPTBot/1.3; +https://openai.com/gptbot)"
74.7.227.21 - - [16/Apr/2026:00:06:07 +0200] "GET /23-11-2010/ HTTP/1.1" 200 7519 "https://www.afish-ka.ru/09-11-2010/" "Mozilla/5.0 AppleWebKit/537.36 (KHTML, like Gecko; compatible; GPTBot/1.3; +https://openai.com/gptbot)"
85.208.96.202 - - [16/Apr/2026:00:06:08 +0200] "GET /cinema/films/2107/opinions/ HTTP/1.1" 200 13378 "-" "Mozilla/5.0 (compatible; SemrushBot/7~bl; +http://www.semrush.com/bot.html)"
74.7.227.21 - - [16/Apr/2026:00:06:08 +0200] "GET /22-12-2018/ HTTP/1.1" 200 9591 "https://www.afish-ka.ru/29-12-2018/" "Mozilla/5.0 AppleWebKit/537.36 (KHTML, like Gecko; compatible; GPTBot/1.3; +https://openai.com/gptbot)"
74.7.227.21 - - [16/Apr/2026:00:06:08 +0200] "GET /12-07-2008/ HTTP/1.1" 200 6330 "https://www.afish-ka.ru/16-08-2008/" "Mozilla/5.0 AppleWebKit/537.36 (KHTML, like Gecko; compatible; GPTBot/1.3; +https://openai.com/gptbot)"
74.7.227.21 - - [16/Apr/2026:00:06:09 +0200] "GET /cinema/films/370/ HTTP/1.1" 200 7274 "https://www.afish-ka.ru/13-07-2008/" "Mozilla/5.0 AppleWebKit/537.36 (KHTML, like Gecko; compatible; GPTBot/1.3; +https://openai.com/gptbot)"
185.191.171.3 - - [16/Apr/2026:00:06:10 +0200] "GET /cinema/films/5067/opinions/add/ HTTP/1.1" 200 9539 "-" "Mozilla/5.0 (compatible; SemrushBot/7~bl; +http://www.semrush.com/bot.html)"
74.7.227.21 - - [16/Apr/2026:00:06:10 +0200] "GET /11-07-2008/ HTTP/1.1" 200 6331 "https://www.afish-ka.ru/13-07-2008/" "Mozilla/5.0 AppleWebKit/537.36 (KHTML, like Gecko; compatible; GPTBot/1.3; +https://openai.com/gptbot)"
216.244.66.228 - - [16/Apr/2026:00:06:09 +0200] "GET /14-06-2015/ HTTP/1.1" 200 48386 "-" "Mozilla/5.0 (compatible; DotBot/1.2; +https://opensiteexplorer.org/dotbot; help@moz.com)"
74.7.227.21 - - [16/Apr/2026:00:06:10 +0200] "GET /14-07-2008/ HTTP/1.1" 200 6159 "https://www.afish-ka.ru/13-07-2008/" "Mozilla/5.0 AppleWebKit/537.36 (KHTML, like Gecko; compatible; GPTBot/1.3; +https://openai.com/gptbot)"
74.7.227.21 - - [16/Apr/2026:00:06:11 +0200] "GET /23-07-2008/ HTTP/1.1" 200 6561 "https://www.afish-ka.ru/13-07-2008/" "Mozilla/5.0 AppleWebKit/537.36 (KHTML, like Gecko; compatible; GPTBot/1.3; +https://openai.com/gptbot)"
74.7.227.21 - - [16/Apr/2026:00:06:11 +0200] "GET /25-06-2008/ HTTP/1.1" 200 7191 "https://www.afish-ka.ru/13-07-2008/" "Mozilla/5.0 AppleWebKit/537.36 (KHTML, like Gecko; compatible; GPTBot/1.3; +https://openai.com/gptbot)"
74.7.227.21 - - [16/Apr/2026:00:06:12 +0200] "GET /27-06-2008/ HTTP/1.1" 200 7027 "https://www.afish-ka.ru/13-07-2008/" "Mozilla/5.0 AppleWebKit/537.36 (KHTML, like Gecko; compatible; GPTBot/1.3; +https://openai.com/gptbot)"
74.7.227.21 - - [16/Apr/2026:00:06:13 +0200] "GET /19-07-2008/ HTTP/1.1" 200 6568 "https://www.afish-ka.ru/13-07-2008/" "Mozilla/5.0 AppleWebKit/537.36 (KHTML, like Gecko; compatible; GPTBot/1.3; +https://openai.com/gptbot)"
74.7.227.21 - - [16/Apr/2026:00:06:13 +0200] "GET /23-06-2008/ HTTP/1.1" 200 7203 "https://www.afish-ka.ru/13-07-2008/" "Mozilla/5.0 AppleWebKit/537.36 (KHTML, like Gecko; compatible; GPTBot/1.3; +https://openai.com/gptbot)"
74.7.227.21 - - [16/Apr/2026:00:06:14 +0200] "GET /16-07-2008/ HTTP/1.1" 200 6159 "https://www.afish-ka.ru/13-07-2008/" "Mozilla/5.0 AppleWebKit/537.36 (KHTML, like Gecko; compatible; GPTBot/1.3; +https://openai.com/gptbot)"
74.7.227.21 - - [16/Apr/2026:00:06:14 +0200] "GET /24-07-2008/ HTTP/1.1" 200 5970 "https://www.afish-ka.ru/13-07-2008/" "Mozilla/5.0 AppleWebKit/537.36 (KHTML, like Gecko; compatible; GPTBot/1.3; +https://openai.com/gptbot)"
216.244.66.228 - - [16/Apr/2026:00:06:14 +0200] "GET /15-03-2016/ HTTP/1.1" 200 49998 "-" "Mozilla/5.0 (compatible; DotBot/1.2; +https://opensiteexplorer.org/dotbot; help@moz.com)"
74.7.227.21 - - [16/Apr/2026:00:06:15 +0200] "GET /21-07-2008/ HTTP/1.1" 200 6565 "https://www.afish-ka.ru/13-07-2008/" "Mozilla/5.0 AppleWebKit/537.36 (KHTML, like Gecko; compatible; GPTBot/1.3; +https://openai.com/gptbot)"
74.7.227.21 - - [16/Apr/2026:00:06:16 +0200] "GET /images/b/actions/370_3.jpg HTTP/1.1" 200 38143 "https://www.afish-ka.ru/cinema/films/370/" "Mozilla/5.0 AppleWebKit/537.36 (KHTML, like Gecko; compatible; GPTBot/1.3; +https://openai.com/gptbot)"
74.7.227.21 - - [16/Apr/2026:00:06:16 +0200] "GET /images/b/actions/370_2.jpg HTTP/1.1" 200 33569 "https://www.afish-ka.ru/cinema/films/370/" "Mozilla/5.0 AppleWebKit/537.36 (KHTML, like Gecko; compatible; GPTBot/1.3; +https://openai.com/gptbot)"
85.208.96.195 - - [16/Apr/2026:00:06:16 +0200] "GET /concert_hall/actions/649/opinions/add/?parent=54605 HTTP/1.1" 200 9537 "-" "Mozilla/5.0 (compatible; SemrushBot/7~bl; +http://www.semrush.com/bot.html)"
74.7.227.21 - - [16/Apr/2026:00:06:17 +0200] "GET /images/s/actions/370_2.jpg HTTP/1.1" 200 6156 "https://www.afish-ka.ru/cinema/films/370/" "Mozilla/5.0 AppleWebKit/537.36 (KHTML, like Gecko; compatible; GPTBot/1.3; +https://openai.com/gptbot)"
74.7.227.21 - - [16/Apr/2026:00:06:17 +0200] "GET /images/b/actions/370_1.jpg HTTP/1.1" 200 35812 "https://www.afish-ka.ru/cinema/films/370/" "Mozilla/5.0 AppleWebKit/537.36 (KHTML, like Gecko; compatible; GPTBot/1.3; +https://openai.com/gptbot)"
74.7.227.21 - - [16/Apr/2026:00:06:18 +0200] "GET /images/s/actions/370_3.jpg HTTP/1.1" 200 6967 "https://www.afish-ka.ru/cinema/films/370/" "Mozilla/5.0 AppleWebKit/537.36 (KHTML, like Gecko; compatible; GPTBot/1.3; +https://openai.com/gptbot)"
74.7.227.21 - - [16/Apr/2026:00:06:18 +0200] "GET /images/b/posters/370.jpg HTTP/1.1" 200 64007 "https://www.afish-ka.ru/cinema/films/370/" "Mozilla/5.0 AppleWebKit/537.36 (KHTML, like Gecko; compatible; GPTBot/1.3; +https://openai.com/gptbot)"
74.7.227.21 - - [16/Apr/2026:00:06:19 +0200] "GET /images/s/posters/370.jpg HTTP/1.1" 200 7695 "https://www.afish-ka.ru/cinema/films/370/" "Mozilla/5.0 AppleWebKit/537.36 (KHTML, like Gecko; compatible; GPTBot/1.3; +https://openai.com/gptbot)"
74.7.227.21 - - [16/Apr/2026:00:06:19 +0200] "GET /17-06-2008/ HTTP/1.1" 200 7278 "https://www.afish-ka.ru/25-06-2008/" "Mozilla/5.0 AppleWebKit/537.36 (KHTML, like Gecko; compatible; GPTBot/1.3; +https://openai.com/gptbot)"
74.7.227.21 - - [16/Apr/2026:00:06:20 +0200] "GET /14-06-2008/ HTTP/1.1" 200 7201 "https://www.afish-ka.ru/25-06-2008/" "Mozilla/5.0 AppleWebKit/537.36 (KHTML, like Gecko; compatible; GPTBot/1.3; +https://openai.com/gptbot)"
74.7.227.21 - - [16/Apr/2026:00:06:20 +0200] "GET /21-05-2008/ HTTP/1.1" 200 6962 "https://www.afish-ka.ru/25-06-2008/" "Mozilla/5.0 AppleWebKit/537.36 (KHTML, like Gecko; compatible; GPTBot/1.3; +https://openai.com/gptbot)"
74.7.227.21 - - [16/Apr/2026:00:06:21 +0200] "GET /18-06-2008/ HTTP/1.1" 200 7277 "https://www.afish-ka.ru/23-07-2008/" "Mozilla/5.0 AppleWebKit/537.36 (KHTML, like Gecko; compatible; GPTBot/1.3; +https://openai.com/gptbot)"
74.7.227.21 - - [16/Apr/2026:00:06:22 +0200] "GET /23-05-2008/ HTTP/1.1" 200 6591 "https://www.afish-ka.ru/27-06-2008/" "Mozilla/5.0 AppleWebKit/537.36 (KHTML, like Gecko; compatible; GPTBot/1.3; +https://openai.com/gptbot)"
5.39.1.232 - - [16/Apr/2026:00:06:22 +0200] "GET /cinema/films/4500/ HTTP/1.1" 200 10673 "-" "Mozilla/5.0 (compatible; AhrefsBot/7.0; +http://ahrefs.com/robot/)"
74.7.227.21 - - [16/Apr/2026:00:06:22 +0200] "GET /11-06-2008/ HTTP/1.1" 200 7077 "https://www.afish-ka.ru/25-06-2008/" "Mozilla/5.0 AppleWebKit/537.36 (KHTML, like Gecko; compatible; GPTBot/1.3; +https://openai.com/gptbot)"
74.7.227.21 - - [16/Apr/2026:00:06:23 +0200] "GET /19-05-2008/ HTTP/1.1" 200 6756 "https://www.afish-ka.ru/23-06-2008/" "Mozilla/5.0 AppleWebKit/537.36 (KHTML, like Gecko; compatible; GPTBot/1.3; +https://openai.com/gptbot)"
121.37.106.111 - - [16/Apr/2026:00:06:23 +0200] "GET /cafe/actions/2363/cafe/actions/2363/opinions/cafe/actions/2363/opinions/ HTTP/1.1" 200 7185 "-" "Mozilla/5.0 (Macintosh; Intel Mac OS X 10_15_7) AppleWebKit/537.36 (KHTML, like Gecko) Chrome/142.0.0.0 Safari/537.36"
216.244.66.228 - - [16/Apr/2026:00:06:23 +0200] "GET /15-11-2010/ HTTP/1.1" 200 45423 "-" "Mozilla/5.0 (compatible; DotBot/1.2; +https://opensiteexplorer.org/dotbot; help@moz.com)"
74.7.227.21 - - [16/Apr/2026:00:06:24 +0200] "GET /15-06-2008/ HTTP/1.1" 200 10962 "https://www.afish-ka.ru/25-06-2008/" "Mozilla/5.0 AppleWebKit/537.36 (KHTML, like Gecko; compatible; GPTBot/1.3; +https://openai.com/gptbot)"
74.7.227.21 - - [16/Apr/2026:00:06:24 +0200] "GET /12-06-2008/ HTTP/1.1" 200 7215 "https://www.afish-ka.ru/25-06-2008/" "Mozilla/5.0 AppleWebKit/537.36 (KHTML, like Gecko; compatible; GPTBot/1.3; +https://openai.com/gptbot)"
74.7.227.21 - - [16/Apr/2026:00:06:25 +0200] "GET /cinema/films/1175/ HTTP/1.1" 200 6661 "https://www.afish-ka.ru/23-11-2010/" "Mozilla/5.0 AppleWebKit/537.36 (KHTML, like Gecko; compatible; GPTBot/1.3; +https://openai.com/gptbot)"
185.191.171.17 - - [16/Apr/2026:00:06:25 +0200] "GET /concert_hall/actions/558/opinions/add/?parent=54028 HTTP/1.1" 200 9532 "-" "Mozilla/5.0 (compatible; SemrushBot/7~bl; +http://www.semrush.com/bot.html)"
74.7.227.21 - - [16/Apr/2026:00:06:25 +0200] "GET /cinema/films/1174/ HTTP/1.1" 200 6626 "https://www.afish-ka.ru/23-11-2010/" "Mozilla/5.0 AppleWebKit/537.36 (KHTML, like Gecko; compatible; GPTBot/1.3; +https://openai.com/gptbot)"
74.7.227.21 - - [16/Apr/2026:00:06:26 +0200] "GET /13-05-2008/ HTTP/1.1" 200 6898 "https://www.afish-ka.ru/17-06-2008/" "Mozilla/5.0 AppleWebKit/537.36 (KHTML, like Gecko; compatible; GPTBot/1.3; +https://openai.com/gptbot)"
74.7.227.21 - - [16/Apr/2026:00:06:27 +0200] "GET /31-05-2008/ HTTP/1.1" 200 6736 "https://www.afish-ka.ru/14-06-2008/" "Mozilla/5.0 AppleWebKit/537.36 (KHTML, like Gecko; compatible; GPTBot/1.3; +https://openai.com/gptbot)"
74.7.227.21 - - [16/Apr/2026:00:06:27 +0200] "GET /cinema/films/362/opinions/add/ HTTP/1.1" 200 5800 "https://www.afish-ka.ru/21-05-2008/" "Mozilla/5.0 AppleWebKit/537.36 (KHTML, like Gecko; compatible; GPTBot/1.3; +https://openai.com/gptbot)"
74.7.227.21 - - [16/Apr/2026:00:06:28 +0200] "GET /26-05-2008/ HTTP/1.1" 200 6657 "https://www.afish-ka.ru/14-06-2008/" "Mozilla/5.0 AppleWebKit/537.36 (KHTML, like Gecko; compatible; GPTBot/1.3; +https://openai.com/gptbot)"
74.7.227.21 - - [16/Apr/2026:00:06:28 +0200] "GET /18-04-2008/ HTTP/1.1" 200 6814 "https://www.afish-ka.ru/23-05-2008/" "Mozilla/5.0 AppleWebKit/537.36 (KHTML, like Gecko; compatible; GPTBot/1.3; +https://openai.com/gptbot)"
74.7.227.21 - - [16/Apr/2026:00:06:29 +0200] "GET /18-05-2008/ HTTP/1.1" 200 6714 "https://www.afish-ka.ru/21-05-2008/" "Mozilla/5.0 AppleWebKit/537.36 (KHTML, like Gecko; compatible; GPTBot/1.3; +https://openai.com/gptbot)"
216.244.66.228 - - [16/Apr/2026:00:06:29 +0200] "GET /28-08-2015/ HTTP/1.1" 200 46140 "-" "Mozilla/5.0 (compatible; DotBot/1.2; +https://opensiteexplorer.org/dotbot; help@moz.com)"
74.7.227.21 - - [16/Apr/2026:00:06:29 +0200] "GET /14-05-2008/ HTTP/1.1" 200 6895 "https://www.afish-ka.ru/21-05-2008/" "Mozilla/5.0 AppleWebKit/537.36 (KHTML, like Gecko; compatible; GPTBot/1.3; +https://openai.com/gptbot)"
74.7.227.21 - - [16/Apr/2026:00:06:30 +0200] "GET /29-05-2008/ HTTP/1.1" 200 6828 "https://www.afish-ka.ru/14-06-2008/" "Mozilla/5.0 AppleWebKit/537.36 (KHTML, like Gecko; compatible; GPTBot/1.3; +https://openai.com/gptbot)"
74.7.227.21 - - [16/Apr/2026:00:06:31 +0200] "GET /24-05-2008/ HTTP/1.1" 200 6657 "https://www.afish-ka.ru/21-05-2008/" "Mozilla/5.0 AppleWebKit/537.36 (KHTML, like Gecko; compatible; GPTBot/1.3; +https://openai.com/gptbot)"
74.7.227.21 - - [16/Apr/2026:00:06:31 +0200] "GET /images/b/actions/1175_1.jpg HTTP/1.1" 200 33383 "https://www.afish-ka.ru/cinema/films/1175/" "Mozilla/5.0 AppleWebKit/537.36 (KHTML, like Gecko; compatible; GPTBot/1.3; +https://openai.com/gptbot)"
74.7.227.21 - - [16/Apr/2026:00:06:32 +0200] "GET /images/s/actions/1175_2.jpg HTTP/1.1" 200 6823 "https://www.afish-ka.ru/cinema/films/1175/" "Mozilla/5.0 AppleWebKit/537.36 (KHTML, like Gecko; compatible; GPTBot/1.3; +https://openai.com/gptbot)"
74.7.227.21 - - [16/Apr/2026:00:06:32 +0200] "GET /images/b/actions/1175_3.jpg HTTP/1.1" 200 28205 "https://www.afish-ka.ru/cinema/films/1175/" "Mozilla/5.0 AppleWebKit/537.36 (KHTML, like Gecko; compatible; GPTBot/1.3; +https://openai.com/gptbot)"
74.7.227.21 - - [16/Apr/2026:00:06:33 +0200] "GET /images/b/actions/1175_4.jpg HTTP/1.1" 200 26904 "https://www.afish-ka.ru/cinema/films/1175/" "Mozilla/5.0 AppleWebKit/537.36 (KHTML, like Gecko; compatible; GPTBot/1.3; +https://openai.com/gptbot)"
74.7.227.21 - - [16/Apr/2026:00:06:33 +0200] "GET /images/s/actions/1175_4.jpg HTTP/1.1" 200 5761 "https://www.afish-ka.ru/cinema/films/1175/" "Mozilla/5.0 AppleWebKit/537.36 (KHTML, like Gecko; compatible; GPTBot/1.3; +https://openai.com/gptbot)"
74.7.227.21 - - [16/Apr/2026:00:06:34 +0200] "GET /images/b/actions/1175_2.jpg HTTP/1.1" 200 44055 "https://www.afish-ka.ru/cinema/films/1175/" "Mozilla/5.0 AppleWebKit/537.36 (KHTML, like Gecko; compatible; GPTBot/1.3; +https://openai.com/gptbot)"
74.7.227.21 - - [16/Apr/2026:00:06:34 +0200] "GET /images/b/actions/1175_5.jpg HTTP/1.1" 200 31634 "https://www.afish-ka.ru/cinema/films/1175/" "Mozilla/5.0 AppleWebKit/537.36 (KHTML, like Gecko; compatible; GPTBot/1.3; +https://openai.com/gptbot)"
74.7.227.21 - - [16/Apr/2026:00:06:35 +0200] "GET /images/s/actions/1175_3.jpg HTTP/1.1" 200 5544 "https://www.afish-ka.ru/cinema/films/1175/" "Mozilla/5.0 AppleWebKit/537.36 (KHTML, like Gecko; compatible; GPTBot/1.3; +https://openai.com/gptbot)"
216.244.66.228 - - [16/Apr/2026:00:06:35 +0200] "GET /29-04-2018/ HTTP/1.1" 200 69220 "-" "Mozilla/5.0 (compatible; DotBot/1.2; +https://opensiteexplorer.org/dotbot; help@moz.com)"
74.7.227.21 - - [16/Apr/2026:00:06:35 +0200] "GET /images/s/actions/1175_5.jpg HTTP/1.1" 200 5627 "https://www.afish-ka.ru/cinema/films/1175/" "Mozilla/5.0 AppleWebKit/537.36 (KHTML, like Gecko; compatible; GPTBot/1.3; +https://openai.com/gptbot)"
74.7.227.21 - - [16/Apr/2026:00:06:36 +0200] "GET /images/b/posters/1175.jpg HTTP/1.1" 200 124220 "https://www.afish-ka.ru/cinema/films/1175/" "Mozilla/5.0 AppleWebKit/537.36 (KHTML, like Gecko; compatible; GPTBot/1.3; +https://openai.com/gptbot)"
74.7.227.21 - - [16/Apr/2026:00:06:37 +0200] "GET /images/s/posters/1175.jpg HTTP/1.1" 200 6844 "https://www.afish-ka.ru/cinema/films/1175/" "Mozilla/5.0 AppleWebKit/537.36 (KHTML, like Gecko; compatible; GPTBot/1.3; +https://openai.com/gptbot)"
74.7.227.21 - - [16/Apr/2026:00:06:37 +0200] "GET /images/s/actions/356_1.jpg HTTP/1.1" 200 7078 "https://www.afish-ka.ru/13-05-2008/" "Mozilla/5.0 AppleWebKit/537.36 (KHTML, like Gecko; compatible; GPTBot/1.3; +https://openai.com/gptbot)"
74.7.227.21 - - [16/Apr/2026:00:06:38 +0200] "GET /images/s/actions/357_1.jpg HTTP/1.1" 200 7760 "https://www.afish-ka.ru/13-05-2008/" "Mozilla/5.0 AppleWebKit/537.36 (KHTML, like Gecko; compatible; GPTBot/1.3; +https://openai.com/gptbot)"
74.7.227.21 - - [16/Apr/2026:00:06:38 +0200] "GET /14-03-2008/ HTTP/1.1" 200 7167 "https://www.afish-ka.ru/18-04-2008/" "Mozilla/5.0 AppleWebKit/537.36 (KHTML, like Gecko; compatible; GPTBot/1.3; +https://openai.com/gptbot)"
74.7.227.21 - - [16/Apr/2026:00:06:39 +0200] "GET /17-04-2008/ HTTP/1.1" 200 6842 "https://www.afish-ka.ru/18-04-2008/" "Mozilla/5.0 AppleWebKit/537.36 (KHTML, like Gecko; compatible; GPTBot/1.3; +https://openai.com/gptbot)"
220.181.108.110 - - [16/Apr/2026:00:06:39 +0200] "GET /images/b/actions/1112_5.jpg HTTP/1.1" 200 20038 "-" "Baiduspider-image+(+http://www.baidu.com/search/spider.htm)"
74.7.227.21 - - [16/Apr/2026:00:06:39 +0200] "GET /21-04-2008/ HTTP/1.1" 200 6815 "https://www.afish-ka.ru/26-05-2008/" "Mozilla/5.0 AppleWebKit/537.36 (KHTML, like Gecko; compatible; GPTBot/1.3; +https://openai.com/gptbot)"
74.7.227.21 - - [16/Apr/2026:00:06:40 +0200] "GET /11-04-2008/ HTTP/1.1" 200 7550 "https://www.afish-ka.ru/18-04-2008/" "Mozilla/5.0 AppleWebKit/537.36 (KHTML, like Gecko; compatible; GPTBot/1.3; +https://openai.com/gptbot)"
74.7.227.21 - - [16/Apr/2026:00:06:40 +0200] "GET /13-04-2008/ HTTP/1.1" 200 7532 "https://www.afish-ka.ru/18-04-2008/" "Mozilla/5.0 AppleWebKit/537.36 (KHTML, like Gecko; compatible; GPTBot/1.3; +https://openai.com/gptbot)"
74.7.227.21 - - [16/Apr/2026:00:06:41 +0200] "GET /27-05-2008/ HTTP/1.1" 200 6652 "https://www.afish-ka.ru/14-06-2008/" "Mozilla/5.0 AppleWebKit/537.36 (KHTML, like Gecko; compatible; GPTBot/1.3; +https://openai.com/gptbot)"
216.244.66.228 - - [16/Apr/2026:00:06:41 +0200] "GET /30-06-2019/ HTTP/1.1" 200 58716 "-" "Mozilla/5.0 (compatible; DotBot/1.2; +https://opensiteexplorer.org/dotbot; help@moz.com)"
74.7.227.21 - - [16/Apr/2026:00:06:42 +0200] "GET /16-04-2008/ HTTP/1.1" 200 7042 "https://www.afish-ka.ru/21-05-2008/" "Mozilla/5.0 AppleWebKit/537.36 (KHTML, like Gecko; compatible; GPTBot/1.3; +https://openai.com/gptbot)"
74.7.227.21 - - [16/Apr/2026:00:06:42 +0200] "GET /11-05-2008/ HTTP/1.1" 200 6878 "https://www.afish-ka.ru/21-05-2008/" "Mozilla/5.0 AppleWebKit/537.36 (KHTML, like Gecko; compatible; GPTBot/1.3; +https://openai.com/gptbot)"
74.7.227.21 - - [16/Apr/2026:00:06:43 +0200] "GET /23-04-2008/ HTTP/1.1" 200 7196 "https://www.afish-ka.ru/18-04-2008/" "Mozilla/5.0 AppleWebKit/537.36 (KHTML, like Gecko; compatible; GPTBot/1.3; +https://openai.com/gptbot)"
74.7.227.21 - - [16/Apr/2026:00:06:43 +0200] "GET /15-05-2008/ HTTP/1.1" 200 6695 "https://www.afish-ka.ru/21-05-2008/" "Mozilla/5.0 AppleWebKit/537.36 (KHTML, like Gecko; compatible; GPTBot/1.3; +https://openai.com/gptbot)"
74.7.227.21 - - [16/Apr/2026:00:06:44 +0200] "GET /31-03-2008/ HTTP/1.1" 200 7631 "https://www.afish-ka.ru/18-04-2008/" "Mozilla/5.0 AppleWebKit/537.36 (KHTML, like Gecko; compatible; GPTBot/1.3; +https://openai.com/gptbot)"
74.7.227.21 - - [16/Apr/2026:00:06:45 +0200] "GET /21-03-2008/ HTTP/1.1" 200 7224 "https://www.afish-ka.ru/14-03-2008/" "Mozilla/5.0 AppleWebKit/537.36 (KHTML, like Gecko; compatible; GPTBot/1.3; +https://openai.com/gptbot)"
85.208.96.193 - - [16/Apr/2026:00:06:45 +0200] "GET /links.php?go=https%3A%2F%2Fjesar.uos.edu.pk%2Fadmin%2Fojs%2Ffiles%2Fjournals%2F3%2Farticles%2F460%2Fsubmission%2F460-25-848-1-2-20220913.html HTTP/1.1" 200 5788 "-" "Mozilla/5.0 (compatible; SemrushBot/7~bl; +http://www.semrush.com/bot.html)"
74.7.227.21 - - [16/Apr/2026:00:06:45 +0200] "GET /17-03-2008/ HTTP/1.1" 200 7010 "https://www.afish-ka.ru/14-03-2008/" "Mozilla/5.0 AppleWebKit/537.36 (KHTML, like Gecko; compatible; GPTBot/1.3; +https://openai.com/gptbot)"
74.7.227.21 - - [16/Apr/2026:00:06:46 +0200] "GET /13-03-2008/ HTTP/1.1" 200 7031 "https://www.afish-ka.ru/14-03-2008/" "Mozilla/5.0 AppleWebKit/537.36 (KHTML, like Gecko; compatible; GPTBot/1.3; +https://openai.com/gptbot)"
216.244.66.228 - - [16/Apr/2026:00:06:46 +0200] "GET /cinema/films/1394/opinions/ HTTP/1.1" 200 65399 "-" "Mozilla/5.0 (compatible; DotBot/1.2; +https://opensiteexplorer.org/dotbot; help@moz.com)"
74.7.227.21 - - [16/Apr/2026:00:06:46 +0200] "GET /cinema/films/341/ HTTP/1.1" 200 6633 "https://www.afish-ka.ru/11-04-2008/" "Mozilla/5.0 AppleWebKit/537.36 (KHTML, like Gecko; compatible; GPTBot/1.3; +https://openai.com/gptbot)"
74.7.227.21 - - [16/Apr/2026:00:06:47 +0200] "GET /29-03-2008/ HTTP/1.1" 200 7697 "https://www.afish-ka.ru/14-03-2008/" "Mozilla/5.0 AppleWebKit/537.36 (KHTML, like Gecko; compatible; GPTBot/1.3; +https://openai.com/gptbot)"
74.7.227.21 - - [16/Apr/2026:00:06:47 +0200] "GET /16-03-2008/ HTTP/1.1" 200 7007 "https://www.afish-ka.ru/14-03-2008/" "Mozilla/5.0 AppleWebKit/537.36 (KHTML, like Gecko; compatible; GPTBot/1.3; +https://openai.com/gptbot)"
74.7.227.21 - - [16/Apr/2026:00:06:48 +0200] "GET /15-03-2008/ HTTP/1.1" 200 7005 "https://www.afish-ka.ru/14-03-2008/" "Mozilla/5.0 AppleWebKit/537.36 (KHTML, like Gecko; compatible; GPTBot/1.3; +https://openai.com/gptbot)"
74.7.227.21 - - [16/Apr/2026:00:06:49 +0200] "GET /25-03-2008/ HTTP/1.1" 200 7219 "https://www.afish-ka.ru/14-03-2008/" "Mozilla/5.0 AppleWebKit/537.36 (KHTML, like Gecko; compatible; GPTBot/1.3; +https://openai.com/gptbot)"
74.7.227.21 - - [16/Apr/2026:00:06:49 +0200] "GET /12-03-2008/ HTTP/1.1" 200 7157 "https://www.afish-ka.ru/14-03-2008/" "Mozilla/5.0 AppleWebKit/537.36 (KHTML, like Gecko; compatible; GPTBot/1.3; +https://openai.com/gptbot)"
74.7.227.21 - - [16/Apr/2026:00:06:50 +0200] "GET /18-03-2008/ HTTP/1.1" 200 7009 "https://www.afish-ka.ru/14-03-2008/" "Mozilla/5.0 AppleWebKit/537.36 (KHTML, like Gecko; compatible; GPTBot/1.3; +https://openai.com/gptbot)"
216.244.66.228 - - [16/Apr/2026:00:06:51 +0200] "GET /concert_hall/actions/1823/opinions/ HTTP/1.1" 200 23098 "-" "Mozilla/5.0 (compatible; DotBot/1.2; +https://opensiteexplorer.org/dotbot; help@moz.com)"
74.7.227.21 - - [16/Apr/2026:00:06:51 +0200] "GET /27-04-2008/ HTTP/1.1" 200 7345 "https://www.afish-ka.ru/18-04-2008/" "Mozilla/5.0 AppleWebKit/537.36 (KHTML, like Gecko; compatible; GPTBot/1.3; +https://openai.com/gptbot)"
74.7.227.21 - - [16/Apr/2026:00:06:51 +0200] "GET /17-05-2008/ HTTP/1.1" 200 6711 "https://www.afish-ka.ru/21-05-2008/" "Mozilla/5.0 AppleWebKit/537.36 (KHTML, like Gecko; compatible; GPTBot/1.3; +https://openai.com/gptbot)"
74.7.227.21 - - [16/Apr/2026:00:06:52 +0200] "GET /15-04-2008/ HTTP/1.1" 200 7045 "https://www.afish-ka.ru/18-04-2008/" "Mozilla/5.0 AppleWebKit/537.36 (KHTML, like Gecko; compatible; GPTBot/1.3; +https://openai.com/gptbot)"
74.7.227.21 - - [16/Apr/2026:00:06:52 +0200] "GET /19-04-2008/ HTTP/1.1" 200 6813 "https://www.afish-ka.ru/18-04-2008/" "Mozilla/5.0 AppleWebKit/537.36 (KHTML, like Gecko; compatible; GPTBot/1.3; +https://openai.com/gptbot)"
74.7.227.21 - - [16/Apr/2026:00:06:53 +0200] "GET /images/s/actions/341_5.jpg HTTP/1.1" 200 7870 "https://www.afish-ka.ru/cinema/films/341/" "Mozilla/5.0 AppleWebKit/537.36 (KHTML, like Gecko; compatible; GPTBot/1.3; +https://openai.com/gptbot)"
74.7.227.21 - - [16/Apr/2026:00:06:53 +0200] "GET /images/b/actions/341_5.jpg HTTP/1.1" 200 116090 "https://www.afish-ka.ru/cinema/films/341/" "Mozilla/5.0 AppleWebKit/537.36 (KHTML, like Gecko; compatible; GPTBot/1.3; +https://openai.com/gptbot)"
74.7.227.21 - - [16/Apr/2026:00:06:54 +0200] "GET /images/s/actions/341_2.jpg HTTP/1.1" 200 6310 "https://www.afish-ka.ru/cinema/films/341/" "Mozilla/5.0 AppleWebKit/537.36 (KHTML, like Gecko; compatible; GPTBot/1.3; +https://openai.com/gptbot)"
74.7.227.21 - - [16/Apr/2026:00:06:55 +0200] "GET /images/b/actions/341_4.jpg HTTP/1.1" 200 74765 "https://www.afish-ka.ru/cinema/films/341/" "Mozilla/5.0 AppleWebKit/537.36 (KHTML, like Gecko; compatible; GPTBot/1.3; +https://openai.com/gptbot)"
216.244.66.228 - - [16/Apr/2026:00:06:54 +0200] "GET /cinema/films/4080/ HTTP/1.1" 200 24848 "-" "Mozilla/5.0 (compatible; DotBot/1.2; +https://opensiteexplorer.org/dotbot; help@moz.com)"
74.7.227.21 - - [16/Apr/2026:00:06:55 +0200] "GET /images/b/actions/341_1.jpg HTTP/1.1" 200 68369 "https://www.afish-ka.ru/cinema/films/341/" "Mozilla/5.0 AppleWebKit/537.36 (KHTML, like Gecko; compatible; GPTBot/1.3; +https://openai.com/gptbot)"
74.7.227.21 - - [16/Apr/2026:00:06:56 +0200] "GET /images/b/actions/341_2.jpg HTTP/1.1" 200 53109 "https://www.afish-ka.ru/cinema/films/341/" "Mozilla/5.0 AppleWebKit/537.36 (KHTML, like Gecko; compatible; GPTBot/1.3; +https://openai.com/gptbot)"
74.7.227.21 - - [16/Apr/2026:00:06:56 +0200] "GET /images/b/actions/341_3.jpg HTTP/1.1" 200 60551 "https://www.afish-ka.ru/cinema/films/341/" "Mozilla/5.0 AppleWebKit/537.36 (KHTML, like Gecko; compatible; GPTBot/1.3; +https://openai.com/gptbot)"
74.7.227.21 - - [16/Apr/2026:00:06:57 +0200] "GET /images/s/actions/341_3.jpg HTTP/1.1" 200 7032 "https://www.afish-ka.ru/cinema/films/341/" "Mozilla/5.0 AppleWebKit/537.36 (KHTML, like Gecko; compatible; GPTBot/1.3; +https://openai.com/gptbot)"
92.222.104.214 - - [16/Apr/2026:00:06:56 +0200] "GET /cinema/films/2302/ HTTP/1.1" 200 10360 "-" "Mozilla/5.0 (compatible; AhrefsBot/7.0; +http://ahrefs.com/robot/)"
74.7.227.21 - - [16/Apr/2026:00:06:57 +0200] "GET /images/s/actions/341_4.jpg HTTP/1.1" 200 7084 "https://www.afish-ka.ru/cinema/films/341/" "Mozilla/5.0 AppleWebKit/537.36 (KHTML, like Gecko; compatible; GPTBot/1.3; +https://openai.com/gptbot)"
