74.7.227.21 - - [16/Apr/2026:00:01:49 +0200] "GET /cinema/films/1279/ HTTP/1.1" 200 7247 "https://www.afish-ka.ru/20-12-2010/" "Mozilla/5.0 AppleWebKit/537.36 (KHTML, like Gecko; compatible; GPTBot/1.3; +https://openai.com/gptbot)"
74.7.227.21 - - [16/Apr/2026:00:01:49 +0200] "GET /cinema/films/1178/ HTTP/1.1" 200 6734 "https://www.afish-ka.ru/20-12-2010/" "Mozilla/5.0 AppleWebKit/537.36 (KHTML, like Gecko; compatible; GPTBot/1.3; +https://openai.com/gptbot)"
74.7.227.21 - - [16/Apr/2026:00:01:50 +0200] "GET /cinema/films/1251/ HTTP/1.1" 200 6450 "https://www.afish-ka.ru/20-12-2010/" "Mozilla/5.0 AppleWebKit/537.36 (KHTML, like Gecko; compatible; GPTBot/1.3; +https://openai.com/gptbot)"
74.7.227.21 - - [16/Apr/2026:00:01:51 +0200] "GET /11-05-2012/ HTTP/1.1" 200 8744 "https://www.afish-ka.ru/08-05-2012/" "Mozilla/5.0 AppleWebKit/537.36 (KHTML, like Gecko; compatible; GPTBot/1.3; +https://openai.com/gptbot)"
74.7.227.21 - - [16/Apr/2026:00:01:52 +0200] "GET /28-02-2011/ HTTP/1.1" 200 8530 "https://www.afish-ka.ru/14-02-2011/" "Mozilla/5.0 AppleWebKit/537.36 (KHTML, like Gecko; compatible; GPTBot/1.3; +https://openai.com/gptbot)"
74.7.227.21 - - [16/Apr/2026:00:01:53 +0200] "GET /images/b/actions/2322_1.jpg HTTP/1.1" 200 30230 "https://www.afish-ka.ru/cafe/actions/2322/" "Mozilla/5.0 AppleWebKit/537.36 (KHTML, like Gecko; compatible; GPTBot/1.3; +https://openai.com/gptbot)"
74.7.227.21 - - [16/Apr/2026:00:01:53 +0200] "GET /images/b/posters/2322.jpg HTTP/1.1" 200 61817 "https://www.afish-ka.ru/cafe/actions/2322/" "Mozilla/5.0 AppleWebKit/537.36 (KHTML, like Gecko; compatible; GPTBot/1.3; +https://openai.com/gptbot)"
74.7.227.21 - - [16/Apr/2026:00:01:54 +0200] "GET /images/s/posters/2322.jpg HTTP/1.1" 200 9917 "https://www.afish-ka.ru/cafe/actions/2322/" "Mozilla/5.0 AppleWebKit/537.36 (KHTML, like Gecko; compatible; GPTBot/1.3; +https://openai.com/gptbot)"
74.7.227.21 - - [16/Apr/2026:00:01:55 +0200] "GET /images/s/actions/879_1.jpg HTTP/1.1" 200 6703 "https://www.afish-ka.ru/14-02-2010/" "Mozilla/5.0 AppleWebKit/537.36 (KHTML, like Gecko; compatible; GPTBot/1.3; +https://openai.com/gptbot)"
74.7.227.21 - - [16/Apr/2026:00:01:55 +0200] "GET /cinema/films/5114/ HTTP/1.1" 200 7623 "https://www.afish-ka.ru/12-02-2019/" "Mozilla/5.0 AppleWebKit/537.36 (KHTML, like Gecko; compatible; GPTBot/1.3; +https://openai.com/gptbot)"
74.7.227.21 - - [16/Apr/2026:00:01:56 +0200] "GET /images/s/actions/1250_5.jpg HTTP/1.1" 200 7139 "https://www.afish-ka.ru/cinema/films/1250/" "Mozilla/5.0 AppleWebKit/537.36 (KHTML, like Gecko; compatible; GPTBot/1.3; +https://openai.com/gptbot)"
74.7.227.21 - - [16/Apr/2026:00:01:56 +0200] "GET /images/b/actions/1250_4.jpg HTTP/1.1" 200 53634 "https://www.afish-ka.ru/cinema/films/1250/" "Mozilla/5.0 AppleWebKit/537.36 (KHTML, like Gecko; compatible; GPTBot/1.3; +https://openai.com/gptbot)"
74.7.227.21 - - [16/Apr/2026:00:01:57 +0200] "GET /images/s/actions/1178_5.jpg HTTP/1.1" 200 6658 "https://www.afish-ka.ru/cinema/films/1178/" "Mozilla/5.0 AppleWebKit/537.36 (KHTML, like Gecko; compatible; GPTBot/1.3; +https://openai.com/gptbot)"
74.7.227.21 - - [16/Apr/2026:00:01:57 +0200] "GET /images/s/actions/1251_4.jpg HTTP/1.1" 200 6471 "https://www.afish-ka.ru/cinema/films/1251/" "Mozilla/5.0 AppleWebKit/537.36 (KHTML, like Gecko; compatible; GPTBot/1.3; +https://openai.com/gptbot)"
74.7.227.21 - - [16/Apr/2026:00:01:58 +0200] "GET /images/s/actions/1251_3.jpg HTTP/1.1" 200 5273 "https://www.afish-ka.ru/cinema/films/1251/" "Mozilla/5.0 AppleWebKit/537.36 (KHTML, like Gecko; compatible; GPTBot/1.3; +https://openai.com/gptbot)"
74.7.227.21 - - [16/Apr/2026:00:01:58 +0200] "GET /images/b/actions/1251_5.jpg HTTP/1.1" 200 42472 "https://www.afish-ka.ru/cinema/films/1251/" "Mozilla/5.0 AppleWebKit/537.36 (KHTML, like Gecko; compatible; GPTBot/1.3; +https://openai.com/gptbot)"
74.7.227.21 - - [16/Apr/2026:00:01:59 +0200] "GET /images/s/actions/1178_3.jpg HTTP/1.1" 200 5608 "https://www.afish-ka.ru/cinema/films/1178/" "Mozilla/5.0 AppleWebKit/537.36 (KHTML, like Gecko; compatible; GPTBot/1.3; +https://openai.com/gptbot)"
74.7.227.21 - - [16/Apr/2026:00:01:59 +0200] "GET /images/s/actions/1279_5.jpg HTTP/1.1" 200 6294 "https://www.afish-ka.ru/cinema/films/1279/" "Mozilla/5.0 AppleWebKit/537.36 (KHTML, like Gecko; compatible; GPTBot/1.3; +https://openai.com/gptbot)"
74.7.227.21 - - [16/Apr/2026:00:02:00 +0200] "GET /images/s/actions/1250_2.jpg HTTP/1.1" 200 7744 "https://www.afish-ka.ru/cinema/films/1250/" "Mozilla/5.0 AppleWebKit/537.36 (KHTML, like Gecko; compatible; GPTBot/1.3; +https://openai.com/gptbot)"
74.7.227.21 - - [16/Apr/2026:00:02:00 +0200] "GET /images/s/actions/1178_4.jpg HTTP/1.1" 200 6049 "https://www.afish-ka.ru/cinema/films/1178/" "Mozilla/5.0 AppleWebKit/537.36 (KHTML, like Gecko; compatible; GPTBot/1.3; +https://openai.com/gptbot)"
74.7.227.21 - - [16/Apr/2026:00:02:01 +0200] "GET /images/b/actions/1251_1.jpg HTTP/1.1" 200 52687 "https://www.afish-ka.ru/cinema/films/1251/" "Mozilla/5.0 AppleWebKit/537.36 (KHTML, like Gecko; compatible; GPTBot/1.3; +https://openai.com/gptbot)"
74.7.227.21 - - [16/Apr/2026:00:02:01 +0200] "GET /images/s/actions/5114_2.jpg HTTP/1.1" 200 6527 "https://www.afish-ka.ru/cinema/films/5114/" "Mozilla/5.0 AppleWebKit/537.36 (KHTML, like Gecko; compatible; GPTBot/1.3; +https://openai.com/gptbot)"
74.7.227.21 - - [16/Apr/2026:00:02:02 +0200] "GET /images/s/actions/5114_3.jpg HTTP/1.1" 200 7113 "https://www.afish-ka.ru/cinema/films/5114/" "Mozilla/5.0 AppleWebKit/537.36 (KHTML, like Gecko; compatible; GPTBot/1.3; +https://openai.com/gptbot)"
74.7.227.21 - - [16/Apr/2026:00:02:02 +0200] "GET /images/b/actions/5114_4.jpg HTTP/1.1" 200 81439 "https://www.afish-ka.ru/cinema/films/5114/" "Mozilla/5.0 AppleWebKit/537.36 (KHTML, like Gecko; compatible; GPTBot/1.3; +https://openai.com/gptbot)"
74.7.227.21 - - [16/Apr/2026:00:02:03 +0200] "GET /images/b/actions/1250_3.jpg HTTP/1.1" 200 40665 "https://www.afish-ka.ru/cinema/films/1250/" "Mozilla/5.0 AppleWebKit/537.36 (KHTML, like Gecko; compatible; GPTBot/1.3; +https://openai.com/gptbot)"
74.7.227.21 - - [16/Apr/2026:00:02:04 +0200] "GET /images/s/actions/1279_4.jpg HTTP/1.1" 200 8029 "https://www.afish-ka.ru/cinema/films/1279/" "Mozilla/5.0 AppleWebKit/537.36 (KHTML, like Gecko; compatible; GPTBot/1.3; +https://openai.com/gptbot)"
74.7.227.21 - - [16/Apr/2026:00:02:04 +0200] "GET /images/b/actions/1178_1.jpg HTTP/1.1" 200 39263 "https://www.afish-ka.ru/cinema/films/1178/" "Mozilla/5.0 AppleWebKit/537.36 (KHTML, like Gecko; compatible; GPTBot/1.3; +https://openai.com/gptbot)"
74.7.227.21 - - [16/Apr/2026:00:02:05 +0200] "GET /images/b/actions/1250_5.jpg HTTP/1.1" 200 40220 "https://www.afish-ka.ru/cinema/films/1250/" "Mozilla/5.0 AppleWebKit/537.36 (KHTML, like Gecko; compatible; GPTBot/1.3; +https://openai.com/gptbot)"
74.7.227.21 - - [16/Apr/2026:00:02:05 +0200] "GET /images/b/actions/1178_2.jpg HTTP/1.1" 200 32256 "https://www.afish-ka.ru/cinema/films/1178/" "Mozilla/5.0 AppleWebKit/537.36 (KHTML, like Gecko; compatible; GPTBot/1.3; +https://openai.com/gptbot)"
74.7.227.21 - - [16/Apr/2026:00:02:06 +0200] "GET /images/s/actions/1178_2.jpg HTTP/1.1" 200 5660 "https://www.afish-ka.ru/cinema/films/1178/" "Mozilla/5.0 AppleWebKit/537.36 (KHTML, like Gecko; compatible; GPTBot/1.3; +https://openai.com/gptbot)"
74.7.227.21 - - [16/Apr/2026:00:02:06 +0200] "GET /images/s/actions/1279_3.jpg HTTP/1.1" 200 6540 "https://www.afish-ka.ru/cinema/films/1279/" "Mozilla/5.0 AppleWebKit/537.36 (KHTML, like Gecko; compatible; GPTBot/1.3; +https://openai.com/gptbot)"
74.7.227.21 - - [16/Apr/2026:00:02:07 +0200] "GET /images/b/actions/1251_2.jpg HTTP/1.1" 200 32434 "https://www.afish-ka.ru/cinema/films/1251/" "Mozilla/5.0 AppleWebKit/537.36 (KHTML, like Gecko; compatible; GPTBot/1.3; +https://openai.com/gptbot)"
74.7.227.21 - - [16/Apr/2026:00:02:07 +0200] "GET /images/b/actions/1178_3.jpg HTTP/1.1" 200 30591 "https://www.afish-ka.ru/cinema/films/1178/" "Mozilla/5.0 AppleWebKit/537.36 (KHTML, like Gecko; compatible; GPTBot/1.3; +https://openai.com/gptbot)"
74.7.227.21 - - [16/Apr/2026:00:02:08 +0200] "GET /images/b/actions/1279_3.jpg HTTP/1.1" 200 38177 "https://www.afish-ka.ru/cinema/films/1279/" "Mozilla/5.0 AppleWebKit/537.36 (KHTML, like Gecko; compatible; GPTBot/1.3; +https://openai.com/gptbot)"
74.7.227.21 - - [16/Apr/2026:00:02:08 +0200] "GET /images/b/actions/1279_1.jpg HTTP/1.1" 200 32679 "https://www.afish-ka.ru/cinema/films/1279/" "Mozilla/5.0 AppleWebKit/537.36 (KHTML, like Gecko; compatible; GPTBot/1.3; +https://openai.com/gptbot)"
74.7.227.21 - - [16/Apr/2026:00:02:09 +0200] "GET /images/b/actions/1250_2.jpg HTTP/1.1" 200 48694 "https://www.afish-ka.ru/cinema/films/1250/" "Mozilla/5.0 AppleWebKit/537.36 (KHTML, like Gecko; compatible; GPTBot/1.3; +https://openai.com/gptbot)"
74.7.227.21 - - [16/Apr/2026:00:02:09 +0200] "GET /images/b/actions/1279_2.jpg HTTP/1.1" 200 49746 "https://www.afish-ka.ru/cinema/films/1279/" "Mozilla/5.0 AppleWebKit/537.36 (KHTML, like Gecko; compatible; GPTBot/1.3; +https://openai.com/gptbot)"
74.7.227.21 - - [16/Apr/2026:00:02:10 +0200] "GET /images/b/actions/5114_2.jpg HTTP/1.1" 200 96237 "https://www.afish-ka.ru/cinema/films/5114/" "Mozilla/5.0 AppleWebKit/537.36 (KHTML, like Gecko; compatible; GPTBot/1.3; +https://openai.com/gptbot)"
74.7.227.21 - - [16/Apr/2026:00:02:10 +0200] "GET /images/b/actions/5114_3.jpg HTTP/1.1" 200 73752 "https://www.afish-ka.ru/cinema/films/5114/" "Mozilla/5.0 AppleWebKit/537.36 (KHTML, like Gecko; compatible; GPTBot/1.3; +https://openai.com/gptbot)"
74.7.227.21 - - [16/Apr/2026:00:02:11 +0200] "GET /images/s/actions/1250_4.jpg HTTP/1.1" 200 8376 "https://www.afish-ka.ru/cinema/films/1250/" "Mozilla/5.0 AppleWebKit/537.36 (KHTML, like Gecko; compatible; GPTBot/1.3; +https://openai.com/gptbot)"
74.7.227.21 - - [16/Apr/2026:00:02:11 +0200] "GET /images/b/actions/1251_4.jpg HTTP/1.1" 200 31238 "https://www.afish-ka.ru/cinema/films/1251/" "Mozilla/5.0 AppleWebKit/537.36 (KHTML, like Gecko; compatible; GPTBot/1.3; +https://openai.com/gptbot)"
74.7.227.21 - - [16/Apr/2026:00:02:12 +0200] "GET /images/b/actions/1178_5.jpg HTTP/1.1" 200 50303 "https://www.afish-ka.ru/cinema/films/1178/" "Mozilla/5.0 AppleWebKit/537.36 (KHTML, like Gecko; compatible; GPTBot/1.3; +https://openai.com/gptbot)"
74.7.227.21 - - [16/Apr/2026:00:02:12 +0200] "GET /images/b/actions/5114_1.jpg HTTP/1.1" 200 54400 "https://www.afish-ka.ru/cinema/films/5114/" "Mozilla/5.0 AppleWebKit/537.36 (KHTML, like Gecko; compatible; GPTBot/1.3; +https://openai.com/gptbot)"
74.7.227.21 - - [16/Apr/2026:00:02:13 +0200] "GET /images/b/actions/1178_4.jpg HTTP/1.1" 200 29692 "https://www.afish-ka.ru/cinema/films/1178/" "Mozilla/5.0 AppleWebKit/537.36 (KHTML, like Gecko; compatible; GPTBot/1.3; +https://openai.com/gptbot)"
74.7.227.21 - - [16/Apr/2026:00:02:13 +0200] "GET /images/s/actions/1279_2.jpg HTTP/1.1" 200 7477 "https://www.afish-ka.ru/cinema/films/1279/" "Mozilla/5.0 AppleWebKit/537.36 (KHTML, like Gecko; compatible; GPTBot/1.3; +https://openai.com/gptbot)"
47.128.117.248 - - [16/Apr/2026:00:02:13 +0200] "GET /12-02-2026/ HTTP/1.1" 200 9657 "-" "Mozilla/5.0 (Linux; Android 5.0) AppleWebKit/537.36 (KHTML, like Gecko) Mobile Safari/537.36 (compatible; TikTokSpider; ttspider-feedback@tiktok.com)"
74.7.227.21 - - [16/Apr/2026:00:02:14 +0200] "GET /images/b/actions/1279_5.jpg HTTP/1.1" 200 38751 "https://www.afish-ka.ru/cinema/films/1279/" "Mozilla/5.0 AppleWebKit/537.36 (KHTML, like Gecko; compatible; GPTBot/1.3; +https://openai.com/gptbot)"
74.7.227.21 - - [16/Apr/2026:00:02:14 +0200] "GET /images/b/actions/1251_3.jpg HTTP/1.1" 200 30295 "https://www.afish-ka.ru/cinema/films/1251/" "Mozilla/5.0 AppleWebKit/537.36 (KHTML, like Gecko; compatible; GPTBot/1.3; +https://openai.com/gptbot)"
74.7.227.21 - - [16/Apr/2026:00:02:15 +0200] "GET /images/s/actions/1250_3.jpg HTTP/1.1" 200 6271 "https://www.afish-ka.ru/cinema/films/1250/" "Mozilla/5.0 AppleWebKit/537.36 (KHTML, like Gecko; compatible; GPTBot/1.3; +https://openai.com/gptbot)"
74.7.227.21 - - [16/Apr/2026:00:02:16 +0200] "GET /images/b/actions/1250_1.jpg HTTP/1.1" 200 51037 "https://www.afish-ka.ru/cinema/films/1250/" "Mozilla/5.0 AppleWebKit/537.36 (KHTML, like Gecko; compatible; GPTBot/1.3; +https://openai.com/gptbot)"
74.7.227.21 - - [16/Apr/2026:00:02:16 +0200] "GET /images/s/actions/5114_4.jpg HTTP/1.1" 200 6567 "https://www.afish-ka.ru/cinema/films/5114/" "Mozilla/5.0 AppleWebKit/537.36 (KHTML, like Gecko; compatible; GPTBot/1.3; +https://openai.com/gptbot)"
74.7.227.21 - - [16/Apr/2026:00:02:17 +0200] "GET /images/s/actions/1251_2.jpg HTTP/1.1" 200 6643 "https://www.afish-ka.ru/cinema/films/1251/" "Mozilla/5.0 AppleWebKit/537.36 (KHTML, like Gecko; compatible; GPTBot/1.3; +https://openai.com/gptbot)"
74.7.227.21 - - [16/Apr/2026:00:02:17 +0200] "GET /images/s/actions/1251_5.jpg HTTP/1.1" 200 7695 "https://www.afish-ka.ru/cinema/films/1251/" "Mozilla/5.0 AppleWebKit/537.36 (KHTML, like Gecko; compatible; GPTBot/1.3; +https://openai.com/gptbot)"
74.7.227.21 - - [16/Apr/2026:00:02:18 +0200] "GET /images/s/posters/1251.jpg HTTP/1.1" 200 10849 "https://www.afish-ka.ru/cinema/films/1251/" "Mozilla/5.0 AppleWebKit/537.36 (KHTML, like Gecko; compatible; GPTBot/1.3; +https://openai.com/gptbot)"
74.7.227.21 - - [16/Apr/2026:00:02:18 +0200] "GET /images/b/posters/1279.jpg HTTP/1.1" 200 92056 "https://www.afish-ka.ru/cinema/films/1279/" "Mozilla/5.0 AppleWebKit/537.36 (KHTML, like Gecko; compatible; GPTBot/1.3; +https://openai.com/gptbot)"
74.7.227.21 - - [16/Apr/2026:00:02:19 +0200] "GET /images/s/posters/1279.jpg HTTP/1.1" 200 9317 "https://www.afish-ka.ru/cinema/films/1279/" "Mozilla/5.0 AppleWebKit/537.36 (KHTML, like Gecko; compatible; GPTBot/1.3; +https://openai.com/gptbot)"
74.7.227.21 - - [16/Apr/2026:00:02:19 +0200] "GET /images/b/posters/1178.jpg HTTP/1.1" 200 73208 "https://www.afish-ka.ru/cinema/films/1178/" "Mozilla/5.0 AppleWebKit/537.36 (KHTML, like Gecko; compatible; GPTBot/1.3; +https://openai.com/gptbot)"
74.7.227.21 - - [16/Apr/2026:00:02:20 +0200] "GET /images/b/posters/1251.jpg HTTP/1.1" 200 100426 "https://www.afish-ka.ru/cinema/films/1251/" "Mozilla/5.0 AppleWebKit/537.36 (KHTML, like Gecko; compatible; GPTBot/1.3; +https://openai.com/gptbot)"
74.7.227.21 - - [16/Apr/2026:00:02:20 +0200] "GET /images/s/posters/1178.jpg HTTP/1.1" 200 6771 "https://www.afish-ka.ru/cinema/films/1178/" "Mozilla/5.0 AppleWebKit/537.36 (KHTML, like Gecko; compatible; GPTBot/1.3; +https://openai.com/gptbot)"
74.7.227.21 - - [16/Apr/2026:00:02:21 +0200] "GET /images/b/posters/1250.jpg HTTP/1.1" 200 131570 "https://www.afish-ka.ru/cinema/films/1250/" "Mozilla/5.0 AppleWebKit/537.36 (KHTML, like Gecko; compatible; GPTBot/1.3; +https://openai.com/gptbot)"
74.7.227.21 - - [16/Apr/2026:00:02:22 +0200] "GET /images/s/posters/1250.jpg HTTP/1.1" 200 15291 "https://www.afish-ka.ru/cinema/films/1250/" "Mozilla/5.0 AppleWebKit/537.36 (KHTML, like Gecko; compatible; GPTBot/1.3; +https://openai.com/gptbot)"
74.7.227.21 - - [16/Apr/2026:00:02:22 +0200] "GET /theater/actions/2016/ HTTP/1.1" 200 6923 "https://www.afish-ka.ru/11-05-2012/" "Mozilla/5.0 AppleWebKit/537.36 (KHTML, like Gecko; compatible; GPTBot/1.3; +https://openai.com/gptbot)"
185.191.171.4 - - [16/Apr/2026:00:02:22 +0200] "GET /26-01-2015/ HTTP/1.1" 200 13631 "-" "Mozilla/5.0 (compatible; SemrushBot/7~bl; +http://www.semrush.com/bot.html)"
74.7.227.21 - - [16/Apr/2026:00:02:22 +0200] "GET /29-01-2010/ HTTP/1.1" 200 7468 "https://www.afish-ka.ru/14-02-2010/" "Mozilla/5.0 AppleWebKit/537.36 (KHTML, like Gecko; compatible; GPTBot/1.3; +https://openai.com/gptbot)"
74.7.227.21 - - [16/Apr/2026:00:02:23 +0200] "GET /31-01-2010/ HTTP/1.1" 200 7349 "https://www.afish-ka.ru/14-02-2010/" "Mozilla/5.0 AppleWebKit/537.36 (KHTML, like Gecko; compatible; GPTBot/1.3; +https://openai.com/gptbot)"
74.7.227.21 - - [16/Apr/2026:00:02:24 +0200] "GET /30-11-2012/ HTTP/1.1" 200 9441 "https://www.afish-ka.ru/04-01-2013/" "Mozilla/5.0 AppleWebKit/537.36 (KHTML, like Gecko; compatible; GPTBot/1.3; +https://openai.com/gptbot)"
74.7.227.21 - - [16/Apr/2026:00:02:24 +0200] "GET /02-11-2017/ HTTP/1.1" 200 10585 "https://www.afish-ka.ru/25-10-2017/" "Mozilla/5.0 AppleWebKit/537.36 (KHTML, like Gecko; compatible; GPTBot/1.3; +https://openai.com/gptbot)"
74.7.227.21 - - [16/Apr/2026:00:02:26 +0200] "GET /12-02-2018/ HTTP/1.1" 200 10835 "https://www.afish-ka.ru/03-02-2018/" "Mozilla/5.0 AppleWebKit/537.36 (KHTML, like Gecko; compatible; GPTBot/1.3; +https://openai.com/gptbot)"
74.7.227.21 - - [16/Apr/2026:00:02:26 +0200] "GET /26-01-2020/ HTTP/1.1" 200 9211 "https://www.afish-ka.ru/05-02-2020/" "Mozilla/5.0 AppleWebKit/537.36 (KHTML, like Gecko; compatible; GPTBot/1.3; +https://openai.com/gptbot)"
27.106.115.67 - - [16/Apr/2026:00:02:26 +0200] "GET /theater/actions/636/theater/actions/636/ HTTP/1.1" 200 6221 "-" "Mozilla/5.0 (Windows NT 10.0; Win64; x64) AppleWebKit/537.36 (KHTML, like Gecko) Chrome/143.0.0.0 Safari/537.36"
74.7.227.21 - - [16/Apr/2026:00:02:27 +0200] "GET /27-07-2010/ HTTP/1.1" 200 7716 "https://www.afish-ka.ru/31-08-2010/" "Mozilla/5.0 AppleWebKit/537.36 (KHTML, like Gecko; compatible; GPTBot/1.3; +https://openai.com/gptbot)"
74.7.227.21 - - [16/Apr/2026:00:02:27 +0200] "GET /13-10-2012/ HTTP/1.1" 200 9439 "https://www.afish-ka.ru/27-09-2012/" "Mozilla/5.0 AppleWebKit/537.36 (KHTML, like Gecko; compatible; GPTBot/1.3; +https://openai.com/gptbot)"
74.7.227.21 - - [16/Apr/2026:00:02:28 +0200] "GET /20-11-2015/ HTTP/1.1" 200 10203 "https://www.afish-ka.ru/23-11-2015/" "Mozilla/5.0 AppleWebKit/537.36 (KHTML, like Gecko; compatible; GPTBot/1.3; +https://openai.com/gptbot)"
66.249.66.69 - - [16/Apr/2026:00:02:28 +0200] "GET /ads.txt HTTP/1.1" 301 582 "-" "Mozilla/5.0 (compatible; Googlebot/2.1; +http://www.google.com/bot.html)"
74.7.227.21 - - [16/Apr/2026:00:02:28 +0200] "GET /09-11-2010/ HTTP/1.1" 200 8495 "https://www.afish-ka.ru/28-10-2010/" "Mozilla/5.0 AppleWebKit/537.36 (KHTML, like Gecko; compatible; GPTBot/1.3; +https://openai.com/gptbot)"
66.249.66.43 - - [16/Apr/2026:00:02:29 +0200] "GET /ads.txt HTTP/1.1" 404 371 "-" "Mozilla/5.0 (compatible; Googlebot/2.1; +http://www.google.com/bot.html)"
74.7.227.21 - - [16/Apr/2026:00:02:29 +0200] "GET /13-11-2018/ HTTP/1.1" 200 12014 "https://www.afish-ka.ru/06-11-2018/" "Mozilla/5.0 AppleWebKit/537.36 (KHTML, like Gecko; compatible; GPTBot/1.3; +https://openai.com/gptbot)"
74.7.227.21 - - [16/Apr/2026:00:02:29 +0200] "GET /21-01-2010/ HTTP/1.1" 200 7555 "https://www.afish-ka.ru/29-01-2010/" "Mozilla/5.0 AppleWebKit/537.36 (KHTML, like Gecko; compatible; GPTBot/1.3; +https://openai.com/gptbot)"
66.249.66.67 - - [16/Apr/2026:00:02:30 +0200] "GET /robots.txt HTTP/1.1" 301 4379 "-" "Mozilla/5.0 (compatible; Googlebot/2.1; +http://www.google.com/bot.html)"
66.249.66.33 - - [16/Apr/2026:00:02:30 +0200] "GET /19-08-2006/ HTTP/1.1" 200 10756 "-" "Mozilla/5.0 (Linux; Android 6.0.1; Nexus 5X Build/MMB29P) AppleWebKit/537.36 (KHTML, like Gecko) Chrome/146.0.7680.177 Mobile Safari/537.36 (compatible; Googlebot/2.1; +http://www.google.com/bot.html)"
74.7.227.21 - - [16/Apr/2026:00:02:30 +0200] "GET /27-12-2009/ HTTP/1.1" 200 7918 "https://www.afish-ka.ru/31-01-2010/" "Mozilla/5.0 AppleWebKit/537.36 (KHTML, like Gecko; compatible; GPTBot/1.3; +https://openai.com/gptbot)"
66.249.66.44 - - [16/Apr/2026:00:02:31 +0200] "GET /robots.txt HTTP/1.1" 200 476 "-" "Mozilla/5.0 (compatible; Googlebot/2.1; +http://www.google.com/bot.html)"
66.249.66.68 - - [16/Apr/2026:00:02:31 +0200] "GET /ads.txt HTTP/1.1" 301 4373 "-" "Mozilla/5.0 (compatible; Googlebot/2.1; +http://www.google.com/bot.html)"
74.7.227.21 - - [16/Apr/2026:00:02:31 +0200] "GET /cafe/actions/2298/ HTTP/1.1" 200 6915 "https://www.afish-ka.ru/30-11-2012/" "Mozilla/5.0 AppleWebKit/537.36 (KHTML, like Gecko; compatible; GPTBot/1.3; +https://openai.com/gptbot)"
74.7.227.21 - - [16/Apr/2026:00:02:31 +0200] "GET /22-01-2010/ HTTP/1.1" 200 7538 "https://www.afish-ka.ru/29-01-2010/" "Mozilla/5.0 AppleWebKit/537.36 (KHTML, like Gecko; compatible; GPTBot/1.3; +https://openai.com/gptbot)"
74.7.227.21 - - [16/Apr/2026:00:02:32 +0200] "GET /14-01-2010/ HTTP/1.1" 200 7855 "https://www.afish-ka.ru/29-01-2010/" "Mozilla/5.0 AppleWebKit/537.36 (KHTML, like Gecko; compatible; GPTBot/1.3; +https://openai.com/gptbot)"
1.43.85.102 - - [16/Apr/2026:00:02:33 +0200] "GET /cinema/films/329/opinions/ HTTP/1.1" 200 9347 "-" "Mozilla/5.0 (Macintosh; Intel Mac OS X 12_7_3) AppleWebKit/537.36 (KHTML, like Gecko) Chrome/132.0.6834.83 Safari/537.36"
74.7.227.21 - - [16/Apr/2026:00:02:33 +0200] "GET /cinema/films/5574/ HTTP/1.1" 200 6650 "https://www.afish-ka.ru/26-01-2020/" "Mozilla/5.0 AppleWebKit/537.36 (KHTML, like Gecko; compatible; GPTBot/1.3; +https://openai.com/gptbot)"
74.7.227.21 - - [16/Apr/2026:00:02:33 +0200] "GET /cinema/films/5575/ HTTP/1.1" 200 6676 "https://www.afish-ka.ru/26-01-2020/" "Mozilla/5.0 AppleWebKit/537.36 (KHTML, like Gecko; compatible; GPTBot/1.3; +https://openai.com/gptbot)"
74.7.227.21 - - [16/Apr/2026:00:02:34 +0200] "GET /cinema/films/2314/ HTTP/1.1" 200 6780 "https://www.afish-ka.ru/13-10-2012/" "Mozilla/5.0 AppleWebKit/537.36 (KHTML, like Gecko; compatible; GPTBot/1.3; +https://openai.com/gptbot)"
74.7.227.21 - - [16/Apr/2026:00:02:35 +0200] "GET /images/s/actions/3709_1.jpg HTTP/1.1" 200 6974 "https://www.afish-ka.ru/20-11-2015/" "Mozilla/5.0 AppleWebKit/537.36 (KHTML, like Gecko; compatible; GPTBot/1.3; +https://openai.com/gptbot)"
66.249.66.32 - - [16/Apr/2026:00:02:35 +0200] "GET /concert_hall/actions/2629/opinions/add/ HTTP/1.1" 200 9554 "-" "Mozilla/5.0 (Linux; Android 6.0.1; Nexus 5X Build/MMB29P) AppleWebKit/537.36 (KHTML, like Gecko) Chrome/146.0.7680.177 Mobile Safari/537.36 (compatible; Googlebot/2.1; +http://www.google.com/bot.html)"
74.7.227.21 - - [16/Apr/2026:00:02:35 +0200] "GET /cinema/films/2315/ HTTP/1.1" 200 6621 "https://www.afish-ka.ru/13-10-2012/" "Mozilla/5.0 AppleWebKit/537.36 (KHTML, like Gecko; compatible; GPTBot/1.3; +https://openai.com/gptbot)"
74.7.227.21 - - [16/Apr/2026:00:02:36 +0200] "GET /images/s/actions/5080_1.jpg HTTP/1.1" 200 7673 "https://www.afish-ka.ru/13-11-2018/" "Mozilla/5.0 AppleWebKit/537.36 (KHTML, like Gecko; compatible; GPTBot/1.3; +https://openai.com/gptbot)"
74.7.227.21 - - [16/Apr/2026:00:02:36 +0200] "GET /cinema/films/855/opinions/add/ HTTP/1.1" 200 5769 "https://www.afish-ka.ru/21-01-2010/" "Mozilla/5.0 AppleWebKit/537.36 (KHTML, like Gecko; compatible; GPTBot/1.3; +https://openai.com/gptbot)"
74.7.227.21 - - [16/Apr/2026:00:02:37 +0200] "GET /images/s/actions/5161_1.jpg HTTP/1.1" 200 6502 "https://www.afish-ka.ru/13-11-2018/" "Mozilla/5.0 AppleWebKit/537.36 (KHTML, like Gecko; compatible; GPTBot/1.3; +https://openai.com/gptbot)"
74.7.227.21 - - [16/Apr/2026:00:02:37 +0200] "GET /08-12-2009/ HTTP/1.1" 200 8483 "https://www.afish-ka.ru/27-12-2009/" "Mozilla/5.0 AppleWebKit/537.36 (KHTML, like Gecko; compatible; GPTBot/1.3; +https://openai.com/gptbot)"
5.39.109.165 - - [16/Apr/2026:00:02:38 +0200] "GET /07-04-2026/ HTTP/1.1" 200 9606 "-" "Mozilla/5.0 (compatible; AhrefsBot/7.0; +http://ahrefs.com/robot/)"
74.7.227.21 - - [16/Apr/2026:00:02:38 +0200] "GET /15-12-2009/ HTTP/1.1" 200 7612 "https://www.afish-ka.ru/27-12-2009/" "Mozilla/5.0 AppleWebKit/537.36 (KHTML, like Gecko; compatible; GPTBot/1.3; +https://openai.com/gptbot)"
74.7.227.21 - - [16/Apr/2026:00:02:39 +0200] "GET /24-12-2009/ HTTP/1.1" 200 7795 "https://www.afish-ka.ru/27-12-2009/" "Mozilla/5.0 AppleWebKit/537.36 (KHTML, like Gecko; compatible; GPTBot/1.3; +https://openai.com/gptbot)"
74.7.227.21 - - [16/Apr/2026:00:02:39 +0200] "GET /images/s/actions/5574_2.jpg HTTP/1.1" 200 4820 "https://www.afish-ka.ru/cinema/films/5574/" "Mozilla/5.0 AppleWebKit/537.36 (KHTML, like Gecko; compatible; GPTBot/1.3; +https://openai.com/gptbot)"
74.7.227.21 - - [16/Apr/2026:00:02:40 +0200] "GET /images/b/actions/5574_2.jpg HTTP/1.1" 200 38846 "https://www.afish-ka.ru/cinema/films/5574/" "Mozilla/5.0 AppleWebKit/537.36 (KHTML, like Gecko; compatible; GPTBot/1.3; +https://openai.com/gptbot)"
52.167.144.166 - - [16/Apr/2026:00:02:40 +0200] "GET /night_club/49/opinions/ HTTP/1.1" 200 21307 "-" "Mozilla/5.0 AppleWebKit/537.36 (KHTML, like Gecko; compatible; bingbot/2.0; +http://www.bing.com/bingbot.htm) Chrome/116.0.1938.76 Safari/537.36"
74.7.227.21 - - [16/Apr/2026:00:02:40 +0200] "GET /images/b/actions/5575_1.jpg HTTP/1.1" 200 46649 "https://www.afish-ka.ru/cinema/films/5575/" "Mozilla/5.0 AppleWebKit/537.36 (KHTML, like Gecko; compatible; GPTBot/1.3; +https://openai.com/gptbot)"
74.7.227.21 - - [16/Apr/2026:00:02:41 +0200] "GET /images/b/actions/5574_4.jpg HTTP/1.1" 200 32914 "https://www.afish-ka.ru/cinema/films/5574/" "Mozilla/5.0 AppleWebKit/537.36 (KHTML, like Gecko; compatible; GPTBot/1.3; +https://openai.com/gptbot)"
74.7.227.21 - - [16/Apr/2026:00:02:41 +0200] "GET /images/s/actions/5574_3.jpg HTTP/1.1" 200 6284 "https://www.afish-ka.ru/cinema/films/5574/" "Mozilla/5.0 AppleWebKit/537.36 (KHTML, like Gecko; compatible; GPTBot/1.3; +https://openai.com/gptbot)"
74.7.227.21 - - [16/Apr/2026:00:02:42 +0200] "GET /images/s/actions/2314_4.jpg HTTP/1.1" 200 7957 "https://www.afish-ka.ru/cinema/films/2314/" "Mozilla/5.0 AppleWebKit/537.36 (KHTML, like Gecko; compatible; GPTBot/1.3; +https://openai.com/gptbot)"
74.7.227.21 - - [16/Apr/2026:00:02:42 +0200] "GET /images/b/actions/2314_3.jpg HTTP/1.1" 200 10487 "https://www.afish-ka.ru/cinema/films/2314/" "Mozilla/5.0 AppleWebKit/537.36 (KHTML, like Gecko; compatible; GPTBot/1.3; +https://openai.com/gptbot)"
74.7.227.21 - - [16/Apr/2026:00:02:43 +0200] "GET /images/b/actions/2314_1.jpg HTTP/1.1" 200 15709 "https://www.afish-ka.ru/cinema/films/2314/" "Mozilla/5.0 AppleWebKit/537.36 (KHTML, like Gecko; compatible; GPTBot/1.3; +https://openai.com/gptbot)"
74.7.227.21 - - [16/Apr/2026:00:02:43 +0200] "GET /images/b/actions/5574_3.jpg HTTP/1.1" 200 54510 "https://www.afish-ka.ru/cinema/films/5574/" "Mozilla/5.0 AppleWebKit/537.36 (KHTML, like Gecko; compatible; GPTBot/1.3; +https://openai.com/gptbot)"
74.7.227.21 - - [16/Apr/2026:00:02:44 +0200] "GET /10-11-2009/ HTTP/1.1" 200 7689 "https://www.afish-ka.ru/15-12-2009/" "Mozilla/5.0 AppleWebKit/537.36 (KHTML, like Gecko; compatible; GPTBot/1.3; +https://openai.com/gptbot)"
74.7.227.21 - - [16/Apr/2026:00:02:45 +0200] "GET /images/b/actions/2314_2.jpg HTTP/1.1" 200 14790 "https://www.afish-ka.ru/cinema/films/2314/" "Mozilla/5.0 AppleWebKit/537.36 (KHTML, like Gecko; compatible; GPTBot/1.3; +https://openai.com/gptbot)"
74.7.227.21 - - [16/Apr/2026:00:02:45 +0200] "GET /images/b/actions/5575_4.jpg HTTP/1.1" 200 37456 "https://www.afish-ka.ru/cinema/films/5575/" "Mozilla/5.0 AppleWebKit/537.36 (KHTML, like Gecko; compatible; GPTBot/1.3; +https://openai.com/gptbot)"
74.7.227.21 - - [16/Apr/2026:00:02:46 +0200] "GET /images/b/actions/5574_5.jpg HTTP/1.1" 200 39908 "https://www.afish-ka.ru/cinema/films/5574/" "Mozilla/5.0 AppleWebKit/537.36 (KHTML, like Gecko; compatible; GPTBot/1.3; +https://openai.com/gptbot)"
74.7.227.21 - - [16/Apr/2026:00:02:46 +0200] "GET /images/b/actions/2314_4.jpg HTTP/1.1" 200 22234 "https://www.afish-ka.ru/cinema/films/2314/" "Mozilla/5.0 AppleWebKit/537.36 (KHTML, like Gecko; compatible; GPTBot/1.3; +https://openai.com/gptbot)"
74.7.227.21 - - [16/Apr/2026:00:02:47 +0200] "GET /images/b/actions/5574_1.jpg HTTP/1.1" 200 37512 "https://www.afish-ka.ru/cinema/films/5574/" "Mozilla/5.0 AppleWebKit/537.36 (KHTML, like Gecko; compatible; GPTBot/1.3; +https://openai.com/gptbot)"
74.7.227.21 - - [16/Apr/2026:00:02:47 +0200] "GET /images/b/actions/5575_2.jpg HTTP/1.1" 200 41232 "https://www.afish-ka.ru/cinema/films/5575/" "Mozilla/5.0 AppleWebKit/537.36 (KHTML, like Gecko; compatible; GPTBot/1.3; +https://openai.com/gptbot)"
74.7.227.21 - - [16/Apr/2026:00:02:48 +0200] "GET /images/s/actions/2314_3.jpg HTTP/1.1" 200 3888 "https://www.afish-ka.ru/cinema/films/2314/" "Mozilla/5.0 AppleWebKit/537.36 (KHTML, like Gecko; compatible; GPTBot/1.3; +https://openai.com/gptbot)"
74.7.227.21 - - [16/Apr/2026:00:02:48 +0200] "GET /images/b/actions/5575_3.jpg HTTP/1.1" 200 50785 "https://www.afish-ka.ru/cinema/films/5575/" "Mozilla/5.0 AppleWebKit/537.36 (KHTML, like Gecko; compatible; GPTBot/1.3; +https://openai.com/gptbot)"
116.179.32.221 - - [16/Apr/2026:00:02:48 +0200] "GET /images/b/actions/4742_1.jpg HTTP/1.1" 200 58356 "-" "Baiduspider-image+(+http://www.baidu.com/search/spider.htm)"
74.7.227.21 - - [16/Apr/2026:00:02:49 +0200] "GET /images/s/actions/2314_2.jpg HTTP/1.1" 200 5206 "https://www.afish-ka.ru/cinema/films/2314/" "Mozilla/5.0 AppleWebKit/537.36 (KHTML, like Gecko; compatible; GPTBot/1.3; +https://openai.com/gptbot)"
95.142.197.129 - - [16/Apr/2026:00:02:49 +0200] "GET /rss_source/ HTTP/1.1" 200 21796 "-" "Mozilla/5.0 (compatible; VKRobot/1.0)"
74.7.227.21 - - [16/Apr/2026:00:02:49 +0200] "GET /images/s/actions/5575_5.jpg HTTP/1.1" 200 5264 "https://www.afish-ka.ru/cinema/films/5575/" "Mozilla/5.0 AppleWebKit/537.36 (KHTML, like Gecko; compatible; GPTBot/1.3; +https://openai.com/gptbot)"
74.7.227.21 - - [16/Apr/2026:00:02:50 +0200] "GET /images/s/actions/5575_2.jpg HTTP/1.1" 200 6539 "https://www.afish-ka.ru/cinema/films/5575/" "Mozilla/5.0 AppleWebKit/537.36 (KHTML, like Gecko; compatible; GPTBot/1.3; +https://openai.com/gptbot)"
74.7.227.21 - - [16/Apr/2026:00:02:50 +0200] "GET /images/s/actions/5575_4.jpg HTTP/1.1" 200 5522 "https://www.afish-ka.ru/cinema/films/5575/" "Mozilla/5.0 AppleWebKit/537.36 (KHTML, like Gecko; compatible; GPTBot/1.3; +https://openai.com/gptbot)"
74.7.227.21 - - [16/Apr/2026:00:02:51 +0200] "GET /images/s/actions/5574_5.jpg HTTP/1.1" 200 4936 "https://www.afish-ka.ru/cinema/films/5574/" "Mozilla/5.0 AppleWebKit/537.36 (KHTML, like Gecko; compatible; GPTBot/1.3; +https://openai.com/gptbot)"
74.7.227.21 - - [16/Apr/2026:00:02:51 +0200] "GET /images/s/actions/5575_3.jpg HTTP/1.1" 200 6981 "https://www.afish-ka.ru/cinema/films/5575/" "Mozilla/5.0 AppleWebKit/537.36 (KHTML, like Gecko; compatible; GPTBot/1.3; +https://openai.com/gptbot)"
66.249.66.32 - - [16/Apr/2026:00:02:52 +0200] "GET /14-09-2012/ HTTP/1.1" 200 12804 "-" "Mozilla/5.0 (Linux; Android 6.0.1; Nexus 5X Build/MMB29P) AppleWebKit/537.36 (KHTML, like Gecko) Chrome/146.0.7680.177 Mobile Safari/537.36 (compatible; Googlebot/2.1; +http://www.google.com/bot.html)"
74.7.227.21 - - [16/Apr/2026:00:02:52 +0200] "GET /images/s/actions/5574_4.jpg HTTP/1.1" 200 4908 "https://www.afish-ka.ru/cinema/films/5574/" "Mozilla/5.0 AppleWebKit/537.36 (KHTML, like Gecko; compatible; GPTBot/1.3; +https://openai.com/gptbot)"
74.7.227.21 - - [16/Apr/2026:00:02:52 +0200] "GET /images/b/actions/5575_5.jpg HTTP/1.1" 200 25699 "https://www.afish-ka.ru/cinema/films/5575/" "Mozilla/5.0 AppleWebKit/537.36 (KHTML, like Gecko; compatible; GPTBot/1.3; +https://openai.com/gptbot)"
74.7.227.21 - - [16/Apr/2026:00:02:53 +0200] "GET /images/b/posters/5575.jpg HTTP/1.1" 200 83178 "https://www.afish-ka.ru/cinema/films/5575/" "Mozilla/5.0 AppleWebKit/537.36 (KHTML, like Gecko; compatible; GPTBot/1.3; +https://openai.com/gptbot)"
74.7.227.21 - - [16/Apr/2026:00:02:54 +0200] "GET /images/s/posters/5574.jpg HTTP/1.1" 200 9746 "https://www.afish-ka.ru/cinema/films/5574/" "Mozilla/5.0 AppleWebKit/537.36 (KHTML, like Gecko; compatible; GPTBot/1.3; +https://openai.com/gptbot)"
74.7.227.21 - - [16/Apr/2026:00:02:54 +0200] "GET /images/b/posters/5574.jpg HTTP/1.1" 200 43984 "https://www.afish-ka.ru/cinema/films/5574/" "Mozilla/5.0 AppleWebKit/537.36 (KHTML, like Gecko; compatible; GPTBot/1.3; +https://openai.com/gptbot)"
74.7.227.21 - - [16/Apr/2026:00:02:55 +0200] "GET /images/s/posters/2314.jpg HTTP/1.1" 200 10709 "https://www.afish-ka.ru/cinema/films/2314/" "Mozilla/5.0 AppleWebKit/537.36 (KHTML, like Gecko; compatible; GPTBot/1.3; +https://openai.com/gptbot)"
74.7.227.21 - - [16/Apr/2026:00:02:55 +0200] "GET /images/b/posters/2314.jpg HTTP/1.1" 200 60853 "https://www.afish-ka.ru/cinema/films/2314/" "Mozilla/5.0 AppleWebKit/537.36 (KHTML, like Gecko; compatible; GPTBot/1.3; +https://openai.com/gptbot)"
74.7.227.21 - - [16/Apr/2026:00:02:56 +0200] "GET /images/s/posters/5575.jpg HTTP/1.1" 200 18911 "https://www.afish-ka.ru/cinema/films/5575/" "Mozilla/5.0 AppleWebKit/537.36 (KHTML, like Gecko; compatible; GPTBot/1.3; +https://openai.com/gptbot)"
74.7.227.21 - - [16/Apr/2026:00:02:56 +0200] "GET /27-11-2009/ HTTP/1.1" 200 8014 "https://www.afish-ka.ru/08-12-2009/" "Mozilla/5.0 AppleWebKit/537.36 (KHTML, like Gecko; compatible; GPTBot/1.3; +https://openai.com/gptbot)"
74.7.227.21 - - [16/Apr/2026:00:02:57 +0200] "GET /05-12-2009/ HTTP/1.1" 200 9151 "https://www.afish-ka.ru/08-12-2009/" "Mozilla/5.0 AppleWebKit/537.36 (KHTML, like Gecko; compatible; GPTBot/1.3; +https://openai.com/gptbot)"
114.119.128.62 - - [16/Apr/2026:00:02:58 +0200] "GET /cinema/films/1051/opinions/add/?parent=10626 HTTP/1.1" 200 9523 "https://www.afish-ka.ru/cinema/films/1051/opinions/add?parent=10984" "Mozilla/5.0 (Linux; Android 7.0;) AppleWebKit/537.36 (KHTML, like Gecko) Mobile Safari/537.36 (compatible; PetalBot;+https://webmaster.petalsearch.com/site/petalbot)"
74.7.227.21 - - [16/Apr/2026:00:02:57 +0200] "GET /28-11-2009/ HTTP/1.1" 200 8313 "https://www.afish-ka.ru/08-12-2009/" "Mozilla/5.0 AppleWebKit/537.36 (KHTML, like Gecko; compatible; GPTBot/1.3; +https://openai.com/gptbot)"
74.7.227.21 - - [16/Apr/2026:00:02:58 +0200] "GET /04-12-2009/ HTTP/1.1" 200 8624 "https://www.afish-ka.ru/08-12-2009/" "Mozilla/5.0 AppleWebKit/537.36 (KHTML, like Gecko; compatible; GPTBot/1.3; +https://openai.com/gptbot)"
74.7.227.21 - - [16/Apr/2026:00:02:59 +0200] "GET /31-10-2009/ HTTP/1.1" 200 8019 "https://www.afish-ka.ru/10-11-2009/" "Mozilla/5.0 AppleWebKit/537.36 (KHTML, like Gecko; compatible; GPTBot/1.3; +https://openai.com/gptbot)"
74.7.227.21 - - [16/Apr/2026:00:03:00 +0200] "GET /18-11-2009/ HTTP/1.1" 200 7468 "https://www.afish-ka.ru/10-11-2009/" "Mozilla/5.0 AppleWebKit/537.36 (KHTML, like Gecko; compatible; GPTBot/1.3; +https://openai.com/gptbot)"
74.7.227.21 - - [16/Apr/2026:00:03:00 +0200] "GET /26-10-2009/ HTTP/1.1" 200 8169 "https://www.afish-ka.ru/10-11-2009/" "Mozilla/5.0 AppleWebKit/537.36 (KHTML, like Gecko; compatible; GPTBot/1.3; +https://openai.com/gptbot)"
5.39.1.253 - - [16/Apr/2026:00:03:00 +0200] "GET /concert_hall/actions/2599/opinions/ HTTP/1.1" 200 11431 "-" "Mozilla/5.0 (compatible; AhrefsBot/7.0; +http://ahrefs.com/robot/)"
74.7.227.21 - - [16/Apr/2026:00:03:01 +0200] "GET /06-12-2009/ HTTP/1.1" 200 8730 "https://www.afish-ka.ru/08-12-2009/" "Mozilla/5.0 AppleWebKit/537.36 (KHTML, like Gecko; compatible; GPTBot/1.3; +https://openai.com/gptbot)"
74.7.227.21 - - [16/Apr/2026:00:03:02 +0200] "GET /14-11-2009/ HTTP/1.1" 200 7875 "https://www.afish-ka.ru/10-11-2009/" "Mozilla/5.0 AppleWebKit/537.36 (KHTML, like Gecko; compatible; GPTBot/1.3; +https://openai.com/gptbot)"
74.7.227.21 - - [16/Apr/2026:00:03:03 +0200] "GET /05-11-2009/ HTTP/1.1" 200 7697 "https://www.afish-ka.ru/10-11-2009/" "Mozilla/5.0 AppleWebKit/537.36 (KHTML, like Gecko; compatible; GPTBot/1.3; +https://openai.com/gptbot)"
94.154.239.69 - - [16/Apr/2026:00:03:03 +0200] "GET /robots.txt HTTP/1.1" 301 588 "-" "Mozilla/5.0 (compatible; MJ12bot/v1.4.8; http://mj12bot.com/)"
74.7.227.21 - - [16/Apr/2026:00:03:03 +0200] "GET /16-12-2009/ HTTP/1.1" 200 7554 "https://www.afish-ka.ru/27-12-2009/" "Mozilla/5.0 AppleWebKit/537.36 (KHTML, like Gecko; compatible; GPTBot/1.3; +https://openai.com/gptbot)"
94.154.239.69 - - [16/Apr/2026:00:03:04 +0200] "GET /robots.txt HTTP/1.1" 200 517 "-" "Mozilla/5.0 (compatible; MJ12bot/v1.4.8; http://mj12bot.com/)"
74.7.227.21 - - [16/Apr/2026:00:03:04 +0200] "GET /27-10-2009/ HTTP/1.1" 200 8167 "https://www.afish-ka.ru/10-11-2009/" "Mozilla/5.0 AppleWebKit/537.36 (KHTML, like Gecko; compatible; GPTBot/1.3; +https://openai.com/gptbot)"
74.7.227.21 - - [16/Apr/2026:00:03:05 +0200] "GET /images/s/actions/828_1.jpg HTTP/1.1" 200 6451 "https://www.afish-ka.ru/05-12-2009/" "Mozilla/5.0 AppleWebKit/537.36 (KHTML, like Gecko; compatible; GPTBot/1.3; +https://openai.com/gptbot)"
74.7.227.21 - - [16/Apr/2026:00:03:05 +0200] "GET /images/s/actions/817_1.jpg HTTP/1.1" 200 6306 "https://www.afish-ka.ru/28-11-2009/" "Mozilla/5.0 AppleWebKit/537.36 (KHTML, like Gecko; compatible; GPTBot/1.3; +https://openai.com/gptbot)"
94.154.239.69 - - [16/Apr/2026:00:03:06 +0200] "GET /cinema/ HTTP/1.1" 301 526 "-" "Mozilla/5.0 (compatible; MJ12bot/v1.4.8; http://mj12bot.com/)"
74.7.227.21 - - [16/Apr/2026:00:03:06 +0200] "GET /13-12-2009/ HTTP/1.1" 200 7821 "https://www.afish-ka.ru/27-12-2009/" "Mozilla/5.0 AppleWebKit/537.36 (KHTML, like Gecko; compatible; GPTBot/1.3; +https://openai.com/gptbot)"
116.179.32.200 - - [16/Apr/2026:00:03:06 +0200] "GET /images/b/actions/4362_3.jpg HTTP/1.1" 200 53679 "-" "Baiduspider-image+(+http://www.baidu.com/search/spider.htm)"
74.7.227.21 - - [16/Apr/2026:00:03:06 +0200] "GET /17-10-2009/ HTTP/1.1" 200 8156 "https://www.afish-ka.ru/31-10-2009/" "Mozilla/5.0 AppleWebKit/537.36 (KHTML, like Gecko; compatible; GPTBot/1.3; +https://openai.com/gptbot)"
94.154.239.69 - - [16/Apr/2026:00:03:07 +0200] "GET /cinema/ HTTP/1.1" 200 6871 "-" "Mozilla/5.0 (compatible; MJ12bot/v1.4.8; http://mj12bot.com/)"
74.7.227.21 - - [16/Apr/2026:00:03:07 +0200] "GET /13-10-2009/ HTTP/1.1" 200 8528 "https://www.afish-ka.ru/31-10-2009/" "Mozilla/5.0 AppleWebKit/537.36 (KHTML, like Gecko; compatible; GPTBot/1.3; +https://openai.com/gptbot)"
74.7.227.21 - - [16/Apr/2026:00:03:08 +0200] "GET /07-11-2009/ HTTP/1.1" 200 7850 "https://www.afish-ka.ru/10-11-2009/" "Mozilla/5.0 AppleWebKit/537.36 (KHTML, like Gecko; compatible; GPTBot/1.3; +https://openai.com/gptbot)"
116.179.32.220 - - [16/Apr/2026:00:03:08 +0200] "GET /images/b/posters/3345.jpg HTTP/1.1" 200 68472 "-" "Baiduspider-image+(+http://www.baidu.com/search/spider.htm)"
74.7.227.21 - - [16/Apr/2026:00:03:08 +0200] "GET /13-11-2009/ HTTP/1.1" 200 7627 "https://www.afish-ka.ru/10-11-2009/" "Mozilla/5.0 AppleWebKit/537.36 (KHTML, like Gecko; compatible; GPTBot/1.3; +https://openai.com/gptbot)"
94.154.239.69 - - [16/Apr/2026:00:03:09 +0200] "GET /concert_hall/ HTTP/1.1" 301 538 "-" "Mozilla/5.0 (compatible; MJ12bot/v1.4.8; http://mj12bot.com/)"
74.7.227.21 - - [16/Apr/2026:00:03:09 +0200] "GET /images/s/actions/804_1.jpg HTTP/1.1" 200 5325 "https://www.afish-ka.ru/14-11-2009/" "Mozilla/5.0 AppleWebKit/537.36 (KHTML, like Gecko; compatible; GPTBot/1.3; +https://openai.com/gptbot)"
74.7.227.21 - - [16/Apr/2026:00:03:09 +0200] "GET /exhibition/actions/804/ HTTP/1.1" 200 7094 "https://www.afish-ka.ru/14-11-2009/" "Mozilla/5.0 AppleWebKit/537.36 (KHTML, like Gecko; compatible; GPTBot/1.3; +https://openai.com/gptbot)"
116.179.32.48 - - [16/Apr/2026:00:03:10 +0200] "GET /restaurant/90/ HTTP/1.1" 200 6106 "-" "Mozilla/5.0 (compatible; Baiduspider/2.0; +http://www.baidu.com/search/spider.html)"
74.7.227.21 - - [16/Apr/2026:00:03:10 +0200] "GET /03-12-2009/ HTTP/1.1" 200 8506 "https://www.afish-ka.ru/08-12-2009/" "Mozilla/5.0 AppleWebKit/537.36 (KHTML, like Gecko; compatible; GPTBot/1.3; +https://openai.com/gptbot)"
94.154.239.69 - - [16/Apr/2026:00:03:10 +0200] "GET /concert_hall/ HTTP/1.1" 200 7778 "-" "Mozilla/5.0 (compatible; MJ12bot/v1.4.8; http://mj12bot.com/)"
74.7.227.21 - - [16/Apr/2026:00:03:11 +0200] "GET /30-11-2009/ HTTP/1.1" 200 7791 "https://www.afish-ka.ru/08-12-2009/" "Mozilla/5.0 AppleWebKit/537.36 (KHTML, like Gecko; compatible; GPTBot/1.3; +https://openai.com/gptbot)"
74.7.227.21 - - [16/Apr/2026:00:03:12 +0200] "GET /04-11-2009/ HTTP/1.1" 200 7968 "https://www.afish-ka.ru/10-11-2009/" "Mozilla/5.0 AppleWebKit/537.36 (KHTML, like Gecko; compatible; GPTBot/1.3; +https://openai.com/gptbot)"
94.154.239.69 - - [16/Apr/2026:00:03:12 +0200] "GET /concert_hall/199/ HTTP/1.1" 301 546 "-" "Mozilla/5.0 (compatible; MJ12bot/v1.4.8; http://mj12bot.com/)"
74.7.227.21 - - [16/Apr/2026:00:03:12 +0200] "GET /28-10-2009/ HTTP/1.1" 200 8170 "https://www.afish-ka.ru/10-11-2009/" "Mozilla/5.0 AppleWebKit/537.36 (KHTML, like Gecko; compatible; GPTBot/1.3; +https://openai.com/gptbot)"
116.179.32.163 - - [16/Apr/2026:00:03:12 +0200] "GET /cinema/films/1807/opinions/add/?parent=18508 HTTP/1.1" 200 9557 "-" "Mozilla/5.0 (compatible; Baiduspider/2.0; +http://www.baidu.com/search/spider.html)"
74.7.227.21 - - [16/Apr/2026:00:03:13 +0200] "GET /18-10-2009/ HTTP/1.1" 200 8024 "https://www.afish-ka.ru/31-10-2009/" "Mozilla/5.0 AppleWebKit/537.36 (KHTML, like Gecko; compatible; GPTBot/1.3; +https://openai.com/gptbot)"
74.7.227.21 - - [16/Apr/2026:00:03:13 +0200] "GET /25-11-2009/ HTTP/1.1" 200 7364 "https://www.afish-ka.ru/08-12-2009/" "Mozilla/5.0 AppleWebKit/537.36 (KHTML, like Gecko; compatible; GPTBot/1.3; +https://openai.com/gptbot)"
94.154.239.69 - - [16/Apr/2026:00:03:14 +0200] "GET /concert_hall/199/ HTTP/1.1" 200 5957 "-" "Mozilla/5.0 (compatible; MJ12bot/v1.4.8; http://mj12bot.com/)"
74.7.227.21 - - [16/Apr/2026:00:03:14 +0200] "GET /cinema/films/768/opinions/add/ HTTP/1.1" 200 5777 "https://www.afish-ka.ru/13-10-2009/" "Mozilla/5.0 AppleWebKit/537.36 (KHTML, like Gecko; compatible; GPTBot/1.3; +https://openai.com/gptbot)"
74.7.227.21 - - [16/Apr/2026:00:03:14 +0200] "GET /night_club/parties/801/opinions/ HTTP/1.1" 200 5570 "https://www.afish-ka.ru/07-11-2009/" "Mozilla/5.0 AppleWebKit/537.36 (KHTML, like Gecko; compatible; GPTBot/1.3; +https://openai.com/gptbot)"
74.7.227.21 - - [16/Apr/2026:00:03:15 +0200] "GET /18-12-2009/ HTTP/1.1" 200 8099 "https://www.afish-ka.ru/27-12-2009/" "Mozilla/5.0 AppleWebKit/537.36 (KHTML, like Gecko; compatible; GPTBot/1.3; +https://openai.com/gptbot)"
94.154.239.69 - - [16/Apr/2026:00:03:16 +0200] "GET /concert_hall/actions/2334/opinions/ HTTP/1.1" 301 582 "-" "Mozilla/5.0 (compatible; MJ12bot/v1.4.8; http://mj12bot.com/)"
74.7.227.21 - - [16/Apr/2026:00:03:16 +0200] "GET /26-11-2009/ HTTP/1.1" 200 7792 "https://www.afish-ka.ru/08-12-2009/" "Mozilla/5.0 AppleWebKit/537.36 (KHTML, like Gecko; compatible; GPTBot/1.3; +https://openai.com/gptbot)"
74.7.227.21 - - [16/Apr/2026:00:03:16 +0200] "GET /images/b/actions/804_1.jpg HTTP/1.1" 200 29845 "https://www.afish-ka.ru/exhibition/actions/804/" "Mozilla/5.0 AppleWebKit/537.36 (KHTML, like Gecko; compatible; GPTBot/1.3; +https://openai.com/gptbot)"
74.7.227.21 - - [16/Apr/2026:00:03:17 +0200] "GET /images/s/posters/804.jpg HTTP/1.1" 200 6054 "https://www.afish-ka.ru/exhibition/actions/804/" "Mozilla/5.0 AppleWebKit/537.36 (KHTML, like Gecko; compatible; GPTBot/1.3; +https://openai.com/gptbot)"
17.241.227.218 - - [16/Apr/2026:00:03:17 +0200] "GET /cinema/films/3052/opinions/ HTTP/1.1" 200 10601 "-" "Mozilla/5.0 (Macintosh; Intel Mac OS X 10_15_7) AppleWebKit/605.1.15 (KHTML, like Gecko) Version/17.4 Safari/605.1.15 (Applebot/0.1; +http://www.apple.com/go/applebot)"
94.154.239.69 - - [16/Apr/2026:00:03:17 +0200] "GET /concert_hall/actions/2334/opinions/ HTTP/1.1" 200 8549 "-" "Mozilla/5.0 (compatible; MJ12bot/v1.4.8; http://mj12bot.com/)"
74.7.227.21 - - [16/Apr/2026:00:03:17 +0200] "GET /images/b/posters/804.jpg HTTP/1.1" 200 213142 "https://www.afish-ka.ru/exhibition/actions/804/" "Mozilla/5.0 AppleWebKit/537.36 (KHTML, like Gecko; compatible; GPTBot/1.3; +https://openai.com/gptbot)"
74.7.227.21 - - [16/Apr/2026:00:03:18 +0200] "GET /15-11-2009/ HTTP/1.1" 200 7466 "https://www.afish-ka.ru/10-11-2009/" "Mozilla/5.0 AppleWebKit/537.36 (KHTML, like Gecko; compatible; GPTBot/1.3; +https://openai.com/gptbot)"
94.154.239.69 - - [16/Apr/2026:00:03:19 +0200] "GET /concert_hall/actions/2663/opinions/ HTTP/1.1" 301 582 "-" "Mozilla/5.0 (compatible; MJ12bot/v1.4.8; http://mj12bot.com/)"
74.7.227.21 - - [16/Apr/2026:00:03:19 +0200] "GET /17-12-2009/ HTTP/1.1" 200 7864 "https://www.afish-ka.ru/21-01-2010/" "Mozilla/5.0 AppleWebKit/537.36 (KHTML, like Gecko; compatible; GPTBot/1.3; +https://openai.com/gptbot)"
74.7.227.21 - - [16/Apr/2026:00:03:19 +0200] "GET /13-09-2009/ HTTP/1.1" 200 7929 "https://www.afish-ka.ru/18-10-2009/" "Mozilla/5.0 AppleWebKit/537.36 (KHTML, like Gecko; compatible; GPTBot/1.3; +https://openai.com/gptbot)"
74.7.227.21 - - [16/Apr/2026:00:03:20 +0200] "GET /26-12-2009/ HTTP/1.1" 200 7999 "https://www.afish-ka.ru/27-12-2009/" "Mozilla/5.0 AppleWebKit/537.36 (KHTML, like Gecko; compatible; GPTBot/1.3; +https://openai.com/gptbot)"
74.7.227.21 - - [16/Apr/2026:00:03:20 +0200] "GET /16-11-2009/ HTTP/1.1" 200 7471 "https://www.afish-ka.ru/10-11-2009/" "Mozilla/5.0 AppleWebKit/537.36 (KHTML, like Gecko; compatible; GPTBot/1.3; +https://openai.com/gptbot)"
94.154.239.69 - - [16/Apr/2026:00:03:20 +0200] "GET /concert_hall/actions/2663/opinions/ HTTP/1.1" 200 7656 "-" "Mozilla/5.0 (compatible; MJ12bot/v1.4.8; http://mj12bot.com/)"
74.7.227.21 - - [16/Apr/2026:00:03:21 +0200] "GET /24-11-2009/ HTTP/1.1" 200 7383 "https://www.afish-ka.ru/08-12-2009/" "Mozilla/5.0 AppleWebKit/537.36 (KHTML, like Gecko; compatible; GPTBot/1.3; +https://openai.com/gptbot)"
74.7.227.21 - - [16/Apr/2026:00:03:22 +0200] "GET /25-10-2009/ HTTP/1.1" 200 12217 "https://www.afish-ka.ru/31-10-2009/" "Mozilla/5.0 AppleWebKit/537.36 (KHTML, like Gecko; compatible; GPTBot/1.3; +https://openai.com/gptbot)"
94.154.239.69 - - [16/Apr/2026:00:03:22 +0200] "GET /exhibition/ HTTP/1.1" 301 534 "-" "Mozilla/5.0 (compatible; MJ12bot/v1.4.8; http://mj12bot.com/)"
74.7.227.21 - - [16/Apr/2026:00:03:22 +0200] "GET /06-11-2009/ HTTP/1.1" 200 7862 "https://www.afish-ka.ru/10-11-2009/" "Mozilla/5.0 AppleWebKit/537.36 (KHTML, like Gecko; compatible; GPTBot/1.3; +https://openai.com/gptbot)"
74.7.227.21 - - [16/Apr/2026:00:03:23 +0200] "GET /17-11-2009/ HTTP/1.1" 200 7470 "https://www.afish-ka.ru/10-11-2009/" "Mozilla/5.0 AppleWebKit/537.36 (KHTML, like Gecko; compatible; GPTBot/1.3; +https://openai.com/gptbot)"
94.154.239.69 - - [16/Apr/2026:00:03:23 +0200] "GET /exhibition/ HTTP/1.1" 200 6258 "-" "Mozilla/5.0 (compatible; MJ12bot/v1.4.8; http://mj12bot.com/)"
74.7.227.21 - - [16/Apr/2026:00:03:24 +0200] "GET /07-12-2009/ HTTP/1.1" 200 8487 "https://www.afish-ka.ru/27-12-2009/" "Mozilla/5.0 AppleWebKit/537.36 (KHTML, like Gecko; compatible; GPTBot/1.3; +https://openai.com/gptbot)"
74.7.227.21 - - [16/Apr/2026:00:03:24 +0200] "GET /theater/actions/5080/ HTTP/1.1" 200 6479 "https://www.afish-ka.ru/13-11-2018/" "Mozilla/5.0 AppleWebKit/537.36 (KHTML, like Gecko; compatible; GPTBot/1.3; +https://openai.com/gptbot)"
94.154.239.69 - - [16/Apr/2026:00:03:25 +0200] "GET /info/adv/ HTTP/1.1" 301 530 "-" "Mozilla/5.0 (compatible; MJ12bot/v1.4.8; http://mj12bot.com/)"
74.7.227.21 - - [16/Apr/2026:00:03:25 +0200] "GET /cinema/films/3739/ HTTP/1.1" 200 6853 "https://www.afish-ka.ru/20-11-2015/" "Mozilla/5.0 AppleWebKit/537.36 (KHTML, like Gecko; compatible; GPTBot/1.3; +https://openai.com/gptbot)"
74.7.227.21 - - [16/Apr/2026:00:03:26 +0200] "GET /cinema/films/2313/ HTTP/1.1" 200 6700 "https://www.afish-ka.ru/13-10-2012/" "Mozilla/5.0 AppleWebKit/537.36 (KHTML, like Gecko; compatible; GPTBot/1.3; +https://openai.com/gptbot)"
74.7.227.21 - - [16/Apr/2026:00:03:26 +0200] "GET /images/s/posters/3739.jpg HTTP/1.1" 200 12507 "https://www.afish-ka.ru/cinema/films/3739/" "Mozilla/5.0 AppleWebKit/537.36 (KHTML, like Gecko; compatible; GPTBot/1.3; +https://openai.com/gptbot)"
92.222.108.114 - - [16/Apr/2026:00:03:27 +0200] "GET /cafe/actions/3115/ HTTP/1.1" 200 10082 "-" "Mozilla/5.0 (compatible; AhrefsBot/7.0; +http://ahrefs.com/robot/)"
94.154.239.69 - - [16/Apr/2026:00:03:27 +0200] "GET /info/adv/ HTTP/1.1" 200 6521 "-" "Mozilla/5.0 (compatible; MJ12bot/v1.4.8; http://mj12bot.com/)"
74.7.227.21 - - [16/Apr/2026:00:03:27 +0200] "GET /18-09-2009/ HTTP/1.1" 200 7496 "https://www.afish-ka.ru/13-09-2009/" "Mozilla/5.0 AppleWebKit/537.36 (KHTML, like Gecko; compatible; GPTBot/1.3; +https://openai.com/gptbot)"
74.7.227.21 - - [16/Apr/2026:00:03:28 +0200] "GET /images/s/actions/845_1.jpg HTTP/1.1" 200 5740 "https://www.afish-ka.ru/26-12-2009/" "Mozilla/5.0 AppleWebKit/537.36 (KHTML, like Gecko; compatible; GPTBot/1.3; +https://openai.com/gptbot)"
74.7.227.21 - - [16/Apr/2026:00:03:28 +0200] "GET /31-08-2009/ HTTP/1.1" 200 6530 "https://www.afish-ka.ru/13-09-2009/" "Mozilla/5.0 AppleWebKit/537.36 (KHTML, like Gecko; compatible; GPTBot/1.3; +https://openai.com/gptbot)"
94.154.239.69 - - [16/Apr/2026:00:03:29 +0200] "GET /night_club/12/ HTTP/1.1" 301 540 "-" "Mozilla/5.0 (compatible; MJ12bot/v1.4.8; http://mj12bot.com/)"
74.7.227.21 - - [16/Apr/2026:00:03:29 +0200] "GET /14-09-2009/ HTTP/1.1" 200 7934 "https://www.afish-ka.ru/13-09-2009/" "Mozilla/5.0 AppleWebKit/537.36 (KHTML, like Gecko; compatible; GPTBot/1.3; +https://openai.com/gptbot)"
74.7.227.21 - - [16/Apr/2026:00:03:29 +0200] "GET /images/s/actions/794_1.jpg HTTP/1.1" 200 6046 "https://www.afish-ka.ru/25-10-2009/" "Mozilla/5.0 AppleWebKit/537.36 (KHTML, like Gecko; compatible; GPTBot/1.3; +https://openai.com/gptbot)"
94.154.239.69 - - [16/Apr/2026:00:03:30 +0200] "GET /night_club/12/ HTTP/1.1" 404 315 "-" "Mozilla/5.0 (compatible; MJ12bot/v1.4.8; http://mj12bot.com/)"
74.7.227.21 - - [16/Apr/2026:00:03:30 +0200] "GET /25-08-2009/ HTTP/1.1" 200 6546 "https://www.afish-ka.ru/13-09-2009/" "Mozilla/5.0 AppleWebKit/537.36 (KHTML, like Gecko; compatible; GPTBot/1.3; +https://openai.com/gptbot)"
74.7.227.21 - - [16/Apr/2026:00:03:31 +0200] "GET /26-08-2009/ HTTP/1.1" 200 6525 "https://www.afish-ka.ru/13-09-2009/" "Mozilla/5.0 AppleWebKit/537.36 (KHTML, like Gecko; compatible; GPTBot/1.3; +https://openai.com/gptbot)"
74.7.227.21 - - [16/Apr/2026:00:03:31 +0200] "GET /17-09-2009/ HTTP/1.1" 200 7591 "https://www.afish-ka.ru/13-09-2009/" "Mozilla/5.0 AppleWebKit/537.36 (KHTML, like Gecko; compatible; GPTBot/1.3; +https://openai.com/gptbot)"
