74.7.227.21 - - [16/Apr/2026:00:51:17 +0200] "GET /cinema/films/6056/ HTTP/1.1" 200 6562 "https://www.afish-ka.ru/14-12-2021/" "Mozilla/5.0 AppleWebKit/537.36 (KHTML, like Gecko; compatible; GPTBot/1.3; +https://openai.com/gptbot)"
74.7.227.21 - - [16/Apr/2026:00:51:18 +0200] "GET /21-01-2008/ HTTP/1.1" 200 7361 "https://www.afish-ka.ru/31-01-2008/" "Mozilla/5.0 AppleWebKit/537.36 (KHTML, like Gecko; compatible; GPTBot/1.3; +https://openai.com/gptbot)"
85.208.96.203 - - [16/Apr/2026:00:51:18 +0200] "GET /25-02-2013/ HTTP/1.1" 200 12016 "-" "Mozilla/5.0 (compatible; SemrushBot/7~bl; +http://www.semrush.com/bot.html)"
74.7.227.21 - - [16/Apr/2026:00:51:18 +0200] "GET /30-09-2010/ HTTP/1.1" 200 8423 "https://www.afish-ka.ru/26-08-2010/" "Mozilla/5.0 AppleWebKit/537.36 (KHTML, like Gecko; compatible; GPTBot/1.3; +https://openai.com/gptbot)"
116.179.32.115 - - [16/Apr/2026:00:51:19 +0200] "GET /images/s/actions/4360_1.jpg HTTP/1.1" 200 9497 "-" "Baiduspider-image+(+http://www.baidu.com/search/spider.htm)"
74.7.227.21 - - [16/Apr/2026:00:51:19 +0200] "GET /31-03-2012/ HTTP/1.1" 200 9525 "https://www.afish-ka.ru/14-03-2012/" "Mozilla/5.0 AppleWebKit/537.36 (KHTML, like Gecko; compatible; GPTBot/1.3; +https://openai.com/gptbot)"
74.7.227.21 - - [16/Apr/2026:00:51:20 +0200] "GET /26-03-2006/ HTTP/1.1" 200 7254 "https://www.afish-ka.ru/25-03-2006/" "Mozilla/5.0 AppleWebKit/537.36 (KHTML, like Gecko; compatible; GPTBot/1.3; +https://openai.com/gptbot)"
74.7.227.21 - - [16/Apr/2026:00:51:21 +0200] "GET /05-10-2007/ HTTP/1.1" 200 7118 "https://www.afish-ka.ru/09-11-2007/" "Mozilla/5.0 AppleWebKit/537.36 (KHTML, like Gecko; compatible; GPTBot/1.3; +https://openai.com/gptbot)"
74.7.227.21 - - [16/Apr/2026:00:51:21 +0200] "GET /12-07-2017/ HTTP/1.1" 200 9946 "https://www.afish-ka.ru/07-06-2017/" "Mozilla/5.0 AppleWebKit/537.36 (KHTML, like Gecko; compatible; GPTBot/1.3; +https://openai.com/gptbot)"
74.7.227.21 - - [16/Apr/2026:00:51:22 +0200] "GET /images/b/actions/6048_2.jpg HTTP/1.1" 200 46489 "https://www.afish-ka.ru/cinema/films/6048/" "Mozilla/5.0 AppleWebKit/537.36 (KHTML, like Gecko; compatible; GPTBot/1.3; +https://openai.com/gptbot)"
85.208.96.201 - - [16/Apr/2026:00:51:22 +0200] "GET /cinema/films/1393/opinions/add/ HTTP/1.1" 200 5714 "-" "Mozilla/5.0 (compatible; SemrushBot/7~bl; +http://www.semrush.com/bot.html)"
74.7.227.21 - - [16/Apr/2026:00:51:22 +0200] "GET /images/s/actions/6054_5.jpg HTTP/1.1" 200 4941 "https://www.afish-ka.ru/cinema/films/6054/" "Mozilla/5.0 AppleWebKit/537.36 (KHTML, like Gecko; compatible; GPTBot/1.3; +https://openai.com/gptbot)"
74.7.227.21 - - [16/Apr/2026:00:51:23 +0200] "GET /images/s/actions/6054_2.jpg HTTP/1.1" 200 6370 "https://www.afish-ka.ru/cinema/films/6054/" "Mozilla/5.0 AppleWebKit/537.36 (KHTML, like Gecko; compatible; GPTBot/1.3; +https://openai.com/gptbot)"
74.7.227.21 - - [16/Apr/2026:00:51:23 +0200] "GET /images/s/actions/6052_5.jpg HTTP/1.1" 200 3790 "https://www.afish-ka.ru/cinema/films/6052/" "Mozilla/5.0 AppleWebKit/537.36 (KHTML, like Gecko; compatible; GPTBot/1.3; +https://openai.com/gptbot)"
74.7.227.21 - - [16/Apr/2026:00:51:24 +0200] "GET /images/b/actions/6048_1.jpg HTTP/1.1" 200 42719 "https://www.afish-ka.ru/cinema/films/6048/" "Mozilla/5.0 AppleWebKit/537.36 (KHTML, like Gecko; compatible; GPTBot/1.3; +https://openai.com/gptbot)"
74.7.227.21 - - [16/Apr/2026:00:51:24 +0200] "GET /images/b/actions/6048_4.jpg HTTP/1.1" 200 81466 "https://www.afish-ka.ru/cinema/films/6048/" "Mozilla/5.0 AppleWebKit/537.36 (KHTML, like Gecko; compatible; GPTBot/1.3; +https://openai.com/gptbot)"
74.7.227.21 - - [16/Apr/2026:00:51:25 +0200] "GET /images/b/actions/6052_2.jpg HTTP/1.1" 200 32863 "https://www.afish-ka.ru/cinema/films/6052/" "Mozilla/5.0 AppleWebKit/537.36 (KHTML, like Gecko; compatible; GPTBot/1.3; +https://openai.com/gptbot)"
74.7.227.21 - - [16/Apr/2026:00:51:26 +0200] "GET /images/b/actions/6054_2.jpg HTTP/1.1" 200 45771 "https://www.afish-ka.ru/cinema/films/6054/" "Mozilla/5.0 AppleWebKit/537.36 (KHTML, like Gecko; compatible; GPTBot/1.3; +https://openai.com/gptbot)"
74.7.227.21 - - [16/Apr/2026:00:51:26 +0200] "GET /images/b/actions/6048_3.jpg HTTP/1.1" 200 30140 "https://www.afish-ka.ru/cinema/films/6048/" "Mozilla/5.0 AppleWebKit/537.36 (KHTML, like Gecko; compatible; GPTBot/1.3; +https://openai.com/gptbot)"
74.7.227.21 - - [16/Apr/2026:00:51:27 +0200] "GET /images/s/actions/6056_2.jpg HTTP/1.1" 200 5701 "https://www.afish-ka.ru/cinema/films/6056/" "Mozilla/5.0 AppleWebKit/537.36 (KHTML, like Gecko; compatible; GPTBot/1.3; +https://openai.com/gptbot)"
74.7.227.21 - - [16/Apr/2026:00:51:27 +0200] "GET /images/b/actions/6054_1.jpg HTTP/1.1" 200 63124 "https://www.afish-ka.ru/cinema/films/6054/" "Mozilla/5.0 AppleWebKit/537.36 (KHTML, like Gecko; compatible; GPTBot/1.3; +https://openai.com/gptbot)"
74.7.227.21 - - [16/Apr/2026:00:51:28 +0200] "GET /images/b/actions/6054_4.jpg HTTP/1.1" 200 53532 "https://www.afish-ka.ru/cinema/films/6054/" "Mozilla/5.0 AppleWebKit/537.36 (KHTML, like Gecko; compatible; GPTBot/1.3; +https://openai.com/gptbot)"
74.7.227.21 - - [16/Apr/2026:00:51:28 +0200] "GET /images/b/actions/6052_3.jpg HTTP/1.1" 200 28994 "https://www.afish-ka.ru/cinema/films/6052/" "Mozilla/5.0 AppleWebKit/537.36 (KHTML, like Gecko; compatible; GPTBot/1.3; +https://openai.com/gptbot)"
51.75.236.145 - - [16/Apr/2026:00:51:28 +0200] "GET /cafe/actions/2325/opinions/add/?parent=23209 HTTP/1.1" 200 9544 "-" "Mozilla/5.0 (compatible; AhrefsBot/7.0; +http://ahrefs.com/robot/)"
74.7.227.21 - - [16/Apr/2026:00:51:29 +0200] "GET /images/b/actions/6056_4.jpg HTTP/1.1" 200 50726 "https://www.afish-ka.ru/cinema/films/6056/" "Mozilla/5.0 AppleWebKit/537.36 (KHTML, like Gecko; compatible; GPTBot/1.3; +https://openai.com/gptbot)"
74.7.227.21 - - [16/Apr/2026:00:51:29 +0200] "GET /images/b/actions/6056_5.jpg HTTP/1.1" 200 34894 "https://www.afish-ka.ru/cinema/films/6056/" "Mozilla/5.0 AppleWebKit/537.36 (KHTML, like Gecko; compatible; GPTBot/1.3; +https://openai.com/gptbot)"
74.7.227.21 - - [16/Apr/2026:00:51:30 +0200] "GET /images/b/actions/6056_2.jpg HTTP/1.1" 200 59456 "https://www.afish-ka.ru/cinema/films/6056/" "Mozilla/5.0 AppleWebKit/537.36 (KHTML, like Gecko; compatible; GPTBot/1.3; +https://openai.com/gptbot)"
74.7.227.21 - - [16/Apr/2026:00:51:30 +0200] "GET /images/b/actions/6056_3.jpg HTTP/1.1" 200 35749 "https://www.afish-ka.ru/cinema/films/6056/" "Mozilla/5.0 AppleWebKit/537.36 (KHTML, like Gecko; compatible; GPTBot/1.3; +https://openai.com/gptbot)"
74.7.227.21 - - [16/Apr/2026:00:51:31 +0200] "GET /images/b/actions/6052_5.jpg HTTP/1.1" 200 31852 "https://www.afish-ka.ru/cinema/films/6052/" "Mozilla/5.0 AppleWebKit/537.36 (KHTML, like Gecko; compatible; GPTBot/1.3; +https://openai.com/gptbot)"
74.7.227.21 - - [16/Apr/2026:00:51:31 +0200] "GET /images/s/actions/6052_3.jpg HTTP/1.1" 200 4263 "https://www.afish-ka.ru/cinema/films/6052/" "Mozilla/5.0 AppleWebKit/537.36 (KHTML, like Gecko; compatible; GPTBot/1.3; +https://openai.com/gptbot)"
74.7.227.21 - - [16/Apr/2026:00:51:32 +0200] "GET /images/s/actions/6056_4.jpg HTTP/1.1" 200 6229 "https://www.afish-ka.ru/cinema/films/6056/" "Mozilla/5.0 AppleWebKit/537.36 (KHTML, like Gecko; compatible; GPTBot/1.3; +https://openai.com/gptbot)"
74.7.227.21 - - [16/Apr/2026:00:51:32 +0200] "GET /images/s/actions/6048_2.jpg HTTP/1.1" 200 4510 "https://www.afish-ka.ru/cinema/films/6048/" "Mozilla/5.0 AppleWebKit/537.36 (KHTML, like Gecko; compatible; GPTBot/1.3; +https://openai.com/gptbot)"
74.7.227.21 - - [16/Apr/2026:00:51:33 +0200] "GET /images/s/actions/6054_3.jpg HTTP/1.1" 200 5787 "https://www.afish-ka.ru/cinema/films/6054/" "Mozilla/5.0 AppleWebKit/537.36 (KHTML, like Gecko; compatible; GPTBot/1.3; +https://openai.com/gptbot)"
74.7.227.21 - - [16/Apr/2026:00:51:33 +0200] "GET /images/s/actions/6052_4.jpg HTTP/1.1" 200 3776 "https://www.afish-ka.ru/cinema/films/6052/" "Mozilla/5.0 AppleWebKit/537.36 (KHTML, like Gecko; compatible; GPTBot/1.3; +https://openai.com/gptbot)"
74.7.227.21 - - [16/Apr/2026:00:51:34 +0200] "GET /images/s/actions/6054_4.jpg HTTP/1.1" 200 6631 "https://www.afish-ka.ru/cinema/films/6054/" "Mozilla/5.0 AppleWebKit/537.36 (KHTML, like Gecko; compatible; GPTBot/1.3; +https://openai.com/gptbot)"
74.7.227.21 - - [16/Apr/2026:00:51:34 +0200] "GET /images/b/actions/6056_1.jpg HTTP/1.1" 200 53711 "https://www.afish-ka.ru/cinema/films/6056/" "Mozilla/5.0 AppleWebKit/537.36 (KHTML, like Gecko; compatible; GPTBot/1.3; +https://openai.com/gptbot)"
74.7.227.21 - - [16/Apr/2026:00:51:35 +0200] "GET /images/s/actions/6056_3.jpg HTTP/1.1" 200 5900 "https://www.afish-ka.ru/cinema/films/6056/" "Mozilla/5.0 AppleWebKit/537.36 (KHTML, like Gecko; compatible; GPTBot/1.3; +https://openai.com/gptbot)"
74.7.227.21 - - [16/Apr/2026:00:51:36 +0200] "GET /images/s/actions/6048_4.jpg HTTP/1.1" 200 6918 "https://www.afish-ka.ru/cinema/films/6048/" "Mozilla/5.0 AppleWebKit/537.36 (KHTML, like Gecko; compatible; GPTBot/1.3; +https://openai.com/gptbot)"
74.7.227.21 - - [16/Apr/2026:00:51:36 +0200] "GET /images/s/actions/6048_3.jpg HTTP/1.1" 200 3743 "https://www.afish-ka.ru/cinema/films/6048/" "Mozilla/5.0 AppleWebKit/537.36 (KHTML, like Gecko; compatible; GPTBot/1.3; +https://openai.com/gptbot)"
74.7.227.21 - - [16/Apr/2026:00:51:37 +0200] "GET /images/s/actions/6048_5.jpg HTTP/1.1" 200 5092 "https://www.afish-ka.ru/cinema/films/6048/" "Mozilla/5.0 AppleWebKit/537.36 (KHTML, like Gecko; compatible; GPTBot/1.3; +https://openai.com/gptbot)"
74.7.227.21 - - [16/Apr/2026:00:51:37 +0200] "GET /images/b/actions/6052_4.jpg HTTP/1.1" 200 20504 "https://www.afish-ka.ru/cinema/films/6052/" "Mozilla/5.0 AppleWebKit/537.36 (KHTML, like Gecko; compatible; GPTBot/1.3; +https://openai.com/gptbot)"
74.7.227.21 - - [16/Apr/2026:00:51:38 +0200] "GET /images/b/actions/6048_5.jpg HTTP/1.1" 200 71990 "https://www.afish-ka.ru/cinema/films/6048/" "Mozilla/5.0 AppleWebKit/537.36 (KHTML, like Gecko; compatible; GPTBot/1.3; +https://openai.com/gptbot)"
85.208.96.198 - - [16/Apr/2026:00:51:38 +0200] "GET /robots.txt HTTP/1.1" 200 4229 "-" "Mozilla/5.0 (compatible; SemrushBot/7~bl; +http://www.semrush.com/bot.html)"
74.7.227.21 - - [16/Apr/2026:00:51:38 +0200] "GET /images/s/actions/6052_2.jpg HTTP/1.1" 200 5283 "https://www.afish-ka.ru/cinema/films/6052/" "Mozilla/5.0 AppleWebKit/537.36 (KHTML, like Gecko; compatible; GPTBot/1.3; +https://openai.com/gptbot)"
74.7.227.21 - - [16/Apr/2026:00:51:39 +0200] "GET /images/b/actions/6052_1.jpg HTTP/1.1" 200 26206 "https://www.afish-ka.ru/cinema/films/6052/" "Mozilla/5.0 AppleWebKit/537.36 (KHTML, like Gecko; compatible; GPTBot/1.3; +https://openai.com/gptbot)"
85.208.96.200 - - [16/Apr/2026:00:51:38 +0200] "GET /cinema/films/1051/opinions/add/?parent=10411 HTTP/1.1" 200 9524 "-" "Mozilla/5.0 (compatible; SemrushBot/7~bl; +http://www.semrush.com/bot.html)"
74.7.227.21 - - [16/Apr/2026:00:51:39 +0200] "GET /images/b/actions/6054_3.jpg HTTP/1.1" 200 38829 "https://www.afish-ka.ru/cinema/films/6054/" "Mozilla/5.0 AppleWebKit/537.36 (KHTML, like Gecko; compatible; GPTBot/1.3; +https://openai.com/gptbot)"
74.7.227.21 - - [16/Apr/2026:00:51:40 +0200] "GET /images/b/actions/6054_5.jpg HTTP/1.1" 200 32463 "https://www.afish-ka.ru/cinema/films/6054/" "Mozilla/5.0 AppleWebKit/537.36 (KHTML, like Gecko; compatible; GPTBot/1.3; +https://openai.com/gptbot)"
74.7.227.21 - - [16/Apr/2026:00:51:40 +0200] "GET /images/s/actions/1991_1.jpg HTTP/1.1" 200 7744 "https://www.afish-ka.ru/31-03-2012/" "Mozilla/5.0 AppleWebKit/537.36 (KHTML, like Gecko; compatible; GPTBot/1.3; +https://openai.com/gptbot)"
74.7.227.21 - - [16/Apr/2026:00:51:41 +0200] "GET /images/s/actions/6056_5.jpg HTTP/1.1" 200 4965 "https://www.afish-ka.ru/cinema/films/6056/" "Mozilla/5.0 AppleWebKit/537.36 (KHTML, like Gecko; compatible; GPTBot/1.3; +https://openai.com/gptbot)"
121.37.107.56 - - [16/Apr/2026:00:51:40 +0200] "GET /cinema/films/5037/cinema/films/5037/opinions HTTP/1.1" 200 7804 "-" "Mozilla/5.0 (Macintosh; Intel Mac OS X 10_15_7) AppleWebKit/537.36 (KHTML, like Gecko) Chrome/144.0.0.0 Safari/537.36"
74.7.227.21 - - [16/Apr/2026:00:51:41 +0200] "GET /images/s/posters/6048.jpg HTTP/1.1" 200 13550 "https://www.afish-ka.ru/cinema/films/6048/" "Mozilla/5.0 AppleWebKit/537.36 (KHTML, like Gecko; compatible; GPTBot/1.3; +https://openai.com/gptbot)"
74.7.227.21 - - [16/Apr/2026:00:51:42 +0200] "GET /images/s/posters/6052.jpg HTTP/1.1" 200 9236 "https://www.afish-ka.ru/cinema/films/6052/" "Mozilla/5.0 AppleWebKit/537.36 (KHTML, like Gecko; compatible; GPTBot/1.3; +https://openai.com/gptbot)"
74.7.227.21 - - [16/Apr/2026:00:51:42 +0200] "GET /images/b/posters/6052.jpg HTTP/1.1" 200 57174 "https://www.afish-ka.ru/cinema/films/6052/" "Mozilla/5.0 AppleWebKit/537.36 (KHTML, like Gecko; compatible; GPTBot/1.3; +https://openai.com/gptbot)"
74.7.227.21 - - [16/Apr/2026:00:51:43 +0200] "GET /images/s/posters/6056.jpg HTTP/1.1" 200 13153 "https://www.afish-ka.ru/cinema/films/6056/" "Mozilla/5.0 AppleWebKit/537.36 (KHTML, like Gecko; compatible; GPTBot/1.3; +https://openai.com/gptbot)"
74.7.227.21 - - [16/Apr/2026:00:51:43 +0200] "GET /images/b/posters/6048.jpg HTTP/1.1" 200 100107 "https://www.afish-ka.ru/cinema/films/6048/" "Mozilla/5.0 AppleWebKit/537.36 (KHTML, like Gecko; compatible; GPTBot/1.3; +https://openai.com/gptbot)"
74.7.227.21 - - [16/Apr/2026:00:51:44 +0200] "GET /images/s/posters/6054.jpg HTTP/1.1" 200 17045 "https://www.afish-ka.ru/cinema/films/6054/" "Mozilla/5.0 AppleWebKit/537.36 (KHTML, like Gecko; compatible; GPTBot/1.3; +https://openai.com/gptbot)"
74.7.227.21 - - [16/Apr/2026:00:51:44 +0200] "GET /images/b/posters/6056.jpg HTTP/1.1" 200 53191 "https://www.afish-ka.ru/cinema/films/6056/" "Mozilla/5.0 AppleWebKit/537.36 (KHTML, like Gecko; compatible; GPTBot/1.3; +https://openai.com/gptbot)"
74.7.227.21 - - [16/Apr/2026:00:51:45 +0200] "GET /images/b/posters/6054.jpg HTTP/1.1" 200 83968 "https://www.afish-ka.ru/cinema/films/6054/" "Mozilla/5.0 AppleWebKit/537.36 (KHTML, like Gecko; compatible; GPTBot/1.3; +https://openai.com/gptbot)"
185.191.171.7 - - [16/Apr/2026:00:51:45 +0200] "GET /20-11-2014/ HTTP/1.1" 200 11847 "-" "Mozilla/5.0 (compatible; SemrushBot/7~bl; +http://www.semrush.com/bot.html)"
74.7.227.21 - - [16/Apr/2026:00:51:45 +0200] "GET /28-01-2021/ HTTP/1.1" 200 10747 "https://www.afish-ka.ru/cinema/films/5755/" "Mozilla/5.0 AppleWebKit/537.36 (KHTML, like Gecko; compatible; GPTBot/1.3; +https://openai.com/gptbot)"
74.7.227.21 - - [16/Apr/2026:00:51:46 +0200] "GET /12-06-2012/ HTTP/1.1" 200 7141 "https://www.afish-ka.ru/08-05-2012/" "Mozilla/5.0 AppleWebKit/537.36 (KHTML, like Gecko; compatible; GPTBot/1.3; +https://openai.com/gptbot)"
74.7.227.21 - - [16/Apr/2026:00:51:47 +0200] "GET /09-05-2008/ HTTP/1.1" 200 7031 "https://www.afish-ka.ru/21-05-2008/" "Mozilla/5.0 AppleWebKit/537.36 (KHTML, like Gecko; compatible; GPTBot/1.3; +https://openai.com/gptbot)"
74.7.227.21 - - [16/Apr/2026:00:51:48 +0200] "GET /03-01-2010/ HTTP/1.1" 200 7344 "https://www.afish-ka.ru/27-12-2009/" "Mozilla/5.0 AppleWebKit/537.36 (KHTML, like Gecko; compatible; GPTBot/1.3; +https://openai.com/gptbot)"
74.7.227.21 - - [16/Apr/2026:00:51:48 +0200] "GET /07-01-2008/ HTTP/1.1" 200 7172 "https://www.afish-ka.ru/14-01-2008/" "Mozilla/5.0 AppleWebKit/537.36 (KHTML, like Gecko; compatible; GPTBot/1.3; +https://openai.com/gptbot)"
74.7.227.21 - - [16/Apr/2026:00:51:49 +0200] "GET /13-11-2021/ HTTP/1.1" 200 9324 "https://www.afish-ka.ru/18-11-2021/" "Mozilla/5.0 AppleWebKit/537.36 (KHTML, like Gecko; compatible; GPTBot/1.3; +https://openai.com/gptbot)"
74.7.227.21 - - [16/Apr/2026:00:51:50 +0200] "GET /02-03-2008/ HTTP/1.1" 200 7489 "https://www.afish-ka.ru/14-03-2008/" "Mozilla/5.0 AppleWebKit/537.36 (KHTML, like Gecko; compatible; GPTBot/1.3; +https://openai.com/gptbot)"
92.222.108.115 - - [16/Apr/2026:00:51:50 +0200] "GET /cinema/films/5296/opinions/ HTTP/1.1" 200 9343 "-" "Mozilla/5.0 (compatible; AhrefsBot/7.0; +http://ahrefs.com/robot/)"
74.7.227.21 - - [16/Apr/2026:00:51:50 +0200] "GET /18-10-2011/ HTTP/1.1" 200 8166 "https://www.afish-ka.ru/13-09-2011/" "Mozilla/5.0 AppleWebKit/537.36 (KHTML, like Gecko; compatible; GPTBot/1.3; +https://openai.com/gptbot)"
74.7.227.21 - - [16/Apr/2026:00:51:51 +0200] "GET /04-05-2007/ HTTP/1.1" 200 6783 "https://www.afish-ka.ru/13-05-2007/" "Mozilla/5.0 AppleWebKit/537.36 (KHTML, like Gecko; compatible; GPTBot/1.3; +https://openai.com/gptbot)"
74.7.227.21 - - [16/Apr/2026:00:51:51 +0200] "GET /03-06-2008/ HTTP/1.1" 200 6737 "https://www.afish-ka.ru/17-06-2008/" "Mozilla/5.0 AppleWebKit/537.36 (KHTML, like Gecko; compatible; GPTBot/1.3; +https://openai.com/gptbot)"
74.7.227.21 - - [16/Apr/2026:00:51:52 +0200] "GET /26-02-2021/ HTTP/1.1" 200 9894 "https://www.afish-ka.ru/14-03-2021/" "Mozilla/5.0 AppleWebKit/537.36 (KHTML, like Gecko; compatible; GPTBot/1.3; +https://openai.com/gptbot)"
74.7.227.21 - - [16/Apr/2026:00:51:54 +0200] "GET /26-10-2010/ HTTP/1.1" 200 9013 "https://www.afish-ka.ru/28-10-2010/" "Mozilla/5.0 AppleWebKit/537.36 (KHTML, like Gecko; compatible; GPTBot/1.3; +https://openai.com/gptbot)"
74.7.227.21 - - [16/Apr/2026:00:51:54 +0200] "GET /images/s/actions/2074_1.jpg HTTP/1.1" 200 13782 "https://www.afish-ka.ru/12-06-2012/" "Mozilla/5.0 AppleWebKit/537.36 (KHTML, like Gecko; compatible; GPTBot/1.3; +https://openai.com/gptbot)"
74.7.227.21 - - [16/Apr/2026:00:51:55 +0200] "GET /08-02-2011/ HTTP/1.1" 200 8709 "https://www.afish-ka.ru/14-02-2011/" "Mozilla/5.0 AppleWebKit/537.36 (KHTML, like Gecko; compatible; GPTBot/1.3; +https://openai.com/gptbot)"
74.7.227.21 - - [16/Apr/2026:00:51:55 +0200] "GET /01-04-2009/ HTTP/1.1" 200 7371 "https://www.afish-ka.ru/18-04-2009/" "Mozilla/5.0 AppleWebKit/537.36 (KHTML, like Gecko; compatible; GPTBot/1.3; +https://openai.com/gptbot)"
74.7.227.21 - - [16/Apr/2026:00:51:56 +0200] "GET /18-01-2008/ HTTP/1.1" 200 7409 "https://www.afish-ka.ru/31-01-2008/" "Mozilla/5.0 AppleWebKit/537.36 (KHTML, like Gecko; compatible; GPTBot/1.3; +https://openai.com/gptbot)"
74.7.227.21 - - [16/Apr/2026:00:51:56 +0200] "GET /cinema/films/6025/ HTTP/1.1" 200 6740 "https://www.afish-ka.ru/13-11-2021/" "Mozilla/5.0 AppleWebKit/537.36 (KHTML, like Gecko; compatible; GPTBot/1.3; +https://openai.com/gptbot)"
74.7.227.21 - - [16/Apr/2026:00:51:57 +0200] "GET /cinema/films/6023/ HTTP/1.1" 200 6891 "https://www.afish-ka.ru/13-11-2021/" "Mozilla/5.0 AppleWebKit/537.36 (KHTML, like Gecko; compatible; GPTBot/1.3; +https://openai.com/gptbot)"
74.7.227.21 - - [16/Apr/2026:00:51:57 +0200] "GET /cinema/films/6026/ HTTP/1.1" 200 6825 "https://www.afish-ka.ru/13-11-2021/" "Mozilla/5.0 AppleWebKit/537.36 (KHTML, like Gecko; compatible; GPTBot/1.3; +https://openai.com/gptbot)"
74.7.227.21 - - [16/Apr/2026:00:51:58 +0200] "GET /01-05-2009/ HTTP/1.1" 200 7040 "https://www.afish-ka.ru/14-05-2009/" "Mozilla/5.0 AppleWebKit/537.36 (KHTML, like Gecko; compatible; GPTBot/1.3; +https://openai.com/gptbot)"
74.7.227.21 - - [16/Apr/2026:00:51:59 +0200] "GET /images/s/actions/6026_4.jpg HTTP/1.1" 200 3900 "https://www.afish-ka.ru/cinema/films/6026/" "Mozilla/5.0 AppleWebKit/537.36 (KHTML, like Gecko; compatible; GPTBot/1.3; +https://openai.com/gptbot)"
74.7.227.21 - - [16/Apr/2026:00:51:59 +0200] "GET /images/s/actions/6026_2.jpg HTTP/1.1" 200 5516 "https://www.afish-ka.ru/cinema/films/6026/" "Mozilla/5.0 AppleWebKit/537.36 (KHTML, like Gecko; compatible; GPTBot/1.3; +https://openai.com/gptbot)"
74.7.227.21 - - [16/Apr/2026:00:52:00 +0200] "GET /images/s/posters/6026.jpg HTTP/1.1" 200 7409 "https://www.afish-ka.ru/cinema/films/6026/" "Mozilla/5.0 AppleWebKit/537.36 (KHTML, like Gecko; compatible; GPTBot/1.3; +https://openai.com/gptbot)"
74.7.227.21 - - [16/Apr/2026:00:52:00 +0200] "GET /images/s/actions/6026_3.jpg HTTP/1.1" 200 5434 "https://www.afish-ka.ru/cinema/films/6026/" "Mozilla/5.0 AppleWebKit/537.36 (KHTML, like Gecko; compatible; GPTBot/1.3; +https://openai.com/gptbot)"
74.7.227.21 - - [16/Apr/2026:00:52:01 +0200] "GET /15-05-2010/ HTTP/1.1" 200 9706 "https://www.afish-ka.ru/19-06-2010/" "Mozilla/5.0 AppleWebKit/537.36 (KHTML, like Gecko; compatible; GPTBot/1.3; +https://openai.com/gptbot)"
74.7.227.21 - - [16/Apr/2026:00:52:02 +0200] "GET /08-01-2021/ HTTP/1.1" 200 9037 "https://www.afish-ka.ru/29-12-2020/" "Mozilla/5.0 AppleWebKit/537.36 (KHTML, like Gecko; compatible; GPTBot/1.3; +https://openai.com/gptbot)"
74.7.227.21 - - [16/Apr/2026:00:52:02 +0200] "GET /20-08-2009/ HTTP/1.1" 200 7026 "https://www.afish-ka.ru/31-08-2009/" "Mozilla/5.0 AppleWebKit/537.36 (KHTML, like Gecko; compatible; GPTBot/1.3; +https://openai.com/gptbot)"
74.7.227.21 - - [16/Apr/2026:00:52:03 +0200] "GET /05-07-2010/ HTTP/1.1" 200 7994 "https://www.afish-ka.ru/19-07-2010/" "Mozilla/5.0 AppleWebKit/537.36 (KHTML, like Gecko; compatible; GPTBot/1.3; +https://openai.com/gptbot)"
74.7.227.21 - - [16/Apr/2026:00:52:04 +0200] "GET /02-01-2018/ HTTP/1.1" 200 9582 "https://www.afish-ka.ru/24-12-2017/" "Mozilla/5.0 AppleWebKit/537.36 (KHTML, like Gecko; compatible; GPTBot/1.3; +https://openai.com/gptbot)"
74.7.227.21 - - [16/Apr/2026:00:52:05 +0200] "GET /21-09-2010/ HTTP/1.1" 200 8085 "https://www.afish-ka.ru/18-09-2010/" "Mozilla/5.0 AppleWebKit/537.36 (KHTML, like Gecko; compatible; GPTBot/1.3; +https://openai.com/gptbot)"
74.7.227.21 - - [16/Apr/2026:00:52:06 +0200] "GET /03-02-2010/ HTTP/1.1" 200 7310 "https://www.afish-ka.ru/21-02-2010/" "Mozilla/5.0 AppleWebKit/537.36 (KHTML, like Gecko; compatible; GPTBot/1.3; +https://openai.com/gptbot)"
74.7.227.21 - - [16/Apr/2026:00:52:06 +0200] "GET /images/s/actions/6025_2.jpg HTTP/1.1" 200 6957 "https://www.afish-ka.ru/cinema/films/6025/" "Mozilla/5.0 AppleWebKit/537.36 (KHTML, like Gecko; compatible; GPTBot/1.3; +https://openai.com/gptbot)"
74.7.227.21 - - [16/Apr/2026:00:52:07 +0200] "GET /images/s/actions/6023_2.jpg HTTP/1.1" 200 4649 "https://www.afish-ka.ru/cinema/films/6023/" "Mozilla/5.0 AppleWebKit/537.36 (KHTML, like Gecko; compatible; GPTBot/1.3; +https://openai.com/gptbot)"
74.7.227.21 - - [16/Apr/2026:00:52:07 +0200] "GET /images/b/actions/6026_3.jpg HTTP/1.1" 200 39719 "https://www.afish-ka.ru/cinema/films/6026/" "Mozilla/5.0 AppleWebKit/537.36 (KHTML, like Gecko; compatible; GPTBot/1.3; +https://openai.com/gptbot)"
74.7.227.21 - - [16/Apr/2026:00:52:08 +0200] "GET /images/b/actions/6026_1.jpg HTTP/1.1" 200 27490 "https://www.afish-ka.ru/cinema/films/6026/" "Mozilla/5.0 AppleWebKit/537.36 (KHTML, like Gecko; compatible; GPTBot/1.3; +https://openai.com/gptbot)"
74.7.227.21 - - [16/Apr/2026:00:52:08 +0200] "GET /images/b/actions/6026_2.jpg HTTP/1.1" 200 35871 "https://www.afish-ka.ru/cinema/films/6026/" "Mozilla/5.0 AppleWebKit/537.36 (KHTML, like Gecko; compatible; GPTBot/1.3; +https://openai.com/gptbot)"
74.7.227.21 - - [16/Apr/2026:00:52:09 +0200] "GET /images/b/actions/6026_4.jpg HTTP/1.1" 200 22993 "https://www.afish-ka.ru/cinema/films/6026/" "Mozilla/5.0 AppleWebKit/537.36 (KHTML, like Gecko; compatible; GPTBot/1.3; +https://openai.com/gptbot)"
74.7.227.21 - - [16/Apr/2026:00:52:09 +0200] "GET /images/b/actions/6023_2.jpg HTTP/1.1" 200 47912 "https://www.afish-ka.ru/cinema/films/6023/" "Mozilla/5.0 AppleWebKit/537.36 (KHTML, like Gecko; compatible; GPTBot/1.3; +https://openai.com/gptbot)"
74.7.227.21 - - [16/Apr/2026:00:52:10 +0200] "GET /images/s/actions/6025_5.jpg HTTP/1.1" 200 5902 "https://www.afish-ka.ru/cinema/films/6025/" "Mozilla/5.0 AppleWebKit/537.36 (KHTML, like Gecko; compatible; GPTBot/1.3; +https://openai.com/gptbot)"
74.7.227.21 - - [16/Apr/2026:00:52:10 +0200] "GET /images/s/actions/6025_4.jpg HTTP/1.1" 200 7596 "https://www.afish-ka.ru/cinema/films/6025/" "Mozilla/5.0 AppleWebKit/537.36 (KHTML, like Gecko; compatible; GPTBot/1.3; +https://openai.com/gptbot)"
74.7.227.21 - - [16/Apr/2026:00:52:11 +0200] "GET /images/b/actions/6023_1.jpg HTTP/1.1" 200 61618 "https://www.afish-ka.ru/cinema/films/6023/" "Mozilla/5.0 AppleWebKit/537.36 (KHTML, like Gecko; compatible; GPTBot/1.3; +https://openai.com/gptbot)"
74.7.227.21 - - [16/Apr/2026:00:52:11 +0200] "GET /images/b/actions/6025_2.jpg HTTP/1.1" 200 46181 "https://www.afish-ka.ru/cinema/films/6025/" "Mozilla/5.0 AppleWebKit/537.36 (KHTML, like Gecko; compatible; GPTBot/1.3; +https://openai.com/gptbot)"
74.7.227.21 - - [16/Apr/2026:00:52:12 +0200] "GET /images/s/actions/6023_5.jpg HTTP/1.1" 200 4761 "https://www.afish-ka.ru/cinema/films/6023/" "Mozilla/5.0 AppleWebKit/537.36 (KHTML, like Gecko; compatible; GPTBot/1.3; +https://openai.com/gptbot)"
74.7.227.21 - - [16/Apr/2026:00:52:12 +0200] "GET /images/b/actions/6025_3.jpg HTTP/1.1" 200 55999 "https://www.afish-ka.ru/cinema/films/6025/" "Mozilla/5.0 AppleWebKit/537.36 (KHTML, like Gecko; compatible; GPTBot/1.3; +https://openai.com/gptbot)"
74.7.227.21 - - [16/Apr/2026:00:52:13 +0200] "GET /images/b/actions/6023_4.jpg HTTP/1.1" 200 109664 "https://www.afish-ka.ru/cinema/films/6023/" "Mozilla/5.0 AppleWebKit/537.36 (KHTML, like Gecko; compatible; GPTBot/1.3; +https://openai.com/gptbot)"
74.7.227.21 - - [16/Apr/2026:00:52:13 +0200] "GET /images/b/actions/6025_1.jpg HTTP/1.1" 200 29321 "https://www.afish-ka.ru/cinema/films/6025/" "Mozilla/5.0 AppleWebKit/537.36 (KHTML, like Gecko; compatible; GPTBot/1.3; +https://openai.com/gptbot)"
74.7.227.21 - - [16/Apr/2026:00:52:14 +0200] "GET /images/b/actions/6025_5.jpg HTTP/1.1" 200 51286 "https://www.afish-ka.ru/cinema/films/6025/" "Mozilla/5.0 AppleWebKit/537.36 (KHTML, like Gecko; compatible; GPTBot/1.3; +https://openai.com/gptbot)"
74.7.227.21 - - [16/Apr/2026:00:52:14 +0200] "GET /images/s/actions/6025_3.jpg HTTP/1.1" 200 7471 "https://www.afish-ka.ru/cinema/films/6025/" "Mozilla/5.0 AppleWebKit/537.36 (KHTML, like Gecko; compatible; GPTBot/1.3; +https://openai.com/gptbot)"
74.7.227.21 - - [16/Apr/2026:00:52:15 +0200] "GET /images/b/actions/6023_5.jpg HTTP/1.1" 200 46691 "https://www.afish-ka.ru/cinema/films/6023/" "Mozilla/5.0 AppleWebKit/537.36 (KHTML, like Gecko; compatible; GPTBot/1.3; +https://openai.com/gptbot)"
74.7.227.21 - - [16/Apr/2026:00:52:16 +0200] "GET /images/b/actions/6023_3.jpg HTTP/1.1" 200 61245 "https://www.afish-ka.ru/cinema/films/6023/" "Mozilla/5.0 AppleWebKit/537.36 (KHTML, like Gecko; compatible; GPTBot/1.3; +https://openai.com/gptbot)"
74.7.227.21 - - [16/Apr/2026:00:52:16 +0200] "GET /images/s/actions/6023_4.jpg HTTP/1.1" 200 6764 "https://www.afish-ka.ru/cinema/films/6023/" "Mozilla/5.0 AppleWebKit/537.36 (KHTML, like Gecko; compatible; GPTBot/1.3; +https://openai.com/gptbot)"
176.31.139.29 - - [16/Apr/2026:00:52:16 +0200] "GET /cinema/films/742/opinions/add/?parent=6258 HTTP/1.1" 200 9533 "-" "Mozilla/5.0 (compatible; AhrefsBot/7.0; +http://ahrefs.com/robot/)"
74.7.227.21 - - [16/Apr/2026:00:52:17 +0200] "GET /images/b/actions/6025_4.jpg HTTP/1.1" 200 51145 "https://www.afish-ka.ru/cinema/films/6025/" "Mozilla/5.0 AppleWebKit/537.36 (KHTML, like Gecko; compatible; GPTBot/1.3; +https://openai.com/gptbot)"
74.7.227.21 - - [16/Apr/2026:00:52:17 +0200] "GET /images/s/actions/6023_3.jpg HTTP/1.1" 200 5318 "https://www.afish-ka.ru/cinema/films/6023/" "Mozilla/5.0 AppleWebKit/537.36 (KHTML, like Gecko; compatible; GPTBot/1.3; +https://openai.com/gptbot)"
74.7.227.21 - - [16/Apr/2026:00:52:18 +0200] "GET /images/b/posters/6025.jpg HTTP/1.1" 200 124005 "https://www.afish-ka.ru/cinema/films/6025/" "Mozilla/5.0 AppleWebKit/537.36 (KHTML, like Gecko; compatible; GPTBot/1.3; +https://openai.com/gptbot)"
74.7.227.21 - - [16/Apr/2026:00:52:18 +0200] "GET /images/b/posters/6026.jpg HTTP/1.1" 200 35555 "https://www.afish-ka.ru/cinema/films/6026/" "Mozilla/5.0 AppleWebKit/537.36 (KHTML, like Gecko; compatible; GPTBot/1.3; +https://openai.com/gptbot)"
74.7.227.21 - - [16/Apr/2026:00:52:19 +0200] "GET /images/s/posters/6023.jpg HTTP/1.1" 200 8791 "https://www.afish-ka.ru/cinema/films/6023/" "Mozilla/5.0 AppleWebKit/537.36 (KHTML, like Gecko; compatible; GPTBot/1.3; +https://openai.com/gptbot)"
74.7.227.21 - - [16/Apr/2026:00:52:19 +0200] "GET /images/s/posters/6025.jpg HTTP/1.1" 200 18244 "https://www.afish-ka.ru/cinema/films/6025/" "Mozilla/5.0 AppleWebKit/537.36 (KHTML, like Gecko; compatible; GPTBot/1.3; +https://openai.com/gptbot)"
74.7.227.21 - - [16/Apr/2026:00:52:20 +0200] "GET /images/b/posters/6023.jpg HTTP/1.1" 200 44909 "https://www.afish-ka.ru/cinema/films/6023/" "Mozilla/5.0 AppleWebKit/537.36 (KHTML, like Gecko; compatible; GPTBot/1.3; +https://openai.com/gptbot)"
85.208.96.198 - - [16/Apr/2026:00:52:20 +0200] "GET /cinema/films/1325/opinions/add/?parent=14322 HTTP/1.1" 200 9513 "-" "Mozilla/5.0 (compatible; SemrushBot/7~bl; +http://www.semrush.com/bot.html)"
74.7.227.21 - - [16/Apr/2026:00:52:20 +0200] "GET /theater/actions/1099/ HTTP/1.1" 200 6820 "https://www.afish-ka.ru/21-09-2010/" "Mozilla/5.0 AppleWebKit/537.36 (KHTML, like Gecko; compatible; GPTBot/1.3; +https://openai.com/gptbot)"
43.152.156.40 - - [16/Apr/2026:00:52:20 +0200] "GET /cinema/films/5555/ HTTP/1.1" 200 10302 "-" "Mozilla/5.0 (Windows NT 10.0; Win64; x64) AppleWebKit/537.36 (KHTML, like Gecko) Chrome/142.0.0.0 Safari/537.36"
43.152.156.40 - - [16/Apr/2026:00:52:21 +0200] "GET /i/style.css HTTP/1.1" 200 1001 "https://www.afish-ka.ru/cinema/films/5555/" "Mozilla/5.0 (Windows NT 10.0; Win64; x64) AppleWebKit/537.36 (KHTML, like Gecko) Chrome/142.0.0.0 Safari/537.36"
43.152.156.40 - - [16/Apr/2026:00:52:21 +0200] "GET /i/mba/css/mba.css HTTP/1.1" 200 1384 "https://www.afish-ka.ru/cinema/films/5555/" "Mozilla/5.0 (Windows NT 10.0; Win64; x64) AppleWebKit/537.36 (KHTML, like Gecko) Chrome/142.0.0.0 Safari/537.36"
74.7.227.21 - - [16/Apr/2026:00:52:21 +0200] "GET /13-11-2011/ HTTP/1.1" 200 8502 "https://www.afish-ka.ru/09-10-2011/" "Mozilla/5.0 AppleWebKit/537.36 (KHTML, like Gecko; compatible; GPTBot/1.3; +https://openai.com/gptbot)"
43.152.156.40 - - [16/Apr/2026:00:52:21 +0200] "GET /i/mootools.js HTTP/1.1" 200 22484 "https://www.afish-ka.ru/cinema/films/5555/" "Mozilla/5.0 (Windows NT 10.0; Win64; x64) AppleWebKit/537.36 (KHTML, like Gecko) Chrome/142.0.0.0 Safari/537.36"
43.152.156.40 - - [16/Apr/2026:00:52:21 +0200] "GET /i/mba/js/mba.js HTTP/1.1" 200 10688 "https://www.afish-ka.ru/cinema/films/5555/" "Mozilla/5.0 (Windows NT 10.0; Win64; x64) AppleWebKit/537.36 (KHTML, like Gecko) Chrome/142.0.0.0 Safari/537.36"
74.7.227.21 - - [16/Apr/2026:00:52:22 +0200] "GET /07-12-2010/ HTTP/1.1" 200 8648 "https://www.afish-ka.ru/25-12-2010/" "Mozilla/5.0 AppleWebKit/537.36 (KHTML, like Gecko; compatible; GPTBot/1.3; +https://openai.com/gptbot)"
185.191.171.3 - - [16/Apr/2026:00:52:22 +0200] "GET /links.php?go=https%3A%2F%2Fassnowi51-9.weebly.com%2F HTTP/1.1" 200 5786 "-" "Mozilla/5.0 (compatible; SemrushBot/7~bl; +http://www.semrush.com/bot.html)"
74.7.227.21 - - [16/Apr/2026:00:52:22 +0200] "GET /29-08-2008/ HTTP/1.1" 200 7165 "https://www.afish-ka.ru/11-09-2008/" "Mozilla/5.0 AppleWebKit/537.36 (KHTML, like Gecko; compatible; GPTBot/1.3; +https://openai.com/gptbot)"
74.7.227.21 - - [16/Apr/2026:00:52:23 +0200] "GET /17-10-2007/ HTTP/1.1" 200 6938 "https://www.afish-ka.ru/26-10-2007/" "Mozilla/5.0 AppleWebKit/537.36 (KHTML, like Gecko; compatible; GPTBot/1.3; +https://openai.com/gptbot)"
74.7.227.21 - - [16/Apr/2026:00:52:23 +0200] "GET /20-10-2013/ HTTP/1.1" 200 8183 "https://www.afish-ka.ru/24-10-2013/" "Mozilla/5.0 AppleWebKit/537.36 (KHTML, like Gecko; compatible; GPTBot/1.3; +https://openai.com/gptbot)"
74.7.227.21 - - [16/Apr/2026:00:52:24 +0200] "GET /23-03-2009/ HTTP/1.1" 200 6826 "https://www.afish-ka.ru/27-04-2009/" "Mozilla/5.0 AppleWebKit/537.36 (KHTML, like Gecko; compatible; GPTBot/1.3; +https://openai.com/gptbot)"
74.7.227.21 - - [16/Apr/2026:00:52:25 +0200] "GET /05-07-2008/ HTTP/1.1" 200 6118 "https://www.afish-ka.ru/13-07-2008/" "Mozilla/5.0 AppleWebKit/537.36 (KHTML, like Gecko; compatible; GPTBot/1.3; +https://openai.com/gptbot)"
74.7.227.21 - - [16/Apr/2026:00:52:25 +0200] "GET /04-10-2014/ HTTP/1.1" 200 9021 "https://www.afish-ka.ru/05-10-2014/" "Mozilla/5.0 AppleWebKit/537.36 (KHTML, like Gecko; compatible; GPTBot/1.3; +https://openai.com/gptbot)"
74.7.227.21 - - [16/Apr/2026:00:52:26 +0200] "GET /19-11-2015/ HTTP/1.1" 200 9995 "https://www.afish-ka.ru/23-11-2015/" "Mozilla/5.0 AppleWebKit/537.36 (KHTML, like Gecko; compatible; GPTBot/1.3; +https://openai.com/gptbot)"
74.7.227.21 - - [16/Apr/2026:00:52:26 +0200] "GET /13-11-2019/ HTTP/1.1" 200 9216 "https://www.afish-ka.ru/06-11-2019/" "Mozilla/5.0 AppleWebKit/537.36 (KHTML, like Gecko; compatible; GPTBot/1.3; +https://openai.com/gptbot)"
74.7.227.21 - - [16/Apr/2026:00:52:27 +0200] "GET /20-03-2012/ HTTP/1.1" 200 8022 "https://www.afish-ka.ru/14-03-2012/" "Mozilla/5.0 AppleWebKit/537.36 (KHTML, like Gecko; compatible; GPTBot/1.3; +https://openai.com/gptbot)"
74.7.227.21 - - [16/Apr/2026:00:52:28 +0200] "GET /images/s/actions/1780_1.jpg HTTP/1.1" 200 8054 "https://www.afish-ka.ru/13-11-2011/" "Mozilla/5.0 AppleWebKit/537.36 (KHTML, like Gecko; compatible; GPTBot/1.3; +https://openai.com/gptbot)"
74.7.227.21 - - [16/Apr/2026:00:52:28 +0200] "GET /images/s/actions/1232_1.jpg HTTP/1.1" 200 6073 "https://www.afish-ka.ru/07-12-2010/" "Mozilla/5.0 AppleWebKit/537.36 (KHTML, like Gecko; compatible; GPTBot/1.3; +https://openai.com/gptbot)"
74.7.227.21 - - [16/Apr/2026:00:52:29 +0200] "GET /cinema/films/1247/ HTTP/1.1" 200 6810 "https://www.afish-ka.ru/07-12-2010/" "Mozilla/5.0 AppleWebKit/537.36 (KHTML, like Gecko; compatible; GPTBot/1.3; +https://openai.com/gptbot)"
185.191.171.16 - - [16/Apr/2026:00:52:29 +0200] "GET /links.php?go=http%3A%2F%2Fgalsportbettinggpd.journalnewsnet.com%2Ffootball-ideas HTTP/1.1" 200 9592 "-" "Mozilla/5.0 (compatible; SemrushBot/7~bl; +http://www.semrush.com/bot.html)"
74.7.227.21 - - [16/Apr/2026:00:52:30 +0200] "GET /cinema/films/1248/ HTTP/1.1" 200 6490 "https://www.afish-ka.ru/07-12-2010/" "Mozilla/5.0 AppleWebKit/537.36 (KHTML, like Gecko; compatible; GPTBot/1.3; +https://openai.com/gptbot)"
74.7.227.21 - - [16/Apr/2026:00:52:30 +0200] "GET /images/s/actions/3010_1.jpg HTTP/1.1" 200 8588 "https://www.afish-ka.ru/20-10-2013/" "Mozilla/5.0 AppleWebKit/537.36 (KHTML, like Gecko; compatible; GPTBot/1.3; +https://openai.com/gptbot)"
116.179.32.158 - - [16/Apr/2026:00:52:31 +0200] "GET /images/s/actions/5165_1.jpg HTTP/1.1" 200 9811 "-" "Baiduspider-image+(+http://www.baidu.com/search/spider.htm)"
74.7.227.21 - - [16/Apr/2026:00:52:31 +0200] "GET /cinema/films/1745/ HTTP/1.1" 200 6728 "https://www.afish-ka.ru/13-11-2011/" "Mozilla/5.0 AppleWebKit/537.36 (KHTML, like Gecko; compatible; GPTBot/1.3; +https://openai.com/gptbot)"
94.23.188.217 - - [16/Apr/2026:00:52:31 +0200] "GET /concert_hall/151/opinions/add/?parent=22190 HTTP/1.1" 200 9531 "-" "Mozilla/5.0 (compatible; AhrefsBot/7.0; +http://ahrefs.com/robot/)"
74.7.227.21 - - [16/Apr/2026:00:52:31 +0200] "GET /cafe/actions/1784/ HTTP/1.1" 200 6167 "https://www.afish-ka.ru/13-11-2011/" "Mozilla/5.0 AppleWebKit/537.36 (KHTML, like Gecko; compatible; GPTBot/1.3; +https://openai.com/gptbot)"
74.7.227.21 - - [16/Apr/2026:00:52:32 +0200] "GET /images/s/actions/3287_1.jpg HTTP/1.1" 200 7849 "https://www.afish-ka.ru/04-10-2014/" "Mozilla/5.0 AppleWebKit/537.36 (KHTML, like Gecko; compatible; GPTBot/1.3; +https://openai.com/gptbot)"
74.7.227.21 - - [16/Apr/2026:00:52:33 +0200] "GET /cinema/films/1249/ HTTP/1.1" 200 6637 "https://www.afish-ka.ru/07-12-2010/" "Mozilla/5.0 AppleWebKit/537.36 (KHTML, like Gecko; compatible; GPTBot/1.3; +https://openai.com/gptbot)"
74.7.227.21 - - [16/Apr/2026:00:52:33 +0200] "GET /cinema/films/1780/ HTTP/1.1" 200 6633 "https://www.afish-ka.ru/13-11-2011/" "Mozilla/5.0 AppleWebKit/537.36 (KHTML, like Gecko; compatible; GPTBot/1.3; +https://openai.com/gptbot)"
74.7.227.21 - - [16/Apr/2026:00:52:34 +0200] "GET /cinema/films/1184/ HTTP/1.1" 200 6911 "https://www.afish-ka.ru/07-12-2010/" "Mozilla/5.0 AppleWebKit/537.36 (KHTML, like Gecko; compatible; GPTBot/1.3; +https://openai.com/gptbot)"
74.7.227.21 - - [16/Apr/2026:00:52:34 +0200] "GET /cinema/films/1272/ HTTP/1.1" 200 6813 "https://www.afish-ka.ru/07-12-2010/" "Mozilla/5.0 AppleWebKit/537.36 (KHTML, like Gecko; compatible; GPTBot/1.3; +https://openai.com/gptbot)"
74.7.227.21 - - [16/Apr/2026:00:52:35 +0200] "GET /cinema/films/1744/ HTTP/1.1" 200 6571 "https://www.afish-ka.ru/13-11-2011/" "Mozilla/5.0 AppleWebKit/537.36 (KHTML, like Gecko; compatible; GPTBot/1.3; +https://openai.com/gptbot)"
74.7.227.21 - - [16/Apr/2026:00:52:36 +0200] "GET /images/b/actions/1247_1.jpg HTTP/1.1" 200 39180 "https://www.afish-ka.ru/cinema/films/1247/" "Mozilla/5.0 AppleWebKit/537.36 (KHTML, like Gecko; compatible; GPTBot/1.3; +https://openai.com/gptbot)"
114.119.158.106 - - [16/Apr/2026:00:52:35 +0200] "GET /cafe/102/opinions/add/?parent=6474 HTTP/1.1" 200 9511 "https://www.afish-ka.ru/cafe/102/opinions/add?parent=25459" "Mozilla/5.0 (Linux; Android 7.0;) AppleWebKit/537.36 (KHTML, like Gecko) Mobile Safari/537.36 (compatible; PetalBot;+https://webmaster.petalsearch.com/site/petalbot)"
74.7.227.21 - - [16/Apr/2026:00:52:36 +0200] "GET /images/b/actions/1248_5.jpg HTTP/1.1" 200 40041 "https://www.afish-ka.ru/cinema/films/1248/" "Mozilla/5.0 AppleWebKit/537.36 (KHTML, like Gecko; compatible; GPTBot/1.3; +https://openai.com/gptbot)"
74.7.227.21 - - [16/Apr/2026:00:52:37 +0200] "GET /images/b/actions/1248_4.jpg HTTP/1.1" 200 25097 "https://www.afish-ka.ru/cinema/films/1248/" "Mozilla/5.0 AppleWebKit/537.36 (KHTML, like Gecko; compatible; GPTBot/1.3; +https://openai.com/gptbot)"
74.7.227.21 - - [16/Apr/2026:00:52:37 +0200] "GET /images/b/actions/1247_5.jpg HTTP/1.1" 200 41874 "https://www.afish-ka.ru/cinema/films/1247/" "Mozilla/5.0 AppleWebKit/537.36 (KHTML, like Gecko; compatible; GPTBot/1.3; +https://openai.com/gptbot)"
74.7.227.21 - - [16/Apr/2026:00:52:38 +0200] "GET /images/s/actions/1745_2.jpg HTTP/1.1" 200 7543 "https://www.afish-ka.ru/cinema/films/1745/" "Mozilla/5.0 AppleWebKit/537.36 (KHTML, like Gecko; compatible; GPTBot/1.3; +https://openai.com/gptbot)"
74.7.227.21 - - [16/Apr/2026:00:52:38 +0200] "GET /images/b/actions/1745_2.jpg HTTP/1.1" 200 24165 "https://www.afish-ka.ru/cinema/films/1745/" "Mozilla/5.0 AppleWebKit/537.36 (KHTML, like Gecko; compatible; GPTBot/1.3; +https://openai.com/gptbot)"
74.7.227.21 - - [16/Apr/2026:00:52:39 +0200] "GET /images/b/actions/1249_1.jpg HTTP/1.1" 200 38850 "https://www.afish-ka.ru/cinema/films/1249/" "Mozilla/5.0 AppleWebKit/537.36 (KHTML, like Gecko; compatible; GPTBot/1.3; +https://openai.com/gptbot)"
74.7.227.21 - - [16/Apr/2026:00:52:39 +0200] "GET /images/s/actions/1249_5.jpg HTTP/1.1" 200 7205 "https://www.afish-ka.ru/cinema/films/1249/" "Mozilla/5.0 AppleWebKit/537.36 (KHTML, like Gecko; compatible; GPTBot/1.3; +https://openai.com/gptbot)"
74.7.227.21 - - [16/Apr/2026:00:52:40 +0200] "GET /images/b/actions/1184_4.jpg HTTP/1.1" 200 33891 "https://www.afish-ka.ru/cinema/films/1184/" "Mozilla/5.0 AppleWebKit/537.36 (KHTML, like Gecko; compatible; GPTBot/1.3; +https://openai.com/gptbot)"
74.7.227.21 - - [16/Apr/2026:00:52:40 +0200] "GET /images/s/actions/1184_5.jpg HTTP/1.1" 200 7961 "https://www.afish-ka.ru/cinema/films/1184/" "Mozilla/5.0 AppleWebKit/537.36 (KHTML, like Gecko; compatible; GPTBot/1.3; +https://openai.com/gptbot)"
74.7.227.21 - - [16/Apr/2026:00:52:41 +0200] "GET /images/b/actions/1744_3.jpg HTTP/1.1" 200 15896 "https://www.afish-ka.ru/cinema/films/1744/" "Mozilla/5.0 AppleWebKit/537.36 (KHTML, like Gecko; compatible; GPTBot/1.3; +https://openai.com/gptbot)"
74.7.227.21 - - [16/Apr/2026:00:52:41 +0200] "GET /images/b/actions/1780_5.jpg HTTP/1.1" 200 31339 "https://www.afish-ka.ru/cinema/films/1780/" "Mozilla/5.0 AppleWebKit/537.36 (KHTML, like Gecko; compatible; GPTBot/1.3; +https://openai.com/gptbot)"
74.7.227.21 - - [16/Apr/2026:00:52:42 +0200] "GET /images/b/actions/1249_5.jpg HTTP/1.1" 200 48087 "https://www.afish-ka.ru/cinema/films/1249/" "Mozilla/5.0 AppleWebKit/537.36 (KHTML, like Gecko; compatible; GPTBot/1.3; +https://openai.com/gptbot)"
74.7.227.21 - - [16/Apr/2026:00:52:42 +0200] "GET /images/b/actions/1184_1.jpg HTTP/1.1" 200 40244 "https://www.afish-ka.ru/cinema/films/1184/" "Mozilla/5.0 AppleWebKit/537.36 (KHTML, like Gecko; compatible; GPTBot/1.3; +https://openai.com/gptbot)"
74.7.227.21 - - [16/Apr/2026:00:52:43 +0200] "GET /images/b/actions/1184_5.jpg HTTP/1.1" 200 51770 "https://www.afish-ka.ru/cinema/films/1184/" "Mozilla/5.0 AppleWebKit/537.36 (KHTML, like Gecko; compatible; GPTBot/1.3; +https://openai.com/gptbot)"
74.7.227.21 - - [16/Apr/2026:00:52:43 +0200] "GET /images/s/actions/1780_2.jpg HTTP/1.1" 200 5264 "https://www.afish-ka.ru/cinema/films/1780/" "Mozilla/5.0 AppleWebKit/537.36 (KHTML, like Gecko; compatible; GPTBot/1.3; +https://openai.com/gptbot)"
74.7.227.21 - - [16/Apr/2026:00:52:44 +0200] "GET /images/s/actions/1744_5.jpg HTTP/1.1" 200 7895 "https://www.afish-ka.ru/cinema/films/1744/" "Mozilla/5.0 AppleWebKit/537.36 (KHTML, like Gecko; compatible; GPTBot/1.3; +https://openai.com/gptbot)"
74.7.227.21 - - [16/Apr/2026:00:52:44 +0200] "GET /images/b/actions/1744_1.jpg HTTP/1.1" 200 18005 "https://www.afish-ka.ru/cinema/films/1744/" "Mozilla/5.0 AppleWebKit/537.36 (KHTML, like Gecko; compatible; GPTBot/1.3; +https://openai.com/gptbot)"
74.7.227.21 - - [16/Apr/2026:00:52:45 +0200] "GET /images/s/actions/1744_2.jpg HTTP/1.1" 200 8168 "https://www.afish-ka.ru/cinema/films/1744/" "Mozilla/5.0 AppleWebKit/537.36 (KHTML, like Gecko; compatible; GPTBot/1.3; +https://openai.com/gptbot)"
74.7.227.21 - - [16/Apr/2026:00:52:46 +0200] "GET /images/s/actions/1249_3.jpg HTTP/1.1" 200 6270 "https://www.afish-ka.ru/cinema/films/1249/" "Mozilla/5.0 AppleWebKit/537.36 (KHTML, like Gecko; compatible; GPTBot/1.3; +https://openai.com/gptbot)"
74.7.227.21 - - [16/Apr/2026:00:52:46 +0200] "GET /images/s/actions/1744_3.jpg HTTP/1.1" 200 6351 "https://www.afish-ka.ru/cinema/films/1744/" "Mozilla/5.0 AppleWebKit/537.36 (KHTML, like Gecko; compatible; GPTBot/1.3; +https://openai.com/gptbot)"
74.7.227.21 - - [16/Apr/2026:00:52:47 +0200] "GET /images/s/actions/1247_3.jpg HTTP/1.1" 200 6270 "https://www.afish-ka.ru/cinema/films/1247/" "Mozilla/5.0 AppleWebKit/537.36 (KHTML, like Gecko; compatible; GPTBot/1.3; +https://openai.com/gptbot)"
74.7.227.21 - - [16/Apr/2026:00:52:47 +0200] "GET /images/b/actions/1780_3.jpg HTTP/1.1" 200 19111 "https://www.afish-ka.ru/cinema/films/1780/" "Mozilla/5.0 AppleWebKit/537.36 (KHTML, like Gecko; compatible; GPTBot/1.3; +https://openai.com/gptbot)"
74.7.227.21 - - [16/Apr/2026:00:52:48 +0200] "GET /images/s/actions/1272_4.jpg HTTP/1.1" 200 6799 "https://www.afish-ka.ru/cinema/films/1272/" "Mozilla/5.0 AppleWebKit/537.36 (KHTML, like Gecko; compatible; GPTBot/1.3; +https://openai.com/gptbot)"
74.7.227.21 - - [16/Apr/2026:00:52:48 +0200] "GET /images/b/actions/1248_3.jpg HTTP/1.1" 200 49592 "https://www.afish-ka.ru/cinema/films/1248/" "Mozilla/5.0 AppleWebKit/537.36 (KHTML, like Gecko; compatible; GPTBot/1.3; +https://openai.com/gptbot)"
74.7.227.21 - - [16/Apr/2026:00:52:49 +0200] "GET /images/s/actions/1248_5.jpg HTTP/1.1" 200 6359 "https://www.afish-ka.ru/cinema/films/1248/" "Mozilla/5.0 AppleWebKit/537.36 (KHTML, like Gecko; compatible; GPTBot/1.3; +https://openai.com/gptbot)"
74.7.227.21 - - [16/Apr/2026:00:52:49 +0200] "GET /images/s/actions/1184_2.jpg HTTP/1.1" 200 5175 "https://www.afish-ka.ru/cinema/films/1184/" "Mozilla/5.0 AppleWebKit/537.36 (KHTML, like Gecko; compatible; GPTBot/1.3; +https://openai.com/gptbot)"
74.7.227.21 - - [16/Apr/2026:00:52:50 +0200] "GET /images/s/actions/1248_2.jpg HTTP/1.1" 200 6202 "https://www.afish-ka.ru/cinema/films/1248/" "Mozilla/5.0 AppleWebKit/537.36 (KHTML, like Gecko; compatible; GPTBot/1.3; +https://openai.com/gptbot)"
74.7.227.21 - - [16/Apr/2026:00:52:50 +0200] "GET /images/b/actions/1745_1.jpg HTTP/1.1" 200 14687 "https://www.afish-ka.ru/cinema/films/1745/" "Mozilla/5.0 AppleWebKit/537.36 (KHTML, like Gecko; compatible; GPTBot/1.3; +https://openai.com/gptbot)"
74.7.227.21 - - [16/Apr/2026:00:52:51 +0200] "GET /images/b/actions/1249_2.jpg HTTP/1.1" 200 25098 "https://www.afish-ka.ru/cinema/films/1249/" "Mozilla/5.0 AppleWebKit/537.36 (KHTML, like Gecko; compatible; GPTBot/1.3; +https://openai.com/gptbot)"
74.7.227.21 - - [16/Apr/2026:00:52:52 +0200] "GET /images/s/actions/1184_3.jpg HTTP/1.1" 200 11840 "https://www.afish-ka.ru/cinema/films/1184/" "Mozilla/5.0 AppleWebKit/537.36 (KHTML, like Gecko; compatible; GPTBot/1.3; +https://openai.com/gptbot)"
74.7.227.21 - - [16/Apr/2026:00:52:52 +0200] "GET /images/s/actions/1249_4.jpg HTTP/1.1" 200 5815 "https://www.afish-ka.ru/cinema/films/1249/" "Mozilla/5.0 AppleWebKit/537.36 (KHTML, like Gecko; compatible; GPTBot/1.3; +https://openai.com/gptbot)"
74.7.227.21 - - [16/Apr/2026:00:52:52 +0200] "GET /images/b/actions/1248_1.jpg HTTP/1.1" 200 30139 "https://www.afish-ka.ru/cinema/films/1248/" "Mozilla/5.0 AppleWebKit/537.36 (KHTML, like Gecko; compatible; GPTBot/1.3; +https://openai.com/gptbot)"
74.7.227.21 - - [16/Apr/2026:00:52:53 +0200] "GET /images/b/actions/1744_4.jpg HTTP/1.1" 200 17096 "https://www.afish-ka.ru/cinema/films/1744/" "Mozilla/5.0 AppleWebKit/537.36 (KHTML, like Gecko; compatible; GPTBot/1.3; +https://openai.com/gptbot)"
74.7.227.21 - - [16/Apr/2026:00:52:53 +0200] "GET /images/s/actions/1248_4.jpg HTTP/1.1" 200 6497 "https://www.afish-ka.ru/cinema/films/1248/" "Mozilla/5.0 AppleWebKit/537.36 (KHTML, like Gecko; compatible; GPTBot/1.3; +https://openai.com/gptbot)"
74.7.227.21 - - [16/Apr/2026:00:52:54 +0200] "GET /images/b/actions/1184_3.jpg HTTP/1.1" 200 56044 "https://www.afish-ka.ru/cinema/films/1184/" "Mozilla/5.0 AppleWebKit/537.36 (KHTML, like Gecko; compatible; GPTBot/1.3; +https://openai.com/gptbot)"
74.7.227.21 - - [16/Apr/2026:00:52:54 +0200] "GET /images/b/actions/1780_1.jpg HTTP/1.1" 200 24962 "https://www.afish-ka.ru/cinema/films/1780/" "Mozilla/5.0 AppleWebKit/537.36 (KHTML, like Gecko; compatible; GPTBot/1.3; +https://openai.com/gptbot)"
74.7.227.21 - - [16/Apr/2026:00:52:55 +0200] "GET /images/b/actions/1248_2.jpg HTTP/1.1" 200 37748 "https://www.afish-ka.ru/cinema/films/1248/" "Mozilla/5.0 AppleWebKit/537.36 (KHTML, like Gecko; compatible; GPTBot/1.3; +https://openai.com/gptbot)"
74.7.227.21 - - [16/Apr/2026:00:52:55 +0200] "GET /images/s/actions/1272_5.jpg HTTP/1.1" 200 7104 "https://www.afish-ka.ru/cinema/films/1272/" "Mozilla/5.0 AppleWebKit/537.36 (KHTML, like Gecko; compatible; GPTBot/1.3; +https://openai.com/gptbot)"
74.7.227.21 - - [16/Apr/2026:00:52:56 +0200] "GET /images/s/actions/1247_4.jpg HTTP/1.1" 200 6983 "https://www.afish-ka.ru/cinema/films/1247/" "Mozilla/5.0 AppleWebKit/537.36 (KHTML, like Gecko; compatible; GPTBot/1.3; +https://openai.com/gptbot)"
46.250.170.80 - - [16/Apr/2026:00:52:56 +0200] "GET /exhibition/actions/3176/exhibition/actions/3176/opinions/exhibition/actions/3176/opinions/ HTTP/1.1" 200 6462 "-" "Mozilla/5.0 (Windows NT 10.0; Win64; x64) AppleWebKit/537.36 (KHTML, like Gecko) Chrome/145.0.0.0 Safari/537.36"
74.7.227.21 - - [16/Apr/2026:00:52:56 +0200] "GET /images/b/actions/1272_2.jpg HTTP/1.1" 200 33339 "https://www.afish-ka.ru/cinema/films/1272/" "Mozilla/5.0 AppleWebKit/537.36 (KHTML, like Gecko; compatible; GPTBot/1.3; +https://openai.com/gptbot)"
74.7.227.21 - - [16/Apr/2026:00:52:57 +0200] "GET /images/s/actions/1780_4.jpg HTTP/1.1" 200 6150 "https://www.afish-ka.ru/cinema/films/1780/" "Mozilla/5.0 AppleWebKit/537.36 (KHTML, like Gecko; compatible; GPTBot/1.3; +https://openai.com/gptbot)"
74.7.227.21 - - [16/Apr/2026:00:52:58 +0200] "GET /images/s/actions/1247_2.jpg HTTP/1.1" 200 5712 "https://www.afish-ka.ru/cinema/films/1247/" "Mozilla/5.0 AppleWebKit/537.36 (KHTML, like Gecko; compatible; GPTBot/1.3; +https://openai.com/gptbot)"
54.37.118.83 - - [16/Apr/2026:00:52:57 +0200] "GET /cinema/films/4704/opinions/add/?parent=43877 HTTP/1.1" 200 9532 "-" "Mozilla/5.0 (compatible; AhrefsBot/7.0; +http://ahrefs.com/robot/)"
74.7.227.21 - - [16/Apr/2026:00:52:58 +0200] "GET /images/b/actions/1272_5.jpg HTTP/1.1" 200 42359 "https://www.afish-ka.ru/cinema/films/1272/" "Mozilla/5.0 AppleWebKit/537.36 (KHTML, like Gecko; compatible; GPTBot/1.3; +https://openai.com/gptbot)"
74.7.227.21 - - [16/Apr/2026:00:52:59 +0200] "GET /images/b/actions/1780_4.jpg HTTP/1.1" 200 19515 "https://www.afish-ka.ru/cinema/films/1780/" "Mozilla/5.0 AppleWebKit/537.36 (KHTML, like Gecko; compatible; GPTBot/1.3; +https://openai.com/gptbot)"
74.7.227.21 - - [16/Apr/2026:00:52:59 +0200] "GET /images/s/actions/1780_5.jpg HTTP/1.1" 200 8730 "https://www.afish-ka.ru/cinema/films/1780/" "Mozilla/5.0 AppleWebKit/537.36 (KHTML, like Gecko; compatible; GPTBot/1.3; +https://openai.com/gptbot)"
74.7.227.21 - - [16/Apr/2026:00:53:00 +0200] "GET /images/b/actions/1272_4.jpg HTTP/1.1" 200 36496 "https://www.afish-ka.ru/cinema/films/1272/" "Mozilla/5.0 AppleWebKit/537.36 (KHTML, like Gecko; compatible; GPTBot/1.3; +https://openai.com/gptbot)"
74.7.227.21 - - [16/Apr/2026:00:53:00 +0200] "GET /images/b/actions/1272_1.jpg HTTP/1.1" 200 47091 "https://www.afish-ka.ru/cinema/films/1272/" "Mozilla/5.0 AppleWebKit/537.36 (KHTML, like Gecko; compatible; GPTBot/1.3; +https://openai.com/gptbot)"
74.7.227.21 - - [16/Apr/2026:00:53:01 +0200] "GET /images/s/actions/1249_2.jpg HTTP/1.1" 200 5137 "https://www.afish-ka.ru/cinema/films/1249/" "Mozilla/5.0 AppleWebKit/537.36 (KHTML, like Gecko; compatible; GPTBot/1.3; +https://openai.com/gptbot)"
74.7.227.21 - - [16/Apr/2026:00:53:01 +0200] "GET /images/b/actions/1184_2.jpg HTTP/1.1" 200 27726 "https://www.afish-ka.ru/cinema/films/1184/" "Mozilla/5.0 AppleWebKit/537.36 (KHTML, like Gecko; compatible; GPTBot/1.3; +https://openai.com/gptbot)"
74.7.227.21 - - [16/Apr/2026:00:53:02 +0200] "GET /images/b/actions/1780_2.jpg HTTP/1.1" 200 13800 "https://www.afish-ka.ru/cinema/films/1780/" "Mozilla/5.0 AppleWebKit/537.36 (KHTML, like Gecko; compatible; GPTBot/1.3; +https://openai.com/gptbot)"
