74.7.227.21 - - [16/Apr/2026:01:00:10 +0200] "GET /images/b/actions/5674_2.jpg HTTP/1.1" 200 68909 "https://www.afish-ka.ru/cinema/films/5674/" "Mozilla/5.0 AppleWebKit/537.36 (KHTML, like Gecko; compatible; GPTBot/1.3; +https://openai.com/gptbot)"
74.7.227.21 - - [16/Apr/2026:01:00:11 +0200] "GET /images/b/actions/5674_5.jpg HTTP/1.1" 200 59573 "https://www.afish-ka.ru/cinema/films/5674/" "Mozilla/5.0 AppleWebKit/537.36 (KHTML, like Gecko; compatible; GPTBot/1.3; +https://openai.com/gptbot)"
74.7.227.21 - - [16/Apr/2026:01:00:11 +0200] "GET /images/b/actions/5659_2.jpg HTTP/1.1" 200 38224 "https://www.afish-ka.ru/cinema/films/5659/" "Mozilla/5.0 AppleWebKit/537.36 (KHTML, like Gecko; compatible; GPTBot/1.3; +https://openai.com/gptbot)"
216.244.66.228 - - [16/Apr/2026:01:00:11 +0200] "GET /cafe/86/opinions/add/?parent=15917 HTTP/1.1" 200 20850 "-" "Mozilla/5.0 (compatible; DotBot/1.2; +https://opensiteexplorer.org/dotbot; help@moz.com)"
74.7.227.21 - - [16/Apr/2026:01:00:12 +0200] "GET /images/s/actions/5658_4.jpg HTTP/1.1" 200 4314 "https://www.afish-ka.ru/cinema/films/5658/" "Mozilla/5.0 AppleWebKit/537.36 (KHTML, like Gecko; compatible; GPTBot/1.3; +https://openai.com/gptbot)"
74.7.227.21 - - [16/Apr/2026:01:00:12 +0200] "GET /images/b/actions/5642_5.jpg HTTP/1.1" 200 45013 "https://www.afish-ka.ru/cinema/films/5642/" "Mozilla/5.0 AppleWebKit/537.36 (KHTML, like Gecko; compatible; GPTBot/1.3; +https://openai.com/gptbot)"
216.244.66.228 - - [16/Apr/2026:01:00:12 +0200] "GET /cafe/86/opinions/add/?parent=32168 HTTP/1.1" 200 20850 "-" "Mozilla/5.0 (compatible; DotBot/1.2; +https://opensiteexplorer.org/dotbot; help@moz.com)"
74.7.227.21 - - [16/Apr/2026:01:00:13 +0200] "GET /images/b/actions/5661_2.jpg HTTP/1.1" 200 41375 "https://www.afish-ka.ru/cinema/films/5661/" "Mozilla/5.0 AppleWebKit/537.36 (KHTML, like Gecko; compatible; GPTBot/1.3; +https://openai.com/gptbot)"
74.7.227.21 - - [16/Apr/2026:01:00:13 +0200] "GET /images/b/actions/5658_2.jpg HTTP/1.1" 200 57080 "https://www.afish-ka.ru/cinema/films/5658/" "Mozilla/5.0 AppleWebKit/537.36 (KHTML, like Gecko; compatible; GPTBot/1.3; +https://openai.com/gptbot)"
74.7.227.21 - - [16/Apr/2026:01:00:14 +0200] "GET /images/b/actions/5661_1.jpg HTTP/1.1" 200 35369 "https://www.afish-ka.ru/cinema/films/5661/" "Mozilla/5.0 AppleWebKit/537.36 (KHTML, like Gecko; compatible; GPTBot/1.3; +https://openai.com/gptbot)"
216.244.66.228 - - [16/Apr/2026:01:00:14 +0200] "GET /cinema/33/opinions/add/?parent=23938 HTTP/1.1" 200 20897 "-" "Mozilla/5.0 (compatible; DotBot/1.2; +https://opensiteexplorer.org/dotbot; help@moz.com)"
74.7.227.21 - - [16/Apr/2026:01:00:14 +0200] "GET /images/s/actions/5658_3.jpg HTTP/1.1" 200 6145 "https://www.afish-ka.ru/cinema/films/5658/" "Mozilla/5.0 AppleWebKit/537.36 (KHTML, like Gecko; compatible; GPTBot/1.3; +https://openai.com/gptbot)"
74.7.227.21 - - [16/Apr/2026:01:00:15 +0200] "GET /images/b/actions/5674_1.jpg HTTP/1.1" 200 73821 "https://www.afish-ka.ru/cinema/films/5674/" "Mozilla/5.0 AppleWebKit/537.36 (KHTML, like Gecko; compatible; GPTBot/1.3; +https://openai.com/gptbot)"
74.7.227.21 - - [16/Apr/2026:01:00:15 +0200] "GET /images/b/actions/5642_1.jpg HTTP/1.1" 200 43676 "https://www.afish-ka.ru/cinema/films/5642/" "Mozilla/5.0 AppleWebKit/537.36 (KHTML, like Gecko; compatible; GPTBot/1.3; +https://openai.com/gptbot)"
216.244.66.228 - - [16/Apr/2026:01:00:15 +0200] "GET /cinema/films/1106/opinions/add/ HTTP/1.1" 200 20998 "-" "Mozilla/5.0 (compatible; DotBot/1.2; +https://opensiteexplorer.org/dotbot; help@moz.com)"
74.7.227.21 - - [16/Apr/2026:01:00:16 +0200] "GET /images/b/actions/5661_4.jpg HTTP/1.1" 200 39596 "https://www.afish-ka.ru/cinema/films/5661/" "Mozilla/5.0 AppleWebKit/537.36 (KHTML, like Gecko; compatible; GPTBot/1.3; +https://openai.com/gptbot)"
74.7.227.21 - - [16/Apr/2026:01:00:17 +0200] "GET /images/b/actions/5663_1.jpg HTTP/1.1" 200 46891 "https://www.afish-ka.ru/cinema/films/5663/" "Mozilla/5.0 AppleWebKit/537.36 (KHTML, like Gecko; compatible; GPTBot/1.3; +https://openai.com/gptbot)"
74.7.227.21 - - [16/Apr/2026:01:00:17 +0200] "GET /images/b/actions/5653_1.jpg HTTP/1.1" 200 32685 "https://www.afish-ka.ru/cinema/films/5653/" "Mozilla/5.0 AppleWebKit/537.36 (KHTML, like Gecko; compatible; GPTBot/1.3; +https://openai.com/gptbot)"
216.244.66.228 - - [16/Apr/2026:01:00:17 +0200] "GET /cinema/films/1229/opinions/add/ HTTP/1.1" 200 20912 "-" "Mozilla/5.0 (compatible; DotBot/1.2; +https://opensiteexplorer.org/dotbot; help@moz.com)"
74.7.227.21 - - [16/Apr/2026:01:00:18 +0200] "GET /images/b/actions/5659_4.jpg HTTP/1.1" 200 37971 "https://www.afish-ka.ru/cinema/films/5659/" "Mozilla/5.0 AppleWebKit/537.36 (KHTML, like Gecko; compatible; GPTBot/1.3; +https://openai.com/gptbot)"
74.7.227.21 - - [16/Apr/2026:01:00:18 +0200] "GET /images/s/actions/5677_3.jpg HTTP/1.1" 200 6584 "https://www.afish-ka.ru/cinema/films/5677/" "Mozilla/5.0 AppleWebKit/537.36 (KHTML, like Gecko; compatible; GPTBot/1.3; +https://openai.com/gptbot)"
74.7.227.21 - - [16/Apr/2026:01:00:19 +0200] "GET /images/b/actions/5663_4.jpg HTTP/1.1" 200 43937 "https://www.afish-ka.ru/cinema/films/5663/" "Mozilla/5.0 AppleWebKit/537.36 (KHTML, like Gecko; compatible; GPTBot/1.3; +https://openai.com/gptbot)"
216.244.66.228 - - [16/Apr/2026:01:00:19 +0200] "GET /cinema/films/3956/opinions/add/ HTTP/1.1" 200 20920 "-" "Mozilla/5.0 (compatible; DotBot/1.2; +https://opensiteexplorer.org/dotbot; help@moz.com)"
74.7.227.21 - - [16/Apr/2026:01:00:19 +0200] "GET /images/b/actions/5661_5.jpg HTTP/1.1" 200 36529 "https://www.afish-ka.ru/cinema/films/5661/" "Mozilla/5.0 AppleWebKit/537.36 (KHTML, like Gecko; compatible; GPTBot/1.3; +https://openai.com/gptbot)"
74.7.227.21 - - [16/Apr/2026:01:00:20 +0200] "GET /images/s/actions/5659_4.jpg HTTP/1.1" 200 5769 "https://www.afish-ka.ru/cinema/films/5659/" "Mozilla/5.0 AppleWebKit/537.36 (KHTML, like Gecko; compatible; GPTBot/1.3; +https://openai.com/gptbot)"
74.7.227.21 - - [16/Apr/2026:01:00:20 +0200] "GET /images/b/actions/5658_5.jpg HTTP/1.1" 200 16061 "https://www.afish-ka.ru/cinema/films/5658/" "Mozilla/5.0 AppleWebKit/537.36 (KHTML, like Gecko; compatible; GPTBot/1.3; +https://openai.com/gptbot)"
216.244.66.228 - - [16/Apr/2026:01:00:20 +0200] "GET /cinema/films/4606/opinions/add/ HTTP/1.1" 200 20918 "-" "Mozilla/5.0 (compatible; DotBot/1.2; +https://opensiteexplorer.org/dotbot; help@moz.com)"
74.7.227.21 - - [16/Apr/2026:01:00:21 +0200] "GET /images/s/actions/5661_3.jpg HTTP/1.1" 200 7259 "https://www.afish-ka.ru/cinema/films/5661/" "Mozilla/5.0 AppleWebKit/537.36 (KHTML, like Gecko; compatible; GPTBot/1.3; +https://openai.com/gptbot)"
74.7.227.21 - - [16/Apr/2026:01:00:21 +0200] "GET /images/b/actions/5656_2.jpg HTTP/1.1" 200 27575 "https://www.afish-ka.ru/cinema/films/5656/" "Mozilla/5.0 AppleWebKit/537.36 (KHTML, like Gecko; compatible; GPTBot/1.3; +https://openai.com/gptbot)"
74.7.227.21 - - [16/Apr/2026:01:00:22 +0200] "GET /images/b/actions/5658_3.jpg HTTP/1.1" 200 55271 "https://www.afish-ka.ru/cinema/films/5658/" "Mozilla/5.0 AppleWebKit/537.36 (KHTML, like Gecko; compatible; GPTBot/1.3; +https://openai.com/gptbot)"
185.191.171.13 - - [16/Apr/2026:01:00:22 +0200] "GET /cafe/actions/1105/opinions/add/?parent=48057 HTTP/1.1" 200 9530 "-" "Mozilla/5.0 (compatible; SemrushBot/7~bl; +http://www.semrush.com/bot.html)"
216.244.66.228 - - [16/Apr/2026:01:00:22 +0200] "GET /city/actions/1795/opinions/add/ HTTP/1.1" 200 21336 "-" "Mozilla/5.0 (compatible; DotBot/1.2; +https://opensiteexplorer.org/dotbot; help@moz.com)"
74.7.227.21 - - [16/Apr/2026:01:00:22 +0200] "GET /images/b/actions/5665_1.jpg HTTP/1.1" 200 23714 "https://www.afish-ka.ru/cinema/films/5665/" "Mozilla/5.0 AppleWebKit/537.36 (KHTML, like Gecko; compatible; GPTBot/1.3; +https://openai.com/gptbot)"
74.7.227.21 - - [16/Apr/2026:01:00:23 +0200] "GET /images/b/actions/5642_4.jpg HTTP/1.1" 200 36992 "https://www.afish-ka.ru/cinema/films/5642/" "Mozilla/5.0 AppleWebKit/537.36 (KHTML, like Gecko; compatible; GPTBot/1.3; +https://openai.com/gptbot)"
74.7.227.21 - - [16/Apr/2026:01:00:23 +0200] "GET /images/s/actions/5642_5.jpg HTTP/1.1" 200 5918 "https://www.afish-ka.ru/cinema/films/5642/" "Mozilla/5.0 AppleWebKit/537.36 (KHTML, like Gecko; compatible; GPTBot/1.3; +https://openai.com/gptbot)"
74.7.227.21 - - [16/Apr/2026:01:00:24 +0200] "GET /images/b/actions/5653_2.jpg HTTP/1.1" 200 71856 "https://www.afish-ka.ru/cinema/films/5653/" "Mozilla/5.0 AppleWebKit/537.36 (KHTML, like Gecko; compatible; GPTBot/1.3; +https://openai.com/gptbot)"
216.244.66.228 - - [16/Apr/2026:01:00:24 +0200] "GET /concert_hall/actions/2525/opinions/add/ HTTP/1.1" 200 20966 "-" "Mozilla/5.0 (compatible; DotBot/1.2; +https://opensiteexplorer.org/dotbot; help@moz.com)"
74.7.227.21 - - [16/Apr/2026:01:00:24 +0200] "GET /images/b/actions/5656_1.jpg HTTP/1.1" 200 68160 "https://www.afish-ka.ru/cinema/films/5656/" "Mozilla/5.0 AppleWebKit/537.36 (KHTML, like Gecko; compatible; GPTBot/1.3; +https://openai.com/gptbot)"
74.7.227.21 - - [16/Apr/2026:01:00:25 +0200] "GET /images/b/actions/5677_3.jpg HTTP/1.1" 200 58114 "https://www.afish-ka.ru/cinema/films/5677/" "Mozilla/5.0 AppleWebKit/537.36 (KHTML, like Gecko; compatible; GPTBot/1.3; +https://openai.com/gptbot)"
74.7.227.21 - - [16/Apr/2026:01:00:25 +0200] "GET /images/b/actions/5659_5.jpg HTTP/1.1" 200 27208 "https://www.afish-ka.ru/cinema/films/5659/" "Mozilla/5.0 AppleWebKit/537.36 (KHTML, like Gecko; compatible; GPTBot/1.3; +https://openai.com/gptbot)"
216.244.66.228 - - [16/Apr/2026:01:00:25 +0200] "GET /night_club/13/opinions/add/?parent=2262 HTTP/1.1" 200 20924 "-" "Mozilla/5.0 (compatible; DotBot/1.2; +https://opensiteexplorer.org/dotbot; help@moz.com)"
85.208.96.210 - - [16/Apr/2026:01:00:25 +0200] "GET /cinema/films/4223/opinions/add/?parent=36640 HTTP/1.1" 200 9523 "-" "Mozilla/5.0 (compatible; SemrushBot/7~bl; +http://www.semrush.com/bot.html)"
74.7.227.21 - - [16/Apr/2026:01:00:26 +0200] "GET /images/s/actions/5677_5.jpg HTTP/1.1" 200 4766 "https://www.afish-ka.ru/cinema/films/5677/" "Mozilla/5.0 AppleWebKit/537.36 (KHTML, like Gecko; compatible; GPTBot/1.3; +https://openai.com/gptbot)"
74.7.227.21 - - [16/Apr/2026:01:00:27 +0200] "GET /images/s/actions/5663_3.jpg HTTP/1.1" 200 4967 "https://www.afish-ka.ru/cinema/films/5663/" "Mozilla/5.0 AppleWebKit/537.36 (KHTML, like Gecko; compatible; GPTBot/1.3; +https://openai.com/gptbot)"
74.7.227.21 - - [16/Apr/2026:01:00:27 +0200] "GET /images/s/actions/5665_2.jpg HTTP/1.1" 200 3920 "https://www.afish-ka.ru/cinema/films/5665/" "Mozilla/5.0 AppleWebKit/537.36 (KHTML, like Gecko; compatible; GPTBot/1.3; +https://openai.com/gptbot)"
216.244.66.228 - - [16/Apr/2026:01:00:27 +0200] "GET /night_club/13/opinions/add/?parent=9483 HTTP/1.1" 200 20924 "-" "Mozilla/5.0 (compatible; DotBot/1.2; +https://opensiteexplorer.org/dotbot; help@moz.com)"
74.7.227.21 - - [16/Apr/2026:01:00:28 +0200] "GET /images/s/actions/5665_3.jpg HTTP/1.1" 200 4348 "https://www.afish-ka.ru/cinema/films/5665/" "Mozilla/5.0 AppleWebKit/537.36 (KHTML, like Gecko; compatible; GPTBot/1.3; +https://openai.com/gptbot)"
74.7.227.21 - - [16/Apr/2026:01:00:28 +0200] "GET /images/s/actions/5661_5.jpg HTTP/1.1" 200 5099 "https://www.afish-ka.ru/cinema/films/5661/" "Mozilla/5.0 AppleWebKit/537.36 (KHTML, like Gecko; compatible; GPTBot/1.3; +https://openai.com/gptbot)"
74.7.227.21 - - [16/Apr/2026:01:00:29 +0200] "GET /images/s/actions/5656_3.jpg HTTP/1.1" 200 5904 "https://www.afish-ka.ru/cinema/films/5656/" "Mozilla/5.0 AppleWebKit/537.36 (KHTML, like Gecko; compatible; GPTBot/1.3; +https://openai.com/gptbot)"
74.7.227.21 - - [16/Apr/2026:01:00:29 +0200] "GET /images/s/actions/5658_5.jpg HTTP/1.1" 200 3012 "https://www.afish-ka.ru/cinema/films/5658/" "Mozilla/5.0 AppleWebKit/537.36 (KHTML, like Gecko; compatible; GPTBot/1.3; +https://openai.com/gptbot)"
74.7.227.21 - - [16/Apr/2026:01:00:30 +0200] "GET /images/s/actions/5656_5.jpg HTTP/1.1" 200 3884 "https://www.afish-ka.ru/cinema/films/5656/" "Mozilla/5.0 AppleWebKit/537.36 (KHTML, like Gecko; compatible; GPTBot/1.3; +https://openai.com/gptbot)"
74.7.227.21 - - [16/Apr/2026:01:00:30 +0200] "GET /images/s/actions/5656_2.jpg HTTP/1.1" 200 4644 "https://www.afish-ka.ru/cinema/films/5656/" "Mozilla/5.0 AppleWebKit/537.36 (KHTML, like Gecko; compatible; GPTBot/1.3; +https://openai.com/gptbot)"
74.7.227.21 - - [16/Apr/2026:01:00:31 +0200] "GET /images/s/actions/5653_5.jpg HTTP/1.1" 200 4604 "https://www.afish-ka.ru/cinema/films/5653/" "Mozilla/5.0 AppleWebKit/537.36 (KHTML, like Gecko; compatible; GPTBot/1.3; +https://openai.com/gptbot)"
74.7.227.21 - - [16/Apr/2026:01:00:31 +0200] "GET /images/s/actions/5659_5.jpg HTTP/1.1" 200 5552 "https://www.afish-ka.ru/cinema/films/5659/" "Mozilla/5.0 AppleWebKit/537.36 (KHTML, like Gecko; compatible; GPTBot/1.3; +https://openai.com/gptbot)"
74.7.227.21 - - [16/Apr/2026:01:00:32 +0200] "GET /images/s/actions/5653_3.jpg HTTP/1.1" 200 4597 "https://www.afish-ka.ru/cinema/films/5653/" "Mozilla/5.0 AppleWebKit/537.36 (KHTML, like Gecko; compatible; GPTBot/1.3; +https://openai.com/gptbot)"
74.7.227.21 - - [16/Apr/2026:01:00:32 +0200] "GET /images/s/actions/5656_4.jpg HTTP/1.1" 200 5492 "https://www.afish-ka.ru/cinema/films/5656/" "Mozilla/5.0 AppleWebKit/537.36 (KHTML, like Gecko; compatible; GPTBot/1.3; +https://openai.com/gptbot)"
74.7.227.21 - - [16/Apr/2026:01:00:33 +0200] "GET /images/s/actions/5665_4.jpg HTTP/1.1" 200 3941 "https://www.afish-ka.ru/cinema/films/5665/" "Mozilla/5.0 AppleWebKit/537.36 (KHTML, like Gecko; compatible; GPTBot/1.3; +https://openai.com/gptbot)"
74.7.227.21 - - [16/Apr/2026:01:00:33 +0200] "GET /images/b/actions/5656_5.jpg HTTP/1.1" 200 30558 "https://www.afish-ka.ru/cinema/films/5656/" "Mozilla/5.0 AppleWebKit/537.36 (KHTML, like Gecko; compatible; GPTBot/1.3; +https://openai.com/gptbot)"
74.7.227.21 - - [16/Apr/2026:01:00:34 +0200] "GET /images/s/actions/5663_5.jpg HTTP/1.1" 200 7297 "https://www.afish-ka.ru/cinema/films/5663/" "Mozilla/5.0 AppleWebKit/537.36 (KHTML, like Gecko; compatible; GPTBot/1.3; +https://openai.com/gptbot)"
74.7.227.21 - - [16/Apr/2026:01:00:34 +0200] "GET /images/b/posters/5659.jpg HTTP/1.1" 200 59747 "https://www.afish-ka.ru/cinema/films/5659/" "Mozilla/5.0 AppleWebKit/537.36 (KHTML, like Gecko; compatible; GPTBot/1.3; +https://openai.com/gptbot)"
74.7.227.21 - - [16/Apr/2026:01:00:35 +0200] "GET /images/b/posters/5642.jpg HTTP/1.1" 200 64872 "https://www.afish-ka.ru/cinema/films/5642/" "Mozilla/5.0 AppleWebKit/537.36 (KHTML, like Gecko; compatible; GPTBot/1.3; +https://openai.com/gptbot)"
74.7.227.21 - - [16/Apr/2026:01:00:35 +0200] "GET /images/s/posters/5663.jpg HTTP/1.1" 200 9463 "https://www.afish-ka.ru/cinema/films/5663/" "Mozilla/5.0 AppleWebKit/537.36 (KHTML, like Gecko; compatible; GPTBot/1.3; +https://openai.com/gptbot)"
74.7.227.21 - - [16/Apr/2026:01:00:36 +0200] "GET /images/b/posters/5663.jpg HTTP/1.1" 200 47106 "https://www.afish-ka.ru/cinema/films/5663/" "Mozilla/5.0 AppleWebKit/537.36 (KHTML, like Gecko; compatible; GPTBot/1.3; +https://openai.com/gptbot)"
74.7.227.21 - - [16/Apr/2026:01:00:36 +0200] "GET /images/b/posters/5658.jpg HTTP/1.1" 200 62237 "https://www.afish-ka.ru/cinema/films/5658/" "Mozilla/5.0 AppleWebKit/537.36 (KHTML, like Gecko; compatible; GPTBot/1.3; +https://openai.com/gptbot)"
74.7.227.21 - - [16/Apr/2026:01:00:37 +0200] "GET /images/b/posters/5653.jpg HTTP/1.1" 200 96261 "https://www.afish-ka.ru/cinema/films/5653/" "Mozilla/5.0 AppleWebKit/537.36 (KHTML, like Gecko; compatible; GPTBot/1.3; +https://openai.com/gptbot)"
74.7.227.21 - - [16/Apr/2026:01:00:38 +0200] "GET /images/b/posters/5656.jpg HTTP/1.1" 200 51640 "https://www.afish-ka.ru/cinema/films/5656/" "Mozilla/5.0 AppleWebKit/537.36 (KHTML, like Gecko; compatible; GPTBot/1.3; +https://openai.com/gptbot)"
74.7.227.21 - - [16/Apr/2026:01:00:38 +0200] "GET /images/s/posters/5661.jpg HTTP/1.1" 200 9750 "https://www.afish-ka.ru/cinema/films/5661/" "Mozilla/5.0 AppleWebKit/537.36 (KHTML, like Gecko; compatible; GPTBot/1.3; +https://openai.com/gptbot)"
220.181.108.168 - - [16/Apr/2026:01:00:38 +0200] "GET /cinema/films/657/opinions/add/?parent=5554 HTTP/1.1" 200 5705 "-" "Mozilla/5.0 (Linux;u;Android 4.2.2;zh-cn;) AppleWebKit/534.46 (KHTML,like Gecko) Version/5.1 Mobile Safari/10600.6.3 (compatible; Baiduspider/2.0; +http://www.baidu.com/search/spider.html)"
74.7.227.21 - - [16/Apr/2026:01:00:39 +0200] "GET /images/s/posters/5659.jpg HTTP/1.1" 200 11333 "https://www.afish-ka.ru/cinema/films/5659/" "Mozilla/5.0 AppleWebKit/537.36 (KHTML, like Gecko; compatible; GPTBot/1.3; +https://openai.com/gptbot)"
74.7.227.21 - - [16/Apr/2026:01:00:39 +0200] "GET /images/b/posters/5661.jpg HTTP/1.1" 200 44772 "https://www.afish-ka.ru/cinema/films/5661/" "Mozilla/5.0 AppleWebKit/537.36 (KHTML, like Gecko; compatible; GPTBot/1.3; +https://openai.com/gptbot)"
74.7.227.21 - - [16/Apr/2026:01:00:40 +0200] "GET /images/s/posters/5677.jpg HTTP/1.1" 200 10744 "https://www.afish-ka.ru/cinema/films/5677/" "Mozilla/5.0 AppleWebKit/537.36 (KHTML, like Gecko; compatible; GPTBot/1.3; +https://openai.com/gptbot)"
74.7.227.21 - - [16/Apr/2026:01:00:40 +0200] "GET /images/s/posters/5653.jpg HTTP/1.1" 200 17644 "https://www.afish-ka.ru/cinema/films/5653/" "Mozilla/5.0 AppleWebKit/537.36 (KHTML, like Gecko; compatible; GPTBot/1.3; +https://openai.com/gptbot)"
74.7.227.21 - - [16/Apr/2026:01:00:41 +0200] "GET /images/s/posters/5658.jpg HTTP/1.1" 200 11067 "https://www.afish-ka.ru/cinema/films/5658/" "Mozilla/5.0 AppleWebKit/537.36 (KHTML, like Gecko; compatible; GPTBot/1.3; +https://openai.com/gptbot)"
74.7.227.21 - - [16/Apr/2026:01:00:41 +0200] "GET /images/b/posters/5677.jpg HTTP/1.1" 200 46600 "https://www.afish-ka.ru/cinema/films/5677/" "Mozilla/5.0 AppleWebKit/537.36 (KHTML, like Gecko; compatible; GPTBot/1.3; +https://openai.com/gptbot)"
74.7.227.21 - - [16/Apr/2026:01:00:42 +0200] "GET /images/b/posters/5665.jpg HTTP/1.1" 200 24210 "https://www.afish-ka.ru/cinema/films/5665/" "Mozilla/5.0 AppleWebKit/537.36 (KHTML, like Gecko; compatible; GPTBot/1.3; +https://openai.com/gptbot)"
74.7.227.21 - - [16/Apr/2026:01:00:42 +0200] "GET /images/b/posters/5674.jpg HTTP/1.1" 200 79815 "https://www.afish-ka.ru/cinema/films/5674/" "Mozilla/5.0 AppleWebKit/537.36 (KHTML, like Gecko; compatible; GPTBot/1.3; +https://openai.com/gptbot)"
74.7.227.21 - - [16/Apr/2026:01:00:43 +0200] "GET /images/s/posters/5642.jpg HTTP/1.1" 200 15409 "https://www.afish-ka.ru/cinema/films/5642/" "Mozilla/5.0 AppleWebKit/537.36 (KHTML, like Gecko; compatible; GPTBot/1.3; +https://openai.com/gptbot)"
74.7.227.21 - - [16/Apr/2026:01:00:43 +0200] "GET /images/s/posters/5674.jpg HTTP/1.1" 200 14689 "https://www.afish-ka.ru/cinema/films/5674/" "Mozilla/5.0 AppleWebKit/537.36 (KHTML, like Gecko; compatible; GPTBot/1.3; +https://openai.com/gptbot)"
74.7.227.21 - - [16/Apr/2026:01:00:44 +0200] "GET /images/s/posters/5665.jpg HTTP/1.1" 200 10308 "https://www.afish-ka.ru/cinema/films/5665/" "Mozilla/5.0 AppleWebKit/537.36 (KHTML, like Gecko; compatible; GPTBot/1.3; +https://openai.com/gptbot)"
51.75.236.133 - - [16/Apr/2026:01:00:44 +0200] "GET /concert_hall/actions/3648/ HTTP/1.1" 200 10385 "-" "Mozilla/5.0 (compatible; AhrefsBot/7.0; +http://ahrefs.com/robot/)"
74.7.227.21 - - [16/Apr/2026:01:00:44 +0200] "GET /images/s/posters/5656.jpg HTTP/1.1" 200 10909 "https://www.afish-ka.ru/cinema/films/5656/" "Mozilla/5.0 AppleWebKit/537.36 (KHTML, like Gecko; compatible; GPTBot/1.3; +https://openai.com/gptbot)"
74.7.227.21 - - [16/Apr/2026:01:00:45 +0200] "GET /cinema/films/5654/ HTTP/1.1" 200 6477 "https://www.afish-ka.ru/21-10-2020/" "Mozilla/5.0 AppleWebKit/537.36 (KHTML, like Gecko; compatible; GPTBot/1.3; +https://openai.com/gptbot)"
74.7.227.21 - - [16/Apr/2026:01:00:46 +0200] "GET /cinema/films/5664/ HTTP/1.1" 200 6484 "https://www.afish-ka.ru/24-10-2020/" "Mozilla/5.0 AppleWebKit/537.36 (KHTML, like Gecko; compatible; GPTBot/1.3; +https://openai.com/gptbot)"
74.7.227.21 - - [16/Apr/2026:01:00:46 +0200] "GET /cinema/films/5662/ HTTP/1.1" 200 6526 "https://www.afish-ka.ru/24-10-2020/" "Mozilla/5.0 AppleWebKit/537.36 (KHTML, like Gecko; compatible; GPTBot/1.3; +https://openai.com/gptbot)"
74.7.227.21 - - [16/Apr/2026:01:00:47 +0200] "GET /05-10-2020/ HTTP/1.1" 200 9155 "https://www.afish-ka.ru/24-10-2020/" "Mozilla/5.0 AppleWebKit/537.36 (KHTML, like Gecko; compatible; GPTBot/1.3; +https://openai.com/gptbot)"
74.7.227.21 - - [16/Apr/2026:01:00:47 +0200] "GET /18-10-2020/ HTTP/1.1" 200 11137 "https://www.afish-ka.ru/24-10-2020/" "Mozilla/5.0 AppleWebKit/537.36 (KHTML, like Gecko; compatible; GPTBot/1.3; +https://openai.com/gptbot)"
74.7.227.21 - - [16/Apr/2026:01:00:48 +0200] "GET /04-06-2009/ HTTP/1.1" 200 7125 "https://www.afish-ka.ru/11-06-2009/" "Mozilla/5.0 AppleWebKit/537.36 (KHTML, like Gecko; compatible; GPTBot/1.3; +https://openai.com/gptbot)"
74.7.227.21 - - [16/Apr/2026:01:00:49 +0200] "GET /01-10-2012/ HTTP/1.1" 200 9272 "https://www.afish-ka.ru/27-08-2012/" "Mozilla/5.0 AppleWebKit/537.36 (KHTML, like Gecko; compatible; GPTBot/1.3; +https://openai.com/gptbot)"
74.7.227.21 - - [16/Apr/2026:01:00:49 +0200] "GET /23-03-2012/ HTTP/1.1" 200 9001 "https://www.afish-ka.ru/14-03-2012/" "Mozilla/5.0 AppleWebKit/537.36 (KHTML, like Gecko; compatible; GPTBot/1.3; +https://openai.com/gptbot)"
74.7.227.21 - - [16/Apr/2026:01:00:50 +0200] "GET /16-11-2017/ HTTP/1.1" 200 11786 "https://www.afish-ka.ru/12-10-2017/" "Mozilla/5.0 AppleWebKit/537.36 (KHTML, like Gecko; compatible; GPTBot/1.3; +https://openai.com/gptbot)"
101.46.7.173 - - [16/Apr/2026:01:00:50 +0200] "GET /cinema/films/121/cinema/cinema/films/121/opinions/ HTTP/1.1" 200 6310 "-" "Mozilla/5.0 (Macintosh; Intel Mac OS X 10_15_7) AppleWebKit/537.36 (KHTML, like Gecko) Chrome/144.0.0.0 Safari/537.36"
74.7.227.21 - - [16/Apr/2026:01:00:50 +0200] "GET /04-10-2009/ HTTP/1.1" 200 8180 "https://www.afish-ka.ru/17-10-2009/" "Mozilla/5.0 AppleWebKit/537.36 (KHTML, like Gecko; compatible; GPTBot/1.3; +https://openai.com/gptbot)"
74.7.227.21 - - [16/Apr/2026:01:00:51 +0200] "GET /15-10-2020/ HTTP/1.1" 200 11169 "https://www.afish-ka.ru/19-11-2020/" "Mozilla/5.0 AppleWebKit/537.36 (KHTML, like Gecko; compatible; GPTBot/1.3; +https://openai.com/gptbot)"
74.7.227.21 - - [16/Apr/2026:01:00:52 +0200] "GET /images/b/actions/5654_3.jpg HTTP/1.1" 200 59788 "https://www.afish-ka.ru/cinema/films/5654/" "Mozilla/5.0 AppleWebKit/537.36 (KHTML, like Gecko; compatible; GPTBot/1.3; +https://openai.com/gptbot)"
74.7.227.21 - - [16/Apr/2026:01:00:53 +0200] "GET /images/b/actions/5664_3.jpg HTTP/1.1" 200 43686 "https://www.afish-ka.ru/cinema/films/5664/" "Mozilla/5.0 AppleWebKit/537.36 (KHTML, like Gecko; compatible; GPTBot/1.3; +https://openai.com/gptbot)"
74.7.227.21 - - [16/Apr/2026:01:00:53 +0200] "GET /images/b/actions/5662_1.jpg HTTP/1.1" 200 27926 "https://www.afish-ka.ru/cinema/films/5662/" "Mozilla/5.0 AppleWebKit/537.36 (KHTML, like Gecko; compatible; GPTBot/1.3; +https://openai.com/gptbot)"
74.7.227.21 - - [16/Apr/2026:01:00:54 +0200] "GET /images/b/actions/5664_4.jpg HTTP/1.1" 200 24097 "https://www.afish-ka.ru/cinema/films/5664/" "Mozilla/5.0 AppleWebKit/537.36 (KHTML, like Gecko; compatible; GPTBot/1.3; +https://openai.com/gptbot)"
74.7.227.21 - - [16/Apr/2026:01:00:54 +0200] "GET /images/b/actions/5654_5.jpg HTTP/1.1" 200 51771 "https://www.afish-ka.ru/cinema/films/5654/" "Mozilla/5.0 AppleWebKit/537.36 (KHTML, like Gecko; compatible; GPTBot/1.3; +https://openai.com/gptbot)"
74.7.227.21 - - [16/Apr/2026:01:00:55 +0200] "GET /images/s/actions/5662_3.jpg HTTP/1.1" 200 5508 "https://www.afish-ka.ru/cinema/films/5662/" "Mozilla/5.0 AppleWebKit/537.36 (KHTML, like Gecko; compatible; GPTBot/1.3; +https://openai.com/gptbot)"
74.7.227.21 - - [16/Apr/2026:01:00:55 +0200] "GET /images/s/actions/2294_1.jpg HTTP/1.1" 200 6269 "https://www.afish-ka.ru/01-10-2012/" "Mozilla/5.0 AppleWebKit/537.36 (KHTML, like Gecko; compatible; GPTBot/1.3; +https://openai.com/gptbot)"
74.7.227.21 - - [16/Apr/2026:01:00:56 +0200] "GET /images/b/actions/5662_4.jpg HTTP/1.1" 200 16719 "https://www.afish-ka.ru/cinema/films/5662/" "Mozilla/5.0 AppleWebKit/537.36 (KHTML, like Gecko; compatible; GPTBot/1.3; +https://openai.com/gptbot)"
74.7.227.21 - - [16/Apr/2026:01:00:56 +0200] "GET /images/s/actions/5664_2.jpg HTTP/1.1" 200 6865 "https://www.afish-ka.ru/cinema/films/5664/" "Mozilla/5.0 AppleWebKit/537.36 (KHTML, like Gecko; compatible; GPTBot/1.3; +https://openai.com/gptbot)"
74.7.227.21 - - [16/Apr/2026:01:00:57 +0200] "GET /images/s/actions/5654_3.jpg HTTP/1.1" 200 7953 "https://www.afish-ka.ru/cinema/films/5654/" "Mozilla/5.0 AppleWebKit/537.36 (KHTML, like Gecko; compatible; GPTBot/1.3; +https://openai.com/gptbot)"
74.7.227.21 - - [16/Apr/2026:01:00:57 +0200] "GET /images/s/actions/5654_2.jpg HTTP/1.1" 200 7829 "https://www.afish-ka.ru/cinema/films/5654/" "Mozilla/5.0 AppleWebKit/537.36 (KHTML, like Gecko; compatible; GPTBot/1.3; +https://openai.com/gptbot)"
74.7.227.21 - - [16/Apr/2026:01:00:58 +0200] "GET /images/s/actions/5662_4.jpg HTTP/1.1" 200 4307 "https://www.afish-ka.ru/cinema/films/5662/" "Mozilla/5.0 AppleWebKit/537.36 (KHTML, like Gecko; compatible; GPTBot/1.3; +https://openai.com/gptbot)"
74.7.227.21 - - [16/Apr/2026:01:00:59 +0200] "GET /images/b/actions/5662_2.jpg HTTP/1.1" 200 30270 "https://www.afish-ka.ru/cinema/films/5662/" "Mozilla/5.0 AppleWebKit/537.36 (KHTML, like Gecko; compatible; GPTBot/1.3; +https://openai.com/gptbot)"
74.7.227.21 - - [16/Apr/2026:01:00:59 +0200] "GET /images/s/actions/5664_3.jpg HTTP/1.1" 200 6425 "https://www.afish-ka.ru/cinema/films/5664/" "Mozilla/5.0 AppleWebKit/537.36 (KHTML, like Gecko; compatible; GPTBot/1.3; +https://openai.com/gptbot)"
74.7.227.21 - - [16/Apr/2026:01:01:00 +0200] "GET /images/b/actions/5662_3.jpg HTTP/1.1" 200 41550 "https://www.afish-ka.ru/cinema/films/5662/" "Mozilla/5.0 AppleWebKit/537.36 (KHTML, like Gecko; compatible; GPTBot/1.3; +https://openai.com/gptbot)"
74.7.227.21 - - [16/Apr/2026:01:01:00 +0200] "GET /images/b/actions/5664_2.jpg HTTP/1.1" 200 54350 "https://www.afish-ka.ru/cinema/films/5664/" "Mozilla/5.0 AppleWebKit/537.36 (KHTML, like Gecko; compatible; GPTBot/1.3; +https://openai.com/gptbot)"
94.23.188.203 - - [16/Apr/2026:01:01:00 +0200] "GET /restaurant/72/opinions/add/?parent=2920 HTTP/1.1" 200 9519 "-" "Mozilla/5.0 (compatible; AhrefsBot/7.0; +http://ahrefs.com/robot/)"
74.7.227.21 - - [16/Apr/2026:01:01:01 +0200] "GET /images/s/actions/4651_1.jpg HTTP/1.1" 200 5112 "https://www.afish-ka.ru/16-11-2017/" "Mozilla/5.0 AppleWebKit/537.36 (KHTML, like Gecko; compatible; GPTBot/1.3; +https://openai.com/gptbot)"
74.7.227.21 - - [16/Apr/2026:01:01:01 +0200] "GET /images/b/actions/5654_1.jpg HTTP/1.1" 200 87731 "https://www.afish-ka.ru/cinema/films/5654/" "Mozilla/5.0 AppleWebKit/537.36 (KHTML, like Gecko; compatible; GPTBot/1.3; +https://openai.com/gptbot)"
74.7.227.21 - - [16/Apr/2026:01:01:02 +0200] "GET /images/b/actions/5654_4.jpg HTTP/1.1" 200 44919 "https://www.afish-ka.ru/cinema/films/5654/" "Mozilla/5.0 AppleWebKit/537.36 (KHTML, like Gecko; compatible; GPTBot/1.3; +https://openai.com/gptbot)"
74.7.227.21 - - [16/Apr/2026:01:01:02 +0200] "GET /images/b/actions/5664_5.jpg HTTP/1.1" 200 27820 "https://www.afish-ka.ru/cinema/films/5664/" "Mozilla/5.0 AppleWebKit/537.36 (KHTML, like Gecko; compatible; GPTBot/1.3; +https://openai.com/gptbot)"
74.7.227.21 - - [16/Apr/2026:01:01:03 +0200] "GET /images/b/actions/5662_5.jpg HTTP/1.1" 200 22032 "https://www.afish-ka.ru/cinema/films/5662/" "Mozilla/5.0 AppleWebKit/537.36 (KHTML, like Gecko; compatible; GPTBot/1.3; +https://openai.com/gptbot)"
74.7.227.21 - - [16/Apr/2026:01:01:03 +0200] "GET /images/b/actions/5664_1.jpg HTTP/1.1" 200 56497 "https://www.afish-ka.ru/cinema/films/5664/" "Mozilla/5.0 AppleWebKit/537.36 (KHTML, like Gecko; compatible; GPTBot/1.3; +https://openai.com/gptbot)"
74.7.227.21 - - [16/Apr/2026:01:01:04 +0200] "GET /images/b/actions/5654_2.jpg HTTP/1.1" 200 67274 "https://www.afish-ka.ru/cinema/films/5654/" "Mozilla/5.0 AppleWebKit/537.36 (KHTML, like Gecko; compatible; GPTBot/1.3; +https://openai.com/gptbot)"
74.7.227.21 - - [16/Apr/2026:01:01:04 +0200] "GET /images/s/actions/5654_5.jpg HTTP/1.1" 200 6521 "https://www.afish-ka.ru/cinema/films/5654/" "Mozilla/5.0 AppleWebKit/537.36 (KHTML, like Gecko; compatible; GPTBot/1.3; +https://openai.com/gptbot)"
74.7.227.21 - - [16/Apr/2026:01:01:05 +0200] "GET /images/s/actions/5662_5.jpg HTTP/1.1" 200 4738 "https://www.afish-ka.ru/cinema/films/5662/" "Mozilla/5.0 AppleWebKit/537.36 (KHTML, like Gecko; compatible; GPTBot/1.3; +https://openai.com/gptbot)"
74.7.227.21 - - [16/Apr/2026:01:01:05 +0200] "GET /images/s/actions/5654_4.jpg HTTP/1.1" 200 7186 "https://www.afish-ka.ru/cinema/films/5654/" "Mozilla/5.0 AppleWebKit/537.36 (KHTML, like Gecko; compatible; GPTBot/1.3; +https://openai.com/gptbot)"
74.7.227.21 - - [16/Apr/2026:01:01:06 +0200] "GET /images/s/actions/5662_2.jpg HTTP/1.1" 200 5245 "https://www.afish-ka.ru/cinema/films/5662/" "Mozilla/5.0 AppleWebKit/537.36 (KHTML, like Gecko; compatible; GPTBot/1.3; +https://openai.com/gptbot)"
74.7.227.21 - - [16/Apr/2026:01:01:06 +0200] "GET /images/s/actions/5664_5.jpg HTTP/1.1" 200 4638 "https://www.afish-ka.ru/cinema/films/5664/" "Mozilla/5.0 AppleWebKit/537.36 (KHTML, like Gecko; compatible; GPTBot/1.3; +https://openai.com/gptbot)"
74.7.227.21 - - [16/Apr/2026:01:01:07 +0200] "GET /images/s/actions/5664_4.jpg HTTP/1.1" 200 3816 "https://www.afish-ka.ru/cinema/films/5664/" "Mozilla/5.0 AppleWebKit/537.36 (KHTML, like Gecko; compatible; GPTBot/1.3; +https://openai.com/gptbot)"
74.7.227.21 - - [16/Apr/2026:01:01:09 +0200] "GET /images/s/posters/5664.jpg HTTP/1.1" 200 18673 "https://www.afish-ka.ru/cinema/films/5664/" "Mozilla/5.0 AppleWebKit/537.36 (KHTML, like Gecko; compatible; GPTBot/1.3; +https://openai.com/gptbot)"
74.7.227.21 - - [16/Apr/2026:01:01:09 +0200] "GET /images/s/posters/5662.jpg HTTP/1.1" 200 9174 "https://www.afish-ka.ru/cinema/films/5662/" "Mozilla/5.0 AppleWebKit/537.36 (KHTML, like Gecko; compatible; GPTBot/1.3; +https://openai.com/gptbot)"
74.7.227.21 - - [16/Apr/2026:01:01:10 +0200] "GET /images/b/posters/5662.jpg HTTP/1.1" 200 18291 "https://www.afish-ka.ru/cinema/films/5662/" "Mozilla/5.0 AppleWebKit/537.36 (KHTML, like Gecko; compatible; GPTBot/1.3; +https://openai.com/gptbot)"
74.7.227.21 - - [16/Apr/2026:01:01:10 +0200] "GET /images/b/posters/5654.jpg HTTP/1.1" 200 39713 "https://www.afish-ka.ru/cinema/films/5654/" "Mozilla/5.0 AppleWebKit/537.36 (KHTML, like Gecko; compatible; GPTBot/1.3; +https://openai.com/gptbot)"
74.7.227.21 - - [16/Apr/2026:01:01:11 +0200] "GET /images/s/posters/5654.jpg HTTP/1.1" 200 18006 "https://www.afish-ka.ru/cinema/films/5654/" "Mozilla/5.0 AppleWebKit/537.36 (KHTML, like Gecko; compatible; GPTBot/1.3; +https://openai.com/gptbot)"
74.7.227.21 - - [16/Apr/2026:01:01:11 +0200] "GET /images/b/posters/5664.jpg HTTP/1.1" 200 36164 "https://www.afish-ka.ru/cinema/films/5664/" "Mozilla/5.0 AppleWebKit/537.36 (KHTML, like Gecko; compatible; GPTBot/1.3; +https://openai.com/gptbot)"
74.7.227.21 - - [16/Apr/2026:01:01:12 +0200] "GET /cinema/films/5647/ HTTP/1.1" 200 6436 "https://www.afish-ka.ru/05-10-2020/" "Mozilla/5.0 AppleWebKit/537.36 (KHTML, like Gecko; compatible; GPTBot/1.3; +https://openai.com/gptbot)"
74.7.227.21 - - [16/Apr/2026:01:01:12 +0200] "GET /cinema/films/5649/ HTTP/1.1" 200 6655 "https://www.afish-ka.ru/05-10-2020/" "Mozilla/5.0 AppleWebKit/537.36 (KHTML, like Gecko; compatible; GPTBot/1.3; +https://openai.com/gptbot)"
74.7.227.21 - - [16/Apr/2026:01:01:13 +0200] "GET /cinema/films/4651/ HTTP/1.1" 200 6746 "https://www.afish-ka.ru/16-11-2017/" "Mozilla/5.0 AppleWebKit/537.36 (KHTML, like Gecko; compatible; GPTBot/1.3; +https://openai.com/gptbot)"
74.7.227.21 - - [16/Apr/2026:01:01:14 +0200] "GET /31-08-2020/ HTTP/1.1" 200 5851 "https://www.afish-ka.ru/05-10-2020/" "Mozilla/5.0 AppleWebKit/537.36 (KHTML, like Gecko; compatible; GPTBot/1.3; +https://openai.com/gptbot)"
74.7.227.21 - - [16/Apr/2026:01:01:14 +0200] "GET /13-09-2020/ HTTP/1.1" 200 5871 "https://www.afish-ka.ru/18-10-2020/" "Mozilla/5.0 AppleWebKit/537.36 (KHTML, like Gecko; compatible; GPTBot/1.3; +https://openai.com/gptbot)"
74.7.227.21 - - [16/Apr/2026:01:01:15 +0200] "GET /cinema/films/5652/ HTTP/1.1" 200 6796 "https://www.afish-ka.ru/05-10-2020/" "Mozilla/5.0 AppleWebKit/537.36 (KHTML, like Gecko; compatible; GPTBot/1.3; +https://openai.com/gptbot)"
74.7.227.21 - - [16/Apr/2026:01:01:15 +0200] "GET /cafe/actions/2294/ HTTP/1.1" 200 6277 "https://www.afish-ka.ru/01-10-2012/" "Mozilla/5.0 AppleWebKit/537.36 (KHTML, like Gecko; compatible; GPTBot/1.3; +https://openai.com/gptbot)"
74.7.227.21 - - [16/Apr/2026:01:01:16 +0200] "GET /cinema/films/5651/ HTTP/1.1" 200 6708 "https://www.afish-ka.ru/05-10-2020/" "Mozilla/5.0 AppleWebKit/537.36 (KHTML, like Gecko; compatible; GPTBot/1.3; +https://openai.com/gptbot)"
74.7.227.21 - - [16/Apr/2026:01:01:17 +0200] "GET /cinema/films/5650/ HTTP/1.1" 200 6840 "https://www.afish-ka.ru/05-10-2020/" "Mozilla/5.0 AppleWebKit/537.36 (KHTML, like Gecko; compatible; GPTBot/1.3; +https://openai.com/gptbot)"
74.7.227.21 - - [16/Apr/2026:01:01:17 +0200] "GET /10-09-2020/ HTTP/1.1" 200 5871 "https://www.afish-ka.ru/15-10-2020/" "Mozilla/5.0 AppleWebKit/537.36 (KHTML, like Gecko; compatible; GPTBot/1.3; +https://openai.com/gptbot)"
74.7.227.21 - - [16/Apr/2026:01:01:18 +0200] "GET /08-03-2007/ HTTP/1.1" 200 6150 "https://www.afish-ka.ru/12-04-2007/" "Mozilla/5.0 AppleWebKit/537.36 (KHTML, like Gecko; compatible; GPTBot/1.3; +https://openai.com/gptbot)"
74.7.227.21 - - [16/Apr/2026:01:01:18 +0200] "GET /images/s/actions/5647_5.jpg HTTP/1.1" 200 5971 "https://www.afish-ka.ru/cinema/films/5647/" "Mozilla/5.0 AppleWebKit/537.36 (KHTML, like Gecko; compatible; GPTBot/1.3; +https://openai.com/gptbot)"
74.7.227.21 - - [16/Apr/2026:01:01:19 +0200] "GET /images/s/actions/5647_2.jpg HTTP/1.1" 200 7139 "https://www.afish-ka.ru/cinema/films/5647/" "Mozilla/5.0 AppleWebKit/537.36 (KHTML, like Gecko; compatible; GPTBot/1.3; +https://openai.com/gptbot)"
74.7.227.21 - - [16/Apr/2026:01:01:20 +0200] "GET /images/b/actions/4651_3.jpg HTTP/1.1" 200 32502 "https://www.afish-ka.ru/cinema/films/4651/" "Mozilla/5.0 AppleWebKit/537.36 (KHTML, like Gecko; compatible; GPTBot/1.3; +https://openai.com/gptbot)"
74.7.227.21 - - [16/Apr/2026:01:01:20 +0200] "GET /images/s/actions/4651_2.jpg HTTP/1.1" 200 5589 "https://www.afish-ka.ru/cinema/films/4651/" "Mozilla/5.0 AppleWebKit/537.36 (KHTML, like Gecko; compatible; GPTBot/1.3; +https://openai.com/gptbot)"
74.7.227.21 - - [16/Apr/2026:01:01:21 +0200] "GET /images/b/actions/4651_2.jpg HTTP/1.1" 200 40227 "https://www.afish-ka.ru/cinema/films/4651/" "Mozilla/5.0 AppleWebKit/537.36 (KHTML, like Gecko; compatible; GPTBot/1.3; +https://openai.com/gptbot)"
74.7.227.21 - - [16/Apr/2026:01:01:21 +0200] "GET /images/s/actions/5652_3.jpg HTTP/1.1" 200 3513 "https://www.afish-ka.ru/cinema/films/5652/" "Mozilla/5.0 AppleWebKit/537.36 (KHTML, like Gecko; compatible; GPTBot/1.3; +https://openai.com/gptbot)"
74.7.227.21 - - [16/Apr/2026:01:01:22 +0200] "GET /images/b/actions/5652_1.jpg HTTP/1.1" 200 39376 "https://www.afish-ka.ru/cinema/films/5652/" "Mozilla/5.0 AppleWebKit/537.36 (KHTML, like Gecko; compatible; GPTBot/1.3; +https://openai.com/gptbot)"
74.7.227.21 - - [16/Apr/2026:01:01:22 +0200] "GET /images/b/actions/5651_4.jpg HTTP/1.1" 200 17590 "https://www.afish-ka.ru/cinema/films/5651/" "Mozilla/5.0 AppleWebKit/537.36 (KHTML, like Gecko; compatible; GPTBot/1.3; +https://openai.com/gptbot)"
51.75.236.136 - - [16/Apr/2026:01:01:22 +0200] "GET /city/270/ HTTP/1.1" 200 9758 "-" "Mozilla/5.0 (compatible; AhrefsBot/7.0; +http://ahrefs.com/robot/)"
74.7.227.21 - - [16/Apr/2026:01:01:23 +0200] "GET /images/b/actions/5651_1.jpg HTTP/1.1" 200 33997 "https://www.afish-ka.ru/cinema/films/5651/" "Mozilla/5.0 AppleWebKit/537.36 (KHTML, like Gecko; compatible; GPTBot/1.3; +https://openai.com/gptbot)"
74.7.227.21 - - [16/Apr/2026:01:01:23 +0200] "GET /images/b/actions/5650_2.jpg HTTP/1.1" 200 47004 "https://www.afish-ka.ru/cinema/films/5650/" "Mozilla/5.0 AppleWebKit/537.36 (KHTML, like Gecko; compatible; GPTBot/1.3; +https://openai.com/gptbot)"
74.7.227.21 - - [16/Apr/2026:01:01:24 +0200] "GET /images/b/actions/5650_5.jpg HTTP/1.1" 200 49646 "https://www.afish-ka.ru/cinema/films/5650/" "Mozilla/5.0 AppleWebKit/537.36 (KHTML, like Gecko; compatible; GPTBot/1.3; +https://openai.com/gptbot)"
74.7.227.21 - - [16/Apr/2026:01:01:24 +0200] "GET /images/s/actions/4651_3.jpg HTTP/1.1" 200 4279 "https://www.afish-ka.ru/cinema/films/4651/" "Mozilla/5.0 AppleWebKit/537.36 (KHTML, like Gecko; compatible; GPTBot/1.3; +https://openai.com/gptbot)"
74.7.227.21 - - [16/Apr/2026:01:01:25 +0200] "GET /images/b/actions/2294_1.jpg HTTP/1.1" 200 17877 "https://www.afish-ka.ru/cafe/actions/2294/" "Mozilla/5.0 AppleWebKit/537.36 (KHTML, like Gecko; compatible; GPTBot/1.3; +https://openai.com/gptbot)"
74.7.227.21 - - [16/Apr/2026:01:01:25 +0200] "GET /images/b/actions/5647_1.jpg HTTP/1.1" 200 43964 "https://www.afish-ka.ru/cinema/films/5647/" "Mozilla/5.0 AppleWebKit/537.36 (KHTML, like Gecko; compatible; GPTBot/1.3; +https://openai.com/gptbot)"
74.7.227.21 - - [16/Apr/2026:01:01:26 +0200] "GET /images/s/actions/5647_4.jpg HTTP/1.1" 200 6747 "https://www.afish-ka.ru/cinema/films/5647/" "Mozilla/5.0 AppleWebKit/537.36 (KHTML, like Gecko; compatible; GPTBot/1.3; +https://openai.com/gptbot)"
74.7.227.21 - - [16/Apr/2026:01:01:26 +0200] "GET /images/b/actions/5652_5.jpg HTTP/1.1" 200 28275 "https://www.afish-ka.ru/cinema/films/5652/" "Mozilla/5.0 AppleWebKit/537.36 (KHTML, like Gecko; compatible; GPTBot/1.3; +https://openai.com/gptbot)"
74.7.227.21 - - [16/Apr/2026:01:01:27 +0200] "GET /images/s/actions/5650_4.jpg HTTP/1.1" 200 6799 "https://www.afish-ka.ru/cinema/films/5650/" "Mozilla/5.0 AppleWebKit/537.36 (KHTML, like Gecko; compatible; GPTBot/1.3; +https://openai.com/gptbot)"
74.7.227.21 - - [16/Apr/2026:01:01:27 +0200] "GET /images/b/actions/5652_4.jpg HTTP/1.1" 200 46165 "https://www.afish-ka.ru/cinema/films/5652/" "Mozilla/5.0 AppleWebKit/537.36 (KHTML, like Gecko; compatible; GPTBot/1.3; +https://openai.com/gptbot)"
74.7.227.21 - - [16/Apr/2026:01:01:28 +0200] "GET /images/s/actions/4651_5.jpg HTTP/1.1" 200 4816 "https://www.afish-ka.ru/cinema/films/4651/" "Mozilla/5.0 AppleWebKit/537.36 (KHTML, like Gecko; compatible; GPTBot/1.3; +https://openai.com/gptbot)"
74.7.227.21 - - [16/Apr/2026:01:01:29 +0200] "GET /images/b/actions/5650_1.jpg HTTP/1.1" 200 68752 "https://www.afish-ka.ru/cinema/films/5650/" "Mozilla/5.0 AppleWebKit/537.36 (KHTML, like Gecko; compatible; GPTBot/1.3; +https://openai.com/gptbot)"
74.7.227.21 - - [16/Apr/2026:01:01:29 +0200] "GET /images/s/actions/5651_2.jpg HTTP/1.1" 200 5039 "https://www.afish-ka.ru/cinema/films/5651/" "Mozilla/5.0 AppleWebKit/537.36 (KHTML, like Gecko; compatible; GPTBot/1.3; +https://openai.com/gptbot)"
185.191.171.15 - - [16/Apr/2026:01:01:29 +0200] "GET /cinema/films/5895/ HTTP/1.1" 200 10711 "-" "Mozilla/5.0 (compatible; SemrushBot/7~bl; +http://www.semrush.com/bot.html)"
74.7.227.21 - - [16/Apr/2026:01:01:30 +0200] "GET /images/b/actions/5649_2.jpg HTTP/1.1" 200 34462 "https://www.afish-ka.ru/cinema/films/5649/" "Mozilla/5.0 AppleWebKit/537.36 (KHTML, like Gecko; compatible; GPTBot/1.3; +https://openai.com/gptbot)"
40.77.167.14 - - [16/Apr/2026:01:01:29 +0200] "GET /21-11-2008/ HTTP/1.1" 200 12202 "-" "Mozilla/5.0 AppleWebKit/537.36 (KHTML, like Gecko; compatible; bingbot/2.0; +http://www.bing.com/bingbot.htm) Chrome/116.0.1938.76 Safari/537.36"
74.7.227.21 - - [16/Apr/2026:01:01:30 +0200] "GET /images/s/actions/5649_3.jpg HTTP/1.1" 200 5774 "https://www.afish-ka.ru/cinema/films/5649/" "Mozilla/5.0 AppleWebKit/537.36 (KHTML, like Gecko; compatible; GPTBot/1.3; +https://openai.com/gptbot)"
74.7.227.21 - - [16/Apr/2026:01:01:31 +0200] "GET /images/b/actions/5650_3.jpg HTTP/1.1" 200 86980 "https://www.afish-ka.ru/cinema/films/5650/" "Mozilla/5.0 AppleWebKit/537.36 (KHTML, like Gecko; compatible; GPTBot/1.3; +https://openai.com/gptbot)"
74.7.227.21 - - [16/Apr/2026:01:01:31 +0200] "GET /images/s/actions/5651_4.jpg HTTP/1.1" 200 3741 "https://www.afish-ka.ru/cinema/films/5651/" "Mozilla/5.0 AppleWebKit/537.36 (KHTML, like Gecko; compatible; GPTBot/1.3; +https://openai.com/gptbot)"
74.7.227.21 - - [16/Apr/2026:01:01:32 +0200] "GET /images/b/actions/5649_4.jpg HTTP/1.1" 200 43583 "https://www.afish-ka.ru/cinema/films/5649/" "Mozilla/5.0 AppleWebKit/537.36 (KHTML, like Gecko; compatible; GPTBot/1.3; +https://openai.com/gptbot)"
74.7.227.21 - - [16/Apr/2026:01:01:32 +0200] "GET /images/b/actions/4651_4.jpg HTTP/1.1" 200 39588 "https://www.afish-ka.ru/cinema/films/4651/" "Mozilla/5.0 AppleWebKit/537.36 (KHTML, like Gecko; compatible; GPTBot/1.3; +https://openai.com/gptbot)"
74.7.227.21 - - [16/Apr/2026:01:01:33 +0200] "GET /images/b/actions/5649_1.jpg HTTP/1.1" 200 22239 "https://www.afish-ka.ru/cinema/films/5649/" "Mozilla/5.0 AppleWebKit/537.36 (KHTML, like Gecko; compatible; GPTBot/1.3; +https://openai.com/gptbot)"
74.7.227.21 - - [16/Apr/2026:01:01:33 +0200] "GET /images/b/actions/5652_2.jpg HTTP/1.1" 200 14936 "https://www.afish-ka.ru/cinema/films/5652/" "Mozilla/5.0 AppleWebKit/537.36 (KHTML, like Gecko; compatible; GPTBot/1.3; +https://openai.com/gptbot)"
74.7.227.21 - - [16/Apr/2026:01:01:34 +0200] "GET /images/s/actions/5650_2.jpg HTTP/1.1" 200 5901 "https://www.afish-ka.ru/cinema/films/5650/" "Mozilla/5.0 AppleWebKit/537.36 (KHTML, like Gecko; compatible; GPTBot/1.3; +https://openai.com/gptbot)"
74.7.227.21 - - [16/Apr/2026:01:01:34 +0200] "GET /images/b/actions/4651_1.jpg HTTP/1.1" 200 35220 "https://www.afish-ka.ru/cinema/films/4651/" "Mozilla/5.0 AppleWebKit/537.36 (KHTML, like Gecko; compatible; GPTBot/1.3; +https://openai.com/gptbot)"
74.7.227.21 - - [16/Apr/2026:01:01:35 +0200] "GET /images/s/actions/5650_3.jpg HTTP/1.1" 200 7739 "https://www.afish-ka.ru/cinema/films/5650/" "Mozilla/5.0 AppleWebKit/537.36 (KHTML, like Gecko; compatible; GPTBot/1.3; +https://openai.com/gptbot)"
74.7.227.21 - - [16/Apr/2026:01:01:35 +0200] "GET /images/s/actions/5649_2.jpg HTTP/1.1" 200 5994 "https://www.afish-ka.ru/cinema/films/5649/" "Mozilla/5.0 AppleWebKit/537.36 (KHTML, like Gecko; compatible; GPTBot/1.3; +https://openai.com/gptbot)"
74.7.227.21 - - [16/Apr/2026:01:01:36 +0200] "GET /images/b/actions/5649_3.jpg HTTP/1.1" 200 26098 "https://www.afish-ka.ru/cinema/films/5649/" "Mozilla/5.0 AppleWebKit/537.36 (KHTML, like Gecko; compatible; GPTBot/1.3; +https://openai.com/gptbot)"
74.7.227.21 - - [16/Apr/2026:01:01:36 +0200] "GET /images/s/actions/5649_4.jpg HTTP/1.1" 200 7875 "https://www.afish-ka.ru/cinema/films/5649/" "Mozilla/5.0 AppleWebKit/537.36 (KHTML, like Gecko; compatible; GPTBot/1.3; +https://openai.com/gptbot)"
74.7.227.21 - - [16/Apr/2026:01:01:37 +0200] "GET /images/s/actions/5647_3.jpg HTTP/1.1" 200 7811 "https://www.afish-ka.ru/cinema/films/5647/" "Mozilla/5.0 AppleWebKit/537.36 (KHTML, like Gecko; compatible; GPTBot/1.3; +https://openai.com/gptbot)"
74.7.227.21 - - [16/Apr/2026:01:01:38 +0200] "GET /images/b/actions/5651_2.jpg HTTP/1.1" 200 50965 "https://www.afish-ka.ru/cinema/films/5651/" "Mozilla/5.0 AppleWebKit/537.36 (KHTML, like Gecko; compatible; GPTBot/1.3; +https://openai.com/gptbot)"
74.7.227.21 - - [16/Apr/2026:01:01:38 +0200] "GET /images/s/actions/5652_4.jpg HTTP/1.1" 200 6013 "https://www.afish-ka.ru/cinema/films/5652/" "Mozilla/5.0 AppleWebKit/537.36 (KHTML, like Gecko; compatible; GPTBot/1.3; +https://openai.com/gptbot)"
85.208.96.203 - - [16/Apr/2026:01:01:38 +0200] "GET /night_club/parties/674/opinions/add/?parent=54473 HTTP/1.1" 200 9532 "-" "Mozilla/5.0 (compatible; SemrushBot/7~bl; +http://www.semrush.com/bot.html)"
74.7.227.21 - - [16/Apr/2026:01:01:39 +0200] "GET /images/b/actions/5647_2.jpg HTTP/1.1" 200 66446 "https://www.afish-ka.ru/cinema/films/5647/" "Mozilla/5.0 AppleWebKit/537.36 (KHTML, like Gecko; compatible; GPTBot/1.3; +https://openai.com/gptbot)"
74.7.227.21 - - [16/Apr/2026:01:01:39 +0200] "GET /images/s/actions/5651_3.jpg HTTP/1.1" 200 6287 "https://www.afish-ka.ru/cinema/films/5651/" "Mozilla/5.0 AppleWebKit/537.36 (KHTML, like Gecko; compatible; GPTBot/1.3; +https://openai.com/gptbot)"
74.7.227.21 - - [16/Apr/2026:01:01:40 +0200] "GET /images/b/actions/5647_5.jpg HTTP/1.1" 200 32763 "https://www.afish-ka.ru/cinema/films/5647/" "Mozilla/5.0 AppleWebKit/537.36 (KHTML, like Gecko; compatible; GPTBot/1.3; +https://openai.com/gptbot)"
74.7.227.21 - - [16/Apr/2026:01:01:40 +0200] "GET /images/b/actions/5647_4.jpg HTTP/1.1" 200 42015 "https://www.afish-ka.ru/cinema/films/5647/" "Mozilla/5.0 AppleWebKit/537.36 (KHTML, like Gecko; compatible; GPTBot/1.3; +https://openai.com/gptbot)"
74.7.227.21 - - [16/Apr/2026:01:01:41 +0200] "GET /images/b/actions/5652_3.jpg HTTP/1.1" 200 26340 "https://www.afish-ka.ru/cinema/films/5652/" "Mozilla/5.0 AppleWebKit/537.36 (KHTML, like Gecko; compatible; GPTBot/1.3; +https://openai.com/gptbot)"
74.7.227.21 - - [16/Apr/2026:01:01:41 +0200] "GET /images/s/actions/4651_4.jpg HTTP/1.1" 200 5341 "https://www.afish-ka.ru/cinema/films/4651/" "Mozilla/5.0 AppleWebKit/537.36 (KHTML, like Gecko; compatible; GPTBot/1.3; +https://openai.com/gptbot)"
74.7.227.21 - - [16/Apr/2026:01:01:42 +0200] "GET /images/b/actions/5651_5.jpg HTTP/1.1" 200 23107 "https://www.afish-ka.ru/cinema/films/5651/" "Mozilla/5.0 AppleWebKit/537.36 (KHTML, like Gecko; compatible; GPTBot/1.3; +https://openai.com/gptbot)"
74.7.227.21 - - [16/Apr/2026:01:01:42 +0200] "GET /images/b/actions/5649_5.jpg HTTP/1.1" 200 23902 "https://www.afish-ka.ru/cinema/films/5649/" "Mozilla/5.0 AppleWebKit/537.36 (KHTML, like Gecko; compatible; GPTBot/1.3; +https://openai.com/gptbot)"
74.7.227.21 - - [16/Apr/2026:01:01:43 +0200] "GET /images/b/actions/4651_5.jpg HTTP/1.1" 200 43848 "https://www.afish-ka.ru/cinema/films/4651/" "Mozilla/5.0 AppleWebKit/537.36 (KHTML, like Gecko; compatible; GPTBot/1.3; +https://openai.com/gptbot)"
74.7.227.21 - - [16/Apr/2026:01:01:43 +0200] "GET /images/b/actions/5651_3.jpg HTTP/1.1" 200 61651 "https://www.afish-ka.ru/cinema/films/5651/" "Mozilla/5.0 AppleWebKit/537.36 (KHTML, like Gecko; compatible; GPTBot/1.3; +https://openai.com/gptbot)"
74.7.227.21 - - [16/Apr/2026:01:01:44 +0200] "GET /images/b/actions/5650_4.jpg HTTP/1.1" 200 69671 "https://www.afish-ka.ru/cinema/films/5650/" "Mozilla/5.0 AppleWebKit/537.36 (KHTML, like Gecko; compatible; GPTBot/1.3; +https://openai.com/gptbot)"
74.7.227.21 - - [16/Apr/2026:01:01:44 +0200] "GET /images/s/actions/5649_5.jpg HTTP/1.1" 200 4947 "https://www.afish-ka.ru/cinema/films/5649/" "Mozilla/5.0 AppleWebKit/537.36 (KHTML, like Gecko; compatible; GPTBot/1.3; +https://openai.com/gptbot)"
74.7.227.21 - - [16/Apr/2026:01:01:45 +0200] "GET /images/b/actions/5647_3.jpg HTTP/1.1" 200 55286 "https://www.afish-ka.ru/cinema/films/5647/" "Mozilla/5.0 AppleWebKit/537.36 (KHTML, like Gecko; compatible; GPTBot/1.3; +https://openai.com/gptbot)"
74.7.227.21 - - [16/Apr/2026:01:01:45 +0200] "GET /images/s/actions/5650_5.jpg HTTP/1.1" 200 5704 "https://www.afish-ka.ru/cinema/films/5650/" "Mozilla/5.0 AppleWebKit/537.36 (KHTML, like Gecko; compatible; GPTBot/1.3; +https://openai.com/gptbot)"
74.7.227.21 - - [16/Apr/2026:01:01:46 +0200] "GET /images/s/actions/5652_2.jpg HTTP/1.1" 200 2862 "https://www.afish-ka.ru/cinema/films/5652/" "Mozilla/5.0 AppleWebKit/537.36 (KHTML, like Gecko; compatible; GPTBot/1.3; +https://openai.com/gptbot)"
74.7.227.21 - - [16/Apr/2026:01:01:46 +0200] "GET /images/s/actions/5652_5.jpg HTTP/1.1" 200 4778 "https://www.afish-ka.ru/cinema/films/5652/" "Mozilla/5.0 AppleWebKit/537.36 (KHTML, like Gecko; compatible; GPTBot/1.3; +https://openai.com/gptbot)"
40.77.167.151 - - [16/Apr/2026:01:01:46 +0200] "GET /17-11-2016/ HTTP/1.1" 200 14176 "-" "Mozilla/5.0 AppleWebKit/537.36 (KHTML, like Gecko; compatible; bingbot/2.0; +http://www.bing.com/bingbot.htm) Chrome/116.0.1938.76 Safari/537.36"
74.7.227.21 - - [16/Apr/2026:01:01:47 +0200] "GET /images/s/actions/5651_5.jpg HTTP/1.1" 200 3589 "https://www.afish-ka.ru/cinema/films/5651/" "Mozilla/5.0 AppleWebKit/537.36 (KHTML, like Gecko; compatible; GPTBot/1.3; +https://openai.com/gptbot)"
220.181.108.90 - - [16/Apr/2026:01:01:47 +0200] "GET /images/s/actions/999_1.jpg HTTP/1.1" 200 11595 "-" "Baiduspider-image+(+http://www.baidu.com/search/spider.htm)"
74.7.227.21 - - [16/Apr/2026:01:01:47 +0200] "GET /images/b/posters/5649.jpg HTTP/1.1" 200 45634 "https://www.afish-ka.ru/cinema/films/5649/" "Mozilla/5.0 AppleWebKit/537.36 (KHTML, like Gecko; compatible; GPTBot/1.3; +https://openai.com/gptbot)"
74.7.227.21 - - [16/Apr/2026:01:01:48 +0200] "GET /images/b/posters/5652.jpg HTTP/1.1" 200 56772 "https://www.afish-ka.ru/cinema/films/5652/" "Mozilla/5.0 AppleWebKit/537.36 (KHTML, like Gecko; compatible; GPTBot/1.3; +https://openai.com/gptbot)"
74.7.227.21 - - [16/Apr/2026:01:01:48 +0200] "GET /images/s/posters/5651.jpg HTTP/1.1" 200 11162 "https://www.afish-ka.ru/cinema/films/5651/" "Mozilla/5.0 AppleWebKit/537.36 (KHTML, like Gecko; compatible; GPTBot/1.3; +https://openai.com/gptbot)"
74.7.227.21 - - [16/Apr/2026:01:01:49 +0200] "GET /images/b/posters/5647.jpg HTTP/1.1" 200 39273 "https://www.afish-ka.ru/cinema/films/5647/" "Mozilla/5.0 AppleWebKit/537.36 (KHTML, like Gecko; compatible; GPTBot/1.3; +https://openai.com/gptbot)"
74.7.227.21 - - [16/Apr/2026:01:01:50 +0200] "GET /images/s/posters/5650.jpg HTTP/1.1" 200 11284 "https://www.afish-ka.ru/cinema/films/5650/" "Mozilla/5.0 AppleWebKit/537.36 (KHTML, like Gecko; compatible; GPTBot/1.3; +https://openai.com/gptbot)"
74.7.227.21 - - [16/Apr/2026:01:01:50 +0200] "GET /images/b/posters/5650.jpg HTTP/1.1" 200 57223 "https://www.afish-ka.ru/cinema/films/5650/" "Mozilla/5.0 AppleWebKit/537.36 (KHTML, like Gecko; compatible; GPTBot/1.3; +https://openai.com/gptbot)"
