74.7.227.21 - - [16/Apr/2026:01:15:08 +0200] "GET /21-04-2014/ HTTP/1.1" 200 8287 "https://www.afish-ka.ru/04-05-2014/" "Mozilla/5.0 AppleWebKit/537.36 (KHTML, like Gecko; compatible; GPTBot/1.3; +https://openai.com/gptbot)"
74.7.227.21 - - [16/Apr/2026:01:15:09 +0200] "GET /16-06-2012/ HTTP/1.1" 200 8293 "https://www.afish-ka.ru/30-05-2012/" "Mozilla/5.0 AppleWebKit/537.36 (KHTML, like Gecko; compatible; GPTBot/1.3; +https://openai.com/gptbot)"
74.7.227.21 - - [16/Apr/2026:01:15:10 +0200] "GET /11-12-2009/ HTTP/1.1" 200 7868 "https://www.afish-ka.ru/27-12-2009/" "Mozilla/5.0 AppleWebKit/537.36 (KHTML, like Gecko; compatible; GPTBot/1.3; +https://openai.com/gptbot)"
74.7.227.21 - - [16/Apr/2026:01:15:10 +0200] "GET /12-01-2006/ HTTP/1.1" 200 6624 "https://www.afish-ka.ru/14-01-2006/" "Mozilla/5.0 AppleWebKit/537.36 (KHTML, like Gecko; compatible; GPTBot/1.3; +https://openai.com/gptbot)"
46.42.150.90 - - [16/Apr/2026:01:15:11 +0200] "GET /concert_hall/actions/3129/ HTTP/1.1" 200 14320 "https://www.google.com/" "Mozilla/5.0 (iPhone; CPU iPhone OS 18_7 like Mac OS X) AppleWebKit/605.1.15 (KHTML, like Gecko) Version/26.4 Mobile/15E148 Safari/604.1"
74.7.227.21 - - [16/Apr/2026:01:15:11 +0200] "GET /11-06-2012/ HTTP/1.1" 200 7155 "https://www.afish-ka.ru/07-05-2012/" "Mozilla/5.0 AppleWebKit/537.36 (KHTML, like Gecko; compatible; GPTBot/1.3; +https://openai.com/gptbot)"
185.191.171.7 - - [16/Apr/2026:01:15:11 +0200] "GET /cinema/films/5859/opinions/add/ HTTP/1.1" 200 9521 "-" "Mozilla/5.0 (compatible; SemrushBot/7~bl; +http://www.semrush.com/bot.html)"
74.7.227.21 - - [16/Apr/2026:01:15:11 +0200] "GET /30-05-2020/ HTTP/1.1" 200 5842 "https://www.afish-ka.ru/25-04-2020/" "Mozilla/5.0 AppleWebKit/537.36 (KHTML, like Gecko; compatible; GPTBot/1.3; +https://openai.com/gptbot)"
5.39.1.232 - - [16/Apr/2026:01:15:11 +0200] "GET /concert_hall/actions/2948/opinions/add/?parent=27811 HTTP/1.1" 200 9550 "-" "Mozilla/5.0 (compatible; AhrefsBot/7.0; +http://ahrefs.com/robot/)"
74.7.227.21 - - [16/Apr/2026:01:15:12 +0200] "GET /images/b/actions/1765_2.jpg HTTP/1.1" 200 13864 "https://www.afish-ka.ru/concert_hall/actions/1765/" "Mozilla/5.0 AppleWebKit/537.36 (KHTML, like Gecko; compatible; GPTBot/1.3; +https://openai.com/gptbot)"
74.7.227.21 - - [16/Apr/2026:01:15:12 +0200] "GET /images/b/actions/1765_1.jpg HTTP/1.1" 200 31545 "https://www.afish-ka.ru/concert_hall/actions/1765/" "Mozilla/5.0 AppleWebKit/537.36 (KHTML, like Gecko; compatible; GPTBot/1.3; +https://openai.com/gptbot)"
74.7.227.21 - - [16/Apr/2026:01:15:13 +0200] "GET /images/s/actions/1765_2.jpg HTTP/1.1" 200 4990 "https://www.afish-ka.ru/concert_hall/actions/1765/" "Mozilla/5.0 AppleWebKit/537.36 (KHTML, like Gecko; compatible; GPTBot/1.3; +https://openai.com/gptbot)"
74.7.227.21 - - [16/Apr/2026:01:15:13 +0200] "GET /06-07-2024/ HTTP/1.1" 200 5842 "https://www.afish-ka.ru/01-06-2024/" "Mozilla/5.0 AppleWebKit/537.36 (KHTML, like Gecko; compatible; GPTBot/1.3; +https://openai.com/gptbot)"
74.7.227.21 - - [16/Apr/2026:01:15:14 +0200] "GET /19-08-2024/ HTTP/1.1" 200 5855 "https://www.afish-ka.ru/15-07-2024/" "Mozilla/5.0 AppleWebKit/537.36 (KHTML, like Gecko; compatible; GPTBot/1.3; +https://openai.com/gptbot)"
74.7.227.21 - - [16/Apr/2026:01:15:14 +0200] "GET /01-10-2007/ HTTP/1.1" 200 7320 "https://www.afish-ka.ru/19-10-2007/" "Mozilla/5.0 AppleWebKit/537.36 (KHTML, like Gecko; compatible; GPTBot/1.3; +https://openai.com/gptbot)"
74.7.227.21 - - [16/Apr/2026:01:15:15 +0200] "GET /images/s/actions/2100_1.jpg HTTP/1.1" 200 7889 "https://www.afish-ka.ru/16-06-2012/" "Mozilla/5.0 AppleWebKit/537.36 (KHTML, like Gecko; compatible; GPTBot/1.3; +https://openai.com/gptbot)"
74.7.227.21 - - [16/Apr/2026:01:15:16 +0200] "GET /cafe/actions/2101/ HTTP/1.1" 200 6446 "https://www.afish-ka.ru/16-06-2012/" "Mozilla/5.0 AppleWebKit/537.36 (KHTML, like Gecko; compatible; GPTBot/1.3; +https://openai.com/gptbot)"
74.7.227.21 - - [16/Apr/2026:01:15:16 +0200] "GET /08-12-2005/ HTTP/1.1" 404 413 "https://www.afish-ka.ru/12-01-2006/" "Mozilla/5.0 AppleWebKit/537.36 (KHTML, like Gecko; compatible; GPTBot/1.3; +https://openai.com/gptbot)"
74.7.227.21 - - [16/Apr/2026:01:15:17 +0200] "GET /01-03-2009/ HTTP/1.1" 200 11216 "https://www.afish-ka.ru/14-03-2009/" "Mozilla/5.0 AppleWebKit/537.36 (KHTML, like Gecko; compatible; GPTBot/1.3; +https://openai.com/gptbot)"
74.7.227.21 - - [16/Apr/2026:01:15:18 +0200] "GET /04-07-2020/ HTTP/1.1" 200 5844 "https://www.afish-ka.ru/30-05-2020/" "Mozilla/5.0 AppleWebKit/537.36 (KHTML, like Gecko; compatible; GPTBot/1.3; +https://openai.com/gptbot)"
74.7.227.21 - - [16/Apr/2026:01:15:18 +0200] "GET /21-02-2015/ HTTP/1.1" 200 8981 "https://www.afish-ka.ru/06-03-2015/" "Mozilla/5.0 AppleWebKit/537.36 (KHTML, like Gecko; compatible; GPTBot/1.3; +https://openai.com/gptbot)"
74.7.227.21 - - [16/Apr/2026:01:15:19 +0200] "GET /01-03-2020/ HTTP/1.1" 200 10066 "https://www.afish-ka.ru/26-01-2020/" "Mozilla/5.0 AppleWebKit/537.36 (KHTML, like Gecko; compatible; GPTBot/1.3; +https://openai.com/gptbot)"
74.7.227.21 - - [16/Apr/2026:01:15:20 +0200] "GET /28-01-2018/ HTTP/1.1" 200 10497 "https://www.afish-ka.ru/24-12-2017/" "Mozilla/5.0 AppleWebKit/537.36 (KHTML, like Gecko; compatible; GPTBot/1.3; +https://openai.com/gptbot)"
74.7.227.21 - - [16/Apr/2026:01:15:20 +0200] "GET /10-08-2024/ HTTP/1.1" 200 5848 "https://www.afish-ka.ru/06-07-2024/" "Mozilla/5.0 AppleWebKit/537.36 (KHTML, like Gecko; compatible; GPTBot/1.3; +https://openai.com/gptbot)"
74.7.227.21 - - [16/Apr/2026:01:15:21 +0200] "GET /23-09-2024/ HTTP/1.1" 200 5846 "https://www.afish-ka.ru/19-08-2024/" "Mozilla/5.0 AppleWebKit/537.36 (KHTML, like Gecko; compatible; GPTBot/1.3; +https://openai.com/gptbot)"
185.191.171.11 - - [16/Apr/2026:01:15:21 +0200] "GET /concert_hall/actions/49/opinions/add/?parent=3732 HTTP/1.1" 200 9534 "-" "Mozilla/5.0 (compatible; SemrushBot/7~bl; +http://www.semrush.com/bot.html)"
74.7.227.21 - - [16/Apr/2026:01:15:22 +0200] "GET /12-08-2010/ HTTP/1.1" 200 8184 "https://www.afish-ka.ru/26-08-2010/" "Mozilla/5.0 AppleWebKit/537.36 (KHTML, like Gecko; compatible; GPTBot/1.3; +https://openai.com/gptbot)"
74.7.227.21 - - [16/Apr/2026:01:15:22 +0200] "GET /20-06-2007/ HTTP/1.1" 200 6532 "https://www.afish-ka.ru/28-06-2007/" "Mozilla/5.0 AppleWebKit/537.36 (KHTML, like Gecko; compatible; GPTBot/1.3; +https://openai.com/gptbot)"
74.7.227.21 - - [16/Apr/2026:01:15:23 +0200] "GET /26-04-2022/ HTTP/1.1" 200 9681 "https://www.afish-ka.ru/31-05-2022/" "Mozilla/5.0 AppleWebKit/537.36 (KHTML, like Gecko; compatible; GPTBot/1.3; +https://openai.com/gptbot)"
74.7.227.21 - - [16/Apr/2026:01:15:24 +0200] "GET /03-09-2008/ HTTP/1.1" 200 7138 "https://www.afish-ka.ru/18-09-2008/" "Mozilla/5.0 AppleWebKit/537.36 (KHTML, like Gecko; compatible; GPTBot/1.3; +https://openai.com/gptbot)"
74.7.227.21 - - [16/Apr/2026:01:15:24 +0200] "GET /01-05-2010/ HTTP/1.1" 200 8926 "https://www.afish-ka.ru/05-06-2010/" "Mozilla/5.0 AppleWebKit/537.36 (KHTML, like Gecko; compatible; GPTBot/1.3; +https://openai.com/gptbot)"
37.59.204.155 - - [16/Apr/2026:01:15:24 +0200] "GET /cinema/films/5329/opinions/add/?parent=56043 HTTP/1.1" 200 9552 "-" "Mozilla/5.0 (compatible; AhrefsBot/7.0; +http://ahrefs.com/robot/)"
74.7.227.21 - - [16/Apr/2026:01:15:25 +0200] "GET /26-01-2012/ HTTP/1.1" 200 8681 "https://www.afish-ka.ru/12-01-2012/" "Mozilla/5.0 AppleWebKit/537.36 (KHTML, like Gecko; compatible; GPTBot/1.3; +https://openai.com/gptbot)"
74.7.227.21 - - [16/Apr/2026:01:15:25 +0200] "GET /22-08-2018/ HTTP/1.1" 200 11195 "https://www.afish-ka.ru/29-08-2018/" "Mozilla/5.0 AppleWebKit/537.36 (KHTML, like Gecko; compatible; GPTBot/1.3; +https://openai.com/gptbot)"
74.7.227.21 - - [16/Apr/2026:01:15:26 +0200] "GET /cinema/films/5609/ HTTP/1.1" 200 6654 "https://www.afish-ka.ru/01-03-2020/" "Mozilla/5.0 AppleWebKit/537.36 (KHTML, like Gecko; compatible; GPTBot/1.3; +https://openai.com/gptbot)"
74.7.227.21 - - [16/Apr/2026:01:15:26 +0200] "GET /cinema/films/5610/ HTTP/1.1" 200 6780 "https://www.afish-ka.ru/01-03-2020/" "Mozilla/5.0 AppleWebKit/537.36 (KHTML, like Gecko; compatible; GPTBot/1.3; +https://openai.com/gptbot)"
74.7.227.21 - - [16/Apr/2026:01:15:27 +0200] "GET /cinema/films/5612/ HTTP/1.1" 200 6623 "https://www.afish-ka.ru/01-03-2020/" "Mozilla/5.0 AppleWebKit/537.36 (KHTML, like Gecko; compatible; GPTBot/1.3; +https://openai.com/gptbot)"
74.7.227.21 - - [16/Apr/2026:01:15:28 +0200] "GET /cinema/films/5613/ HTTP/1.1" 200 6659 "https://www.afish-ka.ru/01-03-2020/" "Mozilla/5.0 AppleWebKit/537.36 (KHTML, like Gecko; compatible; GPTBot/1.3; +https://openai.com/gptbot)"
74.7.227.21 - - [16/Apr/2026:01:15:28 +0200] "GET /14-09-2024/ HTTP/1.1" 200 5852 "https://www.afish-ka.ru/10-08-2024/" "Mozilla/5.0 AppleWebKit/537.36 (KHTML, like Gecko; compatible; GPTBot/1.3; +https://openai.com/gptbot)"
74.7.227.21 - - [16/Apr/2026:01:15:29 +0200] "GET /28-10-2024/ HTTP/1.1" 200 5846 "https://www.afish-ka.ru/23-09-2024/" "Mozilla/5.0 AppleWebKit/537.36 (KHTML, like Gecko; compatible; GPTBot/1.3; +https://openai.com/gptbot)"
74.7.227.21 - - [16/Apr/2026:01:15:29 +0200] "GET /cinema/films/5616/ HTTP/1.1" 200 6667 "https://www.afish-ka.ru/01-03-2020/" "Mozilla/5.0 AppleWebKit/537.36 (KHTML, like Gecko; compatible; GPTBot/1.3; +https://openai.com/gptbot)"
74.7.227.21 - - [16/Apr/2026:01:15:30 +0200] "GET /cinema/films/5615/ HTTP/1.1" 200 6582 "https://www.afish-ka.ru/01-03-2020/" "Mozilla/5.0 AppleWebKit/537.36 (KHTML, like Gecko; compatible; GPTBot/1.3; +https://openai.com/gptbot)"
74.7.227.21 - - [16/Apr/2026:01:15:31 +0200] "GET /night_club/parties/974/opinions/ HTTP/1.1" 200 5742 "https://www.afish-ka.ru/01-05-2010/" "Mozilla/5.0 AppleWebKit/537.36 (KHTML, like Gecko; compatible; GPTBot/1.3; +https://openai.com/gptbot)"
74.7.227.21 - - [16/Apr/2026:01:15:31 +0200] "GET /images/s/actions/1885_1.jpg HTTP/1.1" 200 6641 "https://www.afish-ka.ru/26-01-2012/" "Mozilla/5.0 AppleWebKit/537.36 (KHTML, like Gecko; compatible; GPTBot/1.3; +https://openai.com/gptbot)"
74.7.227.21 - - [16/Apr/2026:01:15:32 +0200] "GET /cafe/actions/1885/ HTTP/1.1" 200 6230 "https://www.afish-ka.ru/26-01-2012/" "Mozilla/5.0 AppleWebKit/537.36 (KHTML, like Gecko; compatible; GPTBot/1.3; +https://openai.com/gptbot)"
74.7.227.21 - - [16/Apr/2026:01:15:32 +0200] "GET /images/s/actions/5609_4.jpg HTTP/1.1" 200 4792 "https://www.afish-ka.ru/cinema/films/5609/" "Mozilla/5.0 AppleWebKit/537.36 (KHTML, like Gecko; compatible; GPTBot/1.3; +https://openai.com/gptbot)"
74.7.227.21 - - [16/Apr/2026:01:15:33 +0200] "GET /images/s/actions/5609_2.jpg HTTP/1.1" 200 4329 "https://www.afish-ka.ru/cinema/films/5609/" "Mozilla/5.0 AppleWebKit/537.36 (KHTML, like Gecko; compatible; GPTBot/1.3; +https://openai.com/gptbot)"
74.7.227.21 - - [16/Apr/2026:01:15:33 +0200] "GET /images/b/actions/5609_3.jpg HTTP/1.1" 200 31902 "https://www.afish-ka.ru/cinema/films/5609/" "Mozilla/5.0 AppleWebKit/537.36 (KHTML, like Gecko; compatible; GPTBot/1.3; +https://openai.com/gptbot)"
74.7.227.21 - - [16/Apr/2026:01:15:34 +0200] "GET /images/b/actions/5610_4.jpg HTTP/1.1" 200 62629 "https://www.afish-ka.ru/cinema/films/5610/" "Mozilla/5.0 AppleWebKit/537.36 (KHTML, like Gecko; compatible; GPTBot/1.3; +https://openai.com/gptbot)"
74.7.227.21 - - [16/Apr/2026:01:15:34 +0200] "GET /images/s/actions/5609_3.jpg HTTP/1.1" 200 4629 "https://www.afish-ka.ru/cinema/films/5609/" "Mozilla/5.0 AppleWebKit/537.36 (KHTML, like Gecko; compatible; GPTBot/1.3; +https://openai.com/gptbot)"
185.191.171.12 - - [16/Apr/2026:01:15:34 +0200] "GET /cinema/films/3796/opinions/add/?parent=34332 HTTP/1.1" 200 9496 "-" "Mozilla/5.0 (compatible; SemrushBot/7~bl; +http://www.semrush.com/bot.html)"
74.7.227.21 - - [16/Apr/2026:01:15:35 +0200] "GET /images/s/actions/5610_4.jpg HTTP/1.1" 200 6194 "https://www.afish-ka.ru/cinema/films/5610/" "Mozilla/5.0 AppleWebKit/537.36 (KHTML, like Gecko; compatible; GPTBot/1.3; +https://openai.com/gptbot)"
74.7.227.21 - - [16/Apr/2026:01:15:35 +0200] "GET /images/b/actions/5616_3.jpg HTTP/1.1" 200 51887 "https://www.afish-ka.ru/cinema/films/5616/" "Mozilla/5.0 AppleWebKit/537.36 (KHTML, like Gecko; compatible; GPTBot/1.3; +https://openai.com/gptbot)"
74.7.227.21 - - [16/Apr/2026:01:15:36 +0200] "GET /images/b/actions/5616_2.jpg HTTP/1.1" 200 56338 "https://www.afish-ka.ru/cinema/films/5616/" "Mozilla/5.0 AppleWebKit/537.36 (KHTML, like Gecko; compatible; GPTBot/1.3; +https://openai.com/gptbot)"
74.7.227.21 - - [16/Apr/2026:01:15:36 +0200] "GET /images/s/actions/5616_4.jpg HTTP/1.1" 200 7125 "https://www.afish-ka.ru/cinema/films/5616/" "Mozilla/5.0 AppleWebKit/537.36 (KHTML, like Gecko; compatible; GPTBot/1.3; +https://openai.com/gptbot)"
185.191.171.15 - - [16/Apr/2026:01:15:36 +0200] "GET /cinema/films/5756/opinions/ HTTP/1.1" 200 9316 "-" "Mozilla/5.0 (compatible; SemrushBot/7~bl; +http://www.semrush.com/bot.html)"
74.7.227.21 - - [16/Apr/2026:01:15:37 +0200] "GET /images/b/actions/5616_4.jpg HTTP/1.1" 200 64270 "https://www.afish-ka.ru/cinema/films/5616/" "Mozilla/5.0 AppleWebKit/537.36 (KHTML, like Gecko; compatible; GPTBot/1.3; +https://openai.com/gptbot)"
74.7.227.21 - - [16/Apr/2026:01:15:37 +0200] "GET /images/b/actions/1885_1.jpg HTTP/1.1" 200 18156 "https://www.afish-ka.ru/cafe/actions/1885/" "Mozilla/5.0 AppleWebKit/537.36 (KHTML, like Gecko; compatible; GPTBot/1.3; +https://openai.com/gptbot)"
74.7.227.21 - - [16/Apr/2026:01:15:38 +0200] "GET /images/s/actions/5610_3.jpg HTTP/1.1" 200 6513 "https://www.afish-ka.ru/cinema/films/5610/" "Mozilla/5.0 AppleWebKit/537.36 (KHTML, like Gecko; compatible; GPTBot/1.3; +https://openai.com/gptbot)"
74.7.227.21 - - [16/Apr/2026:01:15:38 +0200] "GET /images/b/actions/5609_1.jpg HTTP/1.1" 200 34212 "https://www.afish-ka.ru/cinema/films/5609/" "Mozilla/5.0 AppleWebKit/537.36 (KHTML, like Gecko; compatible; GPTBot/1.3; +https://openai.com/gptbot)"
74.7.227.21 - - [16/Apr/2026:01:15:39 +0200] "GET /images/b/actions/5610_1.jpg HTTP/1.1" 200 63564 "https://www.afish-ka.ru/cinema/films/5610/" "Mozilla/5.0 AppleWebKit/537.36 (KHTML, like Gecko; compatible; GPTBot/1.3; +https://openai.com/gptbot)"
74.7.227.21 - - [16/Apr/2026:01:15:40 +0200] "GET /images/s/actions/5610_5.jpg HTTP/1.1" 200 5726 "https://www.afish-ka.ru/cinema/films/5610/" "Mozilla/5.0 AppleWebKit/537.36 (KHTML, like Gecko; compatible; GPTBot/1.3; +https://openai.com/gptbot)"
74.7.227.21 - - [16/Apr/2026:01:15:40 +0200] "GET /images/b/actions/5616_5.jpg HTTP/1.1" 200 39621 "https://www.afish-ka.ru/cinema/films/5616/" "Mozilla/5.0 AppleWebKit/537.36 (KHTML, like Gecko; compatible; GPTBot/1.3; +https://openai.com/gptbot)"
74.7.227.21 - - [16/Apr/2026:01:15:41 +0200] "GET /images/s/actions/5613_2.jpg HTTP/1.1" 200 5980 "https://www.afish-ka.ru/cinema/films/5613/" "Mozilla/5.0 AppleWebKit/537.36 (KHTML, like Gecko; compatible; GPTBot/1.3; +https://openai.com/gptbot)"
74.7.227.21 - - [16/Apr/2026:01:15:41 +0200] "GET /images/b/actions/5610_5.jpg HTTP/1.1" 200 59995 "https://www.afish-ka.ru/cinema/films/5610/" "Mozilla/5.0 AppleWebKit/537.36 (KHTML, like Gecko; compatible; GPTBot/1.3; +https://openai.com/gptbot)"
74.7.227.21 - - [16/Apr/2026:01:15:42 +0200] "GET /images/s/actions/5613_3.jpg HTTP/1.1" 200 5398 "https://www.afish-ka.ru/cinema/films/5613/" "Mozilla/5.0 AppleWebKit/537.36 (KHTML, like Gecko; compatible; GPTBot/1.3; +https://openai.com/gptbot)"
74.7.227.21 - - [16/Apr/2026:01:15:42 +0200] "GET /images/b/actions/5610_2.jpg HTTP/1.1" 200 64523 "https://www.afish-ka.ru/cinema/films/5610/" "Mozilla/5.0 AppleWebKit/537.36 (KHTML, like Gecko; compatible; GPTBot/1.3; +https://openai.com/gptbot)"
74.7.227.21 - - [16/Apr/2026:01:15:43 +0200] "GET /images/b/actions/5613_1.jpg HTTP/1.1" 200 65445 "https://www.afish-ka.ru/cinema/films/5613/" "Mozilla/5.0 AppleWebKit/537.36 (KHTML, like Gecko; compatible; GPTBot/1.3; +https://openai.com/gptbot)"
46.42.150.90 - - [16/Apr/2026:01:15:43 +0200] "GET /concert_hall/actions/3129/ HTTP/1.1" 200 14320 "https://www.google.com/" "Mozilla/5.0 (iPhone; CPU iPhone OS 18_7 like Mac OS X) AppleWebKit/605.1.15 (KHTML, like Gecko) Version/26.4 Mobile/15E148 Safari/604.1"
74.7.227.21 - - [16/Apr/2026:01:15:43 +0200] "GET /images/b/actions/5616_1.jpg HTTP/1.1" 200 39483 "https://www.afish-ka.ru/cinema/films/5616/" "Mozilla/5.0 AppleWebKit/537.36 (KHTML, like Gecko; compatible; GPTBot/1.3; +https://openai.com/gptbot)"
74.7.227.21 - - [16/Apr/2026:01:15:44 +0200] "GET /images/b/actions/5610_3.jpg HTTP/1.1" 200 59170 "https://www.afish-ka.ru/cinema/films/5610/" "Mozilla/5.0 AppleWebKit/537.36 (KHTML, like Gecko; compatible; GPTBot/1.3; +https://openai.com/gptbot)"
220.181.108.158 - - [16/Apr/2026:01:15:43 +0200] "GET /cafe/27/opinions/add/?parent=14406 HTTP/1.1" 200 9551 "-" "Mozilla/5.0 (compatible; Baiduspider/2.0; +http://www.baidu.com/search/spider.html)"
74.7.227.21 - - [16/Apr/2026:01:15:44 +0200] "GET /images/s/actions/5616_3.jpg HTTP/1.1" 200 6181 "https://www.afish-ka.ru/cinema/films/5616/" "Mozilla/5.0 AppleWebKit/537.36 (KHTML, like Gecko; compatible; GPTBot/1.3; +https://openai.com/gptbot)"
185.191.171.5 - - [16/Apr/2026:01:15:44 +0200] "GET /city/3/opinions/add/?parent=8824 HTTP/1.1" 200 9524 "-" "Mozilla/5.0 (compatible; SemrushBot/7~bl; +http://www.semrush.com/bot.html)"
74.7.227.21 - - [16/Apr/2026:01:15:45 +0200] "GET /images/s/actions/5609_5.jpg HTTP/1.1" 200 3890 "https://www.afish-ka.ru/cinema/films/5609/" "Mozilla/5.0 AppleWebKit/537.36 (KHTML, like Gecko; compatible; GPTBot/1.3; +https://openai.com/gptbot)"
74.7.227.21 - - [16/Apr/2026:01:15:45 +0200] "GET /images/s/actions/5610_2.jpg HTTP/1.1" 200 6586 "https://www.afish-ka.ru/cinema/films/5610/" "Mozilla/5.0 AppleWebKit/537.36 (KHTML, like Gecko; compatible; GPTBot/1.3; +https://openai.com/gptbot)"
74.7.227.21 - - [16/Apr/2026:01:15:46 +0200] "GET /images/b/actions/5609_2.jpg HTTP/1.1" 200 27149 "https://www.afish-ka.ru/cinema/films/5609/" "Mozilla/5.0 AppleWebKit/537.36 (KHTML, like Gecko; compatible; GPTBot/1.3; +https://openai.com/gptbot)"
74.7.227.21 - - [16/Apr/2026:01:15:46 +0200] "GET /images/b/actions/5609_4.jpg HTTP/1.1" 200 34501 "https://www.afish-ka.ru/cinema/films/5609/" "Mozilla/5.0 AppleWebKit/537.36 (KHTML, like Gecko; compatible; GPTBot/1.3; +https://openai.com/gptbot)"
74.7.227.21 - - [16/Apr/2026:01:15:47 +0200] "GET /images/b/actions/5613_3.jpg HTTP/1.1" 200 43931 "https://www.afish-ka.ru/cinema/films/5613/" "Mozilla/5.0 AppleWebKit/537.36 (KHTML, like Gecko; compatible; GPTBot/1.3; +https://openai.com/gptbot)"
74.7.227.21 - - [16/Apr/2026:01:15:47 +0200] "GET /images/b/actions/5613_2.jpg HTTP/1.1" 200 58335 "https://www.afish-ka.ru/cinema/films/5613/" "Mozilla/5.0 AppleWebKit/537.36 (KHTML, like Gecko; compatible; GPTBot/1.3; +https://openai.com/gptbot)"
74.7.227.21 - - [16/Apr/2026:01:15:48 +0200] "GET /images/b/actions/5609_5.jpg HTTP/1.1" 200 26088 "https://www.afish-ka.ru/cinema/films/5609/" "Mozilla/5.0 AppleWebKit/537.36 (KHTML, like Gecko; compatible; GPTBot/1.3; +https://openai.com/gptbot)"
43.153.67.42 - - [16/Apr/2026:01:15:48 +0200] "GET /cinema/films/5469/opinions/cinema/films/5469/opinions/cinema/films/5469/opinions/add/?parent=56267 HTTP/1.1" 200 8704 "-" "Mozilla/5.0 (Windows NT 10.0; Win64; x64) AppleWebKit/537.36 (KHTML, like Gecko) Chrome/144.0.0.0 Safari/537.36"
74.7.227.21 - - [16/Apr/2026:01:15:48 +0200] "GET /images/s/actions/5616_2.jpg HTTP/1.1" 200 6371 "https://www.afish-ka.ru/cinema/films/5616/" "Mozilla/5.0 AppleWebKit/537.36 (KHTML, like Gecko; compatible; GPTBot/1.3; +https://openai.com/gptbot)"
46.42.150.90 - - [16/Apr/2026:01:15:49 +0200] "GET /concert_hall/actions/3129/ HTTP/1.1" 200 14320 "https://www.google.com/" "Mozilla/5.0 (iPhone; CPU iPhone OS 18_7 like Mac OS X) AppleWebKit/605.1.15 (KHTML, like Gecko) Version/26.4 Mobile/15E148 Safari/604.1"
74.7.227.21 - - [16/Apr/2026:01:15:49 +0200] "GET /images/s/actions/5616_5.jpg HTTP/1.1" 200 6281 "https://www.afish-ka.ru/cinema/films/5616/" "Mozilla/5.0 AppleWebKit/537.36 (KHTML, like Gecko; compatible; GPTBot/1.3; +https://openai.com/gptbot)"
74.7.227.21 - - [16/Apr/2026:01:15:49 +0200] "GET /images/b/posters/5613.jpg HTTP/1.1" 200 73103 "https://www.afish-ka.ru/cinema/films/5613/" "Mozilla/5.0 AppleWebKit/537.36 (KHTML, like Gecko; compatible; GPTBot/1.3; +https://openai.com/gptbot)"
74.7.227.21 - - [16/Apr/2026:01:15:50 +0200] "GET /images/s/posters/5609.jpg HTTP/1.1" 200 11681 "https://www.afish-ka.ru/cinema/films/5609/" "Mozilla/5.0 AppleWebKit/537.36 (KHTML, like Gecko; compatible; GPTBot/1.3; +https://openai.com/gptbot)"
74.7.227.21 - - [16/Apr/2026:01:15:51 +0200] "GET /images/s/posters/5610.jpg HTTP/1.1" 200 13774 "https://www.afish-ka.ru/cinema/films/5610/" "Mozilla/5.0 AppleWebKit/537.36 (KHTML, like Gecko; compatible; GPTBot/1.3; +https://openai.com/gptbot)"
74.7.227.21 - - [16/Apr/2026:01:15:51 +0200] "GET /images/s/posters/5616.jpg HTTP/1.1" 200 14089 "https://www.afish-ka.ru/cinema/films/5616/" "Mozilla/5.0 AppleWebKit/537.36 (KHTML, like Gecko; compatible; GPTBot/1.3; +https://openai.com/gptbot)"
51.68.247.196 - - [16/Apr/2026:01:15:51 +0200] "GET /cinema/films/1076/opinions/add/?parent=11396 HTTP/1.1" 200 9535 "-" "Mozilla/5.0 (compatible; AhrefsBot/7.0; +http://ahrefs.com/robot/)"
74.7.227.21 - - [16/Apr/2026:01:15:52 +0200] "GET /images/b/posters/1885.jpg HTTP/1.1" 200 48168 "https://www.afish-ka.ru/cafe/actions/1885/" "Mozilla/5.0 AppleWebKit/537.36 (KHTML, like Gecko; compatible; GPTBot/1.3; +https://openai.com/gptbot)"
74.7.227.21 - - [16/Apr/2026:01:15:52 +0200] "GET /images/b/posters/5616.jpg HTTP/1.1" 200 67831 "https://www.afish-ka.ru/cinema/films/5616/" "Mozilla/5.0 AppleWebKit/537.36 (KHTML, like Gecko; compatible; GPTBot/1.3; +https://openai.com/gptbot)"
74.7.227.21 - - [16/Apr/2026:01:15:53 +0200] "GET /images/s/posters/1885.jpg HTTP/1.1" 200 10484 "https://www.afish-ka.ru/cafe/actions/1885/" "Mozilla/5.0 AppleWebKit/537.36 (KHTML, like Gecko; compatible; GPTBot/1.3; +https://openai.com/gptbot)"
74.7.227.21 - - [16/Apr/2026:01:15:53 +0200] "GET /images/b/posters/5610.jpg HTTP/1.1" 200 69424 "https://www.afish-ka.ru/cinema/films/5610/" "Mozilla/5.0 AppleWebKit/537.36 (KHTML, like Gecko; compatible; GPTBot/1.3; +https://openai.com/gptbot)"
74.7.227.21 - - [16/Apr/2026:01:15:54 +0200] "GET /images/b/posters/5609.jpg HTTP/1.1" 200 70068 "https://www.afish-ka.ru/cinema/films/5609/" "Mozilla/5.0 AppleWebKit/537.36 (KHTML, like Gecko; compatible; GPTBot/1.3; +https://openai.com/gptbot)"
74.7.227.21 - - [16/Apr/2026:01:15:54 +0200] "GET /images/s/posters/5613.jpg HTTP/1.1" 200 13776 "https://www.afish-ka.ru/cinema/films/5613/" "Mozilla/5.0 AppleWebKit/537.36 (KHTML, like Gecko; compatible; GPTBot/1.3; +https://openai.com/gptbot)"
74.7.227.21 - - [16/Apr/2026:01:15:55 +0200] "GET /19-10-2024/ HTTP/1.1" 200 5848 "https://www.afish-ka.ru/14-09-2024/" "Mozilla/5.0 AppleWebKit/537.36 (KHTML, like Gecko; compatible; GPTBot/1.3; +https://openai.com/gptbot)"
74.7.227.21 - - [16/Apr/2026:01:15:55 +0200] "GET /02-12-2024/ HTTP/1.1" 200 5853 "https://www.afish-ka.ru/28-10-2024/" "Mozilla/5.0 AppleWebKit/537.36 (KHTML, like Gecko; compatible; GPTBot/1.3; +https://openai.com/gptbot)"
74.7.227.21 - - [16/Apr/2026:01:15:56 +0200] "GET /12-10-2020/ HTTP/1.1" 200 10580 "https://www.afish-ka.ru/24-10-2020/" "Mozilla/5.0 AppleWebKit/537.36 (KHTML, like Gecko; compatible; GPTBot/1.3; +https://openai.com/gptbot)"
74.7.227.21 - - [16/Apr/2026:01:15:56 +0200] "GET /29-05-2022/ HTTP/1.1" 200 7802 "https://www.afish-ka.ru/31-05-2022/" "Mozilla/5.0 AppleWebKit/537.36 (KHTML, like Gecko; compatible; GPTBot/1.3; +https://openai.com/gptbot)"
74.7.227.21 - - [16/Apr/2026:01:15:57 +0200] "GET /01-05-2022/ HTTP/1.1" 200 9062 "https://www.afish-ka.ru/cinema/films/6213/" "Mozilla/5.0 AppleWebKit/537.36 (KHTML, like Gecko; compatible; GPTBot/1.3; +https://openai.com/gptbot)"
74.7.227.21 - - [16/Apr/2026:01:15:58 +0200] "GET /23-11-2011/ HTTP/1.1" 200 8532 "https://www.afish-ka.ru/28-12-2011/" "Mozilla/5.0 AppleWebKit/537.36 (KHTML, like Gecko; compatible; GPTBot/1.3; +https://openai.com/gptbot)"
74.7.227.21 - - [16/Apr/2026:01:15:58 +0200] "GET /17-10-2020/ HTTP/1.1" 200 11135 "https://www.afish-ka.ru/24-10-2020/" "Mozilla/5.0 AppleWebKit/537.36 (KHTML, like Gecko; compatible; GPTBot/1.3; +https://openai.com/gptbot)"
74.7.227.21 - - [16/Apr/2026:01:15:59 +0200] "GET /22-08-2010/ HTTP/1.1" 200 8613 "https://www.afish-ka.ru/26-08-2010/" "Mozilla/5.0 AppleWebKit/537.36 (KHTML, like Gecko; compatible; GPTBot/1.3; +https://openai.com/gptbot)"
74.7.227.21 - - [16/Apr/2026:01:15:59 +0200] "GET /17-02-2011/ HTTP/1.1" 200 9062 "https://www.afish-ka.ru/14-02-2011/" "Mozilla/5.0 AppleWebKit/537.36 (KHTML, like Gecko; compatible; GPTBot/1.3; +https://openai.com/gptbot)"
74.7.227.21 - - [16/Apr/2026:01:16:00 +0200] "GET /18-10-2021/ HTTP/1.1" 200 8435 "https://www.afish-ka.ru/02-11-2021/" "Mozilla/5.0 AppleWebKit/537.36 (KHTML, like Gecko; compatible; GPTBot/1.3; +https://openai.com/gptbot)"
74.7.227.21 - - [16/Apr/2026:01:16:00 +0200] "GET /22-03-2006/ HTTP/1.1" 200 6572 "https://www.afish-ka.ru/26-04-2006/" "Mozilla/5.0 AppleWebKit/537.36 (KHTML, like Gecko; compatible; GPTBot/1.3; +https://openai.com/gptbot)"
74.7.227.21 - - [16/Apr/2026:01:16:01 +0200] "GET /23-11-2024/ HTTP/1.1" 200 5849 "https://www.afish-ka.ru/19-10-2024/" "Mozilla/5.0 AppleWebKit/537.36 (KHTML, like Gecko; compatible; GPTBot/1.3; +https://openai.com/gptbot)"
104.165.205.142 - - [16/Apr/2026:01:16:01 +0200] "GET /concert_hall/actions/3129/ HTTP/1.1" 200 14320 "https://www.google.com/" "Mozilla/5.0 (iPhone; CPU iPhone OS 18_7 like Mac OS X) AppleWebKit/605.1.15 (KHTML, like Gecko) Version/26.4 Mobile/15E148 Safari/604.1"
104.165.205.142 - - [16/Apr/2026:01:16:02 +0200] "GET /i/style.css HTTP/1.1" 200 4763 "https://www.afish-ka.ru/concert_hall/actions/3129/" "Mozilla/5.0 (iPhone; CPU iPhone OS 18_7 like Mac OS X) AppleWebKit/605.1.15 (KHTML, like Gecko) Version/26.4 Mobile/15E148 Safari/604.1"
74.7.227.21 - - [16/Apr/2026:01:16:01 +0200] "GET /10-07-2010/ HTTP/1.1" 200 7619 "https://www.afish-ka.ru/19-07-2010/" "Mozilla/5.0 AppleWebKit/537.36 (KHTML, like Gecko; compatible; GPTBot/1.3; +https://openai.com/gptbot)"
74.7.227.21 - - [16/Apr/2026:01:16:02 +0200] "GET /07-09-2020/ HTTP/1.1" 200 5874 "https://www.afish-ka.ru/12-10-2020/" "Mozilla/5.0 AppleWebKit/537.36 (KHTML, like Gecko; compatible; GPTBot/1.3; +https://openai.com/gptbot)"
104.165.205.142 - - [16/Apr/2026:01:16:02 +0200] "GET /i/mootools.js HTTP/1.1" 200 26246 "https://www.afish-ka.ru/concert_hall/actions/3129/" "Mozilla/5.0 (iPhone; CPU iPhone OS 18_7 like Mac OS X) AppleWebKit/605.1.15 (KHTML, like Gecko) Version/26.4 Mobile/15E148 Safari/604.1"
104.165.205.142 - - [16/Apr/2026:01:16:03 +0200] "GET /i/mba/js/get.php?i=393x852 HTTP/1.1" 200 523 "https://www.afish-ka.ru/concert_hall/actions/3129/" "Mozilla/5.0 (iPhone; CPU iPhone OS 18_7 like Mac OS X) AppleWebKit/605.1.15 (KHTML, like Gecko) Version/26.4 Mobile/15E148 Safari/604.1"
74.7.227.21 - - [16/Apr/2026:01:16:03 +0200] "GET /24-10-2010/ HTTP/1.1" 200 9609 "https://www.afish-ka.ru/28-10-2010/" "Mozilla/5.0 AppleWebKit/537.36 (KHTML, like Gecko; compatible; GPTBot/1.3; +https://openai.com/gptbot)"
104.165.205.142 - - [16/Apr/2026:01:16:04 +0200] "GET /i/mba/css/mba.css HTTP/1.1" 200 5146 "https://www.afish-ka.ru/concert_hall/actions/3129/" "Mozilla/5.0 (iPhone; CPU iPhone OS 18_7 like Mac OS X) AppleWebKit/605.1.15 (KHTML, like Gecko) Version/26.4 Mobile/15E148 Safari/604.1"
104.165.205.142 - - [16/Apr/2026:01:16:04 +0200] "GET /i/mba/js/mba.js HTTP/1.1" 200 13886 "https://www.afish-ka.ru/concert_hall/actions/3129/" "Mozilla/5.0 (iPhone; CPU iPhone OS 18_7 like Mac OS X) AppleWebKit/605.1.15 (KHTML, like Gecko) Version/26.4 Mobile/15E148 Safari/604.1"
104.165.205.142 - - [16/Apr/2026:01:16:04 +0200] "GET /i/logo.gif HTTP/1.1" 200 5760 "https://www.afish-ka.ru/concert_hall/actions/3129/" "Mozilla/5.0 (iPhone; CPU iPhone OS 18_7 like Mac OS X) AppleWebKit/605.1.15 (KHTML, like Gecko) Version/26.4 Mobile/15E148 Safari/604.1"
104.165.205.142 - - [16/Apr/2026:01:16:04 +0200] "GET /i/empty.gif HTTP/1.1" 200 401 "https://www.afish-ka.ru/concert_hall/actions/3129/" "Mozilla/5.0 (iPhone; CPU iPhone OS 18_7 like Mac OS X) AppleWebKit/605.1.15 (KHTML, like Gecko) Version/26.4 Mobile/15E148 Safari/604.1"
104.165.205.142 - - [16/Apr/2026:01:16:04 +0200] "GET /images/s/posters/3129.jpg HTTP/1.1" 200 6561 "https://www.afish-ka.ru/concert_hall/actions/3129/" "Mozilla/5.0 (iPhone; CPU iPhone OS 18_7 like Mac OS X) AppleWebKit/605.1.15 (KHTML, like Gecko) Version/26.4 Mobile/15E148 Safari/604.1"
74.7.227.21 - - [16/Apr/2026:01:16:03 +0200] "GET /25-10-2020/ HTTP/1.1" 200 11128 "https://www.afish-ka.ru/29-11-2020/" "Mozilla/5.0 AppleWebKit/537.36 (KHTML, like Gecko; compatible; GPTBot/1.3; +https://openai.com/gptbot)"
104.165.205.142 - - [16/Apr/2026:01:16:05 +0200] "GET /images/s/actions/3129_1.jpg HTTP/1.1" 200 6673 "https://www.afish-ka.ru/concert_hall/actions/3129/" "Mozilla/5.0 (iPhone; CPU iPhone OS 18_7 like Mac OS X) AppleWebKit/605.1.15 (KHTML, like Gecko) Version/26.4 Mobile/15E148 Safari/604.1"
74.7.227.21 - - [16/Apr/2026:01:16:05 +0200] "GET /14-11-2010/ HTTP/1.1" 200 9552 "https://www.afish-ka.ru/28-10-2010/" "Mozilla/5.0 AppleWebKit/537.36 (KHTML, like Gecko; compatible; GPTBot/1.3; +https://openai.com/gptbot)"
74.7.227.21 - - [16/Apr/2026:01:16:05 +0200] "GET /12-09-2020/ HTTP/1.1" 200 5871 "https://www.afish-ka.ru/17-10-2020/" "Mozilla/5.0 AppleWebKit/537.36 (KHTML, like Gecko; compatible; GPTBot/1.3; +https://openai.com/gptbot)"
74.7.227.21 - - [16/Apr/2026:01:16:06 +0200] "GET /21-01-2012/ HTTP/1.1" 200 8991 "https://www.afish-ka.ru/12-01-2012/" "Mozilla/5.0 AppleWebKit/537.36 (KHTML, like Gecko; compatible; GPTBot/1.3; +https://openai.com/gptbot)"
74.7.227.21 - - [16/Apr/2026:01:16:07 +0200] "GET /07-04-2008/ HTTP/1.1" 200 7686 "https://www.afish-ka.ru/18-04-2008/" "Mozilla/5.0 AppleWebKit/537.36 (KHTML, like Gecko; compatible; GPTBot/1.3; +https://openai.com/gptbot)"
74.7.227.21 - - [16/Apr/2026:01:16:08 +0200] "GET /17-11-2021/ HTTP/1.1" 200 9318 "https://www.afish-ka.ru/18-11-2021/" "Mozilla/5.0 AppleWebKit/537.36 (KHTML, like Gecko; compatible; GPTBot/1.3; +https://openai.com/gptbot)"
74.7.227.21 - - [16/Apr/2026:01:16:08 +0200] "GET /30-08-2010/ HTTP/1.1" 200 8460 "https://www.afish-ka.ru/26-08-2010/" "Mozilla/5.0 AppleWebKit/537.36 (KHTML, like Gecko; compatible; GPTBot/1.3; +https://openai.com/gptbot)"
74.7.227.21 - - [16/Apr/2026:01:16:09 +0200] "GET /25-05-2011/ HTTP/1.1" 200 8034 "https://www.afish-ka.ru/30-05-2011/" "Mozilla/5.0 AppleWebKit/537.36 (KHTML, like Gecko; compatible; GPTBot/1.3; +https://openai.com/gptbot)"
74.7.227.21 - - [16/Apr/2026:01:16:10 +0200] "GET /06-04-2006/ HTTP/1.1" 200 6278 "https://www.afish-ka.ru/11-05-2006/" "Mozilla/5.0 AppleWebKit/537.36 (KHTML, like Gecko; compatible; GPTBot/1.3; +https://openai.com/gptbot)"
74.7.227.21 - - [16/Apr/2026:01:16:11 +0200] "GET /03-08-2020/ HTTP/1.1" 200 5849 "https://www.afish-ka.ru/07-09-2020/" "Mozilla/5.0 AppleWebKit/537.36 (KHTML, like Gecko; compatible; GPTBot/1.3; +https://openai.com/gptbot)"
74.7.227.21 - - [16/Apr/2026:01:16:11 +0200] "GET /cinema/films/1196/ HTTP/1.1" 200 6735 "https://www.afish-ka.ru/24-10-2010/" "Mozilla/5.0 AppleWebKit/537.36 (KHTML, like Gecko; compatible; GPTBot/1.3; +https://openai.com/gptbot)"
74.7.227.21 - - [16/Apr/2026:01:16:12 +0200] "GET /25-12-2005/ HTTP/1.1" 404 413 "https://www.afish-ka.ru/29-01-2006/" "Mozilla/5.0 AppleWebKit/537.36 (KHTML, like Gecko; compatible; GPTBot/1.3; +https://openai.com/gptbot)"
185.191.171.7 - - [16/Apr/2026:01:16:12 +0200] "GET /cafe/8/opinions/add/?parent=30269 HTTP/1.1" 200 9524 "-" "Mozilla/5.0 (compatible; SemrushBot/7~bl; +http://www.semrush.com/bot.html)"
74.7.227.21 - - [16/Apr/2026:01:16:13 +0200] "GET /images/s/actions/1229_1.jpg HTTP/1.1" 200 10005 "https://www.afish-ka.ru/14-11-2010/" "Mozilla/5.0 AppleWebKit/537.36 (KHTML, like Gecko; compatible; GPTBot/1.3; +https://openai.com/gptbot)"
74.7.227.21 - - [16/Apr/2026:01:16:13 +0200] "GET /images/s/actions/1212_1.jpg HTTP/1.1" 200 8411 "https://www.afish-ka.ru/14-11-2010/" "Mozilla/5.0 AppleWebKit/537.36 (KHTML, like Gecko; compatible; GPTBot/1.3; +https://openai.com/gptbot)"
74.7.227.21 - - [16/Apr/2026:01:16:13 +0200] "GET /cinema/films/1229/ HTTP/1.1" 200 6669 "https://www.afish-ka.ru/14-11-2010/" "Mozilla/5.0 AppleWebKit/537.36 (KHTML, like Gecko; compatible; GPTBot/1.3; +https://openai.com/gptbot)"
74.7.227.21 - - [16/Apr/2026:01:16:14 +0200] "GET /29-09-2011/ HTTP/1.1" 200 8672 "https://www.afish-ka.ru/25-08-2011/" "Mozilla/5.0 AppleWebKit/537.36 (KHTML, like Gecko; compatible; GPTBot/1.3; +https://openai.com/gptbot)"
74.7.227.21 - - [16/Apr/2026:01:16:15 +0200] "GET /21-01-2013/ HTTP/1.1" 200 8876 "https://www.afish-ka.ru/25-02-2013/" "Mozilla/5.0 AppleWebKit/537.36 (KHTML, like Gecko; compatible; GPTBot/1.3; +https://openai.com/gptbot)"
74.7.227.21 - - [16/Apr/2026:01:16:15 +0200] "GET /01-05-2006/ HTTP/1.1" 200 6486 "https://www.afish-ka.ru/14-05-2006/" "Mozilla/5.0 AppleWebKit/537.36 (KHTML, like Gecko; compatible; GPTBot/1.3; +https://openai.com/gptbot)"
74.7.227.21 - - [16/Apr/2026:01:16:16 +0200] "GET /images/s/actions/1569_1.jpg HTTP/1.1" 200 8896 "https://www.afish-ka.ru/25-05-2011/" "Mozilla/5.0 AppleWebKit/537.36 (KHTML, like Gecko; compatible; GPTBot/1.3; +https://openai.com/gptbot)"
74.7.227.21 - - [16/Apr/2026:01:16:16 +0200] "GET /07-03-2008/ HTTP/1.1" 200 7260 "https://www.afish-ka.ru/14-03-2008/" "Mozilla/5.0 AppleWebKit/537.36 (KHTML, like Gecko; compatible; GPTBot/1.3; +https://openai.com/gptbot)"
74.7.227.21 - - [16/Apr/2026:01:16:17 +0200] "GET /29-06-2020/ HTTP/1.1" 200 5845 "https://www.afish-ka.ru/03-08-2020/" "Mozilla/5.0 AppleWebKit/537.36 (KHTML, like Gecko; compatible; GPTBot/1.3; +https://openai.com/gptbot)"
74.7.227.21 - - [16/Apr/2026:01:16:17 +0200] "GET /26-09-2006/ HTTP/1.1" 200 6054 "https://www.afish-ka.ru/31-10-2006/" "Mozilla/5.0 AppleWebKit/537.36 (KHTML, like Gecko; compatible; GPTBot/1.3; +https://openai.com/gptbot)"
74.7.227.21 - - [16/Apr/2026:01:16:18 +0200] "GET /09-04-2008/ HTTP/1.1" 200 7683 "https://www.afish-ka.ru/18-04-2008/" "Mozilla/5.0 AppleWebKit/537.36 (KHTML, like Gecko; compatible; GPTBot/1.3; +https://openai.com/gptbot)"
74.7.227.21 - - [16/Apr/2026:01:16:18 +0200] "GET /01-11-2014/ HTTP/1.1" 200 8804 "https://www.afish-ka.ru/06-12-2014/" "Mozilla/5.0 AppleWebKit/537.36 (KHTML, like Gecko; compatible; GPTBot/1.3; +https://openai.com/gptbot)"
74.7.227.21 - - [16/Apr/2026:01:16:19 +0200] "GET /20-02-2011/ HTTP/1.1" 200 9479 "https://www.afish-ka.ru/14-02-2011/" "Mozilla/5.0 AppleWebKit/537.36 (KHTML, like Gecko; compatible; GPTBot/1.3; +https://openai.com/gptbot)"
74.7.227.21 - - [16/Apr/2026:01:16:19 +0200] "GET /images/b/actions/1229_1.jpg HTTP/1.1" 200 95010 "https://www.afish-ka.ru/cinema/films/1229/" "Mozilla/5.0 AppleWebKit/537.36 (KHTML, like Gecko; compatible; GPTBot/1.3; +https://openai.com/gptbot)"
74.7.227.21 - - [16/Apr/2026:01:16:20 +0200] "GET /images/b/actions/1229_2.jpg HTTP/1.1" 200 298379 "https://www.afish-ka.ru/cinema/films/1229/" "Mozilla/5.0 AppleWebKit/537.36 (KHTML, like Gecko; compatible; GPTBot/1.3; +https://openai.com/gptbot)"
74.7.227.21 - - [16/Apr/2026:01:16:21 +0200] "GET /images/s/actions/1229_2.jpg HTTP/1.1" 200 7703 "https://www.afish-ka.ru/cinema/films/1229/" "Mozilla/5.0 AppleWebKit/537.36 (KHTML, like Gecko; compatible; GPTBot/1.3; +https://openai.com/gptbot)"
74.7.227.21 - - [16/Apr/2026:01:16:21 +0200] "GET /13-02-2012/ HTTP/1.1" 200 8382 "https://www.afish-ka.ru/08-02-2012/" "Mozilla/5.0 AppleWebKit/537.36 (KHTML, like Gecko; compatible; GPTBot/1.3; +https://openai.com/gptbot)"
51.75.236.150 - - [16/Apr/2026:01:16:21 +0200] "GET /cinema/films/348/opinions/add/ HTTP/1.1" 200 9521 "-" "Mozilla/5.0 (compatible; AhrefsBot/7.0; +http://ahrefs.com/robot/)"
74.7.227.21 - - [16/Apr/2026:01:16:22 +0200] "GET /24-04-2006/ HTTP/1.1" 200 6332 "https://www.afish-ka.ru/14-05-2006/" "Mozilla/5.0 AppleWebKit/537.36 (KHTML, like Gecko; compatible; GPTBot/1.3; +https://openai.com/gptbot)"
74.7.227.21 - - [16/Apr/2026:01:16:22 +0200] "GET /20-03-2011/ HTTP/1.1" 200 9312 "https://www.afish-ka.ru/07-03-2011/" "Mozilla/5.0 AppleWebKit/537.36 (KHTML, like Gecko; compatible; GPTBot/1.3; +https://openai.com/gptbot)"
74.7.227.21 - - [16/Apr/2026:01:16:23 +0200] "GET /25-05-2020/ HTTP/1.1" 200 5845 "https://www.afish-ka.ru/29-06-2020/" "Mozilla/5.0 AppleWebKit/537.36 (KHTML, like Gecko; compatible; GPTBot/1.3; +https://openai.com/gptbot)"
74.7.227.21 - - [16/Apr/2026:01:16:23 +0200] "GET /11-03-2011/ HTTP/1.1" 200 8806 "https://www.afish-ka.ru/07-03-2011/" "Mozilla/5.0 AppleWebKit/537.36 (KHTML, like Gecko; compatible; GPTBot/1.3; +https://openai.com/gptbot)"
74.7.227.21 - - [16/Apr/2026:01:16:24 +0200] "GET /29-11-2009/ HTTP/1.1" 200 8003 "https://www.afish-ka.ru/08-12-2009/" "Mozilla/5.0 AppleWebKit/537.36 (KHTML, like Gecko; compatible; GPTBot/1.3; +https://openai.com/gptbot)"
74.7.227.21 - - [16/Apr/2026:01:16:25 +0200] "GET /cinema/films/3322/ HTTP/1.1" 200 6900 "https://www.afish-ka.ru/01-11-2014/" "Mozilla/5.0 AppleWebKit/537.36 (KHTML, like Gecko; compatible; GPTBot/1.3; +https://openai.com/gptbot)"
94.142.141.230 - - [16/Apr/2026:01:16:25 +0200] "GET / HTTP/1.1" 200 6102 "https://www.dreamscent.az/roja" "Mozilla/5.0 (Linux; Android 10; K) AppleWebKit/537.36 (KHTML, like Gecko) Chrome/131.0.0.0 Mobile Safari/537.36"
74.7.227.21 - - [16/Apr/2026:01:16:26 +0200] "GET /27-12-2017/ HTTP/1.1" 200 10884 "https://www.afish-ka.ru/24-12-2017/" "Mozilla/5.0 AppleWebKit/537.36 (KHTML, like Gecko; compatible; GPTBot/1.3; +https://openai.com/gptbot)"
185.191.171.14 - - [16/Apr/2026:01:16:26 +0200] "GET /concert_hall/actions/1171/opinions/add/ HTTP/1.1" 200 9517 "-" "Mozilla/5.0 (compatible; SemrushBot/7~bl; +http://www.semrush.com/bot.html)"
74.7.227.21 - - [16/Apr/2026:01:16:26 +0200] "GET /20-12-2015/ HTTP/1.1" 200 9779 "https://www.afish-ka.ru/30-12-2015/" "Mozilla/5.0 AppleWebKit/537.36 (KHTML, like Gecko; compatible; GPTBot/1.3; +https://openai.com/gptbot)"
74.7.227.21 - - [16/Apr/2026:01:16:27 +0200] "GET /29-05-2009/ HTTP/1.1" 200 6983 "https://www.afish-ka.ru/11-06-2009/" "Mozilla/5.0 AppleWebKit/537.36 (KHTML, like Gecko; compatible; GPTBot/1.3; +https://openai.com/gptbot)"
74.7.227.21 - - [16/Apr/2026:01:16:27 +0200] "GET /30-06-2008/ HTTP/1.1" 200 6978 "https://www.afish-ka.ru/13-07-2008/" "Mozilla/5.0 AppleWebKit/537.36 (KHTML, like Gecko; compatible; GPTBot/1.3; +https://openai.com/gptbot)"
104.165.205.142 - - [16/Apr/2026:01:16:28 +0200] "GET /modules/old/cinema/get2.php HTTP/1.1" 404 4230 "https://www.afish-ka.ru/concert_hall/actions/3129/" "Mozilla/5.0 (iPhone; CPU iPhone OS 18_7 like Mac OS X) AppleWebKit/605.1.15 (KHTML, like Gecko) Version/26.4 Mobile/15E148 Safari/604.1"
74.7.227.21 - - [16/Apr/2026:01:16:28 +0200] "GET /15-02-2020/ HTTP/1.1" 200 10245 "https://www.afish-ka.ru/05-02-2020/" "Mozilla/5.0 AppleWebKit/537.36 (KHTML, like Gecko; compatible; GPTBot/1.3; +https://openai.com/gptbot)"
74.7.227.21 - - [16/Apr/2026:01:16:28 +0200] "GET /10-07-2008/ HTTP/1.1" 200 6357 "https://www.afish-ka.ru/13-07-2008/" "Mozilla/5.0 AppleWebKit/537.36 (KHTML, like Gecko; compatible; GPTBot/1.3; +https://openai.com/gptbot)"
74.7.227.21 - - [16/Apr/2026:01:16:29 +0200] "GET /images/s/actions/1454_1.jpg HTTP/1.1" 200 7797 "https://www.afish-ka.ru/20-03-2011/" "Mozilla/5.0 AppleWebKit/537.36 (KHTML, like Gecko; compatible; GPTBot/1.3; +https://openai.com/gptbot)"
74.7.227.21 - - [16/Apr/2026:01:16:30 +0200] "GET /04-03-2020/ HTTP/1.1" 200 10070 "https://www.afish-ka.ru/cinema/films/5563/" "Mozilla/5.0 AppleWebKit/537.36 (KHTML, like Gecko; compatible; GPTBot/1.3; +https://openai.com/gptbot)"
74.7.227.21 - - [16/Apr/2026:01:16:30 +0200] "GET /11-12-2013/ HTTP/1.1" 200 7963 "https://www.afish-ka.ru/25-12-2013/" "Mozilla/5.0 AppleWebKit/537.36 (KHTML, like Gecko; compatible; GPTBot/1.3; +https://openai.com/gptbot)"
74.7.227.21 - - [16/Apr/2026:01:16:31 +0200] "GET /22-10-2014/ HTTP/1.1" 200 8673 "https://www.afish-ka.ru/09-11-2014/" "Mozilla/5.0 AppleWebKit/537.36 (KHTML, like Gecko; compatible; GPTBot/1.3; +https://openai.com/gptbot)"
74.7.227.21 - - [16/Apr/2026:01:16:32 +0200] "GET /19-11-2014/ HTTP/1.1" 200 8433 "https://www.afish-ka.ru/06-12-2014/" "Mozilla/5.0 AppleWebKit/537.36 (KHTML, like Gecko; compatible; GPTBot/1.3; +https://openai.com/gptbot)"
85.208.96.200 - - [16/Apr/2026:01:16:32 +0200] "GET /cinema/films/2604/opinions/add/?parent=25092 HTTP/1.1" 200 9524 "-" "Mozilla/5.0 (compatible; SemrushBot/7~bl; +http://www.semrush.com/bot.html)"
74.7.227.21 - - [16/Apr/2026:01:16:32 +0200] "GET /07-10-2011/ HTTP/1.1" 200 8880 "https://www.afish-ka.ru/27-09-2011/" "Mozilla/5.0 AppleWebKit/537.36 (KHTML, like Gecko; compatible; GPTBot/1.3; +https://openai.com/gptbot)"
74.7.227.21 - - [16/Apr/2026:01:16:34 +0200] "GET /29-10-2019/ HTTP/1.1" 200 9260 "https://www.afish-ka.ru/24-09-2019/" "Mozilla/5.0 AppleWebKit/537.36 (KHTML, like Gecko; compatible; GPTBot/1.3; +https://openai.com/gptbot)"
74.7.227.21 - - [16/Apr/2026:01:16:35 +0200] "GET /26-10-2016/ HTTP/1.1" 200 9455 "https://www.afish-ka.ru/24-10-2016/" "Mozilla/5.0 AppleWebKit/537.36 (KHTML, like Gecko; compatible; GPTBot/1.3; +https://openai.com/gptbot)"
104.165.205.142 - - [16/Apr/2026:01:16:35 +0200] "GET /favicon.ico HTTP/1.1" 200 5544 "https://www.afish-ka.ru/concert_hall/actions/3129/" "Mozilla/5.0 (iPhone; CPU iPhone OS 18_7 like Mac OS X) AppleWebKit/605.1.15 (KHTML, like Gecko) Version/26.4 Mobile/15E148 Safari/604.1"
74.7.227.21 - - [16/Apr/2026:01:16:35 +0200] "GET /12-08-2022/ HTTP/1.1" 200 7263 "https://www.afish-ka.ru/17-08-2022/" "Mozilla/5.0 AppleWebKit/537.36 (KHTML, like Gecko; compatible; GPTBot/1.3; +https://openai.com/gptbot)"
74.7.227.21 - - [16/Apr/2026:01:16:36 +0200] "GET /10-12-2017/ HTTP/1.1" 200 13165 "https://www.afish-ka.ru/09-12-2017/" "Mozilla/5.0 AppleWebKit/537.36 (KHTML, like Gecko; compatible; GPTBot/1.3; +https://openai.com/gptbot)"
74.7.227.21 - - [16/Apr/2026:01:16:37 +0200] "GET /22-08-2021/ HTTP/1.1" 200 9316 "https://www.afish-ka.ru/26-09-2021/" "Mozilla/5.0 AppleWebKit/537.36 (KHTML, like Gecko; compatible; GPTBot/1.3; +https://openai.com/gptbot)"
74.7.227.21 - - [16/Apr/2026:01:16:38 +0200] "GET /26-12-2021/ HTTP/1.1" 200 8803 "https://www.afish-ka.ru/17-12-2021/" "Mozilla/5.0 AppleWebKit/537.36 (KHTML, like Gecko; compatible; GPTBot/1.3; +https://openai.com/gptbot)"
74.7.227.21 - - [16/Apr/2026:01:16:39 +0200] "GET /07-01-2020/ HTTP/1.1" 200 8699 "https://www.afish-ka.ru/28-12-2019/" "Mozilla/5.0 AppleWebKit/537.36 (KHTML, like Gecko; compatible; GPTBot/1.3; +https://openai.com/gptbot)"
74.7.227.21 - - [16/Apr/2026:01:16:40 +0200] "GET /rest_base/actions/1397/ HTTP/1.1" 200 6454 "https://www.afish-ka.ru/14-02-2011/" "Mozilla/5.0 AppleWebKit/537.36 (KHTML, like Gecko; compatible; GPTBot/1.3; +https://openai.com/gptbot)"
74.7.227.21 - - [16/Apr/2026:01:16:40 +0200] "GET /rest_base/actions/1614/ HTTP/1.1" 200 6127 "https://www.afish-ka.ru/25-06-2011/" "Mozilla/5.0 AppleWebKit/537.36 (KHTML, like Gecko; compatible; GPTBot/1.3; +https://openai.com/gptbot)"
74.7.227.21 - - [16/Apr/2026:01:16:41 +0200] "GET /rest_base/actions/1588/ HTTP/1.1" 200 6621 "https://www.afish-ka.ru/20-05-2011/" "Mozilla/5.0 AppleWebKit/537.36 (KHTML, like Gecko; compatible; GPTBot/1.3; +https://openai.com/gptbot)"
74.7.227.21 - - [16/Apr/2026:01:16:42 +0200] "GET /images/s/actions/1683_1.jpg HTTP/1.1" 200 6978 "https://www.afish-ka.ru/07-10-2011/" "Mozilla/5.0 AppleWebKit/537.36 (KHTML, like Gecko; compatible; GPTBot/1.3; +https://openai.com/gptbot)"
37.59.204.145 - - [16/Apr/2026:01:16:42 +0200] "GET /17-09-2010/ HTTP/1.1" 200 12232 "-" "Mozilla/5.0 (compatible; AhrefsBot/7.0; +http://ahrefs.com/robot/)"
74.7.227.21 - - [16/Apr/2026:01:16:42 +0200] "GET /rest_base/actions/1586/ HTTP/1.1" 200 7037 "https://www.afish-ka.ru/22-05-2011/" "Mozilla/5.0 AppleWebKit/537.36 (KHTML, like Gecko; compatible; GPTBot/1.3; +https://openai.com/gptbot)"
74.7.227.21 - - [16/Apr/2026:01:16:43 +0200] "GET /rest_base/actions/1372/ HTTP/1.1" 200 6081 "https://www.afish-ka.ru/28-01-2011/" "Mozilla/5.0 AppleWebKit/537.36 (KHTML, like Gecko; compatible; GPTBot/1.3; +https://openai.com/gptbot)"
74.7.227.21 - - [16/Apr/2026:01:16:44 +0200] "GET /16-09-2022/ HTTP/1.1" 200 5852 "https://www.afish-ka.ru/12-08-2022/" "Mozilla/5.0 AppleWebKit/537.36 (KHTML, like Gecko; compatible; GPTBot/1.3; +https://openai.com/gptbot)"
74.7.227.21 - - [16/Apr/2026:01:16:44 +0200] "GET /images/s/actions/4696_1.jpg HTTP/1.1" 200 4473 "https://www.afish-ka.ru/10-12-2017/" "Mozilla/5.0 AppleWebKit/537.36 (KHTML, like Gecko; compatible; GPTBot/1.3; +https://openai.com/gptbot)"
74.7.227.21 - - [16/Apr/2026:01:16:45 +0200] "GET /cinema/films/4696/ HTTP/1.1" 200 6797 "https://www.afish-ka.ru/10-12-2017/" "Mozilla/5.0 AppleWebKit/537.36 (KHTML, like Gecko; compatible; GPTBot/1.3; +https://openai.com/gptbot)"
85.208.96.211 - - [16/Apr/2026:01:16:45 +0200] "GET /links.php?go=https%3A%2F%2Fassnowi79-8.weebly.com%2F HTTP/1.1" 200 5788 "-" "Mozilla/5.0 (compatible; SemrushBot/7~bl; +http://www.semrush.com/bot.html)"
74.7.227.21 - - [16/Apr/2026:01:16:45 +0200] "GET /city/actions/1117/ HTTP/1.1" 200 6838 "https://www.afish-ka.ru/26-09-2010/" "Mozilla/5.0 AppleWebKit/537.36 (KHTML, like Gecko; compatible; GPTBot/1.3; +https://openai.com/gptbot)"
74.7.227.21 - - [16/Apr/2026:01:16:46 +0200] "GET /city/111/ HTTP/1.1" 200 6062 "https://www.afish-ka.ru/17-04-2011/" "Mozilla/5.0 AppleWebKit/537.36 (KHTML, like Gecko; compatible; GPTBot/1.3; +https://openai.com/gptbot)"
74.7.227.21 - - [16/Apr/2026:01:16:47 +0200] "GET /city/254/ HTTP/1.1" 200 6025 "https://www.afish-ka.ru/25-06-2013/" "Mozilla/5.0 AppleWebKit/537.36 (KHTML, like Gecko; compatible; GPTBot/1.3; +https://openai.com/gptbot)"
74.7.227.21 - - [16/Apr/2026:01:16:47 +0200] "GET /city/260/ HTTP/1.1" 200 6033 "https://www.afish-ka.ru/20-07-2013/" "Mozilla/5.0 AppleWebKit/537.36 (KHTML, like Gecko; compatible; GPTBot/1.3; +https://openai.com/gptbot)"
74.7.227.21 - - [16/Apr/2026:01:16:48 +0200] "GET /images/b/actions/1588_1.jpg HTTP/1.1" 200 27910 "https://www.afish-ka.ru/rest_base/actions/1588/" "Mozilla/5.0 AppleWebKit/537.36 (KHTML, like Gecko; compatible; GPTBot/1.3; +https://openai.com/gptbot)"
74.7.227.21 - - [16/Apr/2026:01:16:48 +0200] "GET /city/200/ HTTP/1.1" 200 5898 "https://www.afish-ka.ru/12-04-2013/" "Mozilla/5.0 AppleWebKit/537.36 (KHTML, like Gecko; compatible; GPTBot/1.3; +https://openai.com/gptbot)"
74.7.227.21 - - [16/Apr/2026:01:16:49 +0200] "GET /city/144/ HTTP/1.1" 200 6028 "https://www.afish-ka.ru/18-03-2012/" "Mozilla/5.0 AppleWebKit/537.36 (KHTML, like Gecko; compatible; GPTBot/1.3; +https://openai.com/gptbot)"
74.7.227.21 - - [16/Apr/2026:01:16:50 +0200] "GET /images/s/actions/1372_2.jpg HTTP/1.1" 200 5007 "https://www.afish-ka.ru/rest_base/actions/1372/" "Mozilla/5.0 AppleWebKit/537.36 (KHTML, like Gecko; compatible; GPTBot/1.3; +https://openai.com/gptbot)"
74.7.227.21 - - [16/Apr/2026:01:16:50 +0200] "GET /images/b/actions/1372_2.jpg HTTP/1.1" 200 14832 "https://www.afish-ka.ru/rest_base/actions/1372/" "Mozilla/5.0 AppleWebKit/537.36 (KHTML, like Gecko; compatible; GPTBot/1.3; +https://openai.com/gptbot)"
74.7.227.21 - - [16/Apr/2026:01:16:51 +0200] "GET /images/b/actions/1372_1.jpg HTTP/1.1" 200 24470 "https://www.afish-ka.ru/rest_base/actions/1372/" "Mozilla/5.0 AppleWebKit/537.36 (KHTML, like Gecko; compatible; GPTBot/1.3; +https://openai.com/gptbot)"
74.7.227.21 - - [16/Apr/2026:01:16:51 +0200] "GET /images/b/actions/4696_1.jpg HTTP/1.1" 200 39943 "https://www.afish-ka.ru/cinema/films/4696/" "Mozilla/5.0 AppleWebKit/537.36 (KHTML, like Gecko; compatible; GPTBot/1.3; +https://openai.com/gptbot)"
74.7.227.21 - - [16/Apr/2026:01:16:52 +0200] "GET /images/b/actions/4696_4.jpg HTTP/1.1" 200 76430 "https://www.afish-ka.ru/cinema/films/4696/" "Mozilla/5.0 AppleWebKit/537.36 (KHTML, like Gecko; compatible; GPTBot/1.3; +https://openai.com/gptbot)"
74.7.227.21 - - [16/Apr/2026:01:16:52 +0200] "GET /images/b/actions/4696_3.jpg HTTP/1.1" 200 71638 "https://www.afish-ka.ru/cinema/films/4696/" "Mozilla/5.0 AppleWebKit/537.36 (KHTML, like Gecko; compatible; GPTBot/1.3; +https://openai.com/gptbot)"
74.7.227.21 - - [16/Apr/2026:01:16:53 +0200] "GET /images/s/actions/4696_2.jpg HTTP/1.1" 200 5737 "https://www.afish-ka.ru/cinema/films/4696/" "Mozilla/5.0 AppleWebKit/537.36 (KHTML, like Gecko; compatible; GPTBot/1.3; +https://openai.com/gptbot)"
74.7.227.21 - - [16/Apr/2026:01:16:53 +0200] "GET /images/s/actions/4696_3.jpg HTTP/1.1" 200 7007 "https://www.afish-ka.ru/cinema/films/4696/" "Mozilla/5.0 AppleWebKit/537.36 (KHTML, like Gecko; compatible; GPTBot/1.3; +https://openai.com/gptbot)"
74.7.227.21 - - [16/Apr/2026:01:16:54 +0200] "GET /images/b/actions/4696_2.jpg HTTP/1.1" 200 56911 "https://www.afish-ka.ru/cinema/films/4696/" "Mozilla/5.0 AppleWebKit/537.36 (KHTML, like Gecko; compatible; GPTBot/1.3; +https://openai.com/gptbot)"
74.7.227.21 - - [16/Apr/2026:01:16:54 +0200] "GET /images/s/actions/4696_5.jpg HTTP/1.1" 200 4843 "https://www.afish-ka.ru/cinema/films/4696/" "Mozilla/5.0 AppleWebKit/537.36 (KHTML, like Gecko; compatible; GPTBot/1.3; +https://openai.com/gptbot)"
220.181.108.94 - - [16/Apr/2026:01:16:54 +0200] "GET /images/s/actions/4175_5.jpg HTTP/1.1" 200 11579 "-" "Baiduspider-image+(+http://www.baidu.com/search/spider.htm)"
74.7.227.21 - - [16/Apr/2026:01:16:55 +0200] "GET /images/b/actions/4696_5.jpg HTTP/1.1" 200 48507 "https://www.afish-ka.ru/cinema/films/4696/" "Mozilla/5.0 AppleWebKit/537.36 (KHTML, like Gecko; compatible; GPTBot/1.3; +https://openai.com/gptbot)"
